May 20 01:23:08.342816 np0000175127 devstack@neutron-api.service[103254]: DEBUG neutron.api.extensions [None req-9c1af522-5ea3-462b-ab23-3e14630bdc4d None None] Ext name="Stateful security group" alias="stateful-security-group" description="Indicates if the security group is stateful or not" updated="2019-11-26T09:00:00-00:00" {{(pid=103254) _check_extension /opt/stack/neutron/neutron/api/extensions.py:415}}
May 20 01:23:08.342893 np0000175127 devstack@neutron-api.service[103256]: DEBUG neutron_lib.callbacks.manager [None req-f0cbb31b-5cdf-4cf1-b0f9-3baf24a2abe8 None None] Subscribe: > port_forwarding_plugin after_init 55550000, False {{(pid=103256) subscribe /opt/stack/data/venv/lib/python3.12/site-packages/neutron_lib/callbacks/manager.py:52}}
May 20 01:23:08.342978 np0000175127 devstack@neutron-api.service[103254]: INFO neutron.api.extensions [None req-9c1af522-5ea3-462b-ab23-3e14630bdc4d None None] Loaded extension: stateful-security-group
May 20 01:23:08.343065 np0000175127 devstack@neutron-api.service[103254]: DEBUG neutron.api.extensions [None req-9c1af522-5ea3-462b-ab23-3e14630bdc4d None None] Loading extension file: stdattrs_common.py {{(pid=103254) _load_all_extensions_from_path /opt/stack/neutron/neutron/api/extensions.py:449}}
May 20 01:23:08.343094 np0000175127 devstack@neutron-api.service[103256]: DEBUG neutron_lib.callbacks.manager [None req-f0cbb31b-5cdf-4cf1-b0f9-3baf24a2abe8 None None] Subscribe: > router before_create 55550100, False {{(pid=103256) subscribe /opt/stack/data/venv/lib/python3.12/site-packages/neutron_lib/callbacks/manager.py:52}}
May 20 01:23:08.343129 np0000175127 devstack@neutron-api.service[103255]: DEBUG neutron.api.extensions [None req-10729187-efb1-4bf6-ac6a-1f21d0b81e09 None None] Ext name="Quota details management support" alias="quota_details" description="Expose functions for quotas usage statistics per project" updated="2017-02-10T10:00:00-00:00" {{(pid=103255) _check_extension /opt/stack/neutron/neutron/api/extensions.py:415}}
May 20 01:23:08.343189 np0000175127 devstack@neutron-api.service[103256]: DEBUG neutron_lib.callbacks.manager [None req-f0cbb31b-5cdf-4cf1-b0f9-3baf24a2abe8 None None] Subscribe: > router precommit_delete 55550100, False {{(pid=103256) subscribe /opt/stack/data/venv/lib/python3.12/site-packages/neutron_lib/callbacks/manager.py:52}}
May 20 01:23:08.343237 np0000175127 devstack@neutron-api.service[103255]: INFO neutron.api.extensions [None req-10729187-efb1-4bf6-ac6a-1f21d0b81e09 None None] Loaded extension: quota_details
May 20 01:23:08.343283 np0000175127 devstack@neutron-api.service[103254]: WARNING neutron.api.extensions [None req-9c1af522-5ea3-462b-ab23-3e14630bdc4d None None] Did not find expected name "Stdattrs_common" in /opt/stack/neutron/neutron/extensions/stdattrs_common.py
May 20 01:23:08.343320 np0000175127 devstack@neutron-api.service[103256]: DEBUG neutron_lib.callbacks.manager [None req-f0cbb31b-5cdf-4cf1-b0f9-3baf24a2abe8 None None] Subscribe: > router precommit_create 55550100, False {{(pid=103256) subscribe /opt/stack/data/venv/lib/python3.12/site-packages/neutron_lib/callbacks/manager.py:52}}
May 20 01:23:08.343350 np0000175127 devstack@neutron-api.service[103255]: DEBUG neutron.api.extensions [None req-10729187-efb1-4bf6-ac6a-1f21d0b81e09 None None] Loading extension file: rbac.py {{(pid=103255) _load_all_extensions_from_path /opt/stack/neutron/neutron/api/extensions.py:449}}
May 20 01:23:08.343378 np0000175127 devstack@neutron-api.service[103254]: DEBUG neutron.api.extensions [None req-9c1af522-5ea3-462b-ab23-3e14630bdc4d None None] Loading extension file: subnet_dns_publish_fixed_ip.py {{(pid=103254) _load_all_extensions_from_path /opt/stack/neutron/neutron/api/extensions.py:449}}
May 20 01:23:08.343406 np0000175127 devstack@neutron-api.service[103256]: DEBUG neutron_lib.callbacks.manager [None req-f0cbb31b-5cdf-4cf1-b0f9-3baf24a2abe8 None None] Subscribe: > router precommit_update 55550100, False {{(pid=103256) subscribe /opt/stack/data/venv/lib/python3.12/site-packages/neutron_lib/callbacks/manager.py:52}}
May 20 01:23:08.343588 np0000175127 devstack@neutron-api.service[103254]: DEBUG neutron.api.extensions [None req-9c1af522-5ea3-462b-ab23-3e14630bdc4d None None] Ext name="Subnet DNS publish fixed IP" alias="subnet-dns-publish-fixed-ip" description="Support choosing to publish DNS records for IPs from a subnet" updated="2019-05-24T10:00:00-00:00" {{(pid=103254) _check_extension /opt/stack/neutron/neutron/api/extensions.py:415}}
May 20 01:23:08.343758 np0000175127 devstack@neutron-api.service[103254]: INFO neutron.api.extensions [None req-9c1af522-5ea3-462b-ab23-3e14630bdc4d None None] Loaded extension: subnet-dns-publish-fixed-ip
May 20 01:23:08.343840 np0000175127 devstack@neutron-api.service[103255]: DEBUG neutron.api.extensions [None req-10729187-efb1-4bf6-ac6a-1f21d0b81e09 None None] Ext name="RBAC Policies" alias="rbac-policies" description="Allows creation and modification of policies that control project access to resources." updated="2015-06-17T12:15:12-00:00" {{(pid=103255) _check_extension /opt/stack/neutron/neutron/api/extensions.py:415}}
May 20 01:23:08.343885 np0000175127 devstack@neutron-api.service[103254]: DEBUG neutron.api.extensions [None req-9c1af522-5ea3-462b-ab23-3e14630bdc4d None None] Loading extension file: subnet_external_network.py {{(pid=103254) _load_all_extensions_from_path /opt/stack/neutron/neutron/api/extensions.py:449}}
May 20 01:23:08.344024 np0000175127 devstack@neutron-api.service[103255]: INFO neutron.api.extensions [None req-10729187-efb1-4bf6-ac6a-1f21d0b81e09 None None] Loaded extension: rbac-policies
May 20 01:23:08.344061 np0000175127 devstack@neutron-api.service[103254]: DEBUG neutron.api.extensions [None req-9c1af522-5ea3-462b-ab23-3e14630bdc4d None None] Ext name="Subnet belongs to an external network" alias="subnet-external-network" description="Informs if the subnet belongs to an external network" updated="2024-02-05T18:00:00-00:00" {{(pid=103254) _check_extension /opt/stack/neutron/neutron/api/extensions.py:415}}
May 20 01:23:08.344115 np0000175127 devstack@neutron-api.service[103255]: DEBUG neutron.api.extensions [None req-10729187-efb1-4bf6-ac6a-1f21d0b81e09 None None] Loading extension file: rbac_address_group.py {{(pid=103255) _load_all_extensions_from_path /opt/stack/neutron/neutron/api/extensions.py:449}}
May 20 01:23:08.344235 np0000175127 devstack@neutron-api.service[103254]: INFO neutron.api.extensions [None req-9c1af522-5ea3-462b-ab23-3e14630bdc4d None None] Loaded extension: subnet-external-network
May 20 01:23:08.344328 np0000175127 devstack@neutron-api.service[103254]: DEBUG neutron.api.extensions [None req-9c1af522-5ea3-462b-ab23-3e14630bdc4d None None] Loading extension file: subnet_onboard.py {{(pid=103254) _load_all_extensions_from_path /opt/stack/neutron/neutron/api/extensions.py:449}}
May 20 01:23:08.344364 np0000175127 devstack@neutron-api.service[103255]: DEBUG neutron.api.extensions [None req-10729187-efb1-4bf6-ac6a-1f21d0b81e09 None None] Ext name="Add address_group type to RBAC" alias="rbac-address-group" description="Add address_group type to network RBAC" updated="2021-01-20T00:00:00-00:00" {{(pid=103255) _check_extension /opt/stack/neutron/neutron/api/extensions.py:415}}
May 20 01:23:08.344523 np0000175127 devstack@neutron-api.service[103255]: INFO neutron.api.extensions [None req-10729187-efb1-4bf6-ac6a-1f21d0b81e09 None None] Extension rbac-address-group not supported by any of loaded plugins
May 20 01:23:08.344567 np0000175127 devstack@neutron-api.service[103254]: DEBUG neutron.api.extensions [None req-9c1af522-5ea3-462b-ab23-3e14630bdc4d None None] Ext name="Subnet Onboard" alias="subnet_onboard" description="Provides support for onboarding subnets into subnet pools" updated="2018-12-18T09:00:00-00:00" {{(pid=103254) _check_extension /opt/stack/neutron/neutron/api/extensions.py:415}}
May 20 01:23:08.344612 np0000175127 devstack@neutron-api.service[103255]: DEBUG neutron.api.extensions [None req-10729187-efb1-4bf6-ac6a-1f21d0b81e09 None None] Loading extension file: rbac_address_scope.py {{(pid=103255) _load_all_extensions_from_path /opt/stack/neutron/neutron/api/extensions.py:449}}
May 20 01:23:08.344741 np0000175127 devstack@neutron-api.service[103254]: INFO neutron.api.extensions [None req-9c1af522-5ea3-462b-ab23-3e14630bdc4d None None] Extension subnet_onboard not supported by any of loaded plugins
May 20 01:23:08.344998 np0000175127 devstack@neutron-api.service[103254]: DEBUG neutron.api.extensions [None req-9c1af522-5ea3-462b-ab23-3e14630bdc4d None None] Loading extension file: subnet_segmentid_writable.py {{(pid=103254) _load_all_extensions_from_path /opt/stack/neutron/neutron/api/extensions.py:449}}
May 20 01:23:08.345050 np0000175127 devstack@neutron-api.service[103255]: DEBUG neutron.api.extensions [None req-10729187-efb1-4bf6-ac6a-1f21d0b81e09 None None] Ext name="Add address_scope type to RBAC" alias="rbac-address-scope" description="Add address_scope type to RBAC" updated="2020-02-12T00:00:00-00:00" {{(pid=103255) _check_extension /opt/stack/neutron/neutron/api/extensions.py:415}}
May 20 01:23:08.345185 np0000175127 devstack@neutron-api.service[103255]: INFO neutron.api.extensions [None req-10729187-efb1-4bf6-ac6a-1f21d0b81e09 None None] Loaded extension: rbac-address-scope
May 20 01:23:08.345244 np0000175127 devstack@neutron-api.service[103254]: DEBUG neutron.api.extensions [None req-9c1af522-5ea3-462b-ab23-3e14630bdc4d None None] Ext name="Subnet SegmentID (writable)" alias="subnet-segmentid-writable" description="Provides a writable segment_id attribute for a subnet resource." updated="2018-03-12T00:00:00-00:00" {{(pid=103254) _check_extension /opt/stack/neutron/neutron/api/extensions.py:415}}
May 20 01:23:08.345296 np0000175127 devstack@neutron-api.service[103255]: DEBUG neutron.api.extensions [None req-10729187-efb1-4bf6-ac6a-1f21d0b81e09 None None] Loading extension file: rbac_security_groups.py {{(pid=103255) _load_all_extensions_from_path /opt/stack/neutron/neutron/api/extensions.py:449}}
May 20 01:23:08.345374 np0000175127 devstack@neutron-api.service[103254]: INFO neutron.api.extensions [None req-9c1af522-5ea3-462b-ab23-3e14630bdc4d None None] Extension subnet-segmentid-writable not supported by any of loaded plugins
May 20 01:23:08.345463 np0000175127 devstack@neutron-api.service[103254]: DEBUG neutron.api.extensions [None req-9c1af522-5ea3-462b-ab23-3e14630bdc4d None None] Loading extension file: subnet_service_types.py {{(pid=103254) _load_all_extensions_from_path /opt/stack/neutron/neutron/api/extensions.py:449}}
May 20 01:23:08.345504 np0000175127 devstack@neutron-api.service[103255]: DEBUG neutron.api.extensions [None req-10729187-efb1-4bf6-ac6a-1f21d0b81e09 None None] Ext name="Add security_group type to network RBAC" alias="rbac-security-groups" description="Add security_group type to network RBAC" updated="2019-02-14T00:00:00-00:00" {{(pid=103255) _check_extension /opt/stack/neutron/neutron/api/extensions.py:415}}
May 20 01:23:08.345672 np0000175127 devstack@neutron-api.service[103255]: INFO neutron.api.extensions [None req-10729187-efb1-4bf6-ac6a-1f21d0b81e09 None None] Loaded extension: rbac-security-groups
May 20 01:23:08.345721 np0000175127 devstack@neutron-api.service[103254]: DEBUG neutron.api.extensions [None req-9c1af522-5ea3-462b-ab23-3e14630bdc4d None None] Ext name="Subnet service types" alias="subnet-service-types" description="Provides ability to set the subnet service_types field" updated="2016-03-15T18:00:00-00:00" {{(pid=103254) _check_extension /opt/stack/neutron/neutron/api/extensions.py:415}}
May 20 01:23:08.345759 np0000175127 devstack@neutron-api.service[103255]: DEBUG neutron.api.extensions [None req-10729187-efb1-4bf6-ac6a-1f21d0b81e09 None None] Loading extension file: rbac_subnetpool.py {{(pid=103255) _load_all_extensions_from_path /opt/stack/neutron/neutron/api/extensions.py:449}}
May 20 01:23:08.345845 np0000175127 devstack@neutron-api.service[103254]: INFO neutron.api.extensions [None req-9c1af522-5ea3-462b-ab23-3e14630bdc4d None None] Loaded extension: subnet-service-types
May 20 01:23:08.345932 np0000175127 devstack@neutron-api.service[103254]: DEBUG neutron.api.extensions [None req-9c1af522-5ea3-462b-ab23-3e14630bdc4d None None] Loading extension file: subnetallocation.py {{(pid=103254) _load_all_extensions_from_path /opt/stack/neutron/neutron/api/extensions.py:449}}
May 20 01:23:08.345968 np0000175127 devstack@neutron-api.service[103255]: DEBUG neutron.api.extensions [None req-10729187-efb1-4bf6-ac6a-1f21d0b81e09 None None] Ext name="Add subnetpool type to RBAC" alias="rbac-subnetpool" description="Add subnetpool type to RBAC" updated="2020-02-05T00:00:00-00:00" {{(pid=103255) _check_extension /opt/stack/neutron/neutron/api/extensions.py:415}}
May 20 01:23:08.346133 np0000175127 devstack@neutron-api.service[103255]: INFO neutron.api.extensions [None req-10729187-efb1-4bf6-ac6a-1f21d0b81e09 None None] Extension rbac-subnetpool not supported by any of loaded plugins
May 20 01:23:08.346237 np0000175127 devstack@neutron-api.service[103255]: DEBUG neutron.api.extensions [None req-10729187-efb1-4bf6-ac6a-1f21d0b81e09 None None] Loading extension file: revisionifmatch.py {{(pid=103255) _load_all_extensions_from_path /opt/stack/neutron/neutron/api/extensions.py:449}}
May 20 01:23:08.346318 np0000175127 devstack@neutron-api.service[103254]: DEBUG neutron.api.extensions [None req-9c1af522-5ea3-462b-ab23-3e14630bdc4d None None] Ext name="Subnet Allocation" alias="subnet_allocation" description="Enables allocation of subnets from a subnet pool" updated="2015-03-30T10:00:00-00:00" {{(pid=103254) _check_extension /opt/stack/neutron/neutron/api/extensions.py:415}}
May 20 01:23:08.346459 np0000175127 devstack@neutron-api.service[103255]: DEBUG neutron.api.extensions [None req-10729187-efb1-4bf6-ac6a-1f21d0b81e09 None None] Ext name="If-Match constraints based on revision_number" alias="revision-if-match" description="Extension indicating that If-Match based on revision_number is supported." updated="2016-12-11T00:00:00-00:00" {{(pid=103255) _check_extension /opt/stack/neutron/neutron/api/extensions.py:415}}
May 20 01:23:08.346522 np0000175127 devstack@neutron-api.service[103254]: INFO neutron.api.extensions [None req-9c1af522-5ea3-462b-ab23-3e14630bdc4d None None] Loaded extension: subnet_allocation
May 20 01:23:08.346595 np0000175127 devstack@neutron-api.service[103254]: DEBUG neutron.api.extensions [None req-9c1af522-5ea3-462b-ab23-3e14630bdc4d None None] Loading extension file: subnetpool_prefix_ops.py {{(pid=103254) _load_all_extensions_from_path /opt/stack/neutron/neutron/api/extensions.py:449}}
May 20 01:23:08.346634 np0000175127 devstack@neutron-api.service[103255]: INFO neutron.api.extensions [None req-10729187-efb1-4bf6-ac6a-1f21d0b81e09 None None] Loaded extension: revision-if-match
May 20 01:23:08.346706 np0000175127 devstack@neutron-api.service[103256]: DEBUG neutron.services.provider_configuration [None req-f0cbb31b-5cdf-4cf1-b0f9-3baf24a2abe8 None None] Service providers = [] {{(pid=103256) parse_service_provider_opt /opt/stack/neutron/neutron/services/provider_configuration.py:170}}
May 20 01:23:08.346750 np0000175127 devstack@neutron-api.service[103255]: DEBUG neutron.api.extensions [None req-10729187-efb1-4bf6-ac6a-1f21d0b81e09 None None] Loading extension file: revisions.py {{(pid=103255) _load_all_extensions_from_path /opt/stack/neutron/neutron/api/extensions.py:449}}
May 20 01:23:08.346811 np0000175127 devstack@neutron-api.service[103256]: DEBUG neutron.db.servicetype_db [None req-f0cbb31b-5cdf-4cf1-b0f9-3baf24a2abe8 None None] Adding provider configuration for service L3_ROUTER_NAT {{(pid=103256) add_provider_configuration /opt/stack/neutron/neutron/db/servicetype_db.py:45}}
May 20 01:23:08.346851 np0000175127 devstack@neutron-api.service[103254]: DEBUG neutron.api.extensions [None req-9c1af522-5ea3-462b-ab23-3e14630bdc4d None None] Ext name="Subnet Pool Prefix Operations" alias="subnetpool-prefix-ops" description="Provides support for adjusting the prefix list of subnet pools" updated="2019-02-08T10:00:00-00:00" {{(pid=103254) _check_extension /opt/stack/neutron/neutron/api/extensions.py:415}}
May 20 01:23:08.346973 np0000175127 devstack@neutron-api.service[103255]: DEBUG neutron.api.extensions [None req-10729187-efb1-4bf6-ac6a-1f21d0b81e09 None None] Ext name="Resource revision numbers" alias="standard-attr-revisions" description="This extension will display the revision number of neutron resources." updated="2016-04-11T10:00:00-00:00" {{(pid=103255) _check_extension /opt/stack/neutron/neutron/api/extensions.py:415}}
May 20 01:23:08.347013 np0000175127 devstack@neutron-api.service[103254]: INFO neutron.api.extensions [None req-9c1af522-5ea3-462b-ab23-3e14630bdc4d None None] Loaded extension: subnetpool-prefix-ops
May 20 01:23:08.347094 np0000175127 devstack@neutron-api.service[103254]: DEBUG neutron.api.extensions [None req-9c1af522-5ea3-462b-ab23-3e14630bdc4d None None] Loading extension file: tag_creation.py {{(pid=103254) _load_all_extensions_from_path /opt/stack/neutron/neutron/api/extensions.py:449}}
May 20 01:23:08.347134 np0000175127 devstack@neutron-api.service[103255]: INFO neutron.api.extensions [None req-10729187-efb1-4bf6-ac6a-1f21d0b81e09 None None] Loaded extension: standard-attr-revisions
May 20 01:23:08.347233 np0000175127 devstack@neutron-api.service[103255]: DEBUG neutron.api.extensions [None req-10729187-efb1-4bf6-ac6a-1f21d0b81e09 None None] Loading extension file: router_availability_zone.py {{(pid=103255) _load_all_extensions_from_path /opt/stack/neutron/neutron/api/extensions.py:449}}
May 20 01:23:08.347342 np0000175127 devstack@neutron-api.service[103254]: DEBUG neutron.api.extensions [None req-9c1af522-5ea3-462b-ab23-3e14630bdc4d None None] Ext name="Tag creation extension" alias="tag-creation" description="Allow to create multiple tags for a resource" updated="2024-23-07T10:00:00-00:00" {{(pid=103254) _check_extension /opt/stack/neutron/neutron/api/extensions.py:415}}
May 20 01:23:08.347496 np0000175127 devstack@neutron-api.service[103255]: DEBUG neutron.api.extensions [None req-10729187-efb1-4bf6-ac6a-1f21d0b81e09 None None] Ext name="Router Availability Zone" alias="router_availability_zone" description="Availability zone support for router." updated="2015-01-01T10:00:00-00:00" {{(pid=103255) _check_extension /opt/stack/neutron/neutron/api/extensions.py:415}}
May 20 01:23:08.347537 np0000175127 devstack@neutron-api.service[103254]: INFO neutron.api.extensions [None req-9c1af522-5ea3-462b-ab23-3e14630bdc4d None None] Loaded extension: tag-creation
May 20 01:23:08.347594 np0000175127 devstack@neutron-api.service[103254]: DEBUG neutron.api.extensions [None req-9c1af522-5ea3-462b-ab23-3e14630bdc4d None None] Loading extension file: tag_ports_during_bulk_creation.py {{(pid=103254) _load_all_extensions_from_path /opt/stack/neutron/neutron/api/extensions.py:449}}
May 20 01:23:08.347662 np0000175127 devstack@neutron-api.service[103255]: INFO neutron.api.extensions [None req-10729187-efb1-4bf6-ac6a-1f21d0b81e09 None None] Loaded extension: router_availability_zone
May 20 01:23:08.347752 np0000175127 devstack@neutron-api.service[103255]: DEBUG neutron.api.extensions [None req-10729187-efb1-4bf6-ac6a-1f21d0b81e09 None None] Loading extension file: router_enable_snat.py {{(pid=103255) _load_all_extensions_from_path /opt/stack/neutron/neutron/api/extensions.py:449}}
May 20 01:23:08.347821 np0000175127 devstack@neutron-api.service[103254]: DEBUG neutron.api.extensions [None req-9c1af522-5ea3-462b-ab23-3e14630bdc4d None None] Ext name="Tag Ports During Bulk Creation" alias="tag-ports-during-bulk-creation" description="Allow to tag ports during bulk creation" updated="2019-12-29T19:00:00-00:00" {{(pid=103254) _check_extension /opt/stack/neutron/neutron/api/extensions.py:415}}
May 20 01:23:08.347972 np0000175127 devstack@neutron-api.service[103255]: DEBUG neutron.api.extensions [None req-10729187-efb1-4bf6-ac6a-1f21d0b81e09 None None] Ext name="Exposes the router "enable_snat" read-only configuration flag" alias="router-enable-snat" description="Exposes the router "enable_snat" read-only configuration flag" updated="2025-09-18T18:00:00-00:00" {{(pid=103255) _check_extension /opt/stack/neutron/neutron/api/extensions.py:415}}
May 20 01:23:08.348015 np0000175127 devstack@neutron-api.service[103254]: INFO neutron.api.extensions [None req-9c1af522-5ea3-462b-ab23-3e14630bdc4d None None] Extension tag-ports-during-bulk-creation not supported by any of loaded plugins
May 20 01:23:08.348070 np0000175127 devstack@neutron-api.service[103254]: DEBUG neutron.api.extensions [None req-9c1af522-5ea3-462b-ab23-3e14630bdc4d None None] Loading extension file: tagging.py {{(pid=103254) _load_all_extensions_from_path /opt/stack/neutron/neutron/api/extensions.py:449}}
May 20 01:23:08.348136 np0000175127 devstack@neutron-api.service[103255]: INFO neutron.api.extensions [None req-10729187-efb1-4bf6-ac6a-1f21d0b81e09 None None] Loaded extension: router-enable-snat
May 20 01:23:08.348239 np0000175127 devstack@neutron-api.service[103255]: DEBUG neutron.api.extensions [None req-10729187-efb1-4bf6-ac6a-1f21d0b81e09 None None] Loading extension file: routerservicetype.py {{(pid=103255) _load_all_extensions_from_path /opt/stack/neutron/neutron/api/extensions.py:449}}
May 20 01:23:08.348285 np0000175127 devstack@neutron-api.service[103256]: DEBUG neutron_lib.callbacks.manager [None req-f0cbb31b-5cdf-4cf1-b0f9-3baf24a2abe8 None None] Subscribe: > router precommit_create 55549900, False {{(pid=103256) subscribe /opt/stack/data/venv/lib/python3.12/site-packages/neutron_lib/callbacks/manager.py:52}}
May 20 01:23:08.348388 np0000175127 devstack@neutron-api.service[103256]: DEBUG neutron_lib.callbacks.manager [None req-f0cbb31b-5cdf-4cf1-b0f9-3baf24a2abe8 None None] Subscribe: > router_interface after_create 55550000, False {{(pid=103256) subscribe /opt/stack/data/venv/lib/python3.12/site-packages/neutron_lib/callbacks/manager.py:52}}
May 20 01:23:08.348462 np0000175127 devstack@neutron-api.service[103255]: DEBUG neutron.api.extensions [None req-10729187-efb1-4bf6-ac6a-1f21d0b81e09 None None] Ext name="Router Service Type" alias="router-service-type" description="Provides router service type" updated="2013-01-29T00:00:00-00:00" {{(pid=103255) _check_extension /opt/stack/neutron/neutron/api/extensions.py:415}}
May 20 01:23:08.348499 np0000175127 devstack@neutron-api.service[103256]: DEBUG neutron_lib.callbacks.manager [None req-f0cbb31b-5cdf-4cf1-b0f9-3baf24a2abe8 None None] Subscribe: > floatingip after_create 55550000, False {{(pid=103256) subscribe /opt/stack/data/venv/lib/python3.12/site-packages/neutron_lib/callbacks/manager.py:52}}
May 20 01:23:08.348592 np0000175127 devstack@neutron-api.service[103256]: DEBUG neutron_lib.callbacks.manager [None req-f0cbb31b-5cdf-4cf1-b0f9-3baf24a2abe8 None None] Subscribe: > floatingip precommit_create 55550000, False {{(pid=103256) subscribe /opt/stack/data/venv/lib/python3.12/site-packages/neutron_lib/callbacks/manager.py:52}}
May 20 01:23:08.348627 np0000175127 devstack@neutron-api.service[103255]: INFO neutron.api.extensions [None req-10729187-efb1-4bf6-ac6a-1f21d0b81e09 None None] Extension router-service-type not supported by any of loaded plugins
May 20 01:23:08.348694 np0000175127 devstack@neutron-api.service[103256]: DEBUG neutron_lib.callbacks.manager [None req-f0cbb31b-5cdf-4cf1-b0f9-3baf24a2abe8 None None] Subscribe: > floatingip precommit_update 55550000, False {{(pid=103256) subscribe /opt/stack/data/venv/lib/python3.12/site-packages/neutron_lib/callbacks/manager.py:52}}
May 20 01:23:08.348733 np0000175127 devstack@neutron-api.service[103255]: DEBUG neutron.api.extensions [None req-10729187-efb1-4bf6-ac6a-1f21d0b81e09 None None] Loading extension file: security_groups_default_rules.py {{(pid=103255) _load_all_extensions_from_path /opt/stack/neutron/neutron/api/extensions.py:449}}
May 20 01:23:08.348794 np0000175127 devstack@neutron-api.service[103256]: DEBUG neutron_lib.callbacks.manager [None req-f0cbb31b-5cdf-4cf1-b0f9-3baf24a2abe8 None None] Subscribe: > floatingip after_delete 55550000, False {{(pid=103256) subscribe /opt/stack/data/venv/lib/python3.12/site-packages/neutron_lib/callbacks/manager.py:52}}
May 20 01:23:08.348875 np0000175127 devstack@neutron-api.service[103254]: DEBUG neutron.api.extensions [None req-9c1af522-5ea3-462b-ab23-3e14630bdc4d None None] Ext name="Tag support for resources with standard attribute: port, subnet, subnetpool, network, security_group, router, floatingip, policy, trunk, network_segment_range" alias="standard-attr-tag" description="Enables to set tag on resources with standard attribute." updated="2017-01-01T00:00:00-00:00" {{(pid=103254) _check_extension /opt/stack/neutron/neutron/api/extensions.py:415}}
May 20 01:23:08.348949 np0000175127 devstack@neutron-api.service[103256]: DEBUG neutron_lib.callbacks.manager [None req-f0cbb31b-5cdf-4cf1-b0f9-3baf24a2abe8 None None] Subscribe: > floatingip after_status_update 55550000, False {{(pid=103256) subscribe /opt/stack/data/venv/lib/python3.12/site-packages/neutron_lib/callbacks/manager.py:52}}
May 20 01:23:08.348984 np0000175127 devstack@neutron-api.service[103256]: DEBUG neutron_lib.callbacks.manager [None req-f0cbb31b-5cdf-4cf1-b0f9-3baf24a2abe8 None None] Subscribe: > floatingip after_update 55550000, False {{(pid=103256) subscribe /opt/stack/data/venv/lib/python3.12/site-packages/neutron_lib/callbacks/manager.py:52}}
May 20 01:23:08.349016 np0000175127 devstack@neutron-api.service[103254]: INFO neutron.api.extensions [None req-9c1af522-5ea3-462b-ab23-3e14630bdc4d None None] Loaded extension: standard-attr-tag
May 20 01:23:08.349086 np0000175127 devstack@neutron-api.service[103256]: DEBUG neutron_lib.callbacks.manager [None req-f0cbb31b-5cdf-4cf1-b0f9-3baf24a2abe8 None None] Subscribe: > port_forwarding after_create 55550000, False {{(pid=103256) subscribe /opt/stack/data/venv/lib/python3.12/site-packages/neutron_lib/callbacks/manager.py:52}}
May 20 01:23:08.349125 np0000175127 devstack@neutron-api.service[103254]: DEBUG neutron.api.extensions [None req-9c1af522-5ea3-462b-ab23-3e14630bdc4d None None] Loading extension file: timestamp.py {{(pid=103254) _load_all_extensions_from_path /opt/stack/neutron/neutron/api/extensions.py:449}}
May 20 01:23:08.349169 np0000175127 devstack@neutron-api.service[103255]: DEBUG neutron.api.extensions [None req-10729187-efb1-4bf6-ac6a-1f21d0b81e09 None None] Ext name="Default rules for security groups" alias="security-groups-default-rules" description="Configure set of security group rules used as default rules for every new security group" updated="2022-12-19T10:00:00-00:00" {{(pid=103255) _check_extension /opt/stack/neutron/neutron/api/extensions.py:415}}
May 20 01:23:08.349197 np0000175127 devstack@neutron-api.service[103256]: DEBUG neutron_lib.callbacks.manager [None req-f0cbb31b-5cdf-4cf1-b0f9-3baf24a2abe8 None None] Subscribe: > router_interface after_delete 55550000, False {{(pid=103256) subscribe /opt/stack/data/venv/lib/python3.12/site-packages/neutron_lib/callbacks/manager.py:52}}
May 20 01:23:08.349295 np0000175127 devstack@neutron-api.service[103256]: DEBUG neutron_lib.callbacks.manager [None req-f0cbb31b-5cdf-4cf1-b0f9-3baf24a2abe8 None None] Subscribe: > router after_create 55550000, False {{(pid=103256) subscribe /opt/stack/data/venv/lib/python3.12/site-packages/neutron_lib/callbacks/manager.py:52}}
May 20 01:23:08.349355 np0000175127 devstack@neutron-api.service[103255]: INFO neutron.api.extensions [None req-10729187-efb1-4bf6-ac6a-1f21d0b81e09 None None] Loaded extension: security-groups-default-rules
May 20 01:23:08.349380 np0000175127 devstack@neutron-api.service[103254]: DEBUG neutron.api.extensions [None req-9c1af522-5ea3-462b-ab23-3e14630bdc4d None None] Ext name="Resource timestamps" alias="standard-attr-timestamp" description="Adds created_at and updated_at fields to all Neutron resources that have Neutron standard attributes." updated="2016-09-12T10:00:00-00:00" {{(pid=103254) _check_extension /opt/stack/neutron/neutron/api/extensions.py:415}}
May 20 01:23:08.349418 np0000175127 devstack@neutron-api.service[103256]: DEBUG neutron_lib.callbacks.manager [None req-f0cbb31b-5cdf-4cf1-b0f9-3baf24a2abe8 None None] Subscribe: > router precommit_create 55550000, False {{(pid=103256) subscribe /opt/stack/data/venv/lib/python3.12/site-packages/neutron_lib/callbacks/manager.py:52}}
May 20 01:23:08.349444 np0000175127 devstack@neutron-api.service[103255]: DEBUG neutron.api.extensions [None req-10729187-efb1-4bf6-ac6a-1f21d0b81e09 None None] Loading extension file: security_groups_normalized_cidr.py {{(pid=103255) _load_all_extensions_from_path /opt/stack/neutron/neutron/api/extensions.py:449}}
May 20 01:23:08.349488 np0000175127 devstack@neutron-api.service[103256]: DEBUG neutron_lib.callbacks.manager [None req-f0cbb31b-5cdf-4cf1-b0f9-3baf24a2abe8 None None] Subscribe: > router after_delete 55550000, False {{(pid=103256) subscribe /opt/stack/data/venv/lib/python3.12/site-packages/neutron_lib/callbacks/manager.py:52}}
May 20 01:23:08.349515 np0000175127 devstack@neutron-api.service[103254]: INFO neutron.api.extensions [None req-9c1af522-5ea3-462b-ab23-3e14630bdc4d None None] Loaded extension: standard-attr-timestamp
May 20 01:23:08.349587 np0000175127 devstack@neutron-api.service[103256]: DEBUG neutron_lib.callbacks.manager [None req-f0cbb31b-5cdf-4cf1-b0f9-3baf24a2abe8 None None] Subscribe: > router after_update 55550000, False {{(pid=103256) subscribe /opt/stack/data/venv/lib/python3.12/site-packages/neutron_lib/callbacks/manager.py:52}}
May 20 01:23:08.349614 np0000175127 devstack@neutron-api.service[103254]: DEBUG neutron.api.extensions [None req-9c1af522-5ea3-462b-ab23-3e14630bdc4d None None] Loading extension file: trunk.py {{(pid=103254) _load_all_extensions_from_path /opt/stack/neutron/neutron/api/extensions.py:449}}
May 20 01:23:08.349680 np0000175127 devstack@neutron-api.service[103255]: DEBUG neutron.api.extensions [None req-10729187-efb1-4bf6-ac6a-1f21d0b81e09 None None] Ext name="Normalized CIDR field for security group rules" alias="security-groups-normalized-cidr" description="Add new field with normalized remote_ip_prefix cidr in SG rule" updated="2020-07-28T10:00:00-00:00" {{(pid=103255) _check_extension /opt/stack/neutron/neutron/api/extensions.py:415}}
May 20 01:23:08.349714 np0000175127 devstack@neutron-api.service[103256]: DEBUG neutron.services.service_base [None req-f0cbb31b-5cdf-4cf1-b0f9-3baf24a2abe8 None None] Loaded 'neutron.services.ovn_l3.service_providers.ovn.OvnDriver' provider for service L3_ROUTER_NAT {{(pid=103256) load_drivers /opt/stack/neutron/neutron/services/service_base.py:49}}
May 20 01:23:08.349806 np0000175127 devstack@neutron-api.service[103256]: DEBUG neutron_lib.callbacks.manager [None req-f0cbb31b-5cdf-4cf1-b0f9-3baf24a2abe8 None None] Subscribe: > process after_init 55550001, True {{(pid=103256) subscribe /opt/stack/data/venv/lib/python3.12/site-packages/neutron_lib/callbacks/manager.py:52}}
May 20 01:23:08.349839 np0000175127 devstack@neutron-api.service[103254]: DEBUG neutron.api.extensions [None req-9c1af522-5ea3-462b-ab23-3e14630bdc4d None None] Ext name="Trunk Extension" alias="trunk" description="Provides support for trunk ports" updated="2016-01-01T10:00:00-00:00" {{(pid=103254) _check_extension /opt/stack/neutron/neutron/api/extensions.py:415}}
May 20 01:23:08.349866 np0000175127 devstack@neutron-api.service[103255]: INFO neutron.api.extensions [None req-10729187-efb1-4bf6-ac6a-1f21d0b81e09 None None] Loaded extension: security-groups-normalized-cidr
May 20 01:23:08.349930 np0000175127 devstack@neutron-api.service[103256]: DEBUG neutron.manager [None req-f0cbb31b-5cdf-4cf1-b0f9-3baf24a2abe8 None None] Successfully loaded L3_ROUTER_NAT plugin. Description: L3 Router Service Plugin for basic L3 forwarding using OVN {{(pid=103256) _create_and_add_service_plugin /opt/stack/neutron/neutron/manager.py:239}}
May 20 01:23:08.349966 np0000175127 devstack@neutron-api.service[103255]: DEBUG neutron.api.extensions [None req-10729187-efb1-4bf6-ac6a-1f21d0b81e09 None None] Loading extension file: security_groups_port_filtering.py {{(pid=103255) _load_all_extensions_from_path /opt/stack/neutron/neutron/api/extensions.py:449}}
May 20 01:23:08.349992 np0000175127 devstack@neutron-api.service[103254]: INFO neutron.api.extensions [None req-9c1af522-5ea3-462b-ab23-3e14630bdc4d None None] Extension trunk not supported by any of loaded plugins
May 20 01:23:08.350022 np0000175127 devstack@neutron-api.service[103256]: INFO neutron.manager [None req-f0cbb31b-5cdf-4cf1-b0f9-3baf24a2abe8 None None] Loading Plugin: auto_allocate
May 20 01:23:08.350085 np0000175127 devstack@neutron-api.service[103254]: DEBUG neutron.api.extensions [None req-9c1af522-5ea3-462b-ab23-3e14630bdc4d None None] Loading extension file: trunk_details.py {{(pid=103254) _load_all_extensions_from_path /opt/stack/neutron/neutron/api/extensions.py:449}}
May 20 01:23:08.350155 np0000175127 devstack@neutron-api.service[103255]: DEBUG neutron.api.extensions [None req-10729187-efb1-4bf6-ac6a-1f21d0b81e09 None None] Ext name="Port filtering on security groups" alias="port-security-groups-filtering" description="Provides security groups filtering when listing ports" updated="2018-01-09T09:00:00-00:00" {{(pid=103255) _check_extension /opt/stack/neutron/neutron/api/extensions.py:415}}
May 20 01:23:08.350340 np0000175127 devstack@neutron-api.service[103254]: DEBUG neutron.api.extensions [None req-9c1af522-5ea3-462b-ab23-3e14630bdc4d None None] Ext name="Trunk port details" alias="trunk-details" description="Expose trunk port details" updated="2016-01-01T10:00:00-00:00" {{(pid=103254) _check_extension /opt/stack/neutron/neutron/api/extensions.py:415}}
May 20 01:23:08.350403 np0000175127 devstack@neutron-api.service[103255]: INFO neutron.api.extensions [None req-10729187-efb1-4bf6-ac6a-1f21d0b81e09 None None] Extension port-security-groups-filtering not supported by any of loaded plugins
May 20 01:23:08.350444 np0000175127 devstack@neutron-api.service[103255]: DEBUG neutron.api.extensions [None req-10729187-efb1-4bf6-ac6a-1f21d0b81e09 None None] Loading extension file: security_groups_remote_address_group.py {{(pid=103255) _load_all_extensions_from_path /opt/stack/neutron/neutron/api/extensions.py:449}}
May 20 01:23:08.350500 np0000175127 devstack@neutron-api.service[103254]: INFO neutron.api.extensions [None req-9c1af522-5ea3-462b-ab23-3e14630bdc4d None None] Extension trunk-details not supported by any of loaded plugins
May 20 01:23:08.350883 np0000175127 devstack@neutron-api.service[103254]: DEBUG neutron.api.extensions [None req-9c1af522-5ea3-462b-ab23-3e14630bdc4d None None] Loading extension file: uplink_status_propagation.py {{(pid=103254) _load_all_extensions_from_path /opt/stack/neutron/neutron/api/extensions.py:449}}
May 20 01:23:08.350916 np0000175127 devstack@neutron-api.service[103255]: DEBUG neutron.api.extensions [None req-10729187-efb1-4bf6-ac6a-1f21d0b81e09 None None] Ext name="Remote address group id field for security group rules" alias="security-groups-remote-address-group" description="Add new field of remote address group id in SG rules" updated="2020-08-25T10:00:00-00:00" {{(pid=103255) _check_extension /opt/stack/neutron/neutron/api/extensions.py:415}}
May 20 01:23:08.350957 np0000175127 devstack@neutron-api.service[103254]: DEBUG neutron.api.extensions [None req-9c1af522-5ea3-462b-ab23-3e14630bdc4d None None] Ext name="Uplink status propagation extension" alias="uplink-status-propagation" description="Provides ability to propagate port uplink status." updated="2018-05-31T18:00:00-00:00" {{(pid=103254) _check_extension /opt/stack/neutron/neutron/api/extensions.py:415}}
May 20 01:23:08.350989 np0000175127 devstack@neutron-api.service[103255]: INFO neutron.api.extensions [None req-10729187-efb1-4bf6-ac6a-1f21d0b81e09 None None] Loaded extension: security-groups-remote-address-group
May 20 01:23:08.351015 np0000175127 devstack@neutron-api.service[103256]: DEBUG neutron_lib.callbacks.manager [None req-f0cbb31b-5cdf-4cf1-b0f9-3baf24a2abe8 None None] Subscribe: network precommit_update 55550000, False {{(pid=103256) subscribe /opt/stack/data/venv/lib/python3.12/site-packages/neutron_lib/callbacks/manager.py:52}}
May 20 01:23:08.351044 np0000175127 devstack@neutron-api.service[103255]: DEBUG neutron.api.extensions [None req-10729187-efb1-4bf6-ac6a-1f21d0b81e09 None None] Loading extension file: security_groups_rules_belongs_to_default_sg.py {{(pid=103255) _load_all_extensions_from_path /opt/stack/neutron/neutron/api/extensions.py:449}}
May 20 01:23:08.351070 np0000175127 devstack@neutron-api.service[103254]: INFO neutron.api.extensions [None req-9c1af522-5ea3-462b-ab23-3e14630bdc4d None None] Extension uplink-status-propagation not supported by any of loaded plugins
May 20 01:23:08.351100 np0000175127 devstack@neutron-api.service[103256]: DEBUG neutron_lib.callbacks.manager [None req-f0cbb31b-5cdf-4cf1-b0f9-3baf24a2abe8 None None] Subscribe: network precommit_create 55550000, False {{(pid=103256) subscribe /opt/stack/data/venv/lib/python3.12/site-packages/neutron_lib/callbacks/manager.py:52}}
May 20 01:23:08.351126 np0000175127 devstack@neutron-api.service[103254]: DEBUG neutron.api.extensions [None req-9c1af522-5ea3-462b-ab23-3e14630bdc4d None None] Loading extension file: uplink_status_propagation_updatable.py {{(pid=103254) _load_all_extensions_from_path /opt/stack/neutron/neutron/api/extensions.py:449}}
May 20 01:23:08.351161 np0000175127 devstack@neutron-api.service[103255]: DEBUG neutron.api.extensions [None req-10729187-efb1-4bf6-ac6a-1f21d0b81e09 None None] Ext name="Security group rule belongs to the project's default security group" alias="security-groups-rules-belongs-to-default-sg" description="Flag to determine if the security group rule belongs to the project's default security group" updated="2023-05-23T10:00:00-00:00" {{(pid=103255) _check_extension /opt/stack/neutron/neutron/api/extensions.py:415}}
May 20 01:23:08.351191 np0000175127 devstack@neutron-api.service[103256]: DEBUG neutron.manager [None req-f0cbb31b-5cdf-4cf1-b0f9-3baf24a2abe8 None None] Successfully loaded auto-allocated-topology plugin. Description: Auto Allocated Topology - aka get me a network. {{(pid=103256) _create_and_add_service_plugin /opt/stack/neutron/neutron/manager.py:239}}
May 20 01:23:08.351304 np0000175127 devstack@neutron-api.service[103256]: INFO neutron.manager [None req-f0cbb31b-5cdf-4cf1-b0f9-3baf24a2abe8 None None] Loading Plugin: tag
May 20 01:23:08.351337 np0000175127 devstack@neutron-api.service[103254]: DEBUG neutron.api.extensions [None req-9c1af522-5ea3-462b-ab23-3e14630bdc4d None None] Ext name="Uplink status propagation updatable extension" alias="uplink-status-propagation-updatable" description="Provides ability to update the port uplink status." updated="2024-09-03T18:00:00-00:00" {{(pid=103254) _check_extension /opt/stack/neutron/neutron/api/extensions.py:415}}
May 20 01:23:08.351373 np0000175127 devstack@neutron-api.service[103255]: INFO neutron.api.extensions [None req-10729187-efb1-4bf6-ac6a-1f21d0b81e09 None None] Loaded extension: security-groups-rules-belongs-to-default-sg
May 20 01:23:08.351431 np0000175127 devstack@neutron-api.service[103255]: DEBUG neutron.api.extensions [None req-10729187-efb1-4bf6-ac6a-1f21d0b81e09 None None] Loading extension file: security_groups_shared_filtering.py {{(pid=103255) _load_all_extensions_from_path /opt/stack/neutron/neutron/api/extensions.py:449}}
May 20 01:23:08.351463 np0000175127 devstack@neutron-api.service[103254]: INFO neutron.api.extensions [None req-9c1af522-5ea3-462b-ab23-3e14630bdc4d None None] Extension uplink-status-propagation-updatable not supported by any of loaded plugins
May 20 01:23:08.351549 np0000175127 devstack@neutron-api.service[103254]: DEBUG neutron.api.extensions [None req-9c1af522-5ea3-462b-ab23-3e14630bdc4d None None] Loading extension file: vlantransparent.py {{(pid=103254) _load_all_extensions_from_path /opt/stack/neutron/neutron/api/extensions.py:449}}
May 20 01:23:08.351657 np0000175127 devstack@neutron-api.service[103255]: DEBUG neutron.api.extensions [None req-10729187-efb1-4bf6-ac6a-1f21d0b81e09 None None] Ext name="Security group filtering on the shared field" alias="security-groups-shared-filtering" description="Support filtering security groups on the shared field" updated="2021-10-05T09:00:00-00:00" {{(pid=103255) _check_extension /opt/stack/neutron/neutron/api/extensions.py:415}}
May 20 01:23:08.351793 np0000175127 devstack@neutron-api.service[103254]: DEBUG neutron.api.extensions [None req-9c1af522-5ea3-462b-ab23-3e14630bdc4d None None] Ext name="Vlantransparent" alias="vlan-transparent" description="Provides Vlan Transparent Networks" updated="2015-03-23T09:00:00-00:00" {{(pid=103254) _check_extension /opt/stack/neutron/neutron/api/extensions.py:415}}
May 20 01:23:08.351836 np0000175127 devstack@neutron-api.service[103255]: INFO neutron.api.extensions [None req-10729187-efb1-4bf6-ac6a-1f21d0b81e09 None None] Loaded extension: security-groups-shared-filtering
May 20 01:23:08.351905 np0000175127 devstack@neutron-api.service[103255]: DEBUG neutron.api.extensions [None req-10729187-efb1-4bf6-ac6a-1f21d0b81e09 None None] Loading extension file: securitygroup.py {{(pid=103255) _load_all_extensions_from_path /opt/stack/neutron/neutron/api/extensions.py:449}}
May 20 01:23:08.351945 np0000175127 devstack@neutron-api.service[103254]: INFO neutron.api.extensions [None req-9c1af522-5ea3-462b-ab23-3e14630bdc4d None None] Loaded extension: vlan-transparent
May 20 01:23:08.353550 np0000175127 devstack@neutron-api.service[103254]: INFO neutron.quota.resource_registry [None req-9c1af522-5ea3-462b-ab23-3e14630bdc4d None None] Creating instance of TrackedResource for resource:network
May 20 01:23:08.353765 np0000175127 devstack@neutron-api.service[103254]: INFO neutron.quota.resource_registry [None req-9c1af522-5ea3-462b-ab23-3e14630bdc4d None None] Creating instance of TrackedResource for resource:subnet
May 20 01:23:08.353812 np0000175127 devstack@neutron-api.service[103255]: DEBUG neutron.api.extensions [None req-10729187-efb1-4bf6-ac6a-1f21d0b81e09 None None] Ext name="security-group" alias="security-group" description="The security groups extension." updated="2012-10-05T10:00:00-00:00" {{(pid=103255) _check_extension /opt/stack/neutron/neutron/api/extensions.py:415}}
May 20 01:23:08.353849 np0000175127 devstack@neutron-api.service[103256]: DEBUG neutron.manager [None req-f0cbb31b-5cdf-4cf1-b0f9-3baf24a2abe8 None None] Successfully loaded TAG plugin. Description: Tag support {{(pid=103256) _create_and_add_service_plugin /opt/stack/neutron/neutron/manager.py:239}}
May 20 01:23:08.353903 np0000175127 devstack@neutron-api.service[103254]: INFO neutron.quota.resource_registry [None req-9c1af522-5ea3-462b-ab23-3e14630bdc4d None None] Creating instance of TrackedResource for resource:subnetpool
May 20 01:23:08.353943 np0000175127 devstack@neutron-api.service[103256]: INFO neutron.manager [None req-f0cbb31b-5cdf-4cf1-b0f9-3baf24a2abe8 None None] Loading Plugin: timestamp
May 20 01:23:08.353985 np0000175127 devstack@neutron-api.service[103255]: INFO neutron.api.extensions [None req-10729187-efb1-4bf6-ac6a-1f21d0b81e09 None None] Loaded extension: security-group
May 20 01:23:08.354024 np0000175127 devstack@neutron-api.service[103254]: INFO neutron.quota.resource_registry [None req-9c1af522-5ea3-462b-ab23-3e14630bdc4d None None] Creating instance of TrackedResource for resource:port
May 20 01:23:08.354060 np0000175127 devstack@neutron-api.service[103255]: DEBUG neutron.api.extensions [None req-10729187-efb1-4bf6-ac6a-1f21d0b81e09 None None] Loading extension file: segment.py {{(pid=103255) _load_all_extensions_from_path /opt/stack/neutron/neutron/api/extensions.py:449}}
May 20 01:23:08.354382 np0000175127 devstack@neutron-api.service[103255]: DEBUG neutron.api.extensions [None req-10729187-efb1-4bf6-ac6a-1f21d0b81e09 None None] Ext name="Segment" alias="segment" description="Segments extension." updated="2016-02-24T17:00:00-00:00" {{(pid=103255) _check_extension /opt/stack/neutron/neutron/api/extensions.py:415}}
May 20 01:23:08.354579 np0000175127 devstack@neutron-api.service[103255]: INFO neutron.api.extensions [None req-10729187-efb1-4bf6-ac6a-1f21d0b81e09 None None] Extension segment not supported by any of loaded plugins
May 20 01:23:08.354661 np0000175127 devstack@neutron-api.service[103255]: DEBUG neutron.api.extensions [None req-10729187-efb1-4bf6-ac6a-1f21d0b81e09 None None] Loading extension file: segments_peer_subnet_host_routes.py {{(pid=103255) _load_all_extensions_from_path /opt/stack/neutron/neutron/api/extensions.py:449}}
May 20 01:23:08.354897 np0000175127 devstack@neutron-api.service[103255]: DEBUG neutron.api.extensions [None req-10729187-efb1-4bf6-ac6a-1f21d0b81e09 None None] Ext name="Segments peer-subnet host routes" alias="segments-peer-subnet-host-routes" description="Add host routes to subnets on a routed network (segments)" updated="2018-06-12T10:00:00-00:00" {{(pid=103255) _check_extension /opt/stack/neutron/neutron/api/extensions.py:415}}
May 20 01:23:08.355058 np0000175127 devstack@neutron-api.service[103255]: INFO neutron.api.extensions [None req-10729187-efb1-4bf6-ac6a-1f21d0b81e09 None None] Extension segments-peer-subnet-host-routes not supported by any of loaded plugins
May 20 01:23:08.355126 np0000175127 devstack@neutron-api.service[103256]: DEBUG neutron.manager [None req-f0cbb31b-5cdf-4cf1-b0f9-3baf24a2abe8 None None] Successfully loaded timestamp plugin. Description: Adds timestamps to Neutron resources with standard attributes {{(pid=103256) _create_and_add_service_plugin /opt/stack/neutron/neutron/manager.py:239}}
May 20 01:23:08.355158 np0000175127 devstack@neutron-api.service[103255]: DEBUG neutron.api.extensions [None req-10729187-efb1-4bf6-ac6a-1f21d0b81e09 None None] Loading extension file: servicetype.py {{(pid=103255) _load_all_extensions_from_path /opt/stack/neutron/neutron/api/extensions.py:449}}
May 20 01:23:08.355236 np0000175127 devstack@neutron-api.service[103256]: INFO neutron.manager [None req-f0cbb31b-5cdf-4cf1-b0f9-3baf24a2abe8 None None] Loading Plugin: network_ip_availability
May 20 01:23:08.355405 np0000175127 devstack@neutron-api.service[103255]: DEBUG neutron.api.extensions [None req-10729187-efb1-4bf6-ac6a-1f21d0b81e09 None None] Ext name="Neutron Service Type Management" alias="service-type" description="API for retrieving service providers for Neutron advanced services" updated="2013-01-20T00:00:00-00:00" {{(pid=103255) _check_extension /opt/stack/neutron/neutron/api/extensions.py:415}}
May 20 01:23:08.355502 np0000175127 devstack@neutron-api.service[103254]: DEBUG neutron.api.v2.resource_helper [None req-9c1af522-5ea3-462b-ab23-3e14630bdc4d None None] Service L3_ROUTER_NAT assigned prefix: {{(pid=103254) build_resource_info /opt/stack/neutron/neutron/api/v2/resource_helper.py:77}}
May 20 01:23:08.355574 np0000175127 devstack@neutron-api.service[103255]: INFO neutron.api.extensions [None req-10729187-efb1-4bf6-ac6a-1f21d0b81e09 None None] Loaded extension: service-type
May 20 01:23:08.355664 np0000175127 devstack@neutron-api.service[103255]: DEBUG neutron.api.extensions [None req-10729187-efb1-4bf6-ac6a-1f21d0b81e09 None None] Loading extension file: sorting.py {{(pid=103255) _load_all_extensions_from_path /opt/stack/neutron/neutron/api/extensions.py:449}}
May 20 01:23:08.355895 np0000175127 devstack@neutron-api.service[103254]: DEBUG neutron.api.v2.resource_helper [None req-9c1af522-5ea3-462b-ab23-3e14630bdc4d None None] Service FLAVORS assigned prefix: {{(pid=103254) build_resource_info /opt/stack/neutron/neutron/api/v2/resource_helper.py:77}}
May 20 01:23:08.355944 np0000175127 devstack@neutron-api.service[103255]: DEBUG neutron.api.extensions [None req-10729187-efb1-4bf6-ac6a-1f21d0b81e09 None None] Ext name="Sorting support" alias="sorting" description="Extension that indicates that sorting is enabled." updated="2016-06-12T00:00:00-00:00" {{(pid=103255) _check_extension /opt/stack/neutron/neutron/api/extensions.py:415}}
May 20 01:23:08.355990 np0000175127 devstack@neutron-api.service[103255]: INFO neutron.api.extensions [None req-10729187-efb1-4bf6-ac6a-1f21d0b81e09 None None] Loaded extension: sorting
May 20 01:23:08.356078 np0000175127 devstack@neutron-api.service[103255]: DEBUG neutron.api.extensions [None req-10729187-efb1-4bf6-ac6a-1f21d0b81e09 None None] Loading extension file: standard_attr_segment.py {{(pid=103255) _load_all_extensions_from_path /opt/stack/neutron/neutron/api/extensions.py:449}}
May 20 01:23:08.356314 np0000175127 devstack@neutron-api.service[103255]: DEBUG neutron.api.extensions [None req-10729187-efb1-4bf6-ac6a-1f21d0b81e09 None None] Ext name="Standard Attribute Segment Extension" alias="standard-attr-segment" description="Add standard attributes to Segment resource" updated="2018-04-09T10:00:00-00:00" {{(pid=103255) _check_extension /opt/stack/neutron/neutron/api/extensions.py:415}}
May 20 01:23:08.356480 np0000175127 devstack@neutron-api.service[103255]: INFO neutron.api.extensions [None req-10729187-efb1-4bf6-ac6a-1f21d0b81e09 None None] Extension standard-attr-segment not supported by any of loaded plugins
May 20 01:23:08.356570 np0000175127 devstack@neutron-api.service[103255]: DEBUG neutron.api.extensions [None req-10729187-efb1-4bf6-ac6a-1f21d0b81e09 None None] Loading extension file: standardattrdescription.py {{(pid=103255) _load_all_extensions_from_path /opt/stack/neutron/neutron/api/extensions.py:449}}
