+ exec neutron-ovn-metadata-agent --config-file /etc/neutron/neutron.conf --config-file /etc/neutron/ovn_metadata_agent.ini --config-file /tmp/pod-shared/neutron-agent.ini --config-file /tmp/pod-shared/ovn.ini /var/lib/openstack/lib/python3.10/site-packages/neutron/common/utils.py:54: UserWarning: pkg_resources is deprecated as an API. See https://setuptools.pypa.io/en/latest/pkg_resources.html. The pkg_resources package is slated for removal as early as 2025-11-30. Refrain from using this package or pin to Setuptools<81. import pkg_resources
2026-05-08 10:57:50.330 47 INFO neutron.common.config [-] Logging enabled!
2026-05-08 10:57:50.331 47 INFO neutron.common.config [-] /var/lib/openstack/bin/neutron-ovn-metadata-agent version 21.2.2.dev24
2026-05-08 10:57:50.361 47 INFO ovsdbapp.backend.ovs_idl.vlog [-] unix:/run/openvswitch/db.sock: connecting...
2026-05-08 10:57:50.361 47 INFO ovsdbapp.backend.ovs_idl.vlog [-] unix:/run/openvswitch/db.sock: connected
2026-05-08 10:57:50.435 47 INFO neutron.agent.ovn.metadata.ovsdb [-] Getting OvsdbSbOvnIdl for MetadataAgent with retry
2026-05-08 10:57:50.435 47 INFO ovsdbapp.backend.ovs_idl.vlog [-] tcp:10.104.241.70:6642: connecting...
2026-05-08 10:57:50.437 47 INFO ovsdbapp.backend.ovs_idl.vlog [-] tcp:10.104.241.70:6642: connected
2026-05-08 10:57:50.466 47 INFO oslo_service.service [-] Starting 2 workers
2026-05-08 10:57:50.473 47 INFO oslo.privsep.daemon [-] Running privsep helper: ['sudo', '/var/lib/openstack/bin/neutron-rootwrap', '/etc/neutron/rootwrap.conf', 'privsep-helper', '--config-file', '/etc/neutron/neutron.conf', '--config-file', '/etc/neutron/ovn_metadata_agent.ini', '--config-file', '/tmp/pod-shared/neutron-agent.ini', '--config-file', '/tmp/pod-shared/ovn.ini', '--privsep_context', 'neutron.privileged.namespace_cmd', '--privsep_sock_path', '/tmp/tmps09h5wuy/privsep.sock']
2026-05-08 10:57:50.506 56 INFO neutron.agent.ovn.metadata.ovsdb [-] Getting OvsdbSbOvnIdl for MetadataAgent with retry
2026-05-08 10:57:50.507 55 INFO neutron.agent.ovn.metadata.ovsdb [-] Getting OvsdbSbOvnIdl for MetadataAgent with retry
2026-05-08 10:57:50.508 56 INFO ovsdbapp.backend.ovs_idl.vlog [-] tcp:10.104.241.70:6642: connecting...
2026-05-08 10:57:50.508 55 INFO ovsdbapp.backend.ovs_idl.vlog [-] tcp:10.104.241.70:6642: connecting...
2026-05-08 10:57:50.509 56 INFO ovsdbapp.backend.ovs_idl.vlog [-] tcp:10.104.241.70:6642: connected
2026-05-08 10:57:50.509 55 INFO ovsdbapp.backend.ovs_idl.vlog [-] tcp:10.104.241.70:6642: connected
2026-05-08 10:57:50.539 56 INFO eventlet.wsgi.server [-] (56) wsgi starting up on http:/var/lib/neutron/openstack-helm/metadata_proxy
2026-05-08 10:57:50.541 55 INFO eventlet.wsgi.server [-] (55) wsgi starting up on http:/var/lib/neutron/openstack-helm/metadata_proxy
2026-05-08 10:57:51.833 47 INFO oslo.privsep.daemon [-] Spawned new privsep daemon via rootwrap
2026-05-08 10:57:51.668 60 INFO oslo.privsep.daemon [-] privsep daemon starting
2026-05-08 10:57:51.675 60 INFO oslo.privsep.daemon [-] privsep process running with uid/gid: 0/0
2026-05-08 10:57:51.678 60 INFO oslo.privsep.daemon [-] privsep process running with capabilities (eff/prm/inh): CAP_SYS_ADMIN/CAP_SYS_ADMIN/none
2026-05-08 10:57:51.678 60 INFO oslo.privsep.daemon [-] privsep daemon running as pid 60
2026-05-08 10:59:16.724 56 ERROR neutron.agent.ovn.metadata.server [-] No port found in network None with IP address 169.254.169.254
2026-05-08 10:59:16.725 56 INFO eventlet.wsgi.server [-] 169.254.169.254, "GET / HTTP/1.1" status: 404 len: 176 time: 0.0014458
2026-05-08 11:01:14.296 55 ERROR neutron.agent.ovn.metadata.server [-] No port found in network None with IP address 169.254.169.254
2026-05-08 11:01:14.297 55 INFO eventlet.wsgi.server [-] 169.254.169.254, "GET / HTTP/1.1" status: 404 len: 176 time: 0.0015938
2026-05-08 11:04:24.289 55 ERROR neutron.agent.ovn.metadata.server [-] No port found in network None with IP address 169.254.169.254
2026-05-08 11:04:24.290 55 INFO eventlet.wsgi.server [-] 169.254.169.254, "GET / HTTP/1.1" status: 404 len: 176 time: 0.0015056
2026-05-08 11:04:54.313 55 ERROR neutron.agent.ovn.metadata.server [-] No port found in network None with IP address 169.254.169.254
2026-05-08 11:04:54.314 55 INFO eventlet.wsgi.server [-] 169.254.169.254, "GET / HTTP/1.1" status: 404 len: 176 time: 0.0014842
2026-05-08 11:07:34.306 56 ERROR neutron.agent.ovn.metadata.server [-] No port found in network None with IP address 169.254.169.254
2026-05-08 11:07:34.307 56 INFO eventlet.wsgi.server [-] 169.254.169.254, "GET / HTTP/1.1" status: 404 len: 176 time: 0.0014887
2026-05-08 11:08:07.555 47 INFO neutron.agent.ovn.metadata.agent [-] Port 958c8c56-d360-41e6-bbca-6ee2d1715a4f in datapath fcdf3bbc-c5a1-4bcd-b760-b2dc210f88d3 bound to our chassis
2026-05-08 11:08:07.557 47 INFO neutron.agent.ovn.metadata.agent [-] Provisioning metadata for network fcdf3bbc-c5a1-4bcd-b760-b2dc210f88d3
2026-05-08 11:08:07.559 47 INFO oslo.privsep.daemon [-] Running privsep helper: ['sudo', '/var/lib/openstack/bin/neutron-rootwrap', '/etc/neutron/rootwrap.conf', 'privsep-helper', '--config-file', '/etc/neutron/neutron.conf', '--config-file', '/etc/neutron/ovn_metadata_agent.ini', '--config-file', '/tmp/pod-shared/neutron-agent.ini', '--config-file', '/tmp/pod-shared/ovn.ini', '--privsep_context', 'neutron.privileged.default', '--privsep_sock_path', '/tmp/tmp6laykdxm/privsep.sock']
2026-05-08 11:08:08.416 47 INFO oslo.privsep.daemon [-] Spawned new privsep daemon via rootwrap
2026-05-08 11:08:08.238 97 INFO oslo.privsep.daemon [-] privsep daemon starting
2026-05-08 11:08:08.241 97 INFO oslo.privsep.daemon [-] privsep process running with uid/gid: 0/0
2026-05-08 11:08:08.244 97 INFO oslo.privsep.daemon [-] privsep process running with capabilities (eff/prm/inh): CAP_DAC_OVERRIDE|CAP_DAC_READ_SEARCH|CAP_NET_ADMIN|CAP_SYS_ADMIN|CAP_SYS_PTRACE/CAP_DAC_OVERRIDE|CAP_DAC_READ_SEARCH|CAP_NET_ADMIN|CAP_SYS_ADMIN|CAP_SYS_PTRACE/none
2026-05-08 11:08:08.244 97 INFO oslo.privsep.daemon [-] privsep daemon running as pid 97
2026-05-08 11:08:09.006 47 INFO oslo.privsep.daemon [-] Running privsep helper: ['sudo', '/var/lib/openstack/bin/neutron-rootwrap', '/etc/neutron/rootwrap.conf', 'privsep-helper', '--config-file', '/etc/neutron/neutron.conf', '--config-file', '/etc/neutron/ovn_metadata_agent.ini', '--config-file', '/tmp/pod-shared/neutron-agent.ini', '--config-file', '/tmp/pod-shared/ovn.ini', '--privsep_context', 'neutron.privileged.link_cmd', '--privsep_sock_path', '/tmp/tmpqbq4281m/privsep.sock']
2026-05-08 11:08:09.826 47 INFO oslo.privsep.daemon [-] Spawned new privsep daemon via rootwrap
2026-05-08 11:08:09.654 110 INFO oslo.privsep.daemon [-] privsep daemon starting
2026-05-08 11:08:09.660 110 INFO oslo.privsep.daemon [-] privsep process running with uid/gid: 0/0
2026-05-08 11:08:09.663 110 INFO oslo.privsep.daemon [-] privsep process running with capabilities (eff/prm/inh): CAP_NET_ADMIN|CAP_SYS_ADMIN/CAP_NET_ADMIN|CAP_SYS_ADMIN/none
2026-05-08 11:08:09.663 110 INFO oslo.privsep.daemon [-] privsep daemon running as pid 110
2026-05-08 11:08:10.772 47 INFO oslo_rootwrap.client [-] Spawned new rootwrap daemon process with pid=132
2026-05-08 11:10:44.296 56 ERROR neutron.agent.ovn.metadata.server [-] No port found in network None with IP address 169.254.169.254
2026-05-08 11:10:44.297 56 INFO eventlet.wsgi.server [-] 169.254.169.254, "GET / HTTP/1.1" status: 404 len: 176 time: 0.0010633
2026-05-08 11:13:54.354 56 ERROR neutron.agent.ovn.metadata.server [-] No port found in network None with IP address 169.254.169.254
2026-05-08 11:13:54.355 56 INFO eventlet.wsgi.server [-] 169.254.169.254, "GET / HTTP/1.1" status: 404 len: 176 time: 0.0011001
2026-05-08 11:14:54.337 56 ERROR neutron.agent.ovn.metadata.server [-] No port found in network None with IP address 169.254.169.254
2026-05-08 11:14:54.339 56 INFO eventlet.wsgi.server [-] 169.254.169.254, "GET / HTTP/1.1" status: 404 len: 176 time: 0.0023463
2026-05-08 11:17:00.843 47 INFO neutron.agent.ovn.metadata.agent [-] Port ef1fe46a-763e-49e2-8d7d-a8906836a1a5 in datapath f4c70f43-fa2f-48e2-bda6-222ff049e907 bound to our chassis
2026-05-08 11:17:04.308 56 ERROR neutron.agent.ovn.metadata.server [-] No port found in network None with IP address 169.254.169.254
2026-05-08 11:17:04.309 56 INFO eventlet.wsgi.server [-] 169.254.169.254, "GET / HTTP/1.1" status: 404 len: 176 time: 0.0021505
2026-05-08 11:18:11.864 47 INFO oslo_rootwrap.client [-] Rootwrap daemon process exit with status: 0
2026-05-08 11:20:14.324 55 ERROR neutron.agent.ovn.metadata.server [-] No port found in network None with IP address 169.254.169.254
2026-05-08 11:20:14.325 55 INFO eventlet.wsgi.server [-] 169.254.169.254, "GET / HTTP/1.1" status: 404 len: 176 time: 0.0009923
2026-05-08 11:23:24.302 55 ERROR neutron.agent.ovn.metadata.server [-] No port found in network None with IP address 169.254.169.254
2026-05-08 11:23:24.303 55 INFO eventlet.wsgi.server [-] 169.254.169.254, "GET / HTTP/1.1" status: 404 len: 176 time: 0.0019774
2026-05-08 11:24:54.321 55 ERROR neutron.agent.ovn.metadata.server [-] No port found in network None with IP address 169.254.169.254
2026-05-08 11:24:54.322 55 INFO eventlet.wsgi.server [-] 169.254.169.254, "GET / HTTP/1.1" status: 404 len: 176 time: 0.0018489
2026-05-08 11:26:34.326 56 ERROR neutron.agent.ovn.metadata.server [-] No port found in network None with IP address 169.254.169.254
2026-05-08 11:26:34.326 56 INFO eventlet.wsgi.server [-] 169.254.169.254, "GET / HTTP/1.1" status: 404 len: 176 time: 0.0013039
2026-05-08 11:29:44.355 55 ERROR neutron.agent.ovn.metadata.server [-] No port found in network None with IP address 169.254.169.254
2026-05-08 11:29:44.356 55 INFO eventlet.wsgi.server [-] 169.254.169.254, "GET / HTTP/1.1" status: 404 len: 176 time: 0.0019355
2026-05-08 11:32:54.326 56 ERROR neutron.agent.ovn.metadata.server [-] No port found in network None with IP address 169.254.169.254
2026-05-08 11:32:54.328 56 INFO eventlet.wsgi.server [-] 169.254.169.254, "GET / HTTP/1.1" status: 404 len: 176 time: 0.0018539
2026-05-08 11:33:05.823 47 WARNING neutron.agent.ovn.metadata.agent [-] Removing non-external type port bae0d4c6-0f57-47be-bfbb-7f182f26f824 with type "chassisredirect"
2026-05-08 11:33:05.971 47 WARNING neutron.agent.ovn.metadata.agent [-] Removing non-external type port 5bdd930b-cf02-4978-924b-04fcbea7a52a with type "chassisredirect"
2026-05-08 11:33:12.178 47 INFO neutron.agent.ovn.metadata.agent [-] Port 3e46996e-4dab-4e78-a46b-e0626df8de0c in datapath 36dd9ae7-956f-4457-8d29-2baf9f6525ec bound to our chassis
2026-05-08 11:33:12.180 47 INFO neutron.agent.ovn.metadata.agent [-] Provisioning metadata for network 36dd9ae7-956f-4457-8d29-2baf9f6525ec
2026-05-08 11:33:12.600 47 WARNING oslo_rootwrap.client [-] Leaving behind already spawned process with pid 132, root should kill it if it's still there (I can't)
2026-05-08 11:33:12.901 47 INFO oslo_rootwrap.client [-] Spawned new rootwrap daemon process with pid=242
2026-05-08 11:33:12.951 47 INFO neutron.agent.ovn.metadata.agent [-] Port 0d173826-eef4-4ec7-8bcb-1c62af773946 in datapath 37660425-8345-4da9-8e96-2dd4a4430f72 bound to our chassis
2026-05-08 11:33:12.963 47 INFO neutron.agent.ovn.metadata.agent [-] Provisioning metadata for network 37660425-8345-4da9-8e96-2dd4a4430f72
2026-05-08 11:33:22.694 47 INFO neutron.agent.ovn.metadata.agent [-] Port 0d173826-eef4-4ec7-8bcb-1c62af773946 in datapath 37660425-8345-4da9-8e96-2dd4a4430f72 unbound from our chassis
2026-05-08 11:33:22.698 47 INFO neutron.agent.ovn.metadata.agent [-] Cleaning up ovnmeta-37660425-8345-4da9-8e96-2dd4a4430f72 namespace which is not needed anymore
2026-05-08 11:33:23.091 47 INFO neutron.agent.ovn.metadata.agent [-] Port 05dccc2d-f19c-4989-a3b2-7c48385aa5bd in datapath 74039c18-9065-4ff3-a355-f3d9cbc177a3 bound to our chassis
2026-05-08 11:33:23.094 47 INFO neutron.agent.ovn.metadata.agent [-] Provisioning metadata for network 74039c18-9065-4ff3-a355-f3d9cbc177a3
2026-05-08 11:33:23.526 47 INFO neutron.agent.ovn.metadata.agent [-] Port 43d52d04-d63e-4a8a-a89a-b8b4959f3a94 in datapath 6717ea81-a76f-4de3-9353-153ee2e376db bound to our chassis
2026-05-08 11:33:23.529 47 INFO neutron.agent.ovn.metadata.agent [-] Provisioning metadata for network 6717ea81-a76f-4de3-9353-153ee2e376db
2026-05-08 11:33:27.771 47 INFO neutron.agent.ovn.metadata.agent [-] Port 05dccc2d-f19c-4989-a3b2-7c48385aa5bd in datapath 74039c18-9065-4ff3-a355-f3d9cbc177a3 unbound from our chassis
2026-05-08 11:33:27.775 47 INFO neutron.agent.ovn.metadata.agent [-] Cleaning up ovnmeta-74039c18-9065-4ff3-a355-f3d9cbc177a3 namespace which is not needed anymore
2026-05-08 11:33:28.971 47 WARNING neutron.agent.ovn.metadata.agent [-] Removing non-external type port 3b00dec5-aa18-4c62-8be3-5e71cf568fab with type "chassisredirect"
2026-05-08 11:33:32.414 47 WARNING neutron.agent.ovn.metadata.agent [-] Removing non-external type port 2b20a67b-2efa-4972-b47e-434264640c2e with type "chassisredirect"
2026-05-08 11:33:33.795 55 INFO eventlet.wsgi.server [-] 10.100.0.10, "GET /2009-04-04/meta-data/instance-id HTTP/1.1" status: 200 len: 146 time: 1.2174058
2026-05-08 11:33:33.834 56 INFO eventlet.wsgi.server [-] 10.100.0.10, "GET /2009-04-04/meta-data/public-keys HTTP/1.1" status: 200 len: 163 time: 0.0280614
2026-05-08 11:33:33.850 56 INFO eventlet.wsgi.server [-] 10.100.0.10, "GET /2009-04-04/meta-data/public-keys/0/openssh-key HTTP/1.1" status: 200 len: 341 time: 0.0113478
2026-05-08 11:33:33.874 55 INFO eventlet.wsgi.server [-] 10.100.0.10, "GET /2009-04-04/meta-data/instance-id HTTP/1.1" status: 200 len: 146 time: 0.0157385
2026-05-08 11:33:33.893 56 INFO eventlet.wsgi.server [-] 10.100.0.10, "GET /2009-04-04/meta-data/ami-launch-index HTTP/1.1" status: 200 len: 136 time: 0.0111303
2026-05-08 11:33:33.910 55 INFO eventlet.wsgi.server [-] 10.100.0.10, "GET /2009-04-04/meta-data/instance-type HTTP/1.1" status: 200 len: 142 time: 0.0100038
2026-05-08 11:33:33.929 56 INFO eventlet.wsgi.server [-] 10.100.0.10, "GET /2009-04-04/meta-data/local-ipv4 HTTP/1.1" status: 200 len: 147 time: 0.0102592
2026-05-08 11:33:33.948 56 INFO eventlet.wsgi.server [-] 10.100.0.10, "GET /2009-04-04/meta-data/public-ipv4 HTTP/1.1" status: 200 len: 149 time: 0.0105879
2026-05-08 11:33:33.972 56 INFO eventlet.wsgi.server [-] 10.100.0.10, "GET /2009-04-04/meta-data/hostname HTTP/1.1" status: 200 len: 201 time: 0.0105453
2026-05-08 11:33:33.991 56 INFO eventlet.wsgi.server [-] 10.100.0.10, "GET /2009-04-04/meta-data/local-hostname HTTP/1.1" status: 200 len: 201 time: 0.0104840
2026-05-08 11:33:34.012 56 INFO eventlet.wsgi.server [-] 10.100.0.10, "GET /2009-04-04/user-data HTTP/1.1" status: 200 len: 231 time: 0.0095663
2026-05-08 11:33:34.044 56 INFO eventlet.wsgi.server [-] 10.100.0.10, "GET /2009-04-04/meta-data/block-device-mapping HTTP/1.1" status: 200 len: 143 time: 0.0100386
2026-05-08 11:33:34.059 56 INFO eventlet.wsgi.server [-] 10.100.0.10, "GET /2009-04-04/meta-data/block-device-mapping/ami HTTP/1.1" status: 200 len: 138 time: 0.0081208
2026-05-08 11:33:34.079 56 INFO eventlet.wsgi.server [-] 10.100.0.10, "GET /2009-04-04/meta-data/block-device-mapping/root HTTP/1.1" status: 200 len: 143 time: 0.0132277
2026-05-08 11:33:34.099 56 INFO eventlet.wsgi.server [-] 10.100.0.10, "GET /2009-04-04/meta-data/public-hostname HTTP/1.1" status: 200 len: 201 time: 0.0125420
2026-05-08 11:33:34.116 56 INFO eventlet.wsgi.server [-] 10.100.0.10, "GET /2009-04-04/meta-data/placement/availability-zone HTTP/1.1" status: 200 len: 139 time: 0.0093110
2026-05-08 11:33:41.969 47 INFO neutron.agent.ovn.metadata.agent [-] Port b477bdf3-f321-406f-b365-d124c240953b in datapath 4fa1e86a-2930-4482-b7ae-e773dacb3cb2 bound to our chassis
2026-05-08 11:33:41.971 47 INFO neutron.agent.ovn.metadata.agent [-] Provisioning metadata for network 4fa1e86a-2930-4482-b7ae-e773dacb3cb2
2026-05-08 11:33:43.994 47 INFO neutron.agent.ovn.metadata.agent [-] Port b477bdf3-f321-406f-b365-d124c240953b in datapath 4fa1e86a-2930-4482-b7ae-e773dacb3cb2 unbound from our chassis
2026-05-08 11:33:43.998 47 INFO neutron.agent.ovn.metadata.agent [-] Cleaning up ovnmeta-4fa1e86a-2930-4482-b7ae-e773dacb3cb2 namespace which is not needed anymore
2026-05-08 11:33:45.281 55 INFO eventlet.wsgi.server [-] 10.100.0.4, "GET /2009-04-04/meta-data/instance-id HTTP/1.1" status: 200 len: 146 time: 0.1419985
2026-05-08 11:33:45.305 55 INFO eventlet.wsgi.server [-] 10.100.0.4, "GET /2009-04-04/meta-data/public-keys HTTP/1.1" status: 200 len: 163 time: 0.0104306
2026-05-08 11:33:45.322 47 INFO neutron.agent.ovn.metadata.agent [-] Port 3e46996e-4dab-4e78-a46b-e0626df8de0c in datapath 36dd9ae7-956f-4457-8d29-2baf9f6525ec unbound from our chassis
2026-05-08 11:33:45.323 55 INFO eventlet.wsgi.server [-] 10.100.0.4, "GET /2009-04-04/meta-data/public-keys/0/openssh-key HTTP/1.1" status: 200 len: 341 time: 0.0108984
2026-05-08 11:33:45.324 47 INFO neutron.agent.ovn.metadata.agent [-] Cleaning up ovnmeta-36dd9ae7-956f-4457-8d29-2baf9f6525ec namespace which is not needed anymore
2026-05-08 11:33:45.343 56 INFO eventlet.wsgi.server [-] 10.100.0.4, "GET /2009-04-04/meta-data/instance-id HTTP/1.1" status: 200 len: 146 time: 0.0117755
2026-05-08 11:33:45.364 55 INFO eventlet.wsgi.server [-] 10.100.0.4, "GET /2009-04-04/meta-data/ami-launch-index HTTP/1.1" status: 200 len: 136 time: 0.0120099
2026-05-08 11:33:45.388 55 INFO eventlet.wsgi.server [-] 10.100.0.4, "GET /2009-04-04/meta-data/instance-type HTTP/1.1" status: 200 len: 142 time: 0.0170145
2026-05-08 11:33:45.410 55 INFO eventlet.wsgi.server [-] 10.100.0.4, "GET /2009-04-04/meta-data/local-ipv4 HTTP/1.1" status: 200 len: 146 time: 0.0127909
2026-05-08 11:33:45.424 55 INFO eventlet.wsgi.server [-] 10.100.0.4, "GET /2009-04-04/meta-data/public-ipv4 HTTP/1.1" status: 200 len: 149 time: 0.0075758
2026-05-08 11:33:45.441 55 INFO eventlet.wsgi.server [-] 10.100.0.4, "GET /2009-04-04/meta-data/hostname HTTP/1.1" status: 200 len: 193 time: 0.0124712
2026-05-08 11:33:45.460 55 INFO eventlet.wsgi.server [-] 10.100.0.4, "GET /2009-04-04/meta-data/local-hostname HTTP/1.1" status: 200 len: 193 time: 0.0114055
2026-05-08 11:33:45.482 55 INFO eventlet.wsgi.server [-] 10.100.0.4, "GET /2009-04-04/user-data HTTP/1.1" status: 200 len: 231 time: 0.0130937
2026-05-08 11:33:45.527 55 INFO eventlet.wsgi.server [-] 10.100.0.4, "GET /2009-04-04/meta-data/block-device-mapping HTTP/1.1" status: 200 len: 143 time: 0.0124657
2026-05-08 11:33:45.541 55 INFO eventlet.wsgi.server [-] 10.100.0.4, "GET /2009-04-04/meta-data/block-device-mapping/ami HTTP/1.1" status: 200 len: 138 time: 0.0100353
2026-05-08 11:33:45.560 56 INFO eventlet.wsgi.server [-] 10.100.0.4, "GET /2009-04-04/meta-data/block-device-mapping/root HTTP/1.1" status: 200 len: 143 time: 0.0127442
2026-05-08 11:33:45.577 56 INFO eventlet.wsgi.server [-] 10.100.0.4, "GET /2009-04-04/meta-data/public-hostname HTTP/1.1" status: 200 len: 193 time: 0.0112808
2026-05-08 11:33:45.593 56 INFO eventlet.wsgi.server [-] 10.100.0.4, "GET /2009-04-04/meta-data/placement/availability-zone HTTP/1.1" status: 200 len: 139 time: 0.0095849
2026-05-08 11:33:47.865 47 WARNING neutron.agent.ovn.metadata.agent [-] Removing non-external type port 81444182-b669-4440-859d-1dffed21fbf0 with type "chassisredirect"
2026-05-08 11:33:50.428 47 WARNING neutron.agent.ovn.metadata.agent [-] Removing non-external type port 038a92e4-cea5-4c25-9864-e6cdcadfe889 with type "chassisredirect"
2026-05-08 11:33:51.478 47 INFO neutron.agent.ovn.metadata.agent [-] Port 43d52d04-d63e-4a8a-a89a-b8b4959f3a94 in datapath 6717ea81-a76f-4de3-9353-153ee2e376db unbound from our chassis
2026-05-08 11:33:51.481 47 INFO neutron.agent.ovn.metadata.agent [-] Cleaning up ovnmeta-6717ea81-a76f-4de3-9353-153ee2e376db namespace which is not needed anymore
2026-05-08 11:33:52.072 47 INFO neutron.agent.ovn.metadata.agent [-] Port 43d52d04-d63e-4a8a-a89a-b8b4959f3a94 in datapath 6717ea81-a76f-4de3-9353-153ee2e376db bound to our chassis
2026-05-08 11:33:52.074 47 INFO neutron.agent.ovn.metadata.agent [-] Provisioning metadata for network 6717ea81-a76f-4de3-9353-153ee2e376db
2026-05-08 11:34:05.341 55 INFO eventlet.wsgi.server [-] 10.100.0.4, "GET /2009-04-04/meta-data/instance-id HTTP/1.1" status: 200 len: 146 time: 0.1672845
2026-05-08 11:34:05.361 56 INFO eventlet.wsgi.server [-] 10.100.0.4, "GET /2009-04-04/meta-data/public-keys HTTP/1.1" status: 200 len: 163 time: 0.0095356
2026-05-08 11:34:05.374 56 INFO eventlet.wsgi.server [-] 10.100.0.4, "GET /2009-04-04/meta-data/public-keys/0/openssh-key HTTP/1.1" status: 200 len: 341 time: 0.0092397
2026-05-08 11:34:05.395 56 INFO eventlet.wsgi.server [-] 10.100.0.4, "GET /2009-04-04/meta-data/instance-id HTTP/1.1" status: 200 len: 146 time: 0.0131803
2026-05-08 11:34:05.412 56 INFO eventlet.wsgi.server [-] 10.100.0.4, "GET /2009-04-04/meta-data/ami-launch-index HTTP/1.1" status: 200 len: 136 time: 0.0095415
2026-05-08 11:34:05.429 56 INFO eventlet.wsgi.server [-] 10.100.0.4, "GET /2009-04-04/meta-data/instance-type HTTP/1.1" status: 200 len: 142 time: 0.0086787
2026-05-08 11:34:05.447 55 INFO eventlet.wsgi.server [-] 10.100.0.4, "GET /2009-04-04/meta-data/local-ipv4 HTTP/1.1" status: 200 len: 146 time: 0.0094259
2026-05-08 11:34:05.463 55 INFO eventlet.wsgi.server [-] 10.100.0.4, "GET /2009-04-04/meta-data/public-ipv4 HTTP/1.1" status: 200 len: 149 time: 0.0105834
2026-05-08 11:34:05.479 55 INFO eventlet.wsgi.server [-] 10.100.0.4, "GET /2009-04-04/meta-data/hostname HTTP/1.1" status: 200 len: 193 time: 0.0098915
2026-05-08 11:34:05.495 55 INFO eventlet.wsgi.server [-] 10.100.0.4, "GET /2009-04-04/meta-data/local-hostname HTTP/1.1" status: 200 len: 193 time: 0.0105221
2026-05-08 11:34:05.510 55 INFO eventlet.wsgi.server [-] 10.100.0.4, "GET /2009-04-04/user-data HTTP/1.1" status: 200 len: 231 time: 0.0100582
2026-05-08 11:34:05.554 55 INFO eventlet.wsgi.server [-] 10.100.0.4, "GET /2009-04-04/meta-data/block-device-mapping HTTP/1.1" status: 200 len: 143 time: 0.0117855
2026-05-08 11:34:05.576 55 INFO eventlet.wsgi.server [-] 10.100.0.4, "GET /2009-04-04/meta-data/block-device-mapping/ami HTTP/1.1" status: 200 len: 138 time: 0.0171392
2026-05-08 11:34:05.597 56 INFO eventlet.wsgi.server [-] 10.100.0.4, "GET /2009-04-04/meta-data/block-device-mapping/root HTTP/1.1" status: 200 len: 143 time: 0.0131390
2026-05-08 11:34:05.611 56 INFO eventlet.wsgi.server [-] 10.100.0.4, "GET /2009-04-04/meta-data/public-hostname HTTP/1.1" status: 200 len: 193 time: 0.0095549
2026-05-08 11:34:05.622 56 INFO eventlet.wsgi.server [-] 10.100.0.4, "GET /2009-04-04/meta-data/placement/availability-zone HTTP/1.1" status: 200 len: 139 time: 0.0073447
2026-05-08 11:34:09.954 47 INFO neutron.agent.ovn.metadata.agent [-] Port 1618aed2-b419-4a9d-bebf-9dcd64c858ed in datapath b7824135-69ca-4a4f-890e-7c7cccd3e514 bound to our chassis
2026-05-08 11:34:09.956 47 INFO neutron.agent.ovn.metadata.agent [-] Provisioning metadata for network b7824135-69ca-4a4f-890e-7c7cccd3e514
2026-05-08 11:34:10.403 47 INFO neutron.agent.ovn.metadata.agent [-] Port 43d52d04-d63e-4a8a-a89a-b8b4959f3a94 in datapath 6717ea81-a76f-4de3-9353-153ee2e376db unbound from our chassis
2026-05-08 11:34:10.406 47 INFO neutron.agent.ovn.metadata.agent [-] Cleaning up ovnmeta-6717ea81-a76f-4de3-9353-153ee2e376db namespace which is not needed anymore
2026-05-08 11:34:13.514 47 INFO neutron.agent.ovn.metadata.agent [-] Port 1618aed2-b419-4a9d-bebf-9dcd64c858ed in datapath b7824135-69ca-4a4f-890e-7c7cccd3e514 unbound from our chassis
2026-05-08 11:34:13.521 47 INFO neutron.agent.ovn.metadata.agent [-] Cleaning up ovnmeta-b7824135-69ca-4a4f-890e-7c7cccd3e514 namespace which is not needed anymore
2026-05-08 11:34:16.265 47 WARNING neutron.agent.ovn.metadata.agent [-] Removing non-external type port ef26908d-76fd-45d2-b930-bf1ca9d7daee with type "chassisredirect"
2026-05-08 11:34:18.146 47 WARNING neutron.agent.ovn.metadata.agent [-] Removing non-external type port 50afcda4-f2c7-4a69-b824-4a4df8b6f563 with type "chassisredirect"
2026-05-08 11:34:46.746 47 INFO neutron.agent.ovn.metadata.agent [-] Port 64a82f64-1325-4cf9-9bd5-9f7fb4bf6a71 in datapath 714affd8-a512-405a-a5f6-138bf9178d46 bound to our chassis
2026-05-08 11:34:46.747 47 INFO neutron.agent.ovn.metadata.agent [-] Provisioning metadata for network 714affd8-a512-405a-a5f6-138bf9178d46
2026-05-08 11:34:54.286 56 ERROR neutron.agent.ovn.metadata.server [-] No port found in network None with IP address 169.254.169.254
2026-05-08 11:34:54.287 56 INFO eventlet.wsgi.server [-] 169.254.169.254, "GET / HTTP/1.1" status: 404 len: 176 time: 0.0012009
2026-05-08 11:35:00.773 55 INFO eventlet.wsgi.server [-] 10.100.0.8, "GET /2009-04-04/meta-data/instance-id HTTP/1.1" status: 200 len: 146 time: 1.3064051
2026-05-08 11:35:00.802 55 INFO eventlet.wsgi.server [-] 10.100.0.8, "GET /2009-04-04/meta-data/public-keys HTTP/1.1" status: 200 len: 175 time: 0.0139818
2026-05-08 11:35:00.818 55 INFO eventlet.wsgi.server [-] 10.100.0.8, "GET /2009-04-04/meta-data/public-keys/0/openssh-key HTTP/1.1" status: 200 len: 341 time: 0.0087879
2026-05-08 11:35:00.838 55 INFO eventlet.wsgi.server [-] 10.100.0.8, "GET /2009-04-04/meta-data/instance-id HTTP/1.1" status: 200 len: 146 time: 0.0127459
2026-05-08 11:35:00.856 55 INFO eventlet.wsgi.server [-] 10.100.0.8, "GET /2009-04-04/meta-data/ami-launch-index HTTP/1.1" status: 200 len: 136 time: 0.0108263
2026-05-08 11:35:00.881 56 INFO eventlet.wsgi.server [-] 10.100.0.8, "GET /2009-04-04/meta-data/instance-type HTTP/1.1" status: 200 len: 142 time: 0.0141227
2026-05-08 11:35:00.897 56 INFO eventlet.wsgi.server [-] 10.100.0.8, "GET /2009-04-04/meta-data/local-ipv4 HTTP/1.1" status: 200 len: 146 time: 0.0096431
2026-05-08 11:35:00.932 55 INFO eventlet.wsgi.server [-] 10.100.0.8, "GET /2009-04-04/meta-data/public-ipv4 HTTP/1.1" status: 200 len: 149 time: 0.0277610
2026-05-08 11:35:00.955 55 INFO eventlet.wsgi.server [-] 10.100.0.8, "GET /2009-04-04/meta-data/hostname HTTP/1.1" status: 200 len: 191 time: 0.0170989
2026-05-08 11:35:00.987 55 INFO eventlet.wsgi.server [-] 10.100.0.8, "GET /2009-04-04/meta-data/local-hostname HTTP/1.1" status: 200 len: 191 time: 0.0251217
2026-05-08 11:35:01.021 56 INFO eventlet.wsgi.server [-] 10.100.0.8, "GET /2009-04-04/user-data HTTP/1.1" status: 404 len: 297 time: 0.0233405
2026-05-08 11:35:01.077 55 INFO eventlet.wsgi.server [-] 10.100.0.8, "GET /2009-04-04/meta-data/block-device-mapping HTTP/1.1" status: 200 len: 143 time: 0.0177720
2026-05-08 11:35:01.099 56 INFO eventlet.wsgi.server [-] 10.100.0.8, "GET /2009-04-04/meta-data/block-device-mapping/ami HTTP/1.1" status: 200 len: 138 time: 0.0143960
2026-05-08 11:35:01.114 55 INFO eventlet.wsgi.server [-] 10.100.0.8, "GET /2009-04-04/meta-data/block-device-mapping/root HTTP/1.1" status: 200 len: 143 time: 0.0094693
2026-05-08 11:35:01.126 55 INFO eventlet.wsgi.server [-] 10.100.0.8, "GET /2009-04-04/meta-data/public-hostname HTTP/1.1" status: 200 len: 191 time: 0.0076792
2026-05-08 11:35:01.145 56 INFO eventlet.wsgi.server [-] 10.100.0.8, "GET /2009-04-04/meta-data/placement/availability-zone HTTP/1.1" status: 200 len: 139 time: 0.0135994
2026-05-08 11:35:09.159 47 INFO neutron.agent.ovn.metadata.agent [-] Port 04174aef-6a24-4b9b-b363-1378232ca692 in datapath 714affd8-a512-405a-a5f6-138bf9178d46 bound to our chassis
2026-05-08 11:35:09.160 47 INFO neutron.agent.ovn.metadata.agent [-] Provisioning metadata for network 714affd8-a512-405a-a5f6-138bf9178d46
2026-05-08 11:35:21.951 55 INFO eventlet.wsgi.server [-] 10.100.0.14, "GET /2009-04-04/meta-data/instance-id HTTP/1.1" status: 200 len: 146 time: 0.1170247
2026-05-08 11:35:21.974 55 INFO eventlet.wsgi.server [-] 10.100.0.14, "GET /2009-04-04/meta-data/public-keys HTTP/1.1" status: 200 len: 176 time: 0.0140147
2026-05-08 11:35:21.994 55 INFO eventlet.wsgi.server [-] 10.100.0.14, "GET /2009-04-04/meta-data/public-keys/0/openssh-key HTTP/1.1" status: 200 len: 341 time: 0.0132215
2026-05-08 11:35:22.010 55 INFO eventlet.wsgi.server [-] 10.100.0.14, "GET /2009-04-04/meta-data/instance-id HTTP/1.1" status: 200 len: 146 time: 0.0086927
2026-05-08 11:35:22.027 55 INFO eventlet.wsgi.server [-] 10.100.0.14, "GET /2009-04-04/meta-data/ami-launch-index HTTP/1.1" status: 200 len: 136 time: 0.0095859
2026-05-08 11:35:22.042 55 INFO eventlet.wsgi.server [-] 10.100.0.14, "GET /2009-04-04/meta-data/instance-type HTTP/1.1" status: 200 len: 142 time: 0.0081327
2026-05-08 11:35:22.067 56 INFO eventlet.wsgi.server [-] 10.100.0.14, "GET /2009-04-04/meta-data/local-ipv4 HTTP/1.1" status: 200 len: 147 time: 0.0119030
2026-05-08 11:35:22.080 56 INFO eventlet.wsgi.server [-] 10.100.0.14, "GET /2009-04-04/meta-data/public-ipv4 HTTP/1.1" status: 200 len: 149 time: 0.0080502
2026-05-08 11:35:22.096 56 INFO eventlet.wsgi.server [-] 10.100.0.14, "GET /2009-04-04/meta-data/hostname HTTP/1.1" status: 200 len: 191 time: 0.0105317
2026-05-08 11:35:22.108 56 INFO eventlet.wsgi.server [-] 10.100.0.14, "GET /2009-04-04/meta-data/local-hostname HTTP/1.1" status: 200 len: 191 time: 0.0075924
2026-05-08 11:35:22.130 56 INFO eventlet.wsgi.server [-] 10.100.0.14, "GET /2009-04-04/user-data HTTP/1.1" status: 404 len: 297 time: 0.0124674
2026-05-08 11:35:22.162 56 INFO eventlet.wsgi.server [-] 10.100.0.14, "GET /2009-04-04/meta-data/block-device-mapping HTTP/1.1" status: 200 len: 143 time: 0.0163906
2026-05-08 11:35:22.184 55 INFO eventlet.wsgi.server [-] 10.100.0.14, "GET /2009-04-04/meta-data/block-device-mapping/ami HTTP/1.1" status: 200 len: 138 time: 0.0122466
2026-05-08 11:35:22.199 55 INFO eventlet.wsgi.server [-] 10.100.0.14, "GET /2009-04-04/meta-data/block-device-mapping/root HTTP/1.1" status: 200 len: 143 time: 0.0096033
2026-05-08 11:35:22.216 56 INFO eventlet.wsgi.server [-] 10.100.0.14, "GET /2009-04-04/meta-data/public-hostname HTTP/1.1" status: 200 len: 191 time: 0.0107477
2026-05-08 11:35:22.231 56 INFO eventlet.wsgi.server [-] 10.100.0.14, "GET /2009-04-04/meta-data/placement/availability-zone HTTP/1.1" status: 200 len: 139 time: 0.0084662
2026-05-08 11:35:26.828 47 INFO neutron.agent.ovn.metadata.agent [-] Port 04174aef-6a24-4b9b-b363-1378232ca692 in datapath 714affd8-a512-405a-a5f6-138bf9178d46 unbound from our chassis
2026-05-08 11:35:26.830 47 INFO neutron.agent.ovn.metadata.agent [-] Provisioning metadata for network 714affd8-a512-405a-a5f6-138bf9178d46
2026-05-08 11:35:30.226 47 INFO neutron.agent.ovn.metadata.agent [-] Port 64a82f64-1325-4cf9-9bd5-9f7fb4bf6a71 in datapath 714affd8-a512-405a-a5f6-138bf9178d46 unbound from our chassis
2026-05-08 11:35:30.229 47 INFO neutron.agent.ovn.metadata.agent [-] Cleaning up ovnmeta-714affd8-a512-405a-a5f6-138bf9178d46 namespace which is not needed anymore
2026-05-08 11:35:34.916 47 WARNING neutron.agent.ovn.metadata.agent [-] Removing non-external type port 4067afc9-1626-453b-b80e-7335628a680c with type "chassisredirect"
2026-05-08 11:36:03.779 47 INFO neutron.agent.ovn.metadata.agent [-] Port 002a6653-70d8-4a4a-804a-196f43fc5b92 in datapath 7e63c3f3-a0b2-4386-aecf-e5e6cdef45c7 bound to our chassis
2026-05-08 11:36:03.781 47 INFO neutron.agent.ovn.metadata.agent [-] Provisioning metadata for network 7e63c3f3-a0b2-4386-aecf-e5e6cdef45c7
2026-05-08 11:36:04.307 56 ERROR neutron.agent.ovn.metadata.server [-] No port found in network None with IP address 169.254.169.254
2026-05-08 11:36:04.309 56 INFO eventlet.wsgi.server [-] 169.254.169.254, "GET / HTTP/1.1" status: 404 len: 176 time: 0.0034122
2026-05-08 11:36:05.437 47 INFO neutron.agent.ovn.metadata.agent [-] Port 4ee62dc2-fe7f-45f7-ab6e-bbcefeefcc56 in datapath d33a69ac-b57d-4ac3-af34-8af016f87fc1 bound to our chassis
2026-05-08 11:36:05.439 47 INFO neutron.agent.ovn.metadata.agent [-] Provisioning metadata for network d33a69ac-b57d-4ac3-af34-8af016f87fc1
2026-05-08 11:36:08.507 47 INFO neutron.agent.ovn.metadata.agent [-] Port 4ee62dc2-fe7f-45f7-ab6e-bbcefeefcc56 in datapath d33a69ac-b57d-4ac3-af34-8af016f87fc1 unbound from our chassis
2026-05-08 11:36:08.510 47 INFO neutron.agent.ovn.metadata.agent [-] Cleaning up ovnmeta-d33a69ac-b57d-4ac3-af34-8af016f87fc1 namespace which is not needed anymore
2026-05-08 11:36:14.100 47 WARNING neutron.agent.ovn.metadata.agent [-] Removing non-external type port 56386a74-68ec-4e96-8a03-9ba9726094a5 with type "chassisredirect"
2026-05-08 11:36:26.055 56 INFO eventlet.wsgi.server [-] 10.100.0.7, "GET /latest/meta-data/public-ipv4 HTTP/1.1" status: 200 len: 149 time: 0.5815027
2026-05-08 11:36:26.382 55 INFO eventlet.wsgi.server [-] 10.100.0.7, "POST /openstack/2013-10-17/password HTTP/1.1" status: 200 len: 134 time: 0.2056417
2026-05-08 11:36:28.170 47 INFO neutron.agent.ovn.metadata.agent [-] Port 002a6653-70d8-4a4a-804a-196f43fc5b92 in datapath 7e63c3f3-a0b2-4386-aecf-e5e6cdef45c7 unbound from our chassis
2026-05-08 11:36:28.173 47 INFO neutron.agent.ovn.metadata.agent [-] Cleaning up ovnmeta-7e63c3f3-a0b2-4386-aecf-e5e6cdef45c7 namespace which is not needed anymore
2026-05-08 11:36:33.550 47 WARNING neutron.agent.ovn.metadata.agent [-] Removing non-external type port 7a62509c-82da-46b6-a291-b5d82210fa5c with type "chassisredirect"
2026-05-08 11:36:35.808 47 WARNING neutron.agent.ovn.metadata.agent [-] Removing non-external type port 53bd0c8f-daa6-4a2a-ab7b-f0965529d410 with type "chassisredirect"
2026-05-08 11:37:06.122 47 INFO neutron.agent.ovn.metadata.agent [-] Port 89651b72-b8d6-47e8-b969-772a587a4613 in datapath 59e264f0-ae43-43bb-b76c-5ac03acce836 bound to our chassis
2026-05-08 11:37:06.126 47 INFO neutron.agent.ovn.metadata.agent [-] Provisioning metadata for network 59e264f0-ae43-43bb-b76c-5ac03acce836
2026-05-08 11:37:18.078 47 INFO neutron.agent.ovn.metadata.agent [-] Port 4a9be124-e2c6-49b3-9827-e75b94312e81 in datapath 1e4f8dc2-df55-4fc9-9ca1-991b6ed9a95d bound to our chassis
2026-05-08 11:37:18.080 47 INFO neutron.agent.ovn.metadata.agent [-] Provisioning metadata for network 1e4f8dc2-df55-4fc9-9ca1-991b6ed9a95d
2026-05-08 11:37:20.343 56 INFO eventlet.wsgi.server [-] 10.2.1.225, "GET /2009-04-04/meta-data/instance-id HTTP/1.1" status: 200 len: 146 time: 0.1287515
2026-05-08 11:37:20.362 56 INFO eventlet.wsgi.server [-] 10.2.1.225, "GET /2009-04-04/meta-data/public-keys HTTP/1.1" status: 200 len: 174 time: 0.0101669
2026-05-08 11:37:20.384 56 INFO eventlet.wsgi.server [-] 10.2.1.225, "GET /2009-04-04/meta-data/public-keys/0/openssh-key HTTP/1.1" status: 200 len: 341 time: 0.0166419
2026-05-08 11:37:20.399 56 INFO eventlet.wsgi.server [-] 10.2.1.225, "GET /2009-04-04/meta-data/instance-id HTTP/1.1" status: 200 len: 146 time: 0.0097077
2026-05-08 11:37:20.419 56 INFO eventlet.wsgi.server [-] 10.2.1.225, "GET /2009-04-04/meta-data/ami-launch-index HTTP/1.1" status: 200 len: 136 time: 0.0097196
2026-05-08 11:37:20.437 56 INFO eventlet.wsgi.server [-] 10.2.1.225, "GET /2009-04-04/meta-data/instance-type HTTP/1.1" status: 200 len: 142 time: 0.0088694
2026-05-08 11:37:20.456 55 INFO eventlet.wsgi.server [-] 10.2.1.225, "GET /2009-04-04/meta-data/local-ipv4 HTTP/1.1" status: 200 len: 146 time: 0.0085216
2026-05-08 11:37:20.474 55 INFO eventlet.wsgi.server [-] 10.2.1.225, "GET /2009-04-04/meta-data/public-ipv4 HTTP/1.1" status: 200 len: 149 time: 0.0095801
2026-05-08 11:37:20.492 55 INFO eventlet.wsgi.server [-] 10.2.1.225, "GET /2009-04-04/meta-data/hostname HTTP/1.1" status: 200 len: 185 time: 0.0107589
2026-05-08 11:37:20.509 55 INFO eventlet.wsgi.server [-] 10.2.1.225, "GET /2009-04-04/meta-data/local-hostname HTTP/1.1" status: 200 len: 185 time: 0.0093441
2026-05-08 11:37:20.526 55 INFO eventlet.wsgi.server [-] 10.2.1.225, "GET /2009-04-04/user-data HTTP/1.1" status: 404 len: 297 time: 0.0107527
2026-05-08 11:37:20.566 55 INFO eventlet.wsgi.server [-] 10.2.1.225, "GET /2009-04-04/meta-data/block-device-mapping HTTP/1.1" status: 200 len: 143 time: 0.0114949
2026-05-08 11:37:20.584 55 INFO eventlet.wsgi.server [-] 10.2.1.225, "GET /2009-04-04/meta-data/block-device-mapping/ami HTTP/1.1" status: 200 len: 138 time: 0.0129023
2026-05-08 11:37:20.600 55 INFO eventlet.wsgi.server [-] 10.2.1.225, "GET /2009-04-04/meta-data/block-device-mapping/root HTTP/1.1" status: 200 len: 143 time: 0.0099506
2026-05-08 11:37:20.626 55 INFO eventlet.wsgi.server [-] 10.2.1.225, "GET /2009-04-04/meta-data/public-hostname HTTP/1.1" status: 200 len: 185 time: 0.0157845
2026-05-08 11:37:20.640 55 INFO eventlet.wsgi.server [-] 10.2.1.225, "GET /2009-04-04/meta-data/placement/availability-zone HTTP/1.1" status: 200 len: 139 time: 0.0074034
2026-05-08 11:37:29.829 56 INFO eventlet.wsgi.server [-] 10.2.2.156, "GET /2009-04-04/meta-data/instance-id HTTP/1.1" status: 200 len: 146 time: 0.1275301
2026-05-08 11:37:29.848 56 INFO eventlet.wsgi.server [-] 10.2.2.156, "GET /2009-04-04/meta-data/public-keys HTTP/1.1" status: 200 len: 174 time: 0.0103245
2026-05-08 11:37:29.860 56 INFO eventlet.wsgi.server [-] 10.2.2.156, "GET /2009-04-04/meta-data/public-keys/0/openssh-key HTTP/1.1" status: 200 len: 341 time: 0.0076551
2026-05-08 11:37:29.872 56 INFO eventlet.wsgi.server [-] 10.2.2.156, "GET /2009-04-04/meta-data/instance-id HTTP/1.1" status: 200 len: 146 time: 0.0069966
2026-05-08 11:37:29.887 55 INFO eventlet.wsgi.server [-] 10.2.2.156, "GET /2009-04-04/meta-data/ami-launch-index HTTP/1.1" status: 200 len: 136 time: 0.0105686
2026-05-08 11:37:29.899 55 INFO eventlet.wsgi.server [-] 10.2.2.156, "GET /2009-04-04/meta-data/instance-type HTTP/1.1" status: 200 len: 142 time: 0.0067756
2026-05-08 11:37:29.911 55 INFO eventlet.wsgi.server [-] 10.2.2.156, "GET /2009-04-04/meta-data/local-ipv4 HTTP/1.1" status: 200 len: 146 time: 0.0074735
2026-05-08 11:37:29.922 55 INFO eventlet.wsgi.server [-] 10.2.2.156, "GET /2009-04-04/meta-data/public-ipv4 HTTP/1.1" status: 200 len: 149 time: 0.0067229
2026-05-08 11:37:29.936 55 INFO eventlet.wsgi.server [-] 10.2.2.156, "GET /2009-04-04/meta-data/hostname HTTP/1.1" status: 200 len: 185 time: 0.0091703
2026-05-08 11:37:29.950 55 INFO eventlet.wsgi.server [-] 10.2.2.156, "GET /2009-04-04/meta-data/local-hostname HTTP/1.1" status: 200 len: 185 time: 0.0071490
2026-05-08 11:37:29.962 55 INFO eventlet.wsgi.server [-] 10.2.2.156, "GET /2009-04-04/user-data HTTP/1.1" status: 404 len: 297 time: 0.0075915
2026-05-08 11:37:30.018 56 INFO eventlet.wsgi.server [-] 10.2.2.156, "GET /2009-04-04/meta-data/block-device-mapping HTTP/1.1" status: 200 len: 143 time: 0.0113020
2026-05-08 11:37:30.033 56 INFO eventlet.wsgi.server [-] 10.2.2.156, "GET /2009-04-04/meta-data/block-device-mapping/ami HTTP/1.1" status: 200 len: 138 time: 0.0100746
2026-05-08 11:37:30.046 56 INFO eventlet.wsgi.server [-] 10.2.2.156, "GET /2009-04-04/meta-data/block-device-mapping/root HTTP/1.1" status: 200 len: 143 time: 0.0069542
2026-05-08 11:37:30.058 56 INFO eventlet.wsgi.server [-] 10.2.2.156, "GET /2009-04-04/meta-data/public-hostname HTTP/1.1" status: 200 len: 185 time: 0.0071616
2026-05-08 11:37:30.071 56 INFO eventlet.wsgi.server [-] 10.2.2.156, "GET /2009-04-04/meta-data/placement/availability-zone HTTP/1.1" status: 200 len: 139 time: 0.0074532
2026-05-08 11:37:49.204 47 INFO neutron.agent.ovn.metadata.agent [-] Port e8beafef-c5b6-4b4d-bd4a-ec6c3e000cec in datapath fcdf3bbc-c5a1-4bcd-b760-b2dc210f88d3 bound to our chassis
2026-05-08 11:37:49.206 47 INFO neutron.agent.ovn.metadata.agent [-] Provisioning metadata for network fcdf3bbc-c5a1-4bcd-b760-b2dc210f88d3
2026-05-08 11:38:32.249 47 INFO neutron.agent.ovn.metadata.agent [-] Port c4869113-f5ce-4177-8320-df794898f3ca in datapath 0caf98c5-1d9a-4d20-a2b6-e870210817bd bound to our chassis
2026-05-08 11:38:32.251 47 INFO neutron.agent.ovn.metadata.agent [-] Provisioning metadata for network 0caf98c5-1d9a-4d20-a2b6-e870210817bd
2026-05-08 11:38:53.178 47 INFO neutron.agent.ovn.metadata.agent [-] Port 7154cf10-2597-4368-bd89-938df4bb1508 in datapath 59e264f0-ae43-43bb-b76c-5ac03acce836 bound to our chassis
2026-05-08 11:38:53.181 47 INFO neutron.agent.ovn.metadata.agent [-] Provisioning metadata for network 59e264f0-ae43-43bb-b76c-5ac03acce836
2026-05-08 11:39:04.665 47 INFO neutron.agent.ovn.metadata.agent [-] Port e5e3ce66-2dfd-432c-8f23-26baf32c53a3 in datapath 1e4f8dc2-df55-4fc9-9ca1-991b6ed9a95d bound to our chassis
2026-05-08 11:39:04.667 47 INFO neutron.agent.ovn.metadata.agent [-] Provisioning metadata for network 1e4f8dc2-df55-4fc9-9ca1-991b6ed9a95d
2026-05-08 11:39:14.301 55 ERROR neutron.agent.ovn.metadata.server [-] No port found in network None with IP address 169.254.169.254
2026-05-08 11:39:14.302 55 INFO eventlet.wsgi.server [-] 169.254.169.254, "GET / HTTP/1.1" status: 404 len: 176 time: 0.0032992
2026-05-08 11:39:16.489 47 INFO neutron.agent.ovn.metadata.agent [-] Port e5e3ce66-2dfd-432c-8f23-26baf32c53a3 in datapath 1e4f8dc2-df55-4fc9-9ca1-991b6ed9a95d unbound from our chassis
2026-05-08 11:39:16.492 47 INFO neutron.agent.ovn.metadata.agent [-] Provisioning metadata for network 1e4f8dc2-df55-4fc9-9ca1-991b6ed9a95d
2026-05-08 11:39:21.894 47 INFO neutron.agent.ovn.metadata.agent [-] Port 7154cf10-2597-4368-bd89-938df4bb1508 in datapath 59e264f0-ae43-43bb-b76c-5ac03acce836 unbound from our chassis
2026-05-08 11:39:21.897 47 INFO neutron.agent.ovn.metadata.agent [-] Provisioning metadata for network 59e264f0-ae43-43bb-b76c-5ac03acce836
2026-05-08 11:39:37.763 47 INFO neutron.agent.ovn.metadata.agent [-] Port c4869113-f5ce-4177-8320-df794898f3ca in datapath 0caf98c5-1d9a-4d20-a2b6-e870210817bd unbound from our chassis
2026-05-08 11:39:37.766 47 INFO neutron.agent.ovn.metadata.agent [-] Cleaning up ovnmeta-0caf98c5-1d9a-4d20-a2b6-e870210817bd namespace which is not needed anymore
2026-05-08 11:39:40.914 47 INFO neutron.agent.ovn.metadata.agent [-] Port e8beafef-c5b6-4b4d-bd4a-ec6c3e000cec in datapath fcdf3bbc-c5a1-4bcd-b760-b2dc210f88d3 unbound from our chassis
2026-05-08 11:39:40.915 47 INFO neutron.agent.ovn.metadata.agent [-] Provisioning metadata for network fcdf3bbc-c5a1-4bcd-b760-b2dc210f88d3
2026-05-08 11:39:43.207 47 INFO neutron.agent.ovn.metadata.agent [-] Port 4a9be124-e2c6-49b3-9827-e75b94312e81 in datapath 1e4f8dc2-df55-4fc9-9ca1-991b6ed9a95d unbound from our chassis
2026-05-08 11:39:43.210 47 INFO neutron.agent.ovn.metadata.agent [-] Cleaning up ovnmeta-1e4f8dc2-df55-4fc9-9ca1-991b6ed9a95d namespace which is not needed anymore
2026-05-08 11:39:49.100 47 INFO neutron.agent.ovn.metadata.agent [-] Port 89651b72-b8d6-47e8-b969-772a587a4613 in datapath 59e264f0-ae43-43bb-b76c-5ac03acce836 unbound from our chassis
2026-05-08 11:39:49.104 47 INFO neutron.agent.ovn.metadata.agent [-] Cleaning up ovnmeta-59e264f0-ae43-43bb-b76c-5ac03acce836 namespace which is not needed anymore
2026-05-08 11:40:00.352 47 WARNING neutron.agent.ovn.metadata.agent [-] Removing non-external type port fe7538ad-0a3d-4177-9f13-a5e55a7f38d6 with type "chassisredirect"
2026-05-08 11:42:24.345 56 ERROR neutron.agent.ovn.metadata.server [-] No port found in network None with IP address 169.254.169.254
2026-05-08 11:42:24.346 56 INFO eventlet.wsgi.server [-] 169.254.169.254, "GET / HTTP/1.1" status: 404 len: 176 time: 0.0010691
2026-05-08 11:44:54.358 55 ERROR neutron.agent.ovn.metadata.server [-] No port found in network None with IP address 169.254.169.254
2026-05-08 11:44:54.359 55 INFO eventlet.wsgi.server [-] 169.254.169.254, "GET / HTTP/1.1" status: 404 len: 176 time: 0.0013981
2026-05-08 11:45:34.321 56 ERROR neutron.agent.ovn.metadata.server [-] No port found in network None with IP address 169.254.169.254
2026-05-08 11:45:34.322 56 INFO eventlet.wsgi.server [-] 169.254.169.254, "GET / HTTP/1.1" status: 404 len: 176 time: 0.0015798