2026-05-08 11:29:25.860 9 INFO neutron.wsgi [None req-e031d334-4050-4a13-96e2-558148837d5d ad2ef2d4f49d4233b79a56d8fa15edf8 752f1fafd8f848d9bcdb8f3c577b2f8d - - default default] 199.19.213.185,10.0.0.44 "GET /v2.0/networks HTTP/1.1" status: 200 len: 2350 time: 0.0646493
2026-05-08 11:29:26.884 9 INFO neutron.wsgi [None req-4b8dddc8-f026-46be-9f08-5efc61825fda ad2ef2d4f49d4233b79a56d8fa15edf8 752f1fafd8f848d9bcdb8f3c577b2f8d - - default default] 199.19.213.185,10.0.0.44 "GET /v2.0/security-groups?tenant_id=752f1fafd8f848d9bcdb8f3c577b2f8d HTTP/1.1" status: 200 len: 10157 time: 0.0851104
2026-05-08 11:29:27.883 9 INFO neutron.wsgi [None req-4a1d9fc8-2c46-41b3-be4c-2d23cdf910c3 ad2ef2d4f49d4233b79a56d8fa15edf8 752f1fafd8f848d9bcdb8f3c577b2f8d - - default default] 199.19.213.185,10.0.0.44 "GET /v2.0/security-groups?tenant_id=752f1fafd8f848d9bcdb8f3c577b2f8d HTTP/1.1" status: 200 len: 10157 time: 0.0844445
2026-05-08 11:29:28.733 9 INFO neutron.wsgi [None req-dae78a56-68eb-4211-ba80-ad4cb0157e37 ad2ef2d4f49d4233b79a56d8fa15edf8 752f1fafd8f848d9bcdb8f3c577b2f8d - - default default] 199.19.213.185,10.0.0.44 "GET /v2.0/security-groups?tenant_id=752f1fafd8f848d9bcdb8f3c577b2f8d HTTP/1.1" status: 200 len: 10157 time: 0.0915356
2026-05-08 11:29:29.556 9 INFO neutron.wsgi [None req-592fb6ef-eead-4679-a0a6-ed4047398b1e ad2ef2d4f49d4233b79a56d8fa15edf8 752f1fafd8f848d9bcdb8f3c577b2f8d - - default default] 199.19.213.185,10.0.0.44 "GET /v2.0/security-groups?tenant_id=752f1fafd8f848d9bcdb8f3c577b2f8d HTTP/1.1" status: 200 len: 10157 time: 0.0900631
2026-05-08 11:29:30.392 9 INFO neutron.wsgi [None req-25259bfb-0cac-45aa-80d6-b6e92fdcb66f ad2ef2d4f49d4233b79a56d8fa15edf8 752f1fafd8f848d9bcdb8f3c577b2f8d - - default default] 199.19.213.185,10.0.0.44 "GET /v2.0/security-groups?tenant_id=752f1fafd8f848d9bcdb8f3c577b2f8d HTTP/1.1" status: 200 len: 10157 time: 0.0812392
2026-05-08 11:29:31.256 9 INFO neutron.wsgi [None req-08d9f9d4-dfe5-4f18-b2cd-958a064bffe5 ad2ef2d4f49d4233b79a56d8fa15edf8 752f1fafd8f848d9bcdb8f3c577b2f8d - - default default] 199.19.213.185,10.0.0.44 "GET /v2.0/security-groups?tenant_id=752f1fafd8f848d9bcdb8f3c577b2f8d HTTP/1.1" status: 200 len: 10157 time: 0.0941122
2026-05-08 11:29:32.408 9 INFO neutron.wsgi [None req-5d227883-5f55-40e5-8545-32d2737f9a5d ad2ef2d4f49d4233b79a56d8fa15edf8 752f1fafd8f848d9bcdb8f3c577b2f8d - - default default] 199.19.213.185,10.0.0.44 "GET /v2.0/security-groups HTTP/1.1" status: 200 len: 16799 time: 0.1330078
2026-05-08 11:29:32.455 9 INFO neutron.wsgi [None req-f2c23164-9ef6-42b6-90b6-fc49c2254237 ad2ef2d4f49d4233b79a56d8fa15edf8 752f1fafd8f848d9bcdb8f3c577b2f8d - - default default] 199.19.213.185,10.0.0.44 "GET /v2.0/ports HTTP/1.1" status: 200 len: 5251 time: 0.0364871
2026-05-08 11:29:38.830 9 INFO neutron.wsgi [-] 10.0.0.44 "GET / HTTP/1.1" status: 200 len: 247 time: 0.0026667
2026-05-08 11:29:38.831 10 INFO neutron.wsgi [-] 10.0.0.44 "GET / HTTP/1.1" status: 200 len: 247 time: 0.0034297
2026-05-08 11:29:39.251 9 INFO neutron.pecan_wsgi.hooks.translation [None req-a619c785-6019-4c6a-9730-44bd7138b7ef ad2ef2d4f49d4233b79a56d8fa15edf8 752f1fafd8f848d9bcdb8f3c577b2f8d - - default default] GET failed (client error): The resource could not be found.
2026-05-08 11:29:39.252 9 INFO neutron.wsgi [None req-a619c785-6019-4c6a-9730-44bd7138b7ef ad2ef2d4f49d4233b79a56d8fa15edf8 752f1fafd8f848d9bcdb8f3c577b2f8d - - default default] 199.19.213.185,10.0.0.44 "GET /v2.0/ports/octavia-health-manager-port-instance HTTP/1.1" status: 404 len: 314 time: 0.0646691
2026-05-08 11:29:39.284 9 INFO neutron.wsgi [None req-a103aea7-8c7f-447e-979e-63a01062b745 ad2ef2d4f49d4233b79a56d8fa15edf8 752f1fafd8f848d9bcdb8f3c577b2f8d - - default default] 199.19.213.185,10.0.0.44 "GET /v2.0/ports?name=octavia-health-manager-port-instance HTTP/1.1" status: 200 len: 1347 time: 0.0270739
2026-05-08 11:29:40.820 9 INFO neutron.wsgi [None req-5e990640-8201-446d-83ce-a65e6b4c0200 ad2ef2d4f49d4233b79a56d8fa15edf8 752f1fafd8f848d9bcdb8f3c577b2f8d - - default default] 199.19.213.185,10.0.0.44 "GET /v2.0/ports HTTP/1.1" status: 200 len: 5251 time: 0.0778322
2026-05-08 11:29:41.876 9 INFO neutron.wsgi [None req-595bcd6a-25d3-482d-937c-71ed16abde86 ad2ef2d4f49d4233b79a56d8fa15edf8 752f1fafd8f848d9bcdb8f3c577b2f8d - - default default] 199.19.213.185,10.0.0.44 "GET /v2.0/security-groups?tenant_id=752f1fafd8f848d9bcdb8f3c577b2f8d HTTP/1.1" status: 200 len: 10157 time: 0.0853615
2026-05-08 11:29:42.839 9 INFO neutron.wsgi [None req-c7c139db-412b-44f9-b5d4-dd1e9767232a ad2ef2d4f49d4233b79a56d8fa15edf8 752f1fafd8f848d9bcdb8f3c577b2f8d - - default default] 199.19.213.185,10.0.0.44 "GET /v2.0/security-groups?tenant_id=752f1fafd8f848d9bcdb8f3c577b2f8d HTTP/1.1" status: 200 len: 10157 time: 0.0792813
2026-05-08 11:29:43.714 9 INFO neutron.wsgi [None req-d0dcfd99-5cf7-425d-828c-edba744b18cc ad2ef2d4f49d4233b79a56d8fa15edf8 752f1fafd8f848d9bcdb8f3c577b2f8d - - default default] 199.19.213.185,10.0.0.44 "GET /v2.0/security-groups?tenant_id=752f1fafd8f848d9bcdb8f3c577b2f8d HTTP/1.1" status: 200 len: 10157 time: 0.0904477
2026-05-08 11:29:53.827 10 INFO neutron.wsgi [-] 10.0.0.44 "GET / HTTP/1.1" status: 200 len: 247 time: 0.0017395
2026-05-08 11:29:53.829 10 INFO neutron.wsgi [-] 10.0.0.44 "GET / HTTP/1.1" status: 200 len: 247 time: 0.0009663
2026-05-08 11:29:55.198 9 INFO neutron.wsgi [None req-b61079a9-b7a2-4e4d-aebb-ef8019b8c57b ad2ef2d4f49d4233b79a56d8fa15edf8 752f1fafd8f848d9bcdb8f3c577b2f8d - - default default] 199.19.213.185,10.0.0.44 "GET /v2.0/quotas/752f1fafd8f848d9bcdb8f3c577b2f8d HTTP/1.1" status: 200 len: 361 time: 0.0163279
2026-05-08 11:30:08.829 9 INFO neutron.wsgi [-] 10.0.0.44 "GET / HTTP/1.1" status: 200 len: 247 time: 0.0027218
2026-05-08 11:30:08.830 10 INFO neutron.wsgi [-] 10.0.0.44 "GET / HTTP/1.1" status: 200 len: 247 time: 0.0030582
2026-05-08 11:30:23.829 10 INFO neutron.wsgi [-] 10.0.0.44 "GET / HTTP/1.1" status: 200 len: 247 time: 0.0026085
2026-05-08 11:30:23.830 9 INFO neutron.wsgi [-] 10.0.0.44 "GET / HTTP/1.1" status: 200 len: 247 time: 0.0040462
2026-05-08 11:30:25.078 9 INFO neutron.wsgi [None req-7ec8c04c-8fb4-4493-a079-84b64ae41948 ad2ef2d4f49d4233b79a56d8fa15edf8 752f1fafd8f848d9bcdb8f3c577b2f8d - - default default] 10.0.0.71 "GET /v2.0/subnets HTTP/1.1" status: 200 len: 1437 time: 0.1001604
2026-05-08 11:30:25.099 9 INFO neutron.wsgi [None req-f149a986-01a8-4a88-bd92-0bbd2a80e2b8 ad2ef2d4f49d4233b79a56d8fa15edf8 752f1fafd8f848d9bcdb8f3c577b2f8d - - default default] 10.0.0.71 "GET /v2.0/subnetpools HTTP/1.1" status: 200 len: 193 time: 0.0198328
2026-05-08 11:30:25.142 9 INFO neutron.wsgi [None req-46d35347-e62d-4dcb-8042-0ab7f09fa045 ad2ef2d4f49d4233b79a56d8fa15edf8 752f1fafd8f848d9bcdb8f3c577b2f8d - - default default] 10.0.0.71 "GET /v2.0/subnets HTTP/1.1" status: 200 len: 1437 time: 0.0415084
2026-05-08 11:30:25.173 9 INFO neutron.wsgi [None req-ed801156-ad1f-4d71-9252-a8c90c57e1a0 ad2ef2d4f49d4233b79a56d8fa15edf8 752f1fafd8f848d9bcdb8f3c577b2f8d - - default default] 10.0.0.71 "GET /v2.0/ports HTTP/1.1" status: 200 len: 5251 time: 0.0303905
2026-05-08 11:30:25.202 9 INFO neutron.wsgi [None req-b971f005-11d6-42fe-b9b1-f671ec61210b ad2ef2d4f49d4233b79a56d8fa15edf8 752f1fafd8f848d9bcdb8f3c577b2f8d - - default default] 10.0.0.71 "GET /v2.0/routers HTTP/1.1" status: 200 len: 189 time: 0.0247350
2026-05-08 11:30:25.229 9 INFO neutron.wsgi [None req-417a78d1-ca04-4c87-b0f6-e6171544d3f2 ad2ef2d4f49d4233b79a56d8fa15edf8 752f1fafd8f848d9bcdb8f3c577b2f8d - - default default] 10.0.0.71 "GET /v2.0/agents?binary=ovn-controller HTTP/1.1" status: 200 len: 591 time: 0.0268178
2026-05-08 11:30:25.238 9 INFO neutron.wsgi [None req-d2b98cd8-71c9-4140-95dc-28b72e70f92b ad2ef2d4f49d4233b79a56d8fa15edf8 752f1fafd8f848d9bcdb8f3c577b2f8d - - default default] 10.0.0.71 "GET /v2.0/network-ip-availabilities HTTP/1.1" status: 200 len: 1280 time: 0.0084686
2026-05-08 11:30:25.261 9 INFO neutron.wsgi [None req-27ed5153-e928-457a-961b-c25f05ee8a81 ad2ef2d4f49d4233b79a56d8fa15edf8 752f1fafd8f848d9bcdb8f3c577b2f8d - - default default] 10.0.0.71 "GET /v2.0/floatingips HTTP/1.1" status: 200 len: 193 time: 0.0195482
2026-05-08 11:30:25.314 9 INFO neutron.wsgi [None req-2da26d27-aeb0-473e-b629-35200c817edf ad2ef2d4f49d4233b79a56d8fa15edf8 752f1fafd8f848d9bcdb8f3c577b2f8d - - default default] 10.0.0.71 "GET /v2.0/security-groups HTTP/1.1" status: 200 len: 16799 time: 0.0519769
2026-05-08 11:30:25.335 9 INFO neutron.wsgi [None req-523b66d8-1405-440d-b198-c62ae45488e6 ad2ef2d4f49d4233b79a56d8fa15edf8 752f1fafd8f848d9bcdb8f3c577b2f8d - - default default] 10.0.0.71 "GET /v2.0/agents HTTP/1.1" status: 200 len: 997 time: 0.0114155
2026-05-08 11:30:25.392 9 INFO neutron.wsgi [None req-4e184676-8ce9-4d01-afa6-68578d1a17d4 ad2ef2d4f49d4233b79a56d8fa15edf8 752f1fafd8f848d9bcdb8f3c577b2f8d - - default default] 10.0.0.71 "GET /v2.0/networks HTTP/1.1" status: 200 len: 2350 time: 0.0561211
2026-05-08 11:30:38.830 10 INFO neutron.wsgi [-] 10.0.0.44 "GET / HTTP/1.1" status: 200 len: 247 time: 0.0030725
2026-05-08 11:30:38.830 9 INFO neutron.wsgi [-] 10.0.0.44 "GET / HTTP/1.1" status: 200 len: 247 time: 0.0031681
2026-05-08 11:30:50.354 9 INFO neutron.wsgi [None req-d49e3d30-6cfd-41bd-8a87-42789482346c ad2ef2d4f49d4233b79a56d8fa15edf8 752f1fafd8f848d9bcdb8f3c577b2f8d - - default default] 199.19.213.185,10.0.0.44 "GET /v2.0/security-groups?tenant_id=106c2c00120c40afa39eea2f06d84c86 HTTP/1.1" status: 200 len: 6838 time: 0.0841324
2026-05-08 11:30:51.337 9 INFO neutron.wsgi [None req-9aff37c2-70f0-459d-86a1-2eb8a946f904 ad2ef2d4f49d4233b79a56d8fa15edf8 752f1fafd8f848d9bcdb8f3c577b2f8d - - default default] 199.19.213.185,10.0.0.44 "GET /v2.0/security-groups?tenant_id=106c2c00120c40afa39eea2f06d84c86 HTTP/1.1" status: 200 len: 6838 time: 0.0765641
2026-05-08 11:30:52.249 9 INFO neutron.wsgi [None req-63df1a66-b0ec-41b1-9fb0-cb74f741bef7 ad2ef2d4f49d4233b79a56d8fa15edf8 752f1fafd8f848d9bcdb8f3c577b2f8d - - default default] 199.19.213.185,10.0.0.44 "GET /v2.0/security-groups?tenant_id=106c2c00120c40afa39eea2f06d84c86 HTTP/1.1" status: 200 len: 6838 time: 0.1082890
2026-05-08 11:30:53.137 9 INFO neutron.wsgi [None req-60dd7c74-d66d-44ed-af00-07ddd0da346c ad2ef2d4f49d4233b79a56d8fa15edf8 752f1fafd8f848d9bcdb8f3c577b2f8d - - default default] 199.19.213.185,10.0.0.44 "GET /v2.0/security-groups?tenant_id=106c2c00120c40afa39eea2f06d84c86 HTTP/1.1" status: 200 len: 6838 time: 0.1007619
2026-05-08 11:30:53.831 10 INFO neutron.wsgi [-] 10.0.0.44 "GET / HTTP/1.1" status: 200 len: 247 time: 0.0037096
2026-05-08 11:30:53.831 9 INFO neutron.wsgi [-] 10.0.0.44 "GET / HTTP/1.1" status: 200 len: 247 time: 0.0039649
2026-05-08 11:30:54.060 9 INFO neutron.wsgi [None req-cf7b0a2b-3381-4a83-a305-6cc8e7a71e08 ad2ef2d4f49d4233b79a56d8fa15edf8 752f1fafd8f848d9bcdb8f3c577b2f8d - - default default] 199.19.213.185,10.0.0.44 "GET /v2.0/security-groups?tenant_id=106c2c00120c40afa39eea2f06d84c86 HTTP/1.1" status: 200 len: 6838 time: 0.0707753
2026-05-08 11:31:02.544 9 INFO neutron.wsgi [None req-77e2f6b7-22fb-4f77-b06d-f805a875d189 ad2ef2d4f49d4233b79a56d8fa15edf8 752f1fafd8f848d9bcdb8f3c577b2f8d - - default default] 199.19.213.185,10.0.0.44 "GET /v2.0/quotas/106c2c00120c40afa39eea2f06d84c86 HTTP/1.1" status: 200 len: 361 time: 0.0262041
2026-05-08 11:31:08.828 10 INFO neutron.wsgi [-] 10.0.0.44 "GET / HTTP/1.1" status: 200 len: 247 time: 0.0026379
2026-05-08 11:31:08.828 9 INFO neutron.wsgi [-] 10.0.0.44 "GET / HTTP/1.1" status: 200 len: 247 time: 0.0018642
2026-05-08 11:31:23.828 10 INFO neutron.wsgi [-] 10.0.0.44 "GET / HTTP/1.1" status: 200 len: 247 time: 0.0023437
2026-05-08 11:31:23.830 9 INFO neutron.wsgi [-] 10.0.0.44 "GET / HTTP/1.1" status: 200 len: 247 time: 0.0040588
2026-05-08 11:31:24.973 9 INFO neutron.wsgi [None req-e7b8460a-5c77-4541-b4e4-72a6f60e8fdd ad2ef2d4f49d4233b79a56d8fa15edf8 752f1fafd8f848d9bcdb8f3c577b2f8d - - default default] 10.0.0.71 "GET /v2.0/network-ip-availabilities HTTP/1.1" status: 200 len: 1280 time: 0.0612521
2026-05-08 11:31:25.029 9 INFO neutron.wsgi [None req-9a17a2bd-3960-4bbe-9a1d-3eb270440348 ad2ef2d4f49d4233b79a56d8fa15edf8 752f1fafd8f848d9bcdb8f3c577b2f8d - - default default] 10.0.0.71 "GET /v2.0/networks HTTP/1.1" status: 200 len: 2350 time: 0.0551999
2026-05-08 11:31:25.152 9 INFO neutron.wsgi [None req-9ea479ea-1bef-42c5-be3a-b9be1551d864 ad2ef2d4f49d4233b79a56d8fa15edf8 752f1fafd8f848d9bcdb8f3c577b2f8d - - default default] 10.0.0.71 "GET /v2.0/ports HTTP/1.1" status: 200 len: 5251 time: 0.1202066
2026-05-08 11:31:25.186 9 INFO neutron.wsgi [None req-c4d8e76d-3081-4e13-b7eb-b3d45ecec446 ad2ef2d4f49d4233b79a56d8fa15edf8 752f1fafd8f848d9bcdb8f3c577b2f8d - - default default] 10.0.0.71 "GET /v2.0/routers HTTP/1.1" status: 200 len: 189 time: 0.0282731
2026-05-08 11:31:25.228 9 INFO neutron.wsgi [None req-c0c89933-dfb5-439f-8e74-07aba58010e2 ad2ef2d4f49d4233b79a56d8fa15edf8 752f1fafd8f848d9bcdb8f3c577b2f8d - - default default] 10.0.0.71 "GET /v2.0/agents?binary=ovn-controller HTTP/1.1" status: 200 len: 591 time: 0.0418639
2026-05-08 11:31:25.262 9 INFO neutron.wsgi [None req-4d984576-94d4-4dde-9ac7-4db61a51e023 ad2ef2d4f49d4233b79a56d8fa15edf8 752f1fafd8f848d9bcdb8f3c577b2f8d - - default default] 10.0.0.71 "GET /v2.0/subnets HTTP/1.1" status: 200 len: 1437 time: 0.0328906
2026-05-08 11:31:25.274 9 INFO neutron.wsgi [None req-dff15b0a-6b01-4c84-9457-f1d52ab2ae60 ad2ef2d4f49d4233b79a56d8fa15edf8 752f1fafd8f848d9bcdb8f3c577b2f8d - - default default] 10.0.0.71 "GET /v2.0/subnetpools HTTP/1.1" status: 200 len: 193 time: 0.0103369
2026-05-08 11:31:25.297 9 INFO neutron.wsgi [None req-447ae28d-082d-4811-9c16-ccb9ec655c4c ad2ef2d4f49d4233b79a56d8fa15edf8 752f1fafd8f848d9bcdb8f3c577b2f8d - - default default] 10.0.0.71 "GET /v2.0/floatingips HTTP/1.1" status: 200 len: 193 time: 0.0220044
2026-05-08 11:31:25.305 9 INFO neutron.wsgi [None req-0a704254-6745-46e3-ac78-2ff735b803b9 ad2ef2d4f49d4233b79a56d8fa15edf8 752f1fafd8f848d9bcdb8f3c577b2f8d - - default default] 10.0.0.71 "GET /v2.0/agents HTTP/1.1" status: 200 len: 997 time: 0.0079551
2026-05-08 11:31:25.349 9 INFO neutron.wsgi [None req-8c85b406-1245-487e-b491-c420c782fa29 ad2ef2d4f49d4233b79a56d8fa15edf8 752f1fafd8f848d9bcdb8f3c577b2f8d - - default default] 10.0.0.71 "GET /v2.0/security-groups HTTP/1.1" status: 200 len: 16799 time: 0.0424213
2026-05-08 11:31:25.391 9 INFO neutron.wsgi [None req-00fca1ff-a8c9-43e7-910c-3d07f9437c09 ad2ef2d4f49d4233b79a56d8fa15edf8 752f1fafd8f848d9bcdb8f3c577b2f8d - - default default] 10.0.0.71 "GET /v2.0/subnets HTTP/1.1" status: 200 len: 1437 time: 0.0342858
2026-05-08 11:31:38.830 10 INFO neutron.wsgi [-] 10.0.0.44 "GET / HTTP/1.1" status: 200 len: 247 time: 0.0029969
2026-05-08 11:31:38.830 9 INFO neutron.wsgi [-] 10.0.0.44 "GET / HTTP/1.1" status: 200 len: 247 time: 0.0031314
2026-05-08 11:31:53.829 10 INFO neutron.wsgi [-] 10.0.0.44 "GET / HTTP/1.1" status: 200 len: 247 time: 0.0028687
2026-05-08 11:31:53.829 9 INFO neutron.wsgi [-] 10.0.0.44 "GET / HTTP/1.1" status: 200 len: 247 time: 0.0028908
2026-05-08 11:31:59.357 9 INFO neutron.wsgi [None req-45b1af0c-fe35-4fd9-af9a-126549058c7d ad2ef2d4f49d4233b79a56d8fa15edf8 752f1fafd8f848d9bcdb8f3c577b2f8d - - default default] 199.19.213.185,10.0.0.44 "GET /v2.0/networks HTTP/1.1" status: 200 len: 2350 time: 0.0953877
2026-05-08 11:32:08.829 9 INFO neutron.wsgi [-] 10.0.0.44 "GET / HTTP/1.1" status: 200 len: 247 time: 0.0027864
2026-05-08 11:32:08.829 10 INFO neutron.wsgi [-] 10.0.0.44 "GET / HTTP/1.1" status: 200 len: 247 time: 0.0035851
2026-05-08 11:32:23.829 9 INFO neutron.wsgi [-] 10.0.0.44 "GET / HTTP/1.1" status: 200 len: 247 time: 0.0027146
2026-05-08 11:32:23.835 9 INFO neutron.wsgi [-] 10.0.0.44 "GET / HTTP/1.1" status: 200 len: 247 time: 0.0048571
2026-05-08 11:32:25.118 9 INFO neutron.wsgi [None req-c4e61206-5cca-47a1-b98a-5604cc526a51 ad2ef2d4f49d4233b79a56d8fa15edf8 752f1fafd8f848d9bcdb8f3c577b2f8d - - default default] 10.0.0.71 "GET /v2.0/security-groups HTTP/1.1" status: 200 len: 16799 time: 0.1631560
2026-05-08 11:32:25.161 9 INFO neutron.wsgi [None req-a1f569ca-622b-4063-a3e2-86101f8540bc ad2ef2d4f49d4233b79a56d8fa15edf8 752f1fafd8f848d9bcdb8f3c577b2f8d - - default default] 10.0.0.71 "GET /v2.0/subnets HTTP/1.1" status: 200 len: 1437 time: 0.0358341
2026-05-08 11:32:25.174 9 INFO neutron.wsgi [None req-226ba4f9-9f80-444c-bd0b-78495a2a0452 ad2ef2d4f49d4233b79a56d8fa15edf8 752f1fafd8f848d9bcdb8f3c577b2f8d - - default default] 10.0.0.71 "GET /v2.0/subnetpools HTTP/1.1" status: 200 len: 193 time: 0.0111365
2026-05-08 11:32:25.228 9 INFO neutron.wsgi [None req-09df26fc-5a94-4a20-93c0-a9752498306e ad2ef2d4f49d4233b79a56d8fa15edf8 752f1fafd8f848d9bcdb8f3c577b2f8d - - default default] 10.0.0.71 "GET /v2.0/networks HTTP/1.1" status: 200 len: 2350 time: 0.0540013
2026-05-08 11:32:25.271 9 INFO neutron.wsgi [None req-e4527f2c-60c8-4e11-bb17-e398726bf254 ad2ef2d4f49d4233b79a56d8fa15edf8 752f1fafd8f848d9bcdb8f3c577b2f8d - - default default] 10.0.0.71 "GET /v2.0/subnets HTTP/1.1" status: 200 len: 1437 time: 0.0404518
2026-05-08 11:32:25.308 9 INFO neutron.wsgi [None req-065641a3-988f-4aef-b858-c6934b0e7f78 ad2ef2d4f49d4233b79a56d8fa15edf8 752f1fafd8f848d9bcdb8f3c577b2f8d - - default default] 10.0.0.71 "GET /v2.0/agents HTTP/1.1" status: 200 len: 997 time: 0.0355008
2026-05-08 11:32:25.331 9 INFO neutron.wsgi [None req-c2da1ac0-4369-48f8-b84b-8ed12a3e98af ad2ef2d4f49d4233b79a56d8fa15edf8 752f1fafd8f848d9bcdb8f3c577b2f8d - - default default] 10.0.0.71 "GET /v2.0/routers HTTP/1.1" status: 200 len: 189 time: 0.0227823
2026-05-08 11:32:25.340 9 INFO neutron.wsgi [None req-475bc0f1-1fa7-4daf-bda9-03fb16a1775e ad2ef2d4f49d4233b79a56d8fa15edf8 752f1fafd8f848d9bcdb8f3c577b2f8d - - default default] 10.0.0.71 "GET /v2.0/agents?binary=ovn-controller HTTP/1.1" status: 200 len: 591 time: 0.0075762
2026-05-08 11:32:25.363 9 INFO neutron.wsgi [None req-8b1c6430-50f7-4093-8fea-5b6cc31d991a ad2ef2d4f49d4233b79a56d8fa15edf8 752f1fafd8f848d9bcdb8f3c577b2f8d - - default default] 10.0.0.71 "GET /v2.0/floatingips HTTP/1.1" status: 200 len: 193 time: 0.0219033
2026-05-08 11:32:25.393 9 INFO neutron.wsgi [None req-8587f415-39e2-4a17-853f-081b90c0f952 ad2ef2d4f49d4233b79a56d8fa15edf8 752f1fafd8f848d9bcdb8f3c577b2f8d - - default default] 10.0.0.71 "GET /v2.0/ports HTTP/1.1" status: 200 len: 5251 time: 0.0291169
2026-05-08 11:32:25.407 9 INFO neutron.wsgi [None req-44ba3274-efeb-4648-a389-c79c76c6500d ad2ef2d4f49d4233b79a56d8fa15edf8 752f1fafd8f848d9bcdb8f3c577b2f8d - - default default] 10.0.0.71 "GET /v2.0/network-ip-availabilities HTTP/1.1" status: 200 len: 1280 time: 0.0105247
2026-05-08 11:32:38.829 9 INFO neutron.wsgi [-] 10.0.0.44 "GET / HTTP/1.1" status: 200 len: 247 time: 0.0027580
2026-05-08 11:32:38.831 10 INFO neutron.wsgi [-] 10.0.0.44 "GET / HTTP/1.1" status: 200 len: 247 time: 0.0040491
2026-05-08 11:32:39.848 9 INFO neutron.wsgi [None req-83dea4f1-8593-4dde-9ecd-4e854e2fcf28 ad2ef2d4f49d4233b79a56d8fa15edf8 752f1fafd8f848d9bcdb8f3c577b2f8d - - default default] 10.0.0.118 "GET /v2.0/networks HTTP/1.1" status: 200 len: 2369 time: 0.0979278
2026-05-08 11:32:41.037 10 INFO neutron.wsgi [None req-8435e2f5-33a0-4268-b5f5-ee777432af2f ad2ef2d4f49d4233b79a56d8fa15edf8 752f1fafd8f848d9bcdb8f3c577b2f8d - - default default] 10.0.0.118 "GET /v2.0/floatingips HTTP/1.1" status: 200 len: 212 time: 0.0381927
2026-05-08 11:32:41.083 10 INFO neutron.wsgi [None req-90c12c27-0bce-4c31-9fda-65cb7411e59c ad2ef2d4f49d4233b79a56d8fa15edf8 752f1fafd8f848d9bcdb8f3c577b2f8d - - default default] 10.0.0.118 "GET /v2.0/routers HTTP/1.1" status: 200 len: 208 time: 0.0405111
2026-05-08 11:32:41.132 10 INFO neutron.wsgi [None req-32c58286-4d8b-4941-ad82-dffd3af080ef ad2ef2d4f49d4233b79a56d8fa15edf8 752f1fafd8f848d9bcdb8f3c577b2f8d - - default default] 10.0.0.118 "GET /v2.0/ports HTTP/1.1" status: 200 len: 5270 time: 0.0440924
2026-05-08 11:32:41.242 10 INFO neutron.wsgi [None req-ed378f09-55ef-465c-9b49-e44d2ea0116d ad2ef2d4f49d4233b79a56d8fa15edf8 752f1fafd8f848d9bcdb8f3c577b2f8d - - default default] 10.0.0.118 "GET /v2.0/subnets HTTP/1.1" status: 200 len: 1456 time: 0.1048379
2026-05-08 11:32:41.315 10 INFO neutron.wsgi [None req-ed6935df-83d6-4a08-881c-4d91adbdb571 ad2ef2d4f49d4233b79a56d8fa15edf8 752f1fafd8f848d9bcdb8f3c577b2f8d - - default default] 10.0.0.118 "GET /v2.0/networks HTTP/1.1" status: 200 len: 2369 time: 0.0673344
2026-05-08 11:32:41.373 10 INFO neutron.wsgi [None req-7ee05521-a54e-48ea-aeb6-bb15a7fe2012 ad2ef2d4f49d4233b79a56d8fa15edf8 752f1fafd8f848d9bcdb8f3c577b2f8d - - default default] 10.0.0.118 "GET /v2.0/security-groups HTTP/1.1" status: 200 len: 16818 time: 0.0540781
2026-05-08 11:32:41.389 10 INFO neutron.wsgi [None req-1aad24d1-b99e-4434-ad3b-21324a750a1e ad2ef2d4f49d4233b79a56d8fa15edf8 752f1fafd8f848d9bcdb8f3c577b2f8d - - default default] 10.0.0.118 "GET /v2.0/subnetpools HTTP/1.1" status: 200 len: 212 time: 0.0113385
2026-05-08 11:32:52.600 9 INFO neutron.db.ovn_revision_numbers_db [None req-8399132b-fed3-4b07-af79-4ab60feb575d ad2ef2d4f49d4233b79a56d8fa15edf8 752f1fafd8f848d9bcdb8f3c577b2f8d - - - -] Successfully bumped revision number for resource a82cd1da-7aec-4c48-998f-798fbe43fe50 (type: security_groups) to 1
2026-05-08 11:32:52.603 10 INFO neutron.db.ovn_revision_numbers_db [None req-d5b60379-8b2f-4239-af84-342f3340096a ad2ef2d4f49d4233b79a56d8fa15edf8 752f1fafd8f848d9bcdb8f3c577b2f8d - - - -] Successfully bumped revision number for resource 950243af-9d7f-4c01-a1b3-4aa9842da1e6 (type: security_groups) to 1
2026-05-08 11:32:52.665 10 INFO neutron.db.segments_db [None req-d5b60379-8b2f-4239-af84-342f3340096a ad2ef2d4f49d4233b79a56d8fa15edf8 752f1fafd8f848d9bcdb8f3c577b2f8d - - - -] Added segment 5a3ed323-e153-4f3f-813f-90200e04c21c of type geneve for network d8b88907-ea7d-4b14-8bb4-0dc67ea93768
2026-05-08 11:32:52.669 9 INFO neutron.db.segments_db [None req-8399132b-fed3-4b07-af79-4ab60feb575d ad2ef2d4f49d4233b79a56d8fa15edf8 752f1fafd8f848d9bcdb8f3c577b2f8d - - - -] Added segment 4c6889f4-c69c-4b9a-ab93-221dee2549e6 of type geneve for network af3fc619-51f9-4f8e-8f5d-ead90dcda4b5
2026-05-08 11:32:52.694 9 INFO neutron.db.ovn_revision_numbers_db [None req-deeab37d-1eda-4110-9b80-11c0c5fb9da9 ad2ef2d4f49d4233b79a56d8fa15edf8 752f1fafd8f848d9bcdb8f3c577b2f8d - - - -] Successfully bumped revision number for resource 183d1437-738a-4876-b153-cc683c3fd6b9 (type: security_groups) to 1
2026-05-08 11:32:52.766 9 INFO neutron.db.segments_db [None req-deeab37d-1eda-4110-9b80-11c0c5fb9da9 ad2ef2d4f49d4233b79a56d8fa15edf8 752f1fafd8f848d9bcdb8f3c577b2f8d - - - -] Added segment 6e3c714d-6025-421d-842f-38825fa80b7a of type geneve for network 37660425-8345-4da9-8e96-2dd4a4430f72
2026-05-08 11:32:52.789 10 INFO neutron.db.ovn_revision_numbers_db [None req-d5b60379-8b2f-4239-af84-342f3340096a ad2ef2d4f49d4233b79a56d8fa15edf8 752f1fafd8f848d9bcdb8f3c577b2f8d - - - -] Successfully bumped revision number for resource d8b88907-ea7d-4b14-8bb4-0dc67ea93768 (type: networks) to 1
2026-05-08 11:32:52.831 9 INFO neutron.db.ovn_revision_numbers_db [None req-8399132b-fed3-4b07-af79-4ab60feb575d ad2ef2d4f49d4233b79a56d8fa15edf8 752f1fafd8f848d9bcdb8f3c577b2f8d - - - -] Successfully bumped revision number for resource af3fc619-51f9-4f8e-8f5d-ead90dcda4b5 (type: networks) to 1
2026-05-08 11:32:52.901 9 INFO neutron.db.ovn_revision_numbers_db [None req-deeab37d-1eda-4110-9b80-11c0c5fb9da9 ad2ef2d4f49d4233b79a56d8fa15edf8 752f1fafd8f848d9bcdb8f3c577b2f8d - - - -] Successfully bumped revision number for resource 37660425-8345-4da9-8e96-2dd4a4430f72 (type: networks) to 1
2026-05-08 11:32:52.991 10 WARNING neutron.scheduler.dhcp_agent_scheduler [None req-d5b60379-8b2f-4239-af84-342f3340096a ad2ef2d4f49d4233b79a56d8fa15edf8 752f1fafd8f848d9bcdb8f3c577b2f8d - - - -] No more DHCP agents
2026-05-08 11:32:52.994 10 WARNING neutron.api.rpc.agentnotifiers.dhcp_rpc_agent_api [None req-d5b60379-8b2f-4239-af84-342f3340096a ad2ef2d4f49d4233b79a56d8fa15edf8 752f1fafd8f848d9bcdb8f3c577b2f8d - - - -] Unable to schedule network d8b88907-ea7d-4b14-8bb4-0dc67ea93768: no agents available; will retry on subsequent port and subnet creation events.
2026-05-08 11:32:53.071 10 INFO neutron.db.ovn_revision_numbers_db [None req-d5b60379-8b2f-4239-af84-342f3340096a ad2ef2d4f49d4233b79a56d8fa15edf8 752f1fafd8f848d9bcdb8f3c577b2f8d - - - -] Successfully bumped revision number for resource 60f5e8af-fb5b-4290-8fff-5566749d1272 (type: ports) to 1
2026-05-08 11:32:53.095 9 WARNING neutron.scheduler.dhcp_agent_scheduler [None req-8399132b-fed3-4b07-af79-4ab60feb575d ad2ef2d4f49d4233b79a56d8fa15edf8 752f1fafd8f848d9bcdb8f3c577b2f8d - - - -] No more DHCP agents
2026-05-08 11:32:53.096 10 INFO neutron.wsgi [None req-d5b60379-8b2f-4239-af84-342f3340096a ad2ef2d4f49d4233b79a56d8fa15edf8 752f1fafd8f848d9bcdb8f3c577b2f8d - - - -] 10.0.0.118 "POST /v2.0/networks HTTP/1.1" status: 201 len: 947 time: 0.6758602
2026-05-08 11:32:53.097 9 WARNING neutron.api.rpc.agentnotifiers.dhcp_rpc_agent_api [None req-8399132b-fed3-4b07-af79-4ab60feb575d ad2ef2d4f49d4233b79a56d8fa15edf8 752f1fafd8f848d9bcdb8f3c577b2f8d - - - -] Unable to schedule network af3fc619-51f9-4f8e-8f5d-ead90dcda4b5: no agents available; will retry on subsequent port and subnet creation events.
2026-05-08 11:32:53.145 9 WARNING neutron.scheduler.dhcp_agent_scheduler [None req-deeab37d-1eda-4110-9b80-11c0c5fb9da9 ad2ef2d4f49d4233b79a56d8fa15edf8 752f1fafd8f848d9bcdb8f3c577b2f8d - - - -] No more DHCP agents
2026-05-08 11:32:53.150 9 WARNING neutron.api.rpc.agentnotifiers.dhcp_rpc_agent_api [None req-deeab37d-1eda-4110-9b80-11c0c5fb9da9 ad2ef2d4f49d4233b79a56d8fa15edf8 752f1fafd8f848d9bcdb8f3c577b2f8d - - - -] Unable to schedule network 37660425-8345-4da9-8e96-2dd4a4430f72: no agents available; will retry on subsequent port and subnet creation events.
2026-05-08 11:32:53.180 9 INFO neutron.db.ovn_revision_numbers_db [None req-8399132b-fed3-4b07-af79-4ab60feb575d ad2ef2d4f49d4233b79a56d8fa15edf8 752f1fafd8f848d9bcdb8f3c577b2f8d - - - -] Successfully bumped revision number for resource f9cbc3d8-01eb-4a53-9fef-d28cf370f9db (type: ports) to 1
2026-05-08 11:32:53.285 10 WARNING neutron.scheduler.dhcp_agent_scheduler [None req-37409261-14e0-4027-bf72-5a9c44c91112 ad2ef2d4f49d4233b79a56d8fa15edf8 752f1fafd8f848d9bcdb8f3c577b2f8d - - - -] No more DHCP agents
2026-05-08 11:32:53.287 10 WARNING neutron.api.rpc.agentnotifiers.dhcp_rpc_agent_api [None req-37409261-14e0-4027-bf72-5a9c44c91112 ad2ef2d4f49d4233b79a56d8fa15edf8 752f1fafd8f848d9bcdb8f3c577b2f8d - - - -] Unable to schedule network d8b88907-ea7d-4b14-8bb4-0dc67ea93768: no agents available; will retry on subsequent port and subnet creation events.
2026-05-08 11:32:53.305 9 INFO neutron.wsgi [None req-8399132b-fed3-4b07-af79-4ab60feb575d ad2ef2d4f49d4233b79a56d8fa15edf8 752f1fafd8f848d9bcdb8f3c577b2f8d - - - -] 10.0.0.118 "POST /v2.0/networks HTTP/1.1" status: 201 len: 948 time: 0.9922776
2026-05-08 11:32:53.306 9 INFO neutron.db.ovn_revision_numbers_db [None req-deeab37d-1eda-4110-9b80-11c0c5fb9da9 ad2ef2d4f49d4233b79a56d8fa15edf8 752f1fafd8f848d9bcdb8f3c577b2f8d - - - -] Successfully bumped revision number for resource bd3a99b7-9e2b-4e67-adee-d7520b27b216 (type: ports) to 1
2026-05-08 11:32:53.307 10 INFO neutron.db.ovn_revision_numbers_db [None req-6a900677-1aa9-4e81-95bc-41c6948a726a ad2ef2d4f49d4233b79a56d8fa15edf8 752f1fafd8f848d9bcdb8f3c577b2f8d - - default default] Successfully bumped revision number for resource cae30ba8-ad98-4614-8ccf-6a3e2b0955e1 (type: security_groups) to 1
2026-05-08 11:32:53.332 9 INFO neutron.wsgi [None req-deeab37d-1eda-4110-9b80-11c0c5fb9da9 ad2ef2d4f49d4233b79a56d8fa15edf8 752f1fafd8f848d9bcdb8f3c577b2f8d - - - -] 10.0.0.118 "POST /v2.0/networks HTTP/1.1" status: 201 len: 946 time: 0.9047902
2026-05-08 11:32:53.350 10 INFO neutron.wsgi [None req-6a900677-1aa9-4e81-95bc-41c6948a726a ad2ef2d4f49d4233b79a56d8fa15edf8 752f1fafd8f848d9bcdb8f3c577b2f8d - - default default] 10.0.0.118 "GET /v2.0/security-groups?tenant_id=494b2fcec784405bbd103541c1ffc86d&name=default HTTP/1.1" status: 200 len: 2992 time: 0.2896476
2026-05-08 11:32:53.502 9 WARNING neutron.scheduler.dhcp_agent_scheduler [None req-a4bbd633-7d5e-48be-8f0e-50e6c293cf62 ad2ef2d4f49d4233b79a56d8fa15edf8 752f1fafd8f848d9bcdb8f3c577b2f8d - - - -] No more DHCP agents
2026-05-08 11:32:53.503 9 WARNING neutron.api.rpc.agentnotifiers.dhcp_rpc_agent_api [None req-a4bbd633-7d5e-48be-8f0e-50e6c293cf62 ad2ef2d4f49d4233b79a56d8fa15edf8 752f1fafd8f848d9bcdb8f3c577b2f8d - - - -] Unable to schedule network af3fc619-51f9-4f8e-8f5d-ead90dcda4b5: no agents available; will retry on subsequent port and subnet creation events.
2026-05-08 11:32:53.552 9 WARNING neutron.scheduler.dhcp_agent_scheduler [None req-2ed8d7cd-e79e-4f3c-acfc-1d36014e2ba4 ad2ef2d4f49d4233b79a56d8fa15edf8 752f1fafd8f848d9bcdb8f3c577b2f8d - - - -] No more DHCP agents
2026-05-08 11:32:53.555 9 WARNING neutron.api.rpc.agentnotifiers.dhcp_rpc_agent_api [None req-2ed8d7cd-e79e-4f3c-acfc-1d36014e2ba4 ad2ef2d4f49d4233b79a56d8fa15edf8 752f1fafd8f848d9bcdb8f3c577b2f8d - - - -] Unable to schedule network 37660425-8345-4da9-8e96-2dd4a4430f72: no agents available; will retry on subsequent port and subnet creation events.
2026-05-08 11:32:53.691 10 INFO neutron.wsgi [None req-a2399bb0-892f-43cd-9f32-23873c2551c1 ad2ef2d4f49d4233b79a56d8fa15edf8 752f1fafd8f848d9bcdb8f3c577b2f8d - - - -] 10.0.0.118 "DELETE /v2.0/security-groups/cae30ba8-ad98-4614-8ccf-6a3e2b0955e1 HTTP/1.1" status: 204 len: 168 time: 0.3346598
2026-05-08 11:32:53.832 9 INFO neutron.wsgi [-] 10.0.0.44 "GET / HTTP/1.1" status: 200 len: 247 time: 0.0018055
2026-05-08 11:32:53.834 9 INFO neutron.wsgi [-] 10.0.0.44 "GET / HTTP/1.1" status: 200 len: 247 time: 0.0014029
2026-05-08 11:32:53.844 10 INFO neutron.db.ovn_revision_numbers_db [None req-37409261-14e0-4027-bf72-5a9c44c91112 ad2ef2d4f49d4233b79a56d8fa15edf8 752f1fafd8f848d9bcdb8f3c577b2f8d - - - -] Successfully bumped revision number for resource 60f5e8af-fb5b-4290-8fff-5566749d1272 (type: ports) to 2
2026-05-08 11:32:53.856 10 INFO neutron.db.ovn_revision_numbers_db [None req-37409261-14e0-4027-bf72-5a9c44c91112 ad2ef2d4f49d4233b79a56d8fa15edf8 752f1fafd8f848d9bcdb8f3c577b2f8d - - - -] Successfully bumped revision number for resource 904b5e6c-88c4-4940-b499-5ee2a0905f5f (type: subnets) to 0
2026-05-08 11:32:53.869 10 INFO neutron.wsgi [None req-37409261-14e0-4027-bf72-5a9c44c91112 ad2ef2d4f49d4233b79a56d8fa15edf8 752f1fafd8f848d9bcdb8f3c577b2f8d - - - -] 10.0.0.118 "POST /v2.0/subnets HTTP/1.1" status: 201 len: 867 time: 0.7677007
2026-05-08 11:32:54.170 9 INFO neutron.db.ovn_revision_numbers_db [None req-a4bbd633-7d5e-48be-8f0e-50e6c293cf62 ad2ef2d4f49d4233b79a56d8fa15edf8 752f1fafd8f848d9bcdb8f3c577b2f8d - - - -] Successfully bumped revision number for resource f9cbc3d8-01eb-4a53-9fef-d28cf370f9db (type: ports) to 2
2026-05-08 11:32:54.173 9 INFO neutron.db.ovn_revision_numbers_db [None req-2ed8d7cd-e79e-4f3c-acfc-1d36014e2ba4 ad2ef2d4f49d4233b79a56d8fa15edf8 752f1fafd8f848d9bcdb8f3c577b2f8d - - - -] Successfully bumped revision number for resource bd3a99b7-9e2b-4e67-adee-d7520b27b216 (type: ports) to 2
2026-05-08 11:32:54.184 9 INFO neutron.db.ovn_revision_numbers_db [None req-a4bbd633-7d5e-48be-8f0e-50e6c293cf62 ad2ef2d4f49d4233b79a56d8fa15edf8 752f1fafd8f848d9bcdb8f3c577b2f8d - - - -] Successfully bumped revision number for resource eda19d3d-da45-44a0-a9cd-065969a96379 (type: subnets) to 0
2026-05-08 11:32:54.191 9 INFO neutron.db.ovn_revision_numbers_db [None req-2ed8d7cd-e79e-4f3c-acfc-1d36014e2ba4 ad2ef2d4f49d4233b79a56d8fa15edf8 752f1fafd8f848d9bcdb8f3c577b2f8d - - - -] Successfully bumped revision number for resource 0013ba88-ce9a-4a6c-b616-979e7890b4e2 (type: subnets) to 0
2026-05-08 11:32:54.197 9 INFO neutron.wsgi [None req-a4bbd633-7d5e-48be-8f0e-50e6c293cf62 ad2ef2d4f49d4233b79a56d8fa15edf8 752f1fafd8f848d9bcdb8f3c577b2f8d - - - -] 10.0.0.118 "POST /v2.0/subnets HTTP/1.1" status: 201 len: 869 time: 0.8844135
2026-05-08 11:32:54.218 9 INFO neutron.wsgi [None req-2ed8d7cd-e79e-4f3c-acfc-1d36014e2ba4 ad2ef2d4f49d4233b79a56d8fa15edf8 752f1fafd8f848d9bcdb8f3c577b2f8d - - - -] 10.0.0.118 "POST /v2.0/subnets HTTP/1.1" status: 201 len: 866 time: 0.8817050
2026-05-08 11:32:54.391 10 WARNING neutron.scheduler.dhcp_agent_scheduler [None req-ebef38b8-28be-4118-b208-d8c45c89b28a ad2ef2d4f49d4233b79a56d8fa15edf8 752f1fafd8f848d9bcdb8f3c577b2f8d - - - -] No more DHCP agents
2026-05-08 11:32:54.392 10 WARNING neutron.api.rpc.agentnotifiers.dhcp_rpc_agent_api [None req-ebef38b8-28be-4118-b208-d8c45c89b28a ad2ef2d4f49d4233b79a56d8fa15edf8 752f1fafd8f848d9bcdb8f3c577b2f8d - - - -] Unable to schedule network 96609578-509a-4167-890d-6aaf298cb6e2: no agents available; will retry on subsequent port and subnet creation events.
2026-05-08 11:32:54.529 10 INFO neutron.db.ovn_revision_numbers_db [None req-ebef38b8-28be-4118-b208-d8c45c89b28a ad2ef2d4f49d4233b79a56d8fa15edf8 752f1fafd8f848d9bcdb8f3c577b2f8d - - - -] Successfully bumped revision number for resource 09e492cf-b7a6-4275-a3c6-b945198ecc07 (type: ports) to 1
2026-05-08 11:32:54.905 9 WARNING neutron.scheduler.dhcp_agent_scheduler [None req-158edbd0-addd-4501-9a56-44240f657891 ad2ef2d4f49d4233b79a56d8fa15edf8 752f1fafd8f848d9bcdb8f3c577b2f8d - - - -] No more DHCP agents
2026-05-08 11:32:54.907 9 WARNING neutron.api.rpc.agentnotifiers.dhcp_rpc_agent_api [None req-158edbd0-addd-4501-9a56-44240f657891 ad2ef2d4f49d4233b79a56d8fa15edf8 752f1fafd8f848d9bcdb8f3c577b2f8d - - - -] Unable to schedule network 96609578-509a-4167-890d-6aaf298cb6e2: no agents available; will retry on subsequent port and subnet creation events.
2026-05-08 11:32:54.955 10 INFO neutron.plugins.ml2.drivers.ovn.mech_driver.ovsdb.extensions.qos [None req-ebef38b8-28be-4118-b208-d8c45c89b28a ad2ef2d4f49d4233b79a56d8fa15edf8 752f1fafd8f848d9bcdb8f3c577b2f8d - - - -] Starting OVNClientQosExtension
2026-05-08 11:32:55.050 9 WARNING neutron.scheduler.dhcp_agent_scheduler [None req-876fd04b-60cf-4dc5-af5c-043d134b74f4 ad2ef2d4f49d4233b79a56d8fa15edf8 752f1fafd8f848d9bcdb8f3c577b2f8d - - - -] No more DHCP agents
2026-05-08 11:32:55.056 9 WARNING neutron.api.rpc.agentnotifiers.dhcp_rpc_agent_api [None req-876fd04b-60cf-4dc5-af5c-043d134b74f4 ad2ef2d4f49d4233b79a56d8fa15edf8 752f1fafd8f848d9bcdb8f3c577b2f8d - - - -] Unable to schedule network 96609578-509a-4167-890d-6aaf298cb6e2: no agents available; will retry on subsequent port and subnet creation events.
2026-05-08 11:32:55.128 9 INFO neutron.db.ovn_revision_numbers_db [None req-158edbd0-addd-4501-9a56-44240f657891 ad2ef2d4f49d4233b79a56d8fa15edf8 752f1fafd8f848d9bcdb8f3c577b2f8d - - - -] Successfully bumped revision number for resource f2889ec8-e04c-41f5-bdb9-0c77924eba65 (type: ports) to 1
2026-05-08 11:32:55.202 9 INFO neutron.db.ovn_revision_numbers_db [None req-876fd04b-60cf-4dc5-af5c-043d134b74f4 ad2ef2d4f49d4233b79a56d8fa15edf8 752f1fafd8f848d9bcdb8f3c577b2f8d - - - -] Successfully bumped revision number for resource a164c28a-9717-476f-928f-40164788f8be (type: ports) to 1
2026-05-08 11:32:55.335 10 INFO neutron.plugins.ml2.drivers.ovn.mech_driver.mech_driver [None req-7d5c2bca-e84f-45b4-a6f8-9a56b10cad9b - - - - - -] OVN reports status up for port: 09e492cf-b7a6-4275-a3c6-b945198ecc07
2026-05-08 11:32:55.344 10 INFO neutron.plugins.ml2.plugin [None req-7d5c2bca-e84f-45b4-a6f8-9a56b10cad9b - - - - - -] Attempt 1 to provision port 09e492cf-b7a6-4275-a3c6-b945198ecc07
2026-05-08 11:32:55.346 10 INFO neutron.db.ovn_revision_numbers_db [None req-ebef38b8-28be-4118-b208-d8c45c89b28a ad2ef2d4f49d4233b79a56d8fa15edf8 752f1fafd8f848d9bcdb8f3c577b2f8d - - - -] Successfully bumped revision number for resource 09e492cf-b7a6-4275-a3c6-b945198ecc07 (type: router_ports) to 1
2026-05-08 11:32:55.422 9 INFO neutron.plugins.ml2.drivers.ovn.mech_driver.ovsdb.ovsdb_monitor [-] Router 9da63422-922e-4b04-b5e0-e25007754cbc is bound to host instance
2026-05-08 11:32:55.431 10 INFO neutron.db.ovn_revision_numbers_db [None req-ebef38b8-28be-4118-b208-d8c45c89b28a ad2ef2d4f49d4233b79a56d8fa15edf8 752f1fafd8f848d9bcdb8f3c577b2f8d - - - -] Successfully bumped revision number for resource 9da63422-922e-4b04-b5e0-e25007754cbc (type: routers) to 3
2026-05-08 11:32:55.447 10 INFO neutron.wsgi [None req-ebef38b8-28be-4118-b208-d8c45c89b28a ad2ef2d4f49d4233b79a56d8fa15edf8 752f1fafd8f848d9bcdb8f3c577b2f8d - - - -] 10.0.0.118 "POST /v2.0/routers HTTP/1.1" status: 201 len: 878 time: 1.5713816
2026-05-08 11:32:55.525 9 INFO neutron.plugins.ml2.drivers.ovn.mech_driver.ovsdb.extensions.qos [None req-158edbd0-addd-4501-9a56-44240f657891 ad2ef2d4f49d4233b79a56d8fa15edf8 752f1fafd8f848d9bcdb8f3c577b2f8d - - - -] Starting OVNClientQosExtension
2026-05-08 11:32:55.749 10 INFO neutron.db.ovn_revision_numbers_db [None req-78d80ee9-0abb-4583-a5a7-fd3802a92908 ad2ef2d4f49d4233b79a56d8fa15edf8 752f1fafd8f848d9bcdb8f3c577b2f8d - - - -] Successfully bumped revision number for resource 517820f5-2207-41ac-bb8f-8c262e731c01 (type: security_groups) to 1
2026-05-08 11:32:55.833 10 INFO neutron.db.segments_db [None req-78d80ee9-0abb-4583-a5a7-fd3802a92908 ad2ef2d4f49d4233b79a56d8fa15edf8 752f1fafd8f848d9bcdb8f3c577b2f8d - - - -] Added segment a2d43346-6766-4c10-aff8-ddaa263dee84 of type geneve for network 36dd9ae7-956f-4457-8d29-2baf9f6525ec
2026-05-08 11:32:55.979 10 INFO neutron.db.ovn_revision_numbers_db [None req-78d80ee9-0abb-4583-a5a7-fd3802a92908 ad2ef2d4f49d4233b79a56d8fa15edf8 752f1fafd8f848d9bcdb8f3c577b2f8d - - - -] Successfully bumped revision number for resource 36dd9ae7-956f-4457-8d29-2baf9f6525ec (type: networks) to 1
2026-05-08 11:32:56.182 9 INFO neutron.db.ovn_revision_numbers_db [None req-158edbd0-addd-4501-9a56-44240f657891 ad2ef2d4f49d4233b79a56d8fa15edf8 752f1fafd8f848d9bcdb8f3c577b2f8d - - - -] Successfully bumped revision number for resource f2889ec8-e04c-41f5-bdb9-0c77924eba65 (type: router_ports) to 1
2026-05-08 11:32:56.247 10 WARNING neutron.scheduler.dhcp_agent_scheduler [None req-653efb14-e301-4e6c-aa84-354af94a6777 ad2ef2d4f49d4233b79a56d8fa15edf8 752f1fafd8f848d9bcdb8f3c577b2f8d - - default default] No more DHCP agents
2026-05-08 11:32:56.250 10 WARNING neutron.api.rpc.agentnotifiers.dhcp_rpc_agent_api [None req-653efb14-e301-4e6c-aa84-354af94a6777 ad2ef2d4f49d4233b79a56d8fa15edf8 752f1fafd8f848d9bcdb8f3c577b2f8d - - default default] Unable to schedule network d8b88907-ea7d-4b14-8bb4-0dc67ea93768: no agents available; will retry on subsequent port and subnet creation events.
2026-05-08 11:32:56.359 10 WARNING neutron.scheduler.dhcp_agent_scheduler [None req-78d80ee9-0abb-4583-a5a7-fd3802a92908 ad2ef2d4f49d4233b79a56d8fa15edf8 752f1fafd8f848d9bcdb8f3c577b2f8d - - - -] No more DHCP agents
2026-05-08 11:32:56.364 10 WARNING neutron.api.rpc.agentnotifiers.dhcp_rpc_agent_api [None req-78d80ee9-0abb-4583-a5a7-fd3802a92908 ad2ef2d4f49d4233b79a56d8fa15edf8 752f1fafd8f848d9bcdb8f3c577b2f8d - - - -] Unable to schedule network 36dd9ae7-956f-4457-8d29-2baf9f6525ec: no agents available; will retry on subsequent port and subnet creation events.
2026-05-08 11:32:56.390 9 INFO neutron.db.ovn_revision_numbers_db [None req-158edbd0-addd-4501-9a56-44240f657891 ad2ef2d4f49d4233b79a56d8fa15edf8 752f1fafd8f848d9bcdb8f3c577b2f8d - - - -] Successfully bumped revision number for resource 61d991b4-8fcc-4919-a0bf-48f1610b5467 (type: routers) to 3
2026-05-08 11:32:56.396 9 INFO neutron.db.ovn_revision_numbers_db [None req-876fd04b-60cf-4dc5-af5c-043d134b74f4 ad2ef2d4f49d4233b79a56d8fa15edf8 752f1fafd8f848d9bcdb8f3c577b2f8d - - - -] Successfully bumped revision number for resource a164c28a-9717-476f-928f-40164788f8be (type: router_ports) to 1
2026-05-08 11:32:56.428 10 INFO neutron.db.ovn_revision_numbers_db [None req-653efb14-e301-4e6c-aa84-354af94a6777 ad2ef2d4f49d4233b79a56d8fa15edf8 752f1fafd8f848d9bcdb8f3c577b2f8d - - default default] Successfully bumped revision number for resource 3f6261d3-7391-4f40-9cb7-815f8b485a48 (type: ports) to 1
2026-05-08 11:32:56.429 9 INFO neutron.wsgi [None req-158edbd0-addd-4501-9a56-44240f657891 ad2ef2d4f49d4233b79a56d8fa15edf8 752f1fafd8f848d9bcdb8f3c577b2f8d - - - -] 10.0.0.118 "POST /v2.0/routers HTTP/1.1" status: 201 len: 880 time: 2.2263346
2026-05-08 11:32:56.442 10 INFO neutron.db.ovn_revision_numbers_db [None req-78d80ee9-0abb-4583-a5a7-fd3802a92908 ad2ef2d4f49d4233b79a56d8fa15edf8 752f1fafd8f848d9bcdb8f3c577b2f8d - - - -] Successfully bumped revision number for resource abb87236-a6b4-4f87-b78e-bf3e7b4ccb91 (type: ports) to 1
2026-05-08 11:32:56.471 9 INFO neutron.db.ovn_revision_numbers_db [None req-ac700845-74e4-47a2-a6e2-3ee5068192ac - - - - - -] Successfully bumped revision number for resource 09e492cf-b7a6-4275-a3c6-b945198ecc07 (type: ports) to 1
2026-05-08 11:32:56.475 9 INFO neutron.db.ovn_revision_numbers_db [None req-876fd04b-60cf-4dc5-af5c-043d134b74f4 ad2ef2d4f49d4233b79a56d8fa15edf8 752f1fafd8f848d9bcdb8f3c577b2f8d - - - -] Successfully bumped revision number for resource 71823b65-791e-4032-8a90-f4b07287680e (type: routers) to 3
2026-05-08 11:32:56.492 9 INFO neutron.wsgi [None req-876fd04b-60cf-4dc5-af5c-043d134b74f4 ad2ef2d4f49d4233b79a56d8fa15edf8 752f1fafd8f848d9bcdb8f3c577b2f8d - - - -] 10.0.0.118 "POST /v2.0/routers HTTP/1.1" status: 201 len: 877 time: 2.2646010
2026-05-08 11:32:56.524 10 INFO neutron.wsgi [None req-78d80ee9-0abb-4583-a5a7-fd3802a92908 ad2ef2d4f49d4233b79a56d8fa15edf8 752f1fafd8f848d9bcdb8f3c577b2f8d - - - -] 10.0.0.118 "POST /v2.0/networks HTTP/1.1" status: 201 len: 952 time: 1.0838635
2026-05-08 11:32:56.827 10 WARNING neutron.scheduler.dhcp_agent_scheduler [None req-3ea5ae49-1777-4657-8fe7-ed09c8ea4f9c ad2ef2d4f49d4233b79a56d8fa15edf8 752f1fafd8f848d9bcdb8f3c577b2f8d - - - -] No more DHCP agents
2026-05-08 11:32:56.831 10 WARNING neutron.api.rpc.agentnotifiers.dhcp_rpc_agent_api [None req-3ea5ae49-1777-4657-8fe7-ed09c8ea4f9c ad2ef2d4f49d4233b79a56d8fa15edf8 752f1fafd8f848d9bcdb8f3c577b2f8d - - - -] Unable to schedule network 36dd9ae7-956f-4457-8d29-2baf9f6525ec: no agents available; will retry on subsequent port and subnet creation events.
2026-05-08 11:32:56.835 9 INFO neutron.db.ovn_revision_numbers_db [None req-ac700845-74e4-47a2-a6e2-3ee5068192ac - - - - - -] Successfully bumped revision number for resource 09e492cf-b7a6-4275-a3c6-b945198ecc07 (type: router_ports) to 3
2026-05-08 11:32:56.973 9 INFO neutron.db.ovn_revision_numbers_db [None req-ac700845-74e4-47a2-a6e2-3ee5068192ac - - - - - -] Successfully bumped revision number for resource 09e492cf-b7a6-4275-a3c6-b945198ecc07 (type: ports) to 2
2026-05-08 11:32:57.153 9 WARNING neutron.scheduler.dhcp_agent_scheduler [None req-4e11b5bf-65e5-446f-87e6-f4bb627b7f1e ad2ef2d4f49d4233b79a56d8fa15edf8 752f1fafd8f848d9bcdb8f3c577b2f8d - - default default] No more DHCP agents
2026-05-08 11:32:57.155 9 WARNING neutron.api.rpc.agentnotifiers.dhcp_rpc_agent_api [None req-4e11b5bf-65e5-446f-87e6-f4bb627b7f1e ad2ef2d4f49d4233b79a56d8fa15edf8 752f1fafd8f848d9bcdb8f3c577b2f8d - - default default] Unable to schedule network 37660425-8345-4da9-8e96-2dd4a4430f72: no agents available; will retry on subsequent port and subnet creation events.
2026-05-08 11:32:57.295 9 INFO neutron.db.ovn_revision_numbers_db [None req-4e11b5bf-65e5-446f-87e6-f4bb627b7f1e ad2ef2d4f49d4233b79a56d8fa15edf8 752f1fafd8f848d9bcdb8f3c577b2f8d - - default default] Successfully bumped revision number for resource f4d0743f-3bba-48f2-b780-b61466fc2e19 (type: ports) to 1
2026-05-08 11:32:57.295 10 WARNING neutron.scheduler.dhcp_agent_scheduler [None req-bf4b9d48-4f7a-4c51-9702-91d41ce1d4ac ad2ef2d4f49d4233b79a56d8fa15edf8 752f1fafd8f848d9bcdb8f3c577b2f8d - - default default] No more DHCP agents
2026-05-08 11:32:57.304 10 WARNING neutron.api.rpc.agentnotifiers.dhcp_rpc_agent_api [None req-bf4b9d48-4f7a-4c51-9702-91d41ce1d4ac ad2ef2d4f49d4233b79a56d8fa15edf8 752f1fafd8f848d9bcdb8f3c577b2f8d - - default default] Unable to schedule network af3fc619-51f9-4f8e-8f5d-ead90dcda4b5: no agents available; will retry on subsequent port and subnet creation events.
2026-05-08 11:32:57.334 10 INFO neutron.db.ovn_revision_numbers_db [None req-653efb14-e301-4e6c-aa84-354af94a6777 ad2ef2d4f49d4233b79a56d8fa15edf8 752f1fafd8f848d9bcdb8f3c577b2f8d - - default default] Successfully bumped revision number for resource 3f6261d3-7391-4f40-9cb7-815f8b485a48 (type: router_ports) to 2
2026-05-08 11:32:57.408 9 INFO neutron.db.ovn_revision_numbers_db [None req-ac700845-74e4-47a2-a6e2-3ee5068192ac - - - - - -] Successfully bumped revision number for resource 09e492cf-b7a6-4275-a3c6-b945198ecc07 (type: ports) to 4
2026-05-08 11:32:57.510 10 INFO neutron.plugins.ml2.drivers.ovn.mech_driver.mech_driver [None req-7d5c2bca-e84f-45b4-a6f8-9a56b10cad9b - - - - - -] OVN reports status up for port: f2889ec8-e04c-41f5-bdb9-0c77924eba65
2026-05-08 11:32:57.540 10 INFO neutron.plugins.ml2.plugin [None req-7d5c2bca-e84f-45b4-a6f8-9a56b10cad9b - - - - - -] Attempt 1 to provision port f2889ec8-e04c-41f5-bdb9-0c77924eba65
2026-05-08 11:32:57.580 10 INFO neutron.db.ovn_revision_numbers_db [None req-bf4b9d48-4f7a-4c51-9702-91d41ce1d4ac ad2ef2d4f49d4233b79a56d8fa15edf8 752f1fafd8f848d9bcdb8f3c577b2f8d - - default default] Successfully bumped revision number for resource e875dd1c-46f4-439e-93c2-ef23c9c29556 (type: ports) to 1
2026-05-08 11:32:57.593 10 INFO neutron.db.ovn_revision_numbers_db [None req-653efb14-e301-4e6c-aa84-354af94a6777 ad2ef2d4f49d4233b79a56d8fa15edf8 752f1fafd8f848d9bcdb8f3c577b2f8d - - default default] Successfully bumped revision number for resource 3f6261d3-7391-4f40-9cb7-815f8b485a48 (type: ports) to 2
2026-05-08 11:32:57.695 9 INFO neutron.db.ovn_revision_numbers_db [None req-ac700845-74e4-47a2-a6e2-3ee5068192ac - - - - - -] Successfully bumped revision number for resource 09e492cf-b7a6-4275-a3c6-b945198ecc07 (type: router_ports) to 4
2026-05-08 11:32:57.719 9 INFO neutron.plugins.ml2.drivers.ovn.mech_driver.ovsdb.ovsdb_monitor [None req-ac700845-74e4-47a2-a6e2-3ee5068192ac - - - - - -] Router 61d991b4-8fcc-4919-a0bf-48f1610b5467 is bound to host instance
2026-05-08 11:32:57.846 10 WARNING neutron.scheduler.dhcp_agent_scheduler [None req-653efb14-e301-4e6c-aa84-354af94a6777 ad2ef2d4f49d4233b79a56d8fa15edf8 752f1fafd8f848d9bcdb8f3c577b2f8d - - default default] No more DHCP agents
2026-05-08 11:32:57.857 10 WARNING neutron.api.rpc.agentnotifiers.dhcp_rpc_agent_api [None req-653efb14-e301-4e6c-aa84-354af94a6777 ad2ef2d4f49d4233b79a56d8fa15edf8 752f1fafd8f848d9bcdb8f3c577b2f8d - - default default] Unable to schedule network d8b88907-ea7d-4b14-8bb4-0dc67ea93768: no agents available; will retry on subsequent port and subnet creation events.
2026-05-08 11:32:57.926 10 INFO neutron.db.ovn_revision_numbers_db [None req-3ea5ae49-1777-4657-8fe7-ed09c8ea4f9c ad2ef2d4f49d4233b79a56d8fa15edf8 752f1fafd8f848d9bcdb8f3c577b2f8d - - - -] Successfully bumped revision number for resource abb87236-a6b4-4f87-b78e-bf3e7b4ccb91 (type: ports) to 2
2026-05-08 11:32:57.977 10 INFO neutron.db.ovn_revision_numbers_db [None req-3ea5ae49-1777-4657-8fe7-ed09c8ea4f9c ad2ef2d4f49d4233b79a56d8fa15edf8 752f1fafd8f848d9bcdb8f3c577b2f8d - - - -] Successfully bumped revision number for resource 96db0f97-ec80-40eb-ad87-4a7326030d48 (type: subnets) to 0
2026-05-08 11:32:57.979 9 INFO neutron.db.ovn_revision_numbers_db [None req-4e11b5bf-65e5-446f-87e6-f4bb627b7f1e ad2ef2d4f49d4233b79a56d8fa15edf8 752f1fafd8f848d9bcdb8f3c577b2f8d - - default default] Successfully bumped revision number for resource f4d0743f-3bba-48f2-b780-b61466fc2e19 (type: router_ports) to 2
2026-05-08 11:32:58.000 10 INFO neutron.wsgi [None req-3ea5ae49-1777-4657-8fe7-ed09c8ea4f9c ad2ef2d4f49d4233b79a56d8fa15edf8 752f1fafd8f848d9bcdb8f3c577b2f8d - - - -] 10.0.0.118 "POST /v2.0/subnets HTTP/1.1" status: 201 len: 873 time: 1.4695926
2026-05-08 11:32:58.199 9 INFO neutron.db.ovn_revision_numbers_db [None req-4e11b5bf-65e5-446f-87e6-f4bb627b7f1e ad2ef2d4f49d4233b79a56d8fa15edf8 752f1fafd8f848d9bcdb8f3c577b2f8d - - default default] Successfully bumped revision number for resource f4d0743f-3bba-48f2-b780-b61466fc2e19 (type: ports) to 2
2026-05-08 11:32:58.336 9 WARNING neutron.scheduler.dhcp_agent_scheduler [None req-4e11b5bf-65e5-446f-87e6-f4bb627b7f1e ad2ef2d4f49d4233b79a56d8fa15edf8 752f1fafd8f848d9bcdb8f3c577b2f8d - - default default] No more DHCP agents
2026-05-08 11:32:58.346 10 INFO neutron.db.ovn_revision_numbers_db [None req-bf4b9d48-4f7a-4c51-9702-91d41ce1d4ac ad2ef2d4f49d4233b79a56d8fa15edf8 752f1fafd8f848d9bcdb8f3c577b2f8d - - default default] Successfully bumped revision number for resource e875dd1c-46f4-439e-93c2-ef23c9c29556 (type: router_ports) to 2
2026-05-08 11:32:58.357 9 WARNING neutron.api.rpc.agentnotifiers.dhcp_rpc_agent_api [None req-4e11b5bf-65e5-446f-87e6-f4bb627b7f1e ad2ef2d4f49d4233b79a56d8fa15edf8 752f1fafd8f848d9bcdb8f3c577b2f8d - - default default] Unable to schedule network 37660425-8345-4da9-8e96-2dd4a4430f72: no agents available; will retry on subsequent port and subnet creation events.
2026-05-08 11:32:58.532 10 INFO neutron.db.ovn_revision_numbers_db [None req-bf4b9d48-4f7a-4c51-9702-91d41ce1d4ac ad2ef2d4f49d4233b79a56d8fa15edf8 752f1fafd8f848d9bcdb8f3c577b2f8d - - default default] Successfully bumped revision number for resource e875dd1c-46f4-439e-93c2-ef23c9c29556 (type: ports) to 2
2026-05-08 11:32:58.749 10 WARNING neutron.scheduler.dhcp_agent_scheduler [None req-bf4b9d48-4f7a-4c51-9702-91d41ce1d4ac ad2ef2d4f49d4233b79a56d8fa15edf8 752f1fafd8f848d9bcdb8f3c577b2f8d - - default default] No more DHCP agents
2026-05-08 11:32:58.750 10 WARNING neutron.api.rpc.agentnotifiers.dhcp_rpc_agent_api [None req-bf4b9d48-4f7a-4c51-9702-91d41ce1d4ac ad2ef2d4f49d4233b79a56d8fa15edf8 752f1fafd8f848d9bcdb8f3c577b2f8d - - default default] Unable to schedule network af3fc619-51f9-4f8e-8f5d-ead90dcda4b5: no agents available; will retry on subsequent port and subnet creation events.
