2026-05-08 11:35:35.338 10 INFO neutron.services.segments.plugin [-] Segment e7143447-6023-438a-abe0-6a54f460778f resource provider not found; error: Placement Client Error (4xx): {"errors": [{"status": 404, "title": "Not Found", "detail": "The resource could not be found.\n\n No resource provider with uuid e7143447-6023-438a-abe0-6a54f460778f found for delete ", "request_id": "req-1baff621-24d3-4ad2-9f1d-91bea8620613"}]}
2026-05-08 11:35:35.341 10 INFO neutron.services.segments.plugin [-] Segment e7143447-6023-438a-abe0-6a54f460778f resource provider not found; error: Placement Client Error (4xx): {"errors": [{"status": 404, "title": "Not Found", "detail": "The resource could not be found.\n\n No resource provider with uuid e7143447-6023-438a-abe0-6a54f460778f found for delete ", "request_id": "req-84d53c41-ca18-447c-807e-29b39f6b824c"}]}
2026-05-08 11:35:35.355 9 WARNING neutron.scheduler.dhcp_agent_scheduler [None req-3b5e9a6f-baed-444f-a8f5-a866babb757b 3f7c6e896f764a53bc51be20d0347aa0 e2b3eabb7ec247efac097c389dc08e25 - - - -] No more DHCP agents
2026-05-08 11:35:35.357 9 WARNING neutron.api.rpc.agentnotifiers.dhcp_rpc_agent_api [None req-3b5e9a6f-baed-444f-a8f5-a866babb757b 3f7c6e896f764a53bc51be20d0347aa0 e2b3eabb7ec247efac097c389dc08e25 - - - -] Unable to schedule network 9bfaeee3-6a2e-4125-888f-8c20a2284b5f: no agents available; will retry on subsequent port and subnet creation events.
2026-05-08 11:35:35.362 10 INFO neutron.wsgi [None req-93223d24-e259-4011-9a07-9734d76a3c88 ac2d47c71bb84db78804fad48d73561e 21d8a89de7f7426bbb50fe49bdfb7419 - - - -] 10.0.0.118 "DELETE /v2.0/networks/714affd8-a512-405a-a5f6-138bf9178d46 HTTP/1.1" status: 204 len: 168 time: 0.4316163
2026-05-08 11:35:35.362 9 INFO neutron.wsgi [None req-b9d575a6-08c6-4b8c-b163-c9c89f47b5d0 895e40bf7cb746a89416105c12785b09 c7d29d1293464ec4bbb1586c3deab2cb - - - -] 10.0.0.118 "DELETE /v2.0/qos/policies/ebb0a012-86e4-443c-bd5b-078d8ecb23e9 HTTP/1.1" status: 204 len: 168 time: 0.1119833 /var/lib/openstack/lib/python3.10/site-packages/pycadf/identifier.py:71: UserWarning: Invalid uuid: neutron. To ensure interoperability, identifiers should be a valid uuid. warnings.warn(('Invalid uuid: %s. To ensure interoperability, '
2026-05-08 11:35:35.441 9 INFO neutron.wsgi [None req-7efc3cd2-5a73-4228-8fad-ea7105fce9d1 895e40bf7cb746a89416105c12785b09 c7d29d1293464ec4bbb1586c3deab2cb - - - -] 10.0.0.118 "DELETE /v2.0/qos/policies/b20e5c9b-91d1-4973-ac6c-7d165670ecb9 HTTP/1.1" status: 204 len: 168 time: 0.0713549
2026-05-08 11:35:35.463 9 INFO neutron.db.ovn_revision_numbers_db [None req-3b5e9a6f-baed-444f-a8f5-a866babb757b 3f7c6e896f764a53bc51be20d0347aa0 e2b3eabb7ec247efac097c389dc08e25 - - - -] Successfully bumped revision number for resource a81fca6e-731d-4e6f-a546-7a5f072ba045 (type: ports) to 1
2026-05-08 11:35:35.489 9 INFO neutron.wsgi [None req-3b5e9a6f-baed-444f-a8f5-a866babb757b 3f7c6e896f764a53bc51be20d0347aa0 e2b3eabb7ec247efac097c389dc08e25 - - - -] 10.0.0.118 "POST /v2.0/ports HTTP/1.1" status: 201 len: 1163 time: 0.5217423
2026-05-08 11:35:35.515 9 INFO neutron.wsgi [None req-339f19d4-f8ec-4bbd-82fb-addeaa21c295 895e40bf7cb746a89416105c12785b09 c7d29d1293464ec4bbb1586c3deab2cb - - - -] 10.0.0.118 "DELETE /v2.0/qos/policies/4a4976d3-ee20-4080-8895-6db7239b4640 HTTP/1.1" status: 204 len: 168 time: 0.0675666
2026-05-08 11:35:35.573 9 INFO neutron.wsgi [None req-31bcf2ea-66e0-4fed-8b0e-e1271c259e38 895e40bf7cb746a89416105c12785b09 c7d29d1293464ec4bbb1586c3deab2cb - - - -] 10.0.0.118 "DELETE /v2.0/qos/policies/3ffd6444-8bd3-4de9-8a3c-1faf8daa1c71 HTTP/1.1" status: 204 len: 168 time: 0.0526304
2026-05-08 11:35:35.653 9 WARNING neutron.plugins.ml2.drivers.ovn.mech_driver.ovsdb.ovn_client [None req-224750f6-56e3-484e-aace-eed48cb85a85 - - - - - -] No port found with ID 83d1f9ec-32dc-480a-8c16-1f15f6961a17: RuntimeError: No port found with ID 83d1f9ec-32dc-480a-8c16-1f15f6961a17
2026-05-08 11:35:35.653 9 INFO neutron.plugins.ml2.drivers.ovn.mech_driver.mech_driver [None req-224750f6-56e3-484e-aace-eed48cb85a85 - - - - - -] OVN reports status down for port: 64a82f64-1325-4cf9-9bd5-9f7fb4bf6a71
2026-05-08 11:35:35.713 9 INFO neutron.db.ovn_revision_numbers_db [None req-c375d367-778b-4ecb-9eb5-4f51f590ba47 ad2ef2d4f49d4233b79a56d8fa15edf8 752f1fafd8f848d9bcdb8f3c577b2f8d - - default default] Successfully bumped revision number for resource 5aa92adc-ac4b-481b-a7d5-617a0fb489c4 (type: security_groups) to 1
2026-05-08 11:35:35.740 9 INFO neutron.wsgi [None req-c375d367-778b-4ecb-9eb5-4f51f590ba47 ad2ef2d4f49d4233b79a56d8fa15edf8 752f1fafd8f848d9bcdb8f3c577b2f8d - - default default] 10.0.0.118 "GET /v2.0/security-groups?tenant_id=991f010bf10a4820bc435d8724588c9b&name=default HTTP/1.1" status: 200 len: 2996 time: 0.2633846
2026-05-08 11:35:35.916 10 INFO neutron.plugins.ml2.drivers.ovn.mech_driver.mech_driver [None req-7d5c2bca-e84f-45b4-a6f8-9a56b10cad9b - - - - - -] OVN reports status up for port: a81fca6e-731d-4e6f-a546-7a5f072ba045
2026-05-08 11:35:35.923 10 INFO neutron.plugins.ml2.plugin [None req-7d5c2bca-e84f-45b4-a6f8-9a56b10cad9b - - - - - -] Attempt 1 to provision port a81fca6e-731d-4e6f-a546-7a5f072ba045
2026-05-08 11:35:35.928 10 INFO neutron.db.ovn_revision_numbers_db [None req-646094b8-4a22-4703-83a0-085ff4f6f2ec 3f7c6e896f764a53bc51be20d0347aa0 e2b3eabb7ec247efac097c389dc08e25 - - default default] Successfully bumped revision number for resource a81fca6e-731d-4e6f-a546-7a5f072ba045 (type: router_ports) to 2
2026-05-08 11:35:35.934 9 INFO neutron.wsgi [None req-a25d3983-6c41-4ec6-8a0c-e454007abdb9 ad2ef2d4f49d4233b79a56d8fa15edf8 752f1fafd8f848d9bcdb8f3c577b2f8d - - - -] 10.0.0.118 "DELETE /v2.0/security-groups/5aa92adc-ac4b-481b-a7d5-617a0fb489c4 HTTP/1.1" status: 204 len: 168 time: 0.1880572
2026-05-08 11:35:36.080 10 INFO neutron.db.ovn_revision_numbers_db [None req-646094b8-4a22-4703-83a0-085ff4f6f2ec 3f7c6e896f764a53bc51be20d0347aa0 e2b3eabb7ec247efac097c389dc08e25 - - default default] Successfully bumped revision number for resource a81fca6e-731d-4e6f-a546-7a5f072ba045 (type: ports) to 2 /var/lib/openstack/lib/python3.10/site-packages/pycadf/identifier.py:71: UserWarning: Invalid uuid: neutron. To ensure interoperability, identifiers should be a valid uuid. warnings.warn(('Invalid uuid: %s. To ensure interoperability, '
2026-05-08 11:35:36.350 10 INFO neutron.wsgi [None req-5a9ef7cd-5320-443d-a0e0-b45a95468456 ad2ef2d4f49d4233b79a56d8fa15edf8 752f1fafd8f848d9bcdb8f3c577b2f8d - - default default] 10.0.0.118 "GET /v2.0/security-groups?tenant_id=21d8a89de7f7426bbb50fe49bdfb7419&name=default HTTP/1.1" status: 200 len: 2996 time: 0.2757804
2026-05-08 11:35:36.377 10 INFO neutron.db.ovn_revision_numbers_db [None req-7d5c2bca-e84f-45b4-a6f8-9a56b10cad9b - - - - - -] Successfully bumped revision number for resource a81fca6e-731d-4e6f-a546-7a5f072ba045 (type: ports) to 3
2026-05-08 11:35:36.571 9 INFO neutron.db.ovn_revision_numbers_db [None req-2ff80622-6cfc-4153-86b8-d81332e287ed ad2ef2d4f49d4233b79a56d8fa15edf8 752f1fafd8f848d9bcdb8f3c577b2f8d - - default default] Successfully bumped revision number for resource 6dc88af5-ffa5-44cb-a766-109269a752ae (type: security_groups) to 1
2026-05-08 11:35:36.600 9 INFO neutron.wsgi [None req-be1b1c30-d494-4083-99a2-9e7b9142ea9d ad2ef2d4f49d4233b79a56d8fa15edf8 752f1fafd8f848d9bcdb8f3c577b2f8d - - - -] 10.0.0.118 "DELETE /v2.0/security-groups/e93fd5bb-425b-43d7-a4e2-3c6d2d82538a HTTP/1.1" status: 204 len: 168 time: 0.2414837
2026-05-08 11:35:36.601 10 INFO neutron.db.ovn_revision_numbers_db [None req-7d5c2bca-e84f-45b4-a6f8-9a56b10cad9b - - - - - -] Successfully bumped revision number for resource a81fca6e-731d-4e6f-a546-7a5f072ba045 (type: router_ports) to 3 /var/lib/openstack/lib/python3.10/site-packages/pycadf/identifier.py:71: UserWarning: Invalid uuid: neutron. To ensure interoperability, identifiers should be a valid uuid. warnings.warn(('Invalid uuid: %s. To ensure interoperability, '
2026-05-08 11:35:36.603 9 INFO neutron.wsgi [None req-2ff80622-6cfc-4153-86b8-d81332e287ed ad2ef2d4f49d4233b79a56d8fa15edf8 752f1fafd8f848d9bcdb8f3c577b2f8d - - default default] 10.0.0.118 "GET /v2.0/security-groups?tenant_id=90a3face0dd54294a506f765946d34de&name=default HTTP/1.1" status: 200 len: 2996 time: 0.2071819
2026-05-08 11:35:36.820 9 INFO neutron.db.ovn_revision_numbers_db [None req-840e1739-86bb-41a1-9304-baa60098e0ff ad2ef2d4f49d4233b79a56d8fa15edf8 752f1fafd8f848d9bcdb8f3c577b2f8d - - default default] Successfully bumped revision number for resource ee9031a5-d8eb-4621-ae05-3690d8d7b92d (type: security_groups) to 1
2026-05-08 11:35:36.843 9 INFO neutron.wsgi [None req-840e1739-86bb-41a1-9304-baa60098e0ff ad2ef2d4f49d4233b79a56d8fa15edf8 752f1fafd8f848d9bcdb8f3c577b2f8d - - default default] 10.0.0.118 "GET /v2.0/security-groups?tenant_id=440b80d52772469984897606a94af134&name=default HTTP/1.1" status: 200 len: 2996 time: 0.1163864
2026-05-08 11:35:37.040 9 INFO neutron.wsgi [None req-d1a71993-e147-4014-841f-9cfcafe3f9bb ad2ef2d4f49d4233b79a56d8fa15edf8 752f1fafd8f848d9bcdb8f3c577b2f8d - - - -] 10.0.0.118 "DELETE /v2.0/security-groups/ee9031a5-d8eb-4621-ae05-3690d8d7b92d HTTP/1.1" status: 204 len: 168 time: 0.1910534
2026-05-08 11:35:37.208 10 INFO neutron.db.ovn_revision_numbers_db [None req-646094b8-4a22-4703-83a0-085ff4f6f2ec 3f7c6e896f764a53bc51be20d0347aa0 e2b3eabb7ec247efac097c389dc08e25 - - default default] Successfully bumped revision number for resource a81fca6e-731d-4e6f-a546-7a5f072ba045 (type: ports) to 4
2026-05-08 11:35:37.232 10 INFO neutron.wsgi [None req-b921fbb5-55ee-459b-a7aa-b5224562f8da ad2ef2d4f49d4233b79a56d8fa15edf8 752f1fafd8f848d9bcdb8f3c577b2f8d - - - -] 10.0.0.118 "DELETE /v2.0/security-groups/6dc88af5-ffa5-44cb-a766-109269a752ae HTTP/1.1" status: 204 len: 168 time: 0.6227517
2026-05-08 11:35:37.281 10 WARNING neutron.scheduler.dhcp_agent_scheduler [None req-646094b8-4a22-4703-83a0-085ff4f6f2ec 3f7c6e896f764a53bc51be20d0347aa0 e2b3eabb7ec247efac097c389dc08e25 - - default default] No more DHCP agents
2026-05-08 11:35:37.282 10 WARNING neutron.api.rpc.agentnotifiers.dhcp_rpc_agent_api [None req-646094b8-4a22-4703-83a0-085ff4f6f2ec 3f7c6e896f764a53bc51be20d0347aa0 e2b3eabb7ec247efac097c389dc08e25 - - default default] Unable to schedule network 9bfaeee3-6a2e-4125-888f-8c20a2284b5f: no agents available; will retry on subsequent port and subnet creation events.
2026-05-08 11:35:37.445 10 INFO neutron.db.ovn_revision_numbers_db [None req-646094b8-4a22-4703-83a0-085ff4f6f2ec 3f7c6e896f764a53bc51be20d0347aa0 e2b3eabb7ec247efac097c389dc08e25 - - - -] Successfully bumped revision number for resource a81fca6e-731d-4e6f-a546-7a5f072ba045 (type: router_ports) to 4
2026-05-08 11:35:37.450 10 INFO neutron.wsgi [None req-646094b8-4a22-4703-83a0-085ff4f6f2ec 3f7c6e896f764a53bc51be20d0347aa0 e2b3eabb7ec247efac097c389dc08e25 - - - -] 10.0.0.118 "PUT /v2.0/routers/48a3d098-b7d7-4097-9b23-a67cd25e0140/add_router_interface HTTP/1.1" status: 200 len: 503 time: 1.9530888 /var/lib/openstack/lib/python3.10/site-packages/pycadf/identifier.py:71: UserWarning: Invalid uuid: neutron. To ensure interoperability, identifiers should be a valid uuid. warnings.warn(('Invalid uuid: %s. To ensure interoperability, '
2026-05-08 11:35:37.496 10 INFO neutron.wsgi [None req-4414367a-efd2-4193-911d-347591d84341 3f7c6e896f764a53bc51be20d0347aa0 e2b3eabb7ec247efac097c389dc08e25 - - default default] 10.0.0.118 "GET /v2.0/ports/a81fca6e-731d-4e6f-a546-7a5f072ba045 HTTP/1.1" status: 200 len: 1221 time: 0.0398338
2026-05-08 11:35:37.498 9 INFO neutron.db.ovn_revision_numbers_db [None req-00ff2c22-6f34-4fab-a633-cad04f7c3ea2 ad2ef2d4f49d4233b79a56d8fa15edf8 752f1fafd8f848d9bcdb8f3c577b2f8d - - default default] Successfully bumped revision number for resource 046d1bc8-876a-4ef1-9011-6a7910202e3f (type: security_groups) to 1
2026-05-08 11:35:37.531 9 INFO neutron.wsgi [None req-00ff2c22-6f34-4fab-a633-cad04f7c3ea2 ad2ef2d4f49d4233b79a56d8fa15edf8 752f1fafd8f848d9bcdb8f3c577b2f8d - - default default] 10.0.0.118 "GET /v2.0/security-groups?tenant_id=c7d29d1293464ec4bbb1586c3deab2cb&name=default HTTP/1.1" status: 200 len: 2996 time: 0.1487606
2026-05-08 11:35:37.751 9 INFO neutron.wsgi [None req-a7ce156a-548d-4cf0-bdce-44d28030e219 ad2ef2d4f49d4233b79a56d8fa15edf8 752f1fafd8f848d9bcdb8f3c577b2f8d - - - -] 10.0.0.118 "DELETE /v2.0/security-groups/046d1bc8-876a-4ef1-9011-6a7910202e3f HTTP/1.1" status: 204 len: 168 time: 0.2147813
2026-05-08 11:35:38.037 9 INFO neutron.db.ovn_revision_numbers_db [None req-2b9a8ee4-869c-47f2-8e8c-4e1437212272 ad2ef2d4f49d4233b79a56d8fa15edf8 752f1fafd8f848d9bcdb8f3c577b2f8d - - default default] Successfully bumped revision number for resource c17e6d59-7924-4348-9623-5636f2b896fb (type: security_groups) to 1
2026-05-08 11:35:38.060 9 INFO neutron.wsgi [None req-2b9a8ee4-869c-47f2-8e8c-4e1437212272 ad2ef2d4f49d4233b79a56d8fa15edf8 752f1fafd8f848d9bcdb8f3c577b2f8d - - default default] 10.0.0.118 "GET /v2.0/security-groups?tenant_id=ea5985e5b6214c9f8ca5dea7a466d0a3&name=default HTTP/1.1" status: 200 len: 2996 time: 0.1219552
2026-05-08 11:35:38.130 10 INFO neutron.wsgi [None req-9ada3f93-d1dd-4de7-8e7b-7f7cd9e7bc67 3f7c6e896f764a53bc51be20d0347aa0 e2b3eabb7ec247efac097c389dc08e25 - - - -] 10.0.0.118 "PUT /v2.0/routers/48a3d098-b7d7-4097-9b23-a67cd25e0140/remove_router_interface HTTP/1.1" status: 200 len: 503 time: 0.6289802 /var/lib/openstack/lib/python3.10/site-packages/pycadf/identifier.py:71: UserWarning: Invalid uuid: neutron. To ensure interoperability, identifiers should be a valid uuid. warnings.warn(('Invalid uuid: %s. To ensure interoperability, '
2026-05-08 11:35:38.202 10 INFO neutron.api.v2.resource [None req-5db4a980-ac7b-4026-9c76-f7e4232d1bb2 3f7c6e896f764a53bc51be20d0347aa0 e2b3eabb7ec247efac097c389dc08e25 - - default default] remove_router_interface failed (client error): The resource could not be found.
2026-05-08 11:35:38.203 10 INFO neutron.wsgi [None req-5db4a980-ac7b-4026-9c76-f7e4232d1bb2 3f7c6e896f764a53bc51be20d0347aa0 e2b3eabb7ec247efac097c389dc08e25 - - default default] 10.0.0.118 "PUT /v2.0/routers/48a3d098-b7d7-4097-9b23-a67cd25e0140/remove_router_interface HTTP/1.1" status: 404 len: 398 time: 0.0670938
2026-05-08 11:35:38.218 9 INFO neutron.wsgi [None req-1cf21a64-d998-4aa7-b4ce-690ccd40a357 ad2ef2d4f49d4233b79a56d8fa15edf8 752f1fafd8f848d9bcdb8f3c577b2f8d - - - -] 10.0.0.118 "DELETE /v2.0/security-groups/c17e6d59-7924-4348-9623-5636f2b896fb HTTP/1.1" status: 204 len: 168 time: 0.1542230
2026-05-08 11:35:38.235 10 INFO neutron.wsgi [None req-005f8684-a1dd-4627-84dc-360c054da268 3f7c6e896f764a53bc51be20d0347aa0 e2b3eabb7ec247efac097c389dc08e25 - - default default] 10.0.0.118 "GET /v2.0/ports?device_id=48a3d098-b7d7-4097-9b23-a67cd25e0140 HTTP/1.1" status: 200 len: 205 time: 0.0259407
2026-05-08 11:35:38.521 10 INFO neutron.wsgi [None req-6a9a5ad3-d77a-42c0-877d-15543b9ae001 3f7c6e896f764a53bc51be20d0347aa0 e2b3eabb7ec247efac097c389dc08e25 - - - -] 10.0.0.118 "DELETE /v2.0/routers/48a3d098-b7d7-4097-9b23-a67cd25e0140 HTTP/1.1" status: 204 len: 168 time: 0.2823441
2026-05-08 11:35:38.717 10 INFO neutron.wsgi [None req-ce926d3e-b2fd-4c12-a67c-ed72d1d7238f 3f7c6e896f764a53bc51be20d0347aa0 e2b3eabb7ec247efac097c389dc08e25 - - - -] 10.0.0.118 "DELETE /v2.0/subnets/40e9acbf-7ad5-4bda-aab1-cbbb3168b2ac HTTP/1.1" status: 204 len: 168 time: 0.1886017
2026-05-08 11:35:38.830 9 INFO neutron.wsgi [-] 10.0.0.44 "GET / HTTP/1.1" status: 200 len: 247 time: 0.0028031
2026-05-08 11:35:38.833 9 INFO neutron.wsgi [-] 10.0.0.44 "GET / HTTP/1.1" status: 200 len: 247 time: 0.0012915
2026-05-08 11:35:39.065 10 INFO neutron.services.segments.plugin [-] Segment c35bc120-bfa0-4f74-bb3c-4910b1ede7c3 resource provider aggregate not found
2026-05-08 11:35:39.069 10 INFO neutron.services.segments.plugin [-] Segment c35bc120-bfa0-4f74-bb3c-4910b1ede7c3 resource provider aggregate not found
2026-05-08 11:35:39.091 10 INFO neutron.services.segments.plugin [-] Segment c35bc120-bfa0-4f74-bb3c-4910b1ede7c3 resource provider not found; error: Placement Client Error (4xx): {"errors": [{"status": 404, "title": "Not Found", "detail": "The resource could not be found.\n\n No resource provider with uuid c35bc120-bfa0-4f74-bb3c-4910b1ede7c3 found for delete ", "request_id": "req-a870ce27-8de1-4d8a-b431-208b3a5d9233"}]}
2026-05-08 11:35:39.106 10 INFO neutron.services.segments.plugin [-] Segment c35bc120-bfa0-4f74-bb3c-4910b1ede7c3 resource provider not found; error: Placement Client Error (4xx): {"errors": [{"status": 404, "title": "Not Found", "detail": "The resource could not be found.\n\n No resource provider with uuid c35bc120-bfa0-4f74-bb3c-4910b1ede7c3 found for delete ", "request_id": "req-0470498f-0a4d-49c5-8db5-53d38ce496fb"}]}
2026-05-08 11:35:39.112 9 INFO neutron.db.ovn_revision_numbers_db [None req-fe1a8278-9680-4917-9c8b-95bbe8f57545 ad2ef2d4f49d4233b79a56d8fa15edf8 752f1fafd8f848d9bcdb8f3c577b2f8d - - - -] Successfully bumped revision number for resource 4f90f6a2-d0b5-465c-8a60-c2df9aaa44a9 (type: security_groups) to 1
2026-05-08 11:35:39.140 10 INFO neutron.wsgi [None req-9bcfc028-8a5b-4502-8df0-3e5869f71efe 3f7c6e896f764a53bc51be20d0347aa0 e2b3eabb7ec247efac097c389dc08e25 - - - -] 10.0.0.118 "DELETE /v2.0/networks/9bfaeee3-6a2e-4125-888f-8c20a2284b5f HTTP/1.1" status: 204 len: 168 time: 0.4154844
2026-05-08 11:35:39.166 9 INFO neutron.db.segments_db [None req-fe1a8278-9680-4917-9c8b-95bbe8f57545 ad2ef2d4f49d4233b79a56d8fa15edf8 752f1fafd8f848d9bcdb8f3c577b2f8d - - - -] Added segment a3b4fb67-21b7-49df-9b21-166a72af28df of type geneve for network 7e63c3f3-a0b2-4386-aecf-e5e6cdef45c7
2026-05-08 11:35:39.258 9 INFO neutron.db.segments_db [None req-5e9c0346-441e-413e-b727-14bf896b5e4c 3f7c6e896f764a53bc51be20d0347aa0 e2b3eabb7ec247efac097c389dc08e25 - - - -] Added segment 3209bb0b-764a-4d63-907c-c123152da8b5 of type geneve for network 08935757-84fc-4061-8ebd-976f46074024
2026-05-08 11:35:39.309 9 INFO neutron.db.ovn_revision_numbers_db [None req-fe1a8278-9680-4917-9c8b-95bbe8f57545 ad2ef2d4f49d4233b79a56d8fa15edf8 752f1fafd8f848d9bcdb8f3c577b2f8d - - - -] Successfully bumped revision number for resource 7e63c3f3-a0b2-4386-aecf-e5e6cdef45c7 (type: networks) to 1
2026-05-08 11:35:39.324 10 INFO neutron.wsgi [None req-3d2421ce-ee62-47bf-9cd5-57358b10763a 4ac2f403cf944ca1b5751f2611de9ac8 dbd172f8d1c94da5a381520ab2eb3672 - - default default] 10.0.0.150 "GET /v2.0/extensions HTTP/1.1" status: 200 len: 16525 time: 0.1704888
2026-05-08 11:35:39.433 9 INFO neutron.db.ovn_revision_numbers_db [None req-5e9c0346-441e-413e-b727-14bf896b5e4c 3f7c6e896f764a53bc51be20d0347aa0 e2b3eabb7ec247efac097c389dc08e25 - - - -] Successfully bumped revision number for resource 08935757-84fc-4061-8ebd-976f46074024 (type: networks) to 1
2026-05-08 11:35:39.437 10 INFO neutron.wsgi [None req-404a4906-226e-4b24-8ed5-188f0407df9b 4ac2f403cf944ca1b5751f2611de9ac8 dbd172f8d1c94da5a381520ab2eb3672 - - default default] 10.0.0.150 "GET /v2.0/quotas/dbd172f8d1c94da5a381520ab2eb3672/details HTTP/1.1" status: 200 len: 756 time: 0.0870912
2026-05-08 11:35:39.979 9 WARNING neutron.scheduler.dhcp_agent_scheduler [None req-fe1a8278-9680-4917-9c8b-95bbe8f57545 ad2ef2d4f49d4233b79a56d8fa15edf8 752f1fafd8f848d9bcdb8f3c577b2f8d - - - -] No more DHCP agents
2026-05-08 11:35:39.989 9 WARNING neutron.api.rpc.agentnotifiers.dhcp_rpc_agent_api [None req-fe1a8278-9680-4917-9c8b-95bbe8f57545 ad2ef2d4f49d4233b79a56d8fa15edf8 752f1fafd8f848d9bcdb8f3c577b2f8d - - - -] Unable to schedule network 7e63c3f3-a0b2-4386-aecf-e5e6cdef45c7: no agents available; will retry on subsequent port and subnet creation events.
2026-05-08 11:35:40.063 9 INFO neutron.db.ovn_revision_numbers_db [None req-fe1a8278-9680-4917-9c8b-95bbe8f57545 ad2ef2d4f49d4233b79a56d8fa15edf8 752f1fafd8f848d9bcdb8f3c577b2f8d - - - -] Successfully bumped revision number for resource c210d14a-ee29-46af-bb3e-3024d816c4b7 (type: ports) to 1
2026-05-08 11:35:40.088 9 WARNING neutron.scheduler.dhcp_agent_scheduler [None req-5e9c0346-441e-413e-b727-14bf896b5e4c 3f7c6e896f764a53bc51be20d0347aa0 e2b3eabb7ec247efac097c389dc08e25 - - - -] No more DHCP agents
2026-05-08 11:35:40.092 9 WARNING neutron.api.rpc.agentnotifiers.dhcp_rpc_agent_api [None req-5e9c0346-441e-413e-b727-14bf896b5e4c 3f7c6e896f764a53bc51be20d0347aa0 e2b3eabb7ec247efac097c389dc08e25 - - - -] Unable to schedule network 08935757-84fc-4061-8ebd-976f46074024: no agents available; will retry on subsequent port and subnet creation events.
2026-05-08 11:35:40.104 9 INFO neutron.wsgi [None req-fe1a8278-9680-4917-9c8b-95bbe8f57545 ad2ef2d4f49d4233b79a56d8fa15edf8 752f1fafd8f848d9bcdb8f3c577b2f8d - - - -] 10.0.0.118 "POST /v2.0/networks HTTP/1.1" status: 201 len: 941 time: 1.2268720
2026-05-08 11:35:40.153 9 INFO neutron.db.ovn_revision_numbers_db [None req-5e9c0346-441e-413e-b727-14bf896b5e4c 3f7c6e896f764a53bc51be20d0347aa0 e2b3eabb7ec247efac097c389dc08e25 - - - -] Successfully bumped revision number for resource a89a5248-38d7-4fc0-a5ae-d0a97c48945e (type: ports) to 1
2026-05-08 11:35:40.181 9 INFO neutron.wsgi [None req-5e9c0346-441e-413e-b727-14bf896b5e4c 3f7c6e896f764a53bc51be20d0347aa0 e2b3eabb7ec247efac097c389dc08e25 - - - -] 10.0.0.118 "POST /v2.0/networks HTTP/1.1" status: 201 len: 833 time: 1.0352652
2026-05-08 11:35:40.315 10 WARNING neutron.scheduler.dhcp_agent_scheduler [None req-00118aae-1507-4b84-a109-5881bdf0b9b8 ad2ef2d4f49d4233b79a56d8fa15edf8 752f1fafd8f848d9bcdb8f3c577b2f8d - - - -] No more DHCP agents
2026-05-08 11:35:40.317 10 WARNING neutron.api.rpc.agentnotifiers.dhcp_rpc_agent_api [None req-00118aae-1507-4b84-a109-5881bdf0b9b8 ad2ef2d4f49d4233b79a56d8fa15edf8 752f1fafd8f848d9bcdb8f3c577b2f8d - - - -] Unable to schedule network 7e63c3f3-a0b2-4386-aecf-e5e6cdef45c7: no agents available; will retry on subsequent port and subnet creation events.
2026-05-08 11:35:40.477 9 WARNING neutron.scheduler.dhcp_agent_scheduler [None req-ce539e2b-2218-4105-8b7d-3d73175f38e8 3f7c6e896f764a53bc51be20d0347aa0 e2b3eabb7ec247efac097c389dc08e25 - - - -] No more DHCP agents
2026-05-08 11:35:40.479 9 WARNING neutron.api.rpc.agentnotifiers.dhcp_rpc_agent_api [None req-ce539e2b-2218-4105-8b7d-3d73175f38e8 3f7c6e896f764a53bc51be20d0347aa0 e2b3eabb7ec247efac097c389dc08e25 - - - -] Unable to schedule network 08935757-84fc-4061-8ebd-976f46074024: no agents available; will retry on subsequent port and subnet creation events.
2026-05-08 11:35:40.494 9 INFO neutron.db.ovn_revision_numbers_db [None req-ce539e2b-2218-4105-8b7d-3d73175f38e8 3f7c6e896f764a53bc51be20d0347aa0 e2b3eabb7ec247efac097c389dc08e25 - - - -] Successfully bumped revision number for resource 1ee20e4b-2725-43a8-bc30-d5dc017e8bfb (type: subnets) to 0
2026-05-08 11:35:40.510 9 INFO neutron.wsgi [None req-ce539e2b-2218-4105-8b7d-3d73175f38e8 3f7c6e896f764a53bc51be20d0347aa0 e2b3eabb7ec247efac097c389dc08e25 - - - -] 10.0.0.118 "POST /v2.0/subnets HTTP/1.1" status: 201 len: 821 time: 0.3186135
2026-05-08 11:35:40.703 9 INFO neutron.db.ovn_revision_numbers_db [None req-524e419d-62b2-4303-953e-1e7fd03e565d 3f7c6e896f764a53bc51be20d0347aa0 e2b3eabb7ec247efac097c389dc08e25 - - - -] Successfully bumped revision number for resource 799c6872-d77a-4e4b-806c-977dda4e34a9 (type: routers) to 1
2026-05-08 11:35:40.717 9 INFO neutron.wsgi [None req-524e419d-62b2-4303-953e-1e7fd03e565d 3f7c6e896f764a53bc51be20d0347aa0 e2b3eabb7ec247efac097c389dc08e25 - - - -] 10.0.0.118 "POST /v2.0/routers HTTP/1.1" status: 201 len: 690 time: 0.2021151
2026-05-08 11:35:40.776 10 INFO neutron.db.ovn_revision_numbers_db [None req-00118aae-1507-4b84-a109-5881bdf0b9b8 ad2ef2d4f49d4233b79a56d8fa15edf8 752f1fafd8f848d9bcdb8f3c577b2f8d - - - -] Successfully bumped revision number for resource c210d14a-ee29-46af-bb3e-3024d816c4b7 (type: ports) to 2
2026-05-08 11:35:40.792 10 INFO neutron.db.ovn_revision_numbers_db [None req-00118aae-1507-4b84-a109-5881bdf0b9b8 ad2ef2d4f49d4233b79a56d8fa15edf8 752f1fafd8f848d9bcdb8f3c577b2f8d - - - -] Successfully bumped revision number for resource fbc6385d-fd1d-4a81-8ff3-819beef11160 (type: subnets) to 0
2026-05-08 11:35:40.809 10 INFO neutron.wsgi [None req-00118aae-1507-4b84-a109-5881bdf0b9b8 ad2ef2d4f49d4233b79a56d8fa15edf8 752f1fafd8f848d9bcdb8f3c577b2f8d - - - -] 10.0.0.118 "POST /v2.0/subnets HTTP/1.1" status: 201 len: 861 time: 0.6989853
2026-05-08 11:35:41.275 9 WARNING neutron.scheduler.dhcp_agent_scheduler [None req-c7939d84-dcd6-4313-9155-aae189f2201c 3f7c6e896f764a53bc51be20d0347aa0 e2b3eabb7ec247efac097c389dc08e25 - - default default] No more DHCP agents
2026-05-08 11:35:41.281 9 WARNING neutron.api.rpc.agentnotifiers.dhcp_rpc_agent_api [None req-c7939d84-dcd6-4313-9155-aae189f2201c 3f7c6e896f764a53bc51be20d0347aa0 e2b3eabb7ec247efac097c389dc08e25 - - default default] Unable to schedule network 08935757-84fc-4061-8ebd-976f46074024: no agents available; will retry on subsequent port and subnet creation events.
2026-05-08 11:35:41.425 9 INFO neutron.db.ovn_revision_numbers_db [None req-c7939d84-dcd6-4313-9155-aae189f2201c 3f7c6e896f764a53bc51be20d0347aa0 e2b3eabb7ec247efac097c389dc08e25 - - default default] Successfully bumped revision number for resource a6dad791-d697-43d0-b4c6-2d6ef37c5a63 (type: ports) to 1
2026-05-08 11:35:41.443 9 WARNING neutron.scheduler.dhcp_agent_scheduler [None req-f4e8ae73-6fd9-41b2-b912-687229a9bda6 ad2ef2d4f49d4233b79a56d8fa15edf8 752f1fafd8f848d9bcdb8f3c577b2f8d - - - -] No more DHCP agents
2026-05-08 11:35:41.468 9 WARNING neutron.api.rpc.agentnotifiers.dhcp_rpc_agent_api [None req-f4e8ae73-6fd9-41b2-b912-687229a9bda6 ad2ef2d4f49d4233b79a56d8fa15edf8 752f1fafd8f848d9bcdb8f3c577b2f8d - - - -] Unable to schedule network 96609578-509a-4167-890d-6aaf298cb6e2: no agents available; will retry on subsequent port and subnet creation events.
2026-05-08 11:35:41.825 10 WARNING neutron.plugins.ml2.drivers.ovn.mech_driver.ovsdb.ovn_client [None req-7d5c2bca-e84f-45b4-a6f8-9a56b10cad9b - - - - - -] No port found with ID a81fca6e-731d-4e6f-a546-7a5f072ba045: RuntimeError: No port found with ID a81fca6e-731d-4e6f-a546-7a5f072ba045
2026-05-08 11:35:41.976 10 INFO neutron.wsgi [None req-a50391e8-42f9-48ab-97c7-fbaba9f77bea 4ac2f403cf944ca1b5751f2611de9ac8 dbd172f8d1c94da5a381520ab2eb3672 - - default default] 10.0.0.150 "GET /v2.0/extensions HTTP/1.1" status: 200 len: 16525 time: 0.0228755
2026-05-08 11:35:42.071 10 INFO neutron.wsgi [None req-b71adee4-c20c-4526-9537-5b8e23e12e05 4ac2f403cf944ca1b5751f2611de9ac8 dbd172f8d1c94da5a381520ab2eb3672 - - default default] 10.0.0.150 "GET /v2.0/quotas/dbd172f8d1c94da5a381520ab2eb3672/details HTTP/1.1" status: 200 len: 756 time: 0.0720592
2026-05-08 11:35:42.105 9 INFO neutron.db.ovn_revision_numbers_db [None req-f4e8ae73-6fd9-41b2-b912-687229a9bda6 ad2ef2d4f49d4233b79a56d8fa15edf8 752f1fafd8f848d9bcdb8f3c577b2f8d - - - -] Successfully bumped revision number for resource 06b6e36d-0383-4509-a9f8-c4ed88cef142 (type: ports) to 1
2026-05-08 11:35:42.368 9 INFO neutron.plugins.ml2.drivers.ovn.mech_driver.mech_driver [None req-224750f6-56e3-484e-aace-eed48cb85a85 - - - - - -] OVN reports status up for port: a6dad791-d697-43d0-b4c6-2d6ef37c5a63
2026-05-08 11:35:42.391 9 INFO neutron.db.ovn_revision_numbers_db [None req-c7939d84-dcd6-4313-9155-aae189f2201c 3f7c6e896f764a53bc51be20d0347aa0 e2b3eabb7ec247efac097c389dc08e25 - - default default] Successfully bumped revision number for resource a6dad791-d697-43d0-b4c6-2d6ef37c5a63 (type: router_ports) to 2
2026-05-08 11:35:42.392 9 INFO neutron.plugins.ml2.plugin [None req-224750f6-56e3-484e-aace-eed48cb85a85 - - - - - -] Attempt 1 to provision port a6dad791-d697-43d0-b4c6-2d6ef37c5a63
2026-05-08 11:35:42.577 9 INFO neutron.db.ovn_revision_numbers_db [None req-c7939d84-dcd6-4313-9155-aae189f2201c 3f7c6e896f764a53bc51be20d0347aa0 e2b3eabb7ec247efac097c389dc08e25 - - default default] Successfully bumped revision number for resource a6dad791-d697-43d0-b4c6-2d6ef37c5a63 (type: ports) to 2
2026-05-08 11:35:42.638 10 INFO neutron.db.ovn_revision_numbers_db [None req-2ffdf613-8aaf-40f3-a81e-bd1b14781983 44fe2f859250420dbb0219581ca8fbd5 ef24f343c054437597aa5e1f504bafcd - - - -] Successfully bumped revision number for resource 73e60d01-6952-4b9c-b6f6-b7b30c2dab03 (type: security_groups) to 1
2026-05-08 11:35:42.702 9 WARNING neutron.scheduler.dhcp_agent_scheduler [None req-c7939d84-dcd6-4313-9155-aae189f2201c 3f7c6e896f764a53bc51be20d0347aa0 e2b3eabb7ec247efac097c389dc08e25 - - default default] No more DHCP agents
2026-05-08 11:35:42.702 10 INFO neutron.db.ovn_revision_numbers_db [None req-2ffdf613-8aaf-40f3-a81e-bd1b14781983 44fe2f859250420dbb0219581ca8fbd5 ef24f343c054437597aa5e1f504bafcd - - - -] Successfully bumped revision number for resource c763069f-f195-4c19-a4d7-babaedd81947 (type: security_groups) to 1
2026-05-08 11:35:42.705 9 WARNING neutron.api.rpc.agentnotifiers.dhcp_rpc_agent_api [None req-c7939d84-dcd6-4313-9155-aae189f2201c 3f7c6e896f764a53bc51be20d0347aa0 e2b3eabb7ec247efac097c389dc08e25 - - default default] Unable to schedule network 08935757-84fc-4061-8ebd-976f46074024: no agents available; will retry on subsequent port and subnet creation events.
2026-05-08 11:35:42.731 10 INFO neutron.wsgi [None req-2ffdf613-8aaf-40f3-a81e-bd1b14781983 44fe2f859250420dbb0219581ca8fbd5 ef24f343c054437597aa5e1f504bafcd - - - -] 10.0.0.118 "POST /v2.0/security-groups HTTP/1.1" status: 201 len: 1737 time: 0.2996264
2026-05-08 11:35:42.907 9 INFO neutron.db.ovn_revision_numbers_db [None req-224750f6-56e3-484e-aace-eed48cb85a85 - - - - - -] Successfully bumped revision number for resource a6dad791-d697-43d0-b4c6-2d6ef37c5a63 (type: ports) to 3
2026-05-08 11:35:43.452 9 INFO neutron.db.ovn_revision_numbers_db [None req-9a3c45bd-6401-4eae-9927-d5278203ad75 44fe2f859250420dbb0219581ca8fbd5 ef24f343c054437597aa5e1f504bafcd - - - -] Successfully bumped revision number for resource 4c0afa3f-d57b-4fff-a28a-805d1328159a (type: security_groups) to 1
2026-05-08 11:35:43.489 9 INFO neutron.wsgi [None req-9a3c45bd-6401-4eae-9927-d5278203ad75 44fe2f859250420dbb0219581ca8fbd5 ef24f343c054437597aa5e1f504bafcd - - - -] 10.0.0.118 "POST /v2.0/security-groups HTTP/1.1" status: 201 len: 1737 time: 0.7532606
2026-05-08 11:35:43.490 10 INFO neutron.plugins.ml2.drivers.ovn.mech_driver.mech_driver [None req-7d5c2bca-e84f-45b4-a6f8-9a56b10cad9b - - - - - -] OVN reports status up for port: 06b6e36d-0383-4509-a9f8-c4ed88cef142
2026-05-08 11:35:43.506 9 INFO neutron.plugins.ml2.drivers.ovn.mech_driver.ovsdb.ovsdb_monitor [None req-ac700845-74e4-47a2-a6e2-3ee5068192ac - - - - - -] Router f3689e66-1a64-4307-8026-ee4f415bf08b is bound to host instance
2026-05-08 11:35:43.507 9 INFO neutron.db.ovn_revision_numbers_db [None req-c7939d84-dcd6-4313-9155-aae189f2201c 3f7c6e896f764a53bc51be20d0347aa0 e2b3eabb7ec247efac097c389dc08e25 - - - -] Successfully bumped revision number for resource a6dad791-d697-43d0-b4c6-2d6ef37c5a63 (type: router_ports) to 3
2026-05-08 11:35:43.509 9 INFO neutron.wsgi [None req-c7939d84-dcd6-4313-9155-aae189f2201c 3f7c6e896f764a53bc51be20d0347aa0 e2b3eabb7ec247efac097c389dc08e25 - - - -] 10.0.0.118 "PUT /v2.0/routers/799c6872-d77a-4e4b-806c-977dda4e34a9/add_router_interface HTTP/1.1" status: 200 len: 503 time: 2.7869260
2026-05-08 11:35:43.517 10 INFO neutron.plugins.ml2.plugin [None req-7d5c2bca-e84f-45b4-a6f8-9a56b10cad9b - - - - - -] Attempt 1 to provision port 06b6e36d-0383-4509-a9f8-c4ed88cef142
2026-05-08 11:35:43.519 9 INFO neutron.db.ovn_revision_numbers_db [None req-f4e8ae73-6fd9-41b2-b912-687229a9bda6 ad2ef2d4f49d4233b79a56d8fa15edf8 752f1fafd8f848d9bcdb8f3c577b2f8d - - - -] Successfully bumped revision number for resource 06b6e36d-0383-4509-a9f8-c4ed88cef142 (type: router_ports) to 1
2026-05-08 11:35:43.625 9 INFO neutron.db.ovn_revision_numbers_db [None req-f4e8ae73-6fd9-41b2-b912-687229a9bda6 ad2ef2d4f49d4233b79a56d8fa15edf8 752f1fafd8f848d9bcdb8f3c577b2f8d - - - -] Successfully bumped revision number for resource f3689e66-1a64-4307-8026-ee4f415bf08b (type: routers) to 3
2026-05-08 11:35:43.665 9 INFO neutron.wsgi [None req-f4e8ae73-6fd9-41b2-b912-687229a9bda6 ad2ef2d4f49d4233b79a56d8fa15edf8 752f1fafd8f848d9bcdb8f3c577b2f8d - - - -] 10.0.0.118 "POST /v2.0/routers HTTP/1.1" status: 201 len: 872 time: 2.8497069
2026-05-08 11:35:43.940 10 INFO neutron.wsgi [None req-406d3377-9d0c-4107-b2d9-e4c867121a4b 3f7c6e896f764a53bc51be20d0347aa0 e2b3eabb7ec247efac097c389dc08e25 - - default default] 10.0.0.118 "GET /v2.0/ports/a6dad791-d697-43d0-b4c6-2d6ef37c5a63 HTTP/1.1" status: 200 len: 1141 time: 0.4204278
2026-05-08 11:35:43.980 10 INFO neutron.wsgi [None req-c0ebb7eb-fe5b-4808-9505-9788d2780f67 3f7c6e896f764a53bc51be20d0347aa0 e2b3eabb7ec247efac097c389dc08e25 - - default default] 10.0.0.118 "GET /v2.0/ports/a6dad791-d697-43d0-b4c6-2d6ef37c5a63 HTTP/1.1" status: 200 len: 1141 time: 0.0366321
2026-05-08 11:35:43.992 10 INFO neutron.db.ovn_revision_numbers_db [None req-98cf7592-d297-4fe2-97d1-7bbfcfc2a47e 44fe2f859250420dbb0219581ca8fbd5 ef24f343c054437597aa5e1f504bafcd - - - -] Successfully bumped revision number for resource f9a2e420-8752-497d-bba4-c0fb33062cea (type: security_groups) to 1
2026-05-08 11:35:44.010 10 INFO neutron.wsgi [None req-98cf7592-d297-4fe2-97d1-7bbfcfc2a47e 44fe2f859250420dbb0219581ca8fbd5 ef24f343c054437597aa5e1f504bafcd - - - -] 10.0.0.118 "POST /v2.0/security-groups HTTP/1.1" status: 201 len: 1737 time: 0.5042825
2026-05-08 11:35:44.108 10 INFO neutron.db.ovn_revision_numbers_db [None req-7160fb40-3aea-4d04-8c3a-2231f12d3567 44fe2f859250420dbb0219581ca8fbd5 ef24f343c054437597aa5e1f504bafcd - - - -] Successfully bumped revision number for resource 31967df1-37e2-425b-8434-b9a101d935d0 (type: security_groups) to 1
2026-05-08 11:35:44.129 10 INFO neutron.wsgi [None req-7160fb40-3aea-4d04-8c3a-2231f12d3567 44fe2f859250420dbb0219581ca8fbd5 ef24f343c054437597aa5e1f504bafcd - - - -] 10.0.0.118 "POST /v2.0/security-groups HTTP/1.1" status: 201 len: 1737 time: 0.1138113
2026-05-08 11:35:44.247 10 INFO neutron.db.ovn_revision_numbers_db [None req-a1bd9f21-8731-4c8c-93d5-2889c70dae0e 44fe2f859250420dbb0219581ca8fbd5 ef24f343c054437597aa5e1f504bafcd - - - -] Successfully bumped revision number for resource b4ae429b-3e33-47e6-8cf6-818c163b1130 (type: security_groups) to 1
2026-05-08 11:35:44.267 10 INFO neutron.wsgi [None req-a1bd9f21-8731-4c8c-93d5-2889c70dae0e 44fe2f859250420dbb0219581ca8fbd5 ef24f343c054437597aa5e1f504bafcd - - - -] 10.0.0.118 "POST /v2.0/security-groups HTTP/1.1" status: 201 len: 1737 time: 0.1328461
2026-05-08 11:35:44.296 10 INFO neutron.wsgi [None req-9fa32b4c-ac09-4bc4-b0c8-97019c61fe1f 44fe2f859250420dbb0219581ca8fbd5 ef24f343c054437597aa5e1f504bafcd - - - -] 10.0.0.118 "PUT /v2.0/security-groups/c763069f-f195-4c19-a4d7-babaedd81947/tags HTTP/1.1" status: 200 len: 210 time: 0.0244126
2026-05-08 11:35:44.321 10 INFO neutron.wsgi [None req-a38986dc-9fdc-41c4-a9f2-f8c5055b97a3 44fe2f859250420dbb0219581ca8fbd5 ef24f343c054437597aa5e1f504bafcd - - - -] 10.0.0.118 "PUT /v2.0/security-groups/4c0afa3f-d57b-4fff-a28a-805d1328159a/tags HTTP/1.1" status: 200 len: 218 time: 0.0198717
2026-05-08 11:35:44.349 9 INFO neutron.db.ovn_revision_numbers_db [None req-ac700845-74e4-47a2-a6e2-3ee5068192ac - - - - - -] Successfully bumped revision number for resource 06b6e36d-0383-4509-a9f8-c4ed88cef142 (type: ports) to 1
2026-05-08 11:35:44.369 10 INFO neutron.wsgi [None req-853479b5-93e1-4cda-8eda-6ce88083c7ca 44fe2f859250420dbb0219581ca8fbd5 ef24f343c054437597aa5e1f504bafcd - - - -] 10.0.0.118 "PUT /v2.0/security-groups/f9a2e420-8752-497d-bba4-c0fb33062cea/tags HTTP/1.1" status: 200 len: 227 time: 0.0416346
2026-05-08 11:35:44.370 9 WARNING neutron.scheduler.dhcp_agent_scheduler [None req-b4d876b9-510f-44af-b1e1-0ec0bb06d88a ad2ef2d4f49d4233b79a56d8fa15edf8 752f1fafd8f848d9bcdb8f3c577b2f8d - - default default] No more DHCP agents
2026-05-08 11:35:44.373 9 WARNING neutron.api.rpc.agentnotifiers.dhcp_rpc_agent_api [None req-b4d876b9-510f-44af-b1e1-0ec0bb06d88a ad2ef2d4f49d4233b79a56d8fa15edf8 752f1fafd8f848d9bcdb8f3c577b2f8d - - default default] Unable to schedule network 7e63c3f3-a0b2-4386-aecf-e5e6cdef45c7: no agents available; will retry on subsequent port and subnet creation events.
2026-05-08 11:35:44.400 10 INFO neutron.wsgi [None req-8d8ec7be-ffd2-475e-8bdc-a80b5ec0c822 44fe2f859250420dbb0219581ca8fbd5 ef24f343c054437597aa5e1f504bafcd - - - -] 10.0.0.118 "PUT /v2.0/security-groups/31967df1-37e2-425b-8434-b9a101d935d0/tags HTTP/1.1" status: 200 len: 212 time: 0.0267289
2026-05-08 11:35:44.456 10 INFO neutron.wsgi [None req-d334566a-b741-4755-9f70-afa9c299beb6 44fe2f859250420dbb0219581ca8fbd5 ef24f343c054437597aa5e1f504bafcd - - default default] 10.0.0.118 "GET /v2.0/security-groups?tags=red HTTP/1.1" status: 200 len: 4813 time: 0.0491281
2026-05-08 11:35:44.505 10 INFO neutron.wsgi [None req-30505110-cf90-4b69-8ea2-bb426bb06418 44fe2f859250420dbb0219581ca8fbd5 ef24f343c054437597aa5e1f504bafcd - - default default] 10.0.0.118 "GET /v2.0/security-groups?tags=red%2Cblue HTTP/1.1" status: 200 len: 3289 time: 0.0433629
2026-05-08 11:35:44.552 10 INFO neutron.wsgi [None req-93d9238d-0e54-44d7-925a-bd00b37f4363 44fe2f859250420dbb0219581ca8fbd5 ef24f343c054437597aa5e1f504bafcd - - default default] 10.0.0.118 "GET /v2.0/security-groups?tags-any=blue HTTP/1.1" status: 200 len: 3289 time: 0.0406029
2026-05-08 11:35:44.607 10 INFO neutron.wsgi [None req-1aac526b-5cac-452b-b432-a07e77f86287 44fe2f859250420dbb0219581ca8fbd5 ef24f343c054437597aa5e1f504bafcd - - default default] 10.0.0.118 "GET /v2.0/security-groups?tags-any=red%2Cblue HTTP/1.1" status: 200 len: 4813 time: 0.0501218
2026-05-08 11:35:44.660 10 INFO neutron.wsgi [None req-9abc2a9e-49f9-441b-9fef-3a1f27ce321f 44fe2f859250420dbb0219581ca8fbd5 ef24f343c054437597aa5e1f504bafcd - - default default] 10.0.0.118 "GET /v2.0/security-groups?not-tags=red HTTP/1.1" status: 200 len: 6041 time: 0.0470290
2026-05-08 11:35:44.722 10 INFO neutron.wsgi [None req-794192d9-4a25-44df-91c7-1cd528f1f81e 44fe2f859250420dbb0219581ca8fbd5 ef24f343c054437597aa5e1f504bafcd - - default default] 10.0.0.118 "GET /v2.0/security-groups?not-tags=red%2Cblue HTTP/1.1" status: 200 len: 7565 time: 0.0568933
2026-05-08 11:35:44.782 10 INFO neutron.wsgi [None req-c6163a2d-22f5-4aa2-9ccb-cd26005428c1 44fe2f859250420dbb0219581ca8fbd5 ef24f343c054437597aa5e1f504bafcd - - default default] 10.0.0.118 "GET /v2.0/security-groups?not-tags-any=blue HTTP/1.1" status: 200 len: 7565 time: 0.0553482
2026-05-08 11:35:44.831 10 INFO neutron.wsgi [None req-d44d6b47-6e7d-46be-88ec-cb04f7a29a19 44fe2f859250420dbb0219581ca8fbd5 ef24f343c054437597aa5e1f504bafcd - - default default] 10.0.0.118 "GET /v2.0/security-groups?not-tags-any=red%2Cblue HTTP/1.1" status: 200 len: 6041 time: 0.0412192
2026-05-08 11:35:44.915 10 INFO neutron.db.ovn_revision_numbers_db [None req-7962d0cb-e009-4fe2-9887-91cc648796f0 ad2ef2d4f49d4233b79a56d8fa15edf8 752f1fafd8f848d9bcdb8f3c577b2f8d - - default default] Successfully bumped revision number for resource 8a96ddaa-082c-4d50-ac92-313054adcc2a (type: security_groups) to 1
2026-05-08 11:35:44.941 10 INFO neutron.wsgi [None req-7962d0cb-e009-4fe2-9887-91cc648796f0 ad2ef2d4f49d4233b79a56d8fa15edf8 752f1fafd8f848d9bcdb8f3c577b2f8d - - default default] 10.0.0.118 "GET /v2.0/security-groups?tenant_id=dbd172f8d1c94da5a381520ab2eb3672&name=default HTTP/1.1" status: 200 len: 2996 time: 0.2560992
2026-05-08 11:35:44.992 10 INFO neutron.wsgi [None req-0a660990-ac91-4362-99d3-9fb34f797449 44fe2f859250420dbb0219581ca8fbd5 ef24f343c054437597aa5e1f504bafcd - - - -] 10.0.0.118 "DELETE /v2.0/security-groups/c763069f-f195-4c19-a4d7-babaedd81947 HTTP/1.1" status: 204 len: 168 time: 0.1519816
2026-05-08 11:35:45.068 9 INFO neutron.db.ovn_revision_numbers_db [None req-b4d876b9-510f-44af-b1e1-0ec0bb06d88a ad2ef2d4f49d4233b79a56d8fa15edf8 752f1fafd8f848d9bcdb8f3c577b2f8d - - default default] Successfully bumped revision number for resource b81899ad-cc02-49ad-9973-82542ae2b80c (type: ports) to 1
2026-05-08 11:35:45.148 10 INFO neutron.wsgi [None req-69051e67-2acc-4cc0-8c84-348db71a7226 44fe2f859250420dbb0219581ca8fbd5 ef24f343c054437597aa5e1f504bafcd - - - -] 10.0.0.118 "DELETE /v2.0/security-groups/4c0afa3f-d57b-4fff-a28a-805d1328159a HTTP/1.1" status: 204 len: 168 time: 0.1417868
2026-05-08 11:35:45.183 10 INFO neutron.wsgi [None req-767e6d6a-d0c4-4395-ae80-9827c74112e3 ad2ef2d4f49d4233b79a56d8fa15edf8 752f1fafd8f848d9bcdb8f3c577b2f8d - - - -] 10.0.0.118 "DELETE /v2.0/security-groups/8a96ddaa-082c-4d50-ac92-313054adcc2a HTTP/1.1" status: 204 len: 168 time: 0.2363651
2026-05-08 11:35:45.231 9 INFO neutron.db.ovn_revision_numbers_db [None req-ac700845-74e4-47a2-a6e2-3ee5068192ac - - - - - -] Successfully bumped revision number for resource 06b6e36d-0383-4509-a9f8-c4ed88cef142 (type: router_ports) to 3
2026-05-08 11:35:45.276 10 INFO neutron.wsgi [None req-f5b4cc7b-0081-4db1-bff8-c8e2be3010f6 44fe2f859250420dbb0219581ca8fbd5 ef24f343c054437597aa5e1f504bafcd - - - -] 10.0.0.118 "DELETE /v2.0/security-groups/f9a2e420-8752-497d-bba4-c0fb33062cea HTTP/1.1" status: 204 len: 168 time: 0.1190817
2026-05-08 11:35:45.397 10 INFO neutron.wsgi [None req-af96f92b-f822-42be-8f1f-2980f1e60a54 44fe2f859250420dbb0219581ca8fbd5 ef24f343c054437597aa5e1f504bafcd - - - -] 10.0.0.118 "DELETE /v2.0/security-groups/31967df1-37e2-425b-8434-b9a101d935d0 HTTP/1.1" status: 204 len: 168 time: 0.1158674
2026-05-08 11:35:45.490 9 INFO neutron.wsgi [None req-6f391049-d9dd-4ce2-8b22-766d45ef64b0 3f7c6e896f764a53bc51be20d0347aa0 e2b3eabb7ec247efac097c389dc08e25 - - - -] 10.0.0.118 "PUT /v2.0/routers/799c6872-d77a-4e4b-806c-977dda4e34a9/remove_router_interface HTTP/1.1" status: 200 len: 503 time: 1.5021503
2026-05-08 11:35:45.523 10 INFO neutron.wsgi [None req-c598ae6c-e095-46f6-b0ad-83f80f963813 3f7c6e896f764a53bc51be20d0347aa0 e2b3eabb7ec247efac097c389dc08e25 - - default default] 10.0.0.118 "GET /v2.0/ports?device_id=799c6872-d77a-4e4b-806c-977dda4e34a9 HTTP/1.1" status: 200 len: 205 time: 0.0258181
2026-05-08 11:35:45.528 10 INFO neutron.wsgi [None req-f71a5932-0d84-4823-935e-5db40169e2b2 44fe2f859250420dbb0219581ca8fbd5 ef24f343c054437597aa5e1f504bafcd - - - -] 10.0.0.118 "DELETE /v2.0/security-groups/b4ae429b-3e33-47e6-8cf6-818c163b1130 HTTP/1.1" status: 204 len: 168 time: 0.1227686 /var/lib/openstack/lib/python3.10/site-packages/pycadf/identifier.py:71: UserWarning: Invalid uuid: neutron. To ensure interoperability, identifiers should be a valid uuid. warnings.warn(('Invalid uuid: %s. To ensure interoperability, '
2026-05-08 11:35:45.539 9 INFO neutron.db.ovn_revision_numbers_db [None req-ac700845-74e4-47a2-a6e2-3ee5068192ac - - - - - -] Successfully bumped revision number for resource 06b6e36d-0383-4509-a9f8-c4ed88cef142 (type: ports) to 2
2026-05-08 11:35:45.855 9 INFO neutron.wsgi [None req-fd0772dc-199d-451b-bd4a-3c9fb17efabf 3f7c6e896f764a53bc51be20d0347aa0 e2b3eabb7ec247efac097c389dc08e25 - - - -] 10.0.0.118 "DELETE /v2.0/routers/799c6872-d77a-4e4b-806c-977dda4e34a9 HTTP/1.1" status: 204 len: 168 time: 0.3254988
2026-05-08 11:35:45.896 9 INFO neutron.db.ovn_revision_numbers_db [None req-b4d876b9-510f-44af-b1e1-0ec0bb06d88a ad2ef2d4f49d4233b79a56d8fa15edf8 752f1fafd8f848d9bcdb8f3c577b2f8d - - default default] Successfully bumped revision number for resource b81899ad-cc02-49ad-9973-82542ae2b80c (type: router_ports) to 2
2026-05-08 11:35:45.975 9 INFO neutron.db.ovn_revision_numbers_db [None req-ac700845-74e4-47a2-a6e2-3ee5068192ac - - - - - -] Successfully bumped revision number for resource 06b6e36d-0383-4509-a9f8-c4ed88cef142 (type: ports) to 4
2026-05-08 11:35:46.067 10 INFO neutron.wsgi [None req-e5cbcf59-55b9-466d-b663-84782d9f70c0 3f7c6e896f764a53bc51be20d0347aa0 e2b3eabb7ec247efac097c389dc08e25 - - - -] 10.0.0.118 "DELETE /v2.0/subnets/1ee20e4b-2725-43a8-bc30-d5dc017e8bfb HTTP/1.1" status: 204 len: 168 time: 0.2056932
2026-05-08 11:35:46.102 9 INFO neutron.db.ovn_revision_numbers_db [None req-b4d876b9-510f-44af-b1e1-0ec0bb06d88a ad2ef2d4f49d4233b79a56d8fa15edf8 752f1fafd8f848d9bcdb8f3c577b2f8d - - default default] Successfully bumped revision number for resource b81899ad-cc02-49ad-9973-82542ae2b80c (type: ports) to 2
2026-05-08 11:35:46.263 9 WARNING neutron.scheduler.dhcp_agent_scheduler [None req-b4d876b9-510f-44af-b1e1-0ec0bb06d88a ad2ef2d4f49d4233b79a56d8fa15edf8 752f1fafd8f848d9bcdb8f3c577b2f8d - - default default] No more DHCP agents
2026-05-08 11:35:46.465 10 INFO neutron.services.segments.plugin [-] Segment 3209bb0b-764a-4d63-907c-c123152da8b5 resource provider aggregate not found
2026-05-08 11:35:46.482 10 INFO neutron.services.segments.plugin [-] Segment 3209bb0b-764a-4d63-907c-c123152da8b5 resource provider aggregate not found
2026-05-08 11:35:46.486 10 INFO neutron.services.segments.plugin [-] Segment 3209bb0b-764a-4d63-907c-c123152da8b5 resource provider not found; error: Placement Client Error (4xx): {"errors": [{"status": 404, "title": "Not Found", "detail": "The resource could not be found.\n\n No resource provider with uuid 3209bb0b-764a-4d63-907c-c123152da8b5 found for delete ", "request_id": "req-e439f931-1502-44b0-841b-a46fe9b9e8c9"}]}
2026-05-08 11:35:46.499 10 INFO neutron.services.segments.plugin [-] Segment 3209bb0b-764a-4d63-907c-c123152da8b5 resource provider not found; error: Placement Client Error (4xx): {"errors": [{"status": 404, "title": "Not Found", "detail": "The resource could not be found.\n\n No resource provider with uuid 3209bb0b-764a-4d63-907c-c123152da8b5 found for delete ", "request_id": "req-ca827f24-e137-4d97-b36f-f244c6a122ff"}]}
2026-05-08 11:35:46.538 10 INFO neutron.wsgi [None req-e07e256a-2c1e-4be3-aea2-debbec290417 3f7c6e896f764a53bc51be20d0347aa0 e2b3eabb7ec247efac097c389dc08e25 - - - -] 10.0.0.118 "DELETE /v2.0/networks/08935757-84fc-4061-8ebd-976f46074024 HTTP/1.1" status: 204 len: 168 time: 0.4648750
2026-05-08 11:35:46.616 9 WARNING neutron.api.rpc.agentnotifiers.dhcp_rpc_agent_api [None req-b4d876b9-510f-44af-b1e1-0ec0bb06d88a ad2ef2d4f49d4233b79a56d8fa15edf8 752f1fafd8f848d9bcdb8f3c577b2f8d - - default default] Unable to schedule network 7e63c3f3-a0b2-4386-aecf-e5e6cdef45c7: no agents available; will retry on subsequent port and subnet creation events.
2026-05-08 11:35:46.652 10 INFO neutron.db.ovn_revision_numbers_db [None req-09ff8d1e-8d51-4061-ae19-28c5494c7816 ad2ef2d4f49d4233b79a56d8fa15edf8 752f1fafd8f848d9bcdb8f3c577b2f8d - - default default] Successfully bumped revision number for resource 0269af58-47bd-46c9-9af0-b463012d8174 (type: security_groups) to 1
2026-05-08 11:35:46.678 9 INFO neutron.db.ovn_revision_numbers_db [None req-ac700845-74e4-47a2-a6e2-3ee5068192ac - - - - - -] Successfully bumped revision number for resource 06b6e36d-0383-4509-a9f8-c4ed88cef142 (type: router_ports) to 4
2026-05-08 11:35:46.696 10 INFO neutron.wsgi [None req-09ff8d1e-8d51-4061-ae19-28c5494c7816 ad2ef2d4f49d4233b79a56d8fa15edf8 752f1fafd8f848d9bcdb8f3c577b2f8d - - default default] 10.0.0.118 "GET /v2.0/security-groups?tenant_id=4de4d8adb30b4f99a059b60be041924f&name=default HTTP/1.1" status: 200 len: 2996 time: 0.3930337
2026-05-08 11:35:47.065 9 INFO neutron.wsgi [None req-b6e6debe-c09f-42a5-aa3a-33113d8fa82a ad2ef2d4f49d4233b79a56d8fa15edf8 752f1fafd8f848d9bcdb8f3c577b2f8d - - - -] 10.0.0.118 "DELETE /v2.0/security-groups/0269af58-47bd-46c9-9af0-b463012d8174 HTTP/1.1" status: 204 len: 168 time: 0.3520923
2026-05-08 11:35:47.102 10 WARNING neutron.scheduler.dhcp_agent_scheduler [None req-4dba7a81-a560-40b9-b016-a392e6e3fdb0 3f7c6e896f764a53bc51be20d0347aa0 e2b3eabb7ec247efac097c389dc08e25 - - - -] No more DHCP agents
2026-05-08 11:35:47.105 10 WARNING neutron.api.rpc.agentnotifiers.dhcp_rpc_agent_api [None req-4dba7a81-a560-40b9-b016-a392e6e3fdb0 3f7c6e896f764a53bc51be20d0347aa0 e2b3eabb7ec247efac097c389dc08e25 - - - -] Unable to schedule network 96609578-509a-4167-890d-6aaf298cb6e2: no agents available; will retry on subsequent port and subnet creation events.
2026-05-08 11:35:47.190 9 INFO neutron.db.ovn_revision_numbers_db [None req-b4d876b9-510f-44af-b1e1-0ec0bb06d88a ad2ef2d4f49d4233b79a56d8fa15edf8 752f1fafd8f848d9bcdb8f3c577b2f8d - - - -] Successfully bumped revision number for resource b81899ad-cc02-49ad-9973-82542ae2b80c (type: router_ports) to 2
2026-05-08 11:35:47.194 9 INFO neutron.wsgi [None req-b4d876b9-510f-44af-b1e1-0ec0bb06d88a ad2ef2d4f49d4233b79a56d8fa15edf8 752f1fafd8f848d9bcdb8f3c577b2f8d - - - -] 10.0.0.118 "PUT /v2.0/routers/f3689e66-1a64-4307-8026-ee4f415bf08b/add_router_interface HTTP/1.1" status: 200 len: 503 time: 3.5230520
2026-05-08 11:35:47.237 10 INFO neutron.db.ovn_revision_numbers_db [None req-4dba7a81-a560-40b9-b016-a392e6e3fdb0 3f7c6e896f764a53bc51be20d0347aa0 e2b3eabb7ec247efac097c389dc08e25 - - - -] Successfully bumped revision number for resource 2bbc84db-9020-4ec4-8695-9b939eeca323 (type: ports) to 1
2026-05-08 11:35:47.301 9 INFO neutron.wsgi [None req-21936ad0-8e56-484e-ad2c-a1a949e438ae ad2ef2d4f49d4233b79a56d8fa15edf8 752f1fafd8f848d9bcdb8f3c577b2f8d - - default default] 10.0.0.118 "GET /v2.0/security-groups?tenant_id=ef24f343c054437597aa5e1f504bafcd&name=default HTTP/1.1" status: 200 len: 2996 time: 0.0473914
2026-05-08 11:35:47.515 9 INFO neutron.wsgi [None req-cbfad854-99f3-4da6-8ce6-da58d3074aac ad2ef2d4f49d4233b79a56d8fa15edf8 752f1fafd8f848d9bcdb8f3c577b2f8d - - - -] 10.0.0.118 "DELETE /v2.0/security-groups/73e60d01-6952-4b9c-b6f6-b7b30c2dab03 HTTP/1.1" status: 204 len: 168 time: 0.2056127
2026-05-08 11:35:47.853 9 INFO neutron.db.ovn_revision_numbers_db [None req-1ddab45b-7c22-441b-aa2e-f97964a78104 ad2ef2d4f49d4233b79a56d8fa15edf8 752f1fafd8f848d9bcdb8f3c577b2f8d - - default default] Successfully bumped revision number for resource 399276a2-7215-4c8a-ab45-9164daea4bb0 (type: security_groups) to 1
