2026-05-08 11:34:03.979 10 INFO neutron.db.ovn_revision_numbers_db [None req-f1ec59c2-90bf-4ac8-86f7-47e916e943c2 c2e810552433484c82ae29de1145b605 c4ed2bfe54404565b8860e3059f162a1 - - - -] Successfully bumped revision number for resource 153730b5-78c0-45fc-b8c3-23a8adc2d07f (type: networks) to 1
2026-05-08 11:34:04.051 9 WARNING neutron.scheduler.dhcp_agent_scheduler [None req-4581cd20-30b4-4434-9553-d345eb6a97b5 9574e2d7f7fd4b31894ba6cc0461cd19 aa0d19eb08484ef38ade7a64028b790d - - - -] No more DHCP agents
2026-05-08 11:34:04.053 9 WARNING neutron.api.rpc.agentnotifiers.dhcp_rpc_agent_api [None req-4581cd20-30b4-4434-9553-d345eb6a97b5 9574e2d7f7fd4b31894ba6cc0461cd19 aa0d19eb08484ef38ade7a64028b790d - - - -] Unable to schedule network 9d136506-3cb1-478f-8bd0-5d0bf439559d: no agents available; will retry on subsequent port and subnet creation events.
2026-05-08 11:34:04.136 9 INFO neutron.db.ovn_revision_numbers_db [None req-4581cd20-30b4-4434-9553-d345eb6a97b5 9574e2d7f7fd4b31894ba6cc0461cd19 aa0d19eb08484ef38ade7a64028b790d - - - -] Successfully bumped revision number for resource cf9a35b3-d3d5-4134-8b8a-379b2b2fb96c (type: ports) to 1
2026-05-08 11:34:04.168 10 WARNING neutron.scheduler.dhcp_agent_scheduler [None req-f1ec59c2-90bf-4ac8-86f7-47e916e943c2 c2e810552433484c82ae29de1145b605 c4ed2bfe54404565b8860e3059f162a1 - - - -] No more DHCP agents
2026-05-08 11:34:04.169 10 WARNING neutron.api.rpc.agentnotifiers.dhcp_rpc_agent_api [None req-f1ec59c2-90bf-4ac8-86f7-47e916e943c2 c2e810552433484c82ae29de1145b605 c4ed2bfe54404565b8860e3059f162a1 - - - -] Unable to schedule network 153730b5-78c0-45fc-b8c3-23a8adc2d07f: no agents available; will retry on subsequent port and subnet creation events.
2026-05-08 11:34:04.183 9 WARNING neutron.scheduler.dhcp_agent_scheduler [None req-4581cd20-30b4-4434-9553-d345eb6a97b5 9574e2d7f7fd4b31894ba6cc0461cd19 aa0d19eb08484ef38ade7a64028b790d - - - -] No more DHCP agents
2026-05-08 11:34:04.186 9 WARNING neutron.api.rpc.agentnotifiers.dhcp_rpc_agent_api [None req-4581cd20-30b4-4434-9553-d345eb6a97b5 9574e2d7f7fd4b31894ba6cc0461cd19 aa0d19eb08484ef38ade7a64028b790d - - - -] Unable to schedule network 88597a4c-7fd7-4eba-b5d5-ec05cbaf3f2e: no agents available; will retry on subsequent port and subnet creation events.
2026-05-08 11:34:04.258 10 INFO neutron.db.ovn_revision_numbers_db [None req-f1ec59c2-90bf-4ac8-86f7-47e916e943c2 c2e810552433484c82ae29de1145b605 c4ed2bfe54404565b8860e3059f162a1 - - - -] Successfully bumped revision number for resource d40eaf93-1421-4c83-a8fc-20c7109c6585 (type: ports) to 1
2026-05-08 11:34:04.264 9 INFO neutron.services.segments.plugin [-] Segment 98d2e3f0-7389-4433-a9c6-259cfa592bfc resource provider aggregate not found
2026-05-08 11:34:04.270 9 INFO neutron.services.segments.plugin [-] Segment 98d2e3f0-7389-4433-a9c6-259cfa592bfc resource provider aggregate not found
2026-05-08 11:34:04.286 9 INFO neutron.db.ovn_revision_numbers_db [None req-4581cd20-30b4-4434-9553-d345eb6a97b5 9574e2d7f7fd4b31894ba6cc0461cd19 aa0d19eb08484ef38ade7a64028b790d - - - -] Successfully bumped revision number for resource 01b3c19b-86bb-4886-a8ba-10e67e446ac2 (type: ports) to 1
2026-05-08 11:34:04.288 9 INFO neutron.services.segments.plugin [-] Segment 98d2e3f0-7389-4433-a9c6-259cfa592bfc resource provider not found; error: Placement Client Error (4xx): {"errors": [{"status": 404, "title": "Not Found", "detail": "The resource could not be found.\n\n No resource provider with uuid 98d2e3f0-7389-4433-a9c6-259cfa592bfc found for delete ", "request_id": "req-ee86dcc7-b0f0-4676-85fc-f473dc26da5d"}]}
2026-05-08 11:34:04.294 9 INFO neutron.services.segments.plugin [-] Segment 98d2e3f0-7389-4433-a9c6-259cfa592bfc resource provider not found; error: Placement Client Error (4xx): {"errors": [{"status": 404, "title": "Not Found", "detail": "The resource could not be found.\n\n No resource provider with uuid 98d2e3f0-7389-4433-a9c6-259cfa592bfc found for delete ", "request_id": "req-f3fd65f7-fe8f-4a49-942a-490370198274"}]}
2026-05-08 11:34:04.294 10 INFO neutron.wsgi [None req-f1ec59c2-90bf-4ac8-86f7-47e916e943c2 c2e810552433484c82ae29de1145b605 c4ed2bfe54404565b8860e3059f162a1 - - - -] 10.0.0.118 "POST /v2.0/networks HTTP/1.1" status: 201 len: 849 time: 0.5676575
2026-05-08 11:34:04.317 9 INFO neutron.wsgi [None req-4581cd20-30b4-4434-9553-d345eb6a97b5 9574e2d7f7fd4b31894ba6cc0461cd19 aa0d19eb08484ef38ade7a64028b790d - - - -] 10.0.0.118 "POST /v2.0/ports HTTP/1.1" status: 201 len: 1706 time: 0.7241733
2026-05-08 11:34:04.436 10 INFO neutron.db.segments_db [None req-7e1f5e52-058d-4bae-857b-4a6952a3d7da c2e810552433484c82ae29de1145b605 c4ed2bfe54404565b8860e3059f162a1 - - - -] Added segment 7a6f5acf-1f7f-47b7-aade-f2926f10ba84 of type geneve for network 43330145-835f-46f0-92c4-8ec3b06f3fee
2026-05-08 11:34:04.477 10 INFO neutron.wsgi [None req-60f36290-d4fa-4782-8179-412b705ae99c 9574e2d7f7fd4b31894ba6cc0461cd19 aa0d19eb08484ef38ade7a64028b790d - - default default] 10.0.0.118 "GET /v2.0/ports HTTP/1.1" status: 200 len: 3213 time: 0.1538098 /var/lib/openstack/lib/python3.10/site-packages/pycadf/identifier.py:71: UserWarning: Invalid uuid: neutron. To ensure interoperability, identifiers should be a valid uuid. warnings.warn(('Invalid uuid: %s. To ensure interoperability, '
2026-05-08 11:34:04.605 10 INFO neutron.db.ovn_revision_numbers_db [None req-7e1f5e52-058d-4bae-857b-4a6952a3d7da c2e810552433484c82ae29de1145b605 c4ed2bfe54404565b8860e3059f162a1 - - - -] Successfully bumped revision number for resource 43330145-835f-46f0-92c4-8ec3b06f3fee (type: networks) to 1
2026-05-08 11:34:04.778 9 INFO neutron.wsgi [None req-d2a12a32-6be9-4f02-8fc9-7306b2d05678 9574e2d7f7fd4b31894ba6cc0461cd19 aa0d19eb08484ef38ade7a64028b790d - - - -] 10.0.0.118 "DELETE /v2.0/ports/cf9a35b3-d3d5-4134-8b8a-379b2b2fb96c HTTP/1.1" status: 204 len: 168 time: 0.2928240
2026-05-08 11:34:04.786 10 WARNING neutron.scheduler.dhcp_agent_scheduler [None req-7e1f5e52-058d-4bae-857b-4a6952a3d7da c2e810552433484c82ae29de1145b605 c4ed2bfe54404565b8860e3059f162a1 - - - -] No more DHCP agents
2026-05-08 11:34:04.791 10 WARNING neutron.api.rpc.agentnotifiers.dhcp_rpc_agent_api [None req-7e1f5e52-058d-4bae-857b-4a6952a3d7da c2e810552433484c82ae29de1145b605 c4ed2bfe54404565b8860e3059f162a1 - - - -] Unable to schedule network 43330145-835f-46f0-92c4-8ec3b06f3fee: no agents available; will retry on subsequent port and subnet creation events.
2026-05-08 11:34:04.872 10 INFO neutron.db.ovn_revision_numbers_db [None req-7e1f5e52-058d-4bae-857b-4a6952a3d7da c2e810552433484c82ae29de1145b605 c4ed2bfe54404565b8860e3059f162a1 - - - -] Successfully bumped revision number for resource 7a3be70b-f525-44cc-bffa-7e4480fab338 (type: ports) to 1
2026-05-08 11:34:04.896 10 INFO neutron.wsgi [None req-7e1f5e52-058d-4bae-857b-4a6952a3d7da c2e810552433484c82ae29de1145b605 c4ed2bfe54404565b8860e3059f162a1 - - - -] 10.0.0.118 "POST /v2.0/networks HTTP/1.1" status: 201 len: 849 time: 0.5950298
2026-05-08 11:34:05.188 10 INFO neutron.wsgi [req-a6380d86-2861-4272-b61f-06885ffc2bcb req-1973ed24-9a2e-49a4-bc64-05545a629490 c8ae1f780175419fb8fbc5b3bf3f2625 1477752aadbb47058057eb6233283849 - - default default] 10.0.0.76 "GET /v2.0/security-groups?name=tempest-securitygroup--1482447985&fields=id&tenant_id=1477752aadbb47058057eb6233283849 HTTP/1.1" status: 200 len: 267 time: 0.0604005
2026-05-08 11:34:05.266 10 INFO neutron.wsgi [req-a6380d86-2861-4272-b61f-06885ffc2bcb req-edf4353e-234a-4b5e-a5f6-0dac2a5e6648 c8ae1f780175419fb8fbc5b3bf3f2625 1477752aadbb47058057eb6233283849 - - default default] 10.0.0.76 "GET /v2.0/networks?id=b7824135-69ca-4a4f-890e-7c7cccd3e514 HTTP/1.1" status: 200 len: 879 time: 0.0703795
2026-05-08 11:34:05.279 9 INFO neutron.wsgi [req-e2536086-59a7-4aba-866a-d08758eb375b req-867a2264-5182-4d57-a280-eb09cd5b5c90 a9d5cd7a9ecd49f99c49a434029a20a5 106c2c00120c40afa39eea2f06d84c86 - - ec09183e480e46429bd1fc26174dcdbd ec09183e480e46429bd1fc26174dcdbd] 10.0.0.59 "GET /v2.0/ports?device_id=36f15ac5-a668-4237-850b-a9c4e65c8185 HTTP/1.1" status: 200 len: 1361 time: 0.0321987
2026-05-08 11:34:05.296 10 INFO neutron.wsgi [req-a6380d86-2861-4272-b61f-06885ffc2bcb req-2a4811f4-b7c0-459d-8242-e1b1377811bb c8ae1f780175419fb8fbc5b3bf3f2625 1477752aadbb47058057eb6233283849 - - default default] 10.0.0.76 "GET /v2.0/quotas/1477752aadbb47058057eb6233283849 HTTP/1.1" status: 200 len: 386 time: 0.0215781 /var/lib/openstack/lib/python3.10/site-packages/pycadf/identifier.py:71: UserWarning: Invalid uuid: neutron. To ensure interoperability, identifiers should be a valid uuid. warnings.warn(('Invalid uuid: %s. To ensure interoperability, '
2026-05-08 11:34:05.335 9 INFO neutron.wsgi [req-e2536086-59a7-4aba-866a-d08758eb375b req-2dca2224-4be4-4c8f-815a-05f207bacc29 a9d5cd7a9ecd49f99c49a434029a20a5 106c2c00120c40afa39eea2f06d84c86 - - ec09183e480e46429bd1fc26174dcdbd ec09183e480e46429bd1fc26174dcdbd] 10.0.0.59 "GET /v2.0/security-groups?id=b93f5afa-1a9e-49c6-8392-305a1db97f68&fields=id&fields=name HTTP/1.1" status: 200 len: 312 time: 0.0479972
2026-05-08 11:34:05.343 9 INFO neutron.wsgi [None req-255512f6-374d-46d9-9429-10a2e6987f86 9574e2d7f7fd4b31894ba6cc0461cd19 aa0d19eb08484ef38ade7a64028b790d - - - -] 10.0.0.118 "DELETE /v2.0/ports/01b3c19b-86bb-4886-a8ba-10e67e446ac2 HTTP/1.1" status: 204 len: 168 time: 0.5604367
2026-05-08 11:34:05.420 10 INFO neutron.wsgi [req-a6380d86-2861-4272-b61f-06885ffc2bcb req-dc4aed51-dd4f-464f-beb4-e501f664be32 c8ae1f780175419fb8fbc5b3bf3f2625 1477752aadbb47058057eb6233283849 - - default default] 10.0.0.76 "GET /v2.0/ports?tenant_id=1477752aadbb47058057eb6233283849&fields=id HTTP/1.1" status: 200 len: 302 time: 0.1158433
2026-05-08 11:34:05.501 9 INFO neutron.wsgi [None req-23b7adde-8205-49a4-bbc9-2253bdcfec8a 9574e2d7f7fd4b31894ba6cc0461cd19 aa0d19eb08484ef38ade7a64028b790d - - default default] 10.0.0.118 "GET /v2.0/ports HTTP/1.1" status: 200 len: 1718 time: 0.1473880
2026-05-08 11:34:05.544 10 WARNING neutron.scheduler.dhcp_agent_scheduler [None req-561045dd-5ab0-4480-82f1-b8b665529e51 c2e810552433484c82ae29de1145b605 c4ed2bfe54404565b8860e3059f162a1 - - - -] No more DHCP agents
2026-05-08 11:34:05.547 10 INFO neutron.wsgi [req-a6380d86-2861-4272-b61f-06885ffc2bcb req-2e0bbefd-24c2-4de2-9ae9-34ab9f3757cc a9d5cd7a9ecd49f99c49a434029a20a5 106c2c00120c40afa39eea2f06d84c86 - - ec09183e480e46429bd1fc26174dcdbd ec09183e480e46429bd1fc26174dcdbd] 10.0.0.76 "GET /v2.0/networks/b7824135-69ca-4a4f-890e-7c7cccd3e514?fields=segments HTTP/1.1" status: 200 len: 212 time: 0.1140118
2026-05-08 11:34:05.548 10 WARNING neutron.api.rpc.agentnotifiers.dhcp_rpc_agent_api [None req-561045dd-5ab0-4480-82f1-b8b665529e51 c2e810552433484c82ae29de1145b605 c4ed2bfe54404565b8860e3059f162a1 - - - -] Unable to schedule network 153730b5-78c0-45fc-b8c3-23a8adc2d07f: no agents available; will retry on subsequent port and subnet creation events. /var/lib/openstack/lib/python3.10/site-packages/pycadf/identifier.py:71: UserWarning: Invalid uuid: neutron. To ensure interoperability, identifiers should be a valid uuid. warnings.warn(('Invalid uuid: %s. To ensure interoperability, '
2026-05-08 11:34:05.591 9 INFO neutron.db.segments_db [None req-cca9081b-1b4c-4e68-b7b6-03842d64d9b5 9574e2d7f7fd4b31894ba6cc0461cd19 aa0d19eb08484ef38ade7a64028b790d - - - -] Added segment cd2ba1de-d9de-4cc0-bad0-06d4a4e60ad4 of type geneve for network 600b2b66-0354-49e8-8a93-7925840eecef
2026-05-08 11:34:05.653 10 INFO neutron.wsgi [req-a6380d86-2861-4272-b61f-06885ffc2bcb req-8fee9c4c-675d-4c01-9761-8ab715a3bf23 a9d5cd7a9ecd49f99c49a434029a20a5 106c2c00120c40afa39eea2f06d84c86 - - ec09183e480e46429bd1fc26174dcdbd ec09183e480e46429bd1fc26174dcdbd] 10.0.0.76 "GET /v2.0/networks/b7824135-69ca-4a4f-890e-7c7cccd3e514?fields=provider%3Aphysical_network&fields=provider%3Anetwork_type HTTP/1.1" status: 200 len: 277 time: 0.0964608
2026-05-08 11:34:05.654 10 INFO neutron.db.ovn_revision_numbers_db [None req-561045dd-5ab0-4480-82f1-b8b665529e51 c2e810552433484c82ae29de1145b605 c4ed2bfe54404565b8860e3059f162a1 - - - -] Successfully bumped revision number for resource fb9579bd-b4bb-4584-a22e-ea696b7727be (type: ports) to 1
2026-05-08 11:34:05.694 10 WARNING neutron.scheduler.dhcp_agent_scheduler [None req-561045dd-5ab0-4480-82f1-b8b665529e51 c2e810552433484c82ae29de1145b605 c4ed2bfe54404565b8860e3059f162a1 - - - -] No more DHCP agents
2026-05-08 11:34:05.695 10 WARNING neutron.api.rpc.agentnotifiers.dhcp_rpc_agent_api [None req-561045dd-5ab0-4480-82f1-b8b665529e51 c2e810552433484c82ae29de1145b605 c4ed2bfe54404565b8860e3059f162a1 - - - -] Unable to schedule network 43330145-835f-46f0-92c4-8ec3b06f3fee: no agents available; will retry on subsequent port and subnet creation events.
2026-05-08 11:34:05.745 9 INFO neutron.db.ovn_revision_numbers_db [None req-cca9081b-1b4c-4e68-b7b6-03842d64d9b5 9574e2d7f7fd4b31894ba6cc0461cd19 aa0d19eb08484ef38ade7a64028b790d - - - -] Successfully bumped revision number for resource 600b2b66-0354-49e8-8a93-7925840eecef (type: networks) to 1
2026-05-08 11:34:05.764 10 INFO neutron.db.ovn_revision_numbers_db [None req-561045dd-5ab0-4480-82f1-b8b665529e51 c2e810552433484c82ae29de1145b605 c4ed2bfe54404565b8860e3059f162a1 - - - -] Successfully bumped revision number for resource f65d01a7-cd9b-4fb3-b1fc-abcf0707cd0d (type: ports) to 1
2026-05-08 11:34:05.792 10 INFO neutron.wsgi [None req-561045dd-5ab0-4480-82f1-b8b665529e51 c2e810552433484c82ae29de1145b605 c4ed2bfe54404565b8860e3059f162a1 - - - -] 10.0.0.118 "POST /v2.0/ports HTTP/1.1" status: 201 len: 1705 time: 0.8896356 /var/lib/openstack/lib/python3.10/site-packages/pycadf/identifier.py:71: UserWarning: Invalid uuid: neutron. To ensure interoperability, identifiers should be a valid uuid. warnings.warn(('Invalid uuid: %s. To ensure interoperability, '
2026-05-08 11:34:05.878 9 WARNING neutron.plugins.ml2.drivers.ovn.mech_driver.ovsdb.ovn_client [None req-224750f6-56e3-484e-aace-eed48cb85a85 - - - - - -] No hosting information found for port 26f3bac9-2f36-4091-9079-651fdf43540d: RuntimeError: No hosting information found for port 26f3bac9-2f36-4091-9079-651fdf43540d
2026-05-08 11:34:05.930 10 INFO neutron.wsgi [None req-cd5dda4e-832a-4f47-9d54-1567201db357 c2e810552433484c82ae29de1145b605 c4ed2bfe54404565b8860e3059f162a1 - - default default] 10.0.0.118 "GET /v2.0/ports HTTP/1.1" status: 200 len: 3212 time: 0.1294994
2026-05-08 11:34:05.948 9 WARNING neutron.scheduler.dhcp_agent_scheduler [None req-cca9081b-1b4c-4e68-b7b6-03842d64d9b5 9574e2d7f7fd4b31894ba6cc0461cd19 aa0d19eb08484ef38ade7a64028b790d - - - -] No more DHCP agents
2026-05-08 11:34:05.952 9 WARNING neutron.api.rpc.agentnotifiers.dhcp_rpc_agent_api [None req-cca9081b-1b4c-4e68-b7b6-03842d64d9b5 9574e2d7f7fd4b31894ba6cc0461cd19 aa0d19eb08484ef38ade7a64028b790d - - - -] Unable to schedule network 600b2b66-0354-49e8-8a93-7925840eecef: no agents available; will retry on subsequent port and subnet creation events.
2026-05-08 11:34:06.021 9 INFO neutron.db.ovn_revision_numbers_db [None req-cca9081b-1b4c-4e68-b7b6-03842d64d9b5 9574e2d7f7fd4b31894ba6cc0461cd19 aa0d19eb08484ef38ade7a64028b790d - - - -] Successfully bumped revision number for resource ef9196a3-2dff-486e-b73c-036b79ea5ba8 (type: ports) to 1
2026-05-08 11:34:06.030 10 INFO neutron.wsgi [req-0ed5f252-3c80-4522-b404-e150a4804f81 req-606627f4-fac3-4f0e-87cf-f3080aba7663 c8ae1f780175419fb8fbc5b3bf3f2625 1477752aadbb47058057eb6233283849 - - default default] 10.0.0.76 "GET /v2.0/ports?device_id=23a6eb94-d0f0-4e5c-b523-4e8d89aabdb1 HTTP/1.1" status: 200 len: 210 time: 0.0246725
2026-05-08 11:34:06.043 9 INFO neutron.wsgi [None req-cca9081b-1b4c-4e68-b7b6-03842d64d9b5 9574e2d7f7fd4b31894ba6cc0461cd19 aa0d19eb08484ef38ade7a64028b790d - - - -] 10.0.0.118 "POST /v2.0/networks HTTP/1.1" status: 201 len: 853 time: 0.5364048
2026-05-08 11:34:06.131 9 INFO neutron.db.segments_db [None req-d7ead973-ccd8-43d7-8f2b-9c94b68c76b8 9574e2d7f7fd4b31894ba6cc0461cd19 aa0d19eb08484ef38ade7a64028b790d - - - -] Added segment 196a24a9-530f-40be-80d9-5225f7ddaef4 of type geneve for network e3a5960a-bf43-435b-b3cb-269625a6518d
2026-05-08 11:34:06.263 9 INFO neutron.db.ovn_revision_numbers_db [None req-d7ead973-ccd8-43d7-8f2b-9c94b68c76b8 9574e2d7f7fd4b31894ba6cc0461cd19 aa0d19eb08484ef38ade7a64028b790d - - - -] Successfully bumped revision number for resource e3a5960a-bf43-435b-b3cb-269625a6518d (type: networks) to 1
2026-05-08 11:34:06.441 9 WARNING neutron.scheduler.dhcp_agent_scheduler [None req-d7ead973-ccd8-43d7-8f2b-9c94b68c76b8 9574e2d7f7fd4b31894ba6cc0461cd19 aa0d19eb08484ef38ade7a64028b790d - - - -] No more DHCP agents
2026-05-08 11:34:06.444 9 WARNING neutron.api.rpc.agentnotifiers.dhcp_rpc_agent_api [None req-d7ead973-ccd8-43d7-8f2b-9c94b68c76b8 9574e2d7f7fd4b31894ba6cc0461cd19 aa0d19eb08484ef38ade7a64028b790d - - - -] Unable to schedule network e3a5960a-bf43-435b-b3cb-269625a6518d: no agents available; will retry on subsequent port and subnet creation events.
2026-05-08 11:34:06.523 9 INFO neutron.db.ovn_revision_numbers_db [None req-d7ead973-ccd8-43d7-8f2b-9c94b68c76b8 9574e2d7f7fd4b31894ba6cc0461cd19 aa0d19eb08484ef38ade7a64028b790d - - - -] Successfully bumped revision number for resource c66212ea-bcd7-4ec3-b45e-d1f80af7dabf (type: ports) to 1
2026-05-08 11:34:06.548 9 INFO neutron.wsgi [None req-d7ead973-ccd8-43d7-8f2b-9c94b68c76b8 9574e2d7f7fd4b31894ba6cc0461cd19 aa0d19eb08484ef38ade7a64028b790d - - - -] 10.0.0.118 "POST /v2.0/networks HTTP/1.1" status: 201 len: 852 time: 0.4991629
2026-05-08 11:34:06.623 10 INFO neutron.wsgi [None req-19137299-e28e-4354-90c0-2e86d2e3e9a4 c2e810552433484c82ae29de1145b605 c4ed2bfe54404565b8860e3059f162a1 - - - -] 10.0.0.118 "DELETE /v2.0/ports/fb9579bd-b4bb-4584-a22e-ea696b7727be HTTP/1.1" status: 204 len: 168 time: 0.6866899
2026-05-08 11:34:06.811 10 INFO neutron.wsgi [req-a6380d86-2861-4272-b61f-06885ffc2bcb req-70944f28-6ab1-4b81-aa44-8fc17a11928c c8ae1f780175419fb8fbc5b3bf3f2625 1477752aadbb47058057eb6233283849 - - default default] 199.19.213.185 "GET /v2.0/networks?id=b7824135-69ca-4a4f-890e-7c7cccd3e514 HTTP/1.1" status: 200 len: 879 time: 0.0834608
2026-05-08 11:34:06.898 9 INFO neutron.wsgi [None req-9f5cb5ae-68a7-4081-9ccf-f6328f79580a c2e810552433484c82ae29de1145b605 c4ed2bfe54404565b8860e3059f162a1 - - - -] 10.0.0.118 "DELETE /v2.0/ports/f65d01a7-cd9b-4fb3-b1fc-abcf0707cd0d HTTP/1.1" status: 204 len: 168 time: 0.2703166
2026-05-08 11:34:06.898 10 INFO neutron.wsgi [req-a6380d86-2861-4272-b61f-06885ffc2bcb req-42739f32-c6bd-4567-bebd-530f9d8900d0 c8ae1f780175419fb8fbc5b3bf3f2625 1477752aadbb47058057eb6233283849 - - default default] 199.19.213.185 "GET /v2.0/security-groups?fields=id&fields=name&tenant_id=1477752aadbb47058057eb6233283849 HTTP/1.1" status: 200 len: 380 time: 0.0478702
2026-05-08 11:34:07.014 9 INFO neutron.wsgi [None req-5b117724-39f7-463c-ba6c-1d94f9384539 c2e810552433484c82ae29de1145b605 c4ed2bfe54404565b8860e3059f162a1 - - default default] 10.0.0.118 "GET /v2.0/ports HTTP/1.1" status: 200 len: 1718 time: 0.1085434
2026-05-08 11:34:07.115 9 INFO neutron.db.segments_db [None req-ec10aa81-a3d5-46ce-986a-cf81eb7cdc90 c2e810552433484c82ae29de1145b605 c4ed2bfe54404565b8860e3059f162a1 - - - -] Added segment ea89006e-ff28-485f-8dd9-d20a3d615dce of type geneve for network 5a581779-378c-4729-a672-f14bc82c1762
2026-05-08 11:34:07.130 10 INFO neutron.wsgi [req-13a0b712-ddb8-46bc-a053-553e41945b37 req-bb0b0b45-df9c-41d8-a6d8-b07e871b879a c8ae1f780175419fb8fbc5b3bf3f2625 1477752aadbb47058057eb6233283849 - - default default] 10.0.0.76 "GET /v2.0/ports?device_id=23a6eb94-d0f0-4e5c-b523-4e8d89aabdb1 HTTP/1.1" status: 200 len: 210 time: 0.0299361
2026-05-08 11:34:07.260 9 INFO neutron.db.ovn_revision_numbers_db [None req-ec10aa81-a3d5-46ce-986a-cf81eb7cdc90 c2e810552433484c82ae29de1145b605 c4ed2bfe54404565b8860e3059f162a1 - - - -] Successfully bumped revision number for resource 5a581779-378c-4729-a672-f14bc82c1762 (type: networks) to 1
2026-05-08 11:34:07.354 10 WARNING neutron.scheduler.dhcp_agent_scheduler [None req-e521592d-4c70-49e4-ac31-92f1df989282 c8ae1f780175419fb8fbc5b3bf3f2625 1477752aadbb47058057eb6233283849 - - - -] No more DHCP agents
2026-05-08 11:34:07.358 10 WARNING neutron.api.rpc.agentnotifiers.dhcp_rpc_agent_api [None req-e521592d-4c70-49e4-ac31-92f1df989282 c8ae1f780175419fb8fbc5b3bf3f2625 1477752aadbb47058057eb6233283849 - - - -] Unable to schedule network b7824135-69ca-4a4f-890e-7c7cccd3e514: no agents available; will retry on subsequent port and subnet creation events.
2026-05-08 11:34:07.463 9 WARNING neutron.scheduler.dhcp_agent_scheduler [None req-ec10aa81-a3d5-46ce-986a-cf81eb7cdc90 c2e810552433484c82ae29de1145b605 c4ed2bfe54404565b8860e3059f162a1 - - - -] No more DHCP agents
2026-05-08 11:34:07.466 9 WARNING neutron.api.rpc.agentnotifiers.dhcp_rpc_agent_api [None req-ec10aa81-a3d5-46ce-986a-cf81eb7cdc90 c2e810552433484c82ae29de1145b605 c4ed2bfe54404565b8860e3059f162a1 - - - -] Unable to schedule network 5a581779-378c-4729-a672-f14bc82c1762: no agents available; will retry on subsequent port and subnet creation events.
2026-05-08 11:34:07.529 9 INFO neutron.db.ovn_revision_numbers_db [None req-ec10aa81-a3d5-46ce-986a-cf81eb7cdc90 c2e810552433484c82ae29de1145b605 c4ed2bfe54404565b8860e3059f162a1 - - - -] Successfully bumped revision number for resource 869126e8-00c3-427a-a039-d6675b07a441 (type: ports) to 1
2026-05-08 11:34:07.553 9 INFO neutron.wsgi [None req-ec10aa81-a3d5-46ce-986a-cf81eb7cdc90 c2e810552433484c82ae29de1145b605 c4ed2bfe54404565b8860e3059f162a1 - - - -] 10.0.0.118 "POST /v2.0/networks HTTP/1.1" status: 201 len: 847 time: 0.5309234
2026-05-08 11:34:07.592 10 INFO neutron.db.ovn_revision_numbers_db [None req-e521592d-4c70-49e4-ac31-92f1df989282 c8ae1f780175419fb8fbc5b3bf3f2625 1477752aadbb47058057eb6233283849 - - - -] Successfully bumped revision number for resource 1618aed2-b419-4a9d-bebf-9dcd64c858ed (type: ports) to 1
2026-05-08 11:34:07.624 10 INFO neutron.wsgi [None req-e521592d-4c70-49e4-ac31-92f1df989282 c8ae1f780175419fb8fbc5b3bf3f2625 1477752aadbb47058057eb6233283849 - - - -] 199.19.213.185 "POST /v2.0/ports HTTP/1.1" status: 201 len: 1158 time: 0.7152309
2026-05-08 11:34:07.626 10 WARNING neutron.scheduler.dhcp_agent_scheduler [None req-6288b151-8021-4a17-95ea-9065a8ce2bbb 9574e2d7f7fd4b31894ba6cc0461cd19 aa0d19eb08484ef38ade7a64028b790d - - - -] No more DHCP agents
2026-05-08 11:34:07.629 10 WARNING neutron.api.rpc.agentnotifiers.dhcp_rpc_agent_api [None req-6288b151-8021-4a17-95ea-9065a8ce2bbb 9574e2d7f7fd4b31894ba6cc0461cd19 aa0d19eb08484ef38ade7a64028b790d - - - -] Unable to schedule network 600b2b66-0354-49e8-8a93-7925840eecef: no agents available; will retry on subsequent port and subnet creation events. /var/lib/openstack/lib/python3.10/site-packages/pycadf/identifier.py:71: UserWarning: Invalid uuid: neutron. To ensure interoperability, identifiers should be a valid uuid. warnings.warn(('Invalid uuid: %s. To ensure interoperability, '
2026-05-08 11:34:07.649 9 INFO neutron.db.segments_db [None req-fa59ac55-cdb4-42c3-8a0c-19d79838f402 c2e810552433484c82ae29de1145b605 c4ed2bfe54404565b8860e3059f162a1 - - - -] Added segment eb260863-e290-4e90-b601-ac807bcb2ef2 of type geneve for network 7f80eb2d-ea3b-4ca4-9dce-70808323a5d8
2026-05-08 11:34:07.657 10 INFO neutron.db.ovn_revision_numbers_db [None req-6288b151-8021-4a17-95ea-9065a8ce2bbb 9574e2d7f7fd4b31894ba6cc0461cd19 aa0d19eb08484ef38ade7a64028b790d - - - -] Successfully bumped revision number for resource 42c576e3-a508-44de-bfa0-14764d951df5 (type: subnets) to 0
2026-05-08 11:34:07.689 10 WARNING neutron.scheduler.dhcp_agent_scheduler [None req-6288b151-8021-4a17-95ea-9065a8ce2bbb 9574e2d7f7fd4b31894ba6cc0461cd19 aa0d19eb08484ef38ade7a64028b790d - - - -] No more DHCP agents
2026-05-08 11:34:07.692 10 WARNING neutron.api.rpc.agentnotifiers.dhcp_rpc_agent_api [None req-6288b151-8021-4a17-95ea-9065a8ce2bbb 9574e2d7f7fd4b31894ba6cc0461cd19 aa0d19eb08484ef38ade7a64028b790d - - - -] Unable to schedule network e3a5960a-bf43-435b-b3cb-269625a6518d: no agents available; will retry on subsequent port and subnet creation events.
2026-05-08 11:34:07.719 10 INFO neutron.db.ovn_revision_numbers_db [None req-6288b151-8021-4a17-95ea-9065a8ce2bbb 9574e2d7f7fd4b31894ba6cc0461cd19 aa0d19eb08484ef38ade7a64028b790d - - - -] Successfully bumped revision number for resource c611db6d-e346-410e-bf43-3ccc5e3a0b18 (type: subnets) to 0
2026-05-08 11:34:07.739 10 INFO neutron.wsgi [None req-6288b151-8021-4a17-95ea-9065a8ce2bbb 9574e2d7f7fd4b31894ba6cc0461cd19 aa0d19eb08484ef38ade7a64028b790d - - - -] 10.0.0.118 "POST /v2.0/subnets HTTP/1.1" status: 201 len: 1475 time: 0.6875997
2026-05-08 11:34:07.819 9 INFO neutron.wsgi [None req-29abdfb0-4aac-4c71-93f5-9856215cfe00 9574e2d7f7fd4b31894ba6cc0461cd19 aa0d19eb08484ef38ade7a64028b790d - - default default] 10.0.0.118 "GET /v2.0/subnets HTTP/1.1" status: 200 len: 2083 time: 0.0692666
2026-05-08 11:34:07.820 9 INFO neutron.db.ovn_revision_numbers_db [None req-fa59ac55-cdb4-42c3-8a0c-19d79838f402 c2e810552433484c82ae29de1145b605 c4ed2bfe54404565b8860e3059f162a1 - - - -] Successfully bumped revision number for resource 7f80eb2d-ea3b-4ca4-9dce-70808323a5d8 (type: networks) to 1
2026-05-08 11:34:08.007 9 WARNING neutron.scheduler.dhcp_agent_scheduler [None req-fa59ac55-cdb4-42c3-8a0c-19d79838f402 c2e810552433484c82ae29de1145b605 c4ed2bfe54404565b8860e3059f162a1 - - - -] No more DHCP agents
2026-05-08 11:34:08.009 9 WARNING neutron.api.rpc.agentnotifiers.dhcp_rpc_agent_api [None req-fa59ac55-cdb4-42c3-8a0c-19d79838f402 c2e810552433484c82ae29de1145b605 c4ed2bfe54404565b8860e3059f162a1 - - - -] Unable to schedule network 7f80eb2d-ea3b-4ca4-9dce-70808323a5d8: no agents available; will retry on subsequent port and subnet creation events.
2026-05-08 11:34:08.068 9 INFO neutron.db.ovn_revision_numbers_db [None req-fa59ac55-cdb4-42c3-8a0c-19d79838f402 c2e810552433484c82ae29de1145b605 c4ed2bfe54404565b8860e3059f162a1 - - - -] Successfully bumped revision number for resource 07c04c01-572b-4274-8928-2d693e0c4e9f (type: ports) to 1
2026-05-08 11:34:08.087 10 INFO neutron.wsgi [None req-732b019b-8f92-45d0-b36c-9f62cd194c55 9574e2d7f7fd4b31894ba6cc0461cd19 aa0d19eb08484ef38ade7a64028b790d - - - -] 10.0.0.118 "DELETE /v2.0/subnets/42c576e3-a508-44de-bfa0-14764d951df5 HTTP/1.1" status: 204 len: 168 time: 0.2536604
2026-05-08 11:34:08.089 9 INFO neutron.wsgi [None req-fa59ac55-cdb4-42c3-8a0c-19d79838f402 c2e810552433484c82ae29de1145b605 c4ed2bfe54404565b8860e3059f162a1 - - - -] 10.0.0.118 "POST /v2.0/networks HTTP/1.1" status: 201 len: 849 time: 0.5285916
2026-05-08 11:34:08.107 10 INFO neutron.db.ovn_revision_numbers_db [None req-ae948712-e1e3-42e6-9e94-d9deeb5eae47 a9d5cd7a9ecd49f99c49a434029a20a5 106c2c00120c40afa39eea2f06d84c86 - - - -] Successfully bumped revision number for resource 1618aed2-b419-4a9d-bebf-9dcd64c858ed (type: ports) to 2 /var/lib/openstack/lib/python3.10/site-packages/pycadf/identifier.py:71: UserWarning: Invalid uuid: neutron. To ensure interoperability, identifiers should be a valid uuid. warnings.warn(('Invalid uuid: %s. To ensure interoperability, '
2026-05-08 11:34:08.247 10 INFO neutron.wsgi [req-352148a7-e3d2-4aec-a833-763a00ce4c32 req-c226984c-9463-42d2-97f1-8bc6ad79e6e4 c8ae1f780175419fb8fbc5b3bf3f2625 1477752aadbb47058057eb6233283849 - - default default] 10.0.0.76 "GET /v2.0/ports?device_id=23a6eb94-d0f0-4e5c-b523-4e8d89aabdb1 HTTP/1.1" status: 200 len: 1168 time: 0.0583124
2026-05-08 11:34:08.302 9 INFO neutron.wsgi [None req-7bb17a72-8f20-4595-b7a6-c63e7ee1564b 9574e2d7f7fd4b31894ba6cc0461cd19 aa0d19eb08484ef38ade7a64028b790d - - - -] 10.0.0.118 "DELETE /v2.0/subnets/c611db6d-e346-410e-bf43-3ccc5e3a0b18 HTTP/1.1" status: 204 len: 168 time: 0.2084985
2026-05-08 11:34:08.326 10 INFO neutron.wsgi [req-352148a7-e3d2-4aec-a833-763a00ce4c32 req-9f15861d-fa63-4eb6-aa32-7833d66592d7 c8ae1f780175419fb8fbc5b3bf3f2625 1477752aadbb47058057eb6233283849 - - default default] 10.0.0.76 "GET /v2.0/security-groups?id=51ba0dd7-3367-480e-96eb-ca9f1b46e047&fields=id&fields=name HTTP/1.1" status: 200 len: 313 time: 0.0649219
2026-05-08 11:34:08.340 9 INFO neutron.wsgi [None req-42b66b3f-9589-4dbd-8c05-921ee2a73ab2 9574e2d7f7fd4b31894ba6cc0461cd19 aa0d19eb08484ef38ade7a64028b790d - - default default] 10.0.0.118 "GET /v2.0/subnets HTTP/1.1" status: 200 len: 820 time: 0.0334241
2026-05-08 11:34:08.404 10 INFO neutron.db.ovn_revision_numbers_db [None req-ae948712-e1e3-42e6-9e94-d9deeb5eae47 a9d5cd7a9ecd49f99c49a434029a20a5 106c2c00120c40afa39eea2f06d84c86 - - - -] Successfully bumped revision number for resource 1618aed2-b419-4a9d-bebf-9dcd64c858ed (type: ports) to 2
2026-05-08 11:34:08.437 10 INFO neutron.wsgi [None req-ae948712-e1e3-42e6-9e94-d9deeb5eae47 a9d5cd7a9ecd49f99c49a434029a20a5 106c2c00120c40afa39eea2f06d84c86 - - - -] 199.19.213.185 "PUT /v2.0/ports/1618aed2-b419-4a9d-bebf-9dcd64c858ed HTTP/1.1" status: 200 len: 1328 time: 0.8039653 /var/lib/openstack/lib/python3.10/site-packages/pycadf/identifier.py:71: UserWarning: Invalid uuid: neutron. To ensure interoperability, identifiers should be a valid uuid. warnings.warn(('Invalid uuid: %s. To ensure interoperability, '
2026-05-08 11:34:08.488 10 INFO neutron.notifiers.nova [-] Nova event matching ['req-0fa32e11-890c-428c-8a2e-4634c30c72ad'] response: {'name': 'network-changed', 'server_uuid': '23a6eb94-d0f0-4e5c-b523-4e8d89aabdb1', 'tag': '1618aed2-b419-4a9d-bebf-9dcd64c858ed', 'status': 'completed', 'code': 200}
2026-05-08 11:34:08.518 10 INFO neutron.wsgi [req-a6380d86-2861-4272-b61f-06885ffc2bcb req-b1ce18f3-b8e2-4edc-8e71-2cf277b9894e a9d5cd7a9ecd49f99c49a434029a20a5 106c2c00120c40afa39eea2f06d84c86 - - ec09183e480e46429bd1fc26174dcdbd ec09183e480e46429bd1fc26174dcdbd] 199.19.213.185 "GET /v2.0/ports?tenant_id=1477752aadbb47058057eb6233283849&device_id=23a6eb94-d0f0-4e5c-b523-4e8d89aabdb1 HTTP/1.1" status: 200 len: 1359 time: 0.0422418
2026-05-08 11:34:08.550 10 INFO neutron.wsgi [req-a6380d86-2861-4272-b61f-06885ffc2bcb req-8edc49f3-21cb-47fb-b04a-34aa6caa27e5 a9d5cd7a9ecd49f99c49a434029a20a5 106c2c00120c40afa39eea2f06d84c86 - - ec09183e480e46429bd1fc26174dcdbd ec09183e480e46429bd1fc26174dcdbd] 199.19.213.185 "GET /v2.0/floatingips?fixed_ip_address=10.100.0.9&port_id=1618aed2-b419-4a9d-bebf-9dcd64c858ed HTTP/1.1" status: 200 len: 217 time: 0.0260384
2026-05-08 11:34:08.596 10 INFO neutron.wsgi [req-a6380d86-2861-4272-b61f-06885ffc2bcb req-4133aa20-d2a8-4fe2-b79f-0de00c64e13e a9d5cd7a9ecd49f99c49a434029a20a5 106c2c00120c40afa39eea2f06d84c86 - - ec09183e480e46429bd1fc26174dcdbd ec09183e480e46429bd1fc26174dcdbd] 199.19.213.185 "GET /v2.0/subnets?id=fc991b2a-e553-49bc-b61b-54d462ae883a HTTP/1.1" status: 200 len: 873 time: 0.0358825
2026-05-08 11:34:08.628 10 INFO neutron.wsgi [req-a6380d86-2861-4272-b61f-06885ffc2bcb req-0e3e360c-7383-4dd9-9710-1d154f156ca8 a9d5cd7a9ecd49f99c49a434029a20a5 106c2c00120c40afa39eea2f06d84c86 - - ec09183e480e46429bd1fc26174dcdbd ec09183e480e46429bd1fc26174dcdbd] 199.19.213.185 "GET /v2.0/ports?network_id=b7824135-69ca-4a4f-890e-7c7cccd3e514&device_owner=network%3Adhcp HTTP/1.1" status: 200 len: 210 time: 0.0189800
2026-05-08 11:34:08.721 10 WARNING neutron.scheduler.dhcp_agent_scheduler [None req-b51c6a04-1563-419e-b38e-e44857f26b4a c2e810552433484c82ae29de1145b605 c4ed2bfe54404565b8860e3059f162a1 - - - -] No more DHCP agents
2026-05-08 11:34:08.723 10 WARNING neutron.api.rpc.agentnotifiers.dhcp_rpc_agent_api [None req-b51c6a04-1563-419e-b38e-e44857f26b4a c2e810552433484c82ae29de1145b605 c4ed2bfe54404565b8860e3059f162a1 - - - -] Unable to schedule network 5a581779-378c-4729-a672-f14bc82c1762: no agents available; will retry on subsequent port and subnet creation events.
2026-05-08 11:34:08.732 9 INFO neutron.services.segments.plugin [-] Segment 196a24a9-530f-40be-80d9-5225f7ddaef4 resource provider aggregate not found
2026-05-08 11:34:08.736 9 INFO neutron.services.segments.plugin [-] Segment 196a24a9-530f-40be-80d9-5225f7ddaef4 resource provider aggregate not found
2026-05-08 11:34:08.754 9 INFO neutron.services.segments.plugin [-] Segment 196a24a9-530f-40be-80d9-5225f7ddaef4 resource provider not found; error: Placement Client Error (4xx): {"errors": [{"status": 404, "title": "Not Found", "detail": "The resource could not be found.\n\n No resource provider with uuid 196a24a9-530f-40be-80d9-5225f7ddaef4 found for delete ", "request_id": "req-6439ffce-4d78-46d2-85fe-0af08c68fe9a"}]}
2026-05-08 11:34:08.754 10 INFO neutron.wsgi [req-a6380d86-2861-4272-b61f-06885ffc2bcb req-7ccdfa41-f6e1-4995-950e-957a008d84fb a9d5cd7a9ecd49f99c49a434029a20a5 106c2c00120c40afa39eea2f06d84c86 - - ec09183e480e46429bd1fc26174dcdbd ec09183e480e46429bd1fc26174dcdbd] 199.19.213.185 "GET /v2.0/networks/b7824135-69ca-4a4f-890e-7c7cccd3e514?fields=segments HTTP/1.1" status: 200 len: 212 time: 0.1129532
2026-05-08 11:34:08.755 9 INFO neutron.services.segments.plugin [-] Segment 196a24a9-530f-40be-80d9-5225f7ddaef4 resource provider not found; error: Placement Client Error (4xx): {"errors": [{"status": 404, "title": "Not Found", "detail": "The resource could not be found.\n\n No resource provider with uuid 196a24a9-530f-40be-80d9-5225f7ddaef4 found for delete ", "request_id": "req-37d975d3-1e03-4422-ad89-55c99cd31d73"}]}
2026-05-08 11:34:08.768 9 INFO neutron.wsgi [None req-264e4420-259e-4498-a31a-dd51fc254913 9574e2d7f7fd4b31894ba6cc0461cd19 aa0d19eb08484ef38ade7a64028b790d - - - -] 10.0.0.118 "DELETE /v2.0/networks/e3a5960a-bf43-435b-b3cb-269625a6518d HTTP/1.1" status: 204 len: 168 time: 0.4167449
2026-05-08 11:34:08.828 9 INFO neutron.wsgi [-] 10.0.0.44 "GET / HTTP/1.1" status: 200 len: 247 time: 0.0011907
2026-05-08 11:34:08.830 9 INFO neutron.wsgi [-] 10.0.0.44 "GET / HTTP/1.1" status: 200 len: 247 time: 0.0013206
2026-05-08 11:34:08.844 10 INFO neutron.wsgi [req-a6380d86-2861-4272-b61f-06885ffc2bcb req-131cfdc9-f7ce-446b-adb4-c17700d97b4e a9d5cd7a9ecd49f99c49a434029a20a5 106c2c00120c40afa39eea2f06d84c86 - - ec09183e480e46429bd1fc26174dcdbd ec09183e480e46429bd1fc26174dcdbd] 199.19.213.185 "GET /v2.0/networks/b7824135-69ca-4a4f-890e-7c7cccd3e514?fields=provider%3Aphysical_network&fields=provider%3Anetwork_type HTTP/1.1" status: 200 len: 277 time: 0.0772767
2026-05-08 11:34:08.945 10 INFO neutron.wsgi [req-c5b72d4a-44f1-48eb-89de-37230d5781b7 req-00bac709-6e62-43b7-812b-8d697c78d004 a9d5cd7a9ecd49f99c49a434029a20a5 106c2c00120c40afa39eea2f06d84c86 - - ec09183e480e46429bd1fc26174dcdbd ec09183e480e46429bd1fc26174dcdbd] 199.19.213.185 "GET /v2.0/ports?tenant_id=1477752aadbb47058057eb6233283849&device_id=23a6eb94-d0f0-4e5c-b523-4e8d89aabdb1 HTTP/1.1" status: 200 len: 1359 time: 0.0414386
2026-05-08 11:34:09.040 10 INFO neutron.wsgi [req-c5b72d4a-44f1-48eb-89de-37230d5781b7 req-04fa85e9-5bf9-4a15-aa12-aa471d28a666 a9d5cd7a9ecd49f99c49a434029a20a5 106c2c00120c40afa39eea2f06d84c86 - - ec09183e480e46429bd1fc26174dcdbd ec09183e480e46429bd1fc26174dcdbd] 199.19.213.185 "GET /v2.0/networks?id=b7824135-69ca-4a4f-890e-7c7cccd3e514 HTTP/1.1" status: 200 len: 978 time: 0.0852981
2026-05-08 11:34:09.073 10 INFO neutron.wsgi [req-c5b72d4a-44f1-48eb-89de-37230d5781b7 req-6a0f718e-9f2d-4e26-80d9-09885b9def4a a9d5cd7a9ecd49f99c49a434029a20a5 106c2c00120c40afa39eea2f06d84c86 - - ec09183e480e46429bd1fc26174dcdbd ec09183e480e46429bd1fc26174dcdbd] 199.19.213.185 "GET /v2.0/floatingips?fixed_ip_address=10.100.0.9&port_id=1618aed2-b419-4a9d-bebf-9dcd64c858ed HTTP/1.1" status: 200 len: 217 time: 0.0249424
2026-05-08 11:34:09.440 10 INFO neutron.wsgi [req-c5b72d4a-44f1-48eb-89de-37230d5781b7 req-bca515ba-d61a-43f6-907d-2bd75a09c4a5 a9d5cd7a9ecd49f99c49a434029a20a5 106c2c00120c40afa39eea2f06d84c86 - - ec09183e480e46429bd1fc26174dcdbd ec09183e480e46429bd1fc26174dcdbd] 199.19.213.185 "GET /v2.0/subnets?id=fc991b2a-e553-49bc-b61b-54d462ae883a HTTP/1.1" status: 200 len: 873 time: 0.3541312
2026-05-08 11:34:09.451 10 INFO neutron.wsgi [req-876d803c-cdf0-4e53-87cb-8416a59c4328 req-052042b3-8122-4a28-89f5-8bf0cda91f49 c8ae1f780175419fb8fbc5b3bf3f2625 1477752aadbb47058057eb6233283849 - - default default] 10.0.0.76 "GET /v2.0/ports?device_id=23a6eb94-d0f0-4e5c-b523-4e8d89aabdb1 HTTP/1.1" status: 200 len: 1168 time: 0.0502958
2026-05-08 11:34:09.458 9 INFO neutron.wsgi [None req-a2827a3e-234b-4ed4-afbe-e11d9ba1eeb0 9574e2d7f7fd4b31894ba6cc0461cd19 aa0d19eb08484ef38ade7a64028b790d - - - -] 10.0.0.118 "DELETE /v2.0/networks/600b2b66-0354-49e8-8a93-7925840eecef HTTP/1.1" status: 204 len: 168 time: 0.6799026
2026-05-08 11:34:09.493 10 INFO neutron.wsgi [req-c5b72d4a-44f1-48eb-89de-37230d5781b7 req-401342a7-30ae-41cc-b5db-6ba0cd0f0a73 a9d5cd7a9ecd49f99c49a434029a20a5 106c2c00120c40afa39eea2f06d84c86 - - ec09183e480e46429bd1fc26174dcdbd ec09183e480e46429bd1fc26174dcdbd] 199.19.213.185 "GET /v2.0/ports?network_id=b7824135-69ca-4a4f-890e-7c7cccd3e514&device_owner=network%3Adhcp HTTP/1.1" status: 200 len: 210 time: 0.0468395
2026-05-08 11:34:09.582 10 INFO neutron.wsgi [req-876d803c-cdf0-4e53-87cb-8416a59c4328 req-8eb6ec2e-3fe3-4f0a-b79e-18f5f4e01595 c8ae1f780175419fb8fbc5b3bf3f2625 1477752aadbb47058057eb6233283849 - - default default] 10.0.0.76 "GET /v2.0/security-groups?id=51ba0dd7-3367-480e-96eb-ca9f1b46e047&fields=id&fields=name HTTP/1.1" status: 200 len: 313 time: 0.1188014
2026-05-08 11:34:09.634 10 INFO neutron.wsgi [req-c5b72d4a-44f1-48eb-89de-37230d5781b7 req-5edac212-11e1-4314-8710-88a40842651d a9d5cd7a9ecd49f99c49a434029a20a5 106c2c00120c40afa39eea2f06d84c86 - - ec09183e480e46429bd1fc26174dcdbd ec09183e480e46429bd1fc26174dcdbd] 199.19.213.185 "GET /v2.0/networks/b7824135-69ca-4a4f-890e-7c7cccd3e514?fields=segments HTTP/1.1" status: 200 len: 212 time: 0.1302104
2026-05-08 11:34:09.743 10 INFO neutron.wsgi [req-c5b72d4a-44f1-48eb-89de-37230d5781b7 req-bd23f688-323b-47f3-ae31-21529721c311 a9d5cd7a9ecd49f99c49a434029a20a5 106c2c00120c40afa39eea2f06d84c86 - - ec09183e480e46429bd1fc26174dcdbd ec09183e480e46429bd1fc26174dcdbd] 199.19.213.185 "GET /v2.0/networks/b7824135-69ca-4a4f-890e-7c7cccd3e514?fields=provider%3Aphysical_network&fields=provider%3Anetwork_type HTTP/1.1" status: 200 len: 277 time: 0.0978508
2026-05-08 11:34:09.801 10 INFO neutron.db.ovn_revision_numbers_db [None req-b51c6a04-1563-419e-b38e-e44857f26b4a c2e810552433484c82ae29de1145b605 c4ed2bfe54404565b8860e3059f162a1 - - - -] Successfully bumped revision number for resource 869126e8-00c3-427a-a039-d6675b07a441 (type: ports) to 2
2026-05-08 11:34:09.822 10 INFO neutron.db.ovn_revision_numbers_db [None req-b51c6a04-1563-419e-b38e-e44857f26b4a c2e810552433484c82ae29de1145b605 c4ed2bfe54404565b8860e3059f162a1 - - - -] Successfully bumped revision number for resource 4b344489-4706-44e3-b3e7-7534e0a33ac1 (type: subnets) to 0
2026-05-08 11:34:09.863 10 WARNING neutron.scheduler.dhcp_agent_scheduler [None req-b51c6a04-1563-419e-b38e-e44857f26b4a c2e810552433484c82ae29de1145b605 c4ed2bfe54404565b8860e3059f162a1 - - - -] No more DHCP agents
2026-05-08 11:34:09.873 10 WARNING neutron.api.rpc.agentnotifiers.dhcp_rpc_agent_api [None req-b51c6a04-1563-419e-b38e-e44857f26b4a c2e810552433484c82ae29de1145b605 c4ed2bfe54404565b8860e3059f162a1 - - - -] Unable to schedule network 7f80eb2d-ea3b-4ca4-9dce-70808323a5d8: no agents available; will retry on subsequent port and subnet creation events.
2026-05-08 11:34:09.986 10 INFO neutron.plugins.ml2.drivers.ovn.mech_driver.mech_driver [None req-7d5c2bca-e84f-45b4-a6f8-9a56b10cad9b - - - - - -] OVN reports status up for port: 1618aed2-b419-4a9d-bebf-9dcd64c858ed
2026-05-08 11:34:10.036 10 INFO neutron.wsgi [req-24cf087e-103e-4f7f-ad67-39b08fe4ae77 req-f0cd6cbc-d285-481c-bb2a-f866c7025825 b6056d1b281c484e804af899be6d50ea f08cadef43f8434d905dade761d1ddd6 - - default default] 10.0.0.76 "GET /v2.0/ports?device_id=36f15ac5-a668-4237-850b-a9c4e65c8185 HTTP/1.1" status: 200 len: 1170 time: 0.1755672
2026-05-08 11:34:10.054 10 INFO neutron.plugins.ml2.plugin [None req-7d5c2bca-e84f-45b4-a6f8-9a56b10cad9b - - - - - -] Attempt 1 to provision port 1618aed2-b419-4a9d-bebf-9dcd64c858ed
2026-05-08 11:34:10.126 10 INFO neutron.services.segments.plugin [-] Segment 90dccb28-77cc-403b-8026-59c19033cbbb resource provider aggregate not found
2026-05-08 11:34:10.131 10 INFO neutron.services.segments.plugin [-] Segment 90dccb28-77cc-403b-8026-59c19033cbbb resource provider aggregate not found
2026-05-08 11:34:10.148 10 INFO neutron.services.segments.plugin [-] Segment 90dccb28-77cc-403b-8026-59c19033cbbb resource provider not found; error: Placement Client Error (4xx): {"errors": [{"status": 404, "title": "Not Found", "detail": "The resource could not be found.\n\n No resource provider with uuid 90dccb28-77cc-403b-8026-59c19033cbbb found for delete ", "request_id": "req-75923c92-f05b-405c-90f2-6374e5986784"}]}
2026-05-08 11:34:10.157 10 INFO neutron.wsgi [req-24cf087e-103e-4f7f-ad67-39b08fe4ae77 req-a2582b3a-7991-4aa1-a2ac-95119f710993 b6056d1b281c484e804af899be6d50ea f08cadef43f8434d905dade761d1ddd6 - - default default] 10.0.0.76 "GET /v2.0/security-groups?id=b93f5afa-1a9e-49c6-8392-305a1db97f68&fields=id&fields=name HTTP/1.1" status: 200 len: 312 time: 0.1043499
2026-05-08 11:34:10.159 10 INFO neutron.services.segments.plugin [-] Segment 90dccb28-77cc-403b-8026-59c19033cbbb resource provider not found; error: Placement Client Error (4xx): {"errors": [{"status": 404, "title": "Not Found", "detail": "The resource could not be found.\n\n No resource provider with uuid 90dccb28-77cc-403b-8026-59c19033cbbb found for delete ", "request_id": "req-45238487-3f5f-41c6-8b51-2ae07cf6e08b"}]}
2026-05-08 11:34:10.210 10 INFO neutron.wsgi [None req-6e5a11fb-5e71-4bb8-add1-2780b909e47c 9574e2d7f7fd4b31894ba6cc0461cd19 aa0d19eb08484ef38ade7a64028b790d - - - -] 10.0.0.118 "DELETE /v2.0/networks/88597a4c-7fd7-4eba-b5d5-ec05cbaf3f2e HTTP/1.1" status: 204 len: 168 time: 0.7447011
2026-05-08 11:34:10.401 10 INFO neutron.wsgi [req-7c99752c-4f8a-49f1-bade-e0d01dd1e61e req-c8070d96-9fdf-4b5f-a98b-77fde46000c7 b6056d1b281c484e804af899be6d50ea f08cadef43f8434d905dade761d1ddd6 - - default default] 10.0.0.76 "GET /v2.0/ports?device_id=36f15ac5-a668-4237-850b-a9c4e65c8185 HTTP/1.1" status: 200 len: 1170 time: 0.0506394
2026-05-08 11:34:10.473 10 INFO neutron.wsgi [req-7c99752c-4f8a-49f1-bade-e0d01dd1e61e req-5c9a8203-4e06-4278-8cda-ea8e4e09f4fb b6056d1b281c484e804af899be6d50ea f08cadef43f8434d905dade761d1ddd6 - - default default] 10.0.0.76 "GET /v2.0/security-groups?id=b93f5afa-1a9e-49c6-8392-305a1db97f68&fields=id&fields=name HTTP/1.1" status: 200 len: 312 time: 0.0539792
2026-05-08 11:34:10.543 10 INFO neutron.notifiers.nova [-] Nova event matching ['req-1989260c-f30f-40e9-87a2-b199100faeb3'] response: {'server_uuid': '23a6eb94-d0f0-4e5c-b523-4e8d89aabdb1', 'name': 'network-vif-plugged', 'status': 'completed', 'tag': '1618aed2-b419-4a9d-bebf-9dcd64c858ed', 'code': 200}
2026-05-08 11:34:10.557 10 INFO neutron.db.ovn_revision_numbers_db [None req-7d5c2bca-e84f-45b4-a6f8-9a56b10cad9b - - - - - -] Successfully bumped revision number for resource 1618aed2-b419-4a9d-bebf-9dcd64c858ed (type: ports) to 4
2026-05-08 11:34:10.619 10 INFO neutron.plugins.ml2.drivers.ovn.mech_driver.mech_driver [None req-7d5c2bca-e84f-45b4-a6f8-9a56b10cad9b - - - - - -] OVN reports status down for port: 43d52d04-d63e-4a8a-a89a-b8b4959f3a94 /var/lib/openstack/lib/python3.10/site-packages/pycadf/identifier.py:71: UserWarning: Invalid uuid: neutron. To ensure interoperability, identifiers should be a valid uuid. warnings.warn(('Invalid uuid: %s. To ensure interoperability, '
2026-05-08 11:34:10.679 10 INFO neutron.db.ovn_revision_numbers_db [None req-b51c6a04-1563-419e-b38e-e44857f26b4a c2e810552433484c82ae29de1145b605 c4ed2bfe54404565b8860e3059f162a1 - - - -] Successfully bumped revision number for resource 07c04c01-572b-4274-8928-2d693e0c4e9f (type: ports) to 2
2026-05-08 11:34:10.745 9 INFO neutron.wsgi [None req-7adac222-6e7e-4fe2-b0e5-46f790f5999f 9574e2d7f7fd4b31894ba6cc0461cd19 aa0d19eb08484ef38ade7a64028b790d - - - -] 10.0.0.118 "DELETE /v2.0/networks/9d136506-3cb1-478f-8bd0-5d0bf439559d HTTP/1.1" status: 204 len: 168 time: 0.5273683
2026-05-08 11:34:10.751 10 INFO neutron.db.ovn_revision_numbers_db [None req-b51c6a04-1563-419e-b38e-e44857f26b4a c2e810552433484c82ae29de1145b605 c4ed2bfe54404565b8860e3059f162a1 - - - -] Successfully bumped revision number for resource ee453b4b-90dd-48c1-aa75-5e214c66fa78 (type: subnets) to 0
2026-05-08 11:34:10.778 9 INFO neutron.services.segments.plugin [-] Segment cd2ba1de-d9de-4cc0-bad0-06d4a4e60ad4 resource provider aggregate not found
2026-05-08 11:34:10.788 9 INFO neutron.services.segments.plugin [-] Segment cd2ba1de-d9de-4cc0-bad0-06d4a4e60ad4 resource provider aggregate not found
2026-05-08 11:34:10.793 10 INFO neutron.wsgi [req-0b4ec87c-935d-46fc-9dfa-2a6a6179ecb6 req-f7fd6798-b97d-439d-b377-cc8c98baf02e b6056d1b281c484e804af899be6d50ea f08cadef43f8434d905dade761d1ddd6 - - default default] 199.19.213.185 "GET /v2.0/ports?device_id=36f15ac5-a668-4237-850b-a9c4e65c8185 HTTP/1.1" status: 200 len: 1170 time: 0.0769873
2026-05-08 11:34:10.804 9 INFO neutron.services.segments.plugin [-] Segment cd2ba1de-d9de-4cc0-bad0-06d4a4e60ad4 resource provider not found; error: Placement Client Error (4xx): {"errors": [{"status": 404, "title": "Not Found", "detail": "The resource could not be found.\n\n No resource provider with uuid cd2ba1de-d9de-4cc0-bad0-06d4a4e60ad4 found for delete ", "request_id": "req-3afca56c-a39b-442d-a522-9f062dfd4b1a"}]}
2026-05-08 11:34:10.804 10 INFO neutron.wsgi [None req-b51c6a04-1563-419e-b38e-e44857f26b4a c2e810552433484c82ae29de1145b605 c4ed2bfe54404565b8860e3059f162a1 - - - -] 10.0.0.118 "POST /v2.0/subnets HTTP/1.1" status: 201 len: 1426 time: 2.6725483
2026-05-08 11:34:10.812 9 INFO neutron.services.segments.plugin [-] Segment cd2ba1de-d9de-4cc0-bad0-06d4a4e60ad4 resource provider not found; error: Placement Client Error (4xx): {"errors": [{"status": 404, "title": "Not Found", "detail": "The resource could not be found.\n\n No resource provider with uuid cd2ba1de-d9de-4cc0-bad0-06d4a4e60ad4 found for delete ", "request_id": "req-4ccf1ed8-d7cb-495c-a0a5-8b97448fbdce"}]}
2026-05-08 11:34:10.823 9 INFO neutron.services.segments.plugin [-] Segment 39996e44-ef94-4370-a820-a8491690c7cb resource provider aggregate not found
2026-05-08 11:34:10.831 9 INFO neutron.services.segments.plugin [-] Segment 39996e44-ef94-4370-a820-a8491690c7cb resource provider aggregate not found
2026-05-08 11:34:10.843 9 INFO neutron.services.segments.plugin [-] Segment 39996e44-ef94-4370-a820-a8491690c7cb resource provider not found; error: Placement Client Error (4xx): {"errors": [{"status": 404, "title": "Not Found", "detail": "The resource could not be found.\n\n No resource provider with uuid 39996e44-ef94-4370-a820-a8491690c7cb found for delete ", "request_id": "req-946bb329-1a98-428c-ad98-b492246be4f5"}]}
2026-05-08 11:34:10.847 9 INFO neutron.services.segments.plugin [-] Segment 39996e44-ef94-4370-a820-a8491690c7cb resource provider not found; error: Placement Client Error (4xx): {"errors": [{"status": 404, "title": "Not Found", "detail": "The resource could not be found.\n\n No resource provider with uuid 39996e44-ef94-4370-a820-a8491690c7cb found for delete ", "request_id": "req-6d48eca2-9e41-4ebe-aa66-d8da8f418424"}]}
2026-05-08 11:34:10.904 10 INFO neutron.wsgi [req-1bf56150-80e8-40ed-acab-1b8b21bd470b req-cc936fa7-e6d0-47a8-a2e4-2547eeb3722d c8ae1f780175419fb8fbc5b3bf3f2625 1477752aadbb47058057eb6233283849 - - default default] 10.0.0.76 "GET /v2.0/ports?device_id=23a6eb94-d0f0-4e5c-b523-4e8d89aabdb1 HTTP/1.1" status: 200 len: 1170 time: 0.2401886
2026-05-08 11:34:10.933 10 INFO neutron.wsgi [None req-03cc3ad7-b3b7-4069-af32-655c26f1ecf2 c2e810552433484c82ae29de1145b605 c4ed2bfe54404565b8860e3059f162a1 - - default default] 10.0.0.118 "GET /v2.0/subnets HTTP/1.1" status: 200 len: 2034 time: 0.1192758
2026-05-08 11:34:10.988 10 INFO neutron.wsgi [req-1bf56150-80e8-40ed-acab-1b8b21bd470b req-67181f8d-d909-4093-aef9-296a419a725f c8ae1f780175419fb8fbc5b3bf3f2625 1477752aadbb47058057eb6233283849 - - default default] 10.0.0.76 "GET /v2.0/security-groups?id=51ba0dd7-3367-480e-96eb-ca9f1b46e047&fields=id&fields=name HTTP/1.1" status: 200 len: 313 time: 0.0697556
2026-05-08 11:34:11.164 10 INFO neutron.db.ovn_revision_numbers_db [None req-7d5c2bca-e84f-45b4-a6f8-9a56b10cad9b - - - - - -] Successfully bumped revision number for resource 43d52d04-d63e-4a8a-a89a-b8b4959f3a94 (type: ports) to 7
2026-05-08 11:34:11.220 9 INFO neutron.wsgi [None req-2c5ce6f9-bcba-41e3-97b6-f1cc4c515eeb c2e810552433484c82ae29de1145b605 c4ed2bfe54404565b8860e3059f162a1 - - - -] 10.0.0.118 "DELETE /v2.0/subnets/4b344489-4706-44e3-b3e7-7534e0a33ac1 HTTP/1.1" status: 204 len: 168 time: 0.2788308
2026-05-08 11:34:11.235 10 INFO neutron.db.l3_db [None req-83ec12fd-d73b-4d28-aa20-91a3cf04ecda b6056d1b281c484e804af899be6d50ea f08cadef43f8434d905dade761d1ddd6 - - - -] Floating IP 9bd5b139-58a5-4486-81ec-c6507a8e0732 disassociated. External IP: 10.96.250.217, port: 43d52d04-d63e-4a8a-a89a-b8b4959f3a94.
2026-05-08 11:34:11.510 9 INFO neutron.wsgi [None req-fa420343-83da-40f7-8487-c6991aefac4d c2e810552433484c82ae29de1145b605 c4ed2bfe54404565b8860e3059f162a1 - - - -] 10.0.0.118 "DELETE /v2.0/subnets/ee453b4b-90dd-48c1-aa75-5e214c66fa78 HTTP/1.1" status: 204 len: 168 time: 0.2791922
2026-05-08 11:34:11.544 9 INFO neutron.wsgi [None req-2691f154-4b9b-43ff-b6df-e2f420afe282 ad2ef2d4f49d4233b79a56d8fa15edf8 752f1fafd8f848d9bcdb8f3c577b2f8d - - default default] 10.0.0.118 "GET /v2.0/security-groups?tenant_id=aa0d19eb08484ef38ade7a64028b790d&name=default HTTP/1.1" status: 200 len: 2996 time: 0.1879475
