2026-05-08 11:35:56.669 9 WARNING neutron.api.rpc.agentnotifiers.dhcp_rpc_agent_api [None req-c8e028be-42a8-4750-ad04-f270ea506e95 ad2ef2d4f49d4233b79a56d8fa15edf8 752f1fafd8f848d9bcdb8f3c577b2f8d - - - -] Unable to schedule network 96609578-509a-4167-890d-6aaf298cb6e2: no agents available; will retry on subsequent port and subnet creation events.
2026-05-08 11:35:56.812 9 INFO neutron.wsgi [None req-3634cda6-abb7-4203-8969-0551f9c0d6ba ad2ef2d4f49d4233b79a56d8fa15edf8 752f1fafd8f848d9bcdb8f3c577b2f8d - - default default] 10.0.0.118 "GET /v2.0/security-groups?tenant_id=aea6549b74b540d8988cd5cc268d823c&name=default HTTP/1.1" status: 200 len: 2996 time: 0.0557873
2026-05-08 11:35:56.838 9 INFO neutron.db.ovn_revision_numbers_db [None req-c8e028be-42a8-4750-ad04-f270ea506e95 ad2ef2d4f49d4233b79a56d8fa15edf8 752f1fafd8f848d9bcdb8f3c577b2f8d - - - -] Successfully bumped revision number for resource ebcfd1f2-b0d5-4cfc-be9c-9e3ed00c9a2d (type: ports) to 1
2026-05-08 11:35:56.844 9 INFO neutron.db.ovn_revision_numbers_db [None req-10c8dc35-0e28-4eda-a760-d4fc13cc71c2 218bbd15be3a444093d277758cacb726 14fc402ed2a446019509023134252bf9 - - - -] Successfully bumped revision number for resource ebb0bae7-32d3-4ede-b2cb-a0fec9194aa1 (type: security_group_rules) to 0
2026-05-08 11:35:56.907 9 INFO neutron.wsgi [None req-10c8dc35-0e28-4eda-a760-d4fc13cc71c2 218bbd15be3a444093d277758cacb726 14fc402ed2a446019509023134252bf9 - - - -] 10.0.0.118 "POST /v2.0/security-group-rules HTTP/1.1" status: 201 len: 769 time: 0.2352698
2026-05-08 11:35:56.988 9 INFO neutron.services.segments.plugin [-] Segment 2abc0e5d-a82e-4385-a2f3-41feac81f060 resource provider aggregate not found
2026-05-08 11:35:56.993 9 INFO neutron.services.segments.plugin [-] Segment 2abc0e5d-a82e-4385-a2f3-41feac81f060 resource provider aggregate not found
2026-05-08 11:35:57.015 9 INFO neutron.services.segments.plugin [-] Segment 2abc0e5d-a82e-4385-a2f3-41feac81f060 resource provider not found; error: Placement Client Error (4xx): {"errors": [{"status": 404, "title": "Not Found", "detail": "The resource could not be found.\n\n No resource provider with uuid 2abc0e5d-a82e-4385-a2f3-41feac81f060 found for delete ", "request_id": "req-42935ec1-79b2-4522-93f4-684cd80fd8fa"}]}
2026-05-08 11:35:57.015 9 INFO neutron.services.segments.plugin [-] Segment 2abc0e5d-a82e-4385-a2f3-41feac81f060 resource provider not found; error: Placement Client Error (4xx): {"errors": [{"status": 404, "title": "Not Found", "detail": "The resource could not be found.\n\n No resource provider with uuid 2abc0e5d-a82e-4385-a2f3-41feac81f060 found for delete ", "request_id": "req-d59a7e27-e8fd-4a18-ab61-e5849c6b07d1"}]}
2026-05-08 11:35:57.058 10 INFO neutron.wsgi [None req-802b210a-5c24-4ffa-af1d-ef5d85229a31 827affc6e6904b23a2e1ea748c158ea2 e49e5cae375b4709a2f032e2cc14c4be - - - -] 10.0.0.118 "DELETE /v2.0/networks/305ed79b-d5ae-4ec2-80f2-72d587c9569c HTTP/1.1" status: 204 len: 168 time: 0.4312470
2026-05-08 11:35:57.159 9 INFO neutron.db.ovn_revision_numbers_db [None req-37de6724-424c-478c-811d-171a220786c4 218bbd15be3a444093d277758cacb726 14fc402ed2a446019509023134252bf9 - - - -] Successfully bumped revision number for resource 07901a90-b6ab-41d7-9a37-634e87fd7203 (type: security_group_rules) to 0
2026-05-08 11:35:57.192 9 INFO neutron.wsgi [None req-37de6724-424c-478c-811d-171a220786c4 218bbd15be3a444093d277758cacb726 14fc402ed2a446019509023134252bf9 - - - -] 10.0.0.118 "POST /v2.0/security-group-rules HTTP/1.1" status: 201 len: 768 time: 0.2782204
2026-05-08 11:35:57.241 9 INFO neutron.wsgi [None req-cc499ea3-bed2-40ab-b9d0-c1341000b7c9 ad2ef2d4f49d4233b79a56d8fa15edf8 752f1fafd8f848d9bcdb8f3c577b2f8d - - - -] 10.0.0.118 "DELETE /v2.0/security-groups/e5f401a3-4236-4c98-a7bb-2bae651dcbd8 HTTP/1.1" status: 204 len: 168 time: 0.4232974
2026-05-08 11:35:57.266 9 INFO neutron.db.securitygroups_db [None req-2100d8b4-d711-41d7-8b97-a1d4b65612e7 218bbd15be3a444093d277758cacb726 14fc402ed2a446019509023134252bf9 - - - -] Project 14fc402ed2a446019509023134252bf9 added a security group rule with legacy IPv6 ICMP protocol name icmp, ipv6-icmp should be used instead. It was automatically converted.
2026-05-08 11:35:57.395 9 INFO neutron.db.ovn_revision_numbers_db [None req-2100d8b4-d711-41d7-8b97-a1d4b65612e7 218bbd15be3a444093d277758cacb726 14fc402ed2a446019509023134252bf9 - - - -] Successfully bumped revision number for resource 85bc0515-42e4-47d2-8a5c-74d0eeb6750b (type: security_group_rules) to 0
2026-05-08 11:35:57.443 9 INFO neutron.wsgi [None req-2100d8b4-d711-41d7-8b97-a1d4b65612e7 218bbd15be3a444093d277758cacb726 14fc402ed2a446019509023134252bf9 - - - -] 10.0.0.118 "POST /v2.0/security-group-rules HTTP/1.1" status: 201 len: 774 time: 0.2398808
2026-05-08 11:35:57.452 10 INFO neutron.wsgi [None req-719a1552-18cb-4beb-bb57-0fa751c60005 827affc6e6904b23a2e1ea748c158ea2 e49e5cae375b4709a2f032e2cc14c4be - - - -] 10.0.0.118 "DELETE /v2.0/networks/9b43926c-5017-490e-b8c7-2bfe869e3074 HTTP/1.1" status: 204 len: 168 time: 0.3869705
2026-05-08 11:35:57.488 10 INFO neutron.db.securitygroups_db [None req-01a56cc2-1ffc-4e91-983b-4b4028d6e378 218bbd15be3a444093d277758cacb726 14fc402ed2a446019509023134252bf9 - - - -] Project 14fc402ed2a446019509023134252bf9 added a security group rule with legacy IPv6 ICMP protocol name icmp, ipv6-icmp should be used instead. It was automatically converted.
2026-05-08 11:35:57.533 10 INFO neutron.services.segments.plugin [-] Segment d67864a9-dcd7-4470-9db4-331babe78a43 resource provider aggregate not found
2026-05-08 11:35:57.551 10 INFO neutron.services.segments.plugin [-] Segment d67864a9-dcd7-4470-9db4-331babe78a43 resource provider aggregate not found
2026-05-08 11:35:57.557 10 INFO neutron.services.segments.plugin [-] Segment d67864a9-dcd7-4470-9db4-331babe78a43 resource provider not found; error: Placement Client Error (4xx): {"errors": [{"status": 404, "title": "Not Found", "detail": "The resource could not be found.\n\n No resource provider with uuid d67864a9-dcd7-4470-9db4-331babe78a43 found for delete ", "request_id": "req-cfa72e2c-31ee-49a0-a704-0c3ebb9f4125"}]}
2026-05-08 11:35:57.566 10 INFO neutron.services.segments.plugin [-] Segment d67864a9-dcd7-4470-9db4-331babe78a43 resource provider not found; error: Placement Client Error (4xx): {"errors": [{"status": 404, "title": "Not Found", "detail": "The resource could not be found.\n\n No resource provider with uuid d67864a9-dcd7-4470-9db4-331babe78a43 found for delete ", "request_id": "req-3caa3043-59ca-41f8-b373-46b10a5b839c"}]}
2026-05-08 11:35:57.576 10 INFO neutron.services.segments.plugin [-] Segment 44885974-6fe2-4cf6-9696-1d6b69a311b8 resource provider aggregate not found
2026-05-08 11:35:57.581 10 INFO neutron.services.segments.plugin [-] Segment 44885974-6fe2-4cf6-9696-1d6b69a311b8 resource provider aggregate not found
2026-05-08 11:35:57.595 10 INFO neutron.services.segments.plugin [-] Segment 44885974-6fe2-4cf6-9696-1d6b69a311b8 resource provider not found; error: Placement Client Error (4xx): {"errors": [{"status": 404, "title": "Not Found", "detail": "The resource could not be found.\n\n No resource provider with uuid 44885974-6fe2-4cf6-9696-1d6b69a311b8 found for delete ", "request_id": "req-922faad4-9bb6-4fe9-a810-372106d5e0eb"}]}
2026-05-08 11:35:57.609 10 INFO neutron.services.segments.plugin [-] Segment 44885974-6fe2-4cf6-9696-1d6b69a311b8 resource provider not found; error: Placement Client Error (4xx): {"errors": [{"status": 404, "title": "Not Found", "detail": "The resource could not be found.\n\n No resource provider with uuid 44885974-6fe2-4cf6-9696-1d6b69a311b8 found for delete ", "request_id": "req-0845dee1-7526-41db-9d42-6aea0f8c7a96"}]}
2026-05-08 11:35:57.613 10 INFO neutron.services.segments.plugin [-] Segment 095233c2-f571-4b00-8494-19590e3cc258 resource provider aggregate not found
2026-05-08 11:35:57.627 10 INFO neutron.plugins.ml2.drivers.ovn.mech_driver.ovsdb.ovsdb_monitor [None req-b8e8c7d5-b16b-4ec2-be05-c221957ce336 - - - - - -] Router 7b39a4c1-3376-48a3-85c9-53b87e012cbc is bound to host instance
2026-05-08 11:35:57.630 9 INFO neutron.db.ovn_revision_numbers_db [None req-c8e028be-42a8-4750-ad04-f270ea506e95 ad2ef2d4f49d4233b79a56d8fa15edf8 752f1fafd8f848d9bcdb8f3c577b2f8d - - - -] Successfully bumped revision number for resource ebcfd1f2-b0d5-4cfc-be9c-9e3ed00c9a2d (type: router_ports) to 1
2026-05-08 11:35:57.642 10 INFO neutron.services.segments.plugin [-] Segment 095233c2-f571-4b00-8494-19590e3cc258 resource provider aggregate not found
2026-05-08 11:35:57.648 10 INFO neutron.services.segments.plugin [-] Segment 095233c2-f571-4b00-8494-19590e3cc258 resource provider not found; error: Placement Client Error (4xx): {"errors": [{"status": 404, "title": "Not Found", "detail": "The resource could not be found.\n\n No resource provider with uuid 095233c2-f571-4b00-8494-19590e3cc258 found for delete ", "request_id": "req-5702f067-dafe-4273-a19e-95483ea19015"}]}
2026-05-08 11:35:57.661 10 INFO neutron.services.segments.plugin [-] Segment 095233c2-f571-4b00-8494-19590e3cc258 resource provider not found; error: Placement Client Error (4xx): {"errors": [{"status": 404, "title": "Not Found", "detail": "The resource could not be found.\n\n No resource provider with uuid 095233c2-f571-4b00-8494-19590e3cc258 found for delete ", "request_id": "req-54af56e2-5fab-4d1e-b810-d09da1569980"}]}
2026-05-08 11:35:57.687 10 INFO neutron.db.ovn_revision_numbers_db [None req-01a56cc2-1ffc-4e91-983b-4b4028d6e378 218bbd15be3a444093d277758cacb726 14fc402ed2a446019509023134252bf9 - - - -] Successfully bumped revision number for resource d8c922a6-b565-41d6-af1d-1359d69dbace (type: security_group_rules) to 0
2026-05-08 11:35:57.756 9 INFO neutron.db.ovn_revision_numbers_db [None req-c8e028be-42a8-4750-ad04-f270ea506e95 ad2ef2d4f49d4233b79a56d8fa15edf8 752f1fafd8f848d9bcdb8f3c577b2f8d - - - -] Successfully bumped revision number for resource 7b39a4c1-3376-48a3-85c9-53b87e012cbc (type: routers) to 3
2026-05-08 11:35:57.773 9 INFO neutron.wsgi [None req-c8e028be-42a8-4750-ad04-f270ea506e95 ad2ef2d4f49d4233b79a56d8fa15edf8 752f1fafd8f848d9bcdb8f3c577b2f8d - - - -] 10.0.0.118 "POST /v2.0/routers HTTP/1.1" status: 201 len: 874 time: 2.1185384
2026-05-08 11:35:57.993 9 INFO neutron.wsgi [None req-4a8f1111-77bb-4552-ad96-6c3d453171ab 827affc6e6904b23a2e1ea748c158ea2 e49e5cae375b4709a2f032e2cc14c4be - - - -] 10.0.0.118 "DELETE /v2.0/networks/d58e0d0a-42f3-4a66-b2fb-dda66e37364c HTTP/1.1" status: 204 len: 168 time: 0.5355256
2026-05-08 11:35:58.011 10 INFO neutron.wsgi [None req-01a56cc2-1ffc-4e91-983b-4b4028d6e378 218bbd15be3a444093d277758cacb726 14fc402ed2a446019509023134252bf9 - - - -] 10.0.0.118 "POST /v2.0/security-group-rules HTTP/1.1" status: 201 len: 773 time: 0.5574176
2026-05-08 11:35:58.234 9 WARNING neutron.scheduler.dhcp_agent_scheduler [None req-c7d2c021-7f45-4cd1-8b28-fb3c3251c85b ad2ef2d4f49d4233b79a56d8fa15edf8 752f1fafd8f848d9bcdb8f3c577b2f8d - - default default] No more DHCP agents
2026-05-08 11:35:58.236 9 WARNING neutron.api.rpc.agentnotifiers.dhcp_rpc_agent_api [None req-c7d2c021-7f45-4cd1-8b28-fb3c3251c85b ad2ef2d4f49d4233b79a56d8fa15edf8 752f1fafd8f848d9bcdb8f3c577b2f8d - - default default] Unable to schedule network d33a69ac-b57d-4ac3-af34-8af016f87fc1: no agents available; will retry on subsequent port and subnet creation events.
2026-05-08 11:35:58.369 9 INFO neutron.db.ovn_revision_numbers_db [None req-c7d2c021-7f45-4cd1-8b28-fb3c3251c85b ad2ef2d4f49d4233b79a56d8fa15edf8 752f1fafd8f848d9bcdb8f3c577b2f8d - - default default] Successfully bumped revision number for resource b355fd4e-cb6c-49c2-a451-2df3ed3236cc (type: ports) to 1
2026-05-08 11:35:58.471 10 INFO neutron.db.ovn_revision_numbers_db [None req-b8e8c7d5-b16b-4ec2-be05-c221957ce336 - - - - - -] Successfully bumped revision number for resource ebcfd1f2-b0d5-4cfc-be9c-9e3ed00c9a2d (type: ports) to 1
2026-05-08 11:35:58.613 9 INFO neutron.db.ovn_revision_numbers_db [None req-44475edb-1a3e-4953-8439-6fbddd3e31cc 218bbd15be3a444093d277758cacb726 14fc402ed2a446019509023134252bf9 - - - -] Successfully bumped revision number for resource 76e496ff-8bb5-4554-8c38-dc2c49a26170 (type: security_groups) to 1
2026-05-08 11:35:58.642 9 INFO neutron.wsgi [None req-44475edb-1a3e-4953-8439-6fbddd3e31cc 218bbd15be3a444093d277758cacb726 14fc402ed2a446019509023134252bf9 - - - -] 10.0.0.118 "POST /v2.0/security-groups HTTP/1.1" status: 201 len: 1796 time: 0.2147436
2026-05-08 11:35:58.772 10 INFO neutron.db.ovn_revision_numbers_db [None req-b8e8c7d5-b16b-4ec2-be05-c221957ce336 - - - - - -] Successfully bumped revision number for resource ebcfd1f2-b0d5-4cfc-be9c-9e3ed00c9a2d (type: router_ports) to 3
2026-05-08 11:35:58.819 9 INFO neutron.db.ovn_revision_numbers_db [None req-f714c935-ab9d-48c0-960f-e9cc12ad3a1d 218bbd15be3a444093d277758cacb726 14fc402ed2a446019509023134252bf9 - - - -] Successfully bumped revision number for resource 9dbaf6bc-f702-4dc0-9481-23b7c23b853c (type: security_group_rules) to 0
2026-05-08 11:35:58.849 9 INFO neutron.wsgi [None req-f714c935-ab9d-48c0-960f-e9cc12ad3a1d 218bbd15be3a444093d277758cacb726 14fc402ed2a446019509023134252bf9 - - - -] 10.0.0.118 "POST /v2.0/security-group-rules HTTP/1.1" status: 201 len: 764 time: 0.1989675
2026-05-08 11:35:58.851 9 INFO neutron.db.ovn_revision_numbers_db [None req-c7d2c021-7f45-4cd1-8b28-fb3c3251c85b ad2ef2d4f49d4233b79a56d8fa15edf8 752f1fafd8f848d9bcdb8f3c577b2f8d - - default default] Successfully bumped revision number for resource b355fd4e-cb6c-49c2-a451-2df3ed3236cc (type: router_ports) to 2
2026-05-08 11:35:58.954 10 INFO neutron.db.ovn_revision_numbers_db [None req-b8e8c7d5-b16b-4ec2-be05-c221957ce336 - - - - - -] Successfully bumped revision number for resource ebcfd1f2-b0d5-4cfc-be9c-9e3ed00c9a2d (type: ports) to 2
2026-05-08 11:35:59.024 10 INFO neutron.db.ovn_revision_numbers_db [None req-66d4dec4-7d8b-443d-9d69-aee0a6831ec1 218bbd15be3a444093d277758cacb726 14fc402ed2a446019509023134252bf9 - - - -] Successfully bumped revision number for resource 1b9efaf8-23b9-478c-98fe-4f1ee9042d6a (type: security_group_rules) to 0
2026-05-08 11:35:59.059 10 INFO neutron.wsgi [None req-66d4dec4-7d8b-443d-9d69-aee0a6831ec1 218bbd15be3a444093d277758cacb726 14fc402ed2a446019509023134252bf9 - - - -] 10.0.0.118 "POST /v2.0/security-group-rules HTTP/1.1" status: 201 len: 769 time: 0.2041240
2026-05-08 11:35:59.265 10 INFO neutron.db.ovn_revision_numbers_db [None req-b8e8c7d5-b16b-4ec2-be05-c221957ce336 - - - - - -] Successfully bumped revision number for resource ebcfd1f2-b0d5-4cfc-be9c-9e3ed00c9a2d (type: ports) to 4
2026-05-08 11:35:59.311 9 INFO neutron.services.segments.plugin [-] Segment 589c39c4-717b-4631-bf24-1ec047900ba6 resource provider aggregate not found
2026-05-08 11:35:59.319 9 INFO neutron.services.segments.plugin [-] Segment 589c39c4-717b-4631-bf24-1ec047900ba6 resource provider aggregate not found
2026-05-08 11:35:59.331 9 INFO neutron.services.segments.plugin [-] Segment 589c39c4-717b-4631-bf24-1ec047900ba6 resource provider not found; error: Placement Client Error (4xx): {"errors": [{"status": 404, "title": "Not Found", "detail": "The resource could not be found.\n\n No resource provider with uuid 589c39c4-717b-4631-bf24-1ec047900ba6 found for delete ", "request_id": "req-7c4bcd1c-6a09-4a8b-80d3-073fbeb56a08"}]}
2026-05-08 11:35:59.339 9 INFO neutron.services.segments.plugin [-] Segment 589c39c4-717b-4631-bf24-1ec047900ba6 resource provider not found; error: Placement Client Error (4xx): {"errors": [{"status": 404, "title": "Not Found", "detail": "The resource could not be found.\n\n No resource provider with uuid 589c39c4-717b-4631-bf24-1ec047900ba6 found for delete ", "request_id": "req-725fbdbf-fe37-4a0c-b6c6-f1e061343359"}]}
2026-05-08 11:35:59.358 9 INFO neutron.db.ovn_revision_numbers_db [None req-c7d2c021-7f45-4cd1-8b28-fb3c3251c85b ad2ef2d4f49d4233b79a56d8fa15edf8 752f1fafd8f848d9bcdb8f3c577b2f8d - - default default] Successfully bumped revision number for resource b355fd4e-cb6c-49c2-a451-2df3ed3236cc (type: ports) to 2
2026-05-08 11:35:59.408 9 INFO neutron.db.ovn_revision_numbers_db [None req-b6f724d9-b81d-48a5-ab5b-0e6bc3dacf1f ad2ef2d4f49d4233b79a56d8fa15edf8 752f1fafd8f848d9bcdb8f3c577b2f8d - - default default] Successfully bumped revision number for resource e0b9eec5-8808-4d28-abe0-bd710d6b8323 (type: security_groups) to 1
2026-05-08 11:35:59.433 9 INFO neutron.wsgi [None req-b6f724d9-b81d-48a5-ab5b-0e6bc3dacf1f ad2ef2d4f49d4233b79a56d8fa15edf8 752f1fafd8f848d9bcdb8f3c577b2f8d - - default default] 10.0.0.118 "GET /v2.0/security-groups?tenant_id=4ee960ec32e24815bce3fe922997a959&name=default HTTP/1.1" status: 200 len: 2996 time: 0.7110925
2026-05-08 11:35:59.438 10 WARNING neutron.scheduler.dhcp_agent_scheduler [None req-883dce33-c697-4ab9-98dd-f8569752f550 218bbd15be3a444093d277758cacb726 14fc402ed2a446019509023134252bf9 - - - -] No more DHCP agents
2026-05-08 11:35:59.439 9 WARNING neutron.scheduler.dhcp_agent_scheduler [None req-c7d2c021-7f45-4cd1-8b28-fb3c3251c85b ad2ef2d4f49d4233b79a56d8fa15edf8 752f1fafd8f848d9bcdb8f3c577b2f8d - - default default] No more DHCP agents
2026-05-08 11:35:59.440 10 WARNING neutron.api.rpc.agentnotifiers.dhcp_rpc_agent_api [None req-883dce33-c697-4ab9-98dd-f8569752f550 218bbd15be3a444093d277758cacb726 14fc402ed2a446019509023134252bf9 - - - -] Unable to schedule network 96609578-509a-4167-890d-6aaf298cb6e2: no agents available; will retry on subsequent port and subnet creation events.
2026-05-08 11:35:59.440 9 WARNING neutron.api.rpc.agentnotifiers.dhcp_rpc_agent_api [None req-c7d2c021-7f45-4cd1-8b28-fb3c3251c85b ad2ef2d4f49d4233b79a56d8fa15edf8 752f1fafd8f848d9bcdb8f3c577b2f8d - - default default] Unable to schedule network d33a69ac-b57d-4ac3-af34-8af016f87fc1: no agents available; will retry on subsequent port and subnet creation events.
2026-05-08 11:35:59.580 10 INFO neutron.db.ovn_revision_numbers_db [None req-b8e8c7d5-b16b-4ec2-be05-c221957ce336 - - - - - -] Successfully bumped revision number for resource ebcfd1f2-b0d5-4cfc-be9c-9e3ed00c9a2d (type: router_ports) to 4
2026-05-08 11:35:59.696 9 INFO neutron.wsgi [None req-dfaff6d8-b80b-4fc9-af5e-41814841c55d ad2ef2d4f49d4233b79a56d8fa15edf8 752f1fafd8f848d9bcdb8f3c577b2f8d - - - -] 10.0.0.118 "DELETE /v2.0/security-groups/e0b9eec5-8808-4d28-abe0-bd710d6b8323 HTTP/1.1" status: 204 len: 168 time: 0.2539594
2026-05-08 11:35:59.780 10 INFO neutron.db.ovn_revision_numbers_db [None req-883dce33-c697-4ab9-98dd-f8569752f550 218bbd15be3a444093d277758cacb726 14fc402ed2a446019509023134252bf9 - - - -] Successfully bumped revision number for resource a8fca03a-d76e-4b55-a861-bc322835e310 (type: floatingips) to 0
2026-05-08 11:35:59.797 10 INFO neutron.wsgi [None req-883dce33-c697-4ab9-98dd-f8569752f550 218bbd15be3a444093d277758cacb726 14fc402ed2a446019509023134252bf9 - - - -] 10.0.0.118 "POST /v2.0/floatingips HTTP/1.1" status: 201 len: 751 time: 0.7299449
2026-05-08 11:35:59.862 10 WARNING neutron.plugins.ml2.drivers.ovn.mech_driver.ovsdb.ovn_client [None req-7d5c2bca-e84f-45b4-a6f8-9a56b10cad9b - - - - - -] No hosting information found for port c475e475-84a3-4537-a60c-824fc6e1b99e: RuntimeError: No hosting information found for port c475e475-84a3-4537-a60c-824fc6e1b99e
2026-05-08 11:35:59.863 10 INFO neutron.plugins.ml2.drivers.ovn.mech_driver.mech_driver [None req-7d5c2bca-e84f-45b4-a6f8-9a56b10cad9b - - - - - -] OVN reports status up for port: ebcfd1f2-b0d5-4cfc-be9c-9e3ed00c9a2d
2026-05-08 11:35:59.874 10 INFO neutron.plugins.ml2.plugin [None req-7d5c2bca-e84f-45b4-a6f8-9a56b10cad9b - - - - - -] Attempt 1 to provision port ebcfd1f2-b0d5-4cfc-be9c-9e3ed00c9a2d
2026-05-08 11:35:59.921 9 INFO neutron.db.ovn_revision_numbers_db [None req-635849fc-ae4c-4f99-a7ca-659f954ebaf6 ad2ef2d4f49d4233b79a56d8fa15edf8 752f1fafd8f848d9bcdb8f3c577b2f8d - - default default] Successfully bumped revision number for resource 8f353ad2-e467-4c7a-9296-cdd78311f44f (type: security_groups) to 1
2026-05-08 11:35:59.921 10 INFO neutron.wsgi [req-987eb755-3674-49bd-97de-114c654c05ba req-ad914911-bb26-4613-8ee7-6065a5ecfb91 218bbd15be3a444093d277758cacb726 14fc402ed2a446019509023134252bf9 - - default default] 10.0.0.76 "GET /v2.0/security-groups?name=tempest-secgroup-smoke-1583023257&fields=id&tenant_id=14fc402ed2a446019509023134252bf9 HTTP/1.1" status: 200 len: 267 time: 0.0334332
2026-05-08 11:35:59.949 9 INFO neutron.wsgi [None req-635849fc-ae4c-4f99-a7ca-659f954ebaf6 ad2ef2d4f49d4233b79a56d8fa15edf8 752f1fafd8f848d9bcdb8f3c577b2f8d - - default default] 10.0.0.118 "GET /v2.0/security-groups?tenant_id=97960c908a6d474f9ab328086dc5d004&name=default HTTP/1.1" status: 200 len: 2996 time: 0.1617577
2026-05-08 11:35:59.984 10 INFO neutron.wsgi [req-987eb755-3674-49bd-97de-114c654c05ba req-c812bea1-04b7-40d4-9472-5770a6ae9086 218bbd15be3a444093d277758cacb726 14fc402ed2a446019509023134252bf9 - - default default] 10.0.0.76 "GET /v2.0/security-groups?name=tempest-securitygroup--300747304&fields=id&tenant_id=14fc402ed2a446019509023134252bf9 HTTP/1.1" status: 200 len: 267 time: 0.0450902
2026-05-08 11:35:59.993 10 INFO neutron.plugins.ml2.drivers.ovn.mech_driver.mech_driver [None req-7d5c2bca-e84f-45b4-a6f8-9a56b10cad9b - - - - - -] OVN reports status up for port: b355fd4e-cb6c-49c2-a451-2df3ed3236cc
2026-05-08 11:36:00.012 10 INFO neutron.plugins.ml2.plugin [None req-7d5c2bca-e84f-45b4-a6f8-9a56b10cad9b - - - - - -] Attempt 1 to provision port b355fd4e-cb6c-49c2-a451-2df3ed3236cc
2026-05-08 11:36:00.080 10 INFO neutron.wsgi [req-987eb755-3674-49bd-97de-114c654c05ba req-ae04952c-cc80-406b-b4f3-b4a5995837bb 218bbd15be3a444093d277758cacb726 14fc402ed2a446019509023134252bf9 - - default default] 10.0.0.76 "GET /v2.0/networks?id=7e63c3f3-a0b2-4386-aecf-e5e6cdef45c7 HTTP/1.1" status: 200 len: 870 time: 0.0893178
2026-05-08 11:36:00.110 10 INFO neutron.wsgi [req-987eb755-3674-49bd-97de-114c654c05ba req-6b015552-5358-4970-ba81-542b5dd733ae 218bbd15be3a444093d277758cacb726 14fc402ed2a446019509023134252bf9 - - default default] 10.0.0.76 "GET /v2.0/quotas/14fc402ed2a446019509023134252bf9 HTTP/1.1" status: 200 len: 386 time: 0.0212433
2026-05-08 11:36:00.119 9 INFO neutron.db.ovn_revision_numbers_db [None req-c7d2c021-7f45-4cd1-8b28-fb3c3251c85b ad2ef2d4f49d4233b79a56d8fa15edf8 752f1fafd8f848d9bcdb8f3c577b2f8d - - - -] Successfully bumped revision number for resource b355fd4e-cb6c-49c2-a451-2df3ed3236cc (type: router_ports) to 2
2026-05-08 11:36:00.122 9 INFO neutron.wsgi [None req-c7d2c021-7f45-4cd1-8b28-fb3c3251c85b ad2ef2d4f49d4233b79a56d8fa15edf8 752f1fafd8f848d9bcdb8f3c577b2f8d - - - -] 10.0.0.118 "PUT /v2.0/routers/7b39a4c1-3376-48a3-85c9-53b87e012cbc/add_router_interface HTTP/1.1" status: 200 len: 503 time: 2.3415184
2026-05-08 11:36:00.229 10 INFO neutron.wsgi [req-987eb755-3674-49bd-97de-114c654c05ba req-390b6cc3-f0a6-4bd3-9087-7af349197884 218bbd15be3a444093d277758cacb726 14fc402ed2a446019509023134252bf9 - - default default] 10.0.0.76 "GET /v2.0/ports?tenant_id=14fc402ed2a446019509023134252bf9&fields=id HTTP/1.1" status: 200 len: 302 time: 0.1127388
2026-05-08 11:36:00.305 10 INFO neutron.wsgi [None req-8db0cb3b-a86a-42be-9631-fd1e201f809e ad2ef2d4f49d4233b79a56d8fa15edf8 752f1fafd8f848d9bcdb8f3c577b2f8d - - - -] 10.0.0.118 "DELETE /v2.0/security-groups/8f353ad2-e467-4c7a-9296-cdd78311f44f HTTP/1.1" status: 204 len: 168 time: 0.3479228
2026-05-08 11:36:00.316 10 INFO neutron.wsgi [req-987eb755-3674-49bd-97de-114c654c05ba req-6028157b-f46e-4092-9f42-f652d8498e5f a9d5cd7a9ecd49f99c49a434029a20a5 106c2c00120c40afa39eea2f06d84c86 - - ec09183e480e46429bd1fc26174dcdbd ec09183e480e46429bd1fc26174dcdbd] 10.0.0.76 "GET /v2.0/networks/7e63c3f3-a0b2-4386-aecf-e5e6cdef45c7?fields=segments HTTP/1.1" status: 200 len: 212 time: 0.0746477
2026-05-08 11:36:00.536 9 INFO neutron.wsgi [None req-7a1d9731-0f4e-45ad-b445-4cab4a52fa0d ad2ef2d4f49d4233b79a56d8fa15edf8 752f1fafd8f848d9bcdb8f3c577b2f8d - - default default] 10.0.0.118 "GET /v2.0/security-groups?tenant_id=e49e5cae375b4709a2f032e2cc14c4be&name=default HTTP/1.1" status: 200 len: 2996 time: 0.0830576
2026-05-08 11:36:00.690 10 INFO neutron.wsgi [req-987eb755-3674-49bd-97de-114c654c05ba req-64313220-7f9a-479f-840f-373ffbdc3253 a9d5cd7a9ecd49f99c49a434029a20a5 106c2c00120c40afa39eea2f06d84c86 - - ec09183e480e46429bd1fc26174dcdbd ec09183e480e46429bd1fc26174dcdbd] 10.0.0.76 "GET /v2.0/networks/7e63c3f3-a0b2-4386-aecf-e5e6cdef45c7?fields=provider%3Aphysical_network&fields=provider%3Anetwork_type HTTP/1.1" status: 200 len: 277 time: 0.3656378
2026-05-08 11:36:00.691 10 INFO neutron.db.ovn_revision_numbers_db [None req-7d5c2bca-e84f-45b4-a6f8-9a56b10cad9b - - - - - -] Successfully bumped revision number for resource b355fd4e-cb6c-49c2-a451-2df3ed3236cc (type: ports) to 3
2026-05-08 11:36:00.716 9 INFO neutron.wsgi [None req-f66a6097-e62c-46ab-9da0-3cdee59d32f2 ad2ef2d4f49d4233b79a56d8fa15edf8 752f1fafd8f848d9bcdb8f3c577b2f8d - - - -] 10.0.0.118 "DELETE /v2.0/security-groups/8a9fa215-4af1-43cd-b047-023a29e335b3 HTTP/1.1" status: 204 len: 168 time: 0.1744101
2026-05-08 11:36:00.795 10 INFO neutron.db.ovn_revision_numbers_db [None req-7d5c2bca-e84f-45b4-a6f8-9a56b10cad9b - - - - - -] Successfully bumped revision number for resource b355fd4e-cb6c-49c2-a451-2df3ed3236cc (type: router_ports) to 3
2026-05-08 11:36:00.875 10 INFO neutron.wsgi [req-78502a8e-0b59-42c7-9637-72ea473ca296 req-c32e6df7-3c99-46bc-8694-71ddd865b6a3 218bbd15be3a444093d277758cacb726 14fc402ed2a446019509023134252bf9 - - default default] 10.0.0.76 "GET /v2.0/ports?device_id=eeceba88-0063-4d1a-8960-f86818de0772 HTTP/1.1" status: 200 len: 210 time: 0.0219488
2026-05-08 11:36:01.158 9 INFO neutron.db.ovn_revision_numbers_db [None req-f26b09a6-02c3-4d28-8655-f05cb2a1813f ad2ef2d4f49d4233b79a56d8fa15edf8 752f1fafd8f848d9bcdb8f3c577b2f8d - - default default] Successfully bumped revision number for resource 88d20ead-3ad3-46e1-9df2-6af783e25f5e (type: security_groups) to 1
2026-05-08 11:36:01.181 9 INFO neutron.wsgi [None req-f26b09a6-02c3-4d28-8655-f05cb2a1813f ad2ef2d4f49d4233b79a56d8fa15edf8 752f1fafd8f848d9bcdb8f3c577b2f8d - - default default] 10.0.0.118 "GET /v2.0/security-groups?tenant_id=e920804e4b994a048b40f388e65b2a0b&name=default HTTP/1.1" status: 200 len: 2996 time: 0.3327682
2026-05-08 11:36:01.370 9 INFO neutron.wsgi [None req-9013946b-2882-4057-8004-ecc907d8345a ad2ef2d4f49d4233b79a56d8fa15edf8 752f1fafd8f848d9bcdb8f3c577b2f8d - - - -] 10.0.0.118 "DELETE /v2.0/security-groups/88d20ead-3ad3-46e1-9df2-6af783e25f5e HTTP/1.1" status: 204 len: 168 time: 0.1829293
2026-05-08 11:36:01.594 9 INFO neutron.db.ovn_revision_numbers_db [None req-a4a72202-b3a2-4536-9f1d-0d604d9895c2 ad2ef2d4f49d4233b79a56d8fa15edf8 752f1fafd8f848d9bcdb8f3c577b2f8d - - default default] Successfully bumped revision number for resource dbdf10b4-4e52-466d-ae42-2645102c6bde (type: security_groups) to 1
2026-05-08 11:36:01.615 9 INFO neutron.wsgi [None req-a4a72202-b3a2-4536-9f1d-0d604d9895c2 ad2ef2d4f49d4233b79a56d8fa15edf8 752f1fafd8f848d9bcdb8f3c577b2f8d - - default default] 10.0.0.118 "GET /v2.0/security-groups?tenant_id=bb7408fa59d9487dbee9454904a8da62&name=default HTTP/1.1" status: 200 len: 2996 time: 0.1331019
2026-05-08 11:36:01.618 10 INFO neutron.wsgi [req-987eb755-3674-49bd-97de-114c654c05ba req-e6112544-0a8f-4fe5-8ffa-ad3da64347c3 218bbd15be3a444093d277758cacb726 14fc402ed2a446019509023134252bf9 - - default default] 199.19.213.185 "GET /v2.0/networks?id=7e63c3f3-a0b2-4386-aecf-e5e6cdef45c7 HTTP/1.1" status: 200 len: 870 time: 0.0920775
2026-05-08 11:36:01.677 10 INFO neutron.wsgi [req-987eb755-3674-49bd-97de-114c654c05ba req-9db16952-f66f-435c-b930-cb321450fa94 218bbd15be3a444093d277758cacb726 14fc402ed2a446019509023134252bf9 - - default default] 199.19.213.185 "GET /v2.0/security-groups?fields=id&fields=name&tenant_id=14fc402ed2a446019509023134252bf9 HTTP/1.1" status: 200 len: 472 time: 0.0501080
2026-05-08 11:36:01.820 9 INFO neutron.wsgi [None req-49ed2472-fefb-47bb-b7c7-fb547d0dc7d0 ad2ef2d4f49d4233b79a56d8fa15edf8 752f1fafd8f848d9bcdb8f3c577b2f8d - - - -] 10.0.0.118 "DELETE /v2.0/security-groups/dbdf10b4-4e52-466d-ae42-2645102c6bde HTTP/1.1" status: 204 len: 168 time: 0.1984510
2026-05-08 11:36:01.993 10 INFO neutron.wsgi [req-87c18f4b-b462-4722-a271-44cd79dbea88 req-12165005-6f43-462c-a243-c9afddfa36b5 218bbd15be3a444093d277758cacb726 14fc402ed2a446019509023134252bf9 - - default default] 10.0.0.76 "GET /v2.0/ports?device_id=eeceba88-0063-4d1a-8960-f86818de0772 HTTP/1.1" status: 200 len: 210 time: 0.0434129
2026-05-08 11:36:02.092 10 WARNING neutron.scheduler.dhcp_agent_scheduler [None req-db51d596-87ef-4a0c-82e4-9a3d79686279 218bbd15be3a444093d277758cacb726 14fc402ed2a446019509023134252bf9 - - - -] No more DHCP agents
2026-05-08 11:36:02.096 10 WARNING neutron.api.rpc.agentnotifiers.dhcp_rpc_agent_api [None req-db51d596-87ef-4a0c-82e4-9a3d79686279 218bbd15be3a444093d277758cacb726 14fc402ed2a446019509023134252bf9 - - - -] Unable to schedule network 7e63c3f3-a0b2-4386-aecf-e5e6cdef45c7: no agents available; will retry on subsequent port and subnet creation events.
2026-05-08 11:36:02.303 10 INFO neutron.db.ovn_revision_numbers_db [None req-db51d596-87ef-4a0c-82e4-9a3d79686279 218bbd15be3a444093d277758cacb726 14fc402ed2a446019509023134252bf9 - - - -] Successfully bumped revision number for resource 002a6653-70d8-4a4a-804a-196f43fc5b92 (type: ports) to 1
2026-05-08 11:36:02.327 10 INFO neutron.wsgi [None req-db51d596-87ef-4a0c-82e4-9a3d79686279 218bbd15be3a444093d277758cacb726 14fc402ed2a446019509023134252bf9 - - - -] 199.19.213.185 "POST /v2.0/ports HTTP/1.1" status: 201 len: 1197 time: 0.6428099 /var/lib/openstack/lib/python3.10/site-packages/pycadf/identifier.py:71: UserWarning: Invalid uuid: neutron. To ensure interoperability, identifiers should be a valid uuid. warnings.warn(('Invalid uuid: %s. To ensure interoperability, '
2026-05-08 11:36:02.558 10 INFO neutron.wsgi [req-2f16ac66-e90c-48de-80b0-4f622bb7da2a req-4a133098-a14b-4637-a9b1-69d60c94d339 547f8a57c83649c4885011789d346f22 fafeb893796a4697a1149eefe3d12d40 - - default default] 10.0.0.76 "GET /v2.0/networks?id=d33a69ac-b57d-4ac3-af34-8af016f87fc1 HTTP/1.1" status: 200 len: 872 time: 0.0927384
2026-05-08 11:36:02.577 10 INFO neutron.wsgi [req-2f16ac66-e90c-48de-80b0-4f622bb7da2a req-0635f2c7-7555-4cdd-9264-c8767150b0b7 547f8a57c83649c4885011789d346f22 fafeb893796a4697a1149eefe3d12d40 - - default default] 10.0.0.76 "GET /v2.0/quotas/fafeb893796a4697a1149eefe3d12d40 HTTP/1.1" status: 200 len: 386 time: 0.0119944
2026-05-08 11:36:02.693 10 INFO neutron.wsgi [req-2f16ac66-e90c-48de-80b0-4f622bb7da2a req-934318c7-4f81-4552-9ef5-af93453bb586 547f8a57c83649c4885011789d346f22 fafeb893796a4697a1149eefe3d12d40 - - default default] 10.0.0.76 "GET /v2.0/ports?tenant_id=fafeb893796a4697a1149eefe3d12d40&fields=id HTTP/1.1" status: 200 len: 302 time: 0.1043928 /var/lib/openstack/lib/python3.10/site-packages/pycadf/identifier.py:71: UserWarning: Invalid uuid: neutron. To ensure interoperability, identifiers should be a valid uuid. warnings.warn(('Invalid uuid: %s. To ensure interoperability, '
2026-05-08 11:36:02.791 10 INFO neutron.wsgi [req-2f16ac66-e90c-48de-80b0-4f622bb7da2a req-c21599bf-5282-4a84-8c5d-c67fd573df75 a9d5cd7a9ecd49f99c49a434029a20a5 106c2c00120c40afa39eea2f06d84c86 - - ec09183e480e46429bd1fc26174dcdbd ec09183e480e46429bd1fc26174dcdbd] 10.0.0.76 "GET /v2.0/networks/d33a69ac-b57d-4ac3-af34-8af016f87fc1?fields=segments HTTP/1.1" status: 200 len: 212 time: 0.0884824
2026-05-08 11:36:02.852 10 INFO neutron.db.ovn_revision_numbers_db [None req-a340e9b2-7d22-4868-aa3e-38e6304d5ffe a9d5cd7a9ecd49f99c49a434029a20a5 106c2c00120c40afa39eea2f06d84c86 - - - -] Successfully bumped revision number for resource 002a6653-70d8-4a4a-804a-196f43fc5b92 (type: ports) to 2
2026-05-08 11:36:02.862 10 INFO neutron.wsgi [req-2f16ac66-e90c-48de-80b0-4f622bb7da2a req-d075fe73-0427-4354-bd41-d9b15c389e2c a9d5cd7a9ecd49f99c49a434029a20a5 106c2c00120c40afa39eea2f06d84c86 - - ec09183e480e46429bd1fc26174dcdbd ec09183e480e46429bd1fc26174dcdbd] 10.0.0.76 "GET /v2.0/networks/d33a69ac-b57d-4ac3-af34-8af016f87fc1?fields=provider%3Aphysical_network&fields=provider%3Anetwork_type HTTP/1.1" status: 200 len: 277 time: 0.0637274 /var/lib/openstack/lib/python3.10/site-packages/pycadf/identifier.py:71: UserWarning: Invalid uuid: neutron. To ensure interoperability, identifiers should be a valid uuid. warnings.warn(('Invalid uuid: %s. To ensure interoperability, '
2026-05-08 11:36:03.010 10 INFO neutron.wsgi [req-b3c82283-d533-43f9-9be9-479a6dea5ccc req-6ea8e253-21c9-4f1e-9c2e-e869a55da8a4 547f8a57c83649c4885011789d346f22 fafeb893796a4697a1149eefe3d12d40 - - default default] 10.0.0.76 "GET /v2.0/ports?device_id=ff2ad5de-e674-4b6f-a4ac-76cfbe69bfd6 HTTP/1.1" status: 200 len: 210 time: 0.0211594
2026-05-08 11:36:03.032 10 INFO neutron.db.ovn_revision_numbers_db [None req-a340e9b2-7d22-4868-aa3e-38e6304d5ffe a9d5cd7a9ecd49f99c49a434029a20a5 106c2c00120c40afa39eea2f06d84c86 - - - -] Successfully bumped revision number for resource 002a6653-70d8-4a4a-804a-196f43fc5b92 (type: ports) to 2
2026-05-08 11:36:03.053 10 INFO neutron.wsgi [None req-a340e9b2-7d22-4868-aa3e-38e6304d5ffe a9d5cd7a9ecd49f99c49a434029a20a5 106c2c00120c40afa39eea2f06d84c86 - - - -] 199.19.213.185 "PUT /v2.0/ports/002a6653-70d8-4a4a-804a-196f43fc5b92 HTTP/1.1" status: 200 len: 1367 time: 0.7178648
2026-05-08 11:36:03.101 10 INFO neutron.wsgi [req-7d886b97-e7e3-40cc-be6c-acda269f14fd req-5c6227f2-fc51-400e-9af7-2527062712da 218bbd15be3a444093d277758cacb726 14fc402ed2a446019509023134252bf9 - - default default] 10.0.0.76 "GET /v2.0/ports?device_id=eeceba88-0063-4d1a-8960-f86818de0772 HTTP/1.1" status: 200 len: 1208 time: 0.0379531
2026-05-08 11:36:03.108 10 INFO neutron.notifiers.nova [-] Nova event matching ['req-6cef5c5c-5b96-4bca-b011-9dfa4a9ceb39'] response: {'name': 'network-changed', 'server_uuid': 'eeceba88-0063-4d1a-8960-f86818de0772', 'tag': '002a6653-70d8-4a4a-804a-196f43fc5b92', 'status': 'completed', 'code': 200}
2026-05-08 11:36:03.130 10 INFO neutron.wsgi [req-987eb755-3674-49bd-97de-114c654c05ba req-9163a0b3-f996-4f4b-a78f-0e6c79fbf022 a9d5cd7a9ecd49f99c49a434029a20a5 106c2c00120c40afa39eea2f06d84c86 - - ec09183e480e46429bd1fc26174dcdbd ec09183e480e46429bd1fc26174dcdbd] 199.19.213.185 "GET /v2.0/ports?tenant_id=14fc402ed2a446019509023134252bf9&device_id=eeceba88-0063-4d1a-8960-f86818de0772 HTTP/1.1" status: 200 len: 1398 time: 0.0279970
2026-05-08 11:36:03.163 10 INFO neutron.wsgi [req-987eb755-3674-49bd-97de-114c654c05ba req-554cb1a4-5130-4ea3-8f00-6b66e737a4a5 a9d5cd7a9ecd49f99c49a434029a20a5 106c2c00120c40afa39eea2f06d84c86 - - ec09183e480e46429bd1fc26174dcdbd ec09183e480e46429bd1fc26174dcdbd] 199.19.213.185 "GET /v2.0/floatingips?fixed_ip_address=10.100.0.7&port_id=002a6653-70d8-4a4a-804a-196f43fc5b92 HTTP/1.1" status: 200 len: 217 time: 0.0255864
2026-05-08 11:36:03.174 10 INFO neutron.wsgi [req-7d886b97-e7e3-40cc-be6c-acda269f14fd req-b21d8780-8337-4a82-a03f-bf0eb924d93e 218bbd15be3a444093d277758cacb726 14fc402ed2a446019509023134252bf9 - - default default] 10.0.0.76 "GET /v2.0/security-groups?id=7ceaa9b0-f526-4c11-bf38-5fec9f30f7e9&id=76e496ff-8bb5-4554-8c38-dc2c49a26170&fields=id&fields=name HTTP/1.1" status: 200 len: 405 time: 0.0655303
2026-05-08 11:36:03.199 10 INFO neutron.wsgi [req-987eb755-3674-49bd-97de-114c654c05ba req-c070ce9d-191e-443e-921e-3530545e4748 a9d5cd7a9ecd49f99c49a434029a20a5 106c2c00120c40afa39eea2f06d84c86 - - ec09183e480e46429bd1fc26174dcdbd ec09183e480e46429bd1fc26174dcdbd] 199.19.213.185 "GET /v2.0/subnets?id=fbc6385d-fd1d-4a81-8ff3-819beef11160 HTTP/1.1" status: 200 len: 864 time: 0.0285776
2026-05-08 11:36:03.223 10 INFO neutron.wsgi [req-987eb755-3674-49bd-97de-114c654c05ba req-26339d53-430e-4174-b053-ba9eea829f58 a9d5cd7a9ecd49f99c49a434029a20a5 106c2c00120c40afa39eea2f06d84c86 - - ec09183e480e46429bd1fc26174dcdbd ec09183e480e46429bd1fc26174dcdbd] 199.19.213.185 "GET /v2.0/ports?network_id=7e63c3f3-a0b2-4386-aecf-e5e6cdef45c7&device_owner=network%3Adhcp HTTP/1.1" status: 200 len: 210 time: 0.0185246
2026-05-08 11:36:03.306 10 INFO neutron.wsgi [req-987eb755-3674-49bd-97de-114c654c05ba req-13ea46c8-665d-470b-9b13-f6e83183fc9f a9d5cd7a9ecd49f99c49a434029a20a5 106c2c00120c40afa39eea2f06d84c86 - - ec09183e480e46429bd1fc26174dcdbd ec09183e480e46429bd1fc26174dcdbd] 199.19.213.185 "GET /v2.0/networks/7e63c3f3-a0b2-4386-aecf-e5e6cdef45c7?fields=segments HTTP/1.1" status: 200 len: 212 time: 0.0766089
2026-05-08 11:36:03.369 10 INFO neutron.wsgi [req-987eb755-3674-49bd-97de-114c654c05ba req-6a7a48f1-a7df-46c1-a0e9-418dbb0770f0 a9d5cd7a9ecd49f99c49a434029a20a5 106c2c00120c40afa39eea2f06d84c86 - - ec09183e480e46429bd1fc26174dcdbd ec09183e480e46429bd1fc26174dcdbd] 199.19.213.185 "GET /v2.0/networks/7e63c3f3-a0b2-4386-aecf-e5e6cdef45c7?fields=provider%3Aphysical_network&fields=provider%3Anetwork_type HTTP/1.1" status: 200 len: 277 time: 0.0557795
2026-05-08 11:36:03.463 10 INFO neutron.wsgi [req-0172c206-1b88-4e5f-9d77-c9b086d227dd req-a88f261c-1fac-412a-9bd6-1cbe06e26177 a9d5cd7a9ecd49f99c49a434029a20a5 106c2c00120c40afa39eea2f06d84c86 - - ec09183e480e46429bd1fc26174dcdbd ec09183e480e46429bd1fc26174dcdbd] 199.19.213.185 "GET /v2.0/ports?tenant_id=14fc402ed2a446019509023134252bf9&device_id=eeceba88-0063-4d1a-8960-f86818de0772 HTTP/1.1" status: 200 len: 1398 time: 0.0330350
2026-05-08 11:36:03.513 10 INFO neutron.wsgi [req-0172c206-1b88-4e5f-9d77-c9b086d227dd req-a26f11c6-3890-4d7f-8c00-1c68e3e78a0b a9d5cd7a9ecd49f99c49a434029a20a5 106c2c00120c40afa39eea2f06d84c86 - - ec09183e480e46429bd1fc26174dcdbd ec09183e480e46429bd1fc26174dcdbd] 199.19.213.185 "GET /v2.0/networks?id=7e63c3f3-a0b2-4386-aecf-e5e6cdef45c7 HTTP/1.1" status: 200 len: 969 time: 0.0452867
2026-05-08 11:36:03.564 10 INFO neutron.wsgi [req-0172c206-1b88-4e5f-9d77-c9b086d227dd req-b520e830-7960-4a3f-849b-f70f73f3c677 a9d5cd7a9ecd49f99c49a434029a20a5 106c2c00120c40afa39eea2f06d84c86 - - ec09183e480e46429bd1fc26174dcdbd ec09183e480e46429bd1fc26174dcdbd] 199.19.213.185 "GET /v2.0/floatingips?fixed_ip_address=10.100.0.7&port_id=002a6653-70d8-4a4a-804a-196f43fc5b92 HTTP/1.1" status: 200 len: 217 time: 0.0267611
2026-05-08 11:36:03.614 10 INFO neutron.wsgi [req-0172c206-1b88-4e5f-9d77-c9b086d227dd req-4d288675-9039-4389-9d72-8b02236dcd8f a9d5cd7a9ecd49f99c49a434029a20a5 106c2c00120c40afa39eea2f06d84c86 - - ec09183e480e46429bd1fc26174dcdbd ec09183e480e46429bd1fc26174dcdbd] 199.19.213.185 "GET /v2.0/subnets?id=fbc6385d-fd1d-4a81-8ff3-819beef11160 HTTP/1.1" status: 200 len: 864 time: 0.0462825
2026-05-08 11:36:03.618 10 INFO neutron.wsgi [req-e1cd78c9-1c27-4f3e-ae7b-2dd61b056ea9 req-a6ea031b-8d42-4b62-97fe-64db3bab047d a9d5cd7a9ecd49f99c49a434029a20a5 106c2c00120c40afa39eea2f06d84c86 - - ec09183e480e46429bd1fc26174dcdbd ec09183e480e46429bd1fc26174dcdbd] 199.19.213.185 "GET /v2.0/ports?device_id=eeceba88-0063-4d1a-8960-f86818de0772 HTTP/1.1" status: 200 len: 1398 time: 0.0291047
2026-05-08 11:36:03.656 10 INFO neutron.wsgi [req-0172c206-1b88-4e5f-9d77-c9b086d227dd req-062ee0a8-956e-49b2-bfef-7bd0d1a44257 a9d5cd7a9ecd49f99c49a434029a20a5 106c2c00120c40afa39eea2f06d84c86 - - ec09183e480e46429bd1fc26174dcdbd ec09183e480e46429bd1fc26174dcdbd] 199.19.213.185 "GET /v2.0/ports?network_id=7e63c3f3-a0b2-4386-aecf-e5e6cdef45c7&device_owner=network%3Adhcp HTTP/1.1" status: 200 len: 210 time: 0.0285921
2026-05-08 11:36:03.691 10 INFO neutron.wsgi [req-e1cd78c9-1c27-4f3e-ae7b-2dd61b056ea9 req-12c9a196-5493-4000-9f2d-73d30973836d a9d5cd7a9ecd49f99c49a434029a20a5 106c2c00120c40afa39eea2f06d84c86 - - ec09183e480e46429bd1fc26174dcdbd ec09183e480e46429bd1fc26174dcdbd] 199.19.213.185 "GET /v2.0/security-groups?id=7ceaa9b0-f526-4c11-bf38-5fec9f30f7e9&id=76e496ff-8bb5-4554-8c38-dc2c49a26170&fields=id&fields=name HTTP/1.1" status: 200 len: 405 time: 0.0627637
2026-05-08 11:36:03.723 10 INFO neutron.wsgi [req-0172c206-1b88-4e5f-9d77-c9b086d227dd req-05e30f2a-40b9-44b3-8fe0-f0f747475ba5 a9d5cd7a9ecd49f99c49a434029a20a5 106c2c00120c40afa39eea2f06d84c86 - - ec09183e480e46429bd1fc26174dcdbd ec09183e480e46429bd1fc26174dcdbd] 199.19.213.185 "GET /v2.0/networks/7e63c3f3-a0b2-4386-aecf-e5e6cdef45c7?fields=segments HTTP/1.1" status: 200 len: 212 time: 0.0597084
2026-05-08 11:36:03.785 9 INFO neutron.wsgi [req-2f16ac66-e90c-48de-80b0-4f622bb7da2a req-8fe4be06-1a7b-4dbb-b7f4-b8dd88eb4ca6 547f8a57c83649c4885011789d346f22 fafeb893796a4697a1149eefe3d12d40 - - default default] 199.19.213.185 "GET /v2.0/networks?id=d33a69ac-b57d-4ac3-af34-8af016f87fc1 HTTP/1.1" status: 200 len: 872 time: 0.1507843
2026-05-08 11:36:03.826 10 INFO neutron.wsgi [req-0172c206-1b88-4e5f-9d77-c9b086d227dd req-c1deef9d-fffc-4c11-a425-e320c6749276 a9d5cd7a9ecd49f99c49a434029a20a5 106c2c00120c40afa39eea2f06d84c86 - - ec09183e480e46429bd1fc26174dcdbd ec09183e480e46429bd1fc26174dcdbd] 199.19.213.185 "GET /v2.0/networks/7e63c3f3-a0b2-4386-aecf-e5e6cdef45c7?fields=provider%3Aphysical_network&fields=provider%3Anetwork_type HTTP/1.1" status: 200 len: 277 time: 0.0889680
2026-05-08 11:36:04.144 10 INFO neutron.wsgi [req-e79567f1-0762-471f-898b-5cb5605882b0 req-b3cfc259-6412-4687-bb0a-f4ee5df4e902 547f8a57c83649c4885011789d346f22 fafeb893796a4697a1149eefe3d12d40 - - default default] 10.0.0.76 "GET /v2.0/ports?device_id=ff2ad5de-e674-4b6f-a4ac-76cfbe69bfd6 HTTP/1.1" status: 200 len: 210 time: 0.0329618
2026-05-08 11:36:04.186 9 WARNING neutron.scheduler.dhcp_agent_scheduler [None req-a0573f91-99c3-44a0-b34f-f551f95812fa 547f8a57c83649c4885011789d346f22 fafeb893796a4697a1149eefe3d12d40 - - - -] No more DHCP agents
2026-05-08 11:36:04.188 9 WARNING neutron.api.rpc.agentnotifiers.dhcp_rpc_agent_api [None req-a0573f91-99c3-44a0-b34f-f551f95812fa 547f8a57c83649c4885011789d346f22 fafeb893796a4697a1149eefe3d12d40 - - - -] Unable to schedule network d33a69ac-b57d-4ac3-af34-8af016f87fc1: no agents available; will retry on subsequent port and subnet creation events.
2026-05-08 11:36:04.294 10 INFO neutron.wsgi [req-480928d6-0073-442e-b69a-dd5bb6d8cc6a req-495bff84-7195-4f66-9ba1-2e2a42eca769 218bbd15be3a444093d277758cacb726 14fc402ed2a446019509023134252bf9 - - default default] 10.0.0.76 "GET /v2.0/ports?device_id=eeceba88-0063-4d1a-8960-f86818de0772 HTTP/1.1" status: 200 len: 1208 time: 0.0504386
2026-05-08 11:36:04.337 9 INFO neutron.db.ovn_revision_numbers_db [None req-a0573f91-99c3-44a0-b34f-f551f95812fa 547f8a57c83649c4885011789d346f22 fafeb893796a4697a1149eefe3d12d40 - - - -] Successfully bumped revision number for resource 4ee62dc2-fe7f-45f7-ab6e-bbcefeefcc56 (type: ports) to 1
2026-05-08 11:36:04.348 10 INFO neutron.wsgi [req-480928d6-0073-442e-b69a-dd5bb6d8cc6a req-dd1535f8-100f-495b-999c-cbe1c690f290 218bbd15be3a444093d277758cacb726 14fc402ed2a446019509023134252bf9 - - default default] 10.0.0.76 "GET /v2.0/security-groups?id=7ceaa9b0-f526-4c11-bf38-5fec9f30f7e9&id=76e496ff-8bb5-4554-8c38-dc2c49a26170&fields=id&fields=name HTTP/1.1" status: 200 len: 405 time: 0.0480917
2026-05-08 11:36:04.360 9 INFO neutron.wsgi [None req-a0573f91-99c3-44a0-b34f-f551f95812fa 547f8a57c83649c4885011789d346f22 fafeb893796a4697a1149eefe3d12d40 - - - -] 199.19.213.185 "POST /v2.0/ports HTTP/1.1" status: 201 len: 1158 time: 0.5489562 /var/lib/openstack/lib/python3.10/site-packages/pycadf/identifier.py:71: UserWarning: Invalid uuid: neutron. To ensure interoperability, identifiers should be a valid uuid. warnings.warn(('Invalid uuid: %s. To ensure interoperability, '
2026-05-08 11:36:04.734 9 INFO neutron.db.ovn_revision_numbers_db [None req-71654f4d-4e92-4cd3-adf3-b1a74c7a9221 a9d5cd7a9ecd49f99c49a434029a20a5 106c2c00120c40afa39eea2f06d84c86 - - - -] Successfully bumped revision number for resource 4ee62dc2-fe7f-45f7-ab6e-bbcefeefcc56 (type: ports) to 2
2026-05-08 11:36:04.895 9 INFO neutron.db.ovn_revision_numbers_db [None req-71654f4d-4e92-4cd3-adf3-b1a74c7a9221 a9d5cd7a9ecd49f99c49a434029a20a5 106c2c00120c40afa39eea2f06d84c86 - - - -] Successfully bumped revision number for resource 4ee62dc2-fe7f-45f7-ab6e-bbcefeefcc56 (type: ports) to 2
2026-05-08 11:36:04.909 9 INFO neutron.wsgi [None req-71654f4d-4e92-4cd3-adf3-b1a74c7a9221 a9d5cd7a9ecd49f99c49a434029a20a5 106c2c00120c40afa39eea2f06d84c86 - - - -] 199.19.213.185 "PUT /v2.0/ports/4ee62dc2-fe7f-45f7-ab6e-bbcefeefcc56 HTTP/1.1" status: 200 len: 1328 time: 0.5410717
2026-05-08 11:36:04.947 9 INFO neutron.notifiers.nova [-] Nova event matching ['req-dbbb1394-b49f-4d80-8a6e-106b0c3c2b3d'] response: {'name': 'network-changed', 'server_uuid': 'ff2ad5de-e674-4b6f-a4ac-76cfbe69bfd6', 'tag': '4ee62dc2-fe7f-45f7-ab6e-bbcefeefcc56', 'status': 'completed', 'code': 200} /var/lib/openstack/lib/python3.10/site-packages/pycadf/identifier.py:71: UserWarning: Invalid uuid: neutron. To ensure interoperability, identifiers should be a valid uuid. warnings.warn(('Invalid uuid: %s. To ensure interoperability, '
2026-05-08 11:36:05.009 9 INFO neutron.wsgi [req-2f16ac66-e90c-48de-80b0-4f622bb7da2a req-f188d922-9c58-439d-9388-a27f1682eb69 a9d5cd7a9ecd49f99c49a434029a20a5 106c2c00120c40afa39eea2f06d84c86 - - ec09183e480e46429bd1fc26174dcdbd ec09183e480e46429bd1fc26174dcdbd] 199.19.213.185 "GET /v2.0/ports?tenant_id=fafeb893796a4697a1149eefe3d12d40&device_id=ff2ad5de-e674-4b6f-a4ac-76cfbe69bfd6 HTTP/1.1" status: 200 len: 1359 time: 0.0489159
2026-05-08 11:36:05.047 9 INFO neutron.wsgi [req-2f16ac66-e90c-48de-80b0-4f622bb7da2a req-ac8f1f5c-3996-4009-9ba6-0fe6a70c41c6 a9d5cd7a9ecd49f99c49a434029a20a5 106c2c00120c40afa39eea2f06d84c86 - - ec09183e480e46429bd1fc26174dcdbd ec09183e480e46429bd1fc26174dcdbd] 199.19.213.185 "GET /v2.0/floatingips?fixed_ip_address=10.100.0.4&port_id=4ee62dc2-fe7f-45f7-ab6e-bbcefeefcc56 HTTP/1.1" status: 200 len: 217 time: 0.0328200
2026-05-08 11:36:05.088 9 INFO neutron.wsgi [req-2f16ac66-e90c-48de-80b0-4f622bb7da2a req-033e147a-24a0-460c-9429-af5f30de4f49 a9d5cd7a9ecd49f99c49a434029a20a5 106c2c00120c40afa39eea2f06d84c86 - - ec09183e480e46429bd1fc26174dcdbd ec09183e480e46429bd1fc26174dcdbd] 199.19.213.185 "GET /v2.0/subnets?id=6f2e831c-94f7-4ca9-ba93-43b428b63d2a HTTP/1.1" status: 200 len: 866 time: 0.0352118
2026-05-08 11:36:05.128 9 INFO neutron.wsgi [req-2f16ac66-e90c-48de-80b0-4f622bb7da2a req-1355382c-7fac-4eca-ae96-ae299b17472e a9d5cd7a9ecd49f99c49a434029a20a5 106c2c00120c40afa39eea2f06d84c86 - - ec09183e480e46429bd1fc26174dcdbd ec09183e480e46429bd1fc26174dcdbd] 199.19.213.185 "GET /v2.0/ports?network_id=d33a69ac-b57d-4ac3-af34-8af016f87fc1&device_owner=network%3Adhcp HTTP/1.1" status: 200 len: 210 time: 0.0333273
2026-05-08 11:36:05.193 9 INFO neutron.wsgi [req-2f16ac66-e90c-48de-80b0-4f622bb7da2a req-1119ee4f-8841-4b21-94f4-d8ef613a3b66 a9d5cd7a9ecd49f99c49a434029a20a5 106c2c00120c40afa39eea2f06d84c86 - - ec09183e480e46429bd1fc26174dcdbd ec09183e480e46429bd1fc26174dcdbd] 199.19.213.185 "GET /v2.0/networks/d33a69ac-b57d-4ac3-af34-8af016f87fc1?fields=segments HTTP/1.1" status: 200 len: 212 time: 0.0572097
2026-05-08 11:36:05.264 10 INFO neutron.wsgi [req-c12de007-1d9b-4a61-b0d8-d631d759ff6d req-1adf3edb-f1a7-4cd3-b558-6b9905f8e0ef 547f8a57c83649c4885011789d346f22 fafeb893796a4697a1149eefe3d12d40 - - default default] 10.0.0.76 "GET /v2.0/ports?device_id=ff2ad5de-e674-4b6f-a4ac-76cfbe69bfd6 HTTP/1.1" status: 200 len: 1168 time: 0.0442650
2026-05-08 11:36:05.265 9 INFO neutron.wsgi [req-2f16ac66-e90c-48de-80b0-4f622bb7da2a req-8bde9eb7-fe9e-4a9d-abd0-d77351dc2804 a9d5cd7a9ecd49f99c49a434029a20a5 106c2c00120c40afa39eea2f06d84c86 - - ec09183e480e46429bd1fc26174dcdbd ec09183e480e46429bd1fc26174dcdbd] 199.19.213.185 "GET /v2.0/networks/d33a69ac-b57d-4ac3-af34-8af016f87fc1?fields=provider%3Aphysical_network&fields=provider%3Anetwork_type HTTP/1.1" status: 200 len: 277 time: 0.0590465
2026-05-08 11:36:05.309 10 INFO neutron.wsgi [req-c12de007-1d9b-4a61-b0d8-d631d759ff6d req-1d4637e5-b3b9-480b-8e41-384dca4b602f 547f8a57c83649c4885011789d346f22 fafeb893796a4697a1149eefe3d12d40 - - default default] 10.0.0.76 "GET /v2.0/security-groups?id=fe7385fc-467d-459d-8ed5-fd36c3666a81&fields=id&fields=name HTTP/1.1" status: 200 len: 286 time: 0.0380964
2026-05-08 11:36:05.363 9 INFO neutron.wsgi [req-61c4fdd2-03d7-4607-922f-37fdac6b440b req-9e5cd59a-6dc5-4970-91a8-86fe61901de2 a9d5cd7a9ecd49f99c49a434029a20a5 106c2c00120c40afa39eea2f06d84c86 - - ec09183e480e46429bd1fc26174dcdbd ec09183e480e46429bd1fc26174dcdbd] 199.19.213.185 "GET /v2.0/ports?tenant_id=fafeb893796a4697a1149eefe3d12d40&device_id=ff2ad5de-e674-4b6f-a4ac-76cfbe69bfd6 HTTP/1.1" status: 200 len: 1359 time: 0.0484838
2026-05-08 11:36:05.442 9 INFO neutron.wsgi [req-61c4fdd2-03d7-4607-922f-37fdac6b440b req-f20a5825-b599-46b3-9101-f53b3b3ccef6 a9d5cd7a9ecd49f99c49a434029a20a5 106c2c00120c40afa39eea2f06d84c86 - - ec09183e480e46429bd1fc26174dcdbd ec09183e480e46429bd1fc26174dcdbd] 199.19.213.185 "GET /v2.0/networks?id=d33a69ac-b57d-4ac3-af34-8af016f87fc1 HTTP/1.1" status: 200 len: 970 time: 0.0732784
2026-05-08 11:36:05.486 9 INFO neutron.plugins.ml2.drivers.ovn.mech_driver.mech_driver [None req-224750f6-56e3-484e-aace-eed48cb85a85 - - - - - -] OVN reports status up for port: 4ee62dc2-fe7f-45f7-ab6e-bbcefeefcc56
2026-05-08 11:36:05.491 9 INFO neutron.wsgi [req-61c4fdd2-03d7-4607-922f-37fdac6b440b req-9491bb24-d471-4773-a63d-fb2b3b289141 a9d5cd7a9ecd49f99c49a434029a20a5 106c2c00120c40afa39eea2f06d84c86 - - ec09183e480e46429bd1fc26174dcdbd ec09183e480e46429bd1fc26174dcdbd] 199.19.213.185 "GET /v2.0/floatingips?fixed_ip_address=10.100.0.4&port_id=4ee62dc2-fe7f-45f7-ab6e-bbcefeefcc56 HTTP/1.1" status: 200 len: 217 time: 0.0404181
2026-05-08 11:36:05.491 9 INFO neutron.db.ovn_revision_numbers_db [None req-8c7a08c5-9eff-4e5f-ad0e-a5a394d204a2 ce26412c6e5e47ab9798b0942a8e319e d00b9f7097d8488b92e0e472f6025f63 - - - -] Successfully bumped revision number for resource 9d6beb27-2500-44ed-83d5-535d158e211a (type: security_groups) to 1
2026-05-08 11:36:05.532 9 INFO neutron.plugins.ml2.plugin [None req-224750f6-56e3-484e-aace-eed48cb85a85 - - - - - -] Attempt 1 to provision port 4ee62dc2-fe7f-45f7-ab6e-bbcefeefcc56
