2026-05-08 11:34:11.558 9 INFO neutron.wsgi [None req-db98bc29-f5b5-46d3-a832-34cc5dd86895 c2e810552433484c82ae29de1145b605 c4ed2bfe54404565b8860e3059f162a1 - - default default] 10.0.0.118 "GET /v2.0/subnets HTTP/1.1" status: 200 len: 820 time: 0.0375636 /var/lib/openstack/lib/python3.10/site-packages/pycadf/identifier.py:71: UserWarning: Invalid uuid: neutron. To ensure interoperability, identifiers should be a valid uuid. warnings.warn(('Invalid uuid: %s. To ensure interoperability, '
2026-05-08 11:34:11.754 10 INFO neutron.wsgi [req-22f49d78-20f1-4ba0-8b87-04c37ce17559 req-809f79b1-6a0f-413c-9cb4-7a9324fc3321 b6056d1b281c484e804af899be6d50ea f08cadef43f8434d905dade761d1ddd6 - - default default] 10.0.0.76 "GET /v2.0/ports?device_id=36f15ac5-a668-4237-850b-a9c4e65c8185 HTTP/1.1" status: 200 len: 1168 time: 0.0798566
2026-05-08 11:34:11.810 10 INFO neutron.wsgi [req-22f49d78-20f1-4ba0-8b87-04c37ce17559 req-348a4335-713c-4b90-8578-505c241fd30e b6056d1b281c484e804af899be6d50ea f08cadef43f8434d905dade761d1ddd6 - - default default] 10.0.0.76 "GET /v2.0/security-groups?id=b93f5afa-1a9e-49c6-8392-305a1db97f68&fields=id&fields=name HTTP/1.1" status: 200 len: 312 time: 0.0459309
2026-05-08 11:34:11.877 9 INFO neutron.wsgi [None req-53154065-a84a-4620-a670-a56b6b4af61f ad2ef2d4f49d4233b79a56d8fa15edf8 752f1fafd8f848d9bcdb8f3c577b2f8d - - - -] 10.0.0.118 "DELETE /v2.0/security-groups/b45ea37d-1ec7-407c-bee1-015e2c507879 HTTP/1.1" status: 204 len: 168 time: 0.3237681
2026-05-08 11:34:11.878 10 INFO neutron.wsgi [None req-83ec12fd-d73b-4d28-aa20-91a3cf04ecda b6056d1b281c484e804af899be6d50ea f08cadef43f8434d905dade761d1ddd6 - - - -] 199.19.213.185 "DELETE /v2.0/ports/43d52d04-d63e-4a8a-a89a-b8b4959f3a94 HTTP/1.1" status: 204 len: 173 time: 1.0802493
2026-05-08 11:34:12.041 9 INFO neutron.wsgi [None req-cd3babeb-b1c7-48e9-852e-372c99c64327 c2e810552433484c82ae29de1145b605 c4ed2bfe54404565b8860e3059f162a1 - - - -] 10.0.0.118 "DELETE /v2.0/networks/7f80eb2d-ea3b-4ca4-9dce-70808323a5d8 HTTP/1.1" status: 204 len: 168 time: 0.4765878
2026-05-08 11:34:12.123 10 INFO neutron.wsgi [req-8d8117c9-a397-4ad5-b85d-9c37a7253a23 req-6c8b92f5-f805-4d5b-a249-2fc1810798a5 c8ae1f780175419fb8fbc5b3bf3f2625 1477752aadbb47058057eb6233283849 - - default default] 10.0.0.76 "GET /v2.0/ports?device_id=23a6eb94-d0f0-4e5c-b523-4e8d89aabdb1 HTTP/1.1" status: 200 len: 1170 time: 0.0640490
2026-05-08 11:34:12.173 10 INFO neutron.wsgi [req-8d8117c9-a397-4ad5-b85d-9c37a7253a23 req-f3de1f92-e5f8-49fd-9265-5f13d33cdefd c8ae1f780175419fb8fbc5b3bf3f2625 1477752aadbb47058057eb6233283849 - - default default] 10.0.0.76 "GET /v2.0/security-groups?id=51ba0dd7-3367-480e-96eb-ca9f1b46e047&fields=id&fields=name HTTP/1.1" status: 200 len: 313 time: 0.0403459
2026-05-08 11:34:12.297 10 INFO neutron.wsgi [req-e7547451-2132-4fe9-b21d-1606c0c7b066 req-f297f432-66db-44e3-ac85-d18646d4365e c8ae1f780175419fb8fbc5b3bf3f2625 1477752aadbb47058057eb6233283849 - - default default] 10.0.0.76 "GET /v2.0/ports?device_id=23a6eb94-d0f0-4e5c-b523-4e8d89aabdb1 HTTP/1.1" status: 200 len: 1170 time: 0.0463622
2026-05-08 11:34:12.493 10 INFO neutron.services.segments.plugin [-] Segment ea89006e-ff28-485f-8dd9-d20a3d615dce resource provider aggregate not found
2026-05-08 11:34:12.499 10 INFO neutron.services.segments.plugin [-] Segment ea89006e-ff28-485f-8dd9-d20a3d615dce resource provider aggregate not found
2026-05-08 11:34:12.521 10 INFO neutron.services.segments.plugin [-] Segment ea89006e-ff28-485f-8dd9-d20a3d615dce resource provider not found; error: Placement Client Error (4xx): {"errors": [{"status": 404, "title": "Not Found", "detail": "The resource could not be found.\n\n No resource provider with uuid ea89006e-ff28-485f-8dd9-d20a3d615dce found for delete ", "request_id": "req-4b52fb53-43f8-41ec-9936-24f3ac1ebaaa"}]}
2026-05-08 11:34:12.522 10 INFO neutron.services.segments.plugin [-] Segment ea89006e-ff28-485f-8dd9-d20a3d615dce resource provider not found; error: Placement Client Error (4xx): {"errors": [{"status": 404, "title": "Not Found", "detail": "The resource could not be found.\n\n No resource provider with uuid ea89006e-ff28-485f-8dd9-d20a3d615dce found for delete ", "request_id": "req-4a89c283-d19c-44cf-906a-f1e067bd9072"}]}
2026-05-08 11:34:12.564 10 INFO neutron.wsgi [None req-35f8392b-cb34-470a-976e-6d03da05e83c c2e810552433484c82ae29de1145b605 c4ed2bfe54404565b8860e3059f162a1 - - - -] 10.0.0.118 "DELETE /v2.0/networks/5a581779-378c-4729-a672-f14bc82c1762 HTTP/1.1" status: 204 len: 168 time: 0.5161393
2026-05-08 11:34:12.585 9 INFO neutron.db.l3_db [None req-699a5937-094e-4363-99ea-621488b9d8f2 c8ae1f780175419fb8fbc5b3bf3f2625 1477752aadbb47058057eb6233283849 - - - -] Floating IP a6e74dad-4bfe-4f24-970a-92170fc49e21 associated. External IP: 10.96.250.219, port: 1618aed2-b419-4a9d-bebf-9dcd64c858ed.
2026-05-08 11:34:12.593 10 INFO neutron.notifiers.nova [-] Nova event matching ['req-b771832d-d8b0-42b4-b006-d41bccd008bb'] response: {'server_uuid': '23a6eb94-d0f0-4e5c-b523-4e8d89aabdb1', 'name': 'network-vif-plugged', 'status': 'completed', 'tag': '1618aed2-b419-4a9d-bebf-9dcd64c858ed', 'code': 200}
2026-05-08 11:34:12.593 10 INFO neutron.notifiers.nova [-] Nova event matching ['req-b771832d-d8b0-42b4-b006-d41bccd008bb'] response: {'server_uuid': '36f15ac5-a668-4237-850b-a9c4e65c8185', 'name': 'network-vif-unplugged', 'status': 'completed', 'tag': '43d52d04-d63e-4a8a-a89a-b8b4959f3a94', 'code': 200}
2026-05-08 11:34:12.594 10 INFO neutron.notifiers.nova [-] Nova event matching ['req-b771832d-d8b0-42b4-b006-d41bccd008bb'] response: {'server_uuid': '36f15ac5-a668-4237-850b-a9c4e65c8185', 'name': 'network-vif-plugged', 'status': 'completed', 'tag': '43d52d04-d63e-4a8a-a89a-b8b4959f3a94', 'code': 200}
2026-05-08 11:34:12.594 10 INFO neutron.notifiers.nova [-] Nova event matching ['req-b771832d-d8b0-42b4-b006-d41bccd008bb'] response: {'server_uuid': '36f15ac5-a668-4237-850b-a9c4e65c8185', 'name': 'network-vif-deleted', 'tag': '43d52d04-d63e-4a8a-a89a-b8b4959f3a94', 'status': 'completed', 'code': 200}
2026-05-08 11:34:12.822 9 INFO neutron.db.ovn_revision_numbers_db [None req-699a5937-094e-4363-99ea-621488b9d8f2 c8ae1f780175419fb8fbc5b3bf3f2625 1477752aadbb47058057eb6233283849 - - - -] Successfully bumped revision number for resource a6e74dad-4bfe-4f24-970a-92170fc49e21 (type: floatingips) to 1
2026-05-08 11:34:12.883 9 INFO neutron.services.segments.plugin [-] Segment eb260863-e290-4e90-b601-ac807bcb2ef2 resource provider aggregate not found
2026-05-08 11:34:12.890 9 INFO neutron.services.segments.plugin [-] Segment eb260863-e290-4e90-b601-ac807bcb2ef2 resource provider aggregate not found
2026-05-08 11:34:12.914 9 INFO neutron.services.segments.plugin [-] Segment eb260863-e290-4e90-b601-ac807bcb2ef2 resource provider not found; error: Placement Client Error (4xx): {"errors": [{"status": 404, "title": "Not Found", "detail": "The resource could not be found.\n\n No resource provider with uuid eb260863-e290-4e90-b601-ac807bcb2ef2 found for delete ", "request_id": "req-b66d4989-48b5-4a5d-99a3-e166efbcdab5"}]}
2026-05-08 11:34:12.919 9 INFO neutron.services.segments.plugin [-] Segment eb260863-e290-4e90-b601-ac807bcb2ef2 resource provider not found; error: Placement Client Error (4xx): {"errors": [{"status": 404, "title": "Not Found", "detail": "The resource could not be found.\n\n No resource provider with uuid eb260863-e290-4e90-b601-ac807bcb2ef2 found for delete ", "request_id": "req-863c564b-211b-4ffe-802d-e6e3971f531a"}]} /var/lib/openstack/lib/python3.10/site-packages/pycadf/identifier.py:71: UserWarning: Invalid uuid: neutron. To ensure interoperability, identifiers should be a valid uuid. warnings.warn(('Invalid uuid: %s. To ensure interoperability, '
2026-05-08 11:34:12.951 9 INFO neutron.db.ovn_revision_numbers_db [None req-699a5937-094e-4363-99ea-621488b9d8f2 c8ae1f780175419fb8fbc5b3bf3f2625 1477752aadbb47058057eb6233283849 - - - -] Successfully bumped revision number for resource a6e74dad-4bfe-4f24-970a-92170fc49e21 (type: floatingips) to 2
2026-05-08 11:34:12.994 9 INFO neutron.wsgi [None req-699a5937-094e-4363-99ea-621488b9d8f2 c8ae1f780175419fb8fbc5b3bf3f2625 1477752aadbb47058057eb6233283849 - - - -] 10.0.0.118 "PUT /v2.0/floatingips/a6e74dad-4bfe-4f24-970a-92170fc49e21 HTTP/1.1" status: 200 len: 1049 time: 0.6811519
2026-05-08 11:34:13.053 9 INFO neutron.notifiers.nova [-] Nova event matching ['req-16cc75f5-62cf-443a-85cf-47426b4a638e'] response: {'name': 'network-changed', 'server_uuid': '23a6eb94-d0f0-4e5c-b523-4e8d89aabdb1', 'tag': '1618aed2-b419-4a9d-bebf-9dcd64c858ed', 'status': 'completed', 'code': 200}
2026-05-08 11:34:13.085 10 INFO neutron.wsgi [req-696f6f52-3078-42d2-bec3-8e2cb44cef28 req-05a045ec-52ab-4e74-aa01-58de788bceb2 c8ae1f780175419fb8fbc5b3bf3f2625 1477752aadbb47058057eb6233283849 - - default default] 10.0.0.76 "GET /v2.0/ports?device_id=23a6eb94-d0f0-4e5c-b523-4e8d89aabdb1 HTTP/1.1" status: 200 len: 1170 time: 0.0471640
2026-05-08 11:34:13.091 9 INFO neutron.wsgi [None req-ea980717-e2d2-49ba-bea4-d310ee800be1 c2e810552433484c82ae29de1145b605 c4ed2bfe54404565b8860e3059f162a1 - - - -] 10.0.0.118 "DELETE /v2.0/networks/43330145-835f-46f0-92c4-8ec3b06f3fee HTTP/1.1" status: 204 len: 168 time: 0.5195498
2026-05-08 11:34:13.162 10 INFO neutron.wsgi [req-24a8732f-97c8-4018-8581-0de6db017879 req-1bb1643b-81be-46a3-99b6-4d6c192b94ac a9d5cd7a9ecd49f99c49a434029a20a5 106c2c00120c40afa39eea2f06d84c86 - - ec09183e480e46429bd1fc26174dcdbd ec09183e480e46429bd1fc26174dcdbd] 199.19.213.185 "GET /v2.0/ports?tenant_id=1477752aadbb47058057eb6233283849&device_id=23a6eb94-d0f0-4e5c-b523-4e8d89aabdb1 HTTP/1.1" status: 200 len: 1361 time: 0.0746496
2026-05-08 11:34:13.181 10 INFO neutron.wsgi [req-696f6f52-3078-42d2-bec3-8e2cb44cef28 req-34fc6fce-691e-458f-bada-980527b24f01 c8ae1f780175419fb8fbc5b3bf3f2625 1477752aadbb47058057eb6233283849 - - default default] 10.0.0.76 "GET /v2.0/security-groups?id=51ba0dd7-3367-480e-96eb-ca9f1b46e047&fields=id&fields=name HTTP/1.1" status: 200 len: 313 time: 0.0856786
2026-05-08 11:34:13.233 10 INFO neutron.wsgi [req-24a8732f-97c8-4018-8581-0de6db017879 req-95c37c1e-0b0d-4d9e-9733-ad392a42d449 a9d5cd7a9ecd49f99c49a434029a20a5 106c2c00120c40afa39eea2f06d84c86 - - ec09183e480e46429bd1fc26174dcdbd ec09183e480e46429bd1fc26174dcdbd] 199.19.213.185 "GET /v2.0/networks?id=b7824135-69ca-4a4f-890e-7c7cccd3e514 HTTP/1.1" status: 200 len: 978 time: 0.0612054
2026-05-08 11:34:13.252 10 INFO neutron.wsgi [None req-e8aac27c-d705-4a44-9964-151a224eef4e b6056d1b281c484e804af899be6d50ea f08cadef43f8434d905dade761d1ddd6 - - - -] 10.0.0.118 "DELETE /v2.0/security-groups/b93f5afa-1a9e-49c6-8392-305a1db97f68 HTTP/1.1" status: 204 len: 168 time: 0.3233933
2026-05-08 11:34:13.289 10 INFO neutron.api.v2.resource [None req-73f8a27e-3292-4d9e-80e1-040592cada81 b6056d1b281c484e804af899be6d50ea f08cadef43f8434d905dade761d1ddd6 - - default default] show failed (client error): The resource could not be found.
2026-05-08 11:34:13.290 10 INFO neutron.wsgi [None req-73f8a27e-3292-4d9e-80e1-040592cada81 b6056d1b281c484e804af899be6d50ea f08cadef43f8434d905dade761d1ddd6 - - default default] 10.0.0.118 "GET /v2.0/security-groups/b93f5afa-1a9e-49c6-8392-305a1db97f68 HTTP/1.1" status: 404 len: 347 time: 0.0332415
2026-05-08 11:34:13.343 10 INFO neutron.wsgi [req-24a8732f-97c8-4018-8581-0de6db017879 req-4834b606-71f0-401d-adf3-bd40423b06f2 a9d5cd7a9ecd49f99c49a434029a20a5 106c2c00120c40afa39eea2f06d84c86 - - ec09183e480e46429bd1fc26174dcdbd ec09183e480e46429bd1fc26174dcdbd] 199.19.213.185 "GET /v2.0/floatingips?fixed_ip_address=10.100.0.9&port_id=1618aed2-b419-4a9d-bebf-9dcd64c858ed HTTP/1.1" status: 200 len: 1059 time: 0.0906107
2026-05-08 11:34:13.418 10 INFO neutron.wsgi [req-24a8732f-97c8-4018-8581-0de6db017879 req-ba3ec5e9-263d-464a-a3b1-42df7be9a21e a9d5cd7a9ecd49f99c49a434029a20a5 106c2c00120c40afa39eea2f06d84c86 - - ec09183e480e46429bd1fc26174dcdbd ec09183e480e46429bd1fc26174dcdbd] 199.19.213.185 "GET /v2.0/subnets?id=fc991b2a-e553-49bc-b61b-54d462ae883a HTTP/1.1" status: 200 len: 873 time: 0.0592954
2026-05-08 11:34:13.455 10 INFO neutron.wsgi [req-24a8732f-97c8-4018-8581-0de6db017879 req-dfe1fab0-d613-4846-b0a4-aded53398ad5 a9d5cd7a9ecd49f99c49a434029a20a5 106c2c00120c40afa39eea2f06d84c86 - - ec09183e480e46429bd1fc26174dcdbd ec09183e480e46429bd1fc26174dcdbd] 199.19.213.185 "GET /v2.0/ports?network_id=b7824135-69ca-4a4f-890e-7c7cccd3e514&device_owner=network%3Adhcp HTTP/1.1" status: 200 len: 210 time: 0.0299420
2026-05-08 11:34:13.526 10 INFO neutron.plugins.ml2.drivers.ovn.mech_driver.mech_driver [None req-7d5c2bca-e84f-45b4-a6f8-9a56b10cad9b - - - - - -] OVN reports status down for port: 1618aed2-b419-4a9d-bebf-9dcd64c858ed
2026-05-08 11:34:13.545 10 INFO neutron.wsgi [req-cb758be3-bbc3-49be-a7c1-96baa06eb8f7 req-69a4adee-be4c-4cae-bbf8-6ce0fa2cb89a c8ae1f780175419fb8fbc5b3bf3f2625 1477752aadbb47058057eb6233283849 - - default default] 10.0.0.76 "GET /v2.0/ports?device_id=23a6eb94-d0f0-4e5c-b523-4e8d89aabdb1 HTTP/1.1" status: 200 len: 1170 time: 0.0766213
2026-05-08 11:34:13.617 10 INFO neutron.wsgi [req-24a8732f-97c8-4018-8581-0de6db017879 req-70177686-91e2-4788-a498-8018c9f78a86 a9d5cd7a9ecd49f99c49a434029a20a5 106c2c00120c40afa39eea2f06d84c86 - - ec09183e480e46429bd1fc26174dcdbd ec09183e480e46429bd1fc26174dcdbd] 199.19.213.185 "GET /v2.0/networks/b7824135-69ca-4a4f-890e-7c7cccd3e514?fields=segments HTTP/1.1" status: 200 len: 212 time: 0.1558001
2026-05-08 11:34:13.665 10 INFO neutron.wsgi [req-cb758be3-bbc3-49be-a7c1-96baa06eb8f7 req-f76c981b-6f58-42ec-9fc4-2409364c35b3 c8ae1f780175419fb8fbc5b3bf3f2625 1477752aadbb47058057eb6233283849 - - default default] 10.0.0.76 "GET /v2.0/security-groups?id=51ba0dd7-3367-480e-96eb-ca9f1b46e047&fields=id&fields=name HTTP/1.1" status: 200 len: 313 time: 0.1095803
2026-05-08 11:34:13.763 9 INFO neutron.wsgi [-] 10.0.0.118 "GET / HTTP/1.1" status: 200 len: 279 time: 0.0027230
2026-05-08 11:34:13.772 10 INFO neutron.wsgi [req-24a8732f-97c8-4018-8581-0de6db017879 req-2eb6670f-f2b0-400a-b0dc-2ab9c2734682 a9d5cd7a9ecd49f99c49a434029a20a5 106c2c00120c40afa39eea2f06d84c86 - - ec09183e480e46429bd1fc26174dcdbd ec09183e480e46429bd1fc26174dcdbd] 199.19.213.185 "GET /v2.0/networks/b7824135-69ca-4a4f-890e-7c7cccd3e514?fields=provider%3Aphysical_network&fields=provider%3Anetwork_type HTTP/1.1" status: 200 len: 277 time: 0.1464090
2026-05-08 11:34:13.834 10 INFO neutron.wsgi [req-24e59350-8b04-47d6-bb86-fdad7c76309c req-92059984-8031-40d8-a741-871956232e99 c8ae1f780175419fb8fbc5b3bf3f2625 1477752aadbb47058057eb6233283849 - - default default] 199.19.213.185 "GET /v2.0/ports?device_id=23a6eb94-d0f0-4e5c-b523-4e8d89aabdb1 HTTP/1.1" status: 200 len: 1170 time: 0.0530326
2026-05-08 11:34:13.905 10 INFO neutron.wsgi [None req-c4cde6a0-292b-40b1-bbff-53bd78c97f59 c2e810552433484c82ae29de1145b605 c4ed2bfe54404565b8860e3059f162a1 - - - -] 10.0.0.118 "DELETE /v2.0/networks/153730b5-78c0-45fc-b8c3-23a8adc2d07f HTTP/1.1" status: 204 len: 168 time: 0.8073645
2026-05-08 11:34:13.928 9 INFO neutron.wsgi [None req-43fb7203-b11c-49bc-a30e-fc8d30d1bf5b 765801793dae4085851d5b5643a26739 873d1465294b43cd986202a46d58f2c7 - - default default] 10.0.0.118 "GET /v2.0/ HTTP/1.1" status: 200 len: 826 time: 0.1586809
2026-05-08 11:34:14.118 10 INFO neutron.wsgi [None req-7676182b-f8b5-480b-8715-a43a6e4daefe b6056d1b281c484e804af899be6d50ea f08cadef43f8434d905dade761d1ddd6 - - - -] 10.0.0.118 "DELETE /v2.0/floatingips/9bd5b139-58a5-4486-81ec-c6507a8e0732 HTTP/1.1" status: 204 len: 168 time: 0.8172526
2026-05-08 11:34:14.153 10 INFO neutron.db.ovn_revision_numbers_db [None req-7d5c2bca-e84f-45b4-a6f8-9a56b10cad9b - - - - - -] Successfully bumped revision number for resource 1618aed2-b419-4a9d-bebf-9dcd64c858ed (type: ports) to 5
2026-05-08 11:34:14.565 10 INFO neutron.services.segments.plugin [-] Segment 4982e8e2-793b-4f33-a18e-7e2179b53993 resource provider aggregate not found
2026-05-08 11:34:14.595 10 INFO neutron.services.segments.plugin [-] Segment 4982e8e2-793b-4f33-a18e-7e2179b53993 resource provider not found; error: Placement Client Error (4xx): {"errors": [{"status": 404, "title": "Not Found", "detail": "The resource could not be found.\n\n No resource provider with uuid 4982e8e2-793b-4f33-a18e-7e2179b53993 found for delete ", "request_id": "req-3f2d3d24-0fe7-4452-b532-36c6d75394a0"}]}
2026-05-08 11:34:14.629 10 INFO neutron.db.l3_db [None req-712a6eb3-f9e1-499f-9e62-989bb619c3c0 c8ae1f780175419fb8fbc5b3bf3f2625 1477752aadbb47058057eb6233283849 - - - -] Floating IP a6e74dad-4bfe-4f24-970a-92170fc49e21 disassociated. External IP: 10.96.250.219, port: 1618aed2-b419-4a9d-bebf-9dcd64c858ed.
2026-05-08 11:34:14.658 10 INFO neutron.notifiers.nova [-] Nova event matching ['req-db1fc5dd-6d89-4807-aa67-bad05d884922'] response: {'server_uuid': '23a6eb94-d0f0-4e5c-b523-4e8d89aabdb1', 'name': 'network-vif-unplugged', 'status': 'completed', 'tag': '1618aed2-b419-4a9d-bebf-9dcd64c858ed', 'code': 200}
2026-05-08 11:34:14.659 10 INFO neutron.notifiers.nova [-] Nova event matching ['req-db1fc5dd-6d89-4807-aa67-bad05d884922'] response: {'server_uuid': '23a6eb94-d0f0-4e5c-b523-4e8d89aabdb1', 'name': 'network-vif-plugged', 'status': 'completed', 'tag': '1618aed2-b419-4a9d-bebf-9dcd64c858ed', 'code': 200}
2026-05-08 11:34:14.660 10 INFO neutron.services.segments.plugin [-] Segment 4982e8e2-793b-4f33-a18e-7e2179b53993 resource provider aggregate not found
2026-05-08 11:34:14.691 9 INFO neutron.wsgi [None req-58b71804-deea-4286-8e8f-9090abe99629 ad2ef2d4f49d4233b79a56d8fa15edf8 752f1fafd8f848d9bcdb8f3c577b2f8d - - default default] 10.0.0.118 "GET /v2.0/security-groups?tenant_id=c4ed2bfe54404565b8860e3059f162a1&name=default HTTP/1.1" status: 200 len: 2996 time: 0.2609186
2026-05-08 11:34:14.697 10 INFO neutron.services.segments.plugin [-] Segment 4982e8e2-793b-4f33-a18e-7e2179b53993 resource provider not found; error: Placement Client Error (4xx): {"errors": [{"status": 404, "title": "Not Found", "detail": "The resource could not be found.\n\n No resource provider with uuid 4982e8e2-793b-4f33-a18e-7e2179b53993 found for delete ", "request_id": "req-63806cd3-a89f-4e11-a366-a00cc057628c"}]} /var/lib/openstack/lib/python3.10/site-packages/pycadf/identifier.py:71: UserWarning: Invalid uuid: neutron. To ensure interoperability, identifiers should be a valid uuid. warnings.warn(('Invalid uuid: %s. To ensure interoperability, '
2026-05-08 11:34:14.815 10 INFO neutron.wsgi [req-b3931140-0ee8-4ae4-98a5-a88484b2222f req-f3b8a3d8-4e4c-48b7-a769-1921cf62de7e c8ae1f780175419fb8fbc5b3bf3f2625 1477752aadbb47058057eb6233283849 - - default default] 10.0.0.76 "GET /v2.0/ports?device_id=23a6eb94-d0f0-4e5c-b523-4e8d89aabdb1 HTTP/1.1" status: 200 len: 1168 time: 0.0711350
2026-05-08 11:34:14.851 10 INFO neutron.wsgi [req-b3931140-0ee8-4ae4-98a5-a88484b2222f req-e262e096-d195-4c18-979f-c2f2b12ac07e c8ae1f780175419fb8fbc5b3bf3f2625 1477752aadbb47058057eb6233283849 - - default default] 10.0.0.76 "GET /v2.0/security-groups?id=51ba0dd7-3367-480e-96eb-ca9f1b46e047&fields=id&fields=name HTTP/1.1" status: 200 len: 313 time: 0.0293226
2026-05-08 11:34:14.924 10 INFO neutron.wsgi [None req-712a6eb3-f9e1-499f-9e62-989bb619c3c0 c8ae1f780175419fb8fbc5b3bf3f2625 1477752aadbb47058057eb6233283849 - - - -] 199.19.213.185 "DELETE /v2.0/ports/1618aed2-b419-4a9d-bebf-9dcd64c858ed HTTP/1.1" status: 204 len: 173 time: 1.0853586
2026-05-08 11:34:15.073 9 INFO neutron.services.segments.plugin [-] Segment 7a6f5acf-1f7f-47b7-aade-f2926f10ba84 resource provider aggregate not found
2026-05-08 11:34:15.092 9 INFO neutron.services.segments.plugin [-] Segment 7a6f5acf-1f7f-47b7-aade-f2926f10ba84 resource provider aggregate not found
2026-05-08 11:34:15.108 9 INFO neutron.services.segments.plugin [-] Segment 7a6f5acf-1f7f-47b7-aade-f2926f10ba84 resource provider not found; error: Placement Client Error (4xx): {"errors": [{"status": 404, "title": "Not Found", "detail": "The resource could not be found.\n\n No resource provider with uuid 7a6f5acf-1f7f-47b7-aade-f2926f10ba84 found for delete ", "request_id": "req-71336122-d18d-4e90-935b-bbed4ca56ae3"}]}
2026-05-08 11:34:15.110 9 INFO neutron.services.segments.plugin [-] Segment 7a6f5acf-1f7f-47b7-aade-f2926f10ba84 resource provider not found; error: Placement Client Error (4xx): {"errors": [{"status": 404, "title": "Not Found", "detail": "The resource could not be found.\n\n No resource provider with uuid 7a6f5acf-1f7f-47b7-aade-f2926f10ba84 found for delete ", "request_id": "req-d8c212a0-d776-46da-a606-e37a32183ad4"}]}
2026-05-08 11:34:15.145 9 INFO neutron.db.ovn_revision_numbers_db [None req-3c13522f-ea28-4294-91da-692149f4e25f ad2ef2d4f49d4233b79a56d8fa15edf8 752f1fafd8f848d9bcdb8f3c577b2f8d - - default default] Successfully bumped revision number for resource 1acfc562-d6f8-44ee-92a8-4f303f907b1f (type: security_groups) to 1
2026-05-08 11:34:15.174 9 INFO neutron.wsgi [None req-3c13522f-ea28-4294-91da-692149f4e25f ad2ef2d4f49d4233b79a56d8fa15edf8 752f1fafd8f848d9bcdb8f3c577b2f8d - - default default] 10.0.0.118 "GET /v2.0/security-groups?tenant_id=873d1465294b43cd986202a46d58f2c7&name=default HTTP/1.1" status: 200 len: 2996 time: 0.6880486
2026-05-08 11:34:15.326 9 INFO neutron.wsgi [None req-3523d42a-c252-46ae-b1b6-941dad63a5f4 ad2ef2d4f49d4233b79a56d8fa15edf8 752f1fafd8f848d9bcdb8f3c577b2f8d - - - -] 10.0.0.118 "DELETE /v2.0/security-groups/2264b3f6-2501-4960-b4b7-f146b0ad870e HTTP/1.1" status: 204 len: 168 time: 0.6260800
2026-05-08 11:34:15.375 10 INFO neutron.wsgi [None req-a8a39ffc-74e2-43f7-b7bc-f057a756b38e ad2ef2d4f49d4233b79a56d8fa15edf8 752f1fafd8f848d9bcdb8f3c577b2f8d - - - -] 10.0.0.118 "DELETE /v2.0/security-groups/1acfc562-d6f8-44ee-92a8-4f303f907b1f HTTP/1.1" status: 204 len: 168 time: 0.1941009
2026-05-08 11:34:15.628 9 INFO neutron.wsgi [None req-368c8473-cc49-40be-84d5-f069590e2f33 ad2ef2d4f49d4233b79a56d8fa15edf8 752f1fafd8f848d9bcdb8f3c577b2f8d - - - -] 10.0.0.118 "PUT /v2.0/routers/9ac2c755-e64f-4e8d-8aed-e6a82391acb7/remove_router_interface HTTP/1.1" status: 200 len: 503 time: 1.5000873 /var/lib/openstack/lib/python3.10/site-packages/pycadf/identifier.py:71: UserWarning: Invalid uuid: neutron. To ensure interoperability, identifiers should be a valid uuid. warnings.warn(('Invalid uuid: %s. To ensure interoperability, '
2026-05-08 11:34:16.063 10 INFO neutron.wsgi [None req-26e54831-1761-4794-9fd9-5baa877dfede c8ae1f780175419fb8fbc5b3bf3f2625 1477752aadbb47058057eb6233283849 - - - -] 10.0.0.118 "DELETE /v2.0/security-groups/51ba0dd7-3367-480e-96eb-ca9f1b46e047 HTTP/1.1" status: 204 len: 168 time: 0.1300139
2026-05-08 11:34:16.087 10 INFO neutron.api.v2.resource [None req-fd303859-fd29-426c-98f5-49cad5f9e9cd c8ae1f780175419fb8fbc5b3bf3f2625 1477752aadbb47058057eb6233283849 - - default default] show failed (client error): The resource could not be found.
2026-05-08 11:34:16.088 10 INFO neutron.wsgi [None req-fd303859-fd29-426c-98f5-49cad5f9e9cd c8ae1f780175419fb8fbc5b3bf3f2625 1477752aadbb47058057eb6233283849 - - default default] 10.0.0.118 "GET /v2.0/security-groups/51ba0dd7-3367-480e-96eb-ca9f1b46e047 HTTP/1.1" status: 404 len: 347 time: 0.0134232
2026-05-08 11:34:16.267 9 INFO neutron.wsgi [None req-2ed9b59f-30d3-418d-b18f-6099b2326dab ad2ef2d4f49d4233b79a56d8fa15edf8 752f1fafd8f848d9bcdb8f3c577b2f8d - - - -] 10.0.0.118 "DELETE /v2.0/routers/9ac2c755-e64f-4e8d-8aed-e6a82391acb7 HTTP/1.1" status: 204 len: 168 time: 0.6330502
2026-05-08 11:34:16.442 9 INFO neutron.wsgi [None req-f79e7f11-eb76-4b7c-8506-eeb81c5a7f14 ad2ef2d4f49d4233b79a56d8fa15edf8 752f1fafd8f848d9bcdb8f3c577b2f8d - - - -] 10.0.0.118 "DELETE /v2.0/subnets/c3cacb12-0efa-4bc7-b06f-ac7153d6aa6e HTTP/1.1" status: 204 len: 168 time: 0.1714132
2026-05-08 11:34:16.452 10 INFO neutron.wsgi [None req-96c9455a-de10-4047-b7c5-28a594e3936e c8ae1f780175419fb8fbc5b3bf3f2625 1477752aadbb47058057eb6233283849 - - - -] 10.0.0.118 "DELETE /v2.0/floatingips/a6e74dad-4bfe-4f24-970a-92170fc49e21 HTTP/1.1" status: 204 len: 168 time: 0.3582940
2026-05-08 11:34:16.697 10 INFO neutron.notifiers.nova [-] Nova event matching ['req-6c5ec657-232f-40ec-9d5e-2b45ad75b6e7'] response: {'server_uuid': '23a6eb94-d0f0-4e5c-b523-4e8d89aabdb1', 'name': 'network-vif-deleted', 'tag': '1618aed2-b419-4a9d-bebf-9dcd64c858ed', 'status': 'completed', 'code': 200}
2026-05-08 11:34:16.797 10 INFO neutron.services.segments.plugin [-] Segment 287ae4da-bec3-4c0d-ae20-04c4e8208b18 resource provider aggregate not found
2026-05-08 11:34:16.803 10 INFO neutron.services.segments.plugin [-] Segment 287ae4da-bec3-4c0d-ae20-04c4e8208b18 resource provider aggregate not found
2026-05-08 11:34:16.828 10 INFO neutron.services.segments.plugin [-] Segment 287ae4da-bec3-4c0d-ae20-04c4e8208b18 resource provider not found; error: Placement Client Error (4xx): {"errors": [{"status": 404, "title": "Not Found", "detail": "The resource could not be found.\n\n No resource provider with uuid 287ae4da-bec3-4c0d-ae20-04c4e8208b18 found for delete ", "request_id": "req-91540744-9db1-44c3-aee2-8a9fc719eeab"}]}
2026-05-08 11:34:16.840 10 INFO neutron.services.segments.plugin [-] Segment 287ae4da-bec3-4c0d-ae20-04c4e8208b18 resource provider not found; error: Placement Client Error (4xx): {"errors": [{"status": 404, "title": "Not Found", "detail": "The resource could not be found.\n\n No resource provider with uuid 287ae4da-bec3-4c0d-ae20-04c4e8208b18 found for delete ", "request_id": "req-e74f2273-1b14-464a-9c00-8c8ca890df62"}]}
2026-05-08 11:34:16.855 10 INFO neutron.wsgi [None req-69bb2c9c-1337-41bf-9c28-d0504a59fb21 ad2ef2d4f49d4233b79a56d8fa15edf8 752f1fafd8f848d9bcdb8f3c577b2f8d - - - -] 10.0.0.118 "DELETE /v2.0/networks/6717ea81-a76f-4de3-9353-153ee2e376db HTTP/1.1" status: 204 len: 168 time: 0.4056811
2026-05-08 11:34:17.060 10 INFO neutron.wsgi [None req-0a4f5e21-477a-4758-8ff4-85d48ae56790 ad2ef2d4f49d4233b79a56d8fa15edf8 752f1fafd8f848d9bcdb8f3c577b2f8d - - default default] 10.0.0.118 "GET /v2.0/security-groups?tenant_id=f08cadef43f8434d905dade761d1ddd6&name=default HTTP/1.1" status: 200 len: 2996 time: 0.0297456
2026-05-08 11:34:17.252 10 INFO neutron.wsgi [None req-7c8c5b3c-88ee-4657-ad7c-e6c8ccd2d915 ad2ef2d4f49d4233b79a56d8fa15edf8 752f1fafd8f848d9bcdb8f3c577b2f8d - - - -] 10.0.0.118 "DELETE /v2.0/security-groups/9c3e4102-6ede-4278-9637-7d5dca1ab57c HTTP/1.1" status: 204 len: 168 time: 0.1851041
2026-05-08 11:34:17.298 9 INFO neutron.wsgi [None req-be876b4c-7652-4078-a03e-022a3e782430 ad2ef2d4f49d4233b79a56d8fa15edf8 752f1fafd8f848d9bcdb8f3c577b2f8d - - - -] 10.0.0.118 "PUT /v2.0/routers/277cc47f-f82a-402e-9f60-0dc097500ae7/remove_router_interface HTTP/1.1" status: 200 len: 503 time: 0.8410103
2026-05-08 11:34:17.398 10 INFO neutron.db.ovn_revision_numbers_db [None req-d02bb1ee-6201-4f3c-8bc5-297bd5d697d8 8dbe1d571ca94f4e9d6272373ccfd7e2 b36487d7919549bdb1eae62264a83461 - - - -] Successfully bumped revision number for resource 3fc2531c-5574-4cb3-9b49-72a54f49f529 (type: security_groups) to 1
2026-05-08 11:34:17.468 10 INFO neutron.db.segments_db [None req-d02bb1ee-6201-4f3c-8bc5-297bd5d697d8 8dbe1d571ca94f4e9d6272373ccfd7e2 b36487d7919549bdb1eae62264a83461 - - - -] Added segment 23607c3b-0f48-4f87-beba-3d88f5b9a386 of type geneve for network 37dc02de-5da0-4903-915d-d9ff2a79c887
2026-05-08 11:34:17.628 10 INFO neutron.db.ovn_revision_numbers_db [None req-d02bb1ee-6201-4f3c-8bc5-297bd5d697d8 8dbe1d571ca94f4e9d6272373ccfd7e2 b36487d7919549bdb1eae62264a83461 - - - -] Successfully bumped revision number for resource 37dc02de-5da0-4903-915d-d9ff2a79c887 (type: networks) to 1
2026-05-08 11:34:17.868 10 WARNING neutron.scheduler.dhcp_agent_scheduler [None req-d02bb1ee-6201-4f3c-8bc5-297bd5d697d8 8dbe1d571ca94f4e9d6272373ccfd7e2 b36487d7919549bdb1eae62264a83461 - - - -] No more DHCP agents
2026-05-08 11:34:17.871 10 WARNING neutron.api.rpc.agentnotifiers.dhcp_rpc_agent_api [None req-d02bb1ee-6201-4f3c-8bc5-297bd5d697d8 8dbe1d571ca94f4e9d6272373ccfd7e2 b36487d7919549bdb1eae62264a83461 - - - -] Unable to schedule network 37dc02de-5da0-4903-915d-d9ff2a79c887: no agents available; will retry on subsequent port and subnet creation events.
2026-05-08 11:34:17.942 10 INFO neutron.db.ovn_revision_numbers_db [None req-d02bb1ee-6201-4f3c-8bc5-297bd5d697d8 8dbe1d571ca94f4e9d6272373ccfd7e2 b36487d7919549bdb1eae62264a83461 - - - -] Successfully bumped revision number for resource 83f253ec-e76b-4303-9a28-82e0552f3443 (type: ports) to 1
2026-05-08 11:34:17.978 10 INFO neutron.wsgi [None req-d02bb1ee-6201-4f3c-8bc5-297bd5d697d8 8dbe1d571ca94f4e9d6272373ccfd7e2 b36487d7919549bdb1eae62264a83461 - - - -] 10.0.0.118 "POST /v2.0/networks HTTP/1.1" status: 201 len: 843 time: 0.9622457 /var/lib/openstack/lib/python3.10/site-packages/pycadf/identifier.py:71: UserWarning: Invalid uuid: neutron. To ensure interoperability, identifiers should be a valid uuid. warnings.warn(('Invalid uuid: %s. To ensure interoperability, '
2026-05-08 11:34:18.151 10 INFO neutron.wsgi [None req-7a0c16af-6693-4602-b8da-12978f3e46a0 ad2ef2d4f49d4233b79a56d8fa15edf8 752f1fafd8f848d9bcdb8f3c577b2f8d - - - -] 10.0.0.118 "DELETE /v2.0/routers/277cc47f-f82a-402e-9f60-0dc097500ae7 HTTP/1.1" status: 204 len: 168 time: 0.8472698
2026-05-08 11:34:18.297 9 WARNING neutron.scheduler.dhcp_agent_scheduler [None req-a69077ab-da38-4d3e-805a-79e9197f6011 8dbe1d571ca94f4e9d6272373ccfd7e2 b36487d7919549bdb1eae62264a83461 - - - -] No more DHCP agents
2026-05-08 11:34:18.299 9 WARNING neutron.api.rpc.agentnotifiers.dhcp_rpc_agent_api [None req-a69077ab-da38-4d3e-805a-79e9197f6011 8dbe1d571ca94f4e9d6272373ccfd7e2 b36487d7919549bdb1eae62264a83461 - - - -] Unable to schedule network 37dc02de-5da0-4903-915d-d9ff2a79c887: no agents available; will retry on subsequent port and subnet creation events.
2026-05-08 11:34:18.356 10 INFO neutron.wsgi [None req-71f25818-61ee-42c9-b511-ea97104430fb ad2ef2d4f49d4233b79a56d8fa15edf8 752f1fafd8f848d9bcdb8f3c577b2f8d - - - -] 10.0.0.118 "DELETE /v2.0/subnets/fc991b2a-e553-49bc-b61b-54d462ae883a HTTP/1.1" status: 204 len: 168 time: 0.1983151
2026-05-08 11:34:18.773 10 INFO neutron.wsgi [None req-8e770751-c414-403b-a3c6-5e1eb54645ec ad2ef2d4f49d4233b79a56d8fa15edf8 752f1fafd8f848d9bcdb8f3c577b2f8d - - - -] 10.0.0.118 "DELETE /v2.0/networks/b7824135-69ca-4a4f-890e-7c7cccd3e514 HTTP/1.1" status: 204 len: 168 time: 0.4100981
2026-05-08 11:34:18.779 9 INFO neutron.db.ovn_revision_numbers_db [None req-a69077ab-da38-4d3e-805a-79e9197f6011 8dbe1d571ca94f4e9d6272373ccfd7e2 b36487d7919549bdb1eae62264a83461 - - - -] Successfully bumped revision number for resource 83f253ec-e76b-4303-9a28-82e0552f3443 (type: ports) to 2
2026-05-08 11:34:18.793 9 INFO neutron.db.ovn_revision_numbers_db [None req-a69077ab-da38-4d3e-805a-79e9197f6011 8dbe1d571ca94f4e9d6272373ccfd7e2 b36487d7919549bdb1eae62264a83461 - - - -] Successfully bumped revision number for resource 71482fb1-ffc0-4a91-99b7-fee144d23b3c (type: subnets) to 0
2026-05-08 11:34:18.814 9 INFO neutron.wsgi [None req-a69077ab-da38-4d3e-805a-79e9197f6011 8dbe1d571ca94f4e9d6272373ccfd7e2 b36487d7919549bdb1eae62264a83461 - - - -] 10.0.0.118 "POST /v2.0/subnets HTTP/1.1" status: 201 len: 816 time: 0.7984016
2026-05-08 11:34:18.851 10 INFO neutron.services.segments.plugin [-] Segment 8ce6515e-4111-4393-b7b4-3e9a8cabef0c resource provider aggregate not found
2026-05-08 11:34:18.865 10 INFO neutron.services.segments.plugin [-] Segment 8ce6515e-4111-4393-b7b4-3e9a8cabef0c resource provider aggregate not found
2026-05-08 11:34:18.879 10 INFO neutron.services.segments.plugin [-] Segment 8ce6515e-4111-4393-b7b4-3e9a8cabef0c resource provider not found; error: Placement Client Error (4xx): {"errors": [{"status": 404, "title": "Not Found", "detail": "The resource could not be found.\n\n No resource provider with uuid 8ce6515e-4111-4393-b7b4-3e9a8cabef0c found for delete ", "request_id": "req-b0505c86-4910-4ba8-9843-9bc5d24a6cea"}]}
2026-05-08 11:34:18.903 9 INFO neutron.db.segments_db [None req-4b9a7132-6977-4ce7-a05f-3c51790025e1 8dbe1d571ca94f4e9d6272373ccfd7e2 b36487d7919549bdb1eae62264a83461 - - - -] Added segment 2d428ccb-62a3-4321-83b5-5805b8d5e723 of type geneve for network 449994a2-0a91-46d7-a657-6e48647fe476
2026-05-08 11:34:18.950 10 INFO neutron.services.segments.plugin [-] Segment 8ce6515e-4111-4393-b7b4-3e9a8cabef0c resource provider not found; error: Placement Client Error (4xx): {"errors": [{"status": 404, "title": "Not Found", "detail": "The resource could not be found.\n\n No resource provider with uuid 8ce6515e-4111-4393-b7b4-3e9a8cabef0c found for delete ", "request_id": "req-56f13412-555d-4fe8-a56b-e41d741c72b8"}]}
2026-05-08 11:34:18.964 10 INFO neutron.wsgi [None req-43fd62a6-4002-403c-bc2b-53260e335498 ad2ef2d4f49d4233b79a56d8fa15edf8 752f1fafd8f848d9bcdb8f3c577b2f8d - - default default] 10.0.0.118 "GET /v2.0/security-groups?tenant_id=1477752aadbb47058057eb6233283849&name=default HTTP/1.1" status: 200 len: 2996 time: 0.0404766
2026-05-08 11:34:18.996 10 INFO neutron.db.ovn_revision_numbers_db [None req-fb2afb5f-c842-4bc7-8784-2af4585dbe08 ad2ef2d4f49d4233b79a56d8fa15edf8 752f1fafd8f848d9bcdb8f3c577b2f8d - - default default] Successfully bumped revision number for resource 9019c3d3-2d70-479e-b43b-a5ba1332d0fe (type: security_groups) to 1
2026-05-08 11:34:19.024 10 INFO neutron.wsgi [None req-fb2afb5f-c842-4bc7-8784-2af4585dbe08 ad2ef2d4f49d4233b79a56d8fa15edf8 752f1fafd8f848d9bcdb8f3c577b2f8d - - default default] 10.0.0.118 "GET /v2.0/security-groups?tenant_id=4c943c69c0a144fe8c4aecc900fae195&name=default HTTP/1.1" status: 200 len: 2996 time: 0.3010609
2026-05-08 11:34:19.212 10 INFO neutron.wsgi [None req-591e79fc-daf2-4433-88e0-82d48ee6826a ad2ef2d4f49d4233b79a56d8fa15edf8 752f1fafd8f848d9bcdb8f3c577b2f8d - - - -] 10.0.0.118 "DELETE /v2.0/security-groups/15313559-b831-406e-9407-20c7742c2ff3 HTTP/1.1" status: 204 len: 168 time: 0.2410126
2026-05-08 11:34:19.239 10 INFO neutron.wsgi [None req-502f7bd6-7c81-43ac-b3ec-1a166806941f ad2ef2d4f49d4233b79a56d8fa15edf8 752f1fafd8f848d9bcdb8f3c577b2f8d - - - -] 10.0.0.118 "DELETE /v2.0/security-groups/9019c3d3-2d70-479e-b43b-a5ba1332d0fe HTTP/1.1" status: 204 len: 168 time: 0.2091882
2026-05-08 11:34:19.318 9 INFO neutron.db.ovn_revision_numbers_db [None req-4b9a7132-6977-4ce7-a05f-3c51790025e1 8dbe1d571ca94f4e9d6272373ccfd7e2 b36487d7919549bdb1eae62264a83461 - - - -] Successfully bumped revision number for resource 449994a2-0a91-46d7-a657-6e48647fe476 (type: networks) to 1
2026-05-08 11:34:19.508 9 WARNING neutron.scheduler.dhcp_agent_scheduler [None req-4b9a7132-6977-4ce7-a05f-3c51790025e1 8dbe1d571ca94f4e9d6272373ccfd7e2 b36487d7919549bdb1eae62264a83461 - - - -] No more DHCP agents
2026-05-08 11:34:19.510 9 WARNING neutron.api.rpc.agentnotifiers.dhcp_rpc_agent_api [None req-4b9a7132-6977-4ce7-a05f-3c51790025e1 8dbe1d571ca94f4e9d6272373ccfd7e2 b36487d7919549bdb1eae62264a83461 - - - -] Unable to schedule network 449994a2-0a91-46d7-a657-6e48647fe476: no agents available; will retry on subsequent port and subnet creation events.
2026-05-08 11:34:19.598 9 INFO neutron.db.ovn_revision_numbers_db [None req-4b9a7132-6977-4ce7-a05f-3c51790025e1 8dbe1d571ca94f4e9d6272373ccfd7e2 b36487d7919549bdb1eae62264a83461 - - - -] Successfully bumped revision number for resource 18bd4b9c-e6b9-4b02-8926-d55a3a22ee06 (type: ports) to 1
2026-05-08 11:34:19.623 9 INFO neutron.wsgi [None req-4b9a7132-6977-4ce7-a05f-3c51790025e1 8dbe1d571ca94f4e9d6272373ccfd7e2 b36487d7919549bdb1eae62264a83461 - - - -] 10.0.0.118 "POST /v2.0/networks HTTP/1.1" status: 201 len: 841 time: 0.8014400
2026-05-08 11:34:19.832 9 INFO neutron.db.ovn_revision_numbers_db [None req-bfa00e05-497a-4a81-a76a-64e41cc33e56 8dbe1d571ca94f4e9d6272373ccfd7e2 b36487d7919549bdb1eae62264a83461 - - - -] Successfully bumped revision number for resource 449994a2-0a91-46d7-a657-6e48647fe476 (type: networks) to 2
2026-05-08 11:34:19.838 9 INFO neutron.wsgi [None req-bfa00e05-497a-4a81-a76a-64e41cc33e56 8dbe1d571ca94f4e9d6272373ccfd7e2 b36487d7919549bdb1eae62264a83461 - - - -] 10.0.0.118 "PUT /v2.0/networks/449994a2-0a91-46d7-a657-6e48647fe476 HTTP/1.1" status: 200 len: 792 time: 0.2100315
2026-05-08 11:34:20.106 9 WARNING neutron.scheduler.dhcp_agent_scheduler [None req-7cde52b0-5aea-436c-b780-645fb77a39e3 8dbe1d571ca94f4e9d6272373ccfd7e2 b36487d7919549bdb1eae62264a83461 - - - -] No more DHCP agents
2026-05-08 11:34:20.109 9 WARNING neutron.api.rpc.agentnotifiers.dhcp_rpc_agent_api [None req-7cde52b0-5aea-436c-b780-645fb77a39e3 8dbe1d571ca94f4e9d6272373ccfd7e2 b36487d7919549bdb1eae62264a83461 - - - -] Unable to schedule network 449994a2-0a91-46d7-a657-6e48647fe476: no agents available; will retry on subsequent port and subnet creation events.
2026-05-08 11:34:20.578 9 INFO neutron.db.ovn_revision_numbers_db [None req-7cde52b0-5aea-436c-b780-645fb77a39e3 8dbe1d571ca94f4e9d6272373ccfd7e2 b36487d7919549bdb1eae62264a83461 - - - -] Successfully bumped revision number for resource 18bd4b9c-e6b9-4b02-8926-d55a3a22ee06 (type: ports) to 2
2026-05-08 11:34:20.591 9 INFO neutron.db.ovn_revision_numbers_db [None req-7cde52b0-5aea-436c-b780-645fb77a39e3 8dbe1d571ca94f4e9d6272373ccfd7e2 b36487d7919549bdb1eae62264a83461 - - - -] Successfully bumped revision number for resource 1f6ce0e8-3974-4263-99c6-54ac5b5c5f14 (type: subnets) to 0
2026-05-08 11:34:20.607 9 INFO neutron.wsgi [None req-7cde52b0-5aea-436c-b780-645fb77a39e3 8dbe1d571ca94f4e9d6272373ccfd7e2 b36487d7919549bdb1eae62264a83461 - - - -] 10.0.0.118 "POST /v2.0/subnets HTTP/1.1" status: 201 len: 801 time: 0.7632103
2026-05-08 11:34:20.879 9 INFO neutron.db.ovn_revision_numbers_db [None req-9bab40ad-b406-44e4-a4f8-7a11f335d1f3 8dbe1d571ca94f4e9d6272373ccfd7e2 b36487d7919549bdb1eae62264a83461 - - - -] Successfully bumped revision number for resource 1f6ce0e8-3974-4263-99c6-54ac5b5c5f14 (type: subnets) to 1
2026-05-08 11:34:20.883 9 INFO neutron.wsgi [None req-9bab40ad-b406-44e4-a4f8-7a11f335d1f3 8dbe1d571ca94f4e9d6272373ccfd7e2 b36487d7919549bdb1eae62264a83461 - - - -] 10.0.0.118 "PUT /v2.0/subnets/1f6ce0e8-3974-4263-99c6-54ac5b5c5f14 HTTP/1.1" status: 200 len: 806 time: 0.2703507
2026-05-08 11:34:21.210 10 INFO neutron.db.ovn_revision_numbers_db [None req-b5ea6fd3-d89e-4832-8219-77712c2163d9 ad2ef2d4f49d4233b79a56d8fa15edf8 752f1fafd8f848d9bcdb8f3c577b2f8d - - default default] Successfully bumped revision number for resource 1ce94b78-4bed-4306-ace6-d0c925f4850b (type: security_groups) to 1
2026-05-08 11:34:21.237 10 INFO neutron.wsgi [None req-b5ea6fd3-d89e-4832-8219-77712c2163d9 ad2ef2d4f49d4233b79a56d8fa15edf8 752f1fafd8f848d9bcdb8f3c577b2f8d - - default default] 10.0.0.118 "GET /v2.0/security-groups?tenant_id=c1dd5f191427497a88f2d10285c6e52a&name=default HTTP/1.1" status: 200 len: 2996 time: 0.1984935
2026-05-08 11:34:21.416 10 INFO neutron.wsgi [None req-536d51db-9013-49a0-bb8e-67aff22c01ed ad2ef2d4f49d4233b79a56d8fa15edf8 752f1fafd8f848d9bcdb8f3c577b2f8d - - - -] 10.0.0.118 "DELETE /v2.0/security-groups/1ce94b78-4bed-4306-ace6-d0c925f4850b HTTP/1.1" status: 204 len: 168 time: 0.1737933
2026-05-08 11:34:21.466 9 INFO neutron.services.segments.plugin [-] Segment 2d428ccb-62a3-4321-83b5-5805b8d5e723 resource provider aggregate not found
2026-05-08 11:34:21.472 9 INFO neutron.services.segments.plugin [-] Segment 2d428ccb-62a3-4321-83b5-5805b8d5e723 resource provider aggregate not found
2026-05-08 11:34:21.490 9 INFO neutron.services.segments.plugin [-] Segment 2d428ccb-62a3-4321-83b5-5805b8d5e723 resource provider not found; error: Placement Client Error (4xx): {"errors": [{"status": 404, "title": "Not Found", "detail": "The resource could not be found.\n\n No resource provider with uuid 2d428ccb-62a3-4321-83b5-5805b8d5e723 found for delete ", "request_id": "req-ae25a9c5-744f-4562-83bb-6a3c9ea62b91"}]}
2026-05-08 11:34:21.505 9 INFO neutron.services.segments.plugin [-] Segment 2d428ccb-62a3-4321-83b5-5805b8d5e723 resource provider not found; error: Placement Client Error (4xx): {"errors": [{"status": 404, "title": "Not Found", "detail": "The resource could not be found.\n\n No resource provider with uuid 2d428ccb-62a3-4321-83b5-5805b8d5e723 found for delete ", "request_id": "req-86c6796c-dba1-4e39-8369-e6d310139d7d"}]}
2026-05-08 11:34:21.521 9 INFO neutron.wsgi [None req-02b37d67-7d1f-4d56-b6c5-49972251c20f 8dbe1d571ca94f4e9d6272373ccfd7e2 b36487d7919549bdb1eae62264a83461 - - - -] 10.0.0.118 "DELETE /v2.0/networks/449994a2-0a91-46d7-a657-6e48647fe476 HTTP/1.1" status: 204 len: 168 time: 0.6312137
2026-05-08 11:34:21.544 10 INFO neutron.pecan_wsgi.hooks.translation [None req-a547ad0f-e968-49a7-a700-2416872bdf77 8dbe1d571ca94f4e9d6272373ccfd7e2 b36487d7919549bdb1eae62264a83461 - - - -] DELETE failed (client error): The resource could not be found.
2026-05-08 11:34:21.547 10 INFO neutron.wsgi [None req-a547ad0f-e968-49a7-a700-2416872bdf77 8dbe1d571ca94f4e9d6272373ccfd7e2 b36487d7919549bdb1eae62264a83461 - - - -] 10.0.0.118 "DELETE /v2.0/networks/449994a2-0a91-46d7-a657-6e48647fe476 HTTP/1.1" status: 404 len: 339 time: 0.0170636
2026-05-08 11:34:21.627 10 INFO neutron.db.ovn_revision_numbers_db [None req-baa6d8da-7d31-40e4-a506-6acfb820ccf1 ad2ef2d4f49d4233b79a56d8fa15edf8 752f1fafd8f848d9bcdb8f3c577b2f8d - - default default] Successfully bumped revision number for resource 59a3dfba-9591-4b3e-9446-632e688a9fad (type: security_groups) to 1
2026-05-08 11:34:21.650 10 INFO neutron.wsgi [None req-baa6d8da-7d31-40e4-a506-6acfb820ccf1 ad2ef2d4f49d4233b79a56d8fa15edf8 752f1fafd8f848d9bcdb8f3c577b2f8d - - default default] 10.0.0.118 "GET /v2.0/security-groups?tenant_id=03ce3423dbd441d5951069c57f3fdef6&name=default HTTP/1.1" status: 200 len: 2996 time: 0.1256363
2026-05-08 11:34:21.688 9 INFO neutron.wsgi [None req-eafc91ef-967f-4f8c-91e6-1db426255546 8dbe1d571ca94f4e9d6272373ccfd7e2 b36487d7919549bdb1eae62264a83461 - - default default] 10.0.0.118 "GET /v2.0/networks?router%3Aexternal=True HTTP/1.1" status: 200 len: 845 time: 0.1314392
2026-05-08 11:34:21.741 9 INFO neutron.wsgi [None req-8eb609ea-7a7a-4c45-9ff1-255f394d3a6f 8dbe1d571ca94f4e9d6272373ccfd7e2 b36487d7919549bdb1eae62264a83461 - - default default] 10.0.0.118 "GET /v2.0/subnets?network_id=96609578-509a-4167-890d-6aaf298cb6e2 HTTP/1.1" status: 200 len: 820 time: 0.0482156
2026-05-08 11:34:21.755 9 INFO neutron.wsgi [None req-2087e48d-a559-497d-bd19-2ed4500c6cd9 8dbe1d571ca94f4e9d6272373ccfd7e2 b36487d7919549bdb1eae62264a83461 - - default default] 10.0.0.118 "GET /v2.0/extensions HTTP/1.1" status: 200 len: 16520 time: 0.0068161
2026-05-08 11:34:21.846 10 INFO neutron.wsgi [None req-ea236110-4b34-412d-8a95-bf5903fffbaa ad2ef2d4f49d4233b79a56d8fa15edf8 752f1fafd8f848d9bcdb8f3c577b2f8d - - - -] 10.0.0.118 "DELETE /v2.0/security-groups/59a3dfba-9591-4b3e-9446-632e688a9fad HTTP/1.1" status: 204 len: 168 time: 0.1903963
2026-05-08 11:34:21.871 9 INFO neutron.wsgi [None req-bb3b9019-d459-4c6d-a959-f3f7de639408 8dbe1d571ca94f4e9d6272373ccfd7e2 b36487d7919549bdb1eae62264a83461 - - default default] 10.0.0.118 "GET /v2.0/networks HTTP/1.1" status: 200 len: 1504 time: 0.1108787
2026-05-08 11:34:21.924 10 INFO neutron.wsgi [None req-7c9bd628-eaf9-4698-bcb2-b29d3eb0b11f 8dbe1d571ca94f4e9d6272373ccfd7e2 b36487d7919549bdb1eae62264a83461 - - default default] 10.0.0.118 "GET /v2.0/subnets HTTP/1.1" status: 200 len: 1428 time: 0.0451803
2026-05-08 11:34:21.998 10 INFO neutron.wsgi [None req-1f9cc8bf-a7dd-45bf-ad3b-a6c158503fe1 8dbe1d571ca94f4e9d6272373ccfd7e2 b36487d7919549bdb1eae62264a83461 - - default default] 10.0.0.118 "GET /v2.0/networks/37dc02de-5da0-4903-915d-d9ff2a79c887 HTTP/1.1" status: 200 len: 863 time: 0.0653567
2026-05-08 11:34:22.044 10 INFO neutron.wsgi [None req-453ddd6a-8648-48aa-b969-812d7d3cab3d 8dbe1d571ca94f4e9d6272373ccfd7e2 b36487d7919549bdb1eae62264a83461 - - default default] 10.0.0.118 "GET /v2.0/subnets/71482fb1-ffc0-4a91-99b7-fee144d23b3c HTTP/1.1" status: 200 len: 811 time: 0.0376284
2026-05-08 11:34:22.078 10 INFO neutron.pecan_wsgi.hooks.translation [None req-105638bd-d6e9-45d6-bd21-d64882a8d23f 8dbe1d571ca94f4e9d6272373ccfd7e2 b36487d7919549bdb1eae62264a83461 - - - -] DELETE failed (client error): The resource could not be found.
2026-05-08 11:34:22.080 10 INFO neutron.wsgi [None req-105638bd-d6e9-45d6-bd21-d64882a8d23f 8dbe1d571ca94f4e9d6272373ccfd7e2 b36487d7919549bdb1eae62264a83461 - - - -] 10.0.0.118 "DELETE /v2.0/subnets/1f6ce0e8-3974-4263-99c6-54ac5b5c5f14 HTTP/1.1" status: 404 len: 337 time: 0.0293665
2026-05-08 11:34:22.107 10 INFO neutron.pecan_wsgi.hooks.translation [None req-3f7a1cac-ff1e-4db0-841a-d360fc1b6026 8dbe1d571ca94f4e9d6272373ccfd7e2 b36487d7919549bdb1eae62264a83461 - - - -] DELETE failed (client error): The resource could not be found.
2026-05-08 11:34:22.109 10 INFO neutron.wsgi [None req-3f7a1cac-ff1e-4db0-841a-d360fc1b6026 8dbe1d571ca94f4e9d6272373ccfd7e2 b36487d7919549bdb1eae62264a83461 - - - -] 10.0.0.118 "DELETE /v2.0/networks/449994a2-0a91-46d7-a657-6e48647fe476 HTTP/1.1" status: 404 len: 339 time: 0.0204911
2026-05-08 11:34:22.333 9 INFO neutron.db.ovn_revision_numbers_db [None req-b704295f-c667-4dbc-96ca-8581266603c0 ad2ef2d4f49d4233b79a56d8fa15edf8 752f1fafd8f848d9bcdb8f3c577b2f8d - - default default] Successfully bumped revision number for resource 555998be-1e26-4092-945c-e7f0a69b4ec1 (type: security_groups) to 1
2026-05-08 11:34:22.350 10 INFO neutron.wsgi [None req-9b995393-9267-4e11-8820-4778d38f103a 8dbe1d571ca94f4e9d6272373ccfd7e2 b36487d7919549bdb1eae62264a83461 - - - -] 10.0.0.118 "DELETE /v2.0/subnets/71482fb1-ffc0-4a91-99b7-fee144d23b3c HTTP/1.1" status: 204 len: 168 time: 0.2355103
2026-05-08 11:34:22.357 9 INFO neutron.wsgi [None req-b704295f-c667-4dbc-96ca-8581266603c0 ad2ef2d4f49d4233b79a56d8fa15edf8 752f1fafd8f848d9bcdb8f3c577b2f8d - - default default] 10.0.0.118 "GET /v2.0/security-groups?tenant_id=a7d0c1cd698d48bdad0966311c72d90b&name=default HTTP/1.1" status: 200 len: 2996 time: 0.3281066
2026-05-08 11:34:22.534 9 INFO neutron.wsgi [None req-7f0ca816-07eb-4d18-922f-5615dbd93968 ad2ef2d4f49d4233b79a56d8fa15edf8 752f1fafd8f848d9bcdb8f3c577b2f8d - - - -] 10.0.0.118 "DELETE /v2.0/security-groups/555998be-1e26-4092-945c-e7f0a69b4ec1 HTTP/1.1" status: 204 len: 168 time: 0.1721394
2026-05-08 11:34:22.741 10 INFO neutron.services.segments.plugin [-] Segment 23607c3b-0f48-4f87-beba-3d88f5b9a386 resource provider aggregate not found
2026-05-08 11:34:22.755 10 INFO neutron.services.segments.plugin [-] Segment 23607c3b-0f48-4f87-beba-3d88f5b9a386 resource provider aggregate not found
2026-05-08 11:34:22.759 10 INFO neutron.services.segments.plugin [-] Segment 23607c3b-0f48-4f87-beba-3d88f5b9a386 resource provider not found; error: Placement Client Error (4xx): {"errors": [{"status": 404, "title": "Not Found", "detail": "The resource could not be found.\n\n No resource provider with uuid 23607c3b-0f48-4f87-beba-3d88f5b9a386 found for delete ", "request_id": "req-7bd95f2f-184e-482f-af9d-93eaa774c3c7"}]}
2026-05-08 11:34:22.769 10 INFO neutron.services.segments.plugin [-] Segment 23607c3b-0f48-4f87-beba-3d88f5b9a386 resource provider not found; error: Placement Client Error (4xx): {"errors": [{"status": 404, "title": "Not Found", "detail": "The resource could not be found.\n\n No resource provider with uuid 23607c3b-0f48-4f87-beba-3d88f5b9a386 found for delete ", "request_id": "req-168f2aa6-2723-450a-a1d8-4fd4febfa540"}]}
2026-05-08 11:34:22.792 10 INFO neutron.wsgi [None req-327878a5-21d8-4b5e-b4fb-ae1b1d5c4e6c 8dbe1d571ca94f4e9d6272373ccfd7e2 b36487d7919549bdb1eae62264a83461 - - - -] 10.0.0.118 "DELETE /v2.0/networks/37dc02de-5da0-4903-915d-d9ff2a79c887 HTTP/1.1" status: 204 len: 168 time: 0.4376507
2026-05-08 11:34:23.483 9 INFO neutron.wsgi [None req-c463ee41-d686-4adb-9a3d-8991feff9870 ad2ef2d4f49d4233b79a56d8fa15edf8 752f1fafd8f848d9bcdb8f3c577b2f8d - - default default] 10.0.0.118 "GET /v2.0/security-groups?tenant_id=b36487d7919549bdb1eae62264a83461&name=default HTTP/1.1" status: 200 len: 2996 time: 0.1552014
2026-05-08 11:34:23.667 9 INFO neutron.wsgi [None req-9d534e18-af3c-424e-81a1-f581f17049a0 ad2ef2d4f49d4233b79a56d8fa15edf8 752f1fafd8f848d9bcdb8f3c577b2f8d - - - -] 10.0.0.118 "DELETE /v2.0/security-groups/3fc2531c-5574-4cb3-9b49-72a54f49f529 HTTP/1.1" status: 204 len: 168 time: 0.1796052
2026-05-08 11:34:23.830 9 INFO neutron.wsgi [-] 10.0.0.44 "GET / HTTP/1.1" status: 200 len: 247 time: 0.0031767
2026-05-08 11:34:23.830 10 INFO neutron.wsgi [-] 10.0.0.44 "GET / HTTP/1.1" status: 200 len: 247 time: 0.0034542
2026-05-08 11:34:25.168 9 INFO neutron.wsgi [None req-de840482-057d-490e-b4d8-76e3dededfcf ad2ef2d4f49d4233b79a56d8fa15edf8 752f1fafd8f848d9bcdb8f3c577b2f8d - - default default] 10.0.0.71 "GET /v2.0/floatingips HTTP/1.1" status: 200 len: 193 time: 0.2130315
2026-05-08 11:34:25.204 9 INFO neutron.wsgi [None req-a2aafd7e-d485-436b-abe0-5834c56698a8 ad2ef2d4f49d4233b79a56d8fa15edf8 752f1fafd8f848d9bcdb8f3c577b2f8d - - default default] 10.0.0.71 "GET /v2.0/subnets HTTP/1.1" status: 200 len: 1437 time: 0.0347614
2026-05-08 11:34:25.235 9 INFO neutron.wsgi [None req-45b7c2cd-1b77-4734-943f-27285f418ee7 ad2ef2d4f49d4233b79a56d8fa15edf8 752f1fafd8f848d9bcdb8f3c577b2f8d - - default default] 10.0.0.71 "GET /v2.0/routers HTTP/1.1" status: 200 len: 189 time: 0.0298355
2026-05-08 11:34:25.255 9 INFO neutron.wsgi [None req-1d8cc09b-ba9c-4e37-80d3-5c4bc2b4f32f ad2ef2d4f49d4233b79a56d8fa15edf8 752f1fafd8f848d9bcdb8f3c577b2f8d - - default default] 10.0.0.71 "GET /v2.0/agents?binary=ovn-controller HTTP/1.1" status: 200 len: 591 time: 0.0186052
2026-05-08 11:34:25.285 9 INFO neutron.wsgi [None req-5ffab14e-6cc9-4cfd-b6e0-5043aec7725a ad2ef2d4f49d4233b79a56d8fa15edf8 752f1fafd8f848d9bcdb8f3c577b2f8d - - default default] 10.0.0.71 "GET /v2.0/agents HTTP/1.1" status: 200 len: 997 time: 0.0235505
2026-05-08 11:34:25.315 9 INFO neutron.wsgi [None req-785a7c50-f0ff-421f-86ee-6797c2425042 ad2ef2d4f49d4233b79a56d8fa15edf8 752f1fafd8f848d9bcdb8f3c577b2f8d - - default default] 10.0.0.71 "GET /v2.0/subnets HTTP/1.1" status: 200 len: 1437 time: 0.0286179
