2026-05-08 11:35:03.369 10 INFO neutron.wsgi [None req-611f3765-a6a3-41b4-a0de-ea90655aa1b7 aff2bb4d96974d98b885a5a387c3da2a 6b02913f03924a4fa799b508223f5b6e - - - -] 10.0.0.118 "DELETE /v2.0/security-groups/4b7dca4a-e0d6-4145-bd1f-c33cb329fb21 HTTP/1.1" status: 404 len: 347 time: 0.0422471
2026-05-08 11:35:03.434 9 INFO neutron.db.segments_db [None req-bffd5d02-7c65-407e-b885-cee8e708124c c97240c330aa47348f9b056b6617a98f 7957a993a1f446ae9dfa25dd5bc4488a - - - -] Added segment 901583c4-3860-4b79-8462-f146a297be84 of type geneve for network 1386cc23-e267-4619-94cd-8d702e8513df
2026-05-08 11:35:03.450 10 INFO neutron.wsgi [None req-7298e9d5-f934-4c7c-a716-94309ca9b4ba 1ac5231732d64f8e958f8e3b88b619bc fe8fd5f7731443eba8f4fd738dea816b - - - -] 10.0.0.118 "POST /v2.0/subnetpools HTTP/1.1" status: 201 len: 748 time: 0.3022487
2026-05-08 11:35:03.504 9 INFO neutron.wsgi [None req-ba29ee0d-17b5-4d94-a251-e1db012b53e0 1ac5231732d64f8e958f8e3b88b619bc fe8fd5f7731443eba8f4fd738dea816b - - default default] 10.0.0.118 "GET /v2.0/subnetpools/3d043e5c-401b-4ac0-9cc5-80d76ed2ee58 HTTP/1.1" status: 200 len: 743 time: 0.0360513
2026-05-08 11:35:03.519 10 INFO neutron.db.ovn_revision_numbers_db [None req-cb8731d6-3313-4978-b81f-311f28a1ac6b aff2bb4d96974d98b885a5a387c3da2a 6b02913f03924a4fa799b508223f5b6e - - - -] Successfully bumped revision number for resource 6572814a-ab2f-4eca-bc29-68c6cdc09a85 (type: security_groups) to 1
2026-05-08 11:35:03.560 10 INFO neutron.wsgi [None req-cb8731d6-3313-4978-b81f-311f28a1ac6b aff2bb4d96974d98b885a5a387c3da2a 6b02913f03924a4fa799b508223f5b6e - - - -] 10.0.0.118 "POST /v2.0/security-groups HTTP/1.1" status: 201 len: 1761 time: 0.1832271
2026-05-08 11:35:03.578 9 INFO neutron.db.ovn_revision_numbers_db [None req-bffd5d02-7c65-407e-b885-cee8e708124c c97240c330aa47348f9b056b6617a98f 7957a993a1f446ae9dfa25dd5bc4488a - - - -] Successfully bumped revision number for resource 1386cc23-e267-4619-94cd-8d702e8513df (type: networks) to 1
2026-05-08 11:35:03.592 10 INFO neutron.wsgi [None req-045c89a8-a672-48f9-b94e-687db8925c0f 1ac5231732d64f8e958f8e3b88b619bc fe8fd5f7731443eba8f4fd738dea816b - - - -] 10.0.0.118 "PUT /v2.0/subnetpools/3d043e5c-401b-4ac0-9cc5-80d76ed2ee58 HTTP/1.1" status: 200 len: 694 time: 0.0818052
2026-05-08 11:35:03.650 10 INFO neutron.wsgi [None req-48124214-3c09-4038-953f-d753c64894ca 1ac5231732d64f8e958f8e3b88b619bc fe8fd5f7731443eba8f4fd738dea816b - - - -] 10.0.0.118 "DELETE /v2.0/subnetpools/3d043e5c-401b-4ac0-9cc5-80d76ed2ee58 HTTP/1.1" status: 204 len: 168 time: 0.0535641
2026-05-08 11:35:03.660 9 WARNING neutron.plugins.ml2.drivers.ovn.mech_driver.ovsdb.ovn_client [None req-224750f6-56e3-484e-aace-eed48cb85a85 - - - - - -] No port found with ID ab517760-bc6b-4107-865b-393df06dc9d2: RuntimeError: No port found with ID ab517760-bc6b-4107-865b-393df06dc9d2
2026-05-08 11:35:03.668 10 INFO neutron.api.v2.resource [None req-ca1b6422-75af-4ad3-9612-2097d341352d 1ac5231732d64f8e958f8e3b88b619bc fe8fd5f7731443eba8f4fd738dea816b - - default default] show failed (client error): The resource could not be found.
2026-05-08 11:35:03.670 10 INFO neutron.wsgi [None req-ca1b6422-75af-4ad3-9612-2097d341352d 1ac5231732d64f8e958f8e3b88b619bc fe8fd5f7731443eba8f4fd738dea816b - - default default] 10.0.0.118 "GET /v2.0/subnetpools/3d043e5c-401b-4ac0-9cc5-80d76ed2ee58 HTTP/1.1" status: 404 len: 346 time: 0.0140479
2026-05-08 11:35:03.691 10 INFO neutron.api.v2.resource [None req-e4625356-876a-4350-98f1-c5454422b1aa 1ac5231732d64f8e958f8e3b88b619bc fe8fd5f7731443eba8f4fd738dea816b - - - -] delete failed (client error): The resource could not be found.
2026-05-08 11:35:03.693 10 INFO neutron.wsgi [None req-e4625356-876a-4350-98f1-c5454422b1aa 1ac5231732d64f8e958f8e3b88b619bc fe8fd5f7731443eba8f4fd738dea816b - - - -] 10.0.0.118 "DELETE /v2.0/subnetpools/3d043e5c-401b-4ac0-9cc5-80d76ed2ee58 HTTP/1.1" status: 404 len: 346 time: 0.0195603
2026-05-08 11:35:03.752 9 INFO neutron.db.ovn_revision_numbers_db [None req-789e5c54-0208-4205-8bd9-b6f6807e7d08 aff2bb4d96974d98b885a5a387c3da2a 6b02913f03924a4fa799b508223f5b6e - - - -] Successfully bumped revision number for resource df69f232-cbbc-405c-b6df-6f5c2e1d98e8 (type: security_group_rules) to 0
2026-05-08 11:35:03.790 9 WARNING neutron.scheduler.dhcp_agent_scheduler [None req-bffd5d02-7c65-407e-b885-cee8e708124c c97240c330aa47348f9b056b6617a98f 7957a993a1f446ae9dfa25dd5bc4488a - - - -] No more DHCP agents
2026-05-08 11:35:03.792 9 WARNING neutron.api.rpc.agentnotifiers.dhcp_rpc_agent_api [None req-bffd5d02-7c65-407e-b885-cee8e708124c c97240c330aa47348f9b056b6617a98f 7957a993a1f446ae9dfa25dd5bc4488a - - - -] Unable to schedule network 1386cc23-e267-4619-94cd-8d702e8513df: no agents available; will retry on subsequent port and subnet creation events.
2026-05-08 11:35:03.796 9 INFO neutron.wsgi [None req-789e5c54-0208-4205-8bd9-b6f6807e7d08 aff2bb4d96974d98b885a5a387c3da2a 6b02913f03924a4fa799b508223f5b6e - - - -] 10.0.0.118 "POST /v2.0/security-group-rules HTTP/1.1" status: 201 len: 768 time: 0.2247159
2026-05-08 11:35:03.818 10 INFO neutron.db.ovn_revision_numbers_db [None req-79549582-518a-4692-b5f3-1552a33db919 ac2d47c71bb84db78804fad48d73561e 21d8a89de7f7426bbb50fe49bdfb7419 - - - -] Successfully bumped revision number for resource f5790be3-eeb1-4769-b299-fa1b66594bbb (type: security_groups) to 1
2026-05-08 11:35:03.823 9 INFO neutron.wsgi [None req-ebd1268f-f873-4510-9368-ce4aca0dab4b aff2bb4d96974d98b885a5a387c3da2a 6b02913f03924a4fa799b508223f5b6e - - default default] 10.0.0.118 "GET /v2.0/security-group-rules/df69f232-cbbc-405c-b6df-6f5c2e1d98e8 HTTP/1.1" status: 200 len: 763 time: 0.0181551
2026-05-08 11:35:03.840 10 INFO neutron.wsgi [None req-79549582-518a-4692-b5f3-1552a33db919 ac2d47c71bb84db78804fad48d73561e 21d8a89de7f7426bbb50fe49bdfb7419 - - - -] 10.0.0.118 "POST /v2.0/security-groups HTTP/1.1" status: 201 len: 1809 time: 0.1219954
2026-05-08 11:35:03.889 9 INFO neutron.wsgi [None req-1bfafb2b-ad5d-451c-825b-14a450750f2c aff2bb4d96974d98b885a5a387c3da2a 6b02913f03924a4fa799b508223f5b6e - - default default] 10.0.0.118 "GET /v2.0/security-group-rules HTTP/1.1" status: 200 len: 4113 time: 0.0593810
2026-05-08 11:35:03.890 9 INFO neutron.db.ovn_revision_numbers_db [None req-bffd5d02-7c65-407e-b885-cee8e708124c c97240c330aa47348f9b056b6617a98f 7957a993a1f446ae9dfa25dd5bc4488a - - - -] Successfully bumped revision number for resource 06cf7119-045b-421e-ae05-1969a11791f8 (type: ports) to 1
2026-05-08 11:35:03.915 9 INFO neutron.wsgi [None req-bffd5d02-7c65-407e-b885-cee8e708124c c97240c330aa47348f9b056b6617a98f 7957a993a1f446ae9dfa25dd5bc4488a - - - -] 10.0.0.118 "POST /v2.0/networks HTTP/1.1" status: 201 len: 835 time: 0.5609601
2026-05-08 11:35:03.986 10 INFO neutron.db.ovn_revision_numbers_db [None req-2f721e1c-4aa3-40e5-bac7-e939cf483ac5 ac2d47c71bb84db78804fad48d73561e 21d8a89de7f7426bbb50fe49bdfb7419 - - - -] Successfully bumped revision number for resource ddc6c7f8-1ec8-4ac2-88e1-f2bd6bd0413c (type: security_group_rules) to 0
2026-05-08 11:35:04.009 10 INFO neutron.wsgi [None req-47b0130a-c8af-4628-b008-643370f61fbc aff2bb4d96974d98b885a5a387c3da2a 6b02913f03924a4fa799b508223f5b6e - - - -] 10.0.0.118 "DELETE /v2.0/security-group-rules/df69f232-cbbc-405c-b6df-6f5c2e1d98e8 HTTP/1.1" status: 204 len: 168 time: 0.1140769
2026-05-08 11:35:04.024 10 INFO neutron.wsgi [None req-2f721e1c-4aa3-40e5-bac7-e939cf483ac5 ac2d47c71bb84db78804fad48d73561e 21d8a89de7f7426bbb50fe49bdfb7419 - - - -] 10.0.0.118 "POST /v2.0/security-group-rules HTTP/1.1" status: 201 len: 764 time: 0.1598706
2026-05-08 11:35:04.053 10 INFO neutron.wsgi [None req-ca4a06ac-f334-4814-8477-ad8255d69935 aff2bb4d96974d98b885a5a387c3da2a 6b02913f03924a4fa799b508223f5b6e - - default default] 10.0.0.118 "GET /v2.0/security-group-rules HTTP/1.1" status: 200 len: 3567 time: 0.0380092
2026-05-08 11:35:04.155 10 INFO neutron.db.ovn_revision_numbers_db [None req-d01822da-b091-4964-a3b7-f5ee85e45979 ac2d47c71bb84db78804fad48d73561e 21d8a89de7f7426bbb50fe49bdfb7419 - - - -] Successfully bumped revision number for resource 52de3588-1a03-43ab-a846-171fb4b35668 (type: security_group_rules) to 0
2026-05-08 11:35:04.179 9 WARNING neutron.scheduler.dhcp_agent_scheduler [None req-c2ade808-2662-4b3b-826c-c6a647a7082e c97240c330aa47348f9b056b6617a98f 7957a993a1f446ae9dfa25dd5bc4488a - - - -] No more DHCP agents
2026-05-08 11:35:04.182 9 WARNING neutron.api.rpc.agentnotifiers.dhcp_rpc_agent_api [None req-c2ade808-2662-4b3b-826c-c6a647a7082e c97240c330aa47348f9b056b6617a98f 7957a993a1f446ae9dfa25dd5bc4488a - - - -] Unable to schedule network 1386cc23-e267-4619-94cd-8d702e8513df: no agents available; will retry on subsequent port and subnet creation events.
2026-05-08 11:35:04.197 10 INFO neutron.wsgi [None req-d01822da-b091-4964-a3b7-f5ee85e45979 ac2d47c71bb84db78804fad48d73561e 21d8a89de7f7426bbb50fe49bdfb7419 - - - -] 10.0.0.118 "POST /v2.0/security-group-rules HTTP/1.1" status: 201 len: 763 time: 0.1661429
2026-05-08 11:35:04.198 9 INFO neutron.db.ovn_revision_numbers_db [None req-c2ade808-2662-4b3b-826c-c6a647a7082e c97240c330aa47348f9b056b6617a98f 7957a993a1f446ae9dfa25dd5bc4488a - - - -] Successfully bumped revision number for resource 223754bb-7ae3-453c-b4ff-41e7e4043cd2 (type: subnets) to 0
2026-05-08 11:35:04.201 10 INFO neutron.db.ovn_revision_numbers_db [None req-1ca57566-6941-45aa-a0ce-aedd1ca12fe3 aff2bb4d96974d98b885a5a387c3da2a 6b02913f03924a4fa799b508223f5b6e - - - -] Successfully bumped revision number for resource 1a91233c-27f7-4236-8621-e3f74d02e6ba (type: security_group_rules) to 0
2026-05-08 11:35:04.233 9 INFO neutron.wsgi [None req-c2ade808-2662-4b3b-826c-c6a647a7082e c97240c330aa47348f9b056b6617a98f 7957a993a1f446ae9dfa25dd5bc4488a - - - -] 10.0.0.118 "POST /v2.0/subnets HTTP/1.1" status: 201 len: 821 time: 0.3108497
2026-05-08 11:35:04.236 10 INFO neutron.wsgi [None req-1ca57566-6941-45aa-a0ce-aedd1ca12fe3 aff2bb4d96974d98b885a5a387c3da2a 6b02913f03924a4fa799b508223f5b6e - - - -] 10.0.0.118 "POST /v2.0/security-group-rules HTTP/1.1" status: 201 len: 768 time: 0.1774695
2026-05-08 11:35:04.277 10 INFO neutron.wsgi [None req-d0610b71-3d2a-4ee3-909a-0c82b9c09fc0 aff2bb4d96974d98b885a5a387c3da2a 6b02913f03924a4fa799b508223f5b6e - - default default] 10.0.0.118 "GET /v2.0/security-group-rules/1a91233c-27f7-4236-8621-e3f74d02e6ba HTTP/1.1" status: 200 len: 763 time: 0.0262921
2026-05-08 11:35:04.321 9 INFO neutron.wsgi [None req-138936de-ac24-43d2-9178-713e371b7b99 aff2bb4d96974d98b885a5a387c3da2a 6b02913f03924a4fa799b508223f5b6e - - default default] 10.0.0.118 "GET /v2.0/security-group-rules HTTP/1.1" status: 200 len: 4113 time: 0.0380838
2026-05-08 11:35:04.398 9 INFO neutron.db.ovn_revision_numbers_db [None req-5e17b9b6-e017-41e2-a04a-b9bda69eb9c4 ac2d47c71bb84db78804fad48d73561e 21d8a89de7f7426bbb50fe49bdfb7419 - - - -] Successfully bumped revision number for resource f1c379dd-4188-4c60-b5ff-9dec93eb1774 (type: security_group_rules) to 0
2026-05-08 11:35:04.431 9 INFO neutron.wsgi [None req-5e17b9b6-e017-41e2-a04a-b9bda69eb9c4 ac2d47c71bb84db78804fad48d73561e 21d8a89de7f7426bbb50fe49bdfb7419 - - - -] 10.0.0.118 "POST /v2.0/security-group-rules HTTP/1.1" status: 201 len: 769 time: 0.2163329
2026-05-08 11:35:04.485 9 INFO neutron.wsgi [None req-e6a5cd6c-f4cc-4207-ae6c-d3fc77be4efc aff2bb4d96974d98b885a5a387c3da2a 6b02913f03924a4fa799b508223f5b6e - - - -] 10.0.0.118 "DELETE /v2.0/security-group-rules/1a91233c-27f7-4236-8621-e3f74d02e6ba HTTP/1.1" status: 204 len: 168 time: 0.1573114
2026-05-08 11:35:04.512 9 INFO neutron.db.ovn_revision_numbers_db [None req-7775156a-534e-4fba-af56-7ce49ce28e15 ad2ef2d4f49d4233b79a56d8fa15edf8 752f1fafd8f848d9bcdb8f3c577b2f8d - - default default] Successfully bumped revision number for resource 66060e04-d5e2-4d71-ac52-39c30daa2ced (type: security_groups) to 1
2026-05-08 11:35:04.533 9 INFO neutron.wsgi [None req-7775156a-534e-4fba-af56-7ce49ce28e15 ad2ef2d4f49d4233b79a56d8fa15edf8 752f1fafd8f848d9bcdb8f3c577b2f8d - - default default] 10.0.0.118 "GET /v2.0/security-groups?tenant_id=fe8fd5f7731443eba8f4fd738dea816b&name=default HTTP/1.1" status: 200 len: 2996 time: 0.2808011
2026-05-08 11:35:04.552 10 INFO neutron.wsgi [None req-0b34da44-cd37-4a30-a5a1-214b69cd7f11 aff2bb4d96974d98b885a5a387c3da2a 6b02913f03924a4fa799b508223f5b6e - - default default] 10.0.0.118 "GET /v2.0/security-group-rules HTTP/1.1" status: 200 len: 3567 time: 0.0614395
2026-05-08 11:35:04.589 9 INFO neutron.db.ovn_revision_numbers_db [None req-71d6db13-3b5a-4a42-8c19-9160c22a14d5 ac2d47c71bb84db78804fad48d73561e 21d8a89de7f7426bbb50fe49bdfb7419 - - - -] Successfully bumped revision number for resource d1130980-425c-4d3e-a81d-79f81cf41255 (type: security_group_rules) to 0
2026-05-08 11:35:04.592 9 INFO neutron.db.securitygroups_db [None req-2f795701-5982-4eab-9bc6-60d039020cd3 aff2bb4d96974d98b885a5a387c3da2a 6b02913f03924a4fa799b508223f5b6e - - - -] Project 6b02913f03924a4fa799b508223f5b6e added a security group rule with legacy IPv6 ICMP protocol name icmp, ipv6-icmp should be used instead. It was automatically converted.
2026-05-08 11:35:04.604 10 WARNING neutron.scheduler.dhcp_agent_scheduler [None req-ae0c2445-86a8-47bf-b246-3f0bb54971e5 c97240c330aa47348f9b056b6617a98f 7957a993a1f446ae9dfa25dd5bc4488a - - - -] No more DHCP agents
2026-05-08 11:35:04.611 10 WARNING neutron.api.rpc.agentnotifiers.dhcp_rpc_agent_api [None req-ae0c2445-86a8-47bf-b246-3f0bb54971e5 c97240c330aa47348f9b056b6617a98f 7957a993a1f446ae9dfa25dd5bc4488a - - - -] Unable to schedule network 1386cc23-e267-4619-94cd-8d702e8513df: no agents available; will retry on subsequent port and subnet creation events.
2026-05-08 11:35:04.622 9 INFO neutron.wsgi [None req-71d6db13-3b5a-4a42-8c19-9160c22a14d5 ac2d47c71bb84db78804fad48d73561e 21d8a89de7f7426bbb50fe49bdfb7419 - - - -] 10.0.0.118 "POST /v2.0/security-group-rules HTTP/1.1" status: 201 len: 768 time: 0.1839235
2026-05-08 11:35:04.653 9 INFO neutron.db.securitygroups_db [None req-b386209b-46ed-4b6a-b701-6e5099e259d5 ac2d47c71bb84db78804fad48d73561e 21d8a89de7f7426bbb50fe49bdfb7419 - - - -] Project 21d8a89de7f7426bbb50fe49bdfb7419 added a security group rule with legacy IPv6 ICMP protocol name icmp, ipv6-icmp should be used instead. It was automatically converted.
2026-05-08 11:35:04.707 10 INFO neutron.db.ovn_revision_numbers_db [None req-ae0c2445-86a8-47bf-b246-3f0bb54971e5 c97240c330aa47348f9b056b6617a98f 7957a993a1f446ae9dfa25dd5bc4488a - - - -] Successfully bumped revision number for resource 00f63b9d-81cf-4925-a05a-ceaa4d7ba5f3 (type: ports) to 1
2026-05-08 11:35:04.721 9 INFO neutron.db.ovn_revision_numbers_db [None req-2f795701-5982-4eab-9bc6-60d039020cd3 aff2bb4d96974d98b885a5a387c3da2a 6b02913f03924a4fa799b508223f5b6e - - - -] Successfully bumped revision number for resource b545cd01-31e7-4637-9fa4-8940afa8a96d (type: security_group_rules) to 0
2026-05-08 11:35:04.734 10 INFO neutron.wsgi [None req-ae0c2445-86a8-47bf-b246-3f0bb54971e5 c97240c330aa47348f9b056b6617a98f 7957a993a1f446ae9dfa25dd5bc4488a - - - -] 10.0.0.118 "POST /v2.0/ports HTTP/1.1" status: 201 len: 1126 time: 0.4956131
2026-05-08 11:35:04.756 9 INFO neutron.wsgi [None req-2f795701-5982-4eab-9bc6-60d039020cd3 aff2bb4d96974d98b885a5a387c3da2a 6b02913f03924a4fa799b508223f5b6e - - - -] 10.0.0.118 "POST /v2.0/security-group-rules HTTP/1.1" status: 201 len: 774 time: 0.1983683
2026-05-08 11:35:04.769 9 INFO neutron.db.ovn_revision_numbers_db [None req-b386209b-46ed-4b6a-b701-6e5099e259d5 ac2d47c71bb84db78804fad48d73561e 21d8a89de7f7426bbb50fe49bdfb7419 - - - -] Successfully bumped revision number for resource 1b76849c-8849-4fbf-9f4f-b8099f9af7b5 (type: security_group_rules) to 0
2026-05-08 11:35:04.783 10 INFO neutron.wsgi [None req-a7c3dbb2-d31b-44d2-8b98-57c51271aec2 ad2ef2d4f49d4233b79a56d8fa15edf8 752f1fafd8f848d9bcdb8f3c577b2f8d - - - -] 10.0.0.118 "DELETE /v2.0/security-groups/66060e04-d5e2-4d71-ac52-39c30daa2ced HTTP/1.1" status: 204 len: 168 time: 0.2431612
2026-05-08 11:35:04.783 9 INFO neutron.wsgi [None req-5ca6a5a6-56b9-4843-a4ab-fd95b3d0fe34 aff2bb4d96974d98b885a5a387c3da2a 6b02913f03924a4fa799b508223f5b6e - - default default] 10.0.0.118 "GET /v2.0/security-group-rules/b545cd01-31e7-4637-9fa4-8940afa8a96d HTTP/1.1" status: 200 len: 769 time: 0.0217435
2026-05-08 11:35:04.799 9 INFO neutron.wsgi [None req-b386209b-46ed-4b6a-b701-6e5099e259d5 ac2d47c71bb84db78804fad48d73561e 21d8a89de7f7426bbb50fe49bdfb7419 - - - -] 10.0.0.118 "POST /v2.0/security-group-rules HTTP/1.1" status: 201 len: 774 time: 0.1721137
2026-05-08 11:35:04.822 10 INFO neutron.wsgi [None req-5eb6f004-a60c-4bdf-88f8-2b5522a310fd aff2bb4d96974d98b885a5a387c3da2a 6b02913f03924a4fa799b508223f5b6e - - default default] 10.0.0.118 "GET /v2.0/security-group-rules HTTP/1.1" status: 200 len: 4119 time: 0.0348632
2026-05-08 11:35:04.828 9 INFO neutron.db.securitygroups_db [None req-b27b7875-d441-4617-8870-009a0b360f82 ac2d47c71bb84db78804fad48d73561e 21d8a89de7f7426bbb50fe49bdfb7419 - - - -] Project 21d8a89de7f7426bbb50fe49bdfb7419 added a security group rule with legacy IPv6 ICMP protocol name icmp, ipv6-icmp should be used instead. It was automatically converted.
2026-05-08 11:35:04.915 9 INFO neutron.db.ovn_revision_numbers_db [None req-b27b7875-d441-4617-8870-009a0b360f82 ac2d47c71bb84db78804fad48d73561e 21d8a89de7f7426bbb50fe49bdfb7419 - - - -] Successfully bumped revision number for resource 99a09939-20fa-4909-b057-4a86fe4fb895 (type: security_group_rules) to 0
2026-05-08 11:35:04.941 9 INFO neutron.wsgi [None req-b27b7875-d441-4617-8870-009a0b360f82 ac2d47c71bb84db78804fad48d73561e 21d8a89de7f7426bbb50fe49bdfb7419 - - - -] 10.0.0.118 "POST /v2.0/security-group-rules HTTP/1.1" status: 201 len: 773 time: 0.1357815
2026-05-08 11:35:04.972 9 INFO neutron.wsgi [None req-10fc0ea9-d71c-4b91-96b2-ef66b8f2c93b aff2bb4d96974d98b885a5a387c3da2a 6b02913f03924a4fa799b508223f5b6e - - - -] 10.0.0.118 "DELETE /v2.0/security-group-rules/b545cd01-31e7-4637-9fa4-8940afa8a96d HTTP/1.1" status: 204 len: 168 time: 0.1376224
2026-05-08 11:35:05.020 9 INFO neutron.wsgi [None req-7b0500e0-aa80-46d7-9334-6ffee2760119 aff2bb4d96974d98b885a5a387c3da2a 6b02913f03924a4fa799b508223f5b6e - - default default] 10.0.0.118 "GET /v2.0/security-group-rules HTTP/1.1" status: 200 len: 3567 time: 0.0420134
2026-05-08 11:35:05.020 10 INFO neutron.wsgi [None req-c50f10ec-e9c8-490d-ad63-f23c49a7fee2 c97240c330aa47348f9b056b6617a98f 7957a993a1f446ae9dfa25dd5bc4488a - - - -] 10.0.0.118 "DELETE /v2.0/ports/00f63b9d-81cf-4925-a05a-ceaa4d7ba5f3 HTTP/1.1" status: 204 len: 168 time: 0.2801540
2026-05-08 11:35:05.046 10 INFO neutron.pecan_wsgi.hooks.translation [None req-2d737a8a-4c85-4510-810f-00471dff4701 c97240c330aa47348f9b056b6617a98f 7957a993a1f446ae9dfa25dd5bc4488a - - default default] GET failed (client error): The resource could not be found.
2026-05-08 11:35:05.047 10 INFO neutron.wsgi [None req-2d737a8a-4c85-4510-810f-00471dff4701 c97240c330aa47348f9b056b6617a98f 7957a993a1f446ae9dfa25dd5bc4488a - - default default] 10.0.0.118 "GET /v2.0/ports/00f63b9d-81cf-4925-a05a-ceaa4d7ba5f3 HTTP/1.1" status: 404 len: 333 time: 0.0195668
2026-05-08 11:35:05.228 10 INFO neutron.wsgi [None req-02538a8d-596a-484b-b941-60044155d517 c97240c330aa47348f9b056b6617a98f 7957a993a1f446ae9dfa25dd5bc4488a - - - -] 10.0.0.118 "DELETE /v2.0/subnets/223754bb-7ae3-453c-b4ff-41e7e4043cd2 HTTP/1.1" status: 204 len: 168 time: 0.1761379
2026-05-08 11:35:05.492 9 INFO neutron.wsgi [None req-7d7a57b7-ac9d-4b4a-9b79-22e4b0698405 aff2bb4d96974d98b885a5a387c3da2a 6b02913f03924a4fa799b508223f5b6e - - - -] 10.0.0.118 "DELETE /v2.0/security-groups/6572814a-ab2f-4eca-bc29-68c6cdc09a85 HTTP/1.1" status: 204 len: 168 time: 0.4650638
2026-05-08 11:35:05.545 9 INFO neutron.wsgi [None req-787a4114-8cf1-4beb-8d7c-c0f80f200103 aff2bb4d96974d98b885a5a387c3da2a 6b02913f03924a4fa799b508223f5b6e - - default default] 10.0.0.118 "GET /v2.0/security-groups HTTP/1.1" status: 200 len: 2996 time: 0.0458763
2026-05-08 11:35:05.558 9 INFO neutron.wsgi [None req-e3733a47-a4a1-4f8d-986a-0f89297e12c1 ac2d47c71bb84db78804fad48d73561e 21d8a89de7f7426bbb50fe49bdfb7419 - - default default] 10.0.0.118 "GET /v2.0/networks HTTP/1.1" status: 200 len: 1493 time: 0.1597826
2026-05-08 11:35:05.585 9 INFO neutron.wsgi [None req-da203573-4247-4605-89cb-c1241782f5f0 aff2bb4d96974d98b885a5a387c3da2a 6b02913f03924a4fa799b508223f5b6e - - default default] 10.0.0.118 "GET /v2.0/security-groups HTTP/1.1" status: 200 len: 2996 time: 0.0266707
2026-05-08 11:35:05.690 10 INFO neutron.wsgi [req-8a633e20-3c98-40ea-9adb-919fc280f1a3 req-d24c5707-8a2e-4401-9c62-11002aeaf026 ac2d47c71bb84db78804fad48d73561e 21d8a89de7f7426bbb50fe49bdfb7419 - - default default] 10.0.0.76 "GET /v2.0/security-groups?name=tempest-secgroup-smoke-374628983&fields=id&tenant_id=21d8a89de7f7426bbb50fe49bdfb7419 HTTP/1.1" status: 200 len: 267 time: 0.0566523
2026-05-08 11:35:05.762 10 INFO neutron.wsgi [req-8a633e20-3c98-40ea-9adb-919fc280f1a3 req-0c69b5c9-3c2d-4d00-8196-61ae2f7e3788 ac2d47c71bb84db78804fad48d73561e 21d8a89de7f7426bbb50fe49bdfb7419 - - default default] 10.0.0.76 "GET /v2.0/networks?id=714affd8-a512-405a-a5f6-138bf9178d46 HTTP/1.1" status: 200 len: 860 time: 0.0580609
2026-05-08 11:35:05.798 10 INFO neutron.wsgi [req-8a633e20-3c98-40ea-9adb-919fc280f1a3 req-de7b915e-75fc-47db-8e5e-4bc9e9275b54 ac2d47c71bb84db78804fad48d73561e 21d8a89de7f7426bbb50fe49bdfb7419 - - default default] 10.0.0.76 "GET /v2.0/quotas/21d8a89de7f7426bbb50fe49bdfb7419 HTTP/1.1" status: 200 len: 386 time: 0.0279055
2026-05-08 11:35:05.923 10 INFO neutron.wsgi [req-8a633e20-3c98-40ea-9adb-919fc280f1a3 req-a27b886d-dc9a-4aed-b964-32375bf54b80 ac2d47c71bb84db78804fad48d73561e 21d8a89de7f7426bbb50fe49bdfb7419 - - default default] 10.0.0.76 "GET /v2.0/ports?tenant_id=21d8a89de7f7426bbb50fe49bdfb7419&fields=id HTTP/1.1" status: 200 len: 348 time: 0.1191301
2026-05-08 11:35:06.018 10 INFO neutron.services.segments.plugin [-] Segment 901583c4-3860-4b79-8462-f146a297be84 resource provider aggregate not found
2026-05-08 11:35:06.028 10 INFO neutron.services.segments.plugin [-] Segment 901583c4-3860-4b79-8462-f146a297be84 resource provider aggregate not found
2026-05-08 11:35:06.034 10 INFO neutron.services.segments.plugin [-] Segment 901583c4-3860-4b79-8462-f146a297be84 resource provider not found; error: Placement Client Error (4xx): {"errors": [{"status": 404, "title": "Not Found", "detail": "The resource could not be found.\n\n No resource provider with uuid 901583c4-3860-4b79-8462-f146a297be84 found for delete ", "request_id": "req-9f441107-1268-4e3e-9714-e9e2e56ed7e6"}]}
2026-05-08 11:35:06.053 10 INFO neutron.services.segments.plugin [-] Segment 901583c4-3860-4b79-8462-f146a297be84 resource provider not found; error: Placement Client Error (4xx): {"errors": [{"status": 404, "title": "Not Found", "detail": "The resource could not be found.\n\n No resource provider with uuid 901583c4-3860-4b79-8462-f146a297be84 found for delete ", "request_id": "req-8862d6b0-a9d0-4c2e-b348-0446bcdc6a15"}]}
2026-05-08 11:35:06.076 10 INFO neutron.wsgi [req-8a633e20-3c98-40ea-9adb-919fc280f1a3 req-fcf8a31d-2370-462e-b018-cd689587011d a9d5cd7a9ecd49f99c49a434029a20a5 106c2c00120c40afa39eea2f06d84c86 - - ec09183e480e46429bd1fc26174dcdbd ec09183e480e46429bd1fc26174dcdbd] 10.0.0.76 "GET /v2.0/networks/714affd8-a512-405a-a5f6-138bf9178d46?fields=segments HTTP/1.1" status: 200 len: 212 time: 0.1133308
2026-05-08 11:35:06.087 10 INFO neutron.wsgi [None req-be25c051-59bb-4f64-a693-994d53ceef5a c97240c330aa47348f9b056b6617a98f 7957a993a1f446ae9dfa25dd5bc4488a - - - -] 10.0.0.118 "DELETE /v2.0/networks/1386cc23-e267-4619-94cd-8d702e8513df HTTP/1.1" status: 204 len: 168 time: 0.8522305
2026-05-08 11:35:06.151 10 INFO neutron.wsgi [req-8a633e20-3c98-40ea-9adb-919fc280f1a3 req-5a25f57a-5215-40b3-b30f-96f7c3597622 a9d5cd7a9ecd49f99c49a434029a20a5 106c2c00120c40afa39eea2f06d84c86 - - ec09183e480e46429bd1fc26174dcdbd ec09183e480e46429bd1fc26174dcdbd] 10.0.0.76 "GET /v2.0/networks/714affd8-a512-405a-a5f6-138bf9178d46?fields=provider%3Aphysical_network&fields=provider%3Anetwork_type HTTP/1.1" status: 200 len: 277 time: 0.0672991
2026-05-08 11:35:06.300 10 INFO neutron.wsgi [req-67cb55a2-e34a-404e-a80d-e99f731614b3 req-1e64b175-c697-4ed0-8e69-a09ce3aa703c ac2d47c71bb84db78804fad48d73561e 21d8a89de7f7426bbb50fe49bdfb7419 - - default default] 10.0.0.76 "GET /v2.0/ports?device_id=776d9e16-f2c2-48fe-80ee-f23d026fe3c4 HTTP/1.1" status: 200 len: 210 time: 0.0276768
2026-05-08 11:35:06.409 9 WARNING neutron.scheduler.dhcp_agent_scheduler [None req-21ed1353-4c26-4794-8690-d2a711c1edae c97240c330aa47348f9b056b6617a98f 7957a993a1f446ae9dfa25dd5bc4488a - - - -] No more DHCP agents /var/lib/openstack/lib/python3.10/site-packages/pycadf/identifier.py:71: UserWarning: Invalid uuid: neutron. To ensure interoperability, identifiers should be a valid uuid. warnings.warn(('Invalid uuid: %s. To ensure interoperability, '
2026-05-08 11:35:06.419 9 WARNING neutron.api.rpc.agentnotifiers.dhcp_rpc_agent_api [None req-21ed1353-4c26-4794-8690-d2a711c1edae c97240c330aa47348f9b056b6617a98f 7957a993a1f446ae9dfa25dd5bc4488a - - - -] Unable to schedule network f1bcc75a-9053-48e9-a06d-2ff20a2f761c: no agents available; will retry on subsequent port and subnet creation events.
2026-05-08 11:35:06.478 9 INFO neutron.wsgi [None req-a06270a4-cfb2-462e-b63b-ac8cb2c682a3 ad2ef2d4f49d4233b79a56d8fa15edf8 752f1fafd8f848d9bcdb8f3c577b2f8d - - default default] 10.0.0.118 "GET /v2.0/security-groups?tenant_id=6b02913f03924a4fa799b508223f5b6e&name=default HTTP/1.1" status: 200 len: 2996 time: 0.3698158 /var/lib/openstack/lib/python3.10/site-packages/pycadf/identifier.py:71: UserWarning: Invalid uuid: neutron. To ensure interoperability, identifiers should be a valid uuid. warnings.warn(('Invalid uuid: %s. To ensure interoperability, '
2026-05-08 11:35:06.513 9 INFO neutron.db.ovn_revision_numbers_db [None req-21ed1353-4c26-4794-8690-d2a711c1edae c97240c330aa47348f9b056b6617a98f 7957a993a1f446ae9dfa25dd5bc4488a - - - -] Successfully bumped revision number for resource dd469d85-70f6-4770-94a9-f3390dcc0d23 (type: ports) to 1
2026-05-08 11:35:06.539 9 INFO neutron.wsgi [None req-21ed1353-4c26-4794-8690-d2a711c1edae c97240c330aa47348f9b056b6617a98f 7957a993a1f446ae9dfa25dd5bc4488a - - - -] 10.0.0.118 "POST /v2.0/ports HTTP/1.1" status: 201 len: 976 time: 0.4442973
2026-05-08 11:35:06.772 9 INFO neutron.wsgi [None req-49e5261f-e0e5-474d-a812-e923cce8c4cd ad2ef2d4f49d4233b79a56d8fa15edf8 752f1fafd8f848d9bcdb8f3c577b2f8d - - - -] 10.0.0.118 "DELETE /v2.0/security-groups/538a851b-3677-4862-8f30-10fc8ffc8c69 HTTP/1.1" status: 204 len: 168 time: 0.2875030
2026-05-08 11:35:06.796 9 INFO neutron.db.ovn_revision_numbers_db [None req-c0f308a7-0982-403e-b07b-57f634e6cc8a c97240c330aa47348f9b056b6617a98f 7957a993a1f446ae9dfa25dd5bc4488a - - - -] Successfully bumped revision number for resource dd469d85-70f6-4770-94a9-f3390dcc0d23 (type: ports) to 2
2026-05-08 11:35:06.807 9 INFO neutron.wsgi [None req-c0f308a7-0982-403e-b07b-57f634e6cc8a c97240c330aa47348f9b056b6617a98f 7957a993a1f446ae9dfa25dd5bc4488a - - - -] 10.0.0.118 "PUT /v2.0/ports/dd469d85-70f6-4770-94a9-f3390dcc0d23 HTTP/1.1" status: 200 len: 946 time: 0.2622390 /var/lib/openstack/lib/python3.10/site-packages/pycadf/identifier.py:71: UserWarning: Invalid uuid: neutron. To ensure interoperability, identifiers should be a valid uuid. warnings.warn(('Invalid uuid: %s. To ensure interoperability, '
2026-05-08 11:35:07.107 10 INFO neutron.wsgi [req-8a633e20-3c98-40ea-9adb-919fc280f1a3 req-5715a24c-f38b-4e9f-99a7-ff3d4dda0811 ac2d47c71bb84db78804fad48d73561e 21d8a89de7f7426bbb50fe49bdfb7419 - - default default] 199.19.213.185 "GET /v2.0/networks?id=714affd8-a512-405a-a5f6-138bf9178d46 HTTP/1.1" status: 200 len: 860 time: 0.0914707
2026-05-08 11:35:07.140 9 INFO neutron.wsgi [None req-ccbf31f1-7174-4c6b-a308-2c0dadbd16de c97240c330aa47348f9b056b6617a98f 7957a993a1f446ae9dfa25dd5bc4488a - - - -] 10.0.0.118 "DELETE /v2.0/ports/dd469d85-70f6-4770-94a9-f3390dcc0d23 HTTP/1.1" status: 204 len: 168 time: 0.3265467
2026-05-08 11:35:07.171 10 INFO neutron.wsgi [req-8a633e20-3c98-40ea-9adb-919fc280f1a3 req-12c42074-b88e-422d-83a3-c6b9025c1786 ac2d47c71bb84db78804fad48d73561e 21d8a89de7f7426bbb50fe49bdfb7419 - - default default] 199.19.213.185 "GET /v2.0/security-groups?fields=id&fields=name&tenant_id=21d8a89de7f7426bbb50fe49bdfb7419 HTTP/1.1" status: 200 len: 472 time: 0.0567420
2026-05-08 11:35:07.250 9 INFO neutron.wsgi [None req-0b6214a5-d651-4492-b116-44ae04c5e7b8 c97240c330aa47348f9b056b6617a98f 7957a993a1f446ae9dfa25dd5bc4488a - - default default] 10.0.0.118 "GET /v2.0/ports HTTP/1.1" status: 200 len: 1733 time: 0.1029563
2026-05-08 11:35:07.271 9 INFO neutron.pecan_wsgi.hooks.translation [None req-a000aa1a-8c63-4c3c-ad97-81f33b271c15 c97240c330aa47348f9b056b6617a98f 7957a993a1f446ae9dfa25dd5bc4488a - - default default] GET failed (client error): The resource could not be found.
2026-05-08 11:35:07.272 9 INFO neutron.wsgi [None req-a000aa1a-8c63-4c3c-ad97-81f33b271c15 c97240c330aa47348f9b056b6617a98f 7957a993a1f446ae9dfa25dd5bc4488a - - default default] 10.0.0.118 "GET /v2.0/ports/dd469d85-70f6-4770-94a9-f3390dcc0d23 HTTP/1.1" status: 404 len: 333 time: 0.0174379
2026-05-08 11:35:07.308 9 INFO neutron.wsgi [None req-31751c6e-6532-4d36-b68e-48fa87dcbd24 c97240c330aa47348f9b056b6617a98f 7957a993a1f446ae9dfa25dd5bc4488a - - default default] 10.0.0.118 "GET /v2.0/ports HTTP/1.1" status: 200 len: 1733 time: 0.0297325
2026-05-08 11:35:07.349 9 INFO neutron.wsgi [None req-71d03293-c0a9-4d3f-bec0-459e8681c905 c97240c330aa47348f9b056b6617a98f 7957a993a1f446ae9dfa25dd5bc4488a - - default default] 10.0.0.118 "GET /v2.0/ports/8e5afa45-3d8b-4f0b-9373-c3aa5eb449b4 HTTP/1.1" status: 200 len: 973 time: 0.0320747
2026-05-08 11:35:07.374 9 INFO neutron.pecan_wsgi.hooks.translation [None req-acf09355-c5c6-40ab-b897-cde09c0592b0 c97240c330aa47348f9b056b6617a98f 7957a993a1f446ae9dfa25dd5bc4488a - - - -] DELETE failed (client error): The resource could not be found.
2026-05-08 11:35:07.377 9 INFO neutron.wsgi [None req-acf09355-c5c6-40ab-b897-cde09c0592b0 c97240c330aa47348f9b056b6617a98f 7957a993a1f446ae9dfa25dd5bc4488a - - - -] 10.0.0.118 "DELETE /v2.0/ports/00f63b9d-81cf-4925-a05a-ceaa4d7ba5f3 HTTP/1.1" status: 404 len: 333 time: 0.0206201
2026-05-08 11:35:07.392 10 INFO neutron.wsgi [req-332c0185-6e03-44c6-8355-fa43f5a786bd req-c0071ca5-942a-494a-9004-d3fc2a3aca50 ac2d47c71bb84db78804fad48d73561e 21d8a89de7f7426bbb50fe49bdfb7419 - - default default] 10.0.0.76 "GET /v2.0/ports?device_id=776d9e16-f2c2-48fe-80ee-f23d026fe3c4 HTTP/1.1" status: 200 len: 210 time: 0.0285587
2026-05-08 11:35:07.396 9 INFO neutron.pecan_wsgi.hooks.translation [None req-fade1b72-ea25-48a9-8c6b-147d99132872 c97240c330aa47348f9b056b6617a98f 7957a993a1f446ae9dfa25dd5bc4488a - - - -] DELETE failed (client error): The resource could not be found.
2026-05-08 11:35:07.398 9 INFO neutron.wsgi [None req-fade1b72-ea25-48a9-8c6b-147d99132872 c97240c330aa47348f9b056b6617a98f 7957a993a1f446ae9dfa25dd5bc4488a - - - -] 10.0.0.118 "DELETE /v2.0/subnets/223754bb-7ae3-453c-b4ff-41e7e4043cd2 HTTP/1.1" status: 404 len: 337 time: 0.0174992
2026-05-08 11:35:07.418 9 INFO neutron.pecan_wsgi.hooks.translation [None req-b649f053-815b-483f-9a88-7221e25c119c c97240c330aa47348f9b056b6617a98f 7957a993a1f446ae9dfa25dd5bc4488a - - - -] DELETE failed (client error): The resource could not be found.
2026-05-08 11:35:07.420 9 INFO neutron.wsgi [None req-b649f053-815b-483f-9a88-7221e25c119c c97240c330aa47348f9b056b6617a98f 7957a993a1f446ae9dfa25dd5bc4488a - - - -] 10.0.0.118 "DELETE /v2.0/subnets/e040d70e-2c29-4e6e-bc5a-296d73b54d2e HTTP/1.1" status: 404 len: 337 time: 0.0166106
2026-05-08 11:35:07.563 10 WARNING neutron.scheduler.dhcp_agent_scheduler [None req-3662496d-0b58-49ee-a599-a2214ab7bc27 ac2d47c71bb84db78804fad48d73561e 21d8a89de7f7426bbb50fe49bdfb7419 - - - -] No more DHCP agents
2026-05-08 11:35:07.568 10 WARNING neutron.api.rpc.agentnotifiers.dhcp_rpc_agent_api [None req-3662496d-0b58-49ee-a599-a2214ab7bc27 ac2d47c71bb84db78804fad48d73561e 21d8a89de7f7426bbb50fe49bdfb7419 - - - -] Unable to schedule network 714affd8-a512-405a-a5f6-138bf9178d46: no agents available; will retry on subsequent port and subnet creation events.
2026-05-08 11:35:07.698 9 INFO neutron.wsgi [None req-51a3f564-97a3-456d-8895-c025463d332e c97240c330aa47348f9b056b6617a98f 7957a993a1f446ae9dfa25dd5bc4488a - - - -] 10.0.0.118 "DELETE /v2.0/ports/8e5afa45-3d8b-4f0b-9373-c3aa5eb449b4 HTTP/1.1" status: 204 len: 168 time: 0.2722437
2026-05-08 11:35:07.770 10 INFO neutron.db.ovn_revision_numbers_db [None req-3662496d-0b58-49ee-a599-a2214ab7bc27 ac2d47c71bb84db78804fad48d73561e 21d8a89de7f7426bbb50fe49bdfb7419 - - - -] Successfully bumped revision number for resource 04174aef-6a24-4b9b-b363-1378232ca692 (type: ports) to 1
2026-05-08 11:35:07.797 10 INFO neutron.wsgi [None req-3662496d-0b58-49ee-a599-a2214ab7bc27 ac2d47c71bb84db78804fad48d73561e 21d8a89de7f7426bbb50fe49bdfb7419 - - - -] 199.19.213.185 "POST /v2.0/ports HTTP/1.1" status: 201 len: 1162 time: 0.6218510 /var/lib/openstack/lib/python3.10/site-packages/pycadf/identifier.py:71: UserWarning: Invalid uuid: neutron. To ensure interoperability, identifiers should be a valid uuid. warnings.warn(('Invalid uuid: %s. To ensure interoperability, '
2026-05-08 11:35:08.163 9 INFO neutron.services.segments.plugin [-] Segment a4ea42d8-2864-4b2f-959e-cf41918aea60 resource provider aggregate not found
2026-05-08 11:35:08.169 9 INFO neutron.services.segments.plugin [-] Segment a4ea42d8-2864-4b2f-959e-cf41918aea60 resource provider aggregate not found
2026-05-08 11:35:08.187 9 INFO neutron.services.segments.plugin [-] Segment a4ea42d8-2864-4b2f-959e-cf41918aea60 resource provider not found; error: Placement Client Error (4xx): {"errors": [{"status": 404, "title": "Not Found", "detail": "The resource could not be found.\n\n No resource provider with uuid a4ea42d8-2864-4b2f-959e-cf41918aea60 found for delete ", "request_id": "req-bb084ae2-3ca8-4354-8319-e2cdc44a8fc2"}]}
2026-05-08 11:35:08.189 9 INFO neutron.services.segments.plugin [-] Segment a4ea42d8-2864-4b2f-959e-cf41918aea60 resource provider not found; error: Placement Client Error (4xx): {"errors": [{"status": 404, "title": "Not Found", "detail": "The resource could not be found.\n\n No resource provider with uuid a4ea42d8-2864-4b2f-959e-cf41918aea60 found for delete ", "request_id": "req-efce393f-090c-49f5-a397-8cf3633a472b"}]}
2026-05-08 11:35:08.211 9 INFO neutron.wsgi [None req-7498bbc9-3bac-40a2-b442-6d40349f46a1 c97240c330aa47348f9b056b6617a98f 7957a993a1f446ae9dfa25dd5bc4488a - - - -] 10.0.0.118 "DELETE /v2.0/networks/f1bcc75a-9053-48e9-a06d-2ff20a2f761c HTTP/1.1" status: 204 len: 168 time: 0.5054226
2026-05-08 11:35:08.363 10 INFO neutron.db.ovn_revision_numbers_db [None req-10578a54-21ba-4ceb-bd2e-2698ab1ecb9f a9d5cd7a9ecd49f99c49a434029a20a5 106c2c00120c40afa39eea2f06d84c86 - - - -] Successfully bumped revision number for resource 04174aef-6a24-4b9b-b363-1378232ca692 (type: ports) to 2 /var/lib/openstack/lib/python3.10/site-packages/pycadf/identifier.py:71: UserWarning: Invalid uuid: neutron. To ensure interoperability, identifiers should be a valid uuid. warnings.warn(('Invalid uuid: %s. To ensure interoperability, '
2026-05-08 11:35:08.546 10 INFO neutron.wsgi [req-90d94b44-cd49-4d34-b3ca-c935e8784c51 req-7a74d25f-3330-448b-afd2-11b9679e774a ac2d47c71bb84db78804fad48d73561e 21d8a89de7f7426bbb50fe49bdfb7419 - - default default] 10.0.0.76 "GET /v2.0/ports?device_id=776d9e16-f2c2-48fe-80ee-f23d026fe3c4 HTTP/1.1" status: 200 len: 1172 time: 0.0609515 /var/lib/openstack/lib/python3.10/site-packages/pycadf/identifier.py:71: UserWarning: Invalid uuid: neutron. To ensure interoperability, identifiers should be a valid uuid. warnings.warn(('Invalid uuid: %s. To ensure interoperability, '
2026-05-08 11:35:08.605 10 INFO neutron.wsgi [req-90d94b44-cd49-4d34-b3ca-c935e8784c51 req-f3858699-9f97-4d28-b927-99c1201bb157 ac2d47c71bb84db78804fad48d73561e 21d8a89de7f7426bbb50fe49bdfb7419 - - default default] 10.0.0.76 "GET /v2.0/security-groups?id=f5790be3-eeb1-4769-b299-fa1b66594bbb&fields=id&fields=name HTTP/1.1" status: 200 len: 312 time: 0.0515463
2026-05-08 11:35:08.628 10 INFO neutron.db.ovn_revision_numbers_db [None req-10578a54-21ba-4ceb-bd2e-2698ab1ecb9f a9d5cd7a9ecd49f99c49a434029a20a5 106c2c00120c40afa39eea2f06d84c86 - - - -] Successfully bumped revision number for resource 04174aef-6a24-4b9b-b363-1378232ca692 (type: ports) to 2
2026-05-08 11:35:08.646 10 INFO neutron.wsgi [None req-10578a54-21ba-4ceb-bd2e-2698ab1ecb9f a9d5cd7a9ecd49f99c49a434029a20a5 106c2c00120c40afa39eea2f06d84c86 - - - -] 199.19.213.185 "PUT /v2.0/ports/04174aef-6a24-4b9b-b363-1378232ca692 HTTP/1.1" status: 200 len: 1332 time: 0.8387327
2026-05-08 11:35:08.720 10 INFO neutron.notifiers.nova [-] Nova event matching ['req-6c2bb1a9-18a0-4739-a83b-d8118cef7eb7'] response: {'name': 'network-changed', 'server_uuid': '776d9e16-f2c2-48fe-80ee-f23d026fe3c4', 'tag': '04174aef-6a24-4b9b-b363-1378232ca692', 'status': 'completed', 'code': 200}
2026-05-08 11:35:08.731 10 INFO neutron.wsgi [req-8a633e20-3c98-40ea-9adb-919fc280f1a3 req-2505bdd3-d18d-4d2b-b491-ce2520ddb077 a9d5cd7a9ecd49f99c49a434029a20a5 106c2c00120c40afa39eea2f06d84c86 - - ec09183e480e46429bd1fc26174dcdbd ec09183e480e46429bd1fc26174dcdbd] 199.19.213.185 "GET /v2.0/ports?tenant_id=21d8a89de7f7426bbb50fe49bdfb7419&device_id=776d9e16-f2c2-48fe-80ee-f23d026fe3c4 HTTP/1.1" status: 200 len: 1363 time: 0.0395873
2026-05-08 11:35:08.764 10 INFO neutron.wsgi [req-8a633e20-3c98-40ea-9adb-919fc280f1a3 req-c7ba0e08-8b6a-4322-899c-abe735ac6f4f a9d5cd7a9ecd49f99c49a434029a20a5 106c2c00120c40afa39eea2f06d84c86 - - ec09183e480e46429bd1fc26174dcdbd ec09183e480e46429bd1fc26174dcdbd] 199.19.213.185 "GET /v2.0/floatingips?fixed_ip_address=10.100.0.14&port_id=04174aef-6a24-4b9b-b363-1378232ca692 HTTP/1.1" status: 200 len: 217 time: 0.0262570
2026-05-08 11:35:08.806 10 INFO neutron.wsgi [req-8a633e20-3c98-40ea-9adb-919fc280f1a3 req-1a11370d-80f9-4768-a058-4cd50083252c a9d5cd7a9ecd49f99c49a434029a20a5 106c2c00120c40afa39eea2f06d84c86 - - ec09183e480e46429bd1fc26174dcdbd ec09183e480e46429bd1fc26174dcdbd] 199.19.213.185 "GET /v2.0/subnets?id=067b6a4d-5354-4cb7-8dae-cec6f76954fd HTTP/1.1" status: 200 len: 853 time: 0.0343308
2026-05-08 11:35:08.829 9 INFO neutron.wsgi [-] 10.0.0.44 "GET / HTTP/1.1" status: 200 len: 247 time: 0.0029876
2026-05-08 11:35:08.834 9 INFO neutron.wsgi [-] 10.0.0.44 "GET / HTTP/1.1" status: 200 len: 247 time: 0.0021365
2026-05-08 11:35:08.855 10 INFO neutron.wsgi [req-8a633e20-3c98-40ea-9adb-919fc280f1a3 req-f139b477-f2b7-47cf-80d4-16648b7512a3 a9d5cd7a9ecd49f99c49a434029a20a5 106c2c00120c40afa39eea2f06d84c86 - - ec09183e480e46429bd1fc26174dcdbd ec09183e480e46429bd1fc26174dcdbd] 199.19.213.185 "GET /v2.0/ports?network_id=714affd8-a512-405a-a5f6-138bf9178d46&device_owner=network%3Adhcp HTTP/1.1" status: 200 len: 210 time: 0.0418928
2026-05-08 11:35:08.920 10 INFO neutron.wsgi [req-8a633e20-3c98-40ea-9adb-919fc280f1a3 req-9420cad8-2e61-4b4a-9ac3-10a13319a177 a9d5cd7a9ecd49f99c49a434029a20a5 106c2c00120c40afa39eea2f06d84c86 - - ec09183e480e46429bd1fc26174dcdbd ec09183e480e46429bd1fc26174dcdbd] 199.19.213.185 "GET /v2.0/networks/714affd8-a512-405a-a5f6-138bf9178d46?fields=segments HTTP/1.1" status: 200 len: 212 time: 0.0576589
2026-05-08 11:35:08.978 10 INFO neutron.wsgi [req-8a633e20-3c98-40ea-9adb-919fc280f1a3 req-5be26be4-4a39-4fe9-bfb2-5fbf94fa5d29 a9d5cd7a9ecd49f99c49a434029a20a5 106c2c00120c40afa39eea2f06d84c86 - - ec09183e480e46429bd1fc26174dcdbd ec09183e480e46429bd1fc26174dcdbd] 199.19.213.185 "GET /v2.0/networks/714affd8-a512-405a-a5f6-138bf9178d46?fields=provider%3Aphysical_network&fields=provider%3Anetwork_type HTTP/1.1" status: 200 len: 277 time: 0.0532956
2026-05-08 11:35:09.069 10 INFO neutron.wsgi [req-8d935a57-9e0f-4c43-b544-3a6ca5b616a5 req-a3ca9c42-3a7e-4eab-b790-3bcdb46baed4 a9d5cd7a9ecd49f99c49a434029a20a5 106c2c00120c40afa39eea2f06d84c86 - - ec09183e480e46429bd1fc26174dcdbd ec09183e480e46429bd1fc26174dcdbd] 199.19.213.185 "GET /v2.0/ports?tenant_id=21d8a89de7f7426bbb50fe49bdfb7419&device_id=776d9e16-f2c2-48fe-80ee-f23d026fe3c4 HTTP/1.1" status: 200 len: 1363 time: 0.0461571
2026-05-08 11:35:09.077 10 INFO neutron.wsgi [None req-a506832d-6726-44e9-8034-4aa43826a3b9 ad2ef2d4f49d4233b79a56d8fa15edf8 752f1fafd8f848d9bcdb8f3c577b2f8d - - default default] 10.0.0.118 "GET /v2.0/security-groups?tenant_id=7957a993a1f446ae9dfa25dd5bc4488a&name=default HTTP/1.1" status: 200 len: 2996 time: 0.2678289
2026-05-08 11:35:09.136 10 INFO neutron.wsgi [req-8d935a57-9e0f-4c43-b544-3a6ca5b616a5 req-2f2fa316-6825-43ca-bb8b-3b695cbf933e a9d5cd7a9ecd49f99c49a434029a20a5 106c2c00120c40afa39eea2f06d84c86 - - ec09183e480e46429bd1fc26174dcdbd ec09183e480e46429bd1fc26174dcdbd] 199.19.213.185 "GET /v2.0/networks?id=714affd8-a512-405a-a5f6-138bf9178d46 HTTP/1.1" status: 200 len: 959 time: 0.0609887
2026-05-08 11:35:09.174 10 INFO neutron.wsgi [req-8d935a57-9e0f-4c43-b544-3a6ca5b616a5 req-1472be32-40aa-41c4-8fa9-37e71cd3e37e a9d5cd7a9ecd49f99c49a434029a20a5 106c2c00120c40afa39eea2f06d84c86 - - ec09183e480e46429bd1fc26174dcdbd ec09183e480e46429bd1fc26174dcdbd] 199.19.213.185 "GET /v2.0/floatingips?fixed_ip_address=10.100.0.14&port_id=04174aef-6a24-4b9b-b363-1378232ca692 HTTP/1.1" status: 200 len: 217 time: 0.0323985
2026-05-08 11:35:09.202 9 INFO neutron.plugins.ml2.drivers.ovn.mech_driver.mech_driver [None req-224750f6-56e3-484e-aace-eed48cb85a85 - - - - - -] OVN reports status up for port: 04174aef-6a24-4b9b-b363-1378232ca692
2026-05-08 11:35:09.220 9 INFO neutron.plugins.ml2.plugin [None req-224750f6-56e3-484e-aace-eed48cb85a85 - - - - - -] Attempt 1 to provision port 04174aef-6a24-4b9b-b363-1378232ca692
2026-05-08 11:35:09.231 10 INFO neutron.wsgi [req-8d935a57-9e0f-4c43-b544-3a6ca5b616a5 req-ee1040db-4d10-4f4e-ad90-67864f01f6b0 a9d5cd7a9ecd49f99c49a434029a20a5 106c2c00120c40afa39eea2f06d84c86 - - ec09183e480e46429bd1fc26174dcdbd ec09183e480e46429bd1fc26174dcdbd] 199.19.213.185 "GET /v2.0/subnets?id=067b6a4d-5354-4cb7-8dae-cec6f76954fd HTTP/1.1" status: 200 len: 853 time: 0.0473990
2026-05-08 11:35:09.278 10 INFO neutron.wsgi [req-8d935a57-9e0f-4c43-b544-3a6ca5b616a5 req-ed024454-6389-4827-8212-f54dc8164fed a9d5cd7a9ecd49f99c49a434029a20a5 106c2c00120c40afa39eea2f06d84c86 - - ec09183e480e46429bd1fc26174dcdbd ec09183e480e46429bd1fc26174dcdbd] 199.19.213.185 "GET /v2.0/ports?network_id=714affd8-a512-405a-a5f6-138bf9178d46&device_owner=network%3Adhcp HTTP/1.1" status: 200 len: 210 time: 0.0382502
2026-05-08 11:35:09.355 10 INFO neutron.wsgi [req-8d935a57-9e0f-4c43-b544-3a6ca5b616a5 req-7985fb0a-4055-40e7-9f86-c17b4184f36f a9d5cd7a9ecd49f99c49a434029a20a5 106c2c00120c40afa39eea2f06d84c86 - - ec09183e480e46429bd1fc26174dcdbd ec09183e480e46429bd1fc26174dcdbd] 199.19.213.185 "GET /v2.0/networks/714affd8-a512-405a-a5f6-138bf9178d46?fields=segments HTTP/1.1" status: 200 len: 212 time: 0.0716796
2026-05-08 11:35:09.420 10 INFO neutron.wsgi [req-8d935a57-9e0f-4c43-b544-3a6ca5b616a5 req-7cc7de02-23d0-4c5f-9e48-077adb6be20e a9d5cd7a9ecd49f99c49a434029a20a5 106c2c00120c40afa39eea2f06d84c86 - - ec09183e480e46429bd1fc26174dcdbd ec09183e480e46429bd1fc26174dcdbd] 199.19.213.185 "GET /v2.0/networks/714affd8-a512-405a-a5f6-138bf9178d46?fields=provider%3Aphysical_network&fields=provider%3Anetwork_type HTTP/1.1" status: 200 len: 277 time: 0.0611157
2026-05-08 11:35:09.422 9 INFO neutron.notifiers.nova [-] Nova event matching ['req-0ad8fc49-104b-48a2-9b50-061fa6c94704'] response: {'server_uuid': '776d9e16-f2c2-48fe-80ee-f23d026fe3c4', 'name': 'network-vif-plugged', 'status': 'completed', 'tag': '04174aef-6a24-4b9b-b363-1378232ca692', 'code': 200}
2026-05-08 11:35:09.451 9 INFO neutron.wsgi [None req-50131190-33f0-4a09-a3d2-c2dfb9793d7e ad2ef2d4f49d4233b79a56d8fa15edf8 752f1fafd8f848d9bcdb8f3c577b2f8d - - - -] 10.0.0.118 "DELETE /v2.0/security-groups/233cf118-f7d4-4888-a8ed-352675126939 HTTP/1.1" status: 204 len: 168 time: 0.3584750
2026-05-08 11:35:09.553 9 INFO neutron.db.ovn_revision_numbers_db [None req-fa4f99ba-90f2-4ed8-b397-e0cb04d1b090 ad2ef2d4f49d4233b79a56d8fa15edf8 752f1fafd8f848d9bcdb8f3c577b2f8d - - default default] Successfully bumped revision number for resource dda190b1-9524-4535-ad01-be738c7d2a10 (type: security_groups) to 1
2026-05-08 11:35:09.575 9 INFO neutron.db.ovn_revision_numbers_db [None req-224750f6-56e3-484e-aace-eed48cb85a85 - - - - - -] Successfully bumped revision number for resource 04174aef-6a24-4b9b-b363-1378232ca692 (type: ports) to 4
2026-05-08 11:35:09.580 9 INFO neutron.wsgi [None req-fa4f99ba-90f2-4ed8-b397-e0cb04d1b090 ad2ef2d4f49d4233b79a56d8fa15edf8 752f1fafd8f848d9bcdb8f3c577b2f8d - - default default] 10.0.0.118 "GET /v2.0/security-groups?tenant_id=67ac50eb57d147858db4b3f8fddc1f3c&name=default HTTP/1.1" status: 200 len: 2996 time: 0.4123497
2026-05-08 11:35:09.707 10 INFO neutron.wsgi [req-887fc05c-87f7-48eb-ad42-f370eaa8c002 req-ab4f2df5-5b49-48d9-a754-67478a379629 ac2d47c71bb84db78804fad48d73561e 21d8a89de7f7426bbb50fe49bdfb7419 - - default default] 10.0.0.76 "GET /v2.0/ports?device_id=776d9e16-f2c2-48fe-80ee-f23d026fe3c4 HTTP/1.1" status: 200 len: 1174 time: 0.0384555
2026-05-08 11:35:09.771 10 INFO neutron.wsgi [req-887fc05c-87f7-48eb-ad42-f370eaa8c002 req-ebd090e7-a886-4c11-9429-77595a4eecc4 ac2d47c71bb84db78804fad48d73561e 21d8a89de7f7426bbb50fe49bdfb7419 - - default default] 10.0.0.76 "GET /v2.0/security-groups?id=f5790be3-eeb1-4769-b299-fa1b66594bbb&fields=id&fields=name HTTP/1.1" status: 200 len: 312 time: 0.0537009
2026-05-08 11:35:09.813 10 INFO neutron.wsgi [None req-c9963b37-0644-4760-911c-322cae1ee56f ad2ef2d4f49d4233b79a56d8fa15edf8 752f1fafd8f848d9bcdb8f3c577b2f8d - - - -] 10.0.0.118 "DELETE /v2.0/security-groups/dda190b1-9524-4535-ad01-be738c7d2a10 HTTP/1.1" status: 204 len: 168 time: 0.2279541
2026-05-08 11:35:10.881 10 INFO neutron.wsgi [req-1cd99dbf-c5f1-4c19-a926-f178589cea27 req-21b339a0-2f7e-4022-8a0e-6170f0e36e91 ac2d47c71bb84db78804fad48d73561e 21d8a89de7f7426bbb50fe49bdfb7419 - - default default] 10.0.0.76 "GET /v2.0/ports?device_id=776d9e16-f2c2-48fe-80ee-f23d026fe3c4 HTTP/1.1" status: 200 len: 1174 time: 0.0440819
2026-05-08 11:35:10.933 10 INFO neutron.wsgi [req-1cd99dbf-c5f1-4c19-a926-f178589cea27 req-5c58dcc2-7565-4d7f-8c26-01c595c413f2 ac2d47c71bb84db78804fad48d73561e 21d8a89de7f7426bbb50fe49bdfb7419 - - default default] 10.0.0.76 "GET /v2.0/security-groups?id=f5790be3-eeb1-4769-b299-fa1b66594bbb&fields=id&fields=name HTTP/1.1" status: 200 len: 312 time: 0.0413606
2026-05-08 11:35:11.108 10 INFO neutron.wsgi [req-56da9c06-92f7-4a44-b5ae-d3c9a6dce872 req-00cc5d75-e9ce-4ded-96a9-d85d5443a844 ac2d47c71bb84db78804fad48d73561e 21d8a89de7f7426bbb50fe49bdfb7419 - - default default] 10.0.0.76 "GET /v2.0/ports?device_id=776d9e16-f2c2-48fe-80ee-f23d026fe3c4 HTTP/1.1" status: 200 len: 1174 time: 0.1043911
2026-05-08 11:35:11.151 10 INFO neutron.wsgi [req-56da9c06-92f7-4a44-b5ae-d3c9a6dce872 req-e6750da0-84bb-4b31-9e59-f3b412f070a3 ac2d47c71bb84db78804fad48d73561e 21d8a89de7f7426bbb50fe49bdfb7419 - - default default] 10.0.0.76 "GET /v2.0/security-groups?id=f5790be3-eeb1-4769-b299-fa1b66594bbb&fields=id&fields=name HTTP/1.1" status: 200 len: 312 time: 0.0362487 /var/lib/openstack/lib/python3.10/site-packages/pycadf/identifier.py:71: UserWarning: Invalid uuid: neutron. To ensure interoperability, identifiers should be a valid uuid. warnings.warn(('Invalid uuid: %s. To ensure interoperability, '
2026-05-08 11:35:11.231 9 INFO neutron.wsgi [None req-bee6ae91-8e76-40b7-9fe4-abfd6cbde2b2 a12b1c4938d744168a4e7b994cfdf9a1 440b80d52772469984897606a94af134 - - default default] 10.0.0.118 "GET /v2.0/ports?device_id=776d9e16-f2c2-48fe-80ee-f23d026fe3c4 HTTP/1.1" status: 200 len: 1360 time: 0.0499847
2026-05-08 11:35:11.465 9 INFO neutron.notifiers.nova [-] Nova event matching ['req-6fbecd7d-f008-4f14-aaa1-20dc8f24b902'] response: {'server_uuid': '776d9e16-f2c2-48fe-80ee-f23d026fe3c4', 'name': 'network-vif-plugged', 'status': 'completed', 'tag': '04174aef-6a24-4b9b-b363-1378232ca692', 'code': 200}
2026-05-08 11:35:11.517 9 INFO neutron.db.l3_db [None req-5e1ad0f9-fa50-44da-ad8a-b439b19d9158 ac2d47c71bb84db78804fad48d73561e 21d8a89de7f7426bbb50fe49bdfb7419 - - - -] Floating IP a1b4669f-fdc5-442a-9b06-064fbf046b0b associated. External IP: 10.96.250.220, port: 04174aef-6a24-4b9b-b363-1378232ca692.
2026-05-08 11:35:11.607 10 INFO neutron.db.ovn_revision_numbers_db [None req-13de4381-f406-4eb2-8bc4-09115d594a98 ad2ef2d4f49d4233b79a56d8fa15edf8 752f1fafd8f848d9bcdb8f3c577b2f8d - - default default] Successfully bumped revision number for resource 1121f359-5e49-471a-b1a1-b3aab2f31641 (type: security_groups) to 1
2026-05-08 11:35:11.629 10 INFO neutron.wsgi [None req-13de4381-f406-4eb2-8bc4-09115d594a98 ad2ef2d4f49d4233b79a56d8fa15edf8 752f1fafd8f848d9bcdb8f3c577b2f8d - - default default] 10.0.0.118 "GET /v2.0/security-groups?tenant_id=29db8af7cf63473993dc2ee4a2ac0799&name=default HTTP/1.1" status: 200 len: 2996 time: 0.2361031
2026-05-08 11:35:11.746 9 INFO neutron.db.ovn_revision_numbers_db [None req-63b0ba32-92d7-44de-8bc8-758c2afa4b3c 17242300ca5f4423927d40491c0c6f37 9d83a3b887d04ba0bc55003531c537e0 - - - -] Successfully bumped revision number for resource 8865d3aa-4ff0-4884-a9f6-315d23caf05b (type: security_groups) to 1
2026-05-08 11:35:11.760 9 INFO neutron.db.ovn_revision_numbers_db [None req-5e1ad0f9-fa50-44da-ad8a-b439b19d9158 ac2d47c71bb84db78804fad48d73561e 21d8a89de7f7426bbb50fe49bdfb7419 - - - -] Successfully bumped revision number for resource a1b4669f-fdc5-442a-9b06-064fbf046b0b (type: floatingips) to 4
