2026-05-08 11:35:11.821 10 INFO neutron.wsgi [None req-b77c453d-be55-48fb-b23c-bbeb3adcddf7 ad2ef2d4f49d4233b79a56d8fa15edf8 752f1fafd8f848d9bcdb8f3c577b2f8d - - - -] 10.0.0.118 "DELETE /v2.0/security-groups/1121f359-5e49-471a-b1a1-b3aab2f31641 HTTP/1.1" status: 204 len: 168 time: 0.1866000
2026-05-08 11:35:12.193 9 INFO neutron.db.segments_db [None req-63b0ba32-92d7-44de-8bc8-758c2afa4b3c 17242300ca5f4423927d40491c0c6f37 9d83a3b887d04ba0bc55003531c537e0 - - - -] Added segment e88cfe59-b639-4f69-bf1e-2ac40f49515a of type geneve for network 7d35d808-98be-41eb-9471-40a362754db1
2026-05-08 11:35:12.246 9 INFO neutron.db.ovn_revision_numbers_db [None req-5e1ad0f9-fa50-44da-ad8a-b439b19d9158 ac2d47c71bb84db78804fad48d73561e 21d8a89de7f7426bbb50fe49bdfb7419 - - - -] Successfully bumped revision number for resource a1b4669f-fdc5-442a-9b06-064fbf046b0b (type: floatingips) to 5
2026-05-08 11:35:12.267 10 INFO neutron.db.ovn_revision_numbers_db [None req-359e5229-2e2f-4d89-b837-3dd77e6ac425 ad2ef2d4f49d4233b79a56d8fa15edf8 752f1fafd8f848d9bcdb8f3c577b2f8d - - default default] Successfully bumped revision number for resource 4fde517c-2649-47fd-a675-231c7367a3b9 (type: security_groups) to 1
2026-05-08 11:35:12.289 9 INFO neutron.wsgi [None req-5e1ad0f9-fa50-44da-ad8a-b439b19d9158 ac2d47c71bb84db78804fad48d73561e 21d8a89de7f7426bbb50fe49bdfb7419 - - - -] 10.0.0.118 "PUT /v2.0/floatingips/a1b4669f-fdc5-442a-9b06-064fbf046b0b HTTP/1.1" status: 200 len: 1050 time: 1.0474753
2026-05-08 11:35:12.290 10 INFO neutron.wsgi [None req-359e5229-2e2f-4d89-b837-3dd77e6ac425 ad2ef2d4f49d4233b79a56d8fa15edf8 752f1fafd8f848d9bcdb8f3c577b2f8d - - default default] 10.0.0.118 "GET /v2.0/security-groups?tenant_id=a73ac912560649df8b6b6d890528ce5c&name=default HTTP/1.1" status: 200 len: 2996 time: 0.1466660 /var/lib/openstack/lib/python3.10/site-packages/pycadf/identifier.py:71: UserWarning: Invalid uuid: neutron. To ensure interoperability, identifiers should be a valid uuid. warnings.warn(('Invalid uuid: %s. To ensure interoperability, '
2026-05-08 11:35:12.342 9 INFO neutron.db.ovn_revision_numbers_db [None req-63b0ba32-92d7-44de-8bc8-758c2afa4b3c 17242300ca5f4423927d40491c0c6f37 9d83a3b887d04ba0bc55003531c537e0 - - - -] Successfully bumped revision number for resource 7d35d808-98be-41eb-9471-40a362754db1 (type: networks) to 1
2026-05-08 11:35:12.348 10 INFO neutron.wsgi [None req-74a85293-929c-4283-be56-90828805ca1c ac2d47c71bb84db78804fad48d73561e 21d8a89de7f7426bbb50fe49bdfb7419 - - default default] 10.0.0.118 "GET /v2.0/floatingips/a1b4669f-fdc5-442a-9b06-064fbf046b0b HTTP/1.1" status: 200 len: 1052 time: 0.0532863
2026-05-08 11:35:12.567 9 WARNING neutron.scheduler.dhcp_agent_scheduler [None req-63b0ba32-92d7-44de-8bc8-758c2afa4b3c 17242300ca5f4423927d40491c0c6f37 9d83a3b887d04ba0bc55003531c537e0 - - - -] No more DHCP agents
2026-05-08 11:35:12.568 9 WARNING neutron.api.rpc.agentnotifiers.dhcp_rpc_agent_api [None req-63b0ba32-92d7-44de-8bc8-758c2afa4b3c 17242300ca5f4423927d40491c0c6f37 9d83a3b887d04ba0bc55003531c537e0 - - - -] Unable to schedule network 7d35d808-98be-41eb-9471-40a362754db1: no agents available; will retry on subsequent port and subnet creation events.
2026-05-08 11:35:12.637 9 INFO neutron.wsgi [None req-7a879ff9-7a14-4243-a321-da72bb0a3c6b ad2ef2d4f49d4233b79a56d8fa15edf8 752f1fafd8f848d9bcdb8f3c577b2f8d - - - -] 10.0.0.118 "DELETE /v2.0/security-groups/4fde517c-2649-47fd-a675-231c7367a3b9 HTTP/1.1" status: 204 len: 168 time: 0.3418162
2026-05-08 11:35:12.641 9 INFO neutron.db.ovn_revision_numbers_db [None req-63b0ba32-92d7-44de-8bc8-758c2afa4b3c 17242300ca5f4423927d40491c0c6f37 9d83a3b887d04ba0bc55003531c537e0 - - - -] Successfully bumped revision number for resource bca7249e-6ba6-43d0-9f43-f479abba0769 (type: ports) to 1
2026-05-08 11:35:12.659 9 INFO neutron.wsgi [None req-63b0ba32-92d7-44de-8bc8-758c2afa4b3c 17242300ca5f4423927d40491c0c6f37 9d83a3b887d04ba0bc55003531c537e0 - - - -] 10.0.0.118 "POST /v2.0/networks HTTP/1.1" status: 201 len: 844 time: 1.2808251
2026-05-08 11:35:12.865 9 WARNING neutron.scheduler.dhcp_agent_scheduler [None req-9c247bf1-82b3-46b5-b33a-1257b0e5534f 17242300ca5f4423927d40491c0c6f37 9d83a3b887d04ba0bc55003531c537e0 - - - -] No more DHCP agents
2026-05-08 11:35:12.867 9 WARNING neutron.api.rpc.agentnotifiers.dhcp_rpc_agent_api [None req-9c247bf1-82b3-46b5-b33a-1257b0e5534f 17242300ca5f4423927d40491c0c6f37 9d83a3b887d04ba0bc55003531c537e0 - - - -] Unable to schedule network 7d35d808-98be-41eb-9471-40a362754db1: no agents available; will retry on subsequent port and subnet creation events.
2026-05-08 11:35:12.923 9 INFO neutron.db.ovn_revision_numbers_db [None req-9c247bf1-82b3-46b5-b33a-1257b0e5534f 17242300ca5f4423927d40491c0c6f37 9d83a3b887d04ba0bc55003531c537e0 - - - -] Successfully bumped revision number for resource 6f9f83c3-c97f-4a51-905e-e7294dac21e3 (type: ports) to 1
2026-05-08 11:35:12.942 9 INFO neutron.wsgi [None req-9c247bf1-82b3-46b5-b33a-1257b0e5534f 17242300ca5f4423927d40491c0c6f37 9d83a3b887d04ba0bc55003531c537e0 - - - -] 10.0.0.118 "POST /v2.0/ports HTTP/1.1" status: 201 len: 973 time: 0.2763612 /var/lib/openstack/lib/python3.10/site-packages/pycadf/identifier.py:71: UserWarning: Invalid uuid: neutron. To ensure interoperability, identifiers should be a valid uuid. warnings.warn(('Invalid uuid: %s. To ensure interoperability, '
2026-05-08 11:35:13.013 9 INFO neutron.db.segments_db [None req-9a1e9ac2-f979-4dba-a1df-f0dd47771001 17242300ca5f4423927d40491c0c6f37 9d83a3b887d04ba0bc55003531c537e0 - - - -] Added segment 25b24b53-d774-4330-9798-19ae46610a13 of type geneve for network b44d4451-da0e-437d-b29c-b53a175d54e5
2026-05-08 11:35:13.133 9 INFO neutron.db.ovn_revision_numbers_db [None req-9a1e9ac2-f979-4dba-a1df-f0dd47771001 17242300ca5f4423927d40491c0c6f37 9d83a3b887d04ba0bc55003531c537e0 - - - -] Successfully bumped revision number for resource b44d4451-da0e-437d-b29c-b53a175d54e5 (type: networks) to 1
2026-05-08 11:35:13.363 9 WARNING neutron.scheduler.dhcp_agent_scheduler [None req-9a1e9ac2-f979-4dba-a1df-f0dd47771001 17242300ca5f4423927d40491c0c6f37 9d83a3b887d04ba0bc55003531c537e0 - - - -] No more DHCP agents
2026-05-08 11:35:13.365 9 WARNING neutron.api.rpc.agentnotifiers.dhcp_rpc_agent_api [None req-9a1e9ac2-f979-4dba-a1df-f0dd47771001 17242300ca5f4423927d40491c0c6f37 9d83a3b887d04ba0bc55003531c537e0 - - - -] Unable to schedule network b44d4451-da0e-437d-b29c-b53a175d54e5: no agents available; will retry on subsequent port and subnet creation events.
2026-05-08 11:35:13.407 10 INFO neutron.db.ovn_revision_numbers_db [None req-91e063db-5b35-40b3-8465-a6783fe76f5b ad2ef2d4f49d4233b79a56d8fa15edf8 752f1fafd8f848d9bcdb8f3c577b2f8d - - default default] Successfully bumped revision number for resource 8ef2f833-ccc9-43f8-80ac-d092880db0b5 (type: security_groups) to 1
2026-05-08 11:35:13.433 10 INFO neutron.wsgi [None req-91e063db-5b35-40b3-8465-a6783fe76f5b ad2ef2d4f49d4233b79a56d8fa15edf8 752f1fafd8f848d9bcdb8f3c577b2f8d - - default default] 10.0.0.118 "GET /v2.0/security-groups?tenant_id=2a3e401589784967adea19831511ff2e&name=default HTTP/1.1" status: 200 len: 2996 time: 0.2165279
2026-05-08 11:35:13.437 9 INFO neutron.db.ovn_revision_numbers_db [None req-9a1e9ac2-f979-4dba-a1df-f0dd47771001 17242300ca5f4423927d40491c0c6f37 9d83a3b887d04ba0bc55003531c537e0 - - - -] Successfully bumped revision number for resource 559122c8-72cd-4220-bbbc-6528c99d695c (type: ports) to 1
2026-05-08 11:35:13.464 9 INFO neutron.wsgi [None req-9a1e9ac2-f979-4dba-a1df-f0dd47771001 17242300ca5f4423927d40491c0c6f37 9d83a3b887d04ba0bc55003531c537e0 - - - -] 10.0.0.118 "POST /v2.0/networks HTTP/1.1" status: 201 len: 830 time: 0.5160472
2026-05-08 11:35:13.506 9 INFO neutron.notifiers.nova [-] Nova event matching ['req-e1243add-3251-4014-a6c7-463f532bf49d'] response: {'name': 'network-changed', 'server_uuid': '776d9e16-f2c2-48fe-80ee-f23d026fe3c4', 'tag': '04174aef-6a24-4b9b-b363-1378232ca692', 'status': 'completed', 'code': 200}
2026-05-08 11:35:13.592 10 INFO neutron.wsgi [req-7edc973b-27ba-44bf-8de2-7db9092a8e51 req-e48582c6-0b1c-4a60-8534-0bdc527c2274 a9d5cd7a9ecd49f99c49a434029a20a5 106c2c00120c40afa39eea2f06d84c86 - - ec09183e480e46429bd1fc26174dcdbd ec09183e480e46429bd1fc26174dcdbd] 199.19.213.185 "GET /v2.0/ports?tenant_id=21d8a89de7f7426bbb50fe49bdfb7419&device_id=776d9e16-f2c2-48fe-80ee-f23d026fe3c4 HTTP/1.1" status: 200 len: 1365 time: 0.0612469
2026-05-08 11:35:13.707 10 INFO neutron.wsgi [req-7edc973b-27ba-44bf-8de2-7db9092a8e51 req-049fc013-fe18-4dbd-9991-0cc33aa64d35 a9d5cd7a9ecd49f99c49a434029a20a5 106c2c00120c40afa39eea2f06d84c86 - - ec09183e480e46429bd1fc26174dcdbd ec09183e480e46429bd1fc26174dcdbd] 199.19.213.185 "GET /v2.0/networks?id=714affd8-a512-405a-a5f6-138bf9178d46 HTTP/1.1" status: 200 len: 959 time: 0.0994699
2026-05-08 11:35:13.768 10 INFO neutron.wsgi [req-7edc973b-27ba-44bf-8de2-7db9092a8e51 req-f2925eaf-57ac-470e-8523-80eec9a80ce5 a9d5cd7a9ecd49f99c49a434029a20a5 106c2c00120c40afa39eea2f06d84c86 - - ec09183e480e46429bd1fc26174dcdbd ec09183e480e46429bd1fc26174dcdbd] 199.19.213.185 "GET /v2.0/floatingips?fixed_ip_address=10.100.0.14&port_id=04174aef-6a24-4b9b-b363-1378232ca692 HTTP/1.1" status: 200 len: 1060 time: 0.0496666
2026-05-08 11:35:13.825 10 INFO neutron.wsgi [req-7edc973b-27ba-44bf-8de2-7db9092a8e51 req-1cb7a560-7efb-4f97-8bf2-c3d6c5f66ae7 a9d5cd7a9ecd49f99c49a434029a20a5 106c2c00120c40afa39eea2f06d84c86 - - ec09183e480e46429bd1fc26174dcdbd ec09183e480e46429bd1fc26174dcdbd] 199.19.213.185 "GET /v2.0/subnets?id=067b6a4d-5354-4cb7-8dae-cec6f76954fd HTTP/1.1" status: 200 len: 853 time: 0.0494812
2026-05-08 11:35:13.835 10 INFO neutron.wsgi [None req-a946638c-a123-4a6c-bfa4-e0365286f054 ad2ef2d4f49d4233b79a56d8fa15edf8 752f1fafd8f848d9bcdb8f3c577b2f8d - - - -] 10.0.0.118 "DELETE /v2.0/security-groups/8ef2f833-ccc9-43f8-80ac-d092880db0b5 HTTP/1.1" status: 204 len: 168 time: 0.3976805
2026-05-08 11:35:13.848 10 WARNING neutron.scheduler.dhcp_agent_scheduler [None req-287b6092-efda-4e55-9967-18bfad25d901 17242300ca5f4423927d40491c0c6f37 9d83a3b887d04ba0bc55003531c537e0 - - - -] No more DHCP agents
2026-05-08 11:35:13.850 10 WARNING neutron.api.rpc.agentnotifiers.dhcp_rpc_agent_api [None req-287b6092-efda-4e55-9967-18bfad25d901 17242300ca5f4423927d40491c0c6f37 9d83a3b887d04ba0bc55003531c537e0 - - - -] Unable to schedule network b44d4451-da0e-437d-b29c-b53a175d54e5: no agents available; will retry on subsequent port and subnet creation events.
2026-05-08 11:35:13.860 10 INFO neutron.wsgi [req-7edc973b-27ba-44bf-8de2-7db9092a8e51 req-4027bb63-b6c6-443a-99ab-8e63011a0c6e a9d5cd7a9ecd49f99c49a434029a20a5 106c2c00120c40afa39eea2f06d84c86 - - ec09183e480e46429bd1fc26174dcdbd ec09183e480e46429bd1fc26174dcdbd] 199.19.213.185 "GET /v2.0/ports?network_id=714affd8-a512-405a-a5f6-138bf9178d46&device_owner=network%3Adhcp HTTP/1.1" status: 200 len: 210 time: 0.0236690
2026-05-08 11:35:13.936 10 INFO neutron.wsgi [req-7edc973b-27ba-44bf-8de2-7db9092a8e51 req-a6e2cb68-b2ad-481d-b26f-29930567dada a9d5cd7a9ecd49f99c49a434029a20a5 106c2c00120c40afa39eea2f06d84c86 - - ec09183e480e46429bd1fc26174dcdbd ec09183e480e46429bd1fc26174dcdbd] 199.19.213.185 "GET /v2.0/networks/714affd8-a512-405a-a5f6-138bf9178d46?fields=segments HTTP/1.1" status: 200 len: 212 time: 0.0663459
2026-05-08 11:35:14.028 10 INFO neutron.wsgi [req-7edc973b-27ba-44bf-8de2-7db9092a8e51 req-29fc905d-300f-4a7c-8e4f-579bc428fcee a9d5cd7a9ecd49f99c49a434029a20a5 106c2c00120c40afa39eea2f06d84c86 - - ec09183e480e46429bd1fc26174dcdbd ec09183e480e46429bd1fc26174dcdbd] 199.19.213.185 "GET /v2.0/networks/714affd8-a512-405a-a5f6-138bf9178d46?fields=provider%3Aphysical_network&fields=provider%3Anetwork_type HTTP/1.1" status: 200 len: 277 time: 0.0871515
2026-05-08 11:35:14.356 10 INFO neutron.db.ovn_revision_numbers_db [None req-287b6092-efda-4e55-9967-18bfad25d901 17242300ca5f4423927d40491c0c6f37 9d83a3b887d04ba0bc55003531c537e0 - - - -] Successfully bumped revision number for resource 559122c8-72cd-4220-bbbc-6528c99d695c (type: ports) to 2
2026-05-08 11:35:14.372 10 INFO neutron.db.ovn_revision_numbers_db [None req-287b6092-efda-4e55-9967-18bfad25d901 17242300ca5f4423927d40491c0c6f37 9d83a3b887d04ba0bc55003531c537e0 - - - -] Successfully bumped revision number for resource c78d062d-016a-4d25-b2a3-0bd5b8091da1 (type: subnets) to 0
2026-05-08 11:35:14.389 10 INFO neutron.wsgi [None req-287b6092-efda-4e55-9967-18bfad25d901 17242300ca5f4423927d40491c0c6f37 9d83a3b887d04ba0bc55003531c537e0 - - - -] 10.0.0.118 "POST /v2.0/subnets HTTP/1.1" status: 201 len: 801 time: 0.9180138
2026-05-08 11:35:14.977 10 WARNING neutron.scheduler.dhcp_agent_scheduler [None req-ce558559-d253-4714-b4f9-3e1f5dcb871f 17242300ca5f4423927d40491c0c6f37 9d83a3b887d04ba0bc55003531c537e0 - - - -] No more DHCP agents
2026-05-08 11:35:14.980 10 WARNING neutron.api.rpc.agentnotifiers.dhcp_rpc_agent_api [None req-ce558559-d253-4714-b4f9-3e1f5dcb871f 17242300ca5f4423927d40491c0c6f37 9d83a3b887d04ba0bc55003531c537e0 - - - -] Unable to schedule network b44d4451-da0e-437d-b29c-b53a175d54e5: no agents available; will retry on subsequent port and subnet creation events.
2026-05-08 11:35:15.133 10 INFO neutron.db.ovn_revision_numbers_db [None req-ce558559-d253-4714-b4f9-3e1f5dcb871f 17242300ca5f4423927d40491c0c6f37 9d83a3b887d04ba0bc55003531c537e0 - - - -] Successfully bumped revision number for resource 2d99e727-b9cb-426e-9db2-ca0f8d86edd5 (type: ports) to 1
2026-05-08 11:35:15.152 10 INFO neutron.wsgi [None req-ce558559-d253-4714-b4f9-3e1f5dcb871f 17242300ca5f4423927d40491c0c6f37 9d83a3b887d04ba0bc55003531c537e0 - - - -] 10.0.0.118 "POST /v2.0/ports HTTP/1.1" status: 201 len: 1149 time: 0.7550678 /var/lib/openstack/lib/python3.10/site-packages/pycadf/identifier.py:71: UserWarning: Invalid uuid: neutron. To ensure interoperability, identifiers should be a valid uuid. warnings.warn(('Invalid uuid: %s. To ensure interoperability, '
2026-05-08 11:35:15.467 10 INFO neutron.wsgi [None req-5d73c8ee-8071-4b5d-ae2c-69f83b29fb2e 17242300ca5f4423927d40491c0c6f37 9d83a3b887d04ba0bc55003531c537e0 - - - -] 10.0.0.118 "DELETE /v2.0/ports/2d99e727-b9cb-426e-9db2-ca0f8d86edd5 HTTP/1.1" status: 204 len: 168 time: 0.3081880
2026-05-08 11:35:15.488 10 INFO neutron.pecan_wsgi.hooks.translation [None req-286eb7b1-5229-4cff-b382-79f970bf526d 17242300ca5f4423927d40491c0c6f37 9d83a3b887d04ba0bc55003531c537e0 - - - -] DELETE failed (client error): The resource could not be found.
2026-05-08 11:35:15.491 10 INFO neutron.wsgi [None req-286eb7b1-5229-4cff-b382-79f970bf526d 17242300ca5f4423927d40491c0c6f37 9d83a3b887d04ba0bc55003531c537e0 - - - -] 10.0.0.118 "DELETE /v2.0/ports/2d99e727-b9cb-426e-9db2-ca0f8d86edd5 HTTP/1.1" status: 404 len: 333 time: 0.0182965
2026-05-08 11:35:15.511 10 INFO neutron.pecan_wsgi.hooks.translation [None req-6e2cb811-71eb-4080-99a2-3013d693d9af 17242300ca5f4423927d40491c0c6f37 9d83a3b887d04ba0bc55003531c537e0 - - default default] GET failed (client error): The resource could not be found.
2026-05-08 11:35:15.513 10 INFO neutron.wsgi [None req-6e2cb811-71eb-4080-99a2-3013d693d9af 17242300ca5f4423927d40491c0c6f37 9d83a3b887d04ba0bc55003531c537e0 - - default default] 10.0.0.118 "GET /v2.0/ports/2d99e727-b9cb-426e-9db2-ca0f8d86edd5 HTTP/1.1" status: 404 len: 333 time: 0.0170372
2026-05-08 11:35:15.726 10 INFO neutron.wsgi [None req-63e0283f-27c2-43d5-b72b-b8f3357bf956 17242300ca5f4423927d40491c0c6f37 9d83a3b887d04ba0bc55003531c537e0 - - - -] 10.0.0.118 "DELETE /v2.0/subnets/c78d062d-016a-4d25-b2a3-0bd5b8091da1 HTTP/1.1" status: 204 len: 168 time: 0.2074296
2026-05-08 11:35:16.177 10 INFO neutron.services.segments.plugin [-] Segment 25b24b53-d774-4330-9798-19ae46610a13 resource provider aggregate not found
2026-05-08 11:35:16.188 10 INFO neutron.services.segments.plugin [-] Segment 25b24b53-d774-4330-9798-19ae46610a13 resource provider aggregate not found
2026-05-08 11:35:16.209 10 INFO neutron.services.segments.plugin [-] Segment 25b24b53-d774-4330-9798-19ae46610a13 resource provider not found; error: Placement Client Error (4xx): {"errors": [{"status": 404, "title": "Not Found", "detail": "The resource could not be found.\n\n No resource provider with uuid 25b24b53-d774-4330-9798-19ae46610a13 found for delete ", "request_id": "req-f736089e-345f-4dbf-b058-edffc1ad0f6d"}]}
2026-05-08 11:35:16.216 10 INFO neutron.services.segments.plugin [-] Segment 25b24b53-d774-4330-9798-19ae46610a13 resource provider not found; error: Placement Client Error (4xx): {"errors": [{"status": 404, "title": "Not Found", "detail": "The resource could not be found.\n\n No resource provider with uuid 25b24b53-d774-4330-9798-19ae46610a13 found for delete ", "request_id": "req-63e666f1-daa0-4ceb-9cd4-7721f710f92c"}]}
2026-05-08 11:35:16.231 10 INFO neutron.wsgi [None req-1fbeee6e-b117-4942-a0e9-801b6c0b60ee 17242300ca5f4423927d40491c0c6f37 9d83a3b887d04ba0bc55003531c537e0 - - - -] 10.0.0.118 "DELETE /v2.0/networks/b44d4451-da0e-437d-b29c-b53a175d54e5 HTTP/1.1" status: 204 len: 168 time: 0.4999390
2026-05-08 11:35:16.325 10 INFO neutron.db.segments_db [None req-193299c4-aee3-4706-9c46-dd2651b262a5 17242300ca5f4423927d40491c0c6f37 9d83a3b887d04ba0bc55003531c537e0 - - - -] Added segment 8d1191e8-4441-4d76-8eb6-4096422f4795 of type geneve for network 2665a075-7b41-4004-8500-c374c3b20dfa
2026-05-08 11:35:16.466 10 INFO neutron.db.ovn_revision_numbers_db [None req-193299c4-aee3-4706-9c46-dd2651b262a5 17242300ca5f4423927d40491c0c6f37 9d83a3b887d04ba0bc55003531c537e0 - - - -] Successfully bumped revision number for resource 2665a075-7b41-4004-8500-c374c3b20dfa (type: networks) to 1
2026-05-08 11:35:16.635 10 WARNING neutron.scheduler.dhcp_agent_scheduler [None req-193299c4-aee3-4706-9c46-dd2651b262a5 17242300ca5f4423927d40491c0c6f37 9d83a3b887d04ba0bc55003531c537e0 - - - -] No more DHCP agents
2026-05-08 11:35:16.636 10 WARNING neutron.api.rpc.agentnotifiers.dhcp_rpc_agent_api [None req-193299c4-aee3-4706-9c46-dd2651b262a5 17242300ca5f4423927d40491c0c6f37 9d83a3b887d04ba0bc55003531c537e0 - - - -] Unable to schedule network 2665a075-7b41-4004-8500-c374c3b20dfa: no agents available; will retry on subsequent port and subnet creation events.
2026-05-08 11:35:16.700 10 INFO neutron.db.ovn_revision_numbers_db [None req-193299c4-aee3-4706-9c46-dd2651b262a5 17242300ca5f4423927d40491c0c6f37 9d83a3b887d04ba0bc55003531c537e0 - - - -] Successfully bumped revision number for resource 71c63a57-ad00-49b9-88b4-67b477c22b36 (type: ports) to 1
2026-05-08 11:35:16.732 10 INFO neutron.wsgi [None req-193299c4-aee3-4706-9c46-dd2651b262a5 17242300ca5f4423927d40491c0c6f37 9d83a3b887d04ba0bc55003531c537e0 - - - -] 10.0.0.118 "POST /v2.0/networks HTTP/1.1" status: 201 len: 831 time: 0.4934196
2026-05-08 11:35:17.035 10 WARNING neutron.scheduler.dhcp_agent_scheduler [None req-58c9ec54-1664-4f61-bd2c-d59e42052398 17242300ca5f4423927d40491c0c6f37 9d83a3b887d04ba0bc55003531c537e0 - - - -] No more DHCP agents
2026-05-08 11:35:17.038 10 WARNING neutron.api.rpc.agentnotifiers.dhcp_rpc_agent_api [None req-58c9ec54-1664-4f61-bd2c-d59e42052398 17242300ca5f4423927d40491c0c6f37 9d83a3b887d04ba0bc55003531c537e0 - - - -] Unable to schedule network 2665a075-7b41-4004-8500-c374c3b20dfa: no agents available; will retry on subsequent port and subnet creation events.
2026-05-08 11:35:17.487 10 INFO neutron.db.ovn_revision_numbers_db [None req-58c9ec54-1664-4f61-bd2c-d59e42052398 17242300ca5f4423927d40491c0c6f37 9d83a3b887d04ba0bc55003531c537e0 - - - -] Successfully bumped revision number for resource 71c63a57-ad00-49b9-88b4-67b477c22b36 (type: ports) to 2
2026-05-08 11:35:17.505 10 INFO neutron.db.ovn_revision_numbers_db [None req-58c9ec54-1664-4f61-bd2c-d59e42052398 17242300ca5f4423927d40491c0c6f37 9d83a3b887d04ba0bc55003531c537e0 - - - -] Successfully bumped revision number for resource 846f8238-6d54-454e-bd30-338e4713e010 (type: subnets) to 0
2026-05-08 11:35:17.520 10 INFO neutron.wsgi [None req-58c9ec54-1664-4f61-bd2c-d59e42052398 17242300ca5f4423927d40491c0c6f37 9d83a3b887d04ba0bc55003531c537e0 - - - -] 10.0.0.118 "POST /v2.0/subnets HTTP/1.1" status: 201 len: 801 time: 0.7819028
2026-05-08 11:35:17.811 10 WARNING neutron.scheduler.dhcp_agent_scheduler [None req-aeaeea87-f190-42a0-8d6d-713257ab28de 17242300ca5f4423927d40491c0c6f37 9d83a3b887d04ba0bc55003531c537e0 - - - -] No more DHCP agents
2026-05-08 11:35:17.814 10 WARNING neutron.api.rpc.agentnotifiers.dhcp_rpc_agent_api [None req-aeaeea87-f190-42a0-8d6d-713257ab28de 17242300ca5f4423927d40491c0c6f37 9d83a3b887d04ba0bc55003531c537e0 - - - -] Unable to schedule network 2665a075-7b41-4004-8500-c374c3b20dfa: no agents available; will retry on subsequent port and subnet creation events.
2026-05-08 11:35:17.853 9 INFO neutron.db.ovn_revision_numbers_db [None req-7d6f1b55-00f6-421b-88c4-8dc7d16526a1 ad2ef2d4f49d4233b79a56d8fa15edf8 752f1fafd8f848d9bcdb8f3c577b2f8d - - default default] Successfully bumped revision number for resource 99487004-f3ab-492f-8ebf-cc66a9487a2c (type: security_groups) to 1
2026-05-08 11:35:17.876 9 INFO neutron.wsgi [None req-7d6f1b55-00f6-421b-88c4-8dc7d16526a1 ad2ef2d4f49d4233b79a56d8fa15edf8 752f1fafd8f848d9bcdb8f3c577b2f8d - - default default] 10.0.0.118 "GET /v2.0/security-groups?tenant_id=fdf84bce8777471bbd2948d511f06482&name=default HTTP/1.1" status: 200 len: 2996 time: 0.2842751
2026-05-08 11:35:17.952 10 INFO neutron.db.ovn_revision_numbers_db [None req-aeaeea87-f190-42a0-8d6d-713257ab28de 17242300ca5f4423927d40491c0c6f37 9d83a3b887d04ba0bc55003531c537e0 - - - -] Successfully bumped revision number for resource f9e111f7-4180-46a8-9575-fdee55ab50c5 (type: ports) to 1
2026-05-08 11:35:17.972 10 INFO neutron.wsgi [None req-aeaeea87-f190-42a0-8d6d-713257ab28de 17242300ca5f4423927d40491c0c6f37 9d83a3b887d04ba0bc55003531c537e0 - - - -] 10.0.0.118 "POST /v2.0/ports HTTP/1.1" status: 201 len: 1114 time: 0.4462214
2026-05-08 11:35:18.138 9 INFO neutron.wsgi [None req-379796ea-6908-41ed-90df-845b2ae82912 ad2ef2d4f49d4233b79a56d8fa15edf8 752f1fafd8f848d9bcdb8f3c577b2f8d - - - -] 10.0.0.118 "DELETE /v2.0/security-groups/99487004-f3ab-492f-8ebf-cc66a9487a2c HTTP/1.1" status: 204 len: 168 time: 0.2540448
2026-05-08 11:35:18.393 9 INFO neutron.db.ovn_revision_numbers_db [None req-37485487-131f-4cd9-974a-0ae13e0a35c7 ad2ef2d4f49d4233b79a56d8fa15edf8 752f1fafd8f848d9bcdb8f3c577b2f8d - - default default] Successfully bumped revision number for resource c581322b-fad6-40c6-b8f9-627d6010adc3 (type: security_groups) to 1
2026-05-08 11:35:18.404 9 INFO neutron.wsgi [None req-8c1a79ea-5750-4d38-856b-8cca46c9d49f 17242300ca5f4423927d40491c0c6f37 9d83a3b887d04ba0bc55003531c537e0 - - - -] 10.0.0.118 "DELETE /v2.0/ports/f9e111f7-4180-46a8-9575-fdee55ab50c5 HTTP/1.1" status: 204 len: 168 time: 0.4189477
2026-05-08 11:35:18.422 9 INFO neutron.wsgi [None req-37485487-131f-4cd9-974a-0ae13e0a35c7 ad2ef2d4f49d4233b79a56d8fa15edf8 752f1fafd8f848d9bcdb8f3c577b2f8d - - default default] 10.0.0.118 "GET /v2.0/security-groups?tenant_id=4e2b057d5add4e8195b06f8baca9070c&name=default HTTP/1.1" status: 200 len: 2996 time: 0.1817861
2026-05-08 11:35:18.431 9 INFO neutron.pecan_wsgi.hooks.translation [None req-3b4721c2-63d2-440f-b7c9-e0f3d05a7503 17242300ca5f4423927d40491c0c6f37 9d83a3b887d04ba0bc55003531c537e0 - - default default] GET failed (client error): The resource could not be found.
2026-05-08 11:35:18.432 9 INFO neutron.wsgi [None req-3b4721c2-63d2-440f-b7c9-e0f3d05a7503 17242300ca5f4423927d40491c0c6f37 9d83a3b887d04ba0bc55003531c537e0 - - default default] 10.0.0.118 "GET /v2.0/ports/f9e111f7-4180-46a8-9575-fdee55ab50c5 HTTP/1.1" status: 404 len: 333 time: 0.0190558
2026-05-08 11:35:18.459 10 INFO neutron.db.ovn_revision_numbers_db [None req-b6d3d4de-913c-4b52-9752-b22556a1729f 61356cfe29d6423489748ffc4da7331b f883e5e994564e7eab364f008d878d8b - - - -] Successfully bumped revision number for resource 500dd78c-aea0-453a-a1c8-d5d6369b75df (type: security_groups) to 1
2026-05-08 11:35:18.511 10 INFO neutron.db.segments_db [None req-b6d3d4de-913c-4b52-9752-b22556a1729f 61356cfe29d6423489748ffc4da7331b f883e5e994564e7eab364f008d878d8b - - - -] Added segment 5e62f7af-1f9f-433b-a2bd-73ee2bbd61a3 of type geneve for network b0bcea3b-5fd6-4eda-b03c-b6651ff6ccd8
2026-05-08 11:35:18.638 10 INFO neutron.db.ovn_revision_numbers_db [None req-b6d3d4de-913c-4b52-9752-b22556a1729f 61356cfe29d6423489748ffc4da7331b f883e5e994564e7eab364f008d878d8b - - - -] Successfully bumped revision number for resource b0bcea3b-5fd6-4eda-b03c-b6651ff6ccd8 (type: networks) to 1
2026-05-08 11:35:18.663 9 INFO neutron.wsgi [None req-3c205566-8a96-4878-9357-7c6a3dac6a24 17242300ca5f4423927d40491c0c6f37 9d83a3b887d04ba0bc55003531c537e0 - - - -] 10.0.0.118 "DELETE /v2.0/subnets/846f8238-6d54-454e-bd30-338e4713e010 HTTP/1.1" status: 204 len: 168 time: 0.2265334
2026-05-08 11:35:18.707 10 INFO neutron.wsgi [None req-8d67d898-22db-4bf4-ae35-ab9ae6f25b65 ad2ef2d4f49d4233b79a56d8fa15edf8 752f1fafd8f848d9bcdb8f3c577b2f8d - - - -] 10.0.0.118 "DELETE /v2.0/security-groups/c581322b-fad6-40c6-b8f9-627d6010adc3 HTTP/1.1" status: 204 len: 168 time: 0.2788348
2026-05-08 11:35:18.817 10 WARNING neutron.scheduler.dhcp_agent_scheduler [None req-b6d3d4de-913c-4b52-9752-b22556a1729f 61356cfe29d6423489748ffc4da7331b f883e5e994564e7eab364f008d878d8b - - - -] No more DHCP agents
2026-05-08 11:35:18.818 10 WARNING neutron.api.rpc.agentnotifiers.dhcp_rpc_agent_api [None req-b6d3d4de-913c-4b52-9752-b22556a1729f 61356cfe29d6423489748ffc4da7331b f883e5e994564e7eab364f008d878d8b - - - -] Unable to schedule network b0bcea3b-5fd6-4eda-b03c-b6651ff6ccd8: no agents available; will retry on subsequent port and subnet creation events.
2026-05-08 11:35:18.895 10 INFO neutron.db.ovn_revision_numbers_db [None req-b6d3d4de-913c-4b52-9752-b22556a1729f 61356cfe29d6423489748ffc4da7331b f883e5e994564e7eab364f008d878d8b - - - -] Successfully bumped revision number for resource 6e28ad0f-f85d-4d3b-8025-515ec46b4737 (type: ports) to 1
2026-05-08 11:35:18.915 10 INFO neutron.wsgi [None req-b6d3d4de-913c-4b52-9752-b22556a1729f 61356cfe29d6423489748ffc4da7331b f883e5e994564e7eab364f008d878d8b - - - -] 10.0.0.118 "POST /v2.0/networks HTTP/1.1" status: 201 len: 929 time: 0.7444379
2026-05-08 11:35:19.030 9 INFO neutron.services.segments.plugin [-] Segment 8d1191e8-4441-4d76-8eb6-4096422f4795 resource provider aggregate not found
2026-05-08 11:35:19.046 9 INFO neutron.services.segments.plugin [-] Segment 8d1191e8-4441-4d76-8eb6-4096422f4795 resource provider aggregate not found
2026-05-08 11:35:19.065 9 INFO neutron.services.segments.plugin [-] Segment 8d1191e8-4441-4d76-8eb6-4096422f4795 resource provider not found; error: Placement Client Error (4xx): {"errors": [{"status": 404, "title": "Not Found", "detail": "The resource could not be found.\n\n No resource provider with uuid 8d1191e8-4441-4d76-8eb6-4096422f4795 found for delete ", "request_id": "req-9dfb549c-4a21-499a-9925-1a6e254042bb"}]}
2026-05-08 11:35:19.068 9 INFO neutron.services.segments.plugin [-] Segment 8d1191e8-4441-4d76-8eb6-4096422f4795 resource provider not found; error: Placement Client Error (4xx): {"errors": [{"status": 404, "title": "Not Found", "detail": "The resource could not be found.\n\n No resource provider with uuid 8d1191e8-4441-4d76-8eb6-4096422f4795 found for delete ", "request_id": "req-0fb51b38-c8d0-47aa-bc9a-4a61a7866269"}]}
2026-05-08 11:35:19.085 9 INFO neutron.wsgi [None req-18c8a16f-583f-4af4-a0db-a08d970773ac 17242300ca5f4423927d40491c0c6f37 9d83a3b887d04ba0bc55003531c537e0 - - - -] 10.0.0.118 "DELETE /v2.0/networks/2665a075-7b41-4004-8500-c374c3b20dfa HTTP/1.1" status: 204 len: 168 time: 0.4140675
2026-05-08 11:35:19.089 10 WARNING neutron.scheduler.dhcp_agent_scheduler [None req-a4823e23-feef-496d-b925-e5018536254a 61356cfe29d6423489748ffc4da7331b f883e5e994564e7eab364f008d878d8b - - - -] No more DHCP agents
2026-05-08 11:35:19.093 10 WARNING neutron.api.rpc.agentnotifiers.dhcp_rpc_agent_api [None req-a4823e23-feef-496d-b925-e5018536254a 61356cfe29d6423489748ffc4da7331b f883e5e994564e7eab364f008d878d8b - - - -] Unable to schedule network b0bcea3b-5fd6-4eda-b03c-b6651ff6ccd8: no agents available; will retry on subsequent port and subnet creation events.
2026-05-08 11:35:19.408 10 WARNING neutron.scheduler.dhcp_agent_scheduler [None req-7689dfa1-fade-41b2-8832-29d015190400 17242300ca5f4423927d40491c0c6f37 9d83a3b887d04ba0bc55003531c537e0 - - - -] No more DHCP agents
2026-05-08 11:35:19.414 10 WARNING neutron.api.rpc.agentnotifiers.dhcp_rpc_agent_api [None req-7689dfa1-fade-41b2-8832-29d015190400 17242300ca5f4423927d40491c0c6f37 9d83a3b887d04ba0bc55003531c537e0 - - - -] Unable to schedule network 7d35d808-98be-41eb-9471-40a362754db1: no agents available; will retry on subsequent port and subnet creation events.
2026-05-08 11:35:19.507 10 INFO neutron.db.ovn_revision_numbers_db [None req-7689dfa1-fade-41b2-8832-29d015190400 17242300ca5f4423927d40491c0c6f37 9d83a3b887d04ba0bc55003531c537e0 - - - -] Successfully bumped revision number for resource 36a9eed4-f993-4a89-af21-0eab03fd74bc (type: ports) to 1
2026-05-08 11:35:19.551 10 INFO neutron.wsgi [None req-7689dfa1-fade-41b2-8832-29d015190400 17242300ca5f4423927d40491c0c6f37 9d83a3b887d04ba0bc55003531c537e0 - - - -] 10.0.0.118 "POST /v2.0/ports HTTP/1.1" status: 201 len: 974 time: 0.4568434
2026-05-08 11:35:19.672 10 INFO neutron.db.ovn_revision_numbers_db [None req-a4823e23-feef-496d-b925-e5018536254a 61356cfe29d6423489748ffc4da7331b f883e5e994564e7eab364f008d878d8b - - - -] Successfully bumped revision number for resource 6e28ad0f-f85d-4d3b-8025-515ec46b4737 (type: ports) to 2
2026-05-08 11:35:19.686 10 INFO neutron.db.ovn_revision_numbers_db [None req-a4823e23-feef-496d-b925-e5018536254a 61356cfe29d6423489748ffc4da7331b f883e5e994564e7eab364f008d878d8b - - - -] Successfully bumped revision number for resource 17ad40f7-2f58-4072-bd60-94fa6b638291 (type: subnets) to 0
2026-05-08 11:35:19.701 10 INFO neutron.wsgi [None req-a4823e23-feef-496d-b925-e5018536254a 61356cfe29d6423489748ffc4da7331b f883e5e994564e7eab364f008d878d8b - - - -] 10.0.0.118 "POST /v2.0/subnets HTTP/1.1" status: 201 len: 819 time: 0.7785351 /var/lib/openstack/lib/python3.10/site-packages/pycadf/identifier.py:71: UserWarning: Invalid uuid: neutron. To ensure interoperability, identifiers should be a valid uuid. warnings.warn(('Invalid uuid: %s. To ensure interoperability, '
2026-05-08 11:35:19.711 10 WARNING neutron.api.v2.base [None req-79d2e02d-6d67-4742-b7ff-c579d7e6d25f 61356cfe29d6423489748ffc4da7331b f883e5e994564e7eab364f008d878d8b - - - -] An exception happened while processing the request body. The exception message is [Invalid input for target_tenant. Reason: 'None' is not a valid string.].: webob.exc.HTTPBadRequest: Invalid input for target_tenant. Reason: 'None' is not a valid string.
2026-05-08 11:35:19.712 10 INFO neutron.api.v2.resource [None req-79d2e02d-6d67-4742-b7ff-c579d7e6d25f 61356cfe29d6423489748ffc4da7331b f883e5e994564e7eab364f008d878d8b - - - -] create failed (client error): Invalid input for target_tenant. Reason: 'None' is not a valid string.
2026-05-08 11:35:19.713 10 INFO neutron.wsgi [None req-79d2e02d-6d67-4742-b7ff-c579d7e6d25f 61356cfe29d6423489748ffc4da7331b f883e5e994564e7eab364f008d878d8b - - - -] 10.0.0.118 "POST /v2.0/rbac-policies HTTP/1.1" status: 400 len: 346 time: 0.0066614
2026-05-08 11:35:19.798 9 INFO neutron.db.ovn_revision_numbers_db [None req-5e2f1ce4-938b-48a9-ac78-143b1e35e10d 17242300ca5f4423927d40491c0c6f37 9d83a3b887d04ba0bc55003531c537e0 - - - -] Successfully bumped revision number for resource 36a9eed4-f993-4a89-af21-0eab03fd74bc (type: ports) to 2
2026-05-08 11:35:19.809 9 INFO neutron.wsgi [None req-5e2f1ce4-938b-48a9-ac78-143b1e35e10d 17242300ca5f4423927d40491c0c6f37 9d83a3b887d04ba0bc55003531c537e0 - - - -] 10.0.0.118 "PUT /v2.0/ports/36a9eed4-f993-4a89-af21-0eab03fd74bc HTTP/1.1" status: 200 len: 946 time: 0.2522557 /var/lib/openstack/lib/python3.10/site-packages/pycadf/identifier.py:71: UserWarning: Invalid uuid: neutron. To ensure interoperability, identifiers should be a valid uuid. warnings.warn(('Invalid uuid: %s. To ensure interoperability, '
2026-05-08 11:35:20.066 9 INFO neutron.wsgi [None req-83b6e1e5-8aac-4485-8647-58567e0067a3 17242300ca5f4423927d40491c0c6f37 9d83a3b887d04ba0bc55003531c537e0 - - - -] 10.0.0.118 "DELETE /v2.0/ports/36a9eed4-f993-4a89-af21-0eab03fd74bc HTTP/1.1" status: 204 len: 168 time: 0.2517543
2026-05-08 11:35:20.157 9 INFO neutron.wsgi [None req-8383487e-5f1a-4975-9fe6-e91263be5541 17242300ca5f4423927d40491c0c6f37 9d83a3b887d04ba0bc55003531c537e0 - - default default] 10.0.0.118 "GET /v2.0/ports HTTP/1.1" status: 200 len: 1728 time: 0.0857191
2026-05-08 11:35:20.196 9 INFO neutron.pecan_wsgi.hooks.translation [None req-733bb82c-32c3-4c29-a4c4-7fddc0ff01c6 17242300ca5f4423927d40491c0c6f37 9d83a3b887d04ba0bc55003531c537e0 - - default default] GET failed (client error): The resource could not be found.
2026-05-08 11:35:20.198 9 INFO neutron.wsgi [None req-733bb82c-32c3-4c29-a4c4-7fddc0ff01c6 17242300ca5f4423927d40491c0c6f37 9d83a3b887d04ba0bc55003531c537e0 - - default default] 10.0.0.118 "GET /v2.0/ports/36a9eed4-f993-4a89-af21-0eab03fd74bc HTTP/1.1" status: 404 len: 333 time: 0.0346563
2026-05-08 11:35:20.252 10 INFO neutron.services.segments.plugin [-] Segment 5e62f7af-1f9f-433b-a2bd-73ee2bbd61a3 resource provider aggregate not found
2026-05-08 11:35:20.257 10 INFO neutron.services.segments.plugin [-] Segment 5e62f7af-1f9f-433b-a2bd-73ee2bbd61a3 resource provider aggregate not found
2026-05-08 11:35:20.260 9 INFO neutron.wsgi [None req-2b05d279-8dfd-4ea7-bca6-5f8f1393fa43 17242300ca5f4423927d40491c0c6f37 9d83a3b887d04ba0bc55003531c537e0 - - default default] 10.0.0.118 "GET /v2.0/ports HTTP/1.1" status: 200 len: 1728 time: 0.0530634
2026-05-08 11:35:20.267 10 INFO neutron.services.segments.plugin [-] Segment 5e62f7af-1f9f-433b-a2bd-73ee2bbd61a3 resource provider not found; error: Placement Client Error (4xx): {"errors": [{"status": 404, "title": "Not Found", "detail": "The resource could not be found.\n\n No resource provider with uuid 5e62f7af-1f9f-433b-a2bd-73ee2bbd61a3 found for delete ", "request_id": "req-038244d0-45bc-4dca-b0c9-be9260198a96"}]}
2026-05-08 11:35:20.280 10 INFO neutron.services.segments.plugin [-] Segment 5e62f7af-1f9f-433b-a2bd-73ee2bbd61a3 resource provider not found; error: Placement Client Error (4xx): {"errors": [{"status": 404, "title": "Not Found", "detail": "The resource could not be found.\n\n No resource provider with uuid 5e62f7af-1f9f-433b-a2bd-73ee2bbd61a3 found for delete ", "request_id": "req-ab6dccab-12df-41cb-a18f-8daafe523b94"}]}
2026-05-08 11:35:20.305 10 INFO neutron.wsgi [None req-2a075df0-c5d3-4539-ad5b-c21b19bd932f 61356cfe29d6423489748ffc4da7331b f883e5e994564e7eab364f008d878d8b - - - -] 10.0.0.118 "DELETE /v2.0/networks/b0bcea3b-5fd6-4eda-b03c-b6651ff6ccd8 HTTP/1.1" status: 204 len: 168 time: 0.5884135
2026-05-08 11:35:20.344 10 INFO neutron.wsgi [None req-08392eb7-bd61-4e9b-9e8c-006368593b0c 17242300ca5f4423927d40491c0c6f37 9d83a3b887d04ba0bc55003531c537e0 - - default default] 10.0.0.118 "GET /v2.0/ports/6f9f83c3-c97f-4a51-905e-e7294dac21e3 HTTP/1.1" status: 200 len: 968 time: 0.0737259
2026-05-08 11:35:20.373 10 INFO neutron.pecan_wsgi.hooks.translation [None req-44bcf3a4-25a5-4222-ac6b-e2e8f82660e0 17242300ca5f4423927d40491c0c6f37 9d83a3b887d04ba0bc55003531c537e0 - - - -] DELETE failed (client error): The resource could not be found.
2026-05-08 11:35:20.375 10 INFO neutron.wsgi [None req-44bcf3a4-25a5-4222-ac6b-e2e8f82660e0 17242300ca5f4423927d40491c0c6f37 9d83a3b887d04ba0bc55003531c537e0 - - - -] 10.0.0.118 "DELETE /v2.0/ports/f9e111f7-4180-46a8-9575-fdee55ab50c5 HTTP/1.1" status: 404 len: 333 time: 0.0236053
2026-05-08 11:35:20.396 9 INFO neutron.db.segments_db [None req-32a8c166-81e2-4e7b-9ea2-f67273c0934c 61356cfe29d6423489748ffc4da7331b f883e5e994564e7eab364f008d878d8b - - - -] Added segment 00150abd-0005-4779-bf0c-ff84f7a05a5b of type geneve for network f419b992-8921-4f17-bac7-6052f56e0d29
2026-05-08 11:35:20.397 10 INFO neutron.pecan_wsgi.hooks.translation [None req-d060c8d2-5101-4ec4-a3a2-2ef92701e83a 17242300ca5f4423927d40491c0c6f37 9d83a3b887d04ba0bc55003531c537e0 - - - -] DELETE failed (client error): The resource could not be found.
2026-05-08 11:35:20.400 10 INFO neutron.wsgi [None req-d060c8d2-5101-4ec4-a3a2-2ef92701e83a 17242300ca5f4423927d40491c0c6f37 9d83a3b887d04ba0bc55003531c537e0 - - - -] 10.0.0.118 "DELETE /v2.0/subnets/846f8238-6d54-454e-bd30-338e4713e010 HTTP/1.1" status: 404 len: 337 time: 0.0185528
2026-05-08 11:35:20.421 10 INFO neutron.pecan_wsgi.hooks.translation [None req-179f8c52-9d04-4eb3-a18d-7da63576514c 17242300ca5f4423927d40491c0c6f37 9d83a3b887d04ba0bc55003531c537e0 - - - -] DELETE failed (client error): The resource could not be found.
2026-05-08 11:35:20.423 10 INFO neutron.wsgi [None req-179f8c52-9d04-4eb3-a18d-7da63576514c 17242300ca5f4423927d40491c0c6f37 9d83a3b887d04ba0bc55003531c537e0 - - - -] 10.0.0.118 "DELETE /v2.0/subnets/c78d062d-016a-4d25-b2a3-0bd5b8091da1 HTTP/1.1" status: 404 len: 337 time: 0.0188155
2026-05-08 11:35:20.555 9 INFO neutron.db.ovn_revision_numbers_db [None req-32a8c166-81e2-4e7b-9ea2-f67273c0934c 61356cfe29d6423489748ffc4da7331b f883e5e994564e7eab364f008d878d8b - - - -] Successfully bumped revision number for resource f419b992-8921-4f17-bac7-6052f56e0d29 (type: networks) to 1
2026-05-08 11:35:20.666 10 INFO neutron.wsgi [None req-01d539c8-67b7-4f39-9663-e63779f630b3 17242300ca5f4423927d40491c0c6f37 9d83a3b887d04ba0bc55003531c537e0 - - - -] 10.0.0.118 "DELETE /v2.0/ports/6f9f83c3-c97f-4a51-905e-e7294dac21e3 HTTP/1.1" status: 204 len: 168 time: 0.2399037
2026-05-08 11:35:20.740 9 WARNING neutron.scheduler.dhcp_agent_scheduler [None req-32a8c166-81e2-4e7b-9ea2-f67273c0934c 61356cfe29d6423489748ffc4da7331b f883e5e994564e7eab364f008d878d8b - - - -] No more DHCP agents
2026-05-08 11:35:20.742 9 WARNING neutron.api.rpc.agentnotifiers.dhcp_rpc_agent_api [None req-32a8c166-81e2-4e7b-9ea2-f67273c0934c 61356cfe29d6423489748ffc4da7331b f883e5e994564e7eab364f008d878d8b - - - -] Unable to schedule network f419b992-8921-4f17-bac7-6052f56e0d29: no agents available; will retry on subsequent port and subnet creation events.
2026-05-08 11:35:20.816 9 INFO neutron.db.ovn_revision_numbers_db [None req-32a8c166-81e2-4e7b-9ea2-f67273c0934c 61356cfe29d6423489748ffc4da7331b f883e5e994564e7eab364f008d878d8b - - - -] Successfully bumped revision number for resource 136ef53f-13d3-4001-a68b-7524e25d8759 (type: ports) to 1
2026-05-08 11:35:20.842 9 INFO neutron.wsgi [None req-32a8c166-81e2-4e7b-9ea2-f67273c0934c 61356cfe29d6423489748ffc4da7331b f883e5e994564e7eab364f008d878d8b - - - -] 10.0.0.118 "POST /v2.0/networks HTTP/1.1" status: 201 len: 929 time: 0.5291150
2026-05-08 11:35:21.340 9 WARNING neutron.scheduler.dhcp_agent_scheduler [None req-b6664c9a-8130-481c-9e63-b3693a1f5922 61356cfe29d6423489748ffc4da7331b f883e5e994564e7eab364f008d878d8b - - - -] No more DHCP agents
2026-05-08 11:35:21.342 10 INFO neutron.wsgi [None req-7fd9846a-f67e-403d-a947-5358883565a6 17242300ca5f4423927d40491c0c6f37 9d83a3b887d04ba0bc55003531c537e0 - - - -] 10.0.0.118 "DELETE /v2.0/networks/7d35d808-98be-41eb-9471-40a362754db1 HTTP/1.1" status: 204 len: 168 time: 0.6690063
2026-05-08 11:35:21.345 9 WARNING neutron.api.rpc.agentnotifiers.dhcp_rpc_agent_api [None req-b6664c9a-8130-481c-9e63-b3693a1f5922 61356cfe29d6423489748ffc4da7331b f883e5e994564e7eab364f008d878d8b - - - -] Unable to schedule network f419b992-8921-4f17-bac7-6052f56e0d29: no agents available; will retry on subsequent port and subnet creation events.
2026-05-08 11:35:21.426 9 INFO neutron.db.ovn_revision_numbers_db [None req-7811eddc-eb40-46d1-9e36-2a6176f9a637 ad2ef2d4f49d4233b79a56d8fa15edf8 752f1fafd8f848d9bcdb8f3c577b2f8d - - default default] Successfully bumped revision number for resource 03a40ade-1759-4774-9d5d-7edd6a035f89 (type: security_groups) to 1
2026-05-08 11:35:21.461 9 INFO neutron.wsgi [None req-7811eddc-eb40-46d1-9e36-2a6176f9a637 ad2ef2d4f49d4233b79a56d8fa15edf8 752f1fafd8f848d9bcdb8f3c577b2f8d - - default default] 10.0.0.118 "GET /v2.0/security-groups?tenant_id=e4d1bc5c73bf4c1dabeaaac29f7a6917&name=default HTTP/1.1" status: 200 len: 2996 time: 0.5257096
2026-05-08 11:35:21.662 10 INFO neutron.wsgi [None req-ccc0f672-2332-49e0-9655-c6c0aa33d78a ad2ef2d4f49d4233b79a56d8fa15edf8 752f1fafd8f848d9bcdb8f3c577b2f8d - - - -] 10.0.0.118 "DELETE /v2.0/security-groups/03a40ade-1759-4774-9d5d-7edd6a035f89 HTTP/1.1" status: 204 len: 168 time: 0.1956446
2026-05-08 11:35:21.815 9 INFO neutron.db.ovn_revision_numbers_db [None req-b6664c9a-8130-481c-9e63-b3693a1f5922 61356cfe29d6423489748ffc4da7331b f883e5e994564e7eab364f008d878d8b - - - -] Successfully bumped revision number for resource 136ef53f-13d3-4001-a68b-7524e25d8759 (type: ports) to 2
2026-05-08 11:35:21.837 9 INFO neutron.db.ovn_revision_numbers_db [None req-b6664c9a-8130-481c-9e63-b3693a1f5922 61356cfe29d6423489748ffc4da7331b f883e5e994564e7eab364f008d878d8b - - - -] Successfully bumped revision number for resource df03206a-4320-433b-a5ab-e5546b7e6932 (type: subnets) to 0
2026-05-08 11:35:21.859 9 INFO neutron.wsgi [None req-b6664c9a-8130-481c-9e63-b3693a1f5922 61356cfe29d6423489748ffc4da7331b f883e5e994564e7eab364f008d878d8b - - - -] 10.0.0.118 "POST /v2.0/subnets HTTP/1.1" status: 201 len: 822 time: 1.0101001
2026-05-08 11:35:21.868 9 WARNING neutron.api.v2.base [None req-6dd079d1-5f91-4450-930b-1f8c0cb76ef9 61356cfe29d6423489748ffc4da7331b f883e5e994564e7eab364f008d878d8b - - - -] An exception happened while processing the request body. The exception message is [Invalid input for target_tenant. Reason: '1234123412341234123412341234123412341234123412341234123412341234123412341234123412341234123412341234123412341234123412341234123412341234123412341234123412341234123412341234123412341234123412341234123412341234123412341234123412341234123412341234123412341234123412341234123412341234123412341234123412341234123412341234123412341234123412341234123412341234123412341234123412341234123412341234123412341234' exceeds maximum length of 255.].: webob.exc.HTTPBadRequest: Invalid input for target_tenant. Reason: '1234123412341234123412341234123412341234123412341234123412341234123412341234123412341234123412341234123412341234123412341234123412341234123412341234123412341234123412341234123412341234123412341234123412341234123412341234123412341234123412341234123412341234123412341234123412341234123412341234123412341234123412341234123412341234123412341234123412341234123412341234123412341234123412341234123412341234' exceeds maximum length of 255.
2026-05-08 11:35:21.870 9 INFO neutron.api.v2.resource [None req-6dd079d1-5f91-4450-930b-1f8c0cb76ef9 61356cfe29d6423489748ffc4da7331b f883e5e994564e7eab364f008d878d8b - - - -] create failed (client error): Invalid input for target_tenant. Reason: '1234123412341234123412341234123412341234123412341234123412341234123412341234123412341234123412341234123412341234123412341234123412341234123412341234123412341234123412341234123412341234123412341234123412341234123412341234123412341234123412341234123412341234123412341234123412341234123412341234123412341234123412341234123412341234123412341234123412341234123412341234123412341234123412341234123412341234' exceeds maximum length of 255.
2026-05-08 11:35:21.876 9 INFO neutron.wsgi [None req-6dd079d1-5f91-4450-930b-1f8c0cb76ef9 61356cfe29d6423489748ffc4da7331b f883e5e994564e7eab364f008d878d8b - - - -] 10.0.0.118 "POST /v2.0/rbac-policies HTTP/1.1" status: 400 len: 750 time: 0.0127439
2026-05-08 11:35:21.907 9 INFO neutron.wsgi [req-1b8b0fa0-36f6-401b-b768-70fe5eca7faa req-c7c527ba-4cb5-4963-9151-534c9d77643d a9d5cd7a9ecd49f99c49a434029a20a5 106c2c00120c40afa39eea2f06d84c86 - - ec09183e480e46429bd1fc26174dcdbd ec09183e480e46429bd1fc26174dcdbd] 10.0.0.59 "GET /v2.0/ports?device_id=776d9e16-f2c2-48fe-80ee-f23d026fe3c4 HTTP/1.1" status: 200 len: 1365 time: 0.0296724
2026-05-08 11:35:21.945 9 INFO neutron.wsgi [req-1b8b0fa0-36f6-401b-b768-70fe5eca7faa req-c5c5a135-9bc2-4f92-ae22-3723cebcabc5 a9d5cd7a9ecd49f99c49a434029a20a5 106c2c00120c40afa39eea2f06d84c86 - - ec09183e480e46429bd1fc26174dcdbd ec09183e480e46429bd1fc26174dcdbd] 10.0.0.59 "GET /v2.0/security-groups?id=f5790be3-eeb1-4769-b299-fa1b66594bbb&fields=id&fields=name HTTP/1.1" status: 200 len: 312 time: 0.0309212
2026-05-08 11:35:22.058 9 INFO neutron.wsgi [None req-5e4705db-dfdf-401c-b905-ba209ce4989a ad2ef2d4f49d4233b79a56d8fa15edf8 752f1fafd8f848d9bcdb8f3c577b2f8d - - default default] 10.0.0.118 "GET /v2.0/security-groups?tenant_id=9d83a3b887d04ba0bc55003531c537e0&name=default HTTP/1.1" status: 200 len: 2996 time: 0.2329388
2026-05-08 11:35:22.271 9 INFO neutron.wsgi [None req-38a9600c-48e4-4809-8153-02b97751fa1b ad2ef2d4f49d4233b79a56d8fa15edf8 752f1fafd8f848d9bcdb8f3c577b2f8d - - - -] 10.0.0.118 "DELETE /v2.0/security-groups/8865d3aa-4ff0-4884-a9f6-315d23caf05b HTTP/1.1" status: 204 len: 168 time: 0.2063053
2026-05-08 11:35:22.305 10 INFO neutron.services.segments.plugin [-] Segment e88cfe59-b639-4f69-bf1e-2ac40f49515a resource provider aggregate not found
2026-05-08 11:35:22.310 10 INFO neutron.services.segments.plugin [-] Segment e88cfe59-b639-4f69-bf1e-2ac40f49515a resource provider aggregate not found
2026-05-08 11:35:22.322 10 INFO neutron.services.segments.plugin [-] Segment e88cfe59-b639-4f69-bf1e-2ac40f49515a resource provider not found; error: Placement Client Error (4xx): {"errors": [{"status": 404, "title": "Not Found", "detail": "The resource could not be found.\n\n No resource provider with uuid e88cfe59-b639-4f69-bf1e-2ac40f49515a found for delete ", "request_id": "req-5558a7e4-6d7c-4122-ad08-ecadeca4d60d"}]}
2026-05-08 11:35:22.325 10 INFO neutron.services.segments.plugin [-] Segment e88cfe59-b639-4f69-bf1e-2ac40f49515a resource provider not found; error: Placement Client Error (4xx): {"errors": [{"status": 404, "title": "Not Found", "detail": "The resource could not be found.\n\n No resource provider with uuid e88cfe59-b639-4f69-bf1e-2ac40f49515a found for delete ", "request_id": "req-43f27f2a-1c86-4435-9c5e-31025a9beb61"}]}
2026-05-08 11:35:22.485 10 INFO neutron.wsgi [None req-98f5c89b-4d43-4af2-a0f6-b055b5bb7c11 61356cfe29d6423489748ffc4da7331b f883e5e994564e7eab364f008d878d8b - - - -] 10.0.0.118 "DELETE /v2.0/networks/f419b992-8921-4f17-bac7-6052f56e0d29 HTTP/1.1" status: 204 len: 168 time: 0.6039903
2026-05-08 11:35:22.574 9 INFO neutron.db.segments_db [None req-944762b1-b2ce-48f2-9dcf-e57b4a3e3489 61356cfe29d6423489748ffc4da7331b f883e5e994564e7eab364f008d878d8b - - - -] Added segment 8862b777-9db2-427f-9f4e-0bb53a0db723 of type geneve for network 5820edb3-f03c-431b-9e59-7d307af9d466
2026-05-08 11:35:22.692 9 INFO neutron.db.ovn_revision_numbers_db [None req-944762b1-b2ce-48f2-9dcf-e57b4a3e3489 61356cfe29d6423489748ffc4da7331b f883e5e994564e7eab364f008d878d8b - - - -] Successfully bumped revision number for resource 5820edb3-f03c-431b-9e59-7d307af9d466 (type: networks) to 1
2026-05-08 11:35:22.851 9 WARNING neutron.scheduler.dhcp_agent_scheduler [None req-944762b1-b2ce-48f2-9dcf-e57b4a3e3489 61356cfe29d6423489748ffc4da7331b f883e5e994564e7eab364f008d878d8b - - - -] No more DHCP agents
2026-05-08 11:35:22.854 9 WARNING neutron.api.rpc.agentnotifiers.dhcp_rpc_agent_api [None req-944762b1-b2ce-48f2-9dcf-e57b4a3e3489 61356cfe29d6423489748ffc4da7331b f883e5e994564e7eab364f008d878d8b - - - -] Unable to schedule network 5820edb3-f03c-431b-9e59-7d307af9d466: no agents available; will retry on subsequent port and subnet creation events.
2026-05-08 11:35:22.917 9 INFO neutron.db.ovn_revision_numbers_db [None req-944762b1-b2ce-48f2-9dcf-e57b4a3e3489 61356cfe29d6423489748ffc4da7331b f883e5e994564e7eab364f008d878d8b - - - -] Successfully bumped revision number for resource f6a36a60-d4a8-4b4a-aa85-2ca74dfa41fd (type: ports) to 1
2026-05-08 11:35:22.934 9 INFO neutron.wsgi [None req-944762b1-b2ce-48f2-9dcf-e57b4a3e3489 61356cfe29d6423489748ffc4da7331b f883e5e994564e7eab364f008d878d8b - - - -] 10.0.0.118 "POST /v2.0/networks HTTP/1.1" status: 201 len: 929 time: 0.4430587
2026-05-08 11:35:23.103 9 WARNING neutron.scheduler.dhcp_agent_scheduler [None req-b60a36d6-6fb9-456f-9e1a-ca684280e40d 61356cfe29d6423489748ffc4da7331b f883e5e994564e7eab364f008d878d8b - - - -] No more DHCP agents
2026-05-08 11:35:23.105 9 WARNING neutron.api.rpc.agentnotifiers.dhcp_rpc_agent_api [None req-b60a36d6-6fb9-456f-9e1a-ca684280e40d 61356cfe29d6423489748ffc4da7331b f883e5e994564e7eab364f008d878d8b - - - -] Unable to schedule network 5820edb3-f03c-431b-9e59-7d307af9d466: no agents available; will retry on subsequent port and subnet creation events.
2026-05-08 11:35:23.522 9 INFO neutron.db.ovn_revision_numbers_db [None req-b60a36d6-6fb9-456f-9e1a-ca684280e40d 61356cfe29d6423489748ffc4da7331b f883e5e994564e7eab364f008d878d8b - - - -] Successfully bumped revision number for resource f6a36a60-d4a8-4b4a-aa85-2ca74dfa41fd (type: ports) to 2
2026-05-08 11:35:23.533 9 INFO neutron.db.ovn_revision_numbers_db [None req-b60a36d6-6fb9-456f-9e1a-ca684280e40d 61356cfe29d6423489748ffc4da7331b f883e5e994564e7eab364f008d878d8b - - - -] Successfully bumped revision number for resource 239c5297-ba8c-4b58-a8ff-6053045add5b (type: subnets) to 0
2026-05-08 11:35:23.547 9 INFO neutron.wsgi [None req-b60a36d6-6fb9-456f-9e1a-ca684280e40d 61356cfe29d6423489748ffc4da7331b f883e5e994564e7eab364f008d878d8b - - - -] 10.0.0.118 "POST /v2.0/subnets HTTP/1.1" status: 201 len: 822 time: 0.6068995
2026-05-08 11:35:23.830 10 INFO neutron.wsgi [-] 10.0.0.44 "GET / HTTP/1.1" status: 200 len: 247 time: 0.0032041
2026-05-08 11:35:23.832 10 INFO neutron.wsgi [-] 10.0.0.44 "GET / HTTP/1.1" status: 200 len: 247 time: 0.0013895
2026-05-08 11:35:23.850 9 INFO neutron.wsgi [None req-74f18e75-6854-4d66-a506-a456375ff753 61356cfe29d6423489748ffc4da7331b f883e5e994564e7eab364f008d878d8b - - - -] 10.0.0.118 "POST /v2.0/rbac-policies HTTP/1.1" status: 201 len: 523 time: 0.2973416
