+ COMMAND=start + start + for KEYSTONE_WSGI_SCRIPT in keystone-wsgi-public ++ type -p keystone-wsgi-public + cp -a /var/lib/openstack/bin/keystone-wsgi-public /var/www/cgi-bin/keystone/ + '[' -f /etc/apache2/envvars ']' + source /etc/apache2/envvars ++ unset HOME ++ '[' '' '!=' '' ']' ++ SUFFIX= ++ export APACHE_RUN_USER=www-data ++ APACHE_RUN_USER=www-data ++ export APACHE_RUN_GROUP=www-data ++ APACHE_RUN_GROUP=www-data ++ export APACHE_PID_FILE=/var/run/apache2/apache2.pid ++ APACHE_PID_FILE=/var/run/apache2/apache2.pid ++ export APACHE_RUN_DIR=/var/run/apache2 ++ APACHE_RUN_DIR=/var/run/apache2 ++ export APACHE_LOCK_DIR=/var/lock/apache2 ++ APACHE_LOCK_DIR=/var/lock/apache2 ++ export APACHE_LOG_DIR=/var/log/apache2 ++ APACHE_LOG_DIR=/var/log/apache2 ++ export LANG=C ++ LANG=C ++ export LANG + '[' -f /var/run/apache2/apache2.pid ']' + exec apache2 -DFOREGROUND AH00558: apache2: Could not reliably determine the server's fully qualified domain name, using 10.0.0.68. Set the 'ServerName' directive globally to suppress this message AH00558: apache2: Could not reliably determine the server's fully qualified domain name, using 10.0.0.68. Set the 'ServerName' directive globally to suppress this message
[Thu Apr 16 22:57:46.506902 2026] [mpm_event:notice] [pid 1:tid 140290365331328] AH00489: Apache/2.4.58 (Ubuntu) mod_wsgi/5.0.0 Python/3.12 configured -- resuming normal operations
[Thu Apr 16 22:57:46.507375 2026] [core:notice] [pid 1:tid 140290365331328] AH00094: Command line: 'apache2 -D FOREGROUND'
[Thu Apr 16 22:58:43.780843 2026] [wsgi:error] [pid 10:tid 140289728558784] /var/lib/openstack/lib/python3.12/site-packages/oslo_utils/importutils.py:77: EventletDeprecationWarning:
[Thu Apr 16 22:58:43.780896 2026] [wsgi:error] [pid 10:tid 140289728558784] Eventlet is deprecated. It is currently being maintained in bugfix mode, and
[Thu Apr 16 22:58:43.780899 2026] [wsgi:error] [pid 10:tid 140289728558784] we strongly recommend against using it for new projects.
[Thu Apr 16 22:58:43.780901 2026] [wsgi:error] [pid 10:tid 140289728558784]
[Thu Apr 16 22:58:43.780902 2026] [wsgi:error] [pid 10:tid 140289728558784] If you are already using Eventlet, we recommend migrating to a different
[Thu Apr 16 22:58:43.780904 2026] [wsgi:error] [pid 10:tid 140289728558784] framework. For more detail see
[Thu Apr 16 22:58:43.780905 2026] [wsgi:error] [pid 10:tid 140289728558784] https://eventlet.readthedocs.io/en/latest/asyncio/migration.html
[Thu Apr 16 22:58:43.780907 2026] [wsgi:error] [pid 10:tid 140289728558784]
[Thu Apr 16 22:58:43.780908 2026] [wsgi:error] [pid 10:tid 140289728558784] __import__(import_str)
[Thu Apr 16 22:58:43.790524 2026] [wsgi:error] [pid 9:tid 140289728558784] /var/lib/openstack/lib/python3.12/site-packages/oslo_utils/importutils.py:77: EventletDeprecationWarning:
[Thu Apr 16 22:58:43.790583 2026] [wsgi:error] [pid 9:tid 140289728558784] Eventlet is deprecated. It is currently being maintained in bugfix mode, and
[Thu Apr 16 22:58:43.790586 2026] [wsgi:error] [pid 9:tid 140289728558784] we strongly recommend against using it for new projects.
[Thu Apr 16 22:58:43.790587 2026] [wsgi:error] [pid 9:tid 140289728558784]
[Thu Apr 16 22:58:43.790588 2026] [wsgi:error] [pid 9:tid 140289728558784] If you are already using Eventlet, we recommend migrating to a different
[Thu Apr 16 22:58:43.790589 2026] [wsgi:error] [pid 9:tid 140289728558784] framework. For more detail see
[Thu Apr 16 22:58:43.790590 2026] [wsgi:error] [pid 9:tid 140289728558784] https://eventlet.readthedocs.io/en/latest/asyncio/migration.html
[Thu Apr 16 22:58:43.790592 2026] [wsgi:error] [pid 9:tid 140289728558784]
[Thu Apr 16 22:58:43.790593 2026] [wsgi:error] [pid 9:tid 140289728558784] __import__(import_str) 10.0.0.93 - - [16/Apr/2026:22:58:42 +0000] "GET /v3/ HTTP/1.1" 200 249 10.0.0.93 - - [16/Apr/2026:22:58:42 +0000] "GET /v3/ HTTP/1.1" 200 249
[Thu Apr 16 22:58:57.199610 2026] [wsgi:error] [pid 12:tid 140289728558784] /var/lib/openstack/lib/python3.12/site-packages/oslo_utils/importutils.py:77: EventletDeprecationWarning:
[Thu Apr 16 22:58:57.199660 2026] [wsgi:error] [pid 12:tid 140289728558784] Eventlet is deprecated. It is currently being maintained in bugfix mode, and
[Thu Apr 16 22:58:57.199662 2026] [wsgi:error] [pid 12:tid 140289728558784] we strongly recommend against using it for new projects.
[Thu Apr 16 22:58:57.199663 2026] [wsgi:error] [pid 12:tid 140289728558784]
[Thu Apr 16 22:58:57.199664 2026] [wsgi:error] [pid 12:tid 140289728558784] If you are already using Eventlet, we recommend migrating to a different
[Thu Apr 16 22:58:57.199666 2026] [wsgi:error] [pid 12:tid 140289728558784] framework. For more detail see
[Thu Apr 16 22:58:57.199667 2026] [wsgi:error] [pid 12:tid 140289728558784] https://eventlet.readthedocs.io/en/latest/asyncio/migration.html
[Thu Apr 16 22:58:57.199668 2026] [wsgi:error] [pid 12:tid 140289728558784]
[Thu Apr 16 22:58:57.199669 2026] [wsgi:error] [pid 12:tid 140289728558784] __import__(import_str) 10.0.0.31 - - [16/Apr/2026:22:58:56 +0000] "GET / HTTP/1.1" 300 295
[Thu Apr 16 22:59:02.432179 2026] [wsgi:error] [pid 11:tid 140289728558784] /var/lib/openstack/lib/python3.12/site-packages/oslo_utils/importutils.py:77: EventletDeprecationWarning:
[Thu Apr 16 22:59:02.432224 2026] [wsgi:error] [pid 11:tid 140289728558784] Eventlet is deprecated. It is currently being maintained in bugfix mode, and
[Thu Apr 16 22:59:02.432226 2026] [wsgi:error] [pid 11:tid 140289728558784] we strongly recommend against using it for new projects.
[Thu Apr 16 22:59:02.432227 2026] [wsgi:error] [pid 11:tid 140289728558784]
[Thu Apr 16 22:59:02.432228 2026] [wsgi:error] [pid 11:tid 140289728558784] If you are already using Eventlet, we recommend migrating to a different
[Thu Apr 16 22:59:02.432229 2026] [wsgi:error] [pid 11:tid 140289728558784] framework. For more detail see
[Thu Apr 16 22:59:02.432230 2026] [wsgi:error] [pid 11:tid 140289728558784] https://eventlet.readthedocs.io/en/latest/asyncio/migration.html
[Thu Apr 16 22:59:02.432232 2026] [wsgi:error] [pid 11:tid 140289728558784]
[Thu Apr 16 22:59:02.432233 2026] [wsgi:error] [pid 11:tid 140289728558784] __import__(import_str)
[Thu Apr 16 22:59:06.973732 2026] [wsgi:error] [pid 11:tid 140289728558784] [remote 10.0.0.31:51442] 2026-04-16 22:59:06.971 11 WARNING keystone.identity.core [None req-1a5b0ef5-9e2f-4130-872d-5a71fa9d710c - - - - - -] Invalid domain name (atmosphere) found in config file name: keystone.exception.DomainNotFound: Could not find domain: atmosphere.
[Thu Apr 16 22:59:07.022694 2026] [wsgi:error] [pid 11:tid 140289728558784] [remote 10.0.0.31:51442] 2026-04-16 22:59:07.021 11 WARNING keystone.common.password_hashing [None req-1a5b0ef5-9e2f-4130-872d-5a71fa9d710c - - - - - -] Truncating password to algorithm specific maximum length 72 characters.
[Thu Apr 16 22:59:07.303787 2026] [wsgi:error] [pid 11:tid 140289728558784] [remote 10.0.0.31:51442] 2026-04-16 22:59:07.303 11 WARNING keystone.common.fernet_utils [None req-1a5b0ef5-9e2f-4130-872d-5a71fa9d710c - - - - - -] key_repository is world readable: /etc/keystone/fernet-keys/ 10.0.0.31 - - [16/Apr/2026:22:59:01 +0000] "POST /v3/auth/tokens HTTP/1.1" 201 1360
[Thu Apr 16 22:59:07.629668 2026] [wsgi:error] [pid 10:tid 140289728558784] [remote 10.0.0.31:51442] 2026-04-16 22:59:07.626 10 WARNING keystone.identity.core [None req-d53fd5e9-b315-4a45-86ed-6af4e447b736 - - - - - -] Invalid domain name (atmosphere) found in config file name: keystone.exception.DomainNotFound: Could not find domain: atmosphere. 10.0.0.31 - - [16/Apr/2026:22:59:07 +0000] "POST /v3/domains HTTP/1.1" 201 261 10.0.0.37 - - [16/Apr/2026:22:59:18 +0000] "GET / HTTP/1.1" 300 295
[Thu Apr 16 22:59:18.806847 2026] [wsgi:error] [pid 12:tid 140289728558784] [remote 10.0.0.37:39206] 2026-04-16 22:59:18.806 12 WARNING keystone.common.password_hashing [None req-f6869123-dac1-4a48-9a86-2ad7bfb3a6e4 - - - - - -] Truncating password to algorithm specific maximum length 72 characters.
[Thu Apr 16 22:59:19.079053 2026] [wsgi:error] [pid 12:tid 140289728558784] [remote 10.0.0.37:39206] 2026-04-16 22:59:19.078 12 WARNING keystone.common.fernet_utils [None req-f6869123-dac1-4a48-9a86-2ad7bfb3a6e4 - - - - - -] key_repository is world readable: /etc/keystone/fernet-keys/ 10.0.0.37 - - [16/Apr/2026:22:59:18 +0000] "POST /v3/auth/tokens HTTP/1.1" 201 1360 10.0.0.37 - - [16/Apr/2026:22:59:19 +0000] "GET /v3/roles/admin HTTP/1.1" 404 83
[Thu Apr 16 22:59:19.271309 2026] [wsgi:error] [pid 10:tid 140289728558784] [remote 10.0.0.37:39206] 2026-04-16 22:59:19.271 10 WARNING keystone.common.rbac_enforcer.enforcer [None req-6b560618-cb41-4488-8e14-55d45f7a683b 7dd7dc30986548328fe1b79bf77cd226 cfa5f35df5074f80ba8b5cf53915347e - - default default] Deprecated policy rules found. Use oslopolicy-policy-generator and oslopolicy-policy-upgrade to detect and resolve deprecated policies in your configuration. 10.0.0.37 - - [16/Apr/2026:22:59:19 +0000] "GET /v3/roles?name=admin HTTP/1.1" 200 389
[Thu Apr 16 22:59:19.597209 2026] [wsgi:error] [pid 9:tid 140289728558784] [remote 10.0.0.37:39206] 2026-04-16 22:59:19.596 9 WARNING keystone.common.rbac_enforcer.enforcer [None req-ec724524-ed61-462e-9e71-b9e423514075 7dd7dc30986548328fe1b79bf77cd226 cfa5f35df5074f80ba8b5cf53915347e - - default default] Deprecated policy rules found. Use oslopolicy-policy-generator and oslopolicy-policy-upgrade to detect and resolve deprecated policies in your configuration. 10.0.0.37 - - [16/Apr/2026:22:59:19 +0000] "GET /v3/users/admin-RegionOne HTTP/1.1" 404 93
[Thu Apr 16 22:59:19.844976 2026] [wsgi:error] [pid 12:tid 140289728558784] [remote 10.0.0.37:39206] 2026-04-16 22:59:19.844 12 WARNING keystone.common.rbac_enforcer.enforcer [None req-82fa50db-c82c-4cb0-9c68-8ec5d80f302a 7dd7dc30986548328fe1b79bf77cd226 cfa5f35df5074f80ba8b5cf53915347e - - default default] Deprecated policy rules found. Use oslopolicy-policy-generator and oslopolicy-policy-upgrade to detect and resolve deprecated policies in your configuration. 10.0.0.37 - - [16/Apr/2026:22:59:19 +0000] "GET /v3/users?name=admin-RegionOne HTTP/1.1" 200 422
[Thu Apr 16 22:59:20.011976 2026] [wsgi:error] [pid 11:tid 140289728558784] [remote 10.0.0.37:39206] 2026-04-16 22:59:20.011 11 WARNING keystone.common.rbac_enforcer.enforcer [None req-3d14a070-a502-4f64-b402-f955608a4c9f 7dd7dc30986548328fe1b79bf77cd226 cfa5f35df5074f80ba8b5cf53915347e - - default default] Deprecated policy rules found. Use oslopolicy-policy-generator and oslopolicy-policy-upgrade to detect and resolve deprecated policies in your configuration. 10.0.0.37 - - [16/Apr/2026:22:59:19 +0000] "GET /v3/domains/default HTTP/1.1" 200 224 10.0.0.37 - - [16/Apr/2026:22:59:20 +0000] "PUT /v3/domains/default/users/7dd7dc30986548328fe1b79bf77cd226/roles/8d992a7eeebc42edacab44da6a0f4f6e HTTP/1.1" 204 - 10.0.0.93 - - [16/Apr/2026:22:59:29 +0000] "GET / HTTP/1.1" 300 281 10.0.0.93 - - [16/Apr/2026:22:59:31 +0000] "GET /v3 HTTP/1.1" 200 266
[Thu Apr 16 22:59:31.523725 2026] [wsgi:error] [pid 11:tid 140289728558784] [remote 10.0.0.93:60246] 2026-04-16 22:59:31.523 11 WARNING keystone.common.password_hashing [None req-658d74be-da0f-46f9-8097-7d4e1b3025d3 - - - - - -] Truncating password to algorithm specific maximum length 72 characters.
[Thu Apr 16 22:59:31.814186 2026] [wsgi:error] [pid 11:tid 140289728558784] [remote 10.0.0.93:60246] 2026-04-16 22:59:31.813 11 WARNING keystone.common.fernet_utils [None req-658d74be-da0f-46f9-8097-7d4e1b3025d3 - - - - - -] key_repository is world readable: /etc/keystone/fernet-keys/ 10.0.0.93 - - [16/Apr/2026:22:59:31 +0000] "POST /v3/auth/tokens HTTP/1.1" 201 1360 10.0.0.93 - - [16/Apr/2026:22:59:31 +0000] "GET / HTTP/1.1" 300 281 10.0.0.93 - - [16/Apr/2026:22:59:31 +0000] "GET /v3/domains/atmosphere HTTP/1.1" 404 90 10.0.0.93 - - [16/Apr/2026:22:59:31 +0000] "GET /v3/domains?name=atmosphere HTTP/1.1" 200 370 10.0.0.93 - - [16/Apr/2026:22:59:31 +0000] "GET /v3/domains/af46a99bbc2d435eb7039a2c58b354b3 HTTP/1.1" 200 247 10.0.0.93 - - [16/Apr/2026:22:59:32 +0000] "GET /v3 HTTP/1.1" 200 266
[Thu Apr 16 22:59:33.055709 2026] [wsgi:error] [pid 9:tid 140289728558784] [remote 10.0.0.93:60260] 2026-04-16 22:59:33.055 9 WARNING keystone.common.password_hashing [None req-74f2bef9-984f-465b-82d2-2db6fd0ffafa - - - - - -] Truncating password to algorithm specific maximum length 72 characters.
[Thu Apr 16 22:59:33.332798 2026] [wsgi:error] [pid 9:tid 140289728558784] [remote 10.0.0.93:60260] 2026-04-16 22:59:33.332 9 WARNING keystone.common.fernet_utils [None req-74f2bef9-984f-465b-82d2-2db6fd0ffafa - - - - - -] key_repository is world readable: /etc/keystone/fernet-keys/ 10.0.0.93 - - [16/Apr/2026:22:59:32 +0000] "POST /v3/auth/tokens HTTP/1.1" 201 1360 10.0.0.93 - - [16/Apr/2026:22:59:33 +0000] "GET / HTTP/1.1" 300 281 10.0.0.93 - - [16/Apr/2026:22:59:33 +0000] "GET /v3/OS-FEDERATION/identity_providers/atmosphere HTTP/1.1" 404 101 10.0.0.93 - - [16/Apr/2026:22:59:33 +0000] "GET /v3/OS-FEDERATION/identity_providers HTTP/1.1" 200 156 10.0.0.93 - - [16/Apr/2026:22:59:33 +0000] "PUT /v3/OS-FEDERATION/identity_providers/atmosphere HTTP/1.1" 201 342 10.0.0.93 - - [16/Apr/2026:22:59:34 +0000] "GET /v3 HTTP/1.1" 200 266
[Thu Apr 16 22:59:34.263738 2026] [wsgi:error] [pid 11:tid 140289728558784] [remote 10.0.0.93:60260] 2026-04-16 22:59:34.263 11 WARNING keystone.common.password_hashing [None req-fb4ab9a4-3ff7-4824-8f9b-96bc6a89ca16 - - - - - -] Truncating password to algorithm specific maximum length 72 characters.
[Thu Apr 16 22:59:34.549930 2026] [wsgi:error] [pid 11:tid 140289728558784] [remote 10.0.0.93:60260] 2026-04-16 22:59:34.549 11 WARNING keystone.common.fernet_utils [None req-fb4ab9a4-3ff7-4824-8f9b-96bc6a89ca16 - - - - - -] key_repository is world readable: /etc/keystone/fernet-keys/ 10.0.0.93 - - [16/Apr/2026:22:59:34 +0000] "POST /v3/auth/tokens HTTP/1.1" 201 1360 10.0.0.93 - - [16/Apr/2026:22:59:34 +0000] "GET / HTTP/1.1" 300 281 10.0.0.93 - - [16/Apr/2026:22:59:34 +0000] "GET /v3/OS-FEDERATION/mappings/atmosphere-openid HTTP/1.1" 404 98 10.0.0.93 - - [16/Apr/2026:22:59:34 +0000] "GET /v3/OS-FEDERATION/mappings HTTP/1.1" 200 136 10.0.0.93 - - [16/Apr/2026:22:59:34 +0000] "PUT /v3/OS-FEDERATION/mappings/atmosphere-openid HTTP/1.1" 201 357 10.0.0.93 - - [16/Apr/2026:22:59:35 +0000] "GET /v3 HTTP/1.1" 200 266
[Thu Apr 16 22:59:35.348959 2026] [wsgi:error] [pid 9:tid 140289728558784] [remote 10.0.0.93:60260] 2026-04-16 22:59:35.348 9 WARNING keystone.common.password_hashing [None req-0e6e45f2-26c7-4d20-bee7-fb22ed09e2e1 - - - - - -] Truncating password to algorithm specific maximum length 72 characters.
[Thu Apr 16 22:59:35.632067 2026] [wsgi:error] [pid 9:tid 140289728558784] [remote 10.0.0.93:60260] 2026-04-16 22:59:35.631 9 WARNING keystone.common.fernet_utils [None req-0e6e45f2-26c7-4d20-bee7-fb22ed09e2e1 - - - - - -] key_repository is world readable: /etc/keystone/fernet-keys/ 10.0.0.93 - - [16/Apr/2026:22:59:35 +0000] "POST /v3/auth/tokens HTTP/1.1" 201 1360 10.0.0.93 - - [16/Apr/2026:22:59:35 +0000] "GET / HTTP/1.1" 300 281 10.0.0.93 - - [16/Apr/2026:22:59:35 +0000] "GET /v3/OS-FEDERATION/identity_providers/atmosphere/protocols/openid?idp_id=atmosphere HTTP/1.1" 404 131 10.0.0.93 - - [16/Apr/2026:22:59:35 +0000] "GET /v3/OS-FEDERATION/identity_providers/atmosphere/protocols HTTP/1.1" 200 168 10.0.0.93 - - [16/Apr/2026:22:59:35 +0000] "PUT /v3/OS-FEDERATION/identity_providers/atmosphere/protocols/openid HTTP/1.1" 201 224 10.0.0.93 - - [16/Apr/2026:22:59:42 +0000] "GET /v3/ HTTP/1.1" 200 249 10.0.0.93 - - [16/Apr/2026:22:59:42 +0000] "GET /v3/ HTTP/1.1" 200 249 10.0.0.93 - - [16/Apr/2026:23:00:42 +0000] "GET /v3/ HTTP/1.1" 200 249 10.0.0.93 - - [16/Apr/2026:23:00:42 +0000] "GET /v3/ HTTP/1.1" 200 249 10.0.0.250 - - [16/Apr/2026:23:01:00 +0000] "GET / HTTP/1.1" 300 295
[Thu Apr 16 23:01:00.343086 2026] [wsgi:error] [pid 12:tid 140289728558784] [remote 10.0.0.250:38692] 2026-04-16 23:01:00.342 12 WARNING keystone.common.password_hashing [None req-94af9f99-4fdd-4c0f-bc3c-6d9ef4bd784e - - - - - -] Truncating password to algorithm specific maximum length 72 characters.
[Thu Apr 16 23:01:00.620421 2026] [wsgi:error] [pid 12:tid 140289728558784] [remote 10.0.0.250:38692] 2026-04-16 23:01:00.620 12 WARNING keystone.common.fernet_utils [None req-94af9f99-4fdd-4c0f-bc3c-6d9ef4bd784e - - - - - -] key_repository is world readable: /etc/keystone/fernet-keys/ 10.0.0.250 - - [16/Apr/2026:23:01:00 +0000] "POST /v3/auth/tokens HTTP/1.1" 201 1360 10.0.0.250 - - [16/Apr/2026:23:01:00 +0000] "GET /v3/services HTTP/1.1" 200 355 10.0.0.250 - - [16/Apr/2026:23:01:04 +0000] "GET / HTTP/1.1" 300 295
[Thu Apr 16 23:01:04.122659 2026] [wsgi:error] [pid 11:tid 140289728558784] [remote 10.0.0.250:41392] 2026-04-16 23:01:04.122 11 WARNING keystone.common.password_hashing [None req-b6056a9b-5e4b-440c-a4e6-05bf8ee714e5 - - - - - -] Truncating password to algorithm specific maximum length 72 characters.
[Thu Apr 16 23:01:04.395368 2026] [wsgi:error] [pid 11:tid 140289728558784] [remote 10.0.0.250:41392] 2026-04-16 23:01:04.395 11 WARNING keystone.common.fernet_utils [None req-b6056a9b-5e4b-440c-a4e6-05bf8ee714e5 - - - - - -] key_repository is world readable: /etc/keystone/fernet-keys/ 10.0.0.250 - - [16/Apr/2026:23:01:04 +0000] "POST /v3/auth/tokens HTTP/1.1" 201 1360 10.0.0.250 - - [16/Apr/2026:23:01:04 +0000] "GET /v3/services HTTP/1.1" 200 355 10.0.0.250 - - [16/Apr/2026:23:01:08 +0000] "GET / HTTP/1.1" 300 295
[Thu Apr 16 23:01:08.086857 2026] [wsgi:error] [pid 9:tid 140289728558784] [remote 10.0.0.250:41398] 2026-04-16 23:01:08.086 9 WARNING keystone.common.password_hashing [None req-4bdf6044-1d55-45cb-ad05-757b7fdd8b32 - - - - - -] Truncating password to algorithm specific maximum length 72 characters.
[Thu Apr 16 23:01:08.369759 2026] [wsgi:error] [pid 9:tid 140289728558784] [remote 10.0.0.250:41398] 2026-04-16 23:01:08.369 9 WARNING keystone.common.fernet_utils [None req-4bdf6044-1d55-45cb-ad05-757b7fdd8b32 - - - - - -] key_repository is world readable: /etc/keystone/fernet-keys/ 10.0.0.250 - - [16/Apr/2026:23:01:08 +0000] "POST /v3/auth/tokens HTTP/1.1" 201 1360 10.0.0.250 - - [16/Apr/2026:23:01:08 +0000] "GET /v3/services HTTP/1.1" 200 355 10.0.0.250 - - [16/Apr/2026:23:01:11 +0000] "GET / HTTP/1.1" 300 295
[Thu Apr 16 23:01:11.852850 2026] [wsgi:error] [pid 10:tid 140289728558784] [remote 10.0.0.250:41412] 2026-04-16 23:01:11.852 10 WARNING keystone.common.password_hashing [None req-87104312-acc0-4177-a7ca-8f98687f70ba - - - - - -] Truncating password to algorithm specific maximum length 72 characters.
[Thu Apr 16 23:01:12.135768 2026] [wsgi:error] [pid 10:tid 140289728558784] [remote 10.0.0.250:41412] 2026-04-16 23:01:12.135 10 WARNING keystone.common.fernet_utils [None req-87104312-acc0-4177-a7ca-8f98687f70ba - - - - - -] key_repository is world readable: /etc/keystone/fernet-keys/ 10.0.0.250 - - [16/Apr/2026:23:01:11 +0000] "POST /v3/auth/tokens HTTP/1.1" 201 1360 10.0.0.250 - - [16/Apr/2026:23:01:12 +0000] "POST /v3/services HTTP/1.1" 201 296 10.0.0.225 - - [16/Apr/2026:23:01:23 +0000] "GET / HTTP/1.1" 300 295
[Thu Apr 16 23:01:23.724847 2026] [wsgi:error] [pid 12:tid 140289728558784] [remote 10.0.0.225:49308] 2026-04-16 23:01:23.724 12 WARNING keystone.common.password_hashing [None req-7bdaf0c4-7b4f-4792-a363-3027a9f9b32a - - - - - -] Truncating password to algorithm specific maximum length 72 characters. 10.0.0.225 - - [16/Apr/2026:23:01:23 +0000] "GET / HTTP/1.1" 300 295
[Thu Apr 16 23:01:23.848597 2026] [wsgi:error] [pid 9:tid 140289728558784] [remote 10.0.0.225:49316] 2026-04-16 23:01:23.848 9 WARNING keystone.common.password_hashing [None req-b69bc5a6-e0be-4a56-8e7e-1db27142f650 - - - - - -] Truncating password to algorithm specific maximum length 72 characters. 10.0.0.225 - - [16/Apr/2026:23:01:23 +0000] "GET / HTTP/1.1" 300 295
[Thu Apr 16 23:01:23.902617 2026] [wsgi:error] [pid 10:tid 140289728558784] [remote 10.0.0.225:54662] 2026-04-16 23:01:23.902 10 WARNING keystone.common.password_hashing [None req-09b862de-6d17-4764-8b33-9acc9769c063 - - - - - -] Truncating password to algorithm specific maximum length 72 characters.
[Thu Apr 16 23:01:24.008513 2026] [wsgi:error] [pid 12:tid 140289728558784] [remote 10.0.0.225:49308] 2026-04-16 23:01:24.008 12 WARNING keystone.common.fernet_utils [None req-7bdaf0c4-7b4f-4792-a363-3027a9f9b32a - - - - - -] key_repository is world readable: /etc/keystone/fernet-keys/ 10.0.0.225 - - [16/Apr/2026:23:01:23 +0000] "POST /v3/auth/tokens HTTP/1.1" 201 1464
[Thu Apr 16 23:01:24.121935 2026] [wsgi:error] [pid 9:tid 140289728558784] [remote 10.0.0.225:49316] 2026-04-16 23:01:24.121 9 WARNING keystone.common.fernet_utils [None req-b69bc5a6-e0be-4a56-8e7e-1db27142f650 - - - - - -] key_repository is world readable: /etc/keystone/fernet-keys/ 10.0.0.225 - - [16/Apr/2026:23:01:23 +0000] "POST /v3/auth/tokens HTTP/1.1" 201 1464 10.0.0.225 - - [16/Apr/2026:23:01:24 +0000] "GET /v3/services HTTP/1.1" 200 639
[Thu Apr 16 23:01:24.188944 2026] [wsgi:error] [pid 10:tid 140289728558784] [remote 10.0.0.225:54662] 2026-04-16 23:01:24.188 10 WARNING keystone.common.fernet_utils [None req-09b862de-6d17-4764-8b33-9acc9769c063 - - - - - -] key_repository is world readable: /etc/keystone/fernet-keys/ 10.0.0.225 - - [16/Apr/2026:23:01:23 +0000] "POST /v3/auth/tokens HTTP/1.1" 201 1464 10.0.0.225 - - [16/Apr/2026:23:01:24 +0000] "GET /v3/services HTTP/1.1" 200 639 10.0.0.225 - - [16/Apr/2026:23:01:24 +0000] "GET /v3/services HTTP/1.1" 200 639 10.0.0.225 - - [16/Apr/2026:23:01:25 +0000] "GET / HTTP/1.1" 300 295 10.0.0.225 - - [16/Apr/2026:23:01:25 +0000] "GET / HTTP/1.1" 300 295
[Thu Apr 16 23:01:25.725610 2026] [wsgi:error] [pid 10:tid 140289728558784] [remote 10.0.0.225:54674] 2026-04-16 23:01:25.725 10 WARNING keystone.common.password_hashing [None req-ca053a12-fdd0-42a6-bf83-e4ce5dc8b417 - - - - - -] Truncating password to algorithm specific maximum length 72 characters.
[Thu Apr 16 23:01:25.749590 2026] [wsgi:error] [pid 9:tid 140289728558784] [remote 10.0.0.225:54676] 2026-04-16 23:01:25.749 9 WARNING keystone.common.password_hashing [None req-10a10b22-c123-4634-ab72-8b55cd8c92a5 - - - - - -] Truncating password to algorithm specific maximum length 72 characters. 10.0.0.225 - - [16/Apr/2026:23:01:25 +0000] "GET / HTTP/1.1" 300 295
[Thu Apr 16 23:01:25.816680 2026] [wsgi:error] [pid 12:tid 140289728558784] [remote 10.0.0.225:54680] 2026-04-16 23:01:25.816 12 WARNING keystone.common.password_hashing [None req-eabc4ef9-ef03-4042-8646-69789f8e7e26 - - - - - -] Truncating password to algorithm specific maximum length 72 characters.
[Thu Apr 16 23:01:25.993575 2026] [wsgi:error] [pid 10:tid 140289728558784] [remote 10.0.0.225:54674] 2026-04-16 23:01:25.993 10 WARNING keystone.common.fernet_utils [None req-ca053a12-fdd0-42a6-bf83-e4ce5dc8b417 - - - - - -] key_repository is world readable: /etc/keystone/fernet-keys/ 10.0.0.225 - - [16/Apr/2026:23:01:25 +0000] "POST /v3/auth/tokens HTTP/1.1" 201 1464
[Thu Apr 16 23:01:26.030538 2026] [wsgi:error] [pid 9:tid 140289728558784] [remote 10.0.0.225:54676] 2026-04-16 23:01:26.030 9 WARNING keystone.common.fernet_utils [None req-10a10b22-c123-4634-ab72-8b55cd8c92a5 - - - - - -] key_repository is world readable: /etc/keystone/fernet-keys/ 10.0.0.225 - - [16/Apr/2026:23:01:25 +0000] "POST /v3/auth/tokens HTTP/1.1" 201 1464
[Thu Apr 16 23:01:26.096013 2026] [wsgi:error] [pid 12:tid 140289728558784] [remote 10.0.0.225:54680] 2026-04-16 23:01:26.095 12 WARNING keystone.common.fernet_utils [None req-eabc4ef9-ef03-4042-8646-69789f8e7e26 - - - - - -] key_repository is world readable: /etc/keystone/fernet-keys/ 10.0.0.225 - - [16/Apr/2026:23:01:25 +0000] "POST /v3/auth/tokens HTTP/1.1" 201 1464 10.0.0.225 - - [16/Apr/2026:23:01:26 +0000] "GET /v3/endpoints HTTP/1.1" 200 1227 10.0.0.225 - - [16/Apr/2026:23:01:26 +0000] "GET /v3/services/a4ad381ef11f443da63608ca6b7e1783 HTTP/1.1" 200 233 10.0.0.225 - - [16/Apr/2026:23:01:26 +0000] "GET /v3/endpoints HTTP/1.1" 200 1227 10.0.0.225 - - [16/Apr/2026:23:01:26 +0000] "GET /v3/services/a4ad381ef11f443da63608ca6b7e1783 HTTP/1.1" 200 233 10.0.0.225 - - [16/Apr/2026:23:01:26 +0000] "GET /v3/services/a4ad381ef11f443da63608ca6b7e1783 HTTP/1.1" 200 233 10.0.0.225 - - [16/Apr/2026:23:01:26 +0000] "GET /v3/services/a4ad381ef11f443da63608ca6b7e1783 HTTP/1.1" 200 233 10.0.0.225 - - [16/Apr/2026:23:01:26 +0000] "GET /v3/services/a4ad381ef11f443da63608ca6b7e1783 HTTP/1.1" 200 233 10.0.0.225 - - [16/Apr/2026:23:01:26 +0000] "GET /v3/services/a4ad381ef11f443da63608ca6b7e1783 HTTP/1.1" 200 233 10.0.0.225 - - [16/Apr/2026:23:01:26 +0000] "GET /v3/endpoints HTTP/1.1" 200 1227 10.0.0.225 - - [16/Apr/2026:23:01:26 +0000] "GET /v3/services/a4ad381ef11f443da63608ca6b7e1783 HTTP/1.1" 200 233 10.0.0.225 - - [16/Apr/2026:23:01:26 +0000] "GET /v3/services/a4ad381ef11f443da63608ca6b7e1783 HTTP/1.1" 200 233 10.0.0.225 - - [16/Apr/2026:23:01:26 +0000] "GET /v3/services/a4ad381ef11f443da63608ca6b7e1783 HTTP/1.1" 200 233 10.0.0.225 - - [16/Apr/2026:23:01:27 +0000] "GET / HTTP/1.1" 300 295
[Thu Apr 16 23:01:27.590889 2026] [wsgi:error] [pid 9:tid 140289728558784] [remote 10.0.0.225:54682] 2026-04-16 23:01:27.590 9 WARNING keystone.common.password_hashing [None req-03af7016-38f5-4071-9be2-80284ff80b10 - - - - - -] Truncating password to algorithm specific maximum length 72 characters. 10.0.0.225 - - [16/Apr/2026:23:01:27 +0000] "GET / HTTP/1.1" 300 295
[Thu Apr 16 23:01:27.632690 2026] [wsgi:error] [pid 11:tid 140289728558784] [remote 10.0.0.225:54696] 2026-04-16 23:01:27.632 11 WARNING keystone.common.password_hashing [None req-890efdac-49f4-4061-ba7f-b4c682db36b6 - - - - - -] Truncating password to algorithm specific maximum length 72 characters. 10.0.0.225 - - [16/Apr/2026:23:01:27 +0000] "GET / HTTP/1.1" 300 295
[Thu Apr 16 23:01:27.729476 2026] [wsgi:error] [pid 10:tid 140289728558784] [remote 10.0.0.225:54702] 2026-04-16 23:01:27.729 10 WARNING keystone.common.password_hashing [None req-0a3d015a-27e9-4309-a95c-534c4923903f - - - - - -] Truncating password to algorithm specific maximum length 72 characters.
[Thu Apr 16 23:01:27.893768 2026] [wsgi:error] [pid 9:tid 140289728558784] [remote 10.0.0.225:54682] 2026-04-16 23:01:27.893 9 WARNING keystone.common.fernet_utils [None req-03af7016-38f5-4071-9be2-80284ff80b10 - - - - - -] key_repository is world readable: /etc/keystone/fernet-keys/ 10.0.0.225 - - [16/Apr/2026:23:01:27 +0000] "POST /v3/auth/tokens HTTP/1.1" 201 1464
[Thu Apr 16 23:01:27.915341 2026] [wsgi:error] [pid 11:tid 140289728558784] [remote 10.0.0.225:54696] 2026-04-16 23:01:27.915 11 WARNING keystone.common.fernet_utils [None req-890efdac-49f4-4061-ba7f-b4c682db36b6 - - - - - -] key_repository is world readable: /etc/keystone/fernet-keys/ 10.0.0.225 - - [16/Apr/2026:23:01:27 +0000] "POST /v3/auth/tokens HTTP/1.1" 201 1464
[Thu Apr 16 23:01:28.010976 2026] [wsgi:error] [pid 10:tid 140289728558784] [remote 10.0.0.225:54702] 2026-04-16 23:01:28.010 10 WARNING keystone.common.fernet_utils [None req-0a3d015a-27e9-4309-a95c-534c4923903f - - - - - -] key_repository is world readable: /etc/keystone/fernet-keys/ 10.0.0.225 - - [16/Apr/2026:23:01:27 +0000] "POST /v3/auth/tokens HTTP/1.1" 201 1464 10.0.0.225 - - [16/Apr/2026:23:01:27 +0000] "GET /v3/services/aaa4f163437348b9b288ac379688652d HTTP/1.1" 200 296 10.0.0.225 - - [16/Apr/2026:23:01:28 +0000] "GET /v3/regions/RegionOne HTTP/1.1" 200 173 10.0.0.225 - - [16/Apr/2026:23:01:28 +0000] "GET /v3/services/aaa4f163437348b9b288ac379688652d HTTP/1.1" 200 296 10.0.0.225 - - [16/Apr/2026:23:01:28 +0000] "GET /v3/regions/RegionOne HTTP/1.1" 200 173 10.0.0.225 - - [16/Apr/2026:23:01:28 +0000] "POST /v3/endpoints HTTP/1.1" 201 380 10.0.0.225 - - [16/Apr/2026:23:01:28 +0000] "GET /v3/services/aaa4f163437348b9b288ac379688652d HTTP/1.1" 200 296 10.0.0.225 - - [16/Apr/2026:23:01:28 +0000] "GET /v3/regions/RegionOne HTTP/1.1" 200 173 10.0.0.225 - - [16/Apr/2026:23:01:28 +0000] "POST /v3/endpoints HTTP/1.1" 201 383 10.0.0.225 - - [16/Apr/2026:23:01:28 +0000] "POST /v3/endpoints HTTP/1.1" 201 370 10.0.0.225 - - [16/Apr/2026:23:01:29 +0000] "GET / HTTP/1.1" 300 295
[Thu Apr 16 23:01:29.577841 2026] [wsgi:error] [pid 12:tid 140289728558784] [remote 10.0.0.225:54712] 2026-04-16 23:01:29.577 12 WARNING keystone.common.password_hashing [None req-7f7b0a39-9698-4c37-a400-276eea3c9c33 - - - - - -] Truncating password to algorithm specific maximum length 72 characters. 10.0.0.225 - - [16/Apr/2026:23:01:29 +0000] "GET / HTTP/1.1" 300 295 10.0.0.225 - - [16/Apr/2026:23:01:29 +0000] "GET / HTTP/1.1" 300 295
[Thu Apr 16 23:01:29.667472 2026] [wsgi:error] [pid 10:tid 140289728558784] [remote 10.0.0.225:54724] 2026-04-16 23:01:29.667 10 WARNING keystone.common.password_hashing [None req-05fb8560-5532-417f-b391-94bd238e2d49 - - - - - -] Truncating password to algorithm specific maximum length 72 characters.
[Thu Apr 16 23:01:29.668917 2026] [wsgi:error] [pid 9:tid 140289728558784] [remote 10.0.0.225:54714] 2026-04-16 23:01:29.668 9 WARNING keystone.common.password_hashing [None req-3c69cbc6-9366-4867-9448-831f53c0091f - - - - - -] Truncating password to algorithm specific maximum length 72 characters.
[Thu Apr 16 23:01:29.855171 2026] [wsgi:error] [pid 12:tid 140289728558784] [remote 10.0.0.225:54712] 2026-04-16 23:01:29.855 12 WARNING keystone.common.fernet_utils [None req-7f7b0a39-9698-4c37-a400-276eea3c9c33 - - - - - -] key_repository is world readable: /etc/keystone/fernet-keys/ 10.0.0.225 - - [16/Apr/2026:23:01:29 +0000] "POST /v3/auth/tokens HTTP/1.1" 201 1992
[Thu Apr 16 23:01:29.952270 2026] [wsgi:error] [pid 9:tid 140289728558784] [remote 10.0.0.225:54714] 2026-04-16 23:01:29.951 9 WARNING keystone.common.fernet_utils [None req-3c69cbc6-9366-4867-9448-831f53c0091f - - - - - -] key_repository is world readable: /etc/keystone/fernet-keys/ 10.0.0.225 - - [16/Apr/2026:23:01:29 +0000] "POST /v3/auth/tokens HTTP/1.1" 201 1992
[Thu Apr 16 23:01:29.958225 2026] [wsgi:error] [pid 10:tid 140289728558784] [remote 10.0.0.225:54724] 2026-04-16 23:01:29.958 10 WARNING keystone.common.fernet_utils [None req-05fb8560-5532-417f-b391-94bd238e2d49 - - - - - -] key_repository is world readable: /etc/keystone/fernet-keys/ 10.0.0.225 - - [16/Apr/2026:23:01:29 +0000] "POST /v3/auth/tokens HTTP/1.1" 201 1992 10.0.0.225 - - [16/Apr/2026:23:01:29 +0000] "GET /v3/endpoints/7f5a9690d520456cb0c7f904047bd7b1 HTTP/1.1" 200 380 10.0.0.225 - - [16/Apr/2026:23:01:29 +0000] "GET /v3/services/aaa4f163437348b9b288ac379688652d HTTP/1.1" 200 296 10.0.0.225 - - [16/Apr/2026:23:01:30 +0000] "GET /v3/endpoints/5747a641458e4149a3f542d962534d99 HTTP/1.1" 200 370 10.0.0.225 - - [16/Apr/2026:23:01:30 +0000] "GET /v3/endpoints/0064cfa3195b41edb2388a942eb23e3d HTTP/1.1" 200 383 10.0.0.225 - - [16/Apr/2026:23:01:30 +0000] "GET /v3/services/aaa4f163437348b9b288ac379688652d HTTP/1.1" 200 296 10.0.0.225 - - [16/Apr/2026:23:01:30 +0000] "GET /v3/services/aaa4f163437348b9b288ac379688652d HTTP/1.1" 200 296 10.0.0.199 - - [16/Apr/2026:23:01:41 +0000] "GET / HTTP/1.1" 300 295
[Thu Apr 16 23:01:41.848907 2026] [wsgi:error] [pid 10:tid 140289728558784] [remote 10.0.0.199:60428] 2026-04-16 23:01:41.848 10 WARNING keystone.common.password_hashing [None req-257de114-d7d6-4117-9dd6-e3f30cc80563 - - - - - -] Truncating password to algorithm specific maximum length 72 characters.
[Thu Apr 16 23:01:42.119380 2026] [wsgi:error] [pid 10:tid 140289728558784] [remote 10.0.0.199:60428] 2026-04-16 23:01:42.119 10 WARNING keystone.common.fernet_utils [None req-257de114-d7d6-4117-9dd6-e3f30cc80563 - - - - - -] key_repository is world readable: /etc/keystone/fernet-keys/ 10.0.0.199 - - [16/Apr/2026:23:01:41 +0000] "POST /v3/auth/tokens HTTP/1.1" 201 1992 10.0.0.199 - - [16/Apr/2026:23:01:42 +0000] "POST /v3/domains HTTP/1.1" 201 284 10.0.0.93 - - [16/Apr/2026:23:01:42 +0000] "GET /v3/ HTTP/1.1" 200 249 10.0.0.93 - - [16/Apr/2026:23:01:42 +0000] "GET /v3/ HTTP/1.1" 200 249 10.0.0.199 - - [16/Apr/2026:23:01:43 +0000] "GET / HTTP/1.1" 300 295
[Thu Apr 16 23:01:43.866707 2026] [wsgi:error] [pid 11:tid 140289728558784] [remote 10.0.0.199:39016] 2026-04-16 23:01:43.866 11 WARNING keystone.common.password_hashing [None req-fe99c568-618e-4aeb-9c1f-9049dafaf426 - - - - - -] Truncating password to algorithm specific maximum length 72 characters.
[Thu Apr 16 23:01:44.143184 2026] [wsgi:error] [pid 11:tid 140289728558784] [remote 10.0.0.199:39016] 2026-04-16 23:01:44.143 11 WARNING keystone.common.fernet_utils [None req-fe99c568-618e-4aeb-9c1f-9049dafaf426 - - - - - -] key_repository is world readable: /etc/keystone/fernet-keys/ 10.0.0.199 - - [16/Apr/2026:23:01:43 +0000] "POST /v3/auth/tokens HTTP/1.1" 201 1992
[Thu Apr 16 23:01:44.319959 2026] [wsgi:error] [pid 9:tid 140289728558784] [remote 10.0.0.199:39016] 2026-04-16 23:01:44.305 9 ERROR keystone.server.flask.application [None req-45133656-679f-437a-aff9-dc79d171af26 7dd7dc30986548328fe1b79bf77cd226 cfa5f35df5074f80ba8b5cf53915347e - - default default] Conflict occurred attempting to store project - it is not permitted to have two projects acting as domains with the same name: service.: keystone.exception.Conflict: Conflict occurred attempting to store project - it is not permitted to have two projects acting as domains with the same name: service.
[Thu Apr 16 23:01:44.319989 2026] [wsgi:error] [pid 9:tid 140289728558784] [remote 10.0.0.199:39016] 2026-04-16 23:01:44.305 9 ERROR keystone.server.flask.application
Traceback (most recent call last):
[Thu Apr 16 23:01:44.319991 2026] [wsgi:error] [pid 9:tid 140289728558784] [remote 10.0.0.199:39016] 2026-04-16 23:01:44.305 9 ERROR keystone.server.flask.application
File "/var/lib/openstack/lib/python3.12/site-packages/sqlalchemy/engine/base.py", line 1967, in _exec_single_context
[Thu Apr 16 23:01:44.319992 2026] [wsgi:error] [pid 9:tid 140289728558784] [remote 10.0.0.199:39016] 2026-04-16 23:01:44.305 9 ERROR keystone.server.flask.application self.dialect.do_execute(
[Thu Apr 16 23:01:44.319994 2026] [wsgi:error] [pid 9:tid 140289728558784] [remote 10.0.0.199:39016] 2026-04-16 23:01:44.305 9 ERROR keystone.server.flask.application
File "/var/lib/openstack/lib/python3.12/site-packages/sqlalchemy/engine/default.py", line 952, in do_execute
[Thu Apr 16 23:01:44.319996 2026] [wsgi:error] [pid 9:tid 140289728558784] [remote 10.0.0.199:39016] 2026-04-16 23:01:44.305 9 ERROR keystone.server.flask.application cursor.execute(statement, parameters)
[Thu Apr 16 23:01:44.319997 2026] [wsgi:error] [pid 9:tid 140289728558784] [remote 10.0.0.199:39016] 2026-04-16 23:01:44.305 9 ERROR keystone.server.flask.application
File "/var/lib/openstack/lib/python3.12/site-packages/pymysql/cursors.py", line 153, in execute
[Thu Apr 16 23:01:44.319999 2026] [wsgi:error] [pid 9:tid 140289728558784] [remote 10.0.0.199:39016] 2026-04-16 23:01:44.305 9 ERROR keystone.server.flask.application result = self._query(query)
[Thu Apr 16 23:01:44.320000 2026] [wsgi:error] [pid 9:tid 140289728558784] [remote 10.0.0.199:39016] 2026-04-16 23:01:44.305 9 ERROR keystone.server.flask.application ^^^^^^^^^^^^^^^^^^
[Thu Apr 16 23:01:44.320002 2026] [wsgi:error] [pid 9:tid 140289728558784] [remote 10.0.0.199:39016] 2026-04-16 23:01:44.305 9 ERROR keystone.server.flask.application
File "/var/lib/openstack/lib/python3.12/site-packages/pymysql/cursors.py", line 322, in _query
[Thu Apr 16 23:01:44.320003 2026] [wsgi:error] [pid 9:tid 140289728558784] [remote 10.0.0.199:39016] 2026-04-16 23:01:44.305 9 ERROR keystone.server.flask.application conn.query(q)
[Thu Apr 16 23:01:44.320005 2026] [wsgi:error] [pid 9:tid 140289728558784] [remote 10.0.0.199:39016] 2026-04-16 23:01:44.305 9 ERROR keystone.server.flask.application
File "/var/lib/openstack/lib/python3.12/site-packages/pymysql/connections.py", line 575, in query
[Thu Apr 16 23:01:44.320007 2026] [wsgi:error] [pid 9:tid 140289728558784] [remote 10.0.0.199:39016] 2026-04-16 23:01:44.305 9 ERROR keystone.server.flask.application self._affected_rows = self._read_query_result(unbuffered=unbuffered)
[Thu Apr 16 23:01:44.320008 2026] [wsgi:error] [pid 9:tid 140289728558784] [remote 10.0.0.199:39016] 2026-04-16 23:01:44.305 9 ERROR keystone.server.flask.application ^^^^^^^^^^^^^^^^^^^^^^^^^^^^^^^^^^^^^^^^^^^^^^
[Thu Apr 16 23:01:44.320010 2026] [wsgi:error] [pid 9:tid 140289728558784] [remote 10.0.0.199:39016] 2026-04-16 23:01:44.305 9 ERROR keystone.server.flask.application
File "/var/lib/openstack/lib/python3.12/site-packages/pymysql/connections.py", line 826, in _read_query_result
[Thu Apr 16 23:01:44.320011 2026] [wsgi:error] [pid 9:tid 140289728558784] [remote 10.0.0.199:39016] 2026-04-16 23:01:44.305 9 ERROR keystone.server.flask.application result.read()
[Thu Apr 16 23:01:44.320014 2026] [wsgi:error] [pid 9:tid 140289728558784] [remote 10.0.0.199:39016] 2026-04-16 23:01:44.305 9 ERROR keystone.server.flask.application
File "/var/lib/openstack/lib/python3.12/site-packages/pymysql/connections.py", line 1203, in read
[Thu Apr 16 23:01:44.320016 2026] [wsgi:error] [pid 9:tid 140289728558784] [remote 10.0.0.199:39016] 2026-04-16 23:01:44.305 9 ERROR keystone.server.flask.application first_packet = self.connection._read_packet()
[Thu Apr 16 23:01:44.320017 2026] [wsgi:error] [pid 9:tid 140289728558784] [remote 10.0.0.199:39016] 2026-04-16 23:01:44.305 9 ERROR keystone.server.flask.application ^^^^^^^^^^^^^^^^^^^^^^^^^^^^^^
[Thu Apr 16 23:01:44.320018 2026] [wsgi:error] [pid 9:tid 140289728558784] [remote 10.0.0.199:39016] 2026-04-16 23:01:44.305 9 ERROR keystone.server.flask.application
File "/var/lib/openstack/lib/python3.12/site-packages/pymysql/connections.py", line 782, in _read_packet
[Thu Apr 16 23:01:44.320020 2026] [wsgi:error] [pid 9:tid 140289728558784] [remote 10.0.0.199:39016] 2026-04-16 23:01:44.305 9 ERROR keystone.server.flask.application packet.raise_for_error()
[Thu Apr 16 23:01:44.320021 2026] [wsgi:error] [pid 9:tid 140289728558784] [remote 10.0.0.199:39016] 2026-04-16 23:01:44.305 9 ERROR keystone.server.flask.application
File "/var/lib/openstack/lib/python3.12/site-packages/pymysql/protocol.py", line 219, in raise_for_error
[Thu Apr 16 23:01:44.320022 2026] [wsgi:error] [pid 9:tid 140289728558784] [remote 10.0.0.199:39016] 2026-04-16 23:01:44.305 9 ERROR keystone.server.flask.application err.raise_mysql_exception(self._data)
[Thu Apr 16 23:01:44.320024 2026] [wsgi:error] [pid 9:tid 140289728558784] [remote 10.0.0.199:39016] 2026-04-16 23:01:44.305 9 ERROR keystone.server.flask.application
File "/var/lib/openstack/lib/python3.12/site-packages/pymysql/err.py", line 150, in raise_mysql_exception
[Thu Apr 16 23:01:44.320025 2026] [wsgi:error] [pid 9:tid 140289728558784] [remote 10.0.0.199:39016] 2026-04-16 23:01:44.305 9 ERROR keystone.server.flask.application raise errorclass(errno, errval)
[Thu Apr 16 23:01:44.320026 2026] [wsgi:error] [pid 9:tid 140289728558784] [remote 10.0.0.199:39016] 2026-04-16 23:01:44.305 9 ERROR keystone.server.flask.application pymysql.err.IntegrityError: (1062, "Duplicate entry '<>-service' for key 'project.ixu_project_name_domain_id'")
[Thu Apr 16 23:01:44.320028 2026] [wsgi:error] [pid 9:tid 140289728558784] [remote 10.0.0.199:39016] 2026-04-16 23:01:44.305 9 ERROR keystone.server.flask.application
[Thu Apr 16 23:01:44.320030 2026] [wsgi:error] [pid 9:tid 140289728558784] [remote 10.0.0.199:39016] 2026-04-16 23:01:44.305 9 ERROR keystone.server.flask.application The above exception was the direct cause of the following exception:
[Thu Apr 16 23:01:44.320031 2026] [wsgi:error] [pid 9:tid 140289728558784] [remote 10.0.0.199:39016] 2026-04-16 23:01:44.305 9 ERROR keystone.server.flask.application
[Thu Apr 16 23:01:44.320032 2026] [wsgi:error] [pid 9:tid 140289728558784] [remote 10.0.0.199:39016] 2026-04-16 23:01:44.305 9 ERROR keystone.server.flask.application
Traceback (most recent call last):
[Thu Apr 16 23:01:44.320033 2026] [wsgi:error] [pid 9:tid 140289728558784] [remote 10.0.0.199:39016] 2026-04-16 23:01:44.305 9 ERROR keystone.server.flask.application
File "/var/lib/openstack/lib/python3.12/site-packages/keystone/common/sql/core.py", line 575, in wrapper
[Thu Apr 16 23:01:44.320035 2026] [wsgi:error] [pid 9:tid 140289728558784] [remote 10.0.0.199:39016] 2026-04-16 23:01:44.305 9 ERROR keystone.server.flask.application return method(*args, **kwargs)
[Thu Apr 16 23:01:44.320036 2026] [wsgi:error] [pid 9:tid 140289728558784] [remote 10.0.0.199:39016] 2026-04-16 23:01:44.305 9 ERROR keystone.server.flask.application ^^^^^^^^^^^^^^^^^^^^^^^
[Thu Apr 16 23:01:44.320038 2026] [wsgi:error] [pid 9:tid 140289728558784] [remote 10.0.0.199:39016] 2026-04-16 23:01:44.305 9 ERROR keystone.server.flask.application
File "/var/lib/openstack/lib/python3.12/site-packages/keystone/resource/backends/sql.py", line 278, in create_project
[Thu Apr 16 23:01:44.320040 2026] [wsgi:error] [pid 9:tid 140289728558784] [remote 10.0.0.199:39016] 2026-04-16 23:01:44.305 9 ERROR keystone.server.flask.application with sql.session_for_write() as session:
[Thu Apr 16 23:01:44.320041 2026] [wsgi:error] [pid 9:tid 140289728558784] [remote 10.0.0.199:39016] 2026-04-16 23:01:44.305 9 ERROR keystone.server.flask.application
File "/usr/lib/python3.12/contextlib.py", line 144, in __exit__
[Thu Apr 16 23:01:44.320042 2026] [wsgi:error] [pid 9:tid 140289728558784] [remote 10.0.0.199:39016] 2026-04-16 23:01:44.305 9 ERROR keystone.server.flask.application next(self.gen)
[Thu Apr 16 23:01:44.320044 2026] [wsgi:error] [pid 9:tid 140289728558784] [remote 10.0.0.199:39016] 2026-04-16 23:01:44.305 9 ERROR keystone.server.flask.application
File "/var/lib/openstack/lib/python3.12/site-packages/oslo_db/sqlalchemy/enginefacade.py", line 1175, in _transaction_scope
[Thu Apr 16 23:01:44.320045 2026] [wsgi:error] [pid 9:tid 140289728558784] [remote 10.0.0.199:39016] 2026-04-16 23:01:44.305 9 ERROR keystone.server.flask.application with current._produce_block(
[Thu Apr 16 23:01:44.320072 2026] [wsgi:error] [pid 9:tid 140289728558784] [remote 10.0.0.199:39016] 2026-04-16 23:01:44.305 9 ERROR keystone.server.flask.application
File "/usr/lib/python3.12/contextlib.py", line 144, in __exit__
[Thu Apr 16 23:01:44.320074 2026] [wsgi:error] [pid 9:tid 140289728558784] [remote 10.0.0.199:39016] 2026-04-16 23:01:44.305 9 ERROR keystone.server.flask.application next(self.gen)
[Thu Apr 16 23:01:44.320075 2026] [wsgi:error] [pid 9:tid 140289728558784] [remote 10.0.0.199:39016] 2026-04-16 23:01:44.305 9 ERROR keystone.server.flask.application
File "/var/lib/openstack/lib/python3.12/site-packages/oslo_db/sqlalchemy/enginefacade.py", line 837, in _session
[Thu Apr 16 23:01:44.320077 2026] [wsgi:error] [pid 9:tid 140289728558784] [remote 10.0.0.199:39016] 2026-04-16 23:01:44.305 9 ERROR keystone.server.flask.application with excutils.save_and_reraise_exception():
[Thu Apr 16 23:01:44.320078 2026] [wsgi:error] [pid 9:tid 140289728558784] [remote 10.0.0.199:39016] 2026-04-16 23:01:44.305 9 ERROR keystone.server.flask.application
File "/var/lib/openstack/lib/python3.12/site-packages/oslo_utils/excutils.py", line 271, in __exit__
[Thu Apr 16 23:01:44.320080 2026] [wsgi:error] [pid 9:tid 140289728558784] [remote 10.0.0.199:39016] 2026-04-16 23:01:44.305 9 ERROR keystone.server.flask.application self.force_reraise()
[Thu Apr 16 23:01:44.320081 2026] [wsgi:error] [pid 9:tid 140289728558784] [remote 10.0.0.199:39016] 2026-04-16 23:01:44.305 9 ERROR keystone.server.flask.application
File "/var/lib/openstack/lib/python3.12/site-packages/oslo_utils/excutils.py", line 233, in force_reraise
[Thu Apr 16 23:01:44.320083 2026] [wsgi:error] [pid 9:tid 140289728558784] [remote 10.0.0.199:39016] 2026-04-16 23:01:44.305 9 ERROR keystone.server.flask.application raise self.value
[Thu Apr 16 23:01:44.320084 2026] [wsgi:error] [pid 9:tid 140289728558784] [remote 10.0.0.199:39016] 2026-04-16 23:01:44.305 9 ERROR keystone.server.flask.application
File "/var/lib/openstack/lib/python3.12/site-packages/oslo_db/sqlalchemy/enginefacade.py", line 835, in _session
[Thu Apr 16 23:01:44.320086 2026] [wsgi:error] [pid 9:tid 140289728558784] [remote 10.0.0.199:39016] 2026-04-16 23:01:44.305 9 ERROR keystone.server.flask.application self._end_session_transaction(self.session)
[Thu Apr 16 23:01:44.320087 2026] [wsgi:error] [pid 9:tid 140289728558784] [remote 10.0.0.199:39016] 2026-04-16 23:01:44.305 9 ERROR keystone.server.flask.application
File "/var/lib/openstack/lib/python3.12/site-packages/oslo_db/sqlalchemy/enginefacade.py", line 748, in _end_session_transaction
[Thu Apr 16 23:01:44.320089 2026] [wsgi:error] [pid 9:tid 140289728558784] [remote 10.0.0.199:39016] 2026-04-16 23:01:44.305 9 ERROR keystone.server.flask.application session.commit()
[Thu Apr 16 23:01:44.320090 2026] [wsgi:error] [pid 9:tid 140289728558784] [remote 10.0.0.199:39016] 2026-04-16 23:01:44.305 9 ERROR keystone.server.flask.application
File "/var/lib/openstack/lib/python3.12/site-packages/sqlalchemy/orm/session.py", line 2030, in commit
[Thu Apr 16 23:01:44.320092 2026] [wsgi:error] [pid 9:tid 140289728558784] [remote 10.0.0.199:39016] 2026-04-16 23:01:44.305 9 ERROR keystone.server.flask.application trans.commit(_to_root=True)
[Thu Apr 16 23:01:44.320093 2026] [wsgi:error] [pid 9:tid 140289728558784] [remote 10.0.0.199:39016] 2026-04-16 23:01:44.305 9 ERROR keystone.server.flask.application File "", line 2, in commit
[Thu Apr 16 23:01:44.320095 2026] [wsgi:error] [pid 9:tid 140289728558784] [remote 10.0.0.199:39016] 2026-04-16 23:01:44.305 9 ERROR keystone.server.flask.application
File "/var/lib/openstack/lib/python3.12/site-packages/sqlalchemy/orm/state_changes.py", line 137, in _go
[Thu Apr 16 23:01:44.320096 2026] [wsgi:error] [pid 9:tid 140289728558784] [remote 10.0.0.199:39016] 2026-04-16 23:01:44.305 9 ERROR keystone.server.flask.application ret_value = fn(self, *arg, **kw)
[Thu Apr 16 23:01:44.320101 2026] [wsgi:error] [pid 9:tid 140289728558784] [remote 10.0.0.199:39016] 2026-04-16 23:01:44.305 9 ERROR keystone.server.flask.application ^^^^^^^^^^^^^^^^^^^^
[Thu Apr 16 23:01:44.320105 2026] [wsgi:error] [pid 9:tid 140289728558784] [remote 10.0.0.199:39016] 2026-04-16 23:01:44.305 9 ERROR keystone.server.flask.application
File "/var/lib/openstack/lib/python3.12/site-packages/sqlalchemy/orm/session.py", line 1311, in commit
[Thu Apr 16 23:01:44.320107 2026] [wsgi:error] [pid 9:tid 140289728558784] [remote 10.0.0.199:39016] 2026-04-16 23:01:44.305 9 ERROR keystone.server.flask.application self._prepare_impl()
[Thu Apr 16 23:01:44.320108 2026] [wsgi:error] [pid 9:tid 140289728558784] [remote 10.0.0.199:39016] 2026-04-16 23:01:44.305 9 ERROR keystone.server.flask.application File "", line 2, in _prepare_impl
[Thu Apr 16 23:01:44.320111 2026] [wsgi:error] [pid 9:tid 140289728558784] [remote 10.0.0.199:39016] 2026-04-16 23:01:44.305 9 ERROR keystone.server.flask.application
File "/var/lib/openstack/lib/python3.12/site-packages/sqlalchemy/orm/state_changes.py", line 137, in _go
[Thu Apr 16 23:01:44.320112 2026] [wsgi:error] [pid 9:tid 140289728558784] [remote 10.0.0.199:39016] 2026-04-16 23:01:44.305 9 ERROR keystone.server.flask.application ret_value = fn(self, *arg, **kw)
[Thu Apr 16 23:01:44.320115 2026] [wsgi:error] [pid 9:tid 140289728558784] [remote 10.0.0.199:39016] 2026-04-16 23:01:44.305 9 ERROR keystone.server.flask.application ^^^^^^^^^^^^^^^^^^^^
[Thu Apr 16 23:01:44.320117 2026] [wsgi:error] [pid 9:tid 140289728558784] [remote 10.0.0.199:39016] 2026-04-16 23:01:44.305 9 ERROR keystone.server.flask.application
File "/var/lib/openstack/lib/python3.12/site-packages/sqlalchemy/orm/session.py", line 1286, in _prepare_impl
[Thu Apr 16 23:01:44.320119 2026] [wsgi:error] [pid 9:tid 140289728558784] [remote 10.0.0.199:39016] 2026-04-16 23:01:44.305 9 ERROR keystone.server.flask.application self.session.flush()
[Thu Apr 16 23:01:44.320121 2026] [wsgi:error] [pid 9:tid 140289728558784] [remote 10.0.0.199:39016] 2026-04-16 23:01:44.305 9 ERROR keystone.server.flask.application
File "/var/lib/openstack/lib/python3.12/site-packages/sqlalchemy/orm/session.py", line 4331, in flush
[Thu Apr 16 23:01:44.320123 2026] [wsgi:error] [pid 9:tid 140289728558784] [remote 10.0.0.199:39016] 2026-04-16 23:01:44.305 9 ERROR keystone.server.flask.application self._flush(objects)
[Thu Apr 16 23:01:44.320126 2026] [wsgi:error] [pid 9:tid 140289728558784] [remote 10.0.0.199:39016] 2026-04-16 23:01:44.305 9 ERROR keystone.server.flask.application
File "/var/lib/openstack/lib/python3.12/site-packages/sqlalchemy/orm/session.py", line 4466, in _flush
[Thu Apr 16 23:01:44.320127 2026] [wsgi:error] [pid 9:tid 140289728558784] [remote 10.0.0.199:39016] 2026-04-16 23:01:44.305 9 ERROR keystone.server.flask.application with util.safe_reraise():
[Thu Apr 16 23:01:44.320129 2026] [wsgi:error] [pid 9:tid 140289728558784] [remote 10.0.0.199:39016] 2026-04-16 23:01:44.305 9 ERROR keystone.server.flask.application
File "/var/lib/openstack/lib/python3.12/site-packages/sqlalchemy/util/langhelpers.py", line 121, in __exit__
[Thu Apr 16 23:01:44.320132 2026] [wsgi:error] [pid 9:tid 140289728558784] [remote 10.0.0.199:39016] 2026-04-16 23:01:44.305 9 ERROR keystone.server.flask.application raise exc_value.with_traceback(exc_tb)
[Thu Apr 16 23:01:44.320134 2026] [wsgi:error] [pid 9:tid 140289728558784] [remote 10.0.0.199:39016] 2026-04-16 23:01:44.305 9 ERROR keystone.server.flask.application
File "/var/lib/openstack/lib/python3.12/site-packages/sqlalchemy/orm/session.py", line 4427, in _flush
[Thu Apr 16 23:01:44.320136 2026] [wsgi:error] [pid 9:tid 140289728558784] [remote 10.0.0.199:39016] 2026-04-16 23:01:44.305 9 ERROR keystone.server.flask.application flush_context.execute()
[Thu Apr 16 23:01:44.320137 2026] [wsgi:error] [pid 9:tid 140289728558784] [remote 10.0.0.199:39016] 2026-04-16 23:01:44.305 9 ERROR keystone.server.flask.application
File "/var/lib/openstack/lib/python3.12/site-packages/sqlalchemy/orm/unitofwork.py", line 466, in execute
