2026-05-30 06:26:03.927 10 INFO neutron.wsgi [req-0e67072e-cd68-4ec3-9852-fb9f6e728474 req-65fe4d09-126e-46a9-8e15-ddccb9bde0af fa9ca9eda4724365ad319b81ddc79576 604cbe8fbcb44e7bb365d0755c5a9367 - - default default] 10.0.0.113 "GET /v2.0/ports/2310afcd-f478-4a7b-85e1-73a0f2af108a HTTP/1.1" status: 200 len: 1635 time: 0.0453429
2026-05-30 06:26:03.967 10 INFO neutron.wsgi [req-1641709e-46f1-4930-ae27-bc20e5217413 req-5dcbc03e-fcac-4680-9925-93b2f1fc171e c8778c66d7644976a19bcfcf035beb3c badad4dc82a74e2788062edc3925de7d - - 5a1a72e7a3ec4b3e8f405893aa045520 5a1a72e7a3ec4b3e8f405893aa045520] 199.204.45.30 "GET /v2.0/subnets?id=7662c103-6d19-4073-aaa4-1cd4901d8d67&id=33a25093-bf88-4da3-825b-d445aa0978eb HTTP/1.1" status: 200 len: 1562 time: 0.0393424
2026-05-30 06:26:03.976 9 INFO neutron.wsgi [None req-2347d365-8d8f-4b0e-92b5-2b5bf744690c fa9ca9eda4724365ad319b81ddc79576 604cbe8fbcb44e7bb365d0755c5a9367 - - default default] 199.204.45.30 "GET /v2.0/ports/2310afcd-f478-4a7b-85e1-73a0f2af108a HTTP/1.1" status: 200 len: 1635 time: 0.0399511
2026-05-30 06:26:03.998 10 INFO neutron.wsgi [req-1641709e-46f1-4930-ae27-bc20e5217413 req-16ab752e-ed08-425d-a399-bdd481640251 c8778c66d7644976a19bcfcf035beb3c badad4dc82a74e2788062edc3925de7d - - 5a1a72e7a3ec4b3e8f405893aa045520 5a1a72e7a3ec4b3e8f405893aa045520] 199.204.45.30 "GET /v2.0/ports?network_id=6f903608-6d0f-40c3-bb61-38ea0c99e995&device_owner=network%3Adhcp HTTP/1.1" status: 200 len: 210 time: 0.0235052
2026-05-30 06:26:04.025 10 INFO neutron.wsgi [req-1641709e-46f1-4930-ae27-bc20e5217413 req-2760f087-2f03-47a9-8dc5-7584a1fda903 c8778c66d7644976a19bcfcf035beb3c badad4dc82a74e2788062edc3925de7d - - 5a1a72e7a3ec4b3e8f405893aa045520 5a1a72e7a3ec4b3e8f405893aa045520] 199.204.45.30 "GET /v2.0/ports?network_id=6f903608-6d0f-40c3-bb61-38ea0c99e995&device_owner=network%3Adhcp HTTP/1.1" status: 200 len: 210 time: 0.0210023
2026-05-30 06:26:04.033 9 INFO neutron.wsgi [None req-02ef6698-8da6-4267-9a54-4d45c5b5a8aa fa9ca9eda4724365ad319b81ddc79576 604cbe8fbcb44e7bb365d0755c5a9367 - - default default] 199.204.45.30 "GET /v2.0/ports/2310afcd-f478-4a7b-85e1-73a0f2af108a HTTP/1.1" status: 200 len: 1635 time: 0.0451388
2026-05-30 06:26:04.095 10 INFO neutron.wsgi [req-1641709e-46f1-4930-ae27-bc20e5217413 req-17cb9c06-9481-460a-bfaa-484baa54e172 c8778c66d7644976a19bcfcf035beb3c badad4dc82a74e2788062edc3925de7d - - 5a1a72e7a3ec4b3e8f405893aa045520 5a1a72e7a3ec4b3e8f405893aa045520] 199.204.45.30 "GET /v2.0/networks/6f903608-6d0f-40c3-bb61-38ea0c99e995?fields=segments HTTP/1.1" status: 200 len: 212 time: 0.0627933
2026-05-30 06:26:04.140 9 INFO neutron.db.ovn_revision_numbers_db [None req-7984f437-2146-44b6-8ddc-5f6897636561 - - - - - -] Successfully bumped revision number for resource 2310afcd-f478-4a7b-85e1-73a0f2af108a (type: ports) to 4
2026-05-30 06:26:04.166 10 INFO neutron.wsgi [req-1641709e-46f1-4930-ae27-bc20e5217413 req-594da7e0-6f74-4f59-95f3-a2fe26988415 c8778c66d7644976a19bcfcf035beb3c badad4dc82a74e2788062edc3925de7d - - 5a1a72e7a3ec4b3e8f405893aa045520 5a1a72e7a3ec4b3e8f405893aa045520] 199.204.45.30 "GET /v2.0/networks/6f903608-6d0f-40c3-bb61-38ea0c99e995?fields=provider%3Aphysical_network&fields=provider%3Anetwork_type HTTP/1.1" status: 200 len: 277 time: 0.0631554
2026-05-30 06:26:04.556 9 INFO neutron.db.ovn_revision_numbers_db [None req-c73273ea-74c3-445d-8c53-a9a6b30cddb7 fa9ca9eda4724365ad319b81ddc79576 604cbe8fbcb44e7bb365d0755c5a9367 - - default default] Successfully bumped revision number for resource 2310afcd-f478-4a7b-85e1-73a0f2af108a (type: ports) to 5
2026-05-30 06:26:04.568 9 INFO neutron.wsgi [None req-c73273ea-74c3-445d-8c53-a9a6b30cddb7 fa9ca9eda4724365ad319b81ddc79576 604cbe8fbcb44e7bb365d0755c5a9367 - - default default] 199.204.45.30 "PUT /v2.0/ports/2310afcd-f478-4a7b-85e1-73a0f2af108a HTTP/1.1" status: 200 len: 1378 time: 0.5213566 /var/lib/openstack/lib/python3.10/site-packages/pycadf/identifier.py:71: UserWarning: Invalid uuid: neutron. To ensure interoperability, identifiers should be a valid uuid. warnings.warn(('Invalid uuid: %s. To ensure interoperability, '
2026-05-30 06:26:04.638 9 INFO neutron.wsgi [None req-1b7cb108-22bb-4a66-9624-43ac6ef26208 fa9ca9eda4724365ad319b81ddc79576 604cbe8fbcb44e7bb365d0755c5a9367 - - default default] 199.204.45.30 "GET /v2.0/networks/6f903608-6d0f-40c3-bb61-38ea0c99e995 HTTP/1.1" status: 200 len: 999 time: 0.0614040
2026-05-30 06:26:04.681 9 INFO neutron.wsgi [None req-ed670c0a-229b-4b6d-8a30-90283cd9e860 fa9ca9eda4724365ad319b81ddc79576 604cbe8fbcb44e7bb365d0755c5a9367 - - default default] 199.204.45.30 "GET /v2.0/subnets/7662c103-6d19-4073-aaa4-1cd4901d8d67 HTTP/1.1" status: 200 len: 848 time: 0.0348840
2026-05-30 06:26:04.795 9 INFO neutron.wsgi [None req-861e0233-c78e-4e75-8cb6-a2df12512ff0 fa9ca9eda4724365ad319b81ddc79576 604cbe8fbcb44e7bb365d0755c5a9367 - - default default] 199.204.45.30 "GET /v2.0/extensions/security-group HTTP/1.1" status: 200 len: 369 time: 0.0069656
2026-05-30 06:26:04.803 9 INFO neutron.wsgi [None req-5e8c23ab-fea4-4198-bdee-2fa5532adfe3 fa9ca9eda4724365ad319b81ddc79576 604cbe8fbcb44e7bb365d0755c5a9367 - - default default] 199.204.45.30 "GET /v2.0/extensions/dns-integration HTTP/1.1" status: 200 len: 371 time: 0.0044518
2026-05-30 06:26:04.812 9 INFO neutron.wsgi [None req-e87f7027-35b2-41b1-a7a6-1b3659c71f46 fa9ca9eda4724365ad319b81ddc79576 604cbe8fbcb44e7bb365d0755c5a9367 - - default default] 199.204.45.30 "GET /v2.0/extensions/qos HTTP/1.1" status: 200 len: 365 time: 0.0046074
2026-05-30 06:26:04.820 9 INFO neutron.wsgi [None req-c13ea15f-76e8-482a-8e03-5ef34128c005 fa9ca9eda4724365ad319b81ddc79576 604cbe8fbcb44e7bb365d0755c5a9367 - - default default] 199.204.45.30 "GET /v2.0/extensions/allowed-address-pairs HTTP/1.1" status: 200 len: 383 time: 0.0042961
2026-05-30 06:26:04.855 9 INFO neutron.wsgi [None req-65901789-e67c-4b95-a581-7eae6f3aa53f fa9ca9eda4724365ad319b81ddc79576 604cbe8fbcb44e7bb365d0755c5a9367 - - default default] 199.204.45.30 "GET /v2.0/subnets/91b21c53-0fbe-4422-af98-2853f2b04cf8 HTTP/1.1" status: 200 len: 851 time: 0.0299506
2026-05-30 06:26:04.896 9 INFO neutron.wsgi [None req-062fff40-aced-4827-9902-ec1f41ca2c26 fa9ca9eda4724365ad319b81ddc79576 604cbe8fbcb44e7bb365d0755c5a9367 - - default default] 199.204.45.30 "GET /v2.0/ports/39d704c4-9c11-4732-940f-906c5b2371f1 HTTP/1.1" status: 200 len: 1340 time: 0.0330393
2026-05-30 06:26:04.935 9 INFO neutron.wsgi [None req-8413104f-c42e-4b66-ad5f-1f76c3d0788f fa9ca9eda4724365ad319b81ddc79576 604cbe8fbcb44e7bb365d0755c5a9367 - - default default] 199.204.45.30 "GET /v2.0/ports/8b5eb163-2c8d-457d-ba5b-eae25ba30df0 HTTP/1.1" status: 200 len: 1519 time: 0.0324390
2026-05-30 06:26:04.976 9 INFO neutron.wsgi [None req-e2b5f163-2060-474e-9c15-1c72175118c2 fa9ca9eda4724365ad319b81ddc79576 604cbe8fbcb44e7bb365d0755c5a9367 - - default default] 199.204.45.30 "GET /v2.0/subnets/91b21c53-0fbe-4422-af98-2853f2b04cf8 HTTP/1.1" status: 200 len: 851 time: 0.0344865
2026-05-30 06:26:05.046 9 INFO neutron.wsgi [None req-cb20af92-fa93-4cd5-91dd-0972a16b6736 fa9ca9eda4724365ad319b81ddc79576 604cbe8fbcb44e7bb365d0755c5a9367 - - default default] 199.204.45.30 "GET /v2.0/networks/1f15a16f-d408-4418-8fd4-c84f4cffbc5c HTTP/1.1" status: 200 len: 1002 time: 0.0609155
2026-05-30 06:26:05.089 9 INFO neutron.wsgi [None req-9d9d934f-82b8-4acc-a716-76ef24e1a731 fa9ca9eda4724365ad319b81ddc79576 604cbe8fbcb44e7bb365d0755c5a9367 - - default default] 199.204.45.30 "GET /v2.0/ports/39d704c4-9c11-4732-940f-906c5b2371f1 HTTP/1.1" status: 200 len: 1340 time: 0.0332870
2026-05-30 06:26:05.128 9 INFO neutron.wsgi [None req-c8875237-0b9d-44d7-a63f-e0812bbb4ca8 fa9ca9eda4724365ad319b81ddc79576 604cbe8fbcb44e7bb365d0755c5a9367 - - default default] 199.204.45.30 "GET /v2.0/subnets/91b21c53-0fbe-4422-af98-2853f2b04cf8 HTTP/1.1" status: 200 len: 851 time: 0.0324457
2026-05-30 06:26:05.930 9 INFO neutron.notifiers.nova [-] Nova event matching ['req-2f062caf-e285-4768-8d0a-a44830644b2f'] response: {'server_uuid': '3416107c-6a84-4fa8-8d1b-c331e92e7344', 'name': 'network-vif-plugged', 'status': 'completed', 'tag': '2310afcd-f478-4a7b-85e1-73a0f2af108a', 'code': 200}
2026-05-30 06:26:05.931 9 INFO neutron.notifiers.nova [-] Nova event matching ['req-2f062caf-e285-4768-8d0a-a44830644b2f'] response: {'name': 'network-changed', 'server_uuid': '3416107c-6a84-4fa8-8d1b-c331e92e7344', 'tag': '2310afcd-f478-4a7b-85e1-73a0f2af108a', 'status': 'completed', 'code': 200}
2026-05-30 06:26:06.000 10 INFO neutron.wsgi [req-c228adcc-05f7-494c-b5ad-2289384501ec req-0113f7b0-67e3-470c-a0ef-8f71036c3e06 c8778c66d7644976a19bcfcf035beb3c badad4dc82a74e2788062edc3925de7d - - 5a1a72e7a3ec4b3e8f405893aa045520 5a1a72e7a3ec4b3e8f405893aa045520] 199.204.45.30 "GET /v2.0/ports?tenant_id=604cbe8fbcb44e7bb365d0755c5a9367&device_id=3416107c-6a84-4fa8-8d1b-c331e92e7344 HTTP/1.1" status: 200 len: 3926 time: 0.0486844
2026-05-30 06:26:06.066 10 INFO neutron.wsgi [req-c228adcc-05f7-494c-b5ad-2289384501ec req-a2f07633-8151-4720-811b-cedc84edf626 c8778c66d7644976a19bcfcf035beb3c badad4dc82a74e2788062edc3925de7d - - 5a1a72e7a3ec4b3e8f405893aa045520 5a1a72e7a3ec4b3e8f405893aa045520] 199.204.45.30 "GET /v2.0/networks?id=6f903608-6d0f-40c3-bb61-38ea0c99e995 HTTP/1.1" status: 200 len: 1002 time: 0.0617154
2026-05-30 06:26:06.098 10 INFO neutron.wsgi [req-c228adcc-05f7-494c-b5ad-2289384501ec req-a6320e24-07a6-4f22-bf43-61e6238beb14 c8778c66d7644976a19bcfcf035beb3c badad4dc82a74e2788062edc3925de7d - - 5a1a72e7a3ec4b3e8f405893aa045520 5a1a72e7a3ec4b3e8f405893aa045520] 199.204.45.30 "GET /v2.0/floatingips?fixed_ip_address=10.2.1.115&port_id=2310afcd-f478-4a7b-85e1-73a0f2af108a HTTP/1.1" status: 200 len: 217 time: 0.0234303
2026-05-30 06:26:06.138 10 INFO neutron.wsgi [req-c228adcc-05f7-494c-b5ad-2289384501ec req-40d3a2aa-b943-4a6c-abe8-da2b08bd56c0 c8778c66d7644976a19bcfcf035beb3c badad4dc82a74e2788062edc3925de7d - - 5a1a72e7a3ec4b3e8f405893aa045520 5a1a72e7a3ec4b3e8f405893aa045520] 199.204.45.30 "GET /v2.0/subnets?id=7662c103-6d19-4073-aaa4-1cd4901d8d67 HTTP/1.1" status: 200 len: 851 time: 0.0333815
2026-05-30 06:26:06.167 10 INFO neutron.wsgi [req-c228adcc-05f7-494c-b5ad-2289384501ec req-4a06fa4a-48e9-4d7e-8cea-f5de54b095a4 c8778c66d7644976a19bcfcf035beb3c badad4dc82a74e2788062edc3925de7d - - 5a1a72e7a3ec4b3e8f405893aa045520 5a1a72e7a3ec4b3e8f405893aa045520] 199.204.45.30 "GET /v2.0/ports?network_id=6f903608-6d0f-40c3-bb61-38ea0c99e995&device_owner=network%3Adhcp HTTP/1.1" status: 200 len: 210 time: 0.0245907
2026-05-30 06:26:06.239 10 INFO neutron.wsgi [req-c228adcc-05f7-494c-b5ad-2289384501ec req-1a1134f8-7f7f-4c79-9d60-d8cb4e96b8e9 c8778c66d7644976a19bcfcf035beb3c badad4dc82a74e2788062edc3925de7d - - 5a1a72e7a3ec4b3e8f405893aa045520 5a1a72e7a3ec4b3e8f405893aa045520] 199.204.45.30 "GET /v2.0/networks/6f903608-6d0f-40c3-bb61-38ea0c99e995?fields=segments HTTP/1.1" status: 200 len: 212 time: 0.0610273
2026-05-30 06:26:06.306 10 INFO neutron.wsgi [req-c228adcc-05f7-494c-b5ad-2289384501ec req-d584d4a2-73a4-4a31-81b2-ae54621d683a c8778c66d7644976a19bcfcf035beb3c badad4dc82a74e2788062edc3925de7d - - 5a1a72e7a3ec4b3e8f405893aa045520 5a1a72e7a3ec4b3e8f405893aa045520] 199.204.45.30 "GET /v2.0/networks/6f903608-6d0f-40c3-bb61-38ea0c99e995?fields=provider%3Aphysical_network&fields=provider%3Anetwork_type HTTP/1.1" status: 200 len: 277 time: 0.0628350
2026-05-30 06:26:10.586 9 INFO neutron.wsgi [None req-bbff77de-b1f4-4578-959d-188f017bd754 fa9ca9eda4724365ad319b81ddc79576 604cbe8fbcb44e7bb365d0755c5a9367 - - default default] 10.0.0.141 "GET /v2.0/extensions/security-group HTTP/1.1" status: 200 len: 369 time: 0.0083721
2026-05-30 06:26:10.598 9 INFO neutron.wsgi [None req-29b29529-6889-4dbd-8fb4-7125ed13acc7 fa9ca9eda4724365ad319b81ddc79576 604cbe8fbcb44e7bb365d0755c5a9367 - - default default] 10.0.0.141 "GET /v2.0/extensions/dns-integration HTTP/1.1" status: 200 len: 371 time: 0.0051138
2026-05-30 06:26:10.607 9 INFO neutron.wsgi [None req-3a8859f2-31ff-478c-a21f-68d33945a5cf fa9ca9eda4724365ad319b81ddc79576 604cbe8fbcb44e7bb365d0755c5a9367 - - default default] 10.0.0.141 "GET /v2.0/extensions/qos HTTP/1.1" status: 200 len: 365 time: 0.0047507
2026-05-30 06:26:10.616 9 INFO neutron.wsgi [None req-2e5a420f-5ab5-4364-95f2-46c427227859 fa9ca9eda4724365ad319b81ddc79576 604cbe8fbcb44e7bb365d0755c5a9367 - - default default] 10.0.0.141 "GET /v2.0/extensions/allowed-address-pairs HTTP/1.1" status: 200 len: 383 time: 0.0045702
2026-05-30 06:26:10.663 10 INFO neutron.wsgi [-] 10.0.0.111 "GET / HTTP/1.1" status: 200 len: 247 time: 0.0030758
2026-05-30 06:26:10.667 9 INFO neutron.wsgi [-] 10.0.0.111 "GET / HTTP/1.1" status: 200 len: 247 time: 0.0076075
2026-05-30 06:26:10.957 9 INFO neutron.wsgi [-] 10.0.0.141 "GET / HTTP/1.1" status: 200 len: 284 time: 0.0026188
2026-05-30 06:26:11.010 9 INFO neutron.wsgi [None req-7f0f9ff8-9c77-41aa-94d0-d6f5a5bd7562 a184890562914b0f803724249bf9e123 352edd04f8034836b0b476e2133cf3a3 - - default default] 10.0.0.141 "GET /v2.0/subnets/eec24609-b58d-4bd0-ae39-f5d489b94ecb HTTP/1.1" status: 200 len: 830 time: 0.0361629
2026-05-30 06:26:11.747 10 INFO neutron.wsgi [None req-b8682f22-beff-45c7-946a-8b613b020ab2 fa9ca9eda4724365ad319b81ddc79576 604cbe8fbcb44e7bb365d0755c5a9367 - - default default] 199.204.45.30 "GET /v2.0/extensions/security-group HTTP/1.1" status: 200 len: 369 time: 0.0081370
2026-05-30 06:26:11.755 10 INFO neutron.wsgi [None req-c061626b-4fbc-48ce-9bd1-a8aa250fbc35 fa9ca9eda4724365ad319b81ddc79576 604cbe8fbcb44e7bb365d0755c5a9367 - - default default] 199.204.45.30 "GET /v2.0/extensions/dns-integration HTTP/1.1" status: 200 len: 371 time: 0.0036764
2026-05-30 06:26:11.765 10 INFO neutron.wsgi [None req-ea8f56d6-d2f4-450c-b514-4dff76349e31 fa9ca9eda4724365ad319b81ddc79576 604cbe8fbcb44e7bb365d0755c5a9367 - - default default] 199.204.45.30 "GET /v2.0/extensions/qos HTTP/1.1" status: 200 len: 365 time: 0.0065005
2026-05-30 06:26:11.776 10 INFO neutron.wsgi [None req-dedd0083-0178-41d2-b78d-dde446376bc9 fa9ca9eda4724365ad319b81ddc79576 604cbe8fbcb44e7bb365d0755c5a9367 - - default default] 199.204.45.30 "GET /v2.0/extensions/allowed-address-pairs HTTP/1.1" status: 200 len: 383 time: 0.0069997
2026-05-30 06:26:11.819 10 INFO neutron.wsgi [None req-169d435e-0c05-4f80-b99a-0636fa6b479d fa9ca9eda4724365ad319b81ddc79576 604cbe8fbcb44e7bb365d0755c5a9367 - - default default] 199.204.45.30 "GET /v2.0/subnets/7662c103-6d19-4073-aaa4-1cd4901d8d67 HTTP/1.1" status: 200 len: 848 time: 0.0380962
2026-05-30 06:26:11.859 10 INFO neutron.wsgi [None req-aba19948-d8b7-46c8-b215-f32196b0beef fa9ca9eda4724365ad319b81ddc79576 604cbe8fbcb44e7bb365d0755c5a9367 - - default default] 199.204.45.30 "GET /v2.0/subnets/eec24609-b58d-4bd0-ae39-f5d489b94ecb HTTP/1.1" status: 200 len: 848 time: 0.0328100
2026-05-30 06:26:11.912 10 INFO neutron.wsgi [None req-fc648e3f-2c50-4f68-a48b-e9b88d03e731 fa9ca9eda4724365ad319b81ddc79576 604cbe8fbcb44e7bb365d0755c5a9367 - - default default] 199.204.45.30 "GET /v2.0/ports?device_id=3416107c-6a84-4fa8-8d1b-c331e92e7344 HTTP/1.1" status: 200 len: 3926 time: 0.0466096
2026-05-30 06:26:12.065 10 INFO neutron.wsgi [None req-fe93ce0c-7a9f-4c94-b887-83c660c686bc fa9ca9eda4724365ad319b81ddc79576 604cbe8fbcb44e7bb365d0755c5a9367 - - default default] 199.204.45.30 "GET /v2.0/extensions/security-group HTTP/1.1" status: 200 len: 369 time: 0.0075188
2026-05-30 06:26:12.072 10 INFO neutron.wsgi [None req-e1fbe75c-f8b7-4645-8ef1-c101314f9b18 fa9ca9eda4724365ad319b81ddc79576 604cbe8fbcb44e7bb365d0755c5a9367 - - default default] 199.204.45.30 "GET /v2.0/extensions/dns-integration HTTP/1.1" status: 200 len: 371 time: 0.0037527
2026-05-30 06:26:12.081 10 INFO neutron.wsgi [None req-ddbc413b-9680-47d4-92fa-d4e5a2664bc0 fa9ca9eda4724365ad319b81ddc79576 604cbe8fbcb44e7bb365d0755c5a9367 - - default default] 199.204.45.30 "GET /v2.0/extensions/qos HTTP/1.1" status: 200 len: 365 time: 0.0053170
2026-05-30 06:26:12.090 10 INFO neutron.wsgi [None req-29e0aea0-d393-4292-88bf-33788da04cbb fa9ca9eda4724365ad319b81ddc79576 604cbe8fbcb44e7bb365d0755c5a9367 - - default default] 199.204.45.30 "GET /v2.0/extensions/allowed-address-pairs HTTP/1.1" status: 200 len: 383 time: 0.0052068
2026-05-30 06:26:12.675 10 INFO neutron.wsgi [req-f4c6c664-8a13-480b-a8e7-b7e800b1750c req-98444e6f-e4f1-4ec2-80e6-f7e166ef5d21 c8778c66d7644976a19bcfcf035beb3c badad4dc82a74e2788062edc3925de7d - - 5a1a72e7a3ec4b3e8f405893aa045520 5a1a72e7a3ec4b3e8f405893aa045520] 199.204.45.30 "GET /v2.0/networks/945cd3f0-8db6-4926-9ffe-487eec0379e6?fields=segments HTTP/1.1" status: 200 len: 212 time: 0.0621362
2026-05-30 06:26:12.754 10 INFO neutron.wsgi [req-f4c6c664-8a13-480b-a8e7-b7e800b1750c req-e3bee912-0a87-4fce-ad2d-1798cf8ef0dd c8778c66d7644976a19bcfcf035beb3c badad4dc82a74e2788062edc3925de7d - - 5a1a72e7a3ec4b3e8f405893aa045520 5a1a72e7a3ec4b3e8f405893aa045520] 199.204.45.30 "GET /v2.0/networks/945cd3f0-8db6-4926-9ffe-487eec0379e6?fields=provider%3Aphysical_network&fields=provider%3Anetwork_type HTTP/1.1" status: 200 len: 277 time: 0.0701554
2026-05-30 06:26:12.838 10 INFO neutron.wsgi [req-f4c6c664-8a13-480b-a8e7-b7e800b1750c req-0e6cf634-3daa-4b19-b55c-ce1cb1329b76 fa9ca9eda4724365ad319b81ddc79576 604cbe8fbcb44e7bb365d0755c5a9367 - - default default] 199.204.45.30 "GET /v2.0/networks?id=945cd3f0-8db6-4926-9ffe-487eec0379e6 HTTP/1.1" status: 200 len: 1001 time: 0.0652826
2026-05-30 06:26:13.147 10 WARNING neutron.scheduler.dhcp_agent_scheduler [req-f4c6c664-8a13-480b-a8e7-b7e800b1750c req-da370cb3-e6bb-412b-b775-88faffdf33a7 fa9ca9eda4724365ad319b81ddc79576 604cbe8fbcb44e7bb365d0755c5a9367 - - default default] No more DHCP agents
2026-05-30 06:26:13.149 10 WARNING neutron.api.rpc.agentnotifiers.dhcp_rpc_agent_api [req-f4c6c664-8a13-480b-a8e7-b7e800b1750c req-da370cb3-e6bb-412b-b775-88faffdf33a7 fa9ca9eda4724365ad319b81ddc79576 604cbe8fbcb44e7bb365d0755c5a9367 - - default default] Unable to schedule network 945cd3f0-8db6-4926-9ffe-487eec0379e6: no agents available; will retry on subsequent port and subnet creation events.
2026-05-30 06:26:13.321 10 INFO neutron.db.ovn_revision_numbers_db [req-f4c6c664-8a13-480b-a8e7-b7e800b1750c req-da370cb3-e6bb-412b-b775-88faffdf33a7 fa9ca9eda4724365ad319b81ddc79576 604cbe8fbcb44e7bb365d0755c5a9367 - - default default] Successfully bumped revision number for resource 3f8d4ad5-9df4-4a8e-adb2-af0ed8781483 (type: ports) to 1
2026-05-30 06:26:13.343 10 INFO neutron.wsgi [req-f4c6c664-8a13-480b-a8e7-b7e800b1750c req-da370cb3-e6bb-412b-b775-88faffdf33a7 fa9ca9eda4724365ad319b81ddc79576 604cbe8fbcb44e7bb365d0755c5a9367 - - default default] 199.204.45.30 "POST /v2.0/ports HTTP/1.1" status: 201 len: 1508 time: 0.4964347 /var/lib/openstack/lib/python3.10/site-packages/pycadf/identifier.py:71: UserWarning: Invalid uuid: neutron. To ensure interoperability, identifiers should be a valid uuid. warnings.warn(('Invalid uuid: %s. To ensure interoperability, '
2026-05-30 06:26:13.796 10 INFO neutron.db.ovn_revision_numbers_db [req-f4c6c664-8a13-480b-a8e7-b7e800b1750c req-b3eeb1e1-6fcc-49f8-87b6-4941ed8d9534 c8778c66d7644976a19bcfcf035beb3c badad4dc82a74e2788062edc3925de7d - - 5a1a72e7a3ec4b3e8f405893aa045520 5a1a72e7a3ec4b3e8f405893aa045520] Successfully bumped revision number for resource 3f8d4ad5-9df4-4a8e-adb2-af0ed8781483 (type: ports) to 2
2026-05-30 06:26:14.008 10 INFO neutron.db.ovn_revision_numbers_db [req-f4c6c664-8a13-480b-a8e7-b7e800b1750c req-b3eeb1e1-6fcc-49f8-87b6-4941ed8d9534 c8778c66d7644976a19bcfcf035beb3c badad4dc82a74e2788062edc3925de7d - - 5a1a72e7a3ec4b3e8f405893aa045520 5a1a72e7a3ec4b3e8f405893aa045520] Successfully bumped revision number for resource 3f8d4ad5-9df4-4a8e-adb2-af0ed8781483 (type: ports) to 2
2026-05-30 06:26:14.029 10 INFO neutron.wsgi [req-f4c6c664-8a13-480b-a8e7-b7e800b1750c req-b3eeb1e1-6fcc-49f8-87b6-4941ed8d9534 c8778c66d7644976a19bcfcf035beb3c badad4dc82a74e2788062edc3925de7d - - 5a1a72e7a3ec4b3e8f405893aa045520 5a1a72e7a3ec4b3e8f405893aa045520] 199.204.45.30 "PUT /v2.0/ports/3f8d4ad5-9df4-4a8e-adb2-af0ed8781483 HTTP/1.1" status: 200 len: 1605 time: 0.6795881
2026-05-30 06:26:14.064 10 INFO neutron.notifiers.nova [-] Nova event matching ['req-9cc66475-7546-448b-910d-9ed86cb98f95'] response: {'name': 'network-changed', 'server_uuid': '3416107c-6a84-4fa8-8d1b-c331e92e7344', 'tag': '3f8d4ad5-9df4-4a8e-adb2-af0ed8781483', 'status': 'completed', 'code': 200} /var/lib/openstack/lib/python3.10/site-packages/pycadf/identifier.py:71: UserWarning: Invalid uuid: neutron. To ensure interoperability, identifiers should be a valid uuid. warnings.warn(('Invalid uuid: %s. To ensure interoperability, '
2026-05-30 06:26:14.118 10 INFO neutron.wsgi [req-f4c6c664-8a13-480b-a8e7-b7e800b1750c req-78586731-0ad5-4ddf-9b76-b76a3c08bf99 c8778c66d7644976a19bcfcf035beb3c badad4dc82a74e2788062edc3925de7d - - 5a1a72e7a3ec4b3e8f405893aa045520 5a1a72e7a3ec4b3e8f405893aa045520] 199.204.45.30 "GET /v2.0/ports?tenant_id=604cbe8fbcb44e7bb365d0755c5a9367&device_id=3416107c-6a84-4fa8-8d1b-c331e92e7344 HTTP/1.1" status: 200 len: 5351 time: 0.0495920
2026-05-30 06:26:14.150 10 INFO neutron.wsgi [req-f4c6c664-8a13-480b-a8e7-b7e800b1750c req-256b4bf8-468b-4601-ac6a-212db70a5fdf c8778c66d7644976a19bcfcf035beb3c badad4dc82a74e2788062edc3925de7d - - 5a1a72e7a3ec4b3e8f405893aa045520 5a1a72e7a3ec4b3e8f405893aa045520] 199.204.45.30 "GET /v2.0/floatingips?fixed_ip_address=172.24.0.141&port_id=c98ba219-1f53-452a-8776-7a55aa61d589 HTTP/1.1" status: 200 len: 217 time: 0.0245864
2026-05-30 06:26:14.204 10 INFO neutron.wsgi [req-f4c6c664-8a13-480b-a8e7-b7e800b1750c req-14d88457-ffec-4410-8d0c-32a32e6a073d c8778c66d7644976a19bcfcf035beb3c badad4dc82a74e2788062edc3925de7d - - 5a1a72e7a3ec4b3e8f405893aa045520 5a1a72e7a3ec4b3e8f405893aa045520] 199.204.45.30 "GET /v2.0/subnets?id=eae025c5-9270-4e3d-a640-39fab496633d HTTP/1.1" status: 200 len: 829 time: 0.0489073
2026-05-30 06:26:14.236 10 INFO neutron.wsgi [req-f4c6c664-8a13-480b-a8e7-b7e800b1750c req-a4cd99e1-e888-498d-a23d-78f5fdb53335 c8778c66d7644976a19bcfcf035beb3c badad4dc82a74e2788062edc3925de7d - - 5a1a72e7a3ec4b3e8f405893aa045520 5a1a72e7a3ec4b3e8f405893aa045520] 199.204.45.30 "GET /v2.0/ports?network_id=70ff779c-0329-403f-8820-92d7c1c92de9&device_owner=network%3Adhcp HTTP/1.1" status: 200 len: 210 time: 0.0259969
2026-05-30 06:26:14.313 10 INFO neutron.wsgi [req-f4c6c664-8a13-480b-a8e7-b7e800b1750c req-1f43bb40-217d-47e6-a9b0-b0e1814606ab c8778c66d7644976a19bcfcf035beb3c badad4dc82a74e2788062edc3925de7d - - 5a1a72e7a3ec4b3e8f405893aa045520 5a1a72e7a3ec4b3e8f405893aa045520] 199.204.45.30 "GET /v2.0/networks/70ff779c-0329-403f-8820-92d7c1c92de9?fields=segments HTTP/1.1" status: 200 len: 212 time: 0.0709066
2026-05-30 06:26:14.391 10 INFO neutron.wsgi [req-f4c6c664-8a13-480b-a8e7-b7e800b1750c req-b38d694c-c8d0-4f88-812a-cf86d9a70e63 c8778c66d7644976a19bcfcf035beb3c badad4dc82a74e2788062edc3925de7d - - 5a1a72e7a3ec4b3e8f405893aa045520 5a1a72e7a3ec4b3e8f405893aa045520] 199.204.45.30 "GET /v2.0/networks/70ff779c-0329-403f-8820-92d7c1c92de9?fields=provider%3Aphysical_network&fields=provider%3Anetwork_type HTTP/1.1" status: 200 len: 277 time: 0.0712993
2026-05-30 06:26:14.426 10 INFO neutron.wsgi [req-f4c6c664-8a13-480b-a8e7-b7e800b1750c req-439755a6-b04a-4d96-8ec6-369ac9ec6736 c8778c66d7644976a19bcfcf035beb3c badad4dc82a74e2788062edc3925de7d - - 5a1a72e7a3ec4b3e8f405893aa045520 5a1a72e7a3ec4b3e8f405893aa045520] 199.204.45.30 "GET /v2.0/floatingips?fixed_ip_address=10.1.1.125&port_id=8b5eb163-2c8d-457d-ba5b-eae25ba30df0 HTTP/1.1" status: 200 len: 217 time: 0.0262997
2026-05-30 06:26:14.468 10 INFO neutron.wsgi [req-f4c6c664-8a13-480b-a8e7-b7e800b1750c req-16d7289e-0305-43f0-ac0c-d81134dc0f5c c8778c66d7644976a19bcfcf035beb3c badad4dc82a74e2788062edc3925de7d - - 5a1a72e7a3ec4b3e8f405893aa045520 5a1a72e7a3ec4b3e8f405893aa045520] 199.204.45.30 "GET /v2.0/subnets?id=91b21c53-0fbe-4422-af98-2853f2b04cf8 HTTP/1.1" status: 200 len: 854 time: 0.0346146
2026-05-30 06:26:14.495 10 INFO neutron.wsgi [req-f4c6c664-8a13-480b-a8e7-b7e800b1750c req-5ab25ae6-1661-4ed6-9d34-1b491e1fed13 c8778c66d7644976a19bcfcf035beb3c badad4dc82a74e2788062edc3925de7d - - 5a1a72e7a3ec4b3e8f405893aa045520 5a1a72e7a3ec4b3e8f405893aa045520] 199.204.45.30 "GET /v2.0/ports?network_id=1f15a16f-d408-4418-8fd4-c84f4cffbc5c&device_owner=network%3Adhcp HTTP/1.1" status: 200 len: 210 time: 0.0201845
2026-05-30 06:26:14.562 10 INFO neutron.wsgi [req-f4c6c664-8a13-480b-a8e7-b7e800b1750c req-6cf975f4-a656-4da9-b3f1-63408cbdb79a c8778c66d7644976a19bcfcf035beb3c badad4dc82a74e2788062edc3925de7d - - 5a1a72e7a3ec4b3e8f405893aa045520 5a1a72e7a3ec4b3e8f405893aa045520] 199.204.45.30 "GET /v2.0/networks/1f15a16f-d408-4418-8fd4-c84f4cffbc5c?fields=segments HTTP/1.1" status: 200 len: 212 time: 0.0613661
2026-05-30 06:26:14.628 10 INFO neutron.wsgi [req-f4c6c664-8a13-480b-a8e7-b7e800b1750c req-160e654c-5c1b-48cd-8867-034700bda74d c8778c66d7644976a19bcfcf035beb3c badad4dc82a74e2788062edc3925de7d - - 5a1a72e7a3ec4b3e8f405893aa045520 5a1a72e7a3ec4b3e8f405893aa045520] 199.204.45.30 "GET /v2.0/networks/1f15a16f-d408-4418-8fd4-c84f4cffbc5c?fields=provider%3Aphysical_network&fields=provider%3Anetwork_type HTTP/1.1" status: 200 len: 277 time: 0.0593758
2026-05-30 06:26:14.988 10 INFO neutron.wsgi [req-f4c6c664-8a13-480b-a8e7-b7e800b1750c req-c6304271-443d-460c-9730-6c11badd0dd2 c8778c66d7644976a19bcfcf035beb3c badad4dc82a74e2788062edc3925de7d - - 5a1a72e7a3ec4b3e8f405893aa045520 5a1a72e7a3ec4b3e8f405893aa045520] 199.204.45.30 "GET /v2.0/floatingips?fixed_ip_address=10.2.1.115&port_id=2310afcd-f478-4a7b-85e1-73a0f2af108a HTTP/1.1" status: 200 len: 217 time: 0.3523636
2026-05-30 06:26:15.032 10 INFO neutron.wsgi [req-f4c6c664-8a13-480b-a8e7-b7e800b1750c req-cf0ae627-97d1-4b85-a558-85ad253aafc0 c8778c66d7644976a19bcfcf035beb3c badad4dc82a74e2788062edc3925de7d - - 5a1a72e7a3ec4b3e8f405893aa045520 5a1a72e7a3ec4b3e8f405893aa045520] 199.204.45.30 "GET /v2.0/subnets?id=7662c103-6d19-4073-aaa4-1cd4901d8d67 HTTP/1.1" status: 200 len: 851 time: 0.0372515
2026-05-30 06:26:15.062 10 INFO neutron.wsgi [req-f4c6c664-8a13-480b-a8e7-b7e800b1750c req-81a136d8-0203-488d-944e-da85f9f520d1 c8778c66d7644976a19bcfcf035beb3c badad4dc82a74e2788062edc3925de7d - - 5a1a72e7a3ec4b3e8f405893aa045520 5a1a72e7a3ec4b3e8f405893aa045520] 199.204.45.30 "GET /v2.0/ports?network_id=6f903608-6d0f-40c3-bb61-38ea0c99e995&device_owner=network%3Adhcp HTTP/1.1" status: 200 len: 210 time: 0.0213079
2026-05-30 06:26:15.136 10 INFO neutron.wsgi [req-f4c6c664-8a13-480b-a8e7-b7e800b1750c req-443ed9b9-8292-4d7e-bbc0-9881110d99e5 c8778c66d7644976a19bcfcf035beb3c badad4dc82a74e2788062edc3925de7d - - 5a1a72e7a3ec4b3e8f405893aa045520 5a1a72e7a3ec4b3e8f405893aa045520] 199.204.45.30 "GET /v2.0/networks/6f903608-6d0f-40c3-bb61-38ea0c99e995?fields=segments HTTP/1.1" status: 200 len: 212 time: 0.0686750
2026-05-30 06:26:15.202 10 INFO neutron.wsgi [req-f4c6c664-8a13-480b-a8e7-b7e800b1750c req-4bc75567-0358-4880-9230-0b386e7737c0 c8778c66d7644976a19bcfcf035beb3c badad4dc82a74e2788062edc3925de7d - - 5a1a72e7a3ec4b3e8f405893aa045520 5a1a72e7a3ec4b3e8f405893aa045520] 199.204.45.30 "GET /v2.0/networks/6f903608-6d0f-40c3-bb61-38ea0c99e995?fields=provider%3Aphysical_network&fields=provider%3Anetwork_type HTTP/1.1" status: 200 len: 277 time: 0.0589700
2026-05-30 06:26:15.232 10 INFO neutron.wsgi [req-f4c6c664-8a13-480b-a8e7-b7e800b1750c req-13cfcbf0-9072-49c2-8734-5de5fdcd014e c8778c66d7644976a19bcfcf035beb3c badad4dc82a74e2788062edc3925de7d - - 5a1a72e7a3ec4b3e8f405893aa045520 5a1a72e7a3ec4b3e8f405893aa045520] 199.204.45.30 "GET /v2.0/floatingips?fixed_ip_address=10.2.2.164&port_id=3f8d4ad5-9df4-4a8e-adb2-af0ed8781483 HTTP/1.1" status: 200 len: 217 time: 0.0249355
2026-05-30 06:26:15.264 10 INFO neutron.wsgi [req-f4c6c664-8a13-480b-a8e7-b7e800b1750c req-d9091d29-a781-42c1-a6b4-18c2f0b4ef87 c8778c66d7644976a19bcfcf035beb3c badad4dc82a74e2788062edc3925de7d - - 5a1a72e7a3ec4b3e8f405893aa045520 5a1a72e7a3ec4b3e8f405893aa045520] 199.204.45.30 "GET /v2.0/floatingips?fixed_ip_address=fd77%3A1457%3A4cf0%3A26a8%3A%3A3e&port_id=3f8d4ad5-9df4-4a8e-adb2-af0ed8781483 HTTP/1.1" status: 200 len: 217 time: 0.0260122
2026-05-30 06:26:15.307 10 INFO neutron.wsgi [req-f4c6c664-8a13-480b-a8e7-b7e800b1750c req-add4f26f-832b-414f-8f95-1b99aa7371fa c8778c66d7644976a19bcfcf035beb3c badad4dc82a74e2788062edc3925de7d - - 5a1a72e7a3ec4b3e8f405893aa045520 5a1a72e7a3ec4b3e8f405893aa045520] 199.204.45.30 "GET /v2.0/subnets?id=d4b77ced-278a-41fb-b1a9-ec3be5ef15a3&id=eec24609-b58d-4bd0-ae39-f5d489b94ecb HTTP/1.1" status: 200 len: 1566 time: 0.0351453
2026-05-30 06:26:15.339 10 INFO neutron.wsgi [req-f4c6c664-8a13-480b-a8e7-b7e800b1750c req-8613aae1-0512-4cfb-8993-126f7ec2a7f2 c8778c66d7644976a19bcfcf035beb3c badad4dc82a74e2788062edc3925de7d - - 5a1a72e7a3ec4b3e8f405893aa045520 5a1a72e7a3ec4b3e8f405893aa045520] 199.204.45.30 "GET /v2.0/ports?network_id=945cd3f0-8db6-4926-9ffe-487eec0379e6&device_owner=network%3Adhcp HTTP/1.1" status: 200 len: 210 time: 0.0242679
2026-05-30 06:26:15.364 10 INFO neutron.wsgi [req-f4c6c664-8a13-480b-a8e7-b7e800b1750c req-3cf1c351-f3f4-486e-96ea-650692cdd874 c8778c66d7644976a19bcfcf035beb3c badad4dc82a74e2788062edc3925de7d - - 5a1a72e7a3ec4b3e8f405893aa045520 5a1a72e7a3ec4b3e8f405893aa045520] 199.204.45.30 "GET /v2.0/ports?network_id=945cd3f0-8db6-4926-9ffe-487eec0379e6&device_owner=network%3Adhcp HTTP/1.1" status: 200 len: 210 time: 0.0194204
2026-05-30 06:26:15.436 10 INFO neutron.wsgi [req-f4c6c664-8a13-480b-a8e7-b7e800b1750c req-97a18334-0b4c-485e-9ab0-58a0b2748e94 c8778c66d7644976a19bcfcf035beb3c badad4dc82a74e2788062edc3925de7d - - 5a1a72e7a3ec4b3e8f405893aa045520 5a1a72e7a3ec4b3e8f405893aa045520] 199.204.45.30 "GET /v2.0/networks/945cd3f0-8db6-4926-9ffe-487eec0379e6?fields=segments HTTP/1.1" status: 200 len: 212 time: 0.0633545
2026-05-30 06:26:15.500 10 INFO neutron.wsgi [req-f4c6c664-8a13-480b-a8e7-b7e800b1750c req-3abd40c5-4176-4271-a21e-e6b1fdffb0db c8778c66d7644976a19bcfcf035beb3c badad4dc82a74e2788062edc3925de7d - - 5a1a72e7a3ec4b3e8f405893aa045520 5a1a72e7a3ec4b3e8f405893aa045520] 199.204.45.30 "GET /v2.0/networks/945cd3f0-8db6-4926-9ffe-487eec0379e6?fields=provider%3Aphysical_network&fields=provider%3Anetwork_type HTTP/1.1" status: 200 len: 277 time: 0.0601208
2026-05-30 06:26:15.605 10 INFO neutron.wsgi [req-b870a154-66d3-4ecc-85b9-85a92b27ff71 req-c74e6897-3887-4f6a-b7a8-6caec6882e54 c8778c66d7644976a19bcfcf035beb3c badad4dc82a74e2788062edc3925de7d - - 5a1a72e7a3ec4b3e8f405893aa045520 5a1a72e7a3ec4b3e8f405893aa045520] 199.204.45.30 "GET /v2.0/ports?tenant_id=604cbe8fbcb44e7bb365d0755c5a9367&device_id=3416107c-6a84-4fa8-8d1b-c331e92e7344 HTTP/1.1" status: 200 len: 5351 time: 0.0558684
2026-05-30 06:26:15.607 9 INFO neutron.plugins.ml2.drivers.ovn.mech_driver.mech_driver [None req-7984f437-2146-44b6-8ddc-5f6897636561 - - - - - -] OVN reports status up for port: 3f8d4ad5-9df4-4a8e-adb2-af0ed8781483
2026-05-30 06:26:15.621 9 INFO neutron.plugins.ml2.plugin [None req-7984f437-2146-44b6-8ddc-5f6897636561 - - - - - -] Attempt 1 to provision port 3f8d4ad5-9df4-4a8e-adb2-af0ed8781483
2026-05-30 06:26:15.671 10 INFO neutron.wsgi [req-b870a154-66d3-4ecc-85b9-85a92b27ff71 req-dcb04712-5d10-487e-a710-6047345be055 c8778c66d7644976a19bcfcf035beb3c badad4dc82a74e2788062edc3925de7d - - 5a1a72e7a3ec4b3e8f405893aa045520 5a1a72e7a3ec4b3e8f405893aa045520] 199.204.45.30 "GET /v2.0/networks?id=945cd3f0-8db6-4926-9ffe-487eec0379e6 HTTP/1.1" status: 200 len: 1001 time: 0.0598941
2026-05-30 06:26:15.700 10 INFO neutron.wsgi [req-b870a154-66d3-4ecc-85b9-85a92b27ff71 req-3813036e-b652-41c0-912d-1eea52b92261 c8778c66d7644976a19bcfcf035beb3c badad4dc82a74e2788062edc3925de7d - - 5a1a72e7a3ec4b3e8f405893aa045520 5a1a72e7a3ec4b3e8f405893aa045520] 199.204.45.30 "GET /v2.0/floatingips?fixed_ip_address=10.2.2.164&port_id=3f8d4ad5-9df4-4a8e-adb2-af0ed8781483 HTTP/1.1" status: 200 len: 217 time: 0.0234988
2026-05-30 06:26:15.733 10 INFO neutron.wsgi [req-b870a154-66d3-4ecc-85b9-85a92b27ff71 req-940edc95-9fb4-4d65-ac9d-88fd875286a7 c8778c66d7644976a19bcfcf035beb3c badad4dc82a74e2788062edc3925de7d - - 5a1a72e7a3ec4b3e8f405893aa045520 5a1a72e7a3ec4b3e8f405893aa045520] 199.204.45.30 "GET /v2.0/floatingips?fixed_ip_address=fd77%3A1457%3A4cf0%3A26a8%3A%3A3e&port_id=3f8d4ad5-9df4-4a8e-adb2-af0ed8781483 HTTP/1.1" status: 200 len: 217 time: 0.0246866
2026-05-30 06:26:15.749 9 INFO neutron.notifiers.nova [-] Nova event matching ['req-d44d309c-1230-4e63-9338-17de23684a80'] response: {'server_uuid': '3416107c-6a84-4fa8-8d1b-c331e92e7344', 'name': 'network-vif-plugged', 'status': 'completed', 'tag': '3f8d4ad5-9df4-4a8e-adb2-af0ed8781483', 'code': 200}
2026-05-30 06:26:15.790 10 INFO neutron.wsgi [req-b870a154-66d3-4ecc-85b9-85a92b27ff71 req-a3afdfa9-eddd-433a-a8cd-1cf55de6441a c8778c66d7644976a19bcfcf035beb3c badad4dc82a74e2788062edc3925de7d - - 5a1a72e7a3ec4b3e8f405893aa045520 5a1a72e7a3ec4b3e8f405893aa045520] 199.204.45.30 "GET /v2.0/subnets?id=d4b77ced-278a-41fb-b1a9-ec3be5ef15a3&id=eec24609-b58d-4bd0-ae39-f5d489b94ecb HTTP/1.1" status: 200 len: 1566 time: 0.0505047
2026-05-30 06:26:15.807 10 INFO neutron.wsgi [req-f4c6c664-8a13-480b-a8e7-b7e800b1750c req-6ab25aac-269c-4cd0-85b3-0b3257cefe9c fa9ca9eda4724365ad319b81ddc79576 604cbe8fbcb44e7bb365d0755c5a9367 - - default default] 10.0.0.113 "GET /v2.0/ports/3f8d4ad5-9df4-4a8e-adb2-af0ed8781483 HTTP/1.1" status: 200 len: 1635 time: 0.0440080
2026-05-30 06:26:15.815 10 INFO neutron.wsgi [req-b870a154-66d3-4ecc-85b9-85a92b27ff71 req-31a34d51-e0d2-430f-9d0b-5a5c36c60d86 c8778c66d7644976a19bcfcf035beb3c badad4dc82a74e2788062edc3925de7d - - 5a1a72e7a3ec4b3e8f405893aa045520 5a1a72e7a3ec4b3e8f405893aa045520] 199.204.45.30 "GET /v2.0/ports?network_id=945cd3f0-8db6-4926-9ffe-487eec0379e6&device_owner=network%3Adhcp HTTP/1.1" status: 200 len: 210 time: 0.0194724
2026-05-30 06:26:15.846 10 INFO neutron.wsgi [req-b870a154-66d3-4ecc-85b9-85a92b27ff71 req-e1202f44-16cb-4aec-91b5-00f368fddb52 c8778c66d7644976a19bcfcf035beb3c badad4dc82a74e2788062edc3925de7d - - 5a1a72e7a3ec4b3e8f405893aa045520 5a1a72e7a3ec4b3e8f405893aa045520] 199.204.45.30 "GET /v2.0/ports?network_id=945cd3f0-8db6-4926-9ffe-487eec0379e6&device_owner=network%3Adhcp HTTP/1.1" status: 200 len: 210 time: 0.0246713
2026-05-30 06:26:15.853 10 INFO neutron.wsgi [None req-bc271c14-d6bf-4e8b-882f-d7acbac1714c fa9ca9eda4724365ad319b81ddc79576 604cbe8fbcb44e7bb365d0755c5a9367 - - default default] 199.204.45.30 "GET /v2.0/ports/3f8d4ad5-9df4-4a8e-adb2-af0ed8781483 HTTP/1.1" status: 200 len: 1635 time: 0.0362864
2026-05-30 06:26:15.904 9 INFO neutron.db.ovn_revision_numbers_db [None req-7984f437-2146-44b6-8ddc-5f6897636561 - - - - - -] Successfully bumped revision number for resource 3f8d4ad5-9df4-4a8e-adb2-af0ed8781483 (type: ports) to 4
2026-05-30 06:26:15.907 10 INFO neutron.wsgi [None req-45de1a5d-b231-4988-b689-3f20f5800323 fa9ca9eda4724365ad319b81ddc79576 604cbe8fbcb44e7bb365d0755c5a9367 - - default default] 199.204.45.30 "GET /v2.0/ports/3f8d4ad5-9df4-4a8e-adb2-af0ed8781483 HTTP/1.1" status: 200 len: 1635 time: 0.0473473
2026-05-30 06:26:15.933 10 INFO neutron.wsgi [req-b870a154-66d3-4ecc-85b9-85a92b27ff71 req-4368e4bb-4da8-4184-9809-2b7271b71c45 c8778c66d7644976a19bcfcf035beb3c badad4dc82a74e2788062edc3925de7d - - 5a1a72e7a3ec4b3e8f405893aa045520 5a1a72e7a3ec4b3e8f405893aa045520] 199.204.45.30 "GET /v2.0/networks/945cd3f0-8db6-4926-9ffe-487eec0379e6?fields=segments HTTP/1.1" status: 200 len: 212 time: 0.0796039
2026-05-30 06:26:16.022 10 INFO neutron.wsgi [req-b870a154-66d3-4ecc-85b9-85a92b27ff71 req-2912f3de-7f51-46a2-a3fe-37a60d74f2d1 c8778c66d7644976a19bcfcf035beb3c badad4dc82a74e2788062edc3925de7d - - 5a1a72e7a3ec4b3e8f405893aa045520 5a1a72e7a3ec4b3e8f405893aa045520] 199.204.45.30 "GET /v2.0/networks/945cd3f0-8db6-4926-9ffe-487eec0379e6?fields=provider%3Aphysical_network&fields=provider%3Anetwork_type HTTP/1.1" status: 200 len: 277 time: 0.0822899
2026-05-30 06:26:16.431 10 INFO neutron.db.ovn_revision_numbers_db [None req-b910133e-310c-4742-a298-38ea8cd842d1 fa9ca9eda4724365ad319b81ddc79576 604cbe8fbcb44e7bb365d0755c5a9367 - - default default] Successfully bumped revision number for resource 3f8d4ad5-9df4-4a8e-adb2-af0ed8781483 (type: ports) to 5
2026-05-30 06:26:16.442 10 INFO neutron.wsgi [None req-b910133e-310c-4742-a298-38ea8cd842d1 fa9ca9eda4724365ad319b81ddc79576 604cbe8fbcb44e7bb365d0755c5a9367 - - default default] 199.204.45.30 "PUT /v2.0/ports/3f8d4ad5-9df4-4a8e-adb2-af0ed8781483 HTTP/1.1" status: 200 len: 1378 time: 0.5290482 /var/lib/openstack/lib/python3.10/site-packages/pycadf/identifier.py:71: UserWarning: Invalid uuid: neutron. To ensure interoperability, identifiers should be a valid uuid. warnings.warn(('Invalid uuid: %s. To ensure interoperability, '
2026-05-30 06:26:16.483 10 INFO neutron.notifiers.nova [-] Nova event matching ['req-b343c9e0-f057-4bb5-ad7f-7277148d4cee'] response: {'name': 'network-changed', 'server_uuid': '3416107c-6a84-4fa8-8d1b-c331e92e7344', 'tag': '3f8d4ad5-9df4-4a8e-adb2-af0ed8781483', 'status': 'completed', 'code': 200}
2026-05-30 06:26:16.525 10 INFO neutron.wsgi [None req-c9d6765a-9daa-470f-a34e-8541e72db093 fa9ca9eda4724365ad319b81ddc79576 604cbe8fbcb44e7bb365d0755c5a9367 - - default default] 199.204.45.30 "GET /v2.0/networks/945cd3f0-8db6-4926-9ffe-487eec0379e6 HTTP/1.1" status: 200 len: 998 time: 0.0727057
2026-05-30 06:26:16.552 10 INFO neutron.wsgi [req-075d9194-6ef5-4d4a-a1ed-10ba805c3b60 req-94ba5ab1-c2bd-431f-87df-2d7d4452236e c8778c66d7644976a19bcfcf035beb3c badad4dc82a74e2788062edc3925de7d - - 5a1a72e7a3ec4b3e8f405893aa045520 5a1a72e7a3ec4b3e8f405893aa045520] 199.204.45.30 "GET /v2.0/ports?tenant_id=604cbe8fbcb44e7bb365d0755c5a9367&device_id=3416107c-6a84-4fa8-8d1b-c331e92e7344 HTTP/1.1" status: 200 len: 5124 time: 0.0541735
2026-05-30 06:26:16.595 10 INFO neutron.wsgi [None req-126f845c-d1df-496e-80f3-9fe0de792dc8 fa9ca9eda4724365ad319b81ddc79576 604cbe8fbcb44e7bb365d0755c5a9367 - - default default] 199.204.45.30 "GET /v2.0/subnets/eec24609-b58d-4bd0-ae39-f5d489b94ecb HTTP/1.1" status: 200 len: 848 time: 0.0600369
2026-05-30 06:26:16.621 10 INFO neutron.wsgi [req-075d9194-6ef5-4d4a-a1ed-10ba805c3b60 req-dfa87009-3195-4c25-9a03-9329adebc8a6 c8778c66d7644976a19bcfcf035beb3c badad4dc82a74e2788062edc3925de7d - - 5a1a72e7a3ec4b3e8f405893aa045520 5a1a72e7a3ec4b3e8f405893aa045520] 199.204.45.30 "GET /v2.0/networks?id=945cd3f0-8db6-4926-9ffe-487eec0379e6 HTTP/1.1" status: 200 len: 1001 time: 0.0616753
2026-05-30 06:26:16.654 10 INFO neutron.wsgi [req-075d9194-6ef5-4d4a-a1ed-10ba805c3b60 req-bd56f4bc-1aa4-4dd2-967e-b2409b5b7cc0 c8778c66d7644976a19bcfcf035beb3c badad4dc82a74e2788062edc3925de7d - - 5a1a72e7a3ec4b3e8f405893aa045520 5a1a72e7a3ec4b3e8f405893aa045520] 199.204.45.30 "GET /v2.0/floatingips?fixed_ip_address=10.2.2.164&port_id=3f8d4ad5-9df4-4a8e-adb2-af0ed8781483 HTTP/1.1" status: 200 len: 217 time: 0.0262716
2026-05-30 06:26:16.693 10 INFO neutron.wsgi [req-075d9194-6ef5-4d4a-a1ed-10ba805c3b60 req-503952b4-ddeb-4d40-8530-66fa9bae84f6 c8778c66d7644976a19bcfcf035beb3c badad4dc82a74e2788062edc3925de7d - - 5a1a72e7a3ec4b3e8f405893aa045520 5a1a72e7a3ec4b3e8f405893aa045520] 199.204.45.30 "GET /v2.0/subnets?id=eec24609-b58d-4bd0-ae39-f5d489b94ecb HTTP/1.1" status: 200 len: 851 time: 0.0341408
2026-05-30 06:26:16.700 10 INFO neutron.wsgi [None req-4294c1c4-7511-4f49-bbeb-d6cf395e1641 fa9ca9eda4724365ad319b81ddc79576 604cbe8fbcb44e7bb365d0755c5a9367 - - default default] 199.204.45.30 "GET /v2.0/extensions/security-group HTTP/1.1" status: 200 len: 369 time: 0.0048835
2026-05-30 06:26:16.711 10 INFO neutron.wsgi [None req-799e81d9-ef15-4f8b-ae66-d495541ffd5b fa9ca9eda4724365ad319b81ddc79576 604cbe8fbcb44e7bb365d0755c5a9367 - - default default] 199.204.45.30 "GET /v2.0/extensions/dns-integration HTTP/1.1" status: 200 len: 371 time: 0.0040181
2026-05-30 06:26:16.720 10 INFO neutron.wsgi [None req-2a1d01d1-c72b-4944-96fa-1c85322e4ca2 fa9ca9eda4724365ad319b81ddc79576 604cbe8fbcb44e7bb365d0755c5a9367 - - default default] 199.204.45.30 "GET /v2.0/extensions/qos HTTP/1.1" status: 200 len: 365 time: 0.0034063
2026-05-30 06:26:16.722 10 INFO neutron.wsgi [req-075d9194-6ef5-4d4a-a1ed-10ba805c3b60 req-df9d26d8-5a5f-4d97-8fed-fed790117818 c8778c66d7644976a19bcfcf035beb3c badad4dc82a74e2788062edc3925de7d - - 5a1a72e7a3ec4b3e8f405893aa045520 5a1a72e7a3ec4b3e8f405893aa045520] 199.204.45.30 "GET /v2.0/ports?network_id=945cd3f0-8db6-4926-9ffe-487eec0379e6&device_owner=network%3Adhcp HTTP/1.1" status: 200 len: 210 time: 0.0213182
2026-05-30 06:26:16.727 10 INFO neutron.wsgi [None req-a478d7ad-9f9b-4e46-a83f-db6fe8dc18ad fa9ca9eda4724365ad319b81ddc79576 604cbe8fbcb44e7bb365d0755c5a9367 - - default default] 199.204.45.30 "GET /v2.0/extensions/allowed-address-pairs HTTP/1.1" status: 200 len: 383 time: 0.0030930
2026-05-30 06:26:16.774 10 INFO neutron.wsgi [None req-eadf02cf-ba7f-4a4a-ba79-f97585f44f85 fa9ca9eda4724365ad319b81ddc79576 604cbe8fbcb44e7bb365d0755c5a9367 - - default default] 199.204.45.30 "GET /v2.0/subnets/91b21c53-0fbe-4422-af98-2853f2b04cf8 HTTP/1.1" status: 200 len: 851 time: 0.0401945
2026-05-30 06:26:16.805 10 INFO neutron.wsgi [req-075d9194-6ef5-4d4a-a1ed-10ba805c3b60 req-e99a36dc-0bbb-4c75-bcaf-4e8a3b24e384 c8778c66d7644976a19bcfcf035beb3c badad4dc82a74e2788062edc3925de7d - - 5a1a72e7a3ec4b3e8f405893aa045520 5a1a72e7a3ec4b3e8f405893aa045520] 199.204.45.30 "GET /v2.0/networks/945cd3f0-8db6-4926-9ffe-487eec0379e6?fields=segments HTTP/1.1" status: 200 len: 212 time: 0.0756724
2026-05-30 06:26:16.821 10 INFO neutron.wsgi [None req-d22233e9-38d3-4d42-b2ff-a94c283aefd8 fa9ca9eda4724365ad319b81ddc79576 604cbe8fbcb44e7bb365d0755c5a9367 - - default default] 199.204.45.30 "GET /v2.0/ports/39d704c4-9c11-4732-940f-906c5b2371f1 HTTP/1.1" status: 200 len: 1340 time: 0.0368431
2026-05-30 06:26:16.865 10 INFO neutron.wsgi [None req-77c1b7c2-35e6-4710-a1d5-be204fdf5098 fa9ca9eda4724365ad319b81ddc79576 604cbe8fbcb44e7bb365d0755c5a9367 - - default default] 199.204.45.30 "GET /v2.0/ports/8b5eb163-2c8d-457d-ba5b-eae25ba30df0 HTTP/1.1" status: 200 len: 1519 time: 0.0354991
2026-05-30 06:26:16.887 10 INFO neutron.wsgi [req-075d9194-6ef5-4d4a-a1ed-10ba805c3b60 req-685a30da-bfca-4eaf-8cef-925531ee7eca c8778c66d7644976a19bcfcf035beb3c badad4dc82a74e2788062edc3925de7d - - 5a1a72e7a3ec4b3e8f405893aa045520 5a1a72e7a3ec4b3e8f405893aa045520] 199.204.45.30 "GET /v2.0/networks/945cd3f0-8db6-4926-9ffe-487eec0379e6?fields=provider%3Aphysical_network&fields=provider%3Anetwork_type HTTP/1.1" status: 200 len: 277 time: 0.0759470
2026-05-30 06:26:16.908 10 INFO neutron.wsgi [None req-f2435e3b-eb89-4b8b-b8e4-468653d177b7 fa9ca9eda4724365ad319b81ddc79576 604cbe8fbcb44e7bb365d0755c5a9367 - - default default] 199.204.45.30 "GET /v2.0/subnets/91b21c53-0fbe-4422-af98-2853f2b04cf8 HTTP/1.1" status: 200 len: 851 time: 0.0315921
2026-05-30 06:26:16.969 10 INFO neutron.wsgi [None req-d84445ef-9cd9-4b0f-8508-d6dba2adcab9 fa9ca9eda4724365ad319b81ddc79576 604cbe8fbcb44e7bb365d0755c5a9367 - - default default] 199.204.45.30 "GET /v2.0/networks/1f15a16f-d408-4418-8fd4-c84f4cffbc5c HTTP/1.1" status: 200 len: 1002 time: 0.0546424
2026-05-30 06:26:17.015 10 INFO neutron.wsgi [None req-0974e8c3-a19a-4ea7-b9d1-d469ac5e8394 fa9ca9eda4724365ad319b81ddc79576 604cbe8fbcb44e7bb365d0755c5a9367 - - default default] 199.204.45.30 "GET /v2.0/ports/39d704c4-9c11-4732-940f-906c5b2371f1 HTTP/1.1" status: 200 len: 1340 time: 0.0361552
2026-05-30 06:26:17.057 10 INFO neutron.wsgi [None req-3711610f-8225-4b56-9137-68d9eb1f87e8 fa9ca9eda4724365ad319b81ddc79576 604cbe8fbcb44e7bb365d0755c5a9367 - - default default] 199.204.45.30 "GET /v2.0/subnets/91b21c53-0fbe-4422-af98-2853f2b04cf8 HTTP/1.1" status: 200 len: 851 time: 0.0321770
2026-05-30 06:26:17.790 9 INFO neutron.notifiers.nova [-] Nova event matching ['req-5267d735-7d6a-4cfb-bd2b-70e8fe6a599c'] response: {'server_uuid': '3416107c-6a84-4fa8-8d1b-c331e92e7344', 'name': 'network-vif-plugged', 'status': 'completed', 'tag': '3f8d4ad5-9df4-4a8e-adb2-af0ed8781483', 'code': 200} /var/lib/openstack/lib/python3.10/site-packages/pycadf/identifier.py:71: UserWarning: Invalid uuid: neutron. To ensure interoperability, identifiers should be a valid uuid. warnings.warn(('Invalid uuid: %s. To ensure interoperability, '
2026-05-30 06:26:25.650 9 INFO neutron.wsgi [None req-4bb4d843-7be3-40d4-a6d7-4388999a20df fa9ca9eda4724365ad319b81ddc79576 604cbe8fbcb44e7bb365d0755c5a9367 - - default default] 199.204.45.30 "GET /v2.0/extensions/security-group HTTP/1.1" status: 200 len: 369 time: 0.0080955
2026-05-30 06:26:25.658 9 INFO neutron.wsgi [None req-e53c961d-6bb6-49fc-8bf9-5315d3ac2836 fa9ca9eda4724365ad319b81ddc79576 604cbe8fbcb44e7bb365d0755c5a9367 - - default default] 199.204.45.30 "GET /v2.0/extensions/dns-integration HTTP/1.1" status: 200 len: 371 time: 0.0046592
2026-05-30 06:26:25.661 9 INFO neutron.wsgi [-] 10.0.0.111 "GET / HTTP/1.1" status: 200 len: 247 time: 0.0014627
2026-05-30 06:26:25.662 10 INFO neutron.wsgi [-] 10.0.0.111 "GET / HTTP/1.1" status: 200 len: 247 time: 0.0023623
2026-05-30 06:26:25.667 9 INFO neutron.wsgi [None req-15c464f6-97ce-471b-8412-0e0b2f657ad6 fa9ca9eda4724365ad319b81ddc79576 604cbe8fbcb44e7bb365d0755c5a9367 - - default default] 199.204.45.30 "GET /v2.0/extensions/qos HTTP/1.1" status: 200 len: 365 time: 0.0053978
2026-05-30 06:26:25.674 9 INFO neutron.wsgi [None req-3640284c-6f2a-4405-8f5a-99e403e89c9f fa9ca9eda4724365ad319b81ddc79576 604cbe8fbcb44e7bb365d0755c5a9367 - - default default] 199.204.45.30 "GET /v2.0/extensions/allowed-address-pairs HTTP/1.1" status: 200 len: 383 time: 0.0033760
2026-05-30 06:26:25.714 9 INFO neutron.wsgi [None req-4b2d6719-3c19-4b7c-bb63-3c2170920ce7 fa9ca9eda4724365ad319b81ddc79576 604cbe8fbcb44e7bb365d0755c5a9367 - - default default] 199.204.45.30 "GET /v2.0/subnets/7662c103-6d19-4073-aaa4-1cd4901d8d67 HTTP/1.1" status: 200 len: 848 time: 0.0356765
2026-05-30 06:26:25.776 9 INFO neutron.wsgi [None req-cb750680-bbf6-4677-b08b-78576af2e4af fa9ca9eda4724365ad319b81ddc79576 604cbe8fbcb44e7bb365d0755c5a9367 - - default default] 199.204.45.30 "GET /v2.0/ports?device_id=3416107c-6a84-4fa8-8d1b-c331e92e7344 HTTP/1.1" status: 200 len: 5124 time: 0.0563991
2026-05-30 06:26:25.935 9 INFO neutron.wsgi [None req-d08f1f65-0b27-4420-b34e-0c6b614a44c6 fa9ca9eda4724365ad319b81ddc79576 604cbe8fbcb44e7bb365d0755c5a9367 - - default default] 199.204.45.30 "GET /v2.0/extensions/security-group HTTP/1.1" status: 200 len: 369 time: 0.0082293
2026-05-30 06:26:25.950 9 INFO neutron.wsgi [None req-98384f56-1f1f-4c5a-b60c-34060f513021 fa9ca9eda4724365ad319b81ddc79576 604cbe8fbcb44e7bb365d0755c5a9367 - - default default] 199.204.45.30 "GET /v2.0/extensions/dns-integration HTTP/1.1" status: 200 len: 371 time: 0.0084457
2026-05-30 06:26:25.961 9 INFO neutron.wsgi [None req-aa099c89-478a-4e1f-bfe3-9f0bb65aae91 fa9ca9eda4724365ad319b81ddc79576 604cbe8fbcb44e7bb365d0755c5a9367 - - default default] 199.204.45.30 "GET /v2.0/extensions/qos HTTP/1.1" status: 200 len: 365 time: 0.0060205
2026-05-30 06:26:25.970 9 INFO neutron.wsgi [None req-b7763ade-371a-4f53-ada3-72400f96780c fa9ca9eda4724365ad319b81ddc79576 604cbe8fbcb44e7bb365d0755c5a9367 - - default default] 199.204.45.30 "GET /v2.0/extensions/allowed-address-pairs HTTP/1.1" status: 200 len: 383 time: 0.0056944
2026-05-30 06:26:26.014 9 INFO neutron.wsgi [None req-28d9c8cc-bceb-4c30-bae4-53819f16beae fa9ca9eda4724365ad319b81ddc79576 604cbe8fbcb44e7bb365d0755c5a9367 - - default default] 199.204.45.30 "GET /v2.0/ports/3f8d4ad5-9df4-4a8e-adb2-af0ed8781483 HTTP/1.1" status: 200 len: 1406 time: 0.0386310
2026-05-30 06:26:26.506 9 INFO neutron.db.ovn_revision_numbers_db [None req-91eb789a-d94c-4a3f-9f38-0ec3f8857841 fa9ca9eda4724365ad319b81ddc79576 604cbe8fbcb44e7bb365d0755c5a9367 - - default default] Successfully bumped revision number for resource 3f8d4ad5-9df4-4a8e-adb2-af0ed8781483 (type: ports) to 6
2026-05-30 06:26:26.519 9 INFO neutron.wsgi [None req-91eb789a-d94c-4a3f-9f38-0ec3f8857841 fa9ca9eda4724365ad319b81ddc79576 604cbe8fbcb44e7bb365d0755c5a9367 - - default default] 199.204.45.30 "PUT /v2.0/ports/3f8d4ad5-9df4-4a8e-adb2-af0ed8781483 HTTP/1.1" status: 200 len: 1203 time: 0.4981160 /var/lib/openstack/lib/python3.10/site-packages/pycadf/identifier.py:71: UserWarning: Invalid uuid: neutron. To ensure interoperability, identifiers should be a valid uuid. warnings.warn(('Invalid uuid: %s. To ensure interoperability, '
2026-05-30 06:26:26.565 9 INFO neutron.notifiers.nova [-] Nova event matching ['req-423dce3f-0c24-4e91-b866-4d2857f56d30'] response: {'name': 'network-changed', 'server_uuid': '3416107c-6a84-4fa8-8d1b-c331e92e7344', 'tag': '3f8d4ad5-9df4-4a8e-adb2-af0ed8781483', 'status': 'completed', 'code': 200}
2026-05-30 06:26:26.593 9 INFO neutron.wsgi [None req-a50c7daa-a719-48ec-9248-3865b43b52aa fa9ca9eda4724365ad319b81ddc79576 604cbe8fbcb44e7bb365d0755c5a9367 - - default default] 199.204.45.30 "GET /v2.0/networks/945cd3f0-8db6-4926-9ffe-487eec0379e6 HTTP/1.1" status: 200 len: 998 time: 0.0658488
2026-05-30 06:26:26.633 10 INFO neutron.wsgi [req-e301805b-b6d9-4772-bea0-81e47e1fafad req-4768b759-2fbc-409a-a716-f1fb004b0c60 c8778c66d7644976a19bcfcf035beb3c badad4dc82a74e2788062edc3925de7d - - 5a1a72e7a3ec4b3e8f405893aa045520 5a1a72e7a3ec4b3e8f405893aa045520] 199.204.45.30 "GET /v2.0/ports?tenant_id=604cbe8fbcb44e7bb365d0755c5a9367&device_id=3416107c-6a84-4fa8-8d1b-c331e92e7344 HTTP/1.1" status: 200 len: 4949 time: 0.0464489
2026-05-30 06:26:26.647 9 INFO neutron.wsgi [None req-18b857d6-cda0-457c-9923-789090f9043c fa9ca9eda4724365ad319b81ddc79576 604cbe8fbcb44e7bb365d0755c5a9367 - - default default] 199.204.45.30 "GET /v2.0/ports?device_id=3416107c-6a84-4fa8-8d1b-c331e92e7344 HTTP/1.1" status: 200 len: 4949 time: 0.0469124
