2026-05-30 06:26:26.706 10 INFO neutron.wsgi [req-e301805b-b6d9-4772-bea0-81e47e1fafad req-766e00d1-5b21-4b6c-b3e1-4bb67c116606 c8778c66d7644976a19bcfcf035beb3c badad4dc82a74e2788062edc3925de7d - - 5a1a72e7a3ec4b3e8f405893aa045520 5a1a72e7a3ec4b3e8f405893aa045520] 199.204.45.30 "GET /v2.0/networks?id=945cd3f0-8db6-4926-9ffe-487eec0379e6 HTTP/1.1" status: 200 len: 1001 time: 0.0648148
2026-05-30 06:26:26.787 9 INFO neutron.wsgi [None req-6501b693-c47c-49fe-932a-4c8bf5020c22 fa9ca9eda4724365ad319b81ddc79576 604cbe8fbcb44e7bb365d0755c5a9367 - - default default] 199.204.45.30 "GET /v2.0/ports?device_id=3416107c-6a84-4fa8-8d1b-c331e92e7344 HTTP/1.1" status: 200 len: 4949 time: 0.0574834
2026-05-30 06:26:26.790 10 INFO neutron.wsgi [req-e301805b-b6d9-4772-bea0-81e47e1fafad req-f46ea3a6-7a92-43b6-a32b-a4fc47cf1270 c8778c66d7644976a19bcfcf035beb3c badad4dc82a74e2788062edc3925de7d - - 5a1a72e7a3ec4b3e8f405893aa045520 5a1a72e7a3ec4b3e8f405893aa045520] 199.204.45.30 "GET /v2.0/networks/945cd3f0-8db6-4926-9ffe-487eec0379e6?fields=segments HTTP/1.1" status: 200 len: 212 time: 0.0772319
2026-05-30 06:26:26.857 10 INFO neutron.wsgi [req-e301805b-b6d9-4772-bea0-81e47e1fafad req-a49daa9e-2442-4335-a6aa-2c0fe727411a c8778c66d7644976a19bcfcf035beb3c badad4dc82a74e2788062edc3925de7d - - 5a1a72e7a3ec4b3e8f405893aa045520 5a1a72e7a3ec4b3e8f405893aa045520] 199.204.45.30 "GET /v2.0/networks/945cd3f0-8db6-4926-9ffe-487eec0379e6?fields=provider%3Aphysical_network&fields=provider%3Anetwork_type HTTP/1.1" status: 200 len: 277 time: 0.0593178
2026-05-30 06:26:27.033 9 INFO neutron.plugins.ml2.drivers.ovn.mech_driver.mech_driver [None req-7984f437-2146-44b6-8ddc-5f6897636561 - - - - - -] OVN reports status down for port: 3f8d4ad5-9df4-4a8e-adb2-af0ed8781483
2026-05-30 06:26:27.100 10 INFO neutron.wsgi [req-6d9d0748-594c-453a-850f-4956a45dd5f5 req-06a2a587-6b4b-408f-9f1b-dc204396427c c8778c66d7644976a19bcfcf035beb3c badad4dc82a74e2788062edc3925de7d - - 5a1a72e7a3ec4b3e8f405893aa045520 5a1a72e7a3ec4b3e8f405893aa045520] 199.204.45.30 "GET /v2.0/ports/3f8d4ad5-9df4-4a8e-adb2-af0ed8781483 HTTP/1.1" status: 200 len: 1231 time: 0.0351310
2026-05-30 06:26:27.285 9 INFO neutron.db.ovn_revision_numbers_db [None req-7984f437-2146-44b6-8ddc-5f6897636561 - - - - - -] Successfully bumped revision number for resource 3f8d4ad5-9df4-4a8e-adb2-af0ed8781483 (type: ports) to 7
2026-05-30 06:26:27.353 10 INFO neutron.wsgi [req-6d9d0748-594c-453a-850f-4956a45dd5f5 req-e9ba175c-c9b8-4bfb-8098-1921629acf1f fa9ca9eda4724365ad319b81ddc79576 604cbe8fbcb44e7bb365d0755c5a9367 - - default default] 199.204.45.30 "DELETE /v2.0/ports/3f8d4ad5-9df4-4a8e-adb2-af0ed8781483 HTTP/1.1" status: 204 len: 173 time: 0.2485816
2026-05-30 06:26:27.394 10 INFO neutron.notifiers.nova [-] Nova event matching ['req-1dd44aac-8e45-411a-98ae-80e897826b3d'] response: {'server_uuid': '3416107c-6a84-4fa8-8d1b-c331e92e7344', 'name': 'network-vif-deleted', 'tag': '3f8d4ad5-9df4-4a8e-adb2-af0ed8781483', 'status': 'completed', 'code': 200}
2026-05-30 06:26:27.451 10 INFO neutron.wsgi [req-6d9d0748-594c-453a-850f-4956a45dd5f5 req-83eae6d7-1176-4690-88d0-61b58e47109b c8778c66d7644976a19bcfcf035beb3c badad4dc82a74e2788062edc3925de7d - - 5a1a72e7a3ec4b3e8f405893aa045520 5a1a72e7a3ec4b3e8f405893aa045520] 199.204.45.30 "GET /v2.0/ports?tenant_id=604cbe8fbcb44e7bb365d0755c5a9367&device_id=3416107c-6a84-4fa8-8d1b-c331e92e7344 HTTP/1.1" status: 200 len: 3926 time: 0.0498338
2026-05-30 06:26:27.539 10 INFO neutron.wsgi [req-6d9d0748-594c-453a-850f-4956a45dd5f5 req-7752a235-0723-4a64-9656-3993803e8e37 c8778c66d7644976a19bcfcf035beb3c badad4dc82a74e2788062edc3925de7d - - 5a1a72e7a3ec4b3e8f405893aa045520 5a1a72e7a3ec4b3e8f405893aa045520] 199.204.45.30 "GET /v2.0/networks?id=70ff779c-0329-403f-8820-92d7c1c92de9&id=1f15a16f-d408-4418-8fd4-c84f4cffbc5c&id=6f903608-6d0f-40c3-bb61-38ea0c99e995&id=945cd3f0-8db6-4926-9ffe-487eec0379e6 HTTP/1.1" status: 200 len: 3307 time: 0.0825143
2026-05-30 06:26:27.567 10 INFO neutron.wsgi [req-6d9d0748-594c-453a-850f-4956a45dd5f5 req-9de96b0e-27f7-41d6-a33c-72b86b5c24e7 c8778c66d7644976a19bcfcf035beb3c badad4dc82a74e2788062edc3925de7d - - 5a1a72e7a3ec4b3e8f405893aa045520 5a1a72e7a3ec4b3e8f405893aa045520] 199.204.45.30 "GET /v2.0/floatingips?fixed_ip_address=172.24.0.141&port_id=c98ba219-1f53-452a-8776-7a55aa61d589 HTTP/1.1" status: 200 len: 217 time: 0.0228577
2026-05-30 06:26:27.604 10 INFO neutron.wsgi [req-6d9d0748-594c-453a-850f-4956a45dd5f5 req-6dfcb4d0-3a0c-4b69-866c-5e755f441599 c8778c66d7644976a19bcfcf035beb3c badad4dc82a74e2788062edc3925de7d - - 5a1a72e7a3ec4b3e8f405893aa045520 5a1a72e7a3ec4b3e8f405893aa045520] 199.204.45.30 "GET /v2.0/subnets?id=eae025c5-9270-4e3d-a640-39fab496633d HTTP/1.1" status: 200 len: 829 time: 0.0313118
2026-05-30 06:26:27.637 10 INFO neutron.wsgi [req-6d9d0748-594c-453a-850f-4956a45dd5f5 req-de021ec6-85fc-425a-a1a1-ad66adc8e110 c8778c66d7644976a19bcfcf035beb3c badad4dc82a74e2788062edc3925de7d - - 5a1a72e7a3ec4b3e8f405893aa045520 5a1a72e7a3ec4b3e8f405893aa045520] 199.204.45.30 "GET /v2.0/ports?network_id=70ff779c-0329-403f-8820-92d7c1c92de9&device_owner=network%3Adhcp HTTP/1.1" status: 200 len: 210 time: 0.0257416
2026-05-30 06:26:27.700 10 INFO neutron.wsgi [req-6d9d0748-594c-453a-850f-4956a45dd5f5 req-1a97ea95-362a-4378-a8af-68b13f91ba37 c8778c66d7644976a19bcfcf035beb3c badad4dc82a74e2788062edc3925de7d - - 5a1a72e7a3ec4b3e8f405893aa045520 5a1a72e7a3ec4b3e8f405893aa045520] 199.204.45.30 "GET /v2.0/networks/70ff779c-0329-403f-8820-92d7c1c92de9?fields=segments HTTP/1.1" status: 200 len: 212 time: 0.0571363
2026-05-30 06:26:27.757 10 INFO neutron.wsgi [req-6d9d0748-594c-453a-850f-4956a45dd5f5 req-4d79f823-fe0b-41c0-bf76-9e414c661243 c8778c66d7644976a19bcfcf035beb3c badad4dc82a74e2788062edc3925de7d - - 5a1a72e7a3ec4b3e8f405893aa045520 5a1a72e7a3ec4b3e8f405893aa045520] 199.204.45.30 "GET /v2.0/networks/70ff779c-0329-403f-8820-92d7c1c92de9?fields=provider%3Aphysical_network&fields=provider%3Anetwork_type HTTP/1.1" status: 200 len: 277 time: 0.0497611
2026-05-30 06:26:27.788 10 INFO neutron.wsgi [req-6d9d0748-594c-453a-850f-4956a45dd5f5 req-fd085aea-f3e6-4d6c-a1d7-ea815fed75a6 c8778c66d7644976a19bcfcf035beb3c badad4dc82a74e2788062edc3925de7d - - 5a1a72e7a3ec4b3e8f405893aa045520 5a1a72e7a3ec4b3e8f405893aa045520] 199.204.45.30 "GET /v2.0/floatingips?fixed_ip_address=10.1.1.125&port_id=8b5eb163-2c8d-457d-ba5b-eae25ba30df0 HTTP/1.1" status: 200 len: 217 time: 0.0216873 /var/lib/openstack/lib/python3.10/site-packages/pycadf/identifier.py:71: UserWarning: Invalid uuid: neutron. To ensure interoperability, identifiers should be a valid uuid. warnings.warn(('Invalid uuid: %s. To ensure interoperability, '
2026-05-30 06:26:27.828 10 INFO neutron.wsgi [req-6d9d0748-594c-453a-850f-4956a45dd5f5 req-e874c32b-f099-4b96-99dc-8089aa8cf3fe c8778c66d7644976a19bcfcf035beb3c badad4dc82a74e2788062edc3925de7d - - 5a1a72e7a3ec4b3e8f405893aa045520 5a1a72e7a3ec4b3e8f405893aa045520] 199.204.45.30 "GET /v2.0/subnets?id=91b21c53-0fbe-4422-af98-2853f2b04cf8 HTTP/1.1" status: 200 len: 854 time: 0.0342374
2026-05-30 06:26:27.852 9 INFO neutron.wsgi [None req-d2433261-694c-4eb5-83a6-ded7c54611dc fa9ca9eda4724365ad319b81ddc79576 604cbe8fbcb44e7bb365d0755c5a9367 - - default default] 199.204.45.30 "GET /v2.0/ports?device_id=3416107c-6a84-4fa8-8d1b-c331e92e7344 HTTP/1.1" status: 200 len: 3926 time: 0.0506451
2026-05-30 06:26:27.860 10 INFO neutron.wsgi [req-6d9d0748-594c-453a-850f-4956a45dd5f5 req-e5a24c94-362a-46df-9c06-11ca8e7e06e7 c8778c66d7644976a19bcfcf035beb3c badad4dc82a74e2788062edc3925de7d - - 5a1a72e7a3ec4b3e8f405893aa045520 5a1a72e7a3ec4b3e8f405893aa045520] 199.204.45.30 "GET /v2.0/ports?network_id=1f15a16f-d408-4418-8fd4-c84f4cffbc5c&device_owner=network%3Adhcp HTTP/1.1" status: 200 len: 210 time: 0.0240314
2026-05-30 06:26:27.885 9 INFO neutron.pecan_wsgi.hooks.translation [None req-6d6ed31b-fa4c-408b-bf10-2d1d444391e0 fa9ca9eda4724365ad319b81ddc79576 604cbe8fbcb44e7bb365d0755c5a9367 - - default default] DELETE failed (client error): The resource could not be found.
2026-05-30 06:26:27.887 9 INFO neutron.wsgi [None req-6d6ed31b-fa4c-408b-bf10-2d1d444391e0 fa9ca9eda4724365ad319b81ddc79576 604cbe8fbcb44e7bb365d0755c5a9367 - - default default] 199.204.45.30 "DELETE /v2.0/ports/3f8d4ad5-9df4-4a8e-adb2-af0ed8781483 HTTP/1.1" status: 404 len: 338 time: 0.0211890
2026-05-30 06:26:27.940 10 INFO neutron.wsgi [req-6d9d0748-594c-453a-850f-4956a45dd5f5 req-f74c3028-17ba-4c5b-9f20-4acb05e608c2 c8778c66d7644976a19bcfcf035beb3c badad4dc82a74e2788062edc3925de7d - - 5a1a72e7a3ec4b3e8f405893aa045520 5a1a72e7a3ec4b3e8f405893aa045520] 199.204.45.30 "GET /v2.0/networks/1f15a16f-d408-4418-8fd4-c84f4cffbc5c?fields=segments HTTP/1.1" status: 200 len: 212 time: 0.0724461
2026-05-30 06:26:27.987 9 INFO neutron.wsgi [None req-1de9f274-8a81-4127-8284-56cff63f6581 fa9ca9eda4724365ad319b81ddc79576 604cbe8fbcb44e7bb365d0755c5a9367 - - default default] 199.204.45.30 "GET /v2.0/extensions/security-group HTTP/1.1" status: 200 len: 369 time: 0.0082984
2026-05-30 06:26:27.998 9 INFO neutron.wsgi [None req-2e4108a7-9c74-48ef-9600-e361a26c26ee fa9ca9eda4724365ad319b81ddc79576 604cbe8fbcb44e7bb365d0755c5a9367 - - default default] 199.204.45.30 "GET /v2.0/extensions/dns-integration HTTP/1.1" status: 200 len: 371 time: 0.0056520
2026-05-30 06:26:28.000 10 INFO neutron.wsgi [req-6d9d0748-594c-453a-850f-4956a45dd5f5 req-f57db75f-fd08-48c1-a2e7-c6fa5dea4003 c8778c66d7644976a19bcfcf035beb3c badad4dc82a74e2788062edc3925de7d - - 5a1a72e7a3ec4b3e8f405893aa045520 5a1a72e7a3ec4b3e8f405893aa045520] 199.204.45.30 "GET /v2.0/networks/1f15a16f-d408-4418-8fd4-c84f4cffbc5c?fields=provider%3Aphysical_network&fields=provider%3Anetwork_type HTTP/1.1" status: 200 len: 277 time: 0.0525391
2026-05-30 06:26:28.007 9 INFO neutron.wsgi [None req-18187f46-c8a7-4c42-9929-3a4389dc675f fa9ca9eda4724365ad319b81ddc79576 604cbe8fbcb44e7bb365d0755c5a9367 - - default default] 199.204.45.30 "GET /v2.0/extensions/qos HTTP/1.1" status: 200 len: 365 time: 0.0051239
2026-05-30 06:26:28.018 9 INFO neutron.wsgi [None req-1b83d37f-87f2-4a56-ab4a-b06f6d117890 fa9ca9eda4724365ad319b81ddc79576 604cbe8fbcb44e7bb365d0755c5a9367 - - default default] 199.204.45.30 "GET /v2.0/extensions/allowed-address-pairs HTTP/1.1" status: 200 len: 383 time: 0.0067520
2026-05-30 06:26:28.029 10 INFO neutron.wsgi [req-6d9d0748-594c-453a-850f-4956a45dd5f5 req-881647c2-eb8d-40ad-b06c-1cee84d132df c8778c66d7644976a19bcfcf035beb3c badad4dc82a74e2788062edc3925de7d - - 5a1a72e7a3ec4b3e8f405893aa045520 5a1a72e7a3ec4b3e8f405893aa045520] 199.204.45.30 "GET /v2.0/floatingips?fixed_ip_address=10.2.1.115&port_id=2310afcd-f478-4a7b-85e1-73a0f2af108a HTTP/1.1" status: 200 len: 217 time: 0.0230169
2026-05-30 06:26:28.065 10 INFO neutron.wsgi [req-6d9d0748-594c-453a-850f-4956a45dd5f5 req-6935e065-5c23-4ab4-acc8-643a7b554a73 c8778c66d7644976a19bcfcf035beb3c badad4dc82a74e2788062edc3925de7d - - 5a1a72e7a3ec4b3e8f405893aa045520 5a1a72e7a3ec4b3e8f405893aa045520] 199.204.45.30 "GET /v2.0/subnets?id=7662c103-6d19-4073-aaa4-1cd4901d8d67 HTTP/1.1" status: 200 len: 851 time: 0.0304186
2026-05-30 06:26:28.067 9 INFO neutron.wsgi [None req-c48ac97e-4fea-48bd-98bb-5866c2e74c13 fa9ca9eda4724365ad319b81ddc79576 604cbe8fbcb44e7bb365d0755c5a9367 - - default default] 199.204.45.30 "GET /v2.0/subnets/91b21c53-0fbe-4422-af98-2853f2b04cf8 HTTP/1.1" status: 200 len: 851 time: 0.0416400
2026-05-30 06:26:28.088 10 INFO neutron.wsgi [req-6d9d0748-594c-453a-850f-4956a45dd5f5 req-b52d809a-ee80-411c-b920-3b7498655538 c8778c66d7644976a19bcfcf035beb3c badad4dc82a74e2788062edc3925de7d - - 5a1a72e7a3ec4b3e8f405893aa045520 5a1a72e7a3ec4b3e8f405893aa045520] 199.204.45.30 "GET /v2.0/ports?network_id=6f903608-6d0f-40c3-bb61-38ea0c99e995&device_owner=network%3Adhcp HTTP/1.1" status: 200 len: 210 time: 0.0163338
2026-05-30 06:26:28.109 9 INFO neutron.wsgi [None req-a25c6528-3d9b-400c-966e-9bbb6b705065 fa9ca9eda4724365ad319b81ddc79576 604cbe8fbcb44e7bb365d0755c5a9367 - - default default] 199.204.45.30 "GET /v2.0/ports/39d704c4-9c11-4732-940f-906c5b2371f1 HTTP/1.1" status: 200 len: 1340 time: 0.0369515
2026-05-30 06:26:28.155 9 INFO neutron.wsgi [None req-3ee012bd-cf1c-41a2-bb7f-dc4a1c76fc8d fa9ca9eda4724365ad319b81ddc79576 604cbe8fbcb44e7bb365d0755c5a9367 - - default default] 199.204.45.30 "GET /v2.0/ports/8b5eb163-2c8d-457d-ba5b-eae25ba30df0 HTTP/1.1" status: 200 len: 1519 time: 0.0383437
2026-05-30 06:26:28.159 10 INFO neutron.wsgi [req-6d9d0748-594c-453a-850f-4956a45dd5f5 req-f7b9bb5d-8ff9-44e7-9e89-05d56a477af2 c8778c66d7644976a19bcfcf035beb3c badad4dc82a74e2788062edc3925de7d - - 5a1a72e7a3ec4b3e8f405893aa045520 5a1a72e7a3ec4b3e8f405893aa045520] 199.204.45.30 "GET /v2.0/networks/6f903608-6d0f-40c3-bb61-38ea0c99e995?fields=segments HTTP/1.1" status: 200 len: 212 time: 0.0635746
2026-05-30 06:26:28.194 9 INFO neutron.wsgi [None req-ca79573d-da5f-43c7-b558-03d7cf8ff42e fa9ca9eda4724365ad319b81ddc79576 604cbe8fbcb44e7bb365d0755c5a9367 - - default default] 199.204.45.30 "GET /v2.0/subnets/91b21c53-0fbe-4422-af98-2853f2b04cf8 HTTP/1.1" status: 200 len: 851 time: 0.0319173
2026-05-30 06:26:28.229 10 INFO neutron.wsgi [req-6d9d0748-594c-453a-850f-4956a45dd5f5 req-aa9b9d90-a46d-439c-9456-f518dd30aaca c8778c66d7644976a19bcfcf035beb3c badad4dc82a74e2788062edc3925de7d - - 5a1a72e7a3ec4b3e8f405893aa045520 5a1a72e7a3ec4b3e8f405893aa045520] 199.204.45.30 "GET /v2.0/networks/6f903608-6d0f-40c3-bb61-38ea0c99e995?fields=provider%3Aphysical_network&fields=provider%3Anetwork_type HTTP/1.1" status: 200 len: 277 time: 0.0635815
2026-05-30 06:26:28.274 9 INFO neutron.wsgi [None req-68411a26-16e5-4993-846c-ba9b2a4531b8 fa9ca9eda4724365ad319b81ddc79576 604cbe8fbcb44e7bb365d0755c5a9367 - - default default] 199.204.45.30 "GET /v2.0/networks/1f15a16f-d408-4418-8fd4-c84f4cffbc5c HTTP/1.1" status: 200 len: 1002 time: 0.0731678
2026-05-30 06:26:28.317 9 INFO neutron.wsgi [None req-ddbfb20c-1158-4d7f-a92f-89a238cc2dc9 fa9ca9eda4724365ad319b81ddc79576 604cbe8fbcb44e7bb365d0755c5a9367 - - default default] 199.204.45.30 "GET /v2.0/ports/39d704c4-9c11-4732-940f-906c5b2371f1 HTTP/1.1" status: 200 len: 1340 time: 0.0339067
2026-05-30 06:26:28.354 9 INFO neutron.wsgi [None req-bd0234d4-1bd4-41fd-828f-fb48d61f9e05 fa9ca9eda4724365ad319b81ddc79576 604cbe8fbcb44e7bb365d0755c5a9367 - - default default] 199.204.45.30 "GET /v2.0/subnets/91b21c53-0fbe-4422-af98-2853f2b04cf8 HTTP/1.1" status: 200 len: 851 time: 0.0317032
2026-05-30 06:26:28.607 9 INFO neutron.notifiers.nova [-] Nova event matching ['req-503d80ef-41a7-4cac-bd32-afb4ab9153ee'] response: {'server_uuid': '3416107c-6a84-4fa8-8d1b-c331e92e7344', 'name': 'network-vif-unplugged', 'status': 'completed', 'tag': '3f8d4ad5-9df4-4a8e-adb2-af0ed8781483', 'code': 200}
2026-05-30 06:26:28.608 9 INFO neutron.notifiers.nova [-] Nova event matching ['req-503d80ef-41a7-4cac-bd32-afb4ab9153ee'] response: {'server_uuid': '3416107c-6a84-4fa8-8d1b-c331e92e7344', 'name': 'network-vif-plugged', 'status': 'completed', 'tag': '3f8d4ad5-9df4-4a8e-adb2-af0ed8781483', 'code': 200}
2026-05-30 06:26:30.741 10 INFO neutron.wsgi [None req-f1e9abd7-b312-4fc6-b8d8-c31d2ad2c718 fa9ca9eda4724365ad319b81ddc79576 604cbe8fbcb44e7bb365d0755c5a9367 - - default default] 10.0.0.208 "GET /v2.0/ports HTTP/1.1" status: 200 len: 23420 time: 0.1531522
2026-05-30 06:26:30.774 10 INFO neutron.wsgi [None req-948686e3-0e5f-4363-bc0c-632dba1f89c8 fa9ca9eda4724365ad319b81ddc79576 604cbe8fbcb44e7bb365d0755c5a9367 - - default default] 10.0.0.208 "GET /v2.0/network-ip-availabilities HTTP/1.1" status: 200 len: 3362 time: 0.0171657
2026-05-30 06:26:30.817 10 INFO neutron.wsgi [None req-17bab9aa-6ad3-4b16-8876-52e5d8743964 fa9ca9eda4724365ad319b81ddc79576 604cbe8fbcb44e7bb365d0755c5a9367 - - default default] 10.0.0.208 "GET /v2.0/floatingips HTTP/1.1" status: 200 len: 2764 time: 0.0414820
2026-05-30 06:26:30.886 10 INFO neutron.wsgi [None req-a9906c74-6366-47c3-8627-c9ddeaa5dcb9 fa9ca9eda4724365ad319b81ddc79576 604cbe8fbcb44e7bb365d0755c5a9367 - - default default] 10.0.0.208 "GET /v2.0/security-groups HTTP/1.1" status: 200 len: 30232 time: 0.0666187
2026-05-30 06:26:30.946 10 INFO neutron.wsgi [None req-a0c514e6-9daa-41f0-b992-39f721b4afae fa9ca9eda4724365ad319b81ddc79576 604cbe8fbcb44e7bb365d0755c5a9367 - - default default] 10.0.0.208 "GET /v2.0/subnets HTTP/1.1" status: 200 len: 5496 time: 0.0512629
2026-05-30 06:26:30.960 10 INFO neutron.wsgi [None req-be31aee0-b82a-434c-9ee7-1c14b9d39fec fa9ca9eda4724365ad319b81ddc79576 604cbe8fbcb44e7bb365d0755c5a9367 - - default default] 10.0.0.208 "GET /v2.0/agents HTTP/1.1" status: 200 len: 997 time: 0.0119641
2026-05-30 06:26:30.992 10 INFO neutron.wsgi [None req-a1b1cbe0-4dfa-4b5a-a305-b661f2cc5fc2 fa9ca9eda4724365ad319b81ddc79576 604cbe8fbcb44e7bb365d0755c5a9367 - - default default] 199.204.45.30 "GET /v2.0/extensions/security-group HTTP/1.1" status: 200 len: 369 time: 0.0061858
2026-05-30 06:26:31.008 10 INFO neutron.wsgi [None req-0f869680-7070-46d4-babf-e4a61c79f75b fa9ca9eda4724365ad319b81ddc79576 604cbe8fbcb44e7bb365d0755c5a9367 - - default default] 199.204.45.30 "GET /v2.0/extensions/dns-integration HTTP/1.1" status: 200 len: 371 time: 0.0064631
2026-05-30 06:26:31.017 10 INFO neutron.wsgi [None req-9f29ad99-7efa-40fc-979f-bfd6198183aa fa9ca9eda4724365ad319b81ddc79576 604cbe8fbcb44e7bb365d0755c5a9367 - - default default] 199.204.45.30 "GET /v2.0/extensions/qos HTTP/1.1" status: 200 len: 365 time: 0.0036068
2026-05-30 06:26:31.025 10 INFO neutron.wsgi [None req-4a75a662-7e74-4e94-86ef-abad4a8c2e71 fa9ca9eda4724365ad319b81ddc79576 604cbe8fbcb44e7bb365d0755c5a9367 - - default default] 199.204.45.30 "GET /v2.0/extensions/allowed-address-pairs HTTP/1.1" status: 200 len: 383 time: 0.0033391
2026-05-30 06:26:31.074 10 INFO neutron.wsgi [None req-9db55c28-1113-4167-beb5-af8fce70fb32 fa9ca9eda4724365ad319b81ddc79576 604cbe8fbcb44e7bb365d0755c5a9367 - - default default] 10.0.0.208 "GET /v2.0/networks HTTP/1.1" status: 200 len: 4719 time: 0.1123445
2026-05-30 06:26:31.092 10 INFO neutron.wsgi [None req-3c04960a-ed1c-4c41-8b7e-301a1c09eb8d fa9ca9eda4724365ad319b81ddc79576 604cbe8fbcb44e7bb365d0755c5a9367 - - default default] 199.204.45.30 "GET /v2.0/ports?device_id=3416107c-6a84-4fa8-8d1b-c331e92e7344 HTTP/1.1" status: 200 len: 3926 time: 0.0625947
2026-05-30 06:26:31.167 10 INFO neutron.wsgi [None req-380a3ef5-6420-415b-a764-071699c79bee fa9ca9eda4724365ad319b81ddc79576 604cbe8fbcb44e7bb365d0755c5a9367 - - default default] 10.0.0.208 "GET /v2.0/routers HTTP/1.1" status: 200 len: 850 time: 0.0874908
2026-05-30 06:26:31.179 10 INFO neutron.wsgi [None req-804abf17-6d78-474f-9b22-d1ba5f425e3c fa9ca9eda4724365ad319b81ddc79576 604cbe8fbcb44e7bb365d0755c5a9367 - - default default] 10.0.0.208 "GET /v2.0/agents?binary=ovn-controller HTTP/1.1" status: 200 len: 591 time: 0.0115545
2026-05-30 06:26:31.226 10 INFO neutron.wsgi [None req-0f56ae7d-5485-44d4-988d-078c5b611bd0 fa9ca9eda4724365ad319b81ddc79576 604cbe8fbcb44e7bb365d0755c5a9367 - - default default] 10.0.0.208 "GET /v2.0/subnets HTTP/1.1" status: 200 len: 5496 time: 0.0453644
2026-05-30 06:26:31.238 10 INFO neutron.wsgi [None req-7ca769bf-6735-4371-a893-2e9b2893056d fa9ca9eda4724365ad319b81ddc79576 604cbe8fbcb44e7bb365d0755c5a9367 - - default default] 199.204.45.30 "GET /v2.0/extensions/security-group HTTP/1.1" status: 200 len: 369 time: 0.0047688
2026-05-30 06:26:31.242 10 INFO neutron.wsgi [None req-026d5479-a631-4111-8ad6-cfa84f257d71 fa9ca9eda4724365ad319b81ddc79576 604cbe8fbcb44e7bb365d0755c5a9367 - - default default] 10.0.0.208 "GET /v2.0/subnetpools HTTP/1.1" status: 200 len: 193 time: 0.0135124
2026-05-30 06:26:31.246 10 INFO neutron.wsgi [None req-8f2d9509-7c48-4a8a-9470-ded0ff74aeea fa9ca9eda4724365ad319b81ddc79576 604cbe8fbcb44e7bb365d0755c5a9367 - - default default] 199.204.45.30 "GET /v2.0/extensions/dns-integration HTTP/1.1" status: 200 len: 371 time: 0.0035520
2026-05-30 06:26:31.254 10 INFO neutron.wsgi [None req-5073408c-7b5b-454e-b9f2-553a0588273b fa9ca9eda4724365ad319b81ddc79576 604cbe8fbcb44e7bb365d0755c5a9367 - - default default] 199.204.45.30 "GET /v2.0/extensions/qos HTTP/1.1" status: 200 len: 365 time: 0.0037222
2026-05-30 06:26:31.262 10 INFO neutron.wsgi [None req-526e553f-00d8-4b23-8f37-b09ba75e0407 fa9ca9eda4724365ad319b81ddc79576 604cbe8fbcb44e7bb365d0755c5a9367 - - default default] 199.204.45.30 "GET /v2.0/extensions/allowed-address-pairs HTTP/1.1" status: 200 len: 383 time: 0.0042965
2026-05-30 06:26:31.301 10 INFO neutron.wsgi [None req-50450483-ac16-42a0-adbe-7baa2e876eb6 fa9ca9eda4724365ad319b81ddc79576 604cbe8fbcb44e7bb365d0755c5a9367 - - default default] 199.204.45.30 "GET /v2.0/ports/2310afcd-f478-4a7b-85e1-73a0f2af108a HTTP/1.1" status: 200 len: 1406 time: 0.0341072
2026-05-30 06:26:31.934 10 INFO neutron.db.ovn_revision_numbers_db [None req-272a7274-8f7b-451a-87d2-a04fc509318b fa9ca9eda4724365ad319b81ddc79576 604cbe8fbcb44e7bb365d0755c5a9367 - - default default] Successfully bumped revision number for resource 2310afcd-f478-4a7b-85e1-73a0f2af108a (type: ports) to 6
2026-05-30 06:26:31.945 10 INFO neutron.wsgi [None req-272a7274-8f7b-451a-87d2-a04fc509318b fa9ca9eda4724365ad319b81ddc79576 604cbe8fbcb44e7bb365d0755c5a9367 - - default default] 199.204.45.30 "PUT /v2.0/ports/2310afcd-f478-4a7b-85e1-73a0f2af108a HTTP/1.1" status: 200 len: 1203 time: 0.6376431 /var/lib/openstack/lib/python3.10/site-packages/pycadf/identifier.py:71: UserWarning: Invalid uuid: neutron. To ensure interoperability, identifiers should be a valid uuid. warnings.warn(('Invalid uuid: %s. To ensure interoperability, '
2026-05-30 06:26:31.985 10 INFO neutron.notifiers.nova [-] Nova event matching ['req-324599c1-cb45-48a6-ac6c-fb9473e83241'] response: {'name': 'network-changed', 'server_uuid': '3416107c-6a84-4fa8-8d1b-c331e92e7344', 'tag': '2310afcd-f478-4a7b-85e1-73a0f2af108a', 'status': 'completed', 'code': 200}
2026-05-30 06:26:32.018 10 INFO neutron.wsgi [None req-17e1039a-e8c2-4bf7-9e03-5ed8e10b52bf fa9ca9eda4724365ad319b81ddc79576 604cbe8fbcb44e7bb365d0755c5a9367 - - default default] 199.204.45.30 "GET /v2.0/networks/6f903608-6d0f-40c3-bb61-38ea0c99e995 HTTP/1.1" status: 200 len: 999 time: 0.0645685
2026-05-30 06:26:32.068 10 INFO neutron.wsgi [None req-1cfa6ffb-d3a1-49b7-94bb-0899db5901ae fa9ca9eda4724365ad319b81ddc79576 604cbe8fbcb44e7bb365d0755c5a9367 - - default default] 199.204.45.30 "GET /v2.0/ports?device_id=3416107c-6a84-4fa8-8d1b-c331e92e7344 HTTP/1.1" status: 200 len: 3751 time: 0.0434334
2026-05-30 06:26:32.157 10 INFO neutron.wsgi [req-a9e6daad-cfe3-4c76-9c4b-74f57f667dc8 req-189e4cfd-8679-4903-98b2-7352bd79d335 c8778c66d7644976a19bcfcf035beb3c badad4dc82a74e2788062edc3925de7d - - 5a1a72e7a3ec4b3e8f405893aa045520 5a1a72e7a3ec4b3e8f405893aa045520] 199.204.45.30 "GET /v2.0/ports?tenant_id=604cbe8fbcb44e7bb365d0755c5a9367&device_id=3416107c-6a84-4fa8-8d1b-c331e92e7344 HTTP/1.1" status: 200 len: 3751 time: 0.1587927
2026-05-30 06:26:32.191 10 INFO neutron.wsgi [None req-09d055a8-942f-4360-9657-bc63e7993c79 fa9ca9eda4724365ad319b81ddc79576 604cbe8fbcb44e7bb365d0755c5a9367 - - default default] 199.204.45.30 "GET /v2.0/ports?device_id=3416107c-6a84-4fa8-8d1b-c331e92e7344 HTTP/1.1" status: 200 len: 3751 time: 0.0626690
2026-05-30 06:26:32.241 10 INFO neutron.wsgi [req-a9e6daad-cfe3-4c76-9c4b-74f57f667dc8 req-beee51c9-4b66-4315-ac1c-a962f2d22333 c8778c66d7644976a19bcfcf035beb3c badad4dc82a74e2788062edc3925de7d - - 5a1a72e7a3ec4b3e8f405893aa045520 5a1a72e7a3ec4b3e8f405893aa045520] 199.204.45.30 "GET /v2.0/networks?id=6f903608-6d0f-40c3-bb61-38ea0c99e995 HTTP/1.1" status: 200 len: 1002 time: 0.0761399
2026-05-30 06:26:32.304 10 INFO neutron.wsgi [req-a9e6daad-cfe3-4c76-9c4b-74f57f667dc8 req-980ceba0-0de1-4bab-b2da-6eab24de3388 c8778c66d7644976a19bcfcf035beb3c badad4dc82a74e2788062edc3925de7d - - 5a1a72e7a3ec4b3e8f405893aa045520 5a1a72e7a3ec4b3e8f405893aa045520] 199.204.45.30 "GET /v2.0/networks/6f903608-6d0f-40c3-bb61-38ea0c99e995?fields=segments HTTP/1.1" status: 200 len: 212 time: 0.0575886
2026-05-30 06:26:32.364 10 INFO neutron.wsgi [req-a9e6daad-cfe3-4c76-9c4b-74f57f667dc8 req-a767b078-a625-45d9-aa10-09aeda2499cd c8778c66d7644976a19bcfcf035beb3c badad4dc82a74e2788062edc3925de7d - - 5a1a72e7a3ec4b3e8f405893aa045520 5a1a72e7a3ec4b3e8f405893aa045520] 199.204.45.30 "GET /v2.0/networks/6f903608-6d0f-40c3-bb61-38ea0c99e995?fields=provider%3Aphysical_network&fields=provider%3Anetwork_type HTTP/1.1" status: 200 len: 277 time: 0.0555904
2026-05-30 06:26:32.414 9 INFO neutron.plugins.ml2.drivers.ovn.mech_driver.mech_driver [None req-7984f437-2146-44b6-8ddc-5f6897636561 - - - - - -] OVN reports status down for port: 2310afcd-f478-4a7b-85e1-73a0f2af108a
2026-05-30 06:26:32.484 10 INFO neutron.wsgi [req-d98e1886-079e-4c40-8e5a-378638e84630 req-c74fc386-6095-412f-bea9-ecefc0e7b061 c8778c66d7644976a19bcfcf035beb3c badad4dc82a74e2788062edc3925de7d - - 5a1a72e7a3ec4b3e8f405893aa045520 5a1a72e7a3ec4b3e8f405893aa045520] 199.204.45.30 "GET /v2.0/ports/2310afcd-f478-4a7b-85e1-73a0f2af108a HTTP/1.1" status: 200 len: 1231 time: 0.0400410
2026-05-30 06:26:32.549 9 INFO neutron.notifiers.nova [-] Nova event matching ['req-10ac3b66-d383-40b0-9637-e2ea24efa6e3'] response: {'server_uuid': '3416107c-6a84-4fa8-8d1b-c331e92e7344', 'name': 'network-vif-unplugged', 'status': 'completed', 'tag': '2310afcd-f478-4a7b-85e1-73a0f2af108a', 'code': 200}
2026-05-30 06:26:32.701 9 INFO neutron.db.ovn_revision_numbers_db [None req-7984f437-2146-44b6-8ddc-5f6897636561 - - - - - -] Successfully bumped revision number for resource 2310afcd-f478-4a7b-85e1-73a0f2af108a (type: ports) to 7
2026-05-30 06:26:32.732 10 INFO neutron.wsgi [req-d98e1886-079e-4c40-8e5a-378638e84630 req-e323e16d-11e6-4e2e-899b-2bb9a4f0d946 fa9ca9eda4724365ad319b81ddc79576 604cbe8fbcb44e7bb365d0755c5a9367 - - default default] 199.204.45.30 "DELETE /v2.0/ports/2310afcd-f478-4a7b-85e1-73a0f2af108a HTTP/1.1" status: 204 len: 173 time: 0.2444119
2026-05-30 06:26:32.832 10 INFO neutron.wsgi [req-d98e1886-079e-4c40-8e5a-378638e84630 req-204cf7b0-3b3f-4472-80a8-2f06c58f54a6 c8778c66d7644976a19bcfcf035beb3c badad4dc82a74e2788062edc3925de7d - - 5a1a72e7a3ec4b3e8f405893aa045520 5a1a72e7a3ec4b3e8f405893aa045520] 199.204.45.30 "GET /v2.0/ports?tenant_id=604cbe8fbcb44e7bb365d0755c5a9367&device_id=3416107c-6a84-4fa8-8d1b-c331e92e7344 HTTP/1.1" status: 200 len: 2728 time: 0.0467973
2026-05-30 06:26:32.912 10 INFO neutron.wsgi [req-d98e1886-079e-4c40-8e5a-378638e84630 req-8e8e0997-928f-4492-973a-9c5116986dc7 c8778c66d7644976a19bcfcf035beb3c badad4dc82a74e2788062edc3925de7d - - 5a1a72e7a3ec4b3e8f405893aa045520 5a1a72e7a3ec4b3e8f405893aa045520] 199.204.45.30 "GET /v2.0/networks?id=70ff779c-0329-403f-8820-92d7c1c92de9&id=1f15a16f-d408-4418-8fd4-c84f4cffbc5c&id=6f903608-6d0f-40c3-bb61-38ea0c99e995 HTTP/1.1" status: 200 len: 2519 time: 0.0711837
2026-05-30 06:26:32.938 10 INFO neutron.wsgi [req-d98e1886-079e-4c40-8e5a-378638e84630 req-b1951730-77f9-42cb-9c98-cad611d2dea3 c8778c66d7644976a19bcfcf035beb3c badad4dc82a74e2788062edc3925de7d - - 5a1a72e7a3ec4b3e8f405893aa045520 5a1a72e7a3ec4b3e8f405893aa045520] 199.204.45.30 "GET /v2.0/floatingips?fixed_ip_address=172.24.0.141&port_id=c98ba219-1f53-452a-8776-7a55aa61d589 HTTP/1.1" status: 200 len: 217 time: 0.0200567
2026-05-30 06:26:32.973 10 INFO neutron.wsgi [req-d98e1886-079e-4c40-8e5a-378638e84630 req-14319c66-e759-4978-9cbb-ddb0a957a830 c8778c66d7644976a19bcfcf035beb3c badad4dc82a74e2788062edc3925de7d - - 5a1a72e7a3ec4b3e8f405893aa045520 5a1a72e7a3ec4b3e8f405893aa045520] 199.204.45.30 "GET /v2.0/subnets?id=eae025c5-9270-4e3d-a640-39fab496633d HTTP/1.1" status: 200 len: 829 time: 0.0282619
2026-05-30 06:26:33.001 10 INFO neutron.wsgi [req-d98e1886-079e-4c40-8e5a-378638e84630 req-5b25e159-b976-4116-a470-87094590af44 c8778c66d7644976a19bcfcf035beb3c badad4dc82a74e2788062edc3925de7d - - 5a1a72e7a3ec4b3e8f405893aa045520 5a1a72e7a3ec4b3e8f405893aa045520] 199.204.45.30 "GET /v2.0/ports?network_id=70ff779c-0329-403f-8820-92d7c1c92de9&device_owner=network%3Adhcp HTTP/1.1" status: 200 len: 210 time: 0.0197613
2026-05-30 06:26:33.055 10 INFO neutron.wsgi [req-d98e1886-079e-4c40-8e5a-378638e84630 req-dc8e3023-726c-4d03-b5d2-c1337f9a5e34 c8778c66d7644976a19bcfcf035beb3c badad4dc82a74e2788062edc3925de7d - - 5a1a72e7a3ec4b3e8f405893aa045520 5a1a72e7a3ec4b3e8f405893aa045520] 199.204.45.30 "GET /v2.0/networks/70ff779c-0329-403f-8820-92d7c1c92de9?fields=segments HTTP/1.1" status: 200 len: 212 time: 0.0457931
2026-05-30 06:26:33.118 10 INFO neutron.wsgi [req-d98e1886-079e-4c40-8e5a-378638e84630 req-a6a6c5e5-2112-4d48-a1d5-b9a63b058982 c8778c66d7644976a19bcfcf035beb3c badad4dc82a74e2788062edc3925de7d - - 5a1a72e7a3ec4b3e8f405893aa045520 5a1a72e7a3ec4b3e8f405893aa045520] 199.204.45.30 "GET /v2.0/networks/70ff779c-0329-403f-8820-92d7c1c92de9?fields=provider%3Aphysical_network&fields=provider%3Anetwork_type HTTP/1.1" status: 200 len: 277 time: 0.0562205
2026-05-30 06:26:33.149 10 INFO neutron.wsgi [req-d98e1886-079e-4c40-8e5a-378638e84630 req-9f884d08-3961-4b51-bb57-926f0fd8a46c c8778c66d7644976a19bcfcf035beb3c badad4dc82a74e2788062edc3925de7d - - 5a1a72e7a3ec4b3e8f405893aa045520 5a1a72e7a3ec4b3e8f405893aa045520] 199.204.45.30 "GET /v2.0/floatingips?fixed_ip_address=10.1.1.125&port_id=8b5eb163-2c8d-457d-ba5b-eae25ba30df0 HTTP/1.1" status: 200 len: 217 time: 0.0241172
2026-05-30 06:26:33.190 10 INFO neutron.wsgi [req-d98e1886-079e-4c40-8e5a-378638e84630 req-6008c79a-2c73-49ba-a686-5acd1237bb7f c8778c66d7644976a19bcfcf035beb3c badad4dc82a74e2788062edc3925de7d - - 5a1a72e7a3ec4b3e8f405893aa045520 5a1a72e7a3ec4b3e8f405893aa045520] 199.204.45.30 "GET /v2.0/subnets?id=91b21c53-0fbe-4422-af98-2853f2b04cf8 HTTP/1.1" status: 200 len: 854 time: 0.0340853
2026-05-30 06:26:33.222 10 INFO neutron.wsgi [req-d98e1886-079e-4c40-8e5a-378638e84630 req-f1bb2040-c8b6-45d1-991b-032c06fc57f7 c8778c66d7644976a19bcfcf035beb3c badad4dc82a74e2788062edc3925de7d - - 5a1a72e7a3ec4b3e8f405893aa045520 5a1a72e7a3ec4b3e8f405893aa045520] 199.204.45.30 "GET /v2.0/ports?network_id=1f15a16f-d408-4418-8fd4-c84f4cffbc5c&device_owner=network%3Adhcp HTTP/1.1" status: 200 len: 210 time: 0.0253813
2026-05-30 06:26:33.269 10 INFO neutron.wsgi [None req-6bf221ea-4643-4210-add0-7cc27dccf77d fa9ca9eda4724365ad319b81ddc79576 604cbe8fbcb44e7bb365d0755c5a9367 - - default default] 199.204.45.30 "GET /v2.0/ports?device_id=3416107c-6a84-4fa8-8d1b-c331e92e7344 HTTP/1.1" status: 200 len: 2728 time: 0.0623488
2026-05-30 06:26:33.302 10 INFO neutron.pecan_wsgi.hooks.translation [None req-104bdd54-717b-49ab-b456-5c097bb1e34e fa9ca9eda4724365ad319b81ddc79576 604cbe8fbcb44e7bb365d0755c5a9367 - - default default] DELETE failed (client error): The resource could not be found.
2026-05-30 06:26:33.306 10 INFO neutron.wsgi [None req-104bdd54-717b-49ab-b456-5c097bb1e34e fa9ca9eda4724365ad319b81ddc79576 604cbe8fbcb44e7bb365d0755c5a9367 - - default default] 199.204.45.30 "DELETE /v2.0/ports/2310afcd-f478-4a7b-85e1-73a0f2af108a HTTP/1.1" status: 404 len: 338 time: 0.0216360
2026-05-30 06:26:33.331 10 INFO neutron.wsgi [req-d98e1886-079e-4c40-8e5a-378638e84630 req-01932b1d-e6c4-4e3e-a5dc-53bee4c7c76a c8778c66d7644976a19bcfcf035beb3c badad4dc82a74e2788062edc3925de7d - - 5a1a72e7a3ec4b3e8f405893aa045520 5a1a72e7a3ec4b3e8f405893aa045520] 199.204.45.30 "GET /v2.0/networks/1f15a16f-d408-4418-8fd4-c84f4cffbc5c?fields=segments HTTP/1.1" status: 200 len: 212 time: 0.1018856
2026-05-30 06:26:33.408 10 INFO neutron.wsgi [req-d98e1886-079e-4c40-8e5a-378638e84630 req-2765a672-935d-40fb-954d-947dc1090e50 c8778c66d7644976a19bcfcf035beb3c badad4dc82a74e2788062edc3925de7d - - 5a1a72e7a3ec4b3e8f405893aa045520 5a1a72e7a3ec4b3e8f405893aa045520] 199.204.45.30 "GET /v2.0/networks/1f15a16f-d408-4418-8fd4-c84f4cffbc5c?fields=provider%3Aphysical_network&fields=provider%3Anetwork_type HTTP/1.1" status: 200 len: 277 time: 0.0715845
2026-05-30 06:26:33.420 10 INFO neutron.wsgi [None req-972744d9-085b-44d2-b6de-f020e2b606c6 fa9ca9eda4724365ad319b81ddc79576 604cbe8fbcb44e7bb365d0755c5a9367 - - default default] 199.204.45.30 "GET /v2.0/extensions/security-group HTTP/1.1" status: 200 len: 369 time: 0.0039597
2026-05-30 06:26:33.428 10 INFO neutron.wsgi [None req-29701365-887d-4132-923e-7e0633f06de8 fa9ca9eda4724365ad319b81ddc79576 604cbe8fbcb44e7bb365d0755c5a9367 - - default default] 199.204.45.30 "GET /v2.0/extensions/dns-integration HTTP/1.1" status: 200 len: 371 time: 0.0051246
2026-05-30 06:26:33.436 10 INFO neutron.wsgi [None req-fcbd715c-0e0e-47ba-a2eb-1908590318ac fa9ca9eda4724365ad319b81ddc79576 604cbe8fbcb44e7bb365d0755c5a9367 - - default default] 199.204.45.30 "GET /v2.0/extensions/qos HTTP/1.1" status: 200 len: 365 time: 0.0047219
2026-05-30 06:26:33.444 10 INFO neutron.wsgi [None req-5368b2f8-bce8-4f6f-a0c5-f4c4e07e8397 fa9ca9eda4724365ad319b81ddc79576 604cbe8fbcb44e7bb365d0755c5a9367 - - default default] 199.204.45.30 "GET /v2.0/extensions/allowed-address-pairs HTTP/1.1" status: 200 len: 383 time: 0.0046098
2026-05-30 06:26:33.486 10 INFO neutron.wsgi [None req-fef9356a-9e8e-48ce-a9ea-56dba6279ac2 fa9ca9eda4724365ad319b81ddc79576 604cbe8fbcb44e7bb365d0755c5a9367 - - default default] 199.204.45.30 "GET /v2.0/subnets/91b21c53-0fbe-4422-af98-2853f2b04cf8 HTTP/1.1" status: 200 len: 851 time: 0.0361500
2026-05-30 06:26:33.527 10 INFO neutron.wsgi [None req-0ebe3e5a-85f6-4ab5-a53c-9c89ac127249 fa9ca9eda4724365ad319b81ddc79576 604cbe8fbcb44e7bb365d0755c5a9367 - - default default] 199.204.45.30 "GET /v2.0/ports/39d704c4-9c11-4732-940f-906c5b2371f1 HTTP/1.1" status: 200 len: 1340 time: 0.0339804
2026-05-30 06:26:33.571 10 INFO neutron.wsgi [None req-3aaa331a-cf31-462c-8354-26e88bb4303f fa9ca9eda4724365ad319b81ddc79576 604cbe8fbcb44e7bb365d0755c5a9367 - - default default] 199.204.45.30 "GET /v2.0/ports/8b5eb163-2c8d-457d-ba5b-eae25ba30df0 HTTP/1.1" status: 200 len: 1519 time: 0.0353312
2026-05-30 06:26:33.615 10 INFO neutron.wsgi [None req-c14b4627-c919-4a7a-abd1-121a89a50929 fa9ca9eda4724365ad319b81ddc79576 604cbe8fbcb44e7bb365d0755c5a9367 - - default default] 199.204.45.30 "GET /v2.0/subnets/91b21c53-0fbe-4422-af98-2853f2b04cf8 HTTP/1.1" status: 200 len: 851 time: 0.0360353
2026-05-30 06:26:33.687 10 INFO neutron.wsgi [None req-f039a34c-6b8b-4651-9d75-359b6256937e fa9ca9eda4724365ad319b81ddc79576 604cbe8fbcb44e7bb365d0755c5a9367 - - default default] 199.204.45.30 "GET /v2.0/networks/1f15a16f-d408-4418-8fd4-c84f4cffbc5c HTTP/1.1" status: 200 len: 1002 time: 0.0635936
2026-05-30 06:26:33.734 10 INFO neutron.wsgi [None req-8d39e3c9-02db-4eea-9ca4-53e417d09477 fa9ca9eda4724365ad319b81ddc79576 604cbe8fbcb44e7bb365d0755c5a9367 - - default default] 199.204.45.30 "GET /v2.0/ports/39d704c4-9c11-4732-940f-906c5b2371f1 HTTP/1.1" status: 200 len: 1340 time: 0.0388327
2026-05-30 06:26:33.780 10 INFO neutron.wsgi [None req-f36bf2cf-a2eb-43e2-b96b-b0b291a11ce5 fa9ca9eda4724365ad319b81ddc79576 604cbe8fbcb44e7bb365d0755c5a9367 - - default default] 199.204.45.30 "GET /v2.0/subnets/91b21c53-0fbe-4422-af98-2853f2b04cf8 HTTP/1.1" status: 200 len: 851 time: 0.0356116
2026-05-30 06:26:34.108 10 INFO neutron.notifiers.nova [-] Nova event matching ['req-206e6f4d-2c23-4447-b281-d8f70e637b3b'] response: {'server_uuid': '3416107c-6a84-4fa8-8d1b-c331e92e7344', 'name': 'network-vif-deleted', 'tag': '2310afcd-f478-4a7b-85e1-73a0f2af108a', 'status': 'completed', 'code': 200}
2026-05-30 06:26:34.598 9 INFO neutron.notifiers.nova [-] Nova event matching ['req-a880b115-af6f-4413-946b-f6b20e261283'] response: {'server_uuid': '3416107c-6a84-4fa8-8d1b-c331e92e7344', 'name': 'network-vif-plugged', 'status': 'completed', 'tag': '2310afcd-f478-4a7b-85e1-73a0f2af108a', 'code': 200}
2026-05-30 06:26:40.664 9 INFO neutron.wsgi [-] 10.0.0.111 "GET / HTTP/1.1" status: 200 len: 247 time: 0.0026190
2026-05-30 06:26:40.664 10 INFO neutron.wsgi [-] 10.0.0.111 "GET / HTTP/1.1" status: 200 len: 247 time: 0.0025790
2026-05-30 06:26:42.163 10 INFO neutron.wsgi [None req-cfea9d7a-ec13-4d78-8515-9600cc238cb1 fa9ca9eda4724365ad319b81ddc79576 604cbe8fbcb44e7bb365d0755c5a9367 - - default default] 199.204.45.30 "GET /v2.0/extensions/security-group HTTP/1.1" status: 200 len: 369 time: 0.0083270
2026-05-30 06:26:42.181 10 INFO neutron.wsgi [None req-e8ba18c5-36bf-4bdc-91f4-00b35c9bed37 fa9ca9eda4724365ad319b81ddc79576 604cbe8fbcb44e7bb365d0755c5a9367 - - default default] 199.204.45.30 "GET /v2.0/extensions/dns-integration HTTP/1.1" status: 200 len: 371 time: 0.0090055
2026-05-30 06:26:42.195 10 INFO neutron.wsgi [None req-ad5635d6-4b79-410b-88e7-bc843a8ed4f6 fa9ca9eda4724365ad319b81ddc79576 604cbe8fbcb44e7bb365d0755c5a9367 - - default default] 199.204.45.30 "GET /v2.0/extensions/qos HTTP/1.1" status: 200 len: 365 time: 0.0085337
2026-05-30 06:26:42.204 10 INFO neutron.wsgi [None req-c7e945de-496b-4ad2-adf4-f5958e712c67 fa9ca9eda4724365ad319b81ddc79576 604cbe8fbcb44e7bb365d0755c5a9367 - - default default] 199.204.45.30 "GET /v2.0/extensions/allowed-address-pairs HTTP/1.1" status: 200 len: 383 time: 0.0036047
2026-05-30 06:26:42.219 10 INFO neutron.api.v2.resource [None req-42248321-0212-47a1-b23f-1a701e2193bb fa9ca9eda4724365ad319b81ddc79576 604cbe8fbcb44e7bb365d0755c5a9367 - - default default] show failed (client error): The resource could not be found.
2026-05-30 06:26:42.221 10 INFO neutron.wsgi [None req-42248321-0212-47a1-b23f-1a701e2193bb fa9ca9eda4724365ad319b81ddc79576 604cbe8fbcb44e7bb365d0755c5a9367 - - default default] 199.204.45.30 "GET /v2.0/security-groups/lb-599ac917-a14e-40ec-930f-2351fd4341f8 HTTP/1.1" status: 404 len: 355 time: 0.0101998
2026-05-30 06:26:42.276 10 INFO neutron.wsgi [None req-bf9dbd0c-d7be-4de0-8e7a-6e3f9a0123dd fa9ca9eda4724365ad319b81ddc79576 604cbe8fbcb44e7bb365d0755c5a9367 - - default default] 199.204.45.30 "GET /v2.0/security-groups?name=lb-599ac917-a14e-40ec-930f-2351fd4341f8 HTTP/1.1" status: 200 len: 2939 time: 0.0525861
2026-05-30 06:26:42.316 10 INFO neutron.wsgi [None req-5b9b772f-655f-468b-b4dc-f8bbfd3214f3 fa9ca9eda4724365ad319b81ddc79576 604cbe8fbcb44e7bb365d0755c5a9367 - - default default] 199.204.45.30 "GET /v2.0/security-group-rules?security_group_id=0c3d0cf4-f4c2-4770-92a8-461b41040a3e HTTP/1.1" status: 200 len: 2406 time: 0.0325015
2026-05-30 06:26:42.464 10 INFO neutron.wsgi [None req-58df2182-319e-4380-b8c5-bcc06059fd7a fa9ca9eda4724365ad319b81ddc79576 604cbe8fbcb44e7bb365d0755c5a9367 - - default default] 199.204.45.30 "DELETE /v2.0/security-group-rules/240661d5-d23b-4f80-9c15-f1be1fd2a933 HTTP/1.1" status: 204 len: 173 time: 0.1349652
2026-05-30 06:26:42.574 10 INFO neutron.wsgi [None req-fb01a8b4-02a1-4d14-beee-5c9fdfccb605 fa9ca9eda4724365ad319b81ddc79576 604cbe8fbcb44e7bb365d0755c5a9367 - - default default] 199.204.45.30 "DELETE /v2.0/security-group-rules/b13ff841-30f2-491d-95a6-27a6453fd791 HTTP/1.1" status: 204 len: 173 time: 0.1049523
2026-05-30 06:26:43.313 10 INFO neutron.wsgi [req-2fda1ffc-ff90-4010-bad3-f10ae4e8222b req-52ec773d-f8f4-49cc-9bee-324d43922d66 c8778c66d7644976a19bcfcf035beb3c badad4dc82a74e2788062edc3925de7d - - 5a1a72e7a3ec4b3e8f405893aa045520 5a1a72e7a3ec4b3e8f405893aa045520] 199.204.45.30 "GET /v2.0/ports?device_id=6f1922df-79bb-4aa8-aa7a-904809d271eb&fields=binding%3Ahost_id&fields=binding%3Avif_type HTTP/1.1" status: 200 len: 265 time: 0.0375676
2026-05-30 06:26:43.399 10 INFO neutron.wsgi [req-2fda1ffc-ff90-4010-bad3-f10ae4e8222b req-474934b2-3e7d-4fd4-9c39-9977cd625b83 c8778c66d7644976a19bcfcf035beb3c badad4dc82a74e2788062edc3925de7d - - 5a1a72e7a3ec4b3e8f405893aa045520 5a1a72e7a3ec4b3e8f405893aa045520] 199.204.45.30 "GET /v2.0/ports?tenant_id=352edd04f8034836b0b476e2133cf3a3&device_id=6f1922df-79bb-4aa8-aa7a-904809d271eb HTTP/1.1" status: 200 len: 1634 time: 0.0412493
2026-05-30 06:26:43.499 10 INFO neutron.wsgi [req-2fda1ffc-ff90-4010-bad3-f10ae4e8222b req-5450d403-29bb-4479-8199-5d7335ba559d c8778c66d7644976a19bcfcf035beb3c badad4dc82a74e2788062edc3925de7d - - 5a1a72e7a3ec4b3e8f405893aa045520 5a1a72e7a3ec4b3e8f405893aa045520] 199.204.45.30 "GET /v2.0/networks?id=6f903608-6d0f-40c3-bb61-38ea0c99e995 HTTP/1.1" status: 200 len: 1002 time: 0.0783541
2026-05-30 06:26:43.545 10 INFO neutron.wsgi [req-2fda1ffc-ff90-4010-bad3-f10ae4e8222b req-8257b372-d7bf-44e9-b34f-0ce56c377b03 c8778c66d7644976a19bcfcf035beb3c badad4dc82a74e2788062edc3925de7d - - 5a1a72e7a3ec4b3e8f405893aa045520 5a1a72e7a3ec4b3e8f405893aa045520] 199.204.45.30 "GET /v2.0/floatingips?fixed_ip_address=10.2.1.93&port_id=fcaba19e-ca54-4066-9f90-128c95bd54d2 HTTP/1.1" status: 200 len: 1058 time: 0.0370088
2026-05-30 06:26:43.576 10 INFO neutron.wsgi [req-2fda1ffc-ff90-4010-bad3-f10ae4e8222b req-acb97b7f-a509-4ead-b95c-1ecbe68e42a6 c8778c66d7644976a19bcfcf035beb3c badad4dc82a74e2788062edc3925de7d - - 5a1a72e7a3ec4b3e8f405893aa045520 5a1a72e7a3ec4b3e8f405893aa045520] 199.204.45.30 "GET /v2.0/floatingips?fixed_ip_address=fd7b%3Af9f7%3Afff%3A4eca%3A%3A35d&port_id=fcaba19e-ca54-4066-9f90-128c95bd54d2 HTTP/1.1" status: 200 len: 217 time: 0.0235415
2026-05-30 06:26:43.616 10 INFO neutron.wsgi [req-2fda1ffc-ff90-4010-bad3-f10ae4e8222b req-bad836c0-5274-4a0c-be46-a9f7403de58a c8778c66d7644976a19bcfcf035beb3c badad4dc82a74e2788062edc3925de7d - - 5a1a72e7a3ec4b3e8f405893aa045520 5a1a72e7a3ec4b3e8f405893aa045520] 199.204.45.30 "GET /v2.0/subnets?id=7662c103-6d19-4073-aaa4-1cd4901d8d67&id=33a25093-bf88-4da3-825b-d445aa0978eb HTTP/1.1" status: 200 len: 1562 time: 0.0341635
2026-05-30 06:26:43.642 10 INFO neutron.wsgi [req-2fda1ffc-ff90-4010-bad3-f10ae4e8222b req-1d8cf59b-507e-400e-a58e-bbe9050ed0f0 c8778c66d7644976a19bcfcf035beb3c badad4dc82a74e2788062edc3925de7d - - 5a1a72e7a3ec4b3e8f405893aa045520 5a1a72e7a3ec4b3e8f405893aa045520] 199.204.45.30 "GET /v2.0/ports?network_id=6f903608-6d0f-40c3-bb61-38ea0c99e995&device_owner=network%3Adhcp HTTP/1.1" status: 200 len: 210 time: 0.0181072
2026-05-30 06:26:43.672 10 INFO neutron.wsgi [req-2fda1ffc-ff90-4010-bad3-f10ae4e8222b req-ece338d9-ad9c-40ed-a6ab-7b4bd6b4fe75 c8778c66d7644976a19bcfcf035beb3c badad4dc82a74e2788062edc3925de7d - - 5a1a72e7a3ec4b3e8f405893aa045520 5a1a72e7a3ec4b3e8f405893aa045520] 199.204.45.30 "GET /v2.0/ports?network_id=6f903608-6d0f-40c3-bb61-38ea0c99e995&device_owner=network%3Adhcp HTTP/1.1" status: 200 len: 210 time: 0.0209558
2026-05-30 06:26:43.734 10 INFO neutron.wsgi [req-2fda1ffc-ff90-4010-bad3-f10ae4e8222b req-62762912-38b9-454c-9676-461e7fdbe716 c8778c66d7644976a19bcfcf035beb3c badad4dc82a74e2788062edc3925de7d - - 5a1a72e7a3ec4b3e8f405893aa045520 5a1a72e7a3ec4b3e8f405893aa045520] 199.204.45.30 "GET /v2.0/networks/6f903608-6d0f-40c3-bb61-38ea0c99e995?fields=segments HTTP/1.1" status: 200 len: 212 time: 0.0539451
2026-05-30 06:26:43.803 10 INFO neutron.wsgi [req-2fda1ffc-ff90-4010-bad3-f10ae4e8222b req-778bc770-d6c2-41d9-8661-dbb51f592d9c c8778c66d7644976a19bcfcf035beb3c badad4dc82a74e2788062edc3925de7d - - 5a1a72e7a3ec4b3e8f405893aa045520 5a1a72e7a3ec4b3e8f405893aa045520] 199.204.45.30 "GET /v2.0/networks/6f903608-6d0f-40c3-bb61-38ea0c99e995?fields=provider%3Aphysical_network&fields=provider%3Anetwork_type HTTP/1.1" status: 200 len: 277 time: 0.0608828
2026-05-30 06:26:46.381 9 INFO neutron.db.l3_db [None req-559a55d6-3a53-4447-bd94-4053401bb5ab a184890562914b0f803724249bf9e123 352edd04f8034836b0b476e2133cf3a3 - - default default] Floating IP 4c3366c0-5fd2-4b46-ba0f-3a8e70754709 disassociated (deleted). External IP: 10.96.250.201, port: 39d704c4-9c11-4732-940f-906c5b2371f1.
2026-05-30 06:26:46.426 9 INFO neutron.wsgi [None req-559a55d6-3a53-4447-bd94-4053401bb5ab a184890562914b0f803724249bf9e123 352edd04f8034836b0b476e2133cf3a3 - - default default] 10.0.0.233 "DELETE /v2.0/floatingips/4c3366c0-5fd2-4b46-ba0f-3a8e70754709 HTTP/1.1" status: 204 len: 168 time: 0.4157827
2026-05-30 06:26:46.455 9 INFO neutron.api.v2.resource [None req-17dfebe6-e2f3-4484-95ce-362872c1e769 a184890562914b0f803724249bf9e123 352edd04f8034836b0b476e2133cf3a3 - - default default] show failed (client error): The resource could not be found.
2026-05-30 06:26:46.457 9 INFO neutron.wsgi [None req-17dfebe6-e2f3-4484-95ce-362872c1e769 a184890562914b0f803724249bf9e123 352edd04f8034836b0b476e2133cf3a3 - - default default] 10.0.0.233 "GET /v2.0/floatingips/4c3366c0-5fd2-4b46-ba0f-3a8e70754709 HTTP/1.1" status: 404 len: 345 time: 0.0254614
2026-05-30 06:26:46.975 9 INFO neutron.wsgi [None req-dd630f00-c9aa-4ed5-9b95-d5989d07ff74 fa9ca9eda4724365ad319b81ddc79576 604cbe8fbcb44e7bb365d0755c5a9367 - - default default] 199.204.45.30 "GET /v2.0/extensions/security-group HTTP/1.1" status: 200 len: 369 time: 0.0082207
2026-05-30 06:26:46.984 9 INFO neutron.wsgi [None req-50ba2761-ddd6-473f-81d6-b77c3d70d658 fa9ca9eda4724365ad319b81ddc79576 604cbe8fbcb44e7bb365d0755c5a9367 - - default default] 199.204.45.30 "GET /v2.0/extensions/dns-integration HTTP/1.1" status: 200 len: 371 time: 0.0045886
2026-05-30 06:26:46.995 9 INFO neutron.wsgi [None req-82ecef8c-5089-4574-8e94-64941269dbba fa9ca9eda4724365ad319b81ddc79576 604cbe8fbcb44e7bb365d0755c5a9367 - - default default] 199.204.45.30 "GET /v2.0/extensions/qos HTTP/1.1" status: 200 len: 365 time: 0.0074711
2026-05-30 06:26:47.011 9 INFO neutron.wsgi [None req-8287894e-9eff-490d-b669-42c15903ea6a fa9ca9eda4724365ad319b81ddc79576 604cbe8fbcb44e7bb365d0755c5a9367 - - default default] 199.204.45.30 "GET /v2.0/extensions/allowed-address-pairs HTTP/1.1" status: 200 len: 383 time: 0.0077915
2026-05-30 06:26:47.056 9 INFO neutron.wsgi [None req-b0582e9b-a19d-42c3-9d15-d368e1f42ed3 fa9ca9eda4724365ad319b81ddc79576 604cbe8fbcb44e7bb365d0755c5a9367 - - default default] 199.204.45.30 "GET /v2.0/subnets/91b21c53-0fbe-4422-af98-2853f2b04cf8 HTTP/1.1" status: 200 len: 851 time: 0.0385778
2026-05-30 06:26:47.101 9 INFO neutron.wsgi [None req-b0e4def8-b2fa-40a6-a39a-fa532e3ec1d3 fa9ca9eda4724365ad319b81ddc79576 604cbe8fbcb44e7bb365d0755c5a9367 - - default default] 199.204.45.30 "GET /v2.0/ports?device_id=3416107c-6a84-4fa8-8d1b-c331e92e7344 HTTP/1.1" status: 200 len: 2728 time: 0.0396373
2026-05-30 06:26:47.154 9 INFO neutron.wsgi [None req-e95535f5-3db4-4783-8fda-5b604c505a81 fa9ca9eda4724365ad319b81ddc79576 604cbe8fbcb44e7bb365d0755c5a9367 - - default default] 199.204.45.30 "GET /v2.0/ports?device_id=3416107c-6a84-4fa8-8d1b-c331e92e7344 HTTP/1.1" status: 200 len: 2728 time: 0.0447853
2026-05-30 06:26:47.249 9 INFO neutron.wsgi [None req-348f3c2b-9fea-47ee-8353-c14debb86358 fa9ca9eda4724365ad319b81ddc79576 604cbe8fbcb44e7bb365d0755c5a9367 - - default default] 199.204.45.30 "GET /v2.0/ports?device_id=3416107c-6a84-4fa8-8d1b-c331e92e7344 HTTP/1.1" status: 200 len: 2728 time: 0.0406239
2026-05-30 06:26:47.499 10 INFO neutron.plugins.ml2.drivers.ovn.mech_driver.mech_driver [None req-63e0e90d-16ac-4ee9-8703-71e66a698c84 - - - - - -] OVN reports status down for port: 8b5eb163-2c8d-457d-ba5b-eae25ba30df0 /var/lib/openstack/lib/python3.10/site-packages/pycadf/identifier.py:71: UserWarning: Invalid uuid: neutron. To ensure interoperability, identifiers should be a valid uuid. warnings.warn(('Invalid uuid: %s. To ensure interoperability, '
2026-05-30 06:26:47.590 10 INFO neutron.wsgi [req-14efe65c-c221-43d0-9b79-b4fc5a75284b req-05651589-32d4-4f5d-86aa-419881bc9c90 c8778c66d7644976a19bcfcf035beb3c badad4dc82a74e2788062edc3925de7d - - 5a1a72e7a3ec4b3e8f405893aa045520 5a1a72e7a3ec4b3e8f405893aa045520] 199.204.45.30 "GET /v2.0/ports/8b5eb163-2c8d-457d-ba5b-eae25ba30df0 HTTP/1.1" status: 200 len: 1519 time: 0.0529876
2026-05-30 06:26:47.631 10 INFO neutron.wsgi [req-14efe65c-c221-43d0-9b79-b4fc5a75284b req-baa81fd3-409b-455d-a2f0-137ff4760bd9 fa9ca9eda4724365ad319b81ddc79576 604cbe8fbcb44e7bb365d0755c5a9367 - - default default] 199.204.45.30 "GET /v2.0/ports/8b5eb163-2c8d-457d-ba5b-eae25ba30df0?fields=binding%3Aprofile&fields=network_id HTTP/1.1" status: 200 len: 281 time: 0.0340750
2026-05-30 06:26:47.694 10 INFO neutron.notifiers.nova [-] Nova event matching ['req-8ccbda5b-e9c6-4e48-9cf6-be9c04f80f7d'] response: {'server_uuid': '3416107c-6a84-4fa8-8d1b-c331e92e7344', 'name': 'network-vif-unplugged', 'status': 'completed', 'tag': '8b5eb163-2c8d-457d-ba5b-eae25ba30df0', 'code': 200}
2026-05-30 06:26:47.728 10 INFO neutron.wsgi [req-14efe65c-c221-43d0-9b79-b4fc5a75284b req-50db2121-dd49-4ef3-a423-dc53dbcf1dd5 fa9ca9eda4724365ad319b81ddc79576 604cbe8fbcb44e7bb365d0755c5a9367 - - default default] 199.204.45.30 "GET /v2.0/networks/1f15a16f-d408-4418-8fd4-c84f4cffbc5c?fields=dns_domain HTTP/1.1" status: 200 len: 227 time: 0.0932536
2026-05-30 06:26:47.828 9 INFO neutron.db.ovn_revision_numbers_db [None req-022736b0-6da0-4409-a671-edd2feb8e77f - - - - - -] Successfully bumped revision number for resource 39d704c4-9c11-4732-940f-906c5b2371f1 (type: ports) to 6
2026-05-30 06:26:47.920 10 INFO neutron.db.ovn_revision_numbers_db [None req-63e0e90d-16ac-4ee9-8703-71e66a698c84 - - - - - -] Successfully bumped revision number for resource 8b5eb163-2c8d-457d-ba5b-eae25ba30df0 (type: ports) to 7
2026-05-30 06:26:47.955 10 INFO neutron.plugins.ml2.drivers.ovn.mech_driver.mech_driver [None req-63e0e90d-16ac-4ee9-8703-71e66a698c84 - - - - - -] OVN reports status down for port: 39d704c4-9c11-4732-940f-906c5b2371f1
2026-05-30 06:26:48.297 9 INFO neutron.wsgi [None req-519f3194-e634-49ff-9b04-38c4fca1eb0e fa9ca9eda4724365ad319b81ddc79576 604cbe8fbcb44e7bb365d0755c5a9367 - - default default] 199.204.45.30 "GET /v2.0/ports?device_id=3416107c-6a84-4fa8-8d1b-c331e92e7344 HTTP/1.1" status: 200 len: 1417 time: 0.0364633
2026-05-30 06:26:48.396 10 INFO neutron.db.ovn_revision_numbers_db [req-14efe65c-c221-43d0-9b79-b4fc5a75284b req-3490bc68-6f19-467a-8b9d-4c96b7a89ed7 c8778c66d7644976a19bcfcf035beb3c badad4dc82a74e2788062edc3925de7d - - 5a1a72e7a3ec4b3e8f405893aa045520 5a1a72e7a3ec4b3e8f405893aa045520] Successfully bumped revision number for resource 8b5eb163-2c8d-457d-ba5b-eae25ba30df0 (type: ports) to 8
