2026-05-30 06:25:08.040 9 WARNING neutron.api.rpc.agentnotifiers.dhcp_rpc_agent_api [None req-88bece62-d812-41ae-9317-b5a7421512ec e70490acc7064445bdf571a28ffd2f09 038aef3f268b4d9c9b41a94ade510a04 - - default default] Unable to schedule network cf4e2358-9003-4b81-bdc4-538a18c8e7ee: no agents available; will retry on subsequent port and subnet creation events.
2026-05-30 06:25:08.041 10 INFO neutron.wsgi [None req-9133082a-de3e-44e4-88e3-85bbb1996403 3d3280db6c75431da3f405887e1969dc 71ef0e6436c24bbb956ceeeb1906c458 - - default default] 10.0.0.233 "DELETE /v2.0/trunks/b4655b4e-359c-4cfd-b0a5-5b5cc1305b01 HTTP/1.1" status: 204 len: 168 time: 0.0870070
2026-05-30 06:25:08.065 10 INFO neutron.wsgi [None req-bd6d294e-cf39-4b23-ad25-4515c9391dd7 3d3280db6c75431da3f405887e1969dc 71ef0e6436c24bbb956ceeeb1906c458 - - default default] 10.0.0.233 "GET /v2.0/trunks/3a9141ed-c928-4a13-8759-f67e3974927a HTTP/1.1" status: 200 len: 603 time: 0.0198066
2026-05-30 06:25:08.071 9 INFO neutron.api.v2.resource [None req-1d329c58-d39d-4882-ad81-e82c8b6558e3 ca0a388049b346fbbec46666ebe39669 8071a6ca2c1140878cc72ce585e00796 - - default default] delete failed (client error): The resource could not be found.
2026-05-30 06:25:08.073 9 INFO neutron.wsgi [None req-1d329c58-d39d-4882-ad81-e82c8b6558e3 ca0a388049b346fbbec46666ebe39669 8071a6ca2c1140878cc72ce585e00796 - - default default] 10.0.0.233 "DELETE /v2.0/routers/83a59f93-0eed-44e8-b899-c07821f3ba2b/tags/green HTTP/1.1" status: 404 len: 299 time: 0.0795851
2026-05-30 06:25:08.134 9 INFO neutron.db.ovn_revision_numbers_db [None req-88bece62-d812-41ae-9317-b5a7421512ec e70490acc7064445bdf571a28ffd2f09 038aef3f268b4d9c9b41a94ade510a04 - - default default] Successfully bumped revision number for resource 86f7706b-f2d6-47ac-b308-68357c236396 (type: ports) to 1
2026-05-30 06:25:08.153 9 INFO neutron.wsgi [None req-88bece62-d812-41ae-9317-b5a7421512ec e70490acc7064445bdf571a28ffd2f09 038aef3f268b4d9c9b41a94ade510a04 - - default default] 10.0.0.233 "POST /v2.0/networks HTTP/1.1" status: 201 len: 829 time: 0.7010012
2026-05-30 06:25:08.164 9 WARNING neutron_lib.context [None req-5f8aa2d8-1364-49c9-810b-3657316413a0 e70490acc7064445bdf571a28ffd2f09 038aef3f268b4d9c9b41a94ade510a04 - - default default] Method 'is_advsvc' is deprecated since 2023.2 release (neutron-lib 3.8.0) and will be removed once support for the old RBAC API policies will be removed from Neutron. Please use method 'is_service_role' instead.
2026-05-30 06:25:08.174 10 INFO neutron.wsgi [None req-542d1b1f-6564-4348-8f85-c40b0015cf35 ca0a388049b346fbbec46666ebe39669 8071a6ca2c1140878cc72ce585e00796 - - default default] 10.0.0.233 "DELETE /v2.0/routers/83a59f93-0eed-44e8-b899-c07821f3ba2b/tags HTTP/1.1" status: 204 len: 168 time: 0.0967631
2026-05-30 06:25:08.189 10 INFO neutron.wsgi [None req-1d7a9ea3-1f7b-4e3d-968b-e48fb60e057d 3d3280db6c75431da3f405887e1969dc 71ef0e6436c24bbb956ceeeb1906c458 - - default default] 10.0.0.233 "GET /v2.0/ports/0344d4ac-48ad-4ae8-8df1-fbe114978e2f HTTP/1.1" status: 200 len: 1020 time: 0.1184709
2026-05-30 06:25:08.239 10 INFO neutron.wsgi [None req-e9c46ccc-ce04-4afc-aa9f-b28a57951d7b ca0a388049b346fbbec46666ebe39669 8071a6ca2c1140878cc72ce585e00796 - - default default] 10.0.0.233 "GET /v2.0/routers/83a59f93-0eed-44e8-b899-c07821f3ba2b/tags HTTP/1.1" status: 200 len: 205 time: 0.0596497
2026-05-30 06:25:08.297 10 INFO neutron.wsgi [None req-af60ebe0-e3f4-4c14-a57d-375472022670 3d3280db6c75431da3f405887e1969dc 71ef0e6436c24bbb956ceeeb1906c458 - - default default] 10.0.0.233 "DELETE /v2.0/trunks/3a9141ed-c928-4a13-8759-f67e3974927a HTTP/1.1" status: 204 len: 168 time: 0.1046896
2026-05-30 06:25:08.301 9 INFO neutron.wsgi [None req-edd4e7b7-6a30-481f-876c-8a558726ff8d ca0a388049b346fbbec46666ebe39669 8071a6ca2c1140878cc72ce585e00796 - - default default] 10.0.0.233 "GET /v2.0/routers/83a59f93-0eed-44e8-b899-c07821f3ba2b HTTP/1.1" status: 200 len: 655 time: 0.0561950
2026-05-30 06:25:08.566 10 INFO neutron.wsgi [None req-472a1fd0-9217-4a2e-ab02-25dbee86e2d2 3d3280db6c75431da3f405887e1969dc 71ef0e6436c24bbb956ceeeb1906c458 - - default default] 10.0.0.233 "DELETE /v2.0/ports/35e3185f-a309-453a-a83e-3a6e6aa4fb8e HTTP/1.1" status: 204 len: 168 time: 0.2641478
2026-05-30 06:25:08.731 9 WARNING neutron.scheduler.dhcp_agent_scheduler [None req-5f8aa2d8-1364-49c9-810b-3657316413a0 e70490acc7064445bdf571a28ffd2f09 038aef3f268b4d9c9b41a94ade510a04 - - default default] No more DHCP agents
2026-05-30 06:25:08.735 9 WARNING neutron.api.rpc.agentnotifiers.dhcp_rpc_agent_api [None req-5f8aa2d8-1364-49c9-810b-3657316413a0 e70490acc7064445bdf571a28ffd2f09 038aef3f268b4d9c9b41a94ade510a04 - - default default] Unable to schedule network cf4e2358-9003-4b81-bdc4-538a18c8e7ee: no agents available; will retry on subsequent port and subnet creation events.
2026-05-30 06:25:08.838 10 INFO neutron.wsgi [None req-0620b9d1-b845-44db-af99-0bf9981a8ae1 3d3280db6c75431da3f405887e1969dc 71ef0e6436c24bbb956ceeeb1906c458 - - default default] 10.0.0.233 "DELETE /v2.0/ports/262490f7-036f-4d7f-b2d7-d3ca235f97b5 HTTP/1.1" status: 204 len: 168 time: 0.2669723
2026-05-30 06:25:08.916 9 INFO neutron.db.ovn_revision_numbers_db [None req-5f8aa2d8-1364-49c9-810b-3657316413a0 e70490acc7064445bdf571a28ffd2f09 038aef3f268b4d9c9b41a94ade510a04 - - default default] Successfully bumped revision number for resource ca9740b8-661b-447a-bbfb-2d2220c92dea (type: ports) to 1
2026-05-30 06:25:08.982 9 INFO neutron.wsgi [None req-5f8aa2d8-1364-49c9-810b-3657316413a0 e70490acc7064445bdf571a28ffd2f09 038aef3f268b4d9c9b41a94ade510a04 - - default default] 10.0.0.233 "POST /v2.0/ports HTTP/1.1" status: 201 len: 942 time: 0.8234568 /var/lib/openstack/lib/python3.10/site-packages/pycadf/identifier.py:71: UserWarning: Invalid uuid: neutron. To ensure interoperability, identifiers should be a valid uuid. warnings.warn(('Invalid uuid: %s. To ensure interoperability, '
2026-05-30 06:25:09.003 9 WARNING neutron_lib.context [None req-1237bf91-6508-4992-9189-65f79f0df5b5 e70490acc7064445bdf571a28ffd2f09 038aef3f268b4d9c9b41a94ade510a04 - - default default] Method 'is_advsvc' is deprecated since 2023.2 release (neutron-lib 3.8.0) and will be removed once support for the old RBAC API policies will be removed from Neutron. Please use method 'is_service_role' instead.
2026-05-30 06:25:09.081 10 INFO neutron.wsgi [None req-c887a8b5-c77c-44f7-a086-0380a96fc4a4 3d3280db6c75431da3f405887e1969dc 71ef0e6436c24bbb956ceeeb1906c458 - - default default] 10.0.0.233 "DELETE /v2.0/ports/57c2a09f-270b-4b5b-b944-9df9bf459700 HTTP/1.1" status: 204 len: 168 time: 0.2351351
2026-05-30 06:25:09.111 9 INFO neutron.db.ovn_revision_numbers_db [None req-adc91975-22e3-41ce-a25e-225214b111bf ca0a388049b346fbbec46666ebe39669 8071a6ca2c1140878cc72ce585e00796 - - default default] Successfully bumped revision number for resource 83a59f93-0eed-44e8-b899-c07821f3ba2b (type: routers) to 7
2026-05-30 06:25:09.115 9 INFO neutron.wsgi [None req-adc91975-22e3-41ce-a25e-225214b111bf ca0a388049b346fbbec46666ebe39669 8071a6ca2c1140878cc72ce585e00796 - - default default] 10.0.0.233 "PUT /v2.0/routers/83a59f93-0eed-44e8-b899-c07821f3ba2b HTTP/1.1" status: 200 len: 655 time: 0.8058033
2026-05-30 06:25:09.117 9 INFO neutron.db.segments_db [None req-1237bf91-6508-4992-9189-65f79f0df5b5 e70490acc7064445bdf571a28ffd2f09 038aef3f268b4d9c9b41a94ade510a04 - - default default] Added segment 3c315c89-84e6-454e-bd49-7232f2da22f1 of type geneve for network c7a146be-e35d-40c5-9a01-8846afa08952
2026-05-30 06:25:09.151 10 INFO neutron.wsgi [None req-0ea3a73b-6419-4fa0-9292-ab65b1c6224a ca0a388049b346fbbec46666ebe39669 8071a6ca2c1140878cc72ce585e00796 - - default default] 10.0.0.233 "GET /v2.0/ports?device_id=83a59f93-0eed-44e8-b899-c07821f3ba2b HTTP/1.1" status: 200 len: 205 time: 0.0301983
2026-05-30 06:25:09.255 9 INFO neutron.db.ovn_revision_numbers_db [None req-1237bf91-6508-4992-9189-65f79f0df5b5 e70490acc7064445bdf571a28ffd2f09 038aef3f268b4d9c9b41a94ade510a04 - - default default] Successfully bumped revision number for resource c7a146be-e35d-40c5-9a01-8846afa08952 (type: networks) to 1
2026-05-30 06:25:09.484 9 WARNING neutron.scheduler.dhcp_agent_scheduler [None req-1237bf91-6508-4992-9189-65f79f0df5b5 e70490acc7064445bdf571a28ffd2f09 038aef3f268b4d9c9b41a94ade510a04 - - default default] No more DHCP agents
2026-05-30 06:25:09.487 9 WARNING neutron.api.rpc.agentnotifiers.dhcp_rpc_agent_api [None req-1237bf91-6508-4992-9189-65f79f0df5b5 e70490acc7064445bdf571a28ffd2f09 038aef3f268b4d9c9b41a94ade510a04 - - default default] Unable to schedule network c7a146be-e35d-40c5-9a01-8846afa08952: no agents available; will retry on subsequent port and subnet creation events.
2026-05-30 06:25:09.514 10 INFO neutron.wsgi [None req-5ae2dfa5-24c0-4692-b6dc-eef34951018e ca0a388049b346fbbec46666ebe39669 8071a6ca2c1140878cc72ce585e00796 - - default default] 10.0.0.233 "DELETE /v2.0/routers/83a59f93-0eed-44e8-b899-c07821f3ba2b HTTP/1.1" status: 204 len: 168 time: 0.3574433
2026-05-30 06:25:09.525 10 INFO neutron.wsgi [None req-e0599fef-a8ac-4839-b759-73df4442182d 3d3280db6c75431da3f405887e1969dc 71ef0e6436c24bbb956ceeeb1906c458 - - default default] 10.0.0.233 "DELETE /v2.0/ports/6fe2c027-9b7c-4256-8eb1-44cb3644cb9d HTTP/1.1" status: 204 len: 168 time: 0.4394460
2026-05-30 06:25:09.588 9 INFO neutron.db.ovn_revision_numbers_db [None req-1237bf91-6508-4992-9189-65f79f0df5b5 e70490acc7064445bdf571a28ffd2f09 038aef3f268b4d9c9b41a94ade510a04 - - default default] Successfully bumped revision number for resource 8ba35ac4-9d37-4ff5-bac8-3aefdc4cf74f (type: ports) to 1
2026-05-30 06:25:09.614 9 INFO neutron.wsgi [None req-1237bf91-6508-4992-9189-65f79f0df5b5 e70490acc7064445bdf571a28ffd2f09 038aef3f268b4d9c9b41a94ade510a04 - - default default] 10.0.0.233 "POST /v2.0/networks HTTP/1.1" status: 201 len: 830 time: 0.6159670
2026-05-30 06:25:09.626 9 WARNING neutron_lib.context [None req-4a5967c4-c14e-4c6f-89c6-840cf23dceff e70490acc7064445bdf571a28ffd2f09 038aef3f268b4d9c9b41a94ade510a04 - - default default] Method 'is_advsvc' is deprecated since 2023.2 release (neutron-lib 3.8.0) and will be removed once support for the old RBAC API policies will be removed from Neutron. Please use method 'is_service_role' instead.
2026-05-30 06:25:09.873 10 INFO neutron.wsgi [None req-7c5f4a52-40f0-4272-8569-ee846c16559f 3d3280db6c75431da3f405887e1969dc 71ef0e6436c24bbb956ceeeb1906c458 - - default default] 10.0.0.233 "DELETE /v2.0/ports/0344d4ac-48ad-4ae8-8df1-fbe114978e2f HTTP/1.1" status: 204 len: 168 time: 0.3427236
2026-05-30 06:25:09.954 9 WARNING neutron.scheduler.dhcp_agent_scheduler [None req-4a5967c4-c14e-4c6f-89c6-840cf23dceff e70490acc7064445bdf571a28ffd2f09 038aef3f268b4d9c9b41a94ade510a04 - - default default] No more DHCP agents
2026-05-30 06:25:09.957 9 WARNING neutron.api.rpc.agentnotifiers.dhcp_rpc_agent_api [None req-4a5967c4-c14e-4c6f-89c6-840cf23dceff e70490acc7064445bdf571a28ffd2f09 038aef3f268b4d9c9b41a94ade510a04 - - default default] Unable to schedule network c7a146be-e35d-40c5-9a01-8846afa08952: no agents available; will retry on subsequent port and subnet creation events.
2026-05-30 06:25:10.092 9 INFO neutron.db.ovn_revision_numbers_db [None req-4a5967c4-c14e-4c6f-89c6-840cf23dceff e70490acc7064445bdf571a28ffd2f09 038aef3f268b4d9c9b41a94ade510a04 - - default default] Successfully bumped revision number for resource 1a66b760-ec9c-4433-91bc-ce14a0c39ed8 (type: ports) to 1
2026-05-30 06:25:10.141 9 INFO neutron.wsgi [None req-4a5967c4-c14e-4c6f-89c6-840cf23dceff e70490acc7064445bdf571a28ffd2f09 038aef3f268b4d9c9b41a94ade510a04 - - default default] 10.0.0.233 "POST /v2.0/ports HTTP/1.1" status: 201 len: 942 time: 0.5210874
2026-05-30 06:25:10.159 10 WARNING neutron_lib.context [None req-17018824-a8e8-4192-8b78-e514a70bc31e e70490acc7064445bdf571a28ffd2f09 038aef3f268b4d9c9b41a94ade510a04 - - default default] Method 'is_advsvc' is deprecated since 2023.2 release (neutron-lib 3.8.0) and will be removed once support for the old RBAC API policies will be removed from Neutron. Please use method 'is_service_role' instead.
2026-05-30 06:25:10.241 10 INFO neutron.db.segments_db [None req-17018824-a8e8-4192-8b78-e514a70bc31e e70490acc7064445bdf571a28ffd2f09 038aef3f268b4d9c9b41a94ade510a04 - - default default] Added segment 1c6ad1c0-23f5-448a-b24c-f03b8b4b0d36 of type geneve for network ea960998-76fe-4911-a688-ef6f845124bc
2026-05-30 06:25:10.338 9 INFO neutron.services.segments.plugin [-] Segment a0aafb94-1404-4579-ad73-c209b9b17ee3 resource provider aggregate not found
2026-05-30 06:25:10.347 9 INFO neutron.services.segments.plugin [-] Segment a0aafb94-1404-4579-ad73-c209b9b17ee3 resource provider aggregate not found
2026-05-30 06:25:10.373 9 INFO neutron.services.segments.plugin [-] Segment a0aafb94-1404-4579-ad73-c209b9b17ee3 resource provider not found; error: Placement Client Error (4xx): {"errors": [{"status": 404, "title": "Not Found", "detail": "The resource could not be found.\n\n No resource provider with uuid a0aafb94-1404-4579-ad73-c209b9b17ee3 found for delete ", "request_id": "req-6a5d46e7-eb36-463c-90d1-db7f315a8a69"}]}
2026-05-30 06:25:10.374 9 INFO neutron.services.segments.plugin [-] Segment a0aafb94-1404-4579-ad73-c209b9b17ee3 resource provider not found; error: Placement Client Error (4xx): {"errors": [{"status": 404, "title": "Not Found", "detail": "The resource could not be found.\n\n No resource provider with uuid a0aafb94-1404-4579-ad73-c209b9b17ee3 found for delete ", "request_id": "req-85cc0814-4f12-487f-94f4-93bf9215bb56"}]}
2026-05-30 06:25:10.404 9 INFO neutron.wsgi [None req-a8343bb6-bbd1-468f-adb1-0025310bb3dd 3d3280db6c75431da3f405887e1969dc 71ef0e6436c24bbb956ceeeb1906c458 - - default default] 10.0.0.233 "DELETE /v2.0/networks/701da1d4-3af0-413f-b332-ea9276f5130e HTTP/1.1" status: 204 len: 168 time: 0.5264809 /var/lib/openstack/lib/python3.10/site-packages/pycadf/identifier.py:71: UserWarning: Invalid uuid: neutron. To ensure interoperability, identifiers should be a valid uuid. warnings.warn(('Invalid uuid: %s. To ensure interoperability, '
2026-05-30 06:25:10.416 10 INFO neutron.db.ovn_revision_numbers_db [None req-17018824-a8e8-4192-8b78-e514a70bc31e e70490acc7064445bdf571a28ffd2f09 038aef3f268b4d9c9b41a94ade510a04 - - default default] Successfully bumped revision number for resource ea960998-76fe-4911-a688-ef6f845124bc (type: networks) to 1
2026-05-30 06:25:10.623 10 WARNING neutron.scheduler.dhcp_agent_scheduler [None req-17018824-a8e8-4192-8b78-e514a70bc31e e70490acc7064445bdf571a28ffd2f09 038aef3f268b4d9c9b41a94ade510a04 - - default default] No more DHCP agents
2026-05-30 06:25:10.629 10 WARNING neutron.api.rpc.agentnotifiers.dhcp_rpc_agent_api [None req-17018824-a8e8-4192-8b78-e514a70bc31e e70490acc7064445bdf571a28ffd2f09 038aef3f268b4d9c9b41a94ade510a04 - - default default] Unable to schedule network ea960998-76fe-4911-a688-ef6f845124bc: no agents available; will retry on subsequent port and subnet creation events.
2026-05-30 06:25:10.661 9 INFO neutron.wsgi [-] 10.0.0.111 "GET / HTTP/1.1" status: 200 len: 247 time: 0.0012407
2026-05-30 06:25:10.663 9 INFO neutron.wsgi [-] 10.0.0.111 "GET / HTTP/1.1" status: 200 len: 247 time: 0.0010741
2026-05-30 06:25:10.691 10 INFO neutron.db.ovn_revision_numbers_db [None req-b7180221-f3c8-43bc-a01f-97ee5316091e fa9ca9eda4724365ad319b81ddc79576 604cbe8fbcb44e7bb365d0755c5a9367 - - default default] Successfully bumped revision number for resource d92901df-8713-4810-94e3-1632bd1bf786 (type: security_groups) to 1
2026-05-30 06:25:10.720 10 INFO neutron.db.ovn_revision_numbers_db [None req-b7180221-f3c8-43bc-a01f-97ee5316091e fa9ca9eda4724365ad319b81ddc79576 604cbe8fbcb44e7bb365d0755c5a9367 - - default default] Successfully bumped revision number for resource 049f2088-6fdc-49d1-afb9-f7b4242048c8 (type: security_group_rules) to 0
2026-05-30 06:25:10.728 10 INFO neutron.db.ovn_revision_numbers_db [None req-17018824-a8e8-4192-8b78-e514a70bc31e e70490acc7064445bdf571a28ffd2f09 038aef3f268b4d9c9b41a94ade510a04 - - default default] Successfully bumped revision number for resource 52175122-acd6-41f7-a7e3-e6cafcb37837 (type: ports) to 1
2026-05-30 06:25:10.735 10 INFO neutron.db.ovn_revision_numbers_db [None req-b7180221-f3c8-43bc-a01f-97ee5316091e fa9ca9eda4724365ad319b81ddc79576 604cbe8fbcb44e7bb365d0755c5a9367 - - default default] Successfully bumped revision number for resource 4229911d-e311-4d44-a98a-339dbe633a86 (type: security_group_rules) to 0
2026-05-30 06:25:10.747 10 INFO neutron.wsgi [None req-17018824-a8e8-4192-8b78-e514a70bc31e e70490acc7064445bdf571a28ffd2f09 038aef3f268b4d9c9b41a94ade510a04 - - default default] 10.0.0.233 "POST /v2.0/networks HTTP/1.1" status: 201 len: 830 time: 0.5950809
2026-05-30 06:25:10.751 10 INFO neutron.db.ovn_revision_numbers_db [None req-b7180221-f3c8-43bc-a01f-97ee5316091e fa9ca9eda4724365ad319b81ddc79576 604cbe8fbcb44e7bb365d0755c5a9367 - - default default] Successfully bumped revision number for resource 5b754935-a2be-4edf-80a5-735f2151d9b0 (type: security_group_rules) to 0
2026-05-30 06:25:10.760 9 WARNING neutron_lib.context [None req-9bd0023c-0e85-481c-9677-56f2e34a39e5 e70490acc7064445bdf571a28ffd2f09 038aef3f268b4d9c9b41a94ade510a04 - - default default] Method 'is_advsvc' is deprecated since 2023.2 release (neutron-lib 3.8.0) and will be removed once support for the old RBAC API policies will be removed from Neutron. Please use method 'is_service_role' instead.
2026-05-30 06:25:10.762 10 INFO neutron.db.ovn_revision_numbers_db [None req-b7180221-f3c8-43bc-a01f-97ee5316091e fa9ca9eda4724365ad319b81ddc79576 604cbe8fbcb44e7bb365d0755c5a9367 - - default default] Successfully bumped revision number for resource d4b7a028-2ecb-4257-a5b0-0f1666a4430a (type: security_group_rules) to 0
2026-05-30 06:25:10.781 10 INFO neutron.wsgi [None req-b7180221-f3c8-43bc-a01f-97ee5316091e fa9ca9eda4724365ad319b81ddc79576 604cbe8fbcb44e7bb365d0755c5a9367 - - default default] 10.0.0.233 "GET /v2.0/security-groups?tenant_id=8071a6ca2c1140878cc72ce585e00796&name=default HTTP/1.1" status: 200 len: 2996 time: 0.3795166
2026-05-30 06:25:10.828 9 INFO neutron.wsgi [None req-435fff6e-df9b-4d9a-9749-e4b1b7e72263 3d3280db6c75431da3f405887e1969dc 71ef0e6436c24bbb956ceeeb1906c458 - - default default] 10.0.0.233 "DELETE /v2.0/networks/20d82286-1d12-48a8-97d4-3115bcf5b329 HTTP/1.1" status: 204 len: 168 time: 0.4186592
2026-05-30 06:25:10.980 9 WARNING neutron.scheduler.dhcp_agent_scheduler [None req-9bd0023c-0e85-481c-9677-56f2e34a39e5 e70490acc7064445bdf571a28ffd2f09 038aef3f268b4d9c9b41a94ade510a04 - - default default] No more DHCP agents
2026-05-30 06:25:10.982 9 WARNING neutron.api.rpc.agentnotifiers.dhcp_rpc_agent_api [None req-9bd0023c-0e85-481c-9677-56f2e34a39e5 e70490acc7064445bdf571a28ffd2f09 038aef3f268b4d9c9b41a94ade510a04 - - default default] Unable to schedule network ea960998-76fe-4911-a688-ef6f845124bc: no agents available; will retry on subsequent port and subnet creation events.
2026-05-30 06:25:11.028 10 INFO neutron.wsgi [None req-6fd7ca51-fd55-430e-a30e-38111c118493 fa9ca9eda4724365ad319b81ddc79576 604cbe8fbcb44e7bb365d0755c5a9367 - - default default] 10.0.0.233 "DELETE /v2.0/security-groups/d92901df-8713-4810-94e3-1632bd1bf786 HTTP/1.1" status: 204 len: 168 time: 0.2414873
2026-05-30 06:25:11.068 9 INFO neutron.db.ovn_revision_numbers_db [None req-9bd0023c-0e85-481c-9677-56f2e34a39e5 e70490acc7064445bdf571a28ffd2f09 038aef3f268b4d9c9b41a94ade510a04 - - default default] Successfully bumped revision number for resource b8bfe5e0-b962-4815-ac48-f13304446d5d (type: ports) to 1
2026-05-30 06:25:11.094 9 INFO neutron.wsgi [None req-9bd0023c-0e85-481c-9677-56f2e34a39e5 e70490acc7064445bdf571a28ffd2f09 038aef3f268b4d9c9b41a94ade510a04 - - default default] 10.0.0.233 "POST /v2.0/ports HTTP/1.1" status: 201 len: 942 time: 0.3407066 /var/lib/openstack/lib/python3.10/site-packages/pycadf/identifier.py:71: UserWarning: Invalid uuid: neutron. To ensure interoperability, identifiers should be a valid uuid. warnings.warn(('Invalid uuid: %s. To ensure interoperability, '
2026-05-30 06:25:11.147 9 INFO neutron.wsgi [None req-d84cb3fe-f4e4-4a2d-b370-6297efdf9736 e70490acc7064445bdf571a28ffd2f09 038aef3f268b4d9c9b41a94ade510a04 - - default default] 10.0.0.233 "PUT /v2.0/ports/0611983f-dbdc-4d26-a4b5-95f8188a4d9a/tags HTTP/1.1" status: 200 len: 210 time: 0.0498061
2026-05-30 06:25:11.188 10 INFO neutron.services.segments.plugin [-] Segment 21f8b669-9cc1-4d55-86d8-68ce87112e61 resource provider aggregate not found
2026-05-30 06:25:11.193 10 INFO neutron.services.segments.plugin [-] Segment 21f8b669-9cc1-4d55-86d8-68ce87112e61 resource provider aggregate not found
2026-05-30 06:25:11.208 10 INFO neutron.services.segments.plugin [-] Segment 21f8b669-9cc1-4d55-86d8-68ce87112e61 resource provider not found; error: Placement Client Error (4xx): {"errors": [{"status": 404, "title": "Not Found", "detail": "The resource could not be found.\n\n No resource provider with uuid 21f8b669-9cc1-4d55-86d8-68ce87112e61 found for delete ", "request_id": "req-91d68646-97b8-490d-81b3-d992be5101e4"}]}
2026-05-30 06:25:11.210 10 INFO neutron.services.segments.plugin [-] Segment 21f8b669-9cc1-4d55-86d8-68ce87112e61 resource provider not found; error: Placement Client Error (4xx): {"errors": [{"status": 404, "title": "Not Found", "detail": "The resource could not be found.\n\n No resource provider with uuid 21f8b669-9cc1-4d55-86d8-68ce87112e61 found for delete ", "request_id": "req-118408e3-5b96-4409-9313-ea3c4d96a59b"}]}
2026-05-30 06:25:11.211 9 INFO neutron.wsgi [None req-07df11c7-c8f1-43ad-ad14-ff960a5cabe6 e70490acc7064445bdf571a28ffd2f09 038aef3f268b4d9c9b41a94ade510a04 - - default default] 10.0.0.233 "PUT /v2.0/ports/eada82e9-0c58-4c6d-9096-59332a6bce1a/tags HTTP/1.1" status: 200 len: 218 time: 0.0568595
2026-05-30 06:25:11.233 10 INFO neutron.wsgi [None req-392e76b4-d1f7-4882-94cd-4a7857054fa2 3d3280db6c75431da3f405887e1969dc 71ef0e6436c24bbb956ceeeb1906c458 - - default default] 10.0.0.233 "DELETE /v2.0/networks/42898ce0-c8e6-4b07-a431-f2725c55b9d8 HTTP/1.1" status: 204 len: 168 time: 0.3976016
2026-05-30 06:25:11.479 9 INFO neutron.wsgi [None req-2f366abb-1188-4669-9626-84753a1cc8f9 e70490acc7064445bdf571a28ffd2f09 038aef3f268b4d9c9b41a94ade510a04 - - default default] 10.0.0.233 "PUT /v2.0/ports/ca9740b8-661b-447a-bbfb-2d2220c92dea/tags HTTP/1.1" status: 200 len: 227 time: 0.2626507
2026-05-30 06:25:11.479 9 INFO neutron.db.ovn_revision_numbers_db [None req-01d3d072-0656-4379-80f6-87601d63b04f fa9ca9eda4724365ad319b81ddc79576 604cbe8fbcb44e7bb365d0755c5a9367 - - default default] Successfully bumped revision number for resource 15a46e15-0fc1-4e76-8367-cbbf0f0d5abc (type: security_groups) to 1
2026-05-30 06:25:11.496 9 INFO neutron.db.ovn_revision_numbers_db [None req-01d3d072-0656-4379-80f6-87601d63b04f fa9ca9eda4724365ad319b81ddc79576 604cbe8fbcb44e7bb365d0755c5a9367 - - default default] Successfully bumped revision number for resource 0b48fa31-e521-4abe-98ec-a7b6599b2c29 (type: security_group_rules) to 0
2026-05-30 06:25:11.510 9 INFO neutron.db.ovn_revision_numbers_db [None req-01d3d072-0656-4379-80f6-87601d63b04f fa9ca9eda4724365ad319b81ddc79576 604cbe8fbcb44e7bb365d0755c5a9367 - - default default] Successfully bumped revision number for resource 3551aaed-1171-410b-bae8-46686e3b6935 (type: security_group_rules) to 0
2026-05-30 06:25:11.526 9 INFO neutron.db.ovn_revision_numbers_db [None req-01d3d072-0656-4379-80f6-87601d63b04f fa9ca9eda4724365ad319b81ddc79576 604cbe8fbcb44e7bb365d0755c5a9367 - - default default] Successfully bumped revision number for resource 8cede2b6-d417-483b-a0ff-12eb84399840 (type: security_group_rules) to 0
2026-05-30 06:25:11.530 10 INFO neutron.wsgi [None req-fd0923ff-449c-46dd-8c6d-4cffb3d7eea5 e70490acc7064445bdf571a28ffd2f09 038aef3f268b4d9c9b41a94ade510a04 - - default default] 10.0.0.233 "PUT /v2.0/ports/1a66b760-ec9c-4433-91bc-ce14a0c39ed8/tags HTTP/1.1" status: 200 len: 212 time: 0.0453248
2026-05-30 06:25:11.552 9 INFO neutron.db.ovn_revision_numbers_db [None req-01d3d072-0656-4379-80f6-87601d63b04f fa9ca9eda4724365ad319b81ddc79576 604cbe8fbcb44e7bb365d0755c5a9367 - - default default] Successfully bumped revision number for resource 95c5b0aa-d0b4-4394-8cfb-32587bc5df26 (type: security_group_rules) to 0
2026-05-30 06:25:11.594 9 INFO neutron.wsgi [None req-01d3d072-0656-4379-80f6-87601d63b04f fa9ca9eda4724365ad319b81ddc79576 604cbe8fbcb44e7bb365d0755c5a9367 - - default default] 10.0.0.233 "GET /v2.0/security-groups?tenant_id=758e5663c43a4a2eacb8669223a30eaa&name=default HTTP/1.1" status: 200 len: 2996 time: 0.4703345
2026-05-30 06:25:11.709 10 INFO neutron.wsgi [None req-6880b438-e366-47e9-8b1f-871b8d607e37 e70490acc7064445bdf571a28ffd2f09 038aef3f268b4d9c9b41a94ade510a04 - - default default] 10.0.0.233 "GET /v2.0/ports?tags=red HTTP/1.1" status: 200 len: 2448 time: 0.1733568
2026-05-30 06:25:11.776 10 INFO neutron.wsgi [None req-6cffe638-1c3f-40f9-821d-500bcc6911a4 e70490acc7064445bdf571a28ffd2f09 038aef3f268b4d9c9b41a94ade510a04 - - default default] 10.0.0.233 "GET /v2.0/ports?tags=red%2Cblue HTTP/1.1" status: 200 len: 1708 time: 0.0606794
2026-05-30 06:25:11.831 10 INFO neutron.wsgi [None req-25310188-0fb9-4869-8c01-59304ded6213 e70490acc7064445bdf571a28ffd2f09 038aef3f268b4d9c9b41a94ade510a04 - - default default] 10.0.0.233 "GET /v2.0/ports?tags-any=blue HTTP/1.1" status: 200 len: 1708 time: 0.0499923
2026-05-30 06:25:11.851 9 INFO neutron.wsgi [None req-31188f33-fcb1-4ce7-b392-5b1c74316d73 3d3280db6c75431da3f405887e1969dc 71ef0e6436c24bbb956ceeeb1906c458 - - default default] 10.0.0.233 "DELETE /v2.0/networks/68bc91fe-d074-4a7f-b8eb-1225b65d0e77 HTTP/1.1" status: 204 len: 168 time: 0.6116428
2026-05-30 06:25:11.871 9 INFO neutron.wsgi [None req-26432cbd-80da-4b41-8039-f20d3f413b9c fa9ca9eda4724365ad319b81ddc79576 604cbe8fbcb44e7bb365d0755c5a9367 - - default default] 10.0.0.233 "DELETE /v2.0/security-groups/15a46e15-0fc1-4e76-8367-cbbf0f0d5abc HTTP/1.1" status: 204 len: 168 time: 0.2718196
2026-05-30 06:25:12.121 10 INFO neutron.wsgi [None req-5bc87446-6249-4717-8fe0-7d1a130c6000 e70490acc7064445bdf571a28ffd2f09 038aef3f268b4d9c9b41a94ade510a04 - - default default] 10.0.0.233 "GET /v2.0/ports?tags-any=red%2Cblue HTTP/1.1" status: 200 len: 2448 time: 0.2858560
2026-05-30 06:25:12.411 9 INFO neutron.services.segments.plugin [-] Segment 35963f2f-4649-40ea-aeef-2747c9ded7fe resource provider aggregate not found
2026-05-30 06:25:12.418 9 INFO neutron.services.segments.plugin [-] Segment 35963f2f-4649-40ea-aeef-2747c9ded7fe resource provider aggregate not found
2026-05-30 06:25:12.436 9 INFO neutron.services.segments.plugin [-] Segment 35963f2f-4649-40ea-aeef-2747c9ded7fe resource provider not found; error: Placement Client Error (4xx): {"errors": [{"status": 404, "title": "Not Found", "detail": "The resource could not be found.\n\n No resource provider with uuid 35963f2f-4649-40ea-aeef-2747c9ded7fe found for delete ", "request_id": "req-84311806-77f2-4a91-9813-11f604399022"}]}
2026-05-30 06:25:12.446 9 INFO neutron.services.segments.plugin [-] Segment 35963f2f-4649-40ea-aeef-2747c9ded7fe resource provider not found; error: Placement Client Error (4xx): {"errors": [{"status": 404, "title": "Not Found", "detail": "The resource could not be found.\n\n No resource provider with uuid 35963f2f-4649-40ea-aeef-2747c9ded7fe found for delete ", "request_id": "req-d7f7d72c-83e4-4fe7-aed9-1480c76e4699"}]}
2026-05-30 06:25:12.455 9 INFO neutron.services.segments.plugin [-] Segment 23900eb7-56ce-420d-b0f5-634b6129a67d resource provider aggregate not found
2026-05-30 06:25:12.480 9 INFO neutron.services.segments.plugin [-] Segment 23900eb7-56ce-420d-b0f5-634b6129a67d resource provider aggregate not found
2026-05-30 06:25:12.485 10 INFO neutron.wsgi [None req-62ba50ea-17c7-4690-9c62-3584ab1574e7 3d3280db6c75431da3f405887e1969dc 71ef0e6436c24bbb956ceeeb1906c458 - - default default] 10.0.0.233 "DELETE /v2.0/networks/d52ae3a1-e4ca-4f0c-a3ff-29a190835ae3 HTTP/1.1" status: 204 len: 168 time: 0.6287727
2026-05-30 06:25:12.486 9 INFO neutron.services.segments.plugin [-] Segment 23900eb7-56ce-420d-b0f5-634b6129a67d resource provider not found; error: Placement Client Error (4xx): {"errors": [{"status": 404, "title": "Not Found", "detail": "The resource could not be found.\n\n No resource provider with uuid 23900eb7-56ce-420d-b0f5-634b6129a67d found for delete ", "request_id": "req-e42d40d4-adc7-408c-a419-7658d1992f02"}]}
2026-05-30 06:25:12.499 9 INFO neutron.services.segments.plugin [-] Segment 23900eb7-56ce-420d-b0f5-634b6129a67d resource provider not found; error: Placement Client Error (4xx): {"errors": [{"status": 404, "title": "Not Found", "detail": "The resource could not be found.\n\n No resource provider with uuid 23900eb7-56ce-420d-b0f5-634b6129a67d found for delete ", "request_id": "req-d0247211-b0df-4b5d-aa71-4e47c0eecffa"}]}
2026-05-30 06:25:12.516 9 INFO neutron.wsgi [None req-a668bbf0-3825-4d75-b21c-0ef1d0e9e757 e70490acc7064445bdf571a28ffd2f09 038aef3f268b4d9c9b41a94ade510a04 - - default default] 10.0.0.233 "GET /v2.0/ports?not-tags=red HTTP/1.1" status: 200 len: 5463 time: 0.3873804
2026-05-30 06:25:12.609 9 INFO neutron.wsgi [None req-569564dc-59b7-4c22-8614-a3b31e05d419 e70490acc7064445bdf571a28ffd2f09 038aef3f268b4d9c9b41a94ade510a04 - - default default] 10.0.0.233 "GET /v2.0/ports?not-tags=red%2Cblue HTTP/1.1" status: 200 len: 6203 time: 0.0892251
2026-05-30 06:25:12.699 9 INFO neutron.wsgi [None req-7a0516a4-f719-4c29-9adf-618941a616aa e70490acc7064445bdf571a28ffd2f09 038aef3f268b4d9c9b41a94ade510a04 - - default default] 10.0.0.233 "GET /v2.0/ports?not-tags-any=blue HTTP/1.1" status: 200 len: 6203 time: 0.0781083
2026-05-30 06:25:12.757 9 INFO neutron.wsgi [None req-8a5a5b8c-22bb-43f1-aca3-05bd6989b970 e70490acc7064445bdf571a28ffd2f09 038aef3f268b4d9c9b41a94ade510a04 - - default default] 10.0.0.233 "GET /v2.0/ports?not-tags-any=red%2Cblue HTTP/1.1" status: 200 len: 5463 time: 0.0530798
2026-05-30 06:25:13.001 9 INFO neutron.wsgi [None req-9ff71113-9507-4fbc-8fc7-362032cfadb7 e70490acc7064445bdf571a28ffd2f09 038aef3f268b4d9c9b41a94ade510a04 - - default default] 10.0.0.233 "DELETE /v2.0/ports/0611983f-dbdc-4d26-a4b5-95f8188a4d9a HTTP/1.1" status: 204 len: 168 time: 0.2345130
2026-05-30 06:25:13.238 10 INFO neutron.services.segments.plugin [-] Segment f04d6ec1-5b0e-41a7-a587-ab1e75bb023f resource provider aggregate not found
2026-05-30 06:25:13.244 10 INFO neutron.services.segments.plugin [-] Segment f04d6ec1-5b0e-41a7-a587-ab1e75bb023f resource provider aggregate not found
2026-05-30 06:25:13.248 9 INFO neutron.wsgi [None req-c796b49c-f8ed-486f-b57e-97610b6fe12e e70490acc7064445bdf571a28ffd2f09 038aef3f268b4d9c9b41a94ade510a04 - - default default] 10.0.0.233 "DELETE /v2.0/ports/eada82e9-0c58-4c6d-9096-59332a6bce1a HTTP/1.1" status: 204 len: 168 time: 0.2420168
2026-05-30 06:25:13.272 10 INFO neutron.services.segments.plugin [-] Segment f04d6ec1-5b0e-41a7-a587-ab1e75bb023f resource provider not found; error: Placement Client Error (4xx): {"errors": [{"status": 404, "title": "Not Found", "detail": "The resource could not be found.\n\n No resource provider with uuid f04d6ec1-5b0e-41a7-a587-ab1e75bb023f found for delete ", "request_id": "req-d4f31c2e-d9ab-4b7d-a627-f25c2ea8944f"}]}
2026-05-30 06:25:13.273 10 INFO neutron.services.segments.plugin [-] Segment f04d6ec1-5b0e-41a7-a587-ab1e75bb023f resource provider not found; error: Placement Client Error (4xx): {"errors": [{"status": 404, "title": "Not Found", "detail": "The resource could not be found.\n\n No resource provider with uuid f04d6ec1-5b0e-41a7-a587-ab1e75bb023f found for delete ", "request_id": "req-138b1ccf-71a5-4b6e-8cb5-a5cdfed869f2"}]}
2026-05-30 06:25:13.524 9 INFO neutron.db.ovn_revision_numbers_db [None req-4d29a67d-18fd-4eab-ac1f-d242d0203fb1 fa9ca9eda4724365ad319b81ddc79576 604cbe8fbcb44e7bb365d0755c5a9367 - - default default] Successfully bumped revision number for resource d67a7656-a2ac-4a4a-a743-ac066a8e73f9 (type: security_groups) to 1
2026-05-30 06:25:13.542 10 INFO neutron.wsgi [None req-6ef7ce61-2f24-4761-bef3-3a39a31251a2 e70490acc7064445bdf571a28ffd2f09 038aef3f268b4d9c9b41a94ade510a04 - - default default] 10.0.0.233 "DELETE /v2.0/ports/ca9740b8-661b-447a-bbfb-2d2220c92dea HTTP/1.1" status: 204 len: 168 time: 0.2897484
2026-05-30 06:25:13.546 9 INFO neutron.db.ovn_revision_numbers_db [None req-4d29a67d-18fd-4eab-ac1f-d242d0203fb1 fa9ca9eda4724365ad319b81ddc79576 604cbe8fbcb44e7bb365d0755c5a9367 - - default default] Successfully bumped revision number for resource 82409bd3-756b-4700-8133-5056704ffe9b (type: security_group_rules) to 0
2026-05-30 06:25:13.559 9 INFO neutron.db.ovn_revision_numbers_db [None req-4d29a67d-18fd-4eab-ac1f-d242d0203fb1 fa9ca9eda4724365ad319b81ddc79576 604cbe8fbcb44e7bb365d0755c5a9367 - - default default] Successfully bumped revision number for resource 9396d686-016b-4bb5-8a8b-b09df0cbe791 (type: security_group_rules) to 0
2026-05-30 06:25:13.575 9 INFO neutron.db.ovn_revision_numbers_db [None req-4d29a67d-18fd-4eab-ac1f-d242d0203fb1 fa9ca9eda4724365ad319b81ddc79576 604cbe8fbcb44e7bb365d0755c5a9367 - - default default] Successfully bumped revision number for resource 9efef30c-1afa-4a34-bab2-e62669a4497b (type: security_group_rules) to 0
2026-05-30 06:25:13.590 9 INFO neutron.db.ovn_revision_numbers_db [None req-4d29a67d-18fd-4eab-ac1f-d242d0203fb1 fa9ca9eda4724365ad319b81ddc79576 604cbe8fbcb44e7bb365d0755c5a9367 - - default default] Successfully bumped revision number for resource c9936c7d-a88c-4690-8864-fd50ff979b75 (type: security_group_rules) to 0
2026-05-30 06:25:13.621 9 INFO neutron.wsgi [None req-4d29a67d-18fd-4eab-ac1f-d242d0203fb1 fa9ca9eda4724365ad319b81ddc79576 604cbe8fbcb44e7bb365d0755c5a9367 - - default default] 10.0.0.233 "GET /v2.0/security-groups?tenant_id=2ff96b9736f64c858bf2e01017527951&name=default HTTP/1.1" status: 200 len: 2996 time: 0.4163218
2026-05-30 06:25:13.798 10 INFO neutron.wsgi [None req-7198ef0f-e68b-463f-98dd-76ced59a62b9 e70490acc7064445bdf571a28ffd2f09 038aef3f268b4d9c9b41a94ade510a04 - - default default] 10.0.0.233 "DELETE /v2.0/ports/1a66b760-ec9c-4433-91bc-ce14a0c39ed8 HTTP/1.1" status: 204 len: 168 time: 0.2524347
2026-05-30 06:25:13.847 9 INFO neutron.wsgi [None req-e7f26900-7a96-417d-ac73-c6885571b09b fa9ca9eda4724365ad319b81ddc79576 604cbe8fbcb44e7bb365d0755c5a9367 - - default default] 10.0.0.233 "DELETE /v2.0/security-groups/d67a7656-a2ac-4a4a-a743-ac066a8e73f9 HTTP/1.1" status: 204 len: 168 time: 0.2181520
2026-05-30 06:25:14.085 10 INFO neutron.wsgi [None req-3b65e7e8-ee09-4dd0-b3f2-d6c14a1e3faf e70490acc7064445bdf571a28ffd2f09 038aef3f268b4d9c9b41a94ade510a04 - - default default] 10.0.0.233 "DELETE /v2.0/ports/b8bfe5e0-b962-4815-ac48-f13304446d5d HTTP/1.1" status: 204 len: 168 time: 0.2816596
2026-05-30 06:25:14.193 9 INFO neutron.db.ovn_revision_numbers_db [None req-43154c5b-66e5-457d-86ce-94e5e352852d fa9ca9eda4724365ad319b81ddc79576 604cbe8fbcb44e7bb365d0755c5a9367 - - default default] Successfully bumped revision number for resource c86f7e5d-845b-4c59-91f0-875a6a2300f1 (type: security_groups) to 1
2026-05-30 06:25:14.209 9 INFO neutron.db.ovn_revision_numbers_db [None req-43154c5b-66e5-457d-86ce-94e5e352852d fa9ca9eda4724365ad319b81ddc79576 604cbe8fbcb44e7bb365d0755c5a9367 - - default default] Successfully bumped revision number for resource 0953b7aa-0b9d-407e-991a-fa5627519046 (type: security_group_rules) to 0
2026-05-30 06:25:14.226 9 INFO neutron.db.ovn_revision_numbers_db [None req-43154c5b-66e5-457d-86ce-94e5e352852d fa9ca9eda4724365ad319b81ddc79576 604cbe8fbcb44e7bb365d0755c5a9367 - - default default] Successfully bumped revision number for resource 2bb560b9-3182-4a00-93aa-ad27295dd4d1 (type: security_group_rules) to 0
2026-05-30 06:25:14.244 9 INFO neutron.db.ovn_revision_numbers_db [None req-43154c5b-66e5-457d-86ce-94e5e352852d fa9ca9eda4724365ad319b81ddc79576 604cbe8fbcb44e7bb365d0755c5a9367 - - default default] Successfully bumped revision number for resource 65cc3d60-2ea2-4075-8e65-0e0aee32106e (type: security_group_rules) to 0
2026-05-30 06:25:14.258 9 INFO neutron.db.ovn_revision_numbers_db [None req-43154c5b-66e5-457d-86ce-94e5e352852d fa9ca9eda4724365ad319b81ddc79576 604cbe8fbcb44e7bb365d0755c5a9367 - - default default] Successfully bumped revision number for resource a0201a78-4fac-4503-9604-96fe75bed72d (type: security_group_rules) to 0
2026-05-30 06:25:14.281 9 INFO neutron.wsgi [None req-43154c5b-66e5-457d-86ce-94e5e352852d fa9ca9eda4724365ad319b81ddc79576 604cbe8fbcb44e7bb365d0755c5a9367 - - default default] 10.0.0.233 "GET /v2.0/security-groups?tenant_id=36edf18c79d2404c886bc48521aece06&name=default HTTP/1.1" status: 200 len: 2996 time: 0.2191005
2026-05-30 06:25:14.486 10 INFO neutron.wsgi [None req-15861f89-df3d-4b06-be12-548e75b96d51 e70490acc7064445bdf571a28ffd2f09 038aef3f268b4d9c9b41a94ade510a04 - - default default] 10.0.0.233 "DELETE /v2.0/networks/22b939c6-7f07-4b7f-b8d8-314c2fe999db HTTP/1.1" status: 204 len: 168 time: 0.3959172
2026-05-30 06:25:14.521 9 INFO neutron.wsgi [None req-f62d3733-ac90-44d3-898d-fae8385ee0ef fa9ca9eda4724365ad319b81ddc79576 604cbe8fbcb44e7bb365d0755c5a9367 - - default default] 10.0.0.233 "DELETE /v2.0/security-groups/c86f7e5d-845b-4c59-91f0-875a6a2300f1 HTTP/1.1" status: 204 len: 168 time: 0.2354984
2026-05-30 06:25:14.770 9 INFO neutron.wsgi [None req-f9b0ea8b-9399-48d7-b838-d1a211219482 fa9ca9eda4724365ad319b81ddc79576 604cbe8fbcb44e7bb365d0755c5a9367 - - default default] 10.0.0.233 "GET /v2.0/security-groups?tenant_id=71ef0e6436c24bbb956ceeeb1906c458&name=default HTTP/1.1" status: 200 len: 2996 time: 0.0519962
2026-05-30 06:25:14.880 10 INFO neutron.wsgi [None req-cea308a9-51f1-4ea3-b160-1317d8938c91 e70490acc7064445bdf571a28ffd2f09 038aef3f268b4d9c9b41a94ade510a04 - - default default] 10.0.0.233 "DELETE /v2.0/networks/7e671478-da99-4fd0-b6d3-d792e41c3764 HTTP/1.1" status: 204 len: 168 time: 0.3872890
2026-05-30 06:25:15.030 9 INFO neutron.wsgi [None req-93ef788a-38c6-4839-a630-658f1a085a81 fa9ca9eda4724365ad319b81ddc79576 604cbe8fbcb44e7bb365d0755c5a9367 - - default default] 10.0.0.233 "DELETE /v2.0/security-groups/07077464-ebe8-4143-9b90-f3afd1cfd305 HTTP/1.1" status: 204 len: 168 time: 0.2550774
2026-05-30 06:25:15.263 9 INFO neutron.services.segments.plugin [-] Segment 6ee54bd5-f9b9-4d39-a833-9981ef3728d1 resource provider aggregate not found
2026-05-30 06:25:15.268 9 INFO neutron.services.segments.plugin [-] Segment 6ee54bd5-f9b9-4d39-a833-9981ef3728d1 resource provider aggregate not found
2026-05-30 06:25:15.287 9 INFO neutron.services.segments.plugin [-] Segment 6ee54bd5-f9b9-4d39-a833-9981ef3728d1 resource provider not found; error: Placement Client Error (4xx): {"errors": [{"status": 404, "title": "Not Found", "detail": "The resource could not be found.\n\n No resource provider with uuid 6ee54bd5-f9b9-4d39-a833-9981ef3728d1 found for delete ", "request_id": "req-a4ec977c-779f-4a5e-aa33-6f388d60841a"}]}
2026-05-30 06:25:15.291 9 INFO neutron.services.segments.plugin [-] Segment 6ee54bd5-f9b9-4d39-a833-9981ef3728d1 resource provider not found; error: Placement Client Error (4xx): {"errors": [{"status": 404, "title": "Not Found", "detail": "The resource could not be found.\n\n No resource provider with uuid 6ee54bd5-f9b9-4d39-a833-9981ef3728d1 found for delete ", "request_id": "req-f4fbfa1f-398c-481d-ade7-55c4757f88b3"}]}
2026-05-30 06:25:15.317 10 INFO neutron.services.segments.plugin [-] Segment b5081495-507c-433b-b66d-67095939ab28 resource provider aggregate not found
2026-05-30 06:25:15.330 10 INFO neutron.services.segments.plugin [-] Segment b5081495-507c-433b-b66d-67095939ab28 resource provider aggregate not found
2026-05-30 06:25:15.332 9 INFO neutron.wsgi [None req-c0436c9e-93b6-4824-9fb9-966d0baca0fa e70490acc7064445bdf571a28ffd2f09 038aef3f268b4d9c9b41a94ade510a04 - - default default] 10.0.0.233 "DELETE /v2.0/networks/cf4e2358-9003-4b81-bdc4-538a18c8e7ee HTTP/1.1" status: 204 len: 168 time: 0.4472032
2026-05-30 06:25:15.346 10 INFO neutron.services.segments.plugin [-] Segment b5081495-507c-433b-b66d-67095939ab28 resource provider not found; error: Placement Client Error (4xx): {"errors": [{"status": 404, "title": "Not Found", "detail": "The resource could not be found.\n\n No resource provider with uuid b5081495-507c-433b-b66d-67095939ab28 found for delete ", "request_id": "req-038b35bc-08ea-41a7-8b5b-0c58282ac053"}]}
2026-05-30 06:25:15.351 10 INFO neutron.services.segments.plugin [-] Segment b5081495-507c-433b-b66d-67095939ab28 resource provider not found; error: Placement Client Error (4xx): {"errors": [{"status": 404, "title": "Not Found", "detail": "The resource could not be found.\n\n No resource provider with uuid b5081495-507c-433b-b66d-67095939ab28 found for delete ", "request_id": "req-17b5cf7a-1c8e-48ab-ab3e-428e413be6e3"}]}
2026-05-30 06:25:15.367 10 INFO neutron.services.segments.plugin [-] Segment 055dfeaf-e675-481d-b345-9fccaad0c282 resource provider aggregate not found
2026-05-30 06:25:15.378 10 INFO neutron.services.segments.plugin [-] Segment 055dfeaf-e675-481d-b345-9fccaad0c282 resource provider aggregate not found
2026-05-30 06:25:15.383 10 INFO neutron.services.segments.plugin [-] Segment 055dfeaf-e675-481d-b345-9fccaad0c282 resource provider not found; error: Placement Client Error (4xx): {"errors": [{"status": 404, "title": "Not Found", "detail": "The resource could not be found.\n\n No resource provider with uuid 055dfeaf-e675-481d-b345-9fccaad0c282 found for delete ", "request_id": "req-ed59c2f6-d562-484d-afe6-a366a0da31b3"}]}
2026-05-30 06:25:15.403 10 INFO neutron.services.segments.plugin [-] Segment 055dfeaf-e675-481d-b345-9fccaad0c282 resource provider not found; error: Placement Client Error (4xx): {"errors": [{"status": 404, "title": "Not Found", "detail": "The resource could not be found.\n\n No resource provider with uuid 055dfeaf-e675-481d-b345-9fccaad0c282 found for delete ", "request_id": "req-7f30793f-6c18-4dda-84c7-eff6c10f4e2a"}]}
2026-05-30 06:25:15.641 9 WARNING neutron_lib.context [None req-fdf6b6fe-7769-441a-b8c0-bc35819b995f e60b3dfba9cc4086b25607291cc3cdf0 f7be6297e3cd4f809ca2ab7df6bd23b7 - - default default] Method 'is_advsvc' is deprecated since 2023.2 release (neutron-lib 3.8.0) and will be removed once support for the old RBAC API policies will be removed from Neutron. Please use method 'is_service_role' instead.
2026-05-30 06:25:15.769 9 INFO neutron.db.ovn_revision_numbers_db [None req-fdf6b6fe-7769-441a-b8c0-bc35819b995f e60b3dfba9cc4086b25607291cc3cdf0 f7be6297e3cd4f809ca2ab7df6bd23b7 - - default default] Successfully bumped revision number for resource d044350b-4d81-41f1-9421-d7292cf9c163 (type: security_groups) to 1
2026-05-30 06:25:15.789 9 INFO neutron.db.ovn_revision_numbers_db [None req-fdf6b6fe-7769-441a-b8c0-bc35819b995f e60b3dfba9cc4086b25607291cc3cdf0 f7be6297e3cd4f809ca2ab7df6bd23b7 - - default default] Successfully bumped revision number for resource 5e31e8c1-a2e8-4632-86e2-800f509cf560 (type: security_group_rules) to 0
2026-05-30 06:25:15.796 10 INFO neutron.wsgi [None req-9034e708-4936-4154-aff2-329da799bd93 e70490acc7064445bdf571a28ffd2f09 038aef3f268b4d9c9b41a94ade510a04 - - default default] 10.0.0.233 "DELETE /v2.0/networks/c7a146be-e35d-40c5-9a01-8846afa08952 HTTP/1.1" status: 204 len: 168 time: 0.4582133
2026-05-30 06:25:15.821 9 INFO neutron.db.ovn_revision_numbers_db [None req-fdf6b6fe-7769-441a-b8c0-bc35819b995f e60b3dfba9cc4086b25607291cc3cdf0 f7be6297e3cd4f809ca2ab7df6bd23b7 - - default default] Successfully bumped revision number for resource 79fd54ca-f9c0-497f-b539-6d5bfdda6e48 (type: security_group_rules) to 0
2026-05-30 06:25:15.857 9 INFO neutron.db.ovn_revision_numbers_db [None req-fdf6b6fe-7769-441a-b8c0-bc35819b995f e60b3dfba9cc4086b25607291cc3cdf0 f7be6297e3cd4f809ca2ab7df6bd23b7 - - default default] Successfully bumped revision number for resource af411124-fbdc-4c7d-aa30-6ec7b4a8aa69 (type: security_group_rules) to 0
2026-05-30 06:25:15.877 9 INFO neutron.db.ovn_revision_numbers_db [None req-fdf6b6fe-7769-441a-b8c0-bc35819b995f e60b3dfba9cc4086b25607291cc3cdf0 f7be6297e3cd4f809ca2ab7df6bd23b7 - - default default] Successfully bumped revision number for resource e880c45c-766a-47cb-9cd0-45b9dcecff86 (type: security_group_rules) to 0
2026-05-30 06:25:15.933 9 INFO neutron.db.segments_db [None req-fdf6b6fe-7769-441a-b8c0-bc35819b995f e60b3dfba9cc4086b25607291cc3cdf0 f7be6297e3cd4f809ca2ab7df6bd23b7 - - default default] Added segment 512cadfe-a93b-488e-8c94-ee1b65c87e39 of type geneve for network 185af4cc-f46c-4043-b52e-4f8585e3a044
2026-05-30 06:25:16.235 9 INFO neutron.db.ovn_revision_numbers_db [None req-fdf6b6fe-7769-441a-b8c0-bc35819b995f e60b3dfba9cc4086b25607291cc3cdf0 f7be6297e3cd4f809ca2ab7df6bd23b7 - - default default] Successfully bumped revision number for resource 185af4cc-f46c-4043-b52e-4f8585e3a044 (type: networks) to 1
2026-05-30 06:25:16.452 9 INFO neutron.wsgi [None req-fdfde3b8-e40f-4f38-a161-d996c24934ca e70490acc7064445bdf571a28ffd2f09 038aef3f268b4d9c9b41a94ade510a04 - - default default] 10.0.0.233 "DELETE /v2.0/networks/ea960998-76fe-4911-a688-ef6f845124bc HTTP/1.1" status: 204 len: 168 time: 0.6491024
2026-05-30 06:25:16.479 9 WARNING neutron.scheduler.dhcp_agent_scheduler [None req-fdf6b6fe-7769-441a-b8c0-bc35819b995f e60b3dfba9cc4086b25607291cc3cdf0 f7be6297e3cd4f809ca2ab7df6bd23b7 - - default default] No more DHCP agents
2026-05-30 06:25:16.485 9 WARNING neutron.api.rpc.agentnotifiers.dhcp_rpc_agent_api [None req-fdf6b6fe-7769-441a-b8c0-bc35819b995f e60b3dfba9cc4086b25607291cc3cdf0 f7be6297e3cd4f809ca2ab7df6bd23b7 - - default default] Unable to schedule network 185af4cc-f46c-4043-b52e-4f8585e3a044: no agents available; will retry on subsequent port and subnet creation events.
2026-05-30 06:25:16.587 9 INFO neutron.db.ovn_revision_numbers_db [None req-fdf6b6fe-7769-441a-b8c0-bc35819b995f e60b3dfba9cc4086b25607291cc3cdf0 f7be6297e3cd4f809ca2ab7df6bd23b7 - - default default] Successfully bumped revision number for resource b58284cc-c2ab-4d6d-95d4-a4e0eac40fd0 (type: ports) to 1
2026-05-30 06:25:16.608 9 INFO neutron.wsgi [None req-fdf6b6fe-7769-441a-b8c0-bc35819b995f e60b3dfba9cc4086b25607291cc3cdf0 f7be6297e3cd4f809ca2ab7df6bd23b7 - - default default] 10.0.0.233 "POST /v2.0/networks HTTP/1.1" status: 201 len: 831 time: 1.1563704
2026-05-30 06:25:16.617 9 WARNING neutron_lib.context [None req-eb73c2ee-425e-4852-9d08-9491e0c04018 e60b3dfba9cc4086b25607291cc3cdf0 f7be6297e3cd4f809ca2ab7df6bd23b7 - - default default] Method 'is_advsvc' is deprecated since 2023.2 release (neutron-lib 3.8.0) and will be removed once support for the old RBAC API policies will be removed from Neutron. Please use method 'is_service_role' instead.
2026-05-30 06:25:16.855 9 WARNING neutron.scheduler.dhcp_agent_scheduler [None req-eb73c2ee-425e-4852-9d08-9491e0c04018 e60b3dfba9cc4086b25607291cc3cdf0 f7be6297e3cd4f809ca2ab7df6bd23b7 - - default default] No more DHCP agents
2026-05-30 06:25:16.857 9 WARNING neutron.api.rpc.agentnotifiers.dhcp_rpc_agent_api [None req-eb73c2ee-425e-4852-9d08-9491e0c04018 e60b3dfba9cc4086b25607291cc3cdf0 f7be6297e3cd4f809ca2ab7df6bd23b7 - - default default] Unable to schedule network 185af4cc-f46c-4043-b52e-4f8585e3a044: no agents available; will retry on subsequent port and subnet creation events.
2026-05-30 06:25:16.930 9 INFO neutron.db.ovn_revision_numbers_db [None req-eb73c2ee-425e-4852-9d08-9491e0c04018 e60b3dfba9cc4086b25607291cc3cdf0 f7be6297e3cd4f809ca2ab7df6bd23b7 - - default default] Successfully bumped revision number for resource 2b1b0b76-bef6-455b-8ee2-e75e0e7c81bb (type: ports) to 1
2026-05-30 06:25:16.953 9 INFO neutron.wsgi [None req-eb73c2ee-425e-4852-9d08-9491e0c04018 e60b3dfba9cc4086b25607291cc3cdf0 f7be6297e3cd4f809ca2ab7df6bd23b7 - - default default] 10.0.0.233 "POST /v2.0/ports HTTP/1.1" status: 201 len: 942 time: 0.3417320 /var/lib/openstack/lib/python3.10/site-packages/pycadf/identifier.py:71: UserWarning: Invalid uuid: neutron. To ensure interoperability, identifiers should be a valid uuid. warnings.warn(('Invalid uuid: %s. To ensure interoperability, '
2026-05-30 06:25:16.975 9 WARNING neutron_lib.context [None req-beebc4c2-33a5-47e2-8fd6-06a622fcdd96 e60b3dfba9cc4086b25607291cc3cdf0 f7be6297e3cd4f809ca2ab7df6bd23b7 - - default default] Method 'is_advsvc' is deprecated since 2023.2 release (neutron-lib 3.8.0) and will be removed once support for the old RBAC API policies will be removed from Neutron. Please use method 'is_service_role' instead.
2026-05-30 06:25:17.142 9 INFO neutron.wsgi [None req-beebc4c2-33a5-47e2-8fd6-06a622fcdd96 e60b3dfba9cc4086b25607291cc3cdf0 f7be6297e3cd4f809ca2ab7df6bd23b7 - - default default] 10.0.0.233 "POST /v2.0/trunks HTTP/1.1" status: 201 len: 608 time: 0.1719007
2026-05-30 06:25:17.180 9 INFO neutron.wsgi [None req-6eff3cc6-cdae-4db3-9fa4-95d5bf6c0d14 e60b3dfba9cc4086b25607291cc3cdf0 f7be6297e3cd4f809ca2ab7df6bd23b7 - - default default] 10.0.0.233 "PUT /v2.0/trunks/a86dc524-cd09-4587-9ddf-f47e9d21206c/tags HTTP/1.1" status: 200 len: 218 time: 0.0323291
2026-05-30 06:25:17.207 9 INFO neutron.wsgi [None req-4b61e975-ff73-4ff4-a7aa-0d05c4bb7ddb e60b3dfba9cc4086b25607291cc3cdf0 f7be6297e3cd4f809ca2ab7df6bd23b7 - - default default] 10.0.0.233 "GET /v2.0/trunks/a86dc524-cd09-4587-9ddf-f47e9d21206c/tags HTTP/1.1" status: 200 len: 218 time: 0.0206828
2026-05-30 06:25:17.246 9 INFO neutron.wsgi [None req-159a3c1f-5aa6-42d9-bdf8-8b9c91f29d36 e60b3dfba9cc4086b25607291cc3cdf0 f7be6297e3cd4f809ca2ab7df6bd23b7 - - default default] 10.0.0.233 "PUT /v2.0/trunks/a86dc524-cd09-4587-9ddf-f47e9d21206c/tags/green HTTP/1.1" status: 201 len: 201 time: 0.0341122
