2026-05-30 06:25:17.270 9 INFO neutron.wsgi [None req-4535b0b2-3119-4970-b4ab-1a9fe4591665 e60b3dfba9cc4086b25607291cc3cdf0 f7be6297e3cd4f809ca2ab7df6bd23b7 - - default default] 10.0.0.233 "GET /v2.0/trunks/a86dc524-cd09-4587-9ddf-f47e9d21206c/tags HTTP/1.1" status: 200 len: 227 time: 0.0188494
2026-05-30 06:25:17.302 9 INFO neutron.wsgi [None req-4c4ce8c1-6087-4eb7-94ba-16f563b50922 e60b3dfba9cc4086b25607291cc3cdf0 f7be6297e3cd4f809ca2ab7df6bd23b7 - - default default] 10.0.0.233 "PUT /v2.0/trunks/a86dc524-cd09-4587-9ddf-f47e9d21206c/tags/red HTTP/1.1" status: 201 len: 201 time: 0.0279222
2026-05-30 06:25:17.313 9 INFO neutron.services.segments.plugin [-] Segment 1c6ad1c0-23f5-448a-b24c-f03b8b4b0d36 resource provider aggregate not found
2026-05-30 06:25:17.332 9 INFO neutron.wsgi [None req-d93d1f54-5cf4-4fca-888b-467c0e802555 e60b3dfba9cc4086b25607291cc3cdf0 f7be6297e3cd4f809ca2ab7df6bd23b7 - - default default] 10.0.0.233 "GET /v2.0/trunks/a86dc524-cd09-4587-9ddf-f47e9d21206c/tags HTTP/1.1" status: 200 len: 227 time: 0.0254030
2026-05-30 06:25:17.333 9 INFO neutron.services.segments.plugin [-] Segment 1c6ad1c0-23f5-448a-b24c-f03b8b4b0d36 resource provider not found; error: Placement Client Error (4xx): {"errors": [{"status": 404, "title": "Not Found", "detail": "The resource could not be found.\n\n No resource provider with uuid 1c6ad1c0-23f5-448a-b24c-f03b8b4b0d36 found for delete ", "request_id": "req-44b4b88e-a633-4bae-a844-4d2906b800a1"}]}
2026-05-30 06:25:17.353 9 INFO neutron.services.segments.plugin [-] Segment 1c6ad1c0-23f5-448a-b24c-f03b8b4b0d36 resource provider aggregate not found
2026-05-30 06:25:17.375 9 INFO neutron.services.segments.plugin [-] Segment 1c6ad1c0-23f5-448a-b24c-f03b8b4b0d36 resource provider not found; error: Placement Client Error (4xx): {"errors": [{"status": 404, "title": "Not Found", "detail": "The resource could not be found.\n\n No resource provider with uuid 1c6ad1c0-23f5-448a-b24c-f03b8b4b0d36 found for delete ", "request_id": "req-7fb65135-5cd1-4aff-9e85-08466527c69e"}]}
2026-05-30 06:25:17.379 9 INFO neutron.wsgi [None req-c13e56f1-be28-4631-b249-ff4d9eea6778 e60b3dfba9cc4086b25607291cc3cdf0 f7be6297e3cd4f809ca2ab7df6bd23b7 - - default default] 10.0.0.233 "PUT /v2.0/trunks/a86dc524-cd09-4587-9ddf-f47e9d21206c/tags/black.or.white HTTP/1.1" status: 201 len: 201 time: 0.0410860
2026-05-30 06:25:17.399 9 INFO neutron.wsgi [None req-08f6a68d-f6a3-4769-8fbd-18000e801152 e60b3dfba9cc4086b25607291cc3cdf0 f7be6297e3cd4f809ca2ab7df6bd23b7 - - default default] 10.0.0.233 "GET /v2.0/trunks/a86dc524-cd09-4587-9ddf-f47e9d21206c/tags HTTP/1.1" status: 200 len: 245 time: 0.0162041
2026-05-30 06:25:17.404 10 INFO neutron.services.segments.plugin [-] Segment 3c315c89-84e6-454e-bd49-7232f2da22f1 resource provider aggregate not found
2026-05-30 06:25:17.430 10 INFO neutron.services.segments.plugin [-] Segment 3c315c89-84e6-454e-bd49-7232f2da22f1 resource provider not found; error: Placement Client Error (4xx): {"errors": [{"status": 404, "title": "Not Found", "detail": "The resource could not be found.\n\n No resource provider with uuid 3c315c89-84e6-454e-bd49-7232f2da22f1 found for delete ", "request_id": "req-2bb03c84-9411-41b6-8696-98bfee9e9f9b"}]}
2026-05-30 06:25:17.431 10 INFO neutron.services.segments.plugin [-] Segment 3c315c89-84e6-454e-bd49-7232f2da22f1 resource provider aggregate not found
2026-05-30 06:25:17.453 9 INFO neutron.wsgi [None req-3f2043a1-f110-437f-a92c-1d430334b3a3 e60b3dfba9cc4086b25607291cc3cdf0 f7be6297e3cd4f809ca2ab7df6bd23b7 - - default default] 10.0.0.233 "PUT /v2.0/trunks/a86dc524-cd09-4587-9ddf-f47e9d21206c/tags HTTP/1.1" status: 200 len: 230 time: 0.0484200
2026-05-30 06:25:17.458 10 INFO neutron.services.segments.plugin [-] Segment 3c315c89-84e6-454e-bd49-7232f2da22f1 resource provider not found; error: Placement Client Error (4xx): {"errors": [{"status": 404, "title": "Not Found", "detail": "The resource could not be found.\n\n No resource provider with uuid 3c315c89-84e6-454e-bd49-7232f2da22f1 found for delete ", "request_id": "req-64c83298-8b42-4c90-b689-2f5727bf980f"}]}
2026-05-30 06:25:17.480 9 INFO neutron.wsgi [None req-28491056-ee83-4acd-88e7-c6c91cb6169b e60b3dfba9cc4086b25607291cc3cdf0 f7be6297e3cd4f809ca2ab7df6bd23b7 - - default default] 10.0.0.233 "GET /v2.0/trunks/a86dc524-cd09-4587-9ddf-f47e9d21206c/tags HTTP/1.1" status: 200 len: 230 time: 0.0227802
2026-05-30 06:25:17.507 9 INFO neutron.wsgi [None req-e5e1350b-ae1e-4c37-8424-0d2c420bf770 e60b3dfba9cc4086b25607291cc3cdf0 f7be6297e3cd4f809ca2ab7df6bd23b7 - - default default] 10.0.0.233 "GET /v2.0/trunks/a86dc524-cd09-4587-9ddf-f47e9d21206c/tags/red HTTP/1.1" status: 204 len: 168 time: 0.0225601
2026-05-30 06:25:17.529 10 INFO neutron.api.v2.resource [None req-b5fbbf97-0472-458c-ba8b-5baea8ab94bd e60b3dfba9cc4086b25607291cc3cdf0 f7be6297e3cd4f809ca2ab7df6bd23b7 - - default default] show failed (client error): The resource could not be found.
2026-05-30 06:25:17.530 10 INFO neutron.wsgi [None req-b5fbbf97-0472-458c-ba8b-5baea8ab94bd e60b3dfba9cc4086b25607291cc3cdf0 f7be6297e3cd4f809ca2ab7df6bd23b7 - - default default] 10.0.0.233 "GET /v2.0/trunks/a86dc524-cd09-4587-9ddf-f47e9d21206c/tags/green HTTP/1.1" status: 404 len: 299 time: 0.0191367
2026-05-30 06:25:17.572 9 INFO neutron.db.ovn_revision_numbers_db [None req-f9a658ef-2693-42d2-ad82-c48f308e65e2 fa9ca9eda4724365ad319b81ddc79576 604cbe8fbcb44e7bb365d0755c5a9367 - - default default] Successfully bumped revision number for resource a1c11e62-2858-4b39-815b-a5951b0e0996 (type: security_groups) to 1
2026-05-30 06:25:17.577 9 INFO neutron.wsgi [None req-53c4af39-e20a-48d4-afc2-03b974141ab6 e60b3dfba9cc4086b25607291cc3cdf0 f7be6297e3cd4f809ca2ab7df6bd23b7 - - default default] 10.0.0.233 "DELETE /v2.0/trunks/a86dc524-cd09-4587-9ddf-f47e9d21206c/tags/red HTTP/1.1" status: 204 len: 168 time: 0.0423687
2026-05-30 06:25:17.600 9 INFO neutron.db.ovn_revision_numbers_db [None req-f9a658ef-2693-42d2-ad82-c48f308e65e2 fa9ca9eda4724365ad319b81ddc79576 604cbe8fbcb44e7bb365d0755c5a9367 - - default default] Successfully bumped revision number for resource 5ab035d4-94e6-4cee-8594-decc825f90e8 (type: security_group_rules) to 0
2026-05-30 06:25:17.605 9 INFO neutron.wsgi [None req-99d07616-5be9-494a-ac44-6a84500d7d69 e60b3dfba9cc4086b25607291cc3cdf0 f7be6297e3cd4f809ca2ab7df6bd23b7 - - default default] 10.0.0.233 "GET /v2.0/trunks/a86dc524-cd09-4587-9ddf-f47e9d21206c/tags HTTP/1.1" status: 200 len: 223 time: 0.0240085
2026-05-30 06:25:17.621 9 INFO neutron.db.ovn_revision_numbers_db [None req-f9a658ef-2693-42d2-ad82-c48f308e65e2 fa9ca9eda4724365ad319b81ddc79576 604cbe8fbcb44e7bb365d0755c5a9367 - - default default] Successfully bumped revision number for resource c0e0061c-05db-46f7-9fe2-8785e3d51968 (type: security_group_rules) to 0
2026-05-30 06:25:17.636 10 INFO neutron.api.v2.resource [None req-7df2ffef-1bcf-4f58-8466-c6212f543985 e60b3dfba9cc4086b25607291cc3cdf0 f7be6297e3cd4f809ca2ab7df6bd23b7 - - default default] delete failed (client error): The resource could not be found.
2026-05-30 06:25:17.637 10 INFO neutron.wsgi [None req-7df2ffef-1bcf-4f58-8466-c6212f543985 e60b3dfba9cc4086b25607291cc3cdf0 f7be6297e3cd4f809ca2ab7df6bd23b7 - - default default] 10.0.0.233 "DELETE /v2.0/trunks/a86dc524-cd09-4587-9ddf-f47e9d21206c/tags/green HTTP/1.1" status: 404 len: 299 time: 0.0270298
2026-05-30 06:25:17.640 9 INFO neutron.db.ovn_revision_numbers_db [None req-f9a658ef-2693-42d2-ad82-c48f308e65e2 fa9ca9eda4724365ad319b81ddc79576 604cbe8fbcb44e7bb365d0755c5a9367 - - default default] Successfully bumped revision number for resource e902cfed-02cd-4b77-b30c-c0f14b53b00b (type: security_group_rules) to 0
2026-05-30 06:25:17.657 9 INFO neutron.db.ovn_revision_numbers_db [None req-f9a658ef-2693-42d2-ad82-c48f308e65e2 fa9ca9eda4724365ad319b81ddc79576 604cbe8fbcb44e7bb365d0755c5a9367 - - default default] Successfully bumped revision number for resource f137b198-48f6-4c29-a340-379cf3b448d6 (type: security_group_rules) to 0
2026-05-30 06:25:17.675 10 INFO neutron.wsgi [None req-d54e09ae-5afc-4ab5-8aa7-cb6f7f10b7e3 e60b3dfba9cc4086b25607291cc3cdf0 f7be6297e3cd4f809ca2ab7df6bd23b7 - - default default] 10.0.0.233 "DELETE /v2.0/trunks/a86dc524-cd09-4587-9ddf-f47e9d21206c/tags HTTP/1.1" status: 204 len: 168 time: 0.0330493
2026-05-30 06:25:17.682 9 INFO neutron.wsgi [None req-f9a658ef-2693-42d2-ad82-c48f308e65e2 fa9ca9eda4724365ad319b81ddc79576 604cbe8fbcb44e7bb365d0755c5a9367 - - default default] 10.0.0.233 "GET /v2.0/security-groups?tenant_id=f48b63e7de86403b9c7d587b3ca4a1c2&name=default HTTP/1.1" status: 200 len: 3000 time: 0.4687250
2026-05-30 06:25:17.705 10 INFO neutron.wsgi [None req-abdcd005-602f-482d-aa2d-1ad1bce475ec e60b3dfba9cc4086b25607291cc3cdf0 f7be6297e3cd4f809ca2ab7df6bd23b7 - - default default] 10.0.0.233 "GET /v2.0/trunks/a86dc524-cd09-4587-9ddf-f47e9d21206c/tags HTTP/1.1" status: 200 len: 205 time: 0.0272694
2026-05-30 06:25:17.738 10 INFO neutron.wsgi [None req-e17fa000-f105-4a01-b8a2-7b91c775d06f e60b3dfba9cc4086b25607291cc3cdf0 f7be6297e3cd4f809ca2ab7df6bd23b7 - - default default] 10.0.0.233 "GET /v2.0/trunks/a86dc524-cd09-4587-9ddf-f47e9d21206c HTTP/1.1" status: 200 len: 603 time: 0.0208824
2026-05-30 06:25:17.831 10 INFO neutron.wsgi [None req-5e0b2edd-86e0-4b43-b46b-dc19b1bf9c10 e60b3dfba9cc4086b25607291cc3cdf0 f7be6297e3cd4f809ca2ab7df6bd23b7 - - default default] 10.0.0.233 "GET /v2.0/ports/2b1b0b76-bef6-455b-8ee2-e75e0e7c81bb HTTP/1.1" status: 200 len: 1020 time: 0.0874169
2026-05-30 06:25:17.889 9 INFO neutron.wsgi [None req-f6233c40-4aaf-4421-8a71-b8b4206e3bd4 fa9ca9eda4724365ad319b81ddc79576 604cbe8fbcb44e7bb365d0755c5a9367 - - default default] 10.0.0.233 "DELETE /v2.0/security-groups/a1c11e62-2858-4b39-815b-a5951b0e0996 HTTP/1.1" status: 204 len: 168 time: 0.2015278
2026-05-30 06:25:17.919 10 INFO neutron.wsgi [None req-b5d50a03-ce38-4376-9148-34b954153431 e60b3dfba9cc4086b25607291cc3cdf0 f7be6297e3cd4f809ca2ab7df6bd23b7 - - default default] 10.0.0.233 "DELETE /v2.0/trunks/a86dc524-cd09-4587-9ddf-f47e9d21206c HTTP/1.1" status: 204 len: 168 time: 0.0826273
2026-05-30 06:25:18.114 9 INFO neutron.wsgi [None req-5dabd38e-4d2c-4c8f-8474-2eb465febfb9 fa9ca9eda4724365ad319b81ddc79576 604cbe8fbcb44e7bb365d0755c5a9367 - - default default] 10.0.0.233 "GET /v2.0/security-groups?tenant_id=038aef3f268b4d9c9b41a94ade510a04&name=default HTTP/1.1" status: 200 len: 2996 time: 0.0415723
2026-05-30 06:25:18.178 10 INFO neutron.wsgi [None req-3c5f3b9f-88aa-437f-8eea-d5c2e718ee34 e60b3dfba9cc4086b25607291cc3cdf0 f7be6297e3cd4f809ca2ab7df6bd23b7 - - default default] 10.0.0.233 "DELETE /v2.0/ports/2b1b0b76-bef6-455b-8ee2-e75e0e7c81bb HTTP/1.1" status: 204 len: 168 time: 0.2549477
2026-05-30 06:25:18.321 9 INFO neutron.wsgi [None req-ae5bff01-ea0f-4770-9b2a-d3c89c0e5676 fa9ca9eda4724365ad319b81ddc79576 604cbe8fbcb44e7bb365d0755c5a9367 - - default default] 10.0.0.233 "DELETE /v2.0/security-groups/ca7d091d-8b0f-4c2e-949a-67e9aa41fc07 HTTP/1.1" status: 204 len: 168 time: 0.2016175
2026-05-30 06:25:18.600 10 INFO neutron.wsgi [None req-7a3aac8f-bf5c-42e7-985e-9f4b1088624b e60b3dfba9cc4086b25607291cc3cdf0 f7be6297e3cd4f809ca2ab7df6bd23b7 - - default default] 10.0.0.233 "DELETE /v2.0/networks/185af4cc-f46c-4043-b52e-4f8585e3a044 HTTP/1.1" status: 204 len: 168 time: 0.4162822
2026-05-30 06:25:18.691 10 INFO neutron.db.ovn_revision_numbers_db [None req-2d7bb8f0-9b07-4897-988d-03dae1fd5248 fa9ca9eda4724365ad319b81ddc79576 604cbe8fbcb44e7bb365d0755c5a9367 - - default default] Successfully bumped revision number for resource e654654e-0725-471a-b1cc-87f566b2fe88 (type: security_groups) to 1
2026-05-30 06:25:18.712 10 INFO neutron.db.ovn_revision_numbers_db [None req-2d7bb8f0-9b07-4897-988d-03dae1fd5248 fa9ca9eda4724365ad319b81ddc79576 604cbe8fbcb44e7bb365d0755c5a9367 - - default default] Successfully bumped revision number for resource 3445ad84-7928-48db-907e-92f9497ca85a (type: security_group_rules) to 0
2026-05-30 06:25:18.729 10 INFO neutron.db.ovn_revision_numbers_db [None req-2d7bb8f0-9b07-4897-988d-03dae1fd5248 fa9ca9eda4724365ad319b81ddc79576 604cbe8fbcb44e7bb365d0755c5a9367 - - default default] Successfully bumped revision number for resource 9212ae5b-4c55-4181-8cab-2b4c1e6764e3 (type: security_group_rules) to 0
2026-05-30 06:25:18.746 10 INFO neutron.db.ovn_revision_numbers_db [None req-2d7bb8f0-9b07-4897-988d-03dae1fd5248 fa9ca9eda4724365ad319b81ddc79576 604cbe8fbcb44e7bb365d0755c5a9367 - - default default] Successfully bumped revision number for resource eccd26e0-8a93-44cf-bb9d-064a7ce5ce25 (type: security_group_rules) to 0
2026-05-30 06:25:18.760 10 INFO neutron.db.ovn_revision_numbers_db [None req-2d7bb8f0-9b07-4897-988d-03dae1fd5248 fa9ca9eda4724365ad319b81ddc79576 604cbe8fbcb44e7bb365d0755c5a9367 - - default default] Successfully bumped revision number for resource fa568a75-3550-4af6-9cb6-f857266bdb35 (type: security_group_rules) to 0
2026-05-30 06:25:18.781 10 INFO neutron.wsgi [None req-2d7bb8f0-9b07-4897-988d-03dae1fd5248 fa9ca9eda4724365ad319b81ddc79576 604cbe8fbcb44e7bb365d0755c5a9367 - - default default] 10.0.0.233 "GET /v2.0/security-groups?tenant_id=1ba63bab085344b79a844ec73ab58b9b&name=default HTTP/1.1" status: 200 len: 3000 time: 0.2631135
2026-05-30 06:25:18.824 10 WARNING neutron_lib.context [None req-135dd9b6-9ff3-42ac-a86c-02c0e355a5d3 464eefd79989483f81c315e9d3f18428 3841ef1c910c4cdbb64b525e5e668f08 - - default default] Method 'is_advsvc' is deprecated since 2023.2 release (neutron-lib 3.8.0) and will be removed once support for the old RBAC API policies will be removed from Neutron. Please use method 'is_service_role' instead.
2026-05-30 06:25:19.071 10 INFO neutron.wsgi [None req-5216324f-a780-4780-abbb-49f6b376e1c6 fa9ca9eda4724365ad319b81ddc79576 604cbe8fbcb44e7bb365d0755c5a9367 - - default default] 10.0.0.233 "DELETE /v2.0/security-groups/e654654e-0725-471a-b1cc-87f566b2fe88 HTTP/1.1" status: 204 len: 168 time: 0.2845054
2026-05-30 06:25:19.117 10 WARNING neutron.scheduler.dhcp_agent_scheduler [None req-135dd9b6-9ff3-42ac-a86c-02c0e355a5d3 464eefd79989483f81c315e9d3f18428 3841ef1c910c4cdbb64b525e5e668f08 - - default default] No more DHCP agents
2026-05-30 06:25:19.120 10 WARNING neutron.api.rpc.agentnotifiers.dhcp_rpc_agent_api [None req-135dd9b6-9ff3-42ac-a86c-02c0e355a5d3 464eefd79989483f81c315e9d3f18428 3841ef1c910c4cdbb64b525e5e668f08 - - default default] Unable to schedule network 11b4d999-c9b7-4826-92f7-6abe7fd0399f: no agents available; will retry on subsequent port and subnet creation events.
2026-05-30 06:25:19.465 10 INFO neutron.services.segments.plugin [-] Segment 512cadfe-a93b-488e-8c94-ee1b65c87e39 resource provider aggregate not found
2026-05-30 06:25:19.481 10 INFO neutron.services.segments.plugin [-] Segment 512cadfe-a93b-488e-8c94-ee1b65c87e39 resource provider not found; error: Placement Client Error (4xx): {"errors": [{"status": 404, "title": "Not Found", "detail": "The resource could not be found.\n\n No resource provider with uuid 512cadfe-a93b-488e-8c94-ee1b65c87e39 found for delete ", "request_id": "req-cbf6609e-d0a1-4b33-ab49-1587bacedefd"}]}
2026-05-30 06:25:19.482 10 INFO neutron.db.ovn_revision_numbers_db [None req-135dd9b6-9ff3-42ac-a86c-02c0e355a5d3 464eefd79989483f81c315e9d3f18428 3841ef1c910c4cdbb64b525e5e668f08 - - default default] Successfully bumped revision number for resource bd33bdbe-ecf3-4487-9c2a-fd4fa619d71f (type: floatingips) to 0
2026-05-30 06:25:19.483 10 INFO neutron.services.segments.plugin [-] Segment 512cadfe-a93b-488e-8c94-ee1b65c87e39 resource provider aggregate not found
2026-05-30 06:25:19.500 10 INFO neutron.wsgi [None req-135dd9b6-9ff3-42ac-a86c-02c0e355a5d3 464eefd79989483f81c315e9d3f18428 3841ef1c910c4cdbb64b525e5e668f08 - - default default] 10.0.0.233 "POST /v2.0/floatingips HTTP/1.1" status: 201 len: 751 time: 0.8898103
2026-05-30 06:25:19.501 10 INFO neutron.services.segments.plugin [-] Segment 512cadfe-a93b-488e-8c94-ee1b65c87e39 resource provider not found; error: Placement Client Error (4xx): {"errors": [{"status": 404, "title": "Not Found", "detail": "The resource could not be found.\n\n No resource provider with uuid 512cadfe-a93b-488e-8c94-ee1b65c87e39 found for delete ", "request_id": "req-e450068c-edb6-43f4-b452-907927f12339"}]}
2026-05-30 06:25:19.556 10 INFO neutron.wsgi [None req-65f3e4d1-5cee-45c3-8da2-a4ed74f46181 464eefd79989483f81c315e9d3f18428 3841ef1c910c4cdbb64b525e5e668f08 - - default default] 10.0.0.233 "PUT /v2.0/floatingips/bd33bdbe-ecf3-4487-9c2a-fd4fa619d71f/tags HTTP/1.1" status: 200 len: 218 time: 0.0478835
2026-05-30 06:25:19.593 10 INFO neutron.wsgi [None req-d09e874f-b1c8-414d-8cb8-79917365e6c0 464eefd79989483f81c315e9d3f18428 3841ef1c910c4cdbb64b525e5e668f08 - - default default] 10.0.0.233 "GET /v2.0/floatingips/bd33bdbe-ecf3-4487-9c2a-fd4fa619d71f/tags HTTP/1.1" status: 200 len: 218 time: 0.0319026
2026-05-30 06:25:19.652 10 INFO neutron.wsgi [None req-8fdd282c-dec9-4843-8a80-25d4f3f65d74 464eefd79989483f81c315e9d3f18428 3841ef1c910c4cdbb64b525e5e668f08 - - default default] 10.0.0.233 "PUT /v2.0/floatingips/bd33bdbe-ecf3-4487-9c2a-fd4fa619d71f/tags/green HTTP/1.1" status: 201 len: 201 time: 0.0545342
2026-05-30 06:25:19.681 9 INFO neutron.db.ovn_revision_numbers_db [None req-3a22f1a0-d7ba-448d-b674-b587eff152bd fa9ca9eda4724365ad319b81ddc79576 604cbe8fbcb44e7bb365d0755c5a9367 - - default default] Successfully bumped revision number for resource 1dd287b1-3298-46cc-9803-4bd7c40dd1bf (type: security_groups) to 1
2026-05-30 06:25:19.690 10 INFO neutron.wsgi [None req-b718687b-eb9e-48f5-8a01-4f4a20ef81fa 464eefd79989483f81c315e9d3f18428 3841ef1c910c4cdbb64b525e5e668f08 - - default default] 10.0.0.233 "GET /v2.0/floatingips/bd33bdbe-ecf3-4487-9c2a-fd4fa619d71f/tags HTTP/1.1" status: 200 len: 227 time: 0.0337481
2026-05-30 06:25:19.701 9 INFO neutron.db.ovn_revision_numbers_db [None req-3a22f1a0-d7ba-448d-b674-b587eff152bd fa9ca9eda4724365ad319b81ddc79576 604cbe8fbcb44e7bb365d0755c5a9367 - - default default] Successfully bumped revision number for resource 24fb5132-00e2-4f1d-bc8b-20340e984cd2 (type: security_group_rules) to 0
2026-05-30 06:25:19.735 9 INFO neutron.db.ovn_revision_numbers_db [None req-3a22f1a0-d7ba-448d-b674-b587eff152bd fa9ca9eda4724365ad319b81ddc79576 604cbe8fbcb44e7bb365d0755c5a9367 - - default default] Successfully bumped revision number for resource 52408f61-63b2-40d3-909b-ea62fec95716 (type: security_group_rules) to 0
2026-05-30 06:25:19.741 9 INFO neutron.wsgi [None req-c184a3ab-45cc-4ffb-83fc-275d27404ca4 464eefd79989483f81c315e9d3f18428 3841ef1c910c4cdbb64b525e5e668f08 - - default default] 10.0.0.233 "PUT /v2.0/floatingips/bd33bdbe-ecf3-4487-9c2a-fd4fa619d71f/tags/red HTTP/1.1" status: 201 len: 201 time: 0.0464034
2026-05-30 06:25:19.757 9 INFO neutron.db.ovn_revision_numbers_db [None req-3a22f1a0-d7ba-448d-b674-b587eff152bd fa9ca9eda4724365ad319b81ddc79576 604cbe8fbcb44e7bb365d0755c5a9367 - - default default] Successfully bumped revision number for resource 642af806-3659-48f6-be6b-f968141746ac (type: security_group_rules) to 0
2026-05-30 06:25:19.779 9 INFO neutron.wsgi [None req-c5340237-054d-4a85-9469-3716e6df7b1d 464eefd79989483f81c315e9d3f18428 3841ef1c910c4cdbb64b525e5e668f08 - - default default] 10.0.0.233 "GET /v2.0/floatingips/bd33bdbe-ecf3-4487-9c2a-fd4fa619d71f/tags HTTP/1.1" status: 200 len: 227 time: 0.0343425
2026-05-30 06:25:19.784 9 INFO neutron.db.ovn_revision_numbers_db [None req-3a22f1a0-d7ba-448d-b674-b587eff152bd fa9ca9eda4724365ad319b81ddc79576 604cbe8fbcb44e7bb365d0755c5a9367 - - default default] Successfully bumped revision number for resource c2b4b603-f751-487f-9b9a-f7065c619f41 (type: security_group_rules) to 0
2026-05-30 06:25:19.808 9 INFO neutron.wsgi [None req-3a22f1a0-d7ba-448d-b674-b587eff152bd fa9ca9eda4724365ad319b81ddc79576 604cbe8fbcb44e7bb365d0755c5a9367 - - default default] 10.0.0.233 "GET /v2.0/security-groups?tenant_id=d7cfb48e85284ac69bd6cdf59c0ffcee&name=default HTTP/1.1" status: 200 len: 3000 time: 0.4517105
2026-05-30 06:25:19.836 10 INFO neutron.wsgi [None req-8c4aa9d5-cedd-4f82-adaf-7afd506ab314 464eefd79989483f81c315e9d3f18428 3841ef1c910c4cdbb64b525e5e668f08 - - default default] 10.0.0.233 "PUT /v2.0/floatingips/bd33bdbe-ecf3-4487-9c2a-fd4fa619d71f/tags/black.or.white HTTP/1.1" status: 201 len: 201 time: 0.0496757
2026-05-30 06:25:19.868 10 INFO neutron.wsgi [None req-79cff606-b8a4-4cdd-ab2d-77345704bf22 464eefd79989483f81c315e9d3f18428 3841ef1c910c4cdbb64b525e5e668f08 - - default default] 10.0.0.233 "GET /v2.0/floatingips/bd33bdbe-ecf3-4487-9c2a-fd4fa619d71f/tags HTTP/1.1" status: 200 len: 245 time: 0.0274117
2026-05-30 06:25:19.910 10 INFO neutron.wsgi [None req-327022f5-0b91-4902-b540-d3a2c5073e2c 464eefd79989483f81c315e9d3f18428 3841ef1c910c4cdbb64b525e5e668f08 - - default default] 10.0.0.233 "PUT /v2.0/floatingips/bd33bdbe-ecf3-4487-9c2a-fd4fa619d71f/tags HTTP/1.1" status: 200 len: 230 time: 0.0380890
2026-05-30 06:25:20.175 9 INFO neutron.wsgi [None req-fe736517-ea6c-4c5d-ac71-d2f277866e78 464eefd79989483f81c315e9d3f18428 3841ef1c910c4cdbb64b525e5e668f08 - - default default] 10.0.0.233 "GET /v2.0/floatingips/bd33bdbe-ecf3-4487-9c2a-fd4fa619d71f/tags HTTP/1.1" status: 200 len: 230 time: 0.2601066
2026-05-30 06:25:20.227 10 INFO neutron.wsgi [None req-f6a246bb-f44c-41ec-9e8c-90fd73c422fc 464eefd79989483f81c315e9d3f18428 3841ef1c910c4cdbb64b525e5e668f08 - - default default] 10.0.0.233 "GET /v2.0/floatingips/bd33bdbe-ecf3-4487-9c2a-fd4fa619d71f/tags/red HTTP/1.1" status: 204 len: 168 time: 0.0462875
2026-05-30 06:25:20.273 9 INFO neutron.api.v2.resource [None req-a5fc6484-37a7-471b-a485-eab8851e5c71 464eefd79989483f81c315e9d3f18428 3841ef1c910c4cdbb64b525e5e668f08 - - default default] show failed (client error): The resource could not be found.
2026-05-30 06:25:20.274 9 INFO neutron.wsgi [None req-a5fc6484-37a7-471b-a485-eab8851e5c71 464eefd79989483f81c315e9d3f18428 3841ef1c910c4cdbb64b525e5e668f08 - - default default] 10.0.0.233 "GET /v2.0/floatingips/bd33bdbe-ecf3-4487-9c2a-fd4fa619d71f/tags/green HTTP/1.1" status: 404 len: 299 time: 0.0420916
2026-05-30 06:25:20.328 9 INFO neutron.wsgi [None req-a06fa216-05f0-4adc-aaa2-28bbdeeb8c87 464eefd79989483f81c315e9d3f18428 3841ef1c910c4cdbb64b525e5e668f08 - - default default] 10.0.0.233 "DELETE /v2.0/floatingips/bd33bdbe-ecf3-4487-9c2a-fd4fa619d71f/tags/red HTTP/1.1" status: 204 len: 168 time: 0.0483441
2026-05-30 06:25:20.336 9 INFO neutron.wsgi [None req-de857389-5480-4e18-9686-9d031c3dbf43 fa9ca9eda4724365ad319b81ddc79576 604cbe8fbcb44e7bb365d0755c5a9367 - - default default] 10.0.0.233 "DELETE /v2.0/security-groups/1dd287b1-3298-46cc-9803-4bd7c40dd1bf HTTP/1.1" status: 204 len: 168 time: 0.5226247
2026-05-30 06:25:20.380 10 INFO neutron.wsgi [None req-41436ad3-2194-4aa6-b3ef-d16f347e2e7b 464eefd79989483f81c315e9d3f18428 3841ef1c910c4cdbb64b525e5e668f08 - - default default] 10.0.0.233 "GET /v2.0/floatingips/bd33bdbe-ecf3-4487-9c2a-fd4fa619d71f/tags HTTP/1.1" status: 200 len: 223 time: 0.0474200
2026-05-30 06:25:20.436 10 INFO neutron.api.v2.resource [None req-dc9fe7e3-f356-44e3-a20a-bed3472b57b2 464eefd79989483f81c315e9d3f18428 3841ef1c910c4cdbb64b525e5e668f08 - - default default] delete failed (client error): The resource could not be found.
2026-05-30 06:25:20.438 10 INFO neutron.wsgi [None req-dc9fe7e3-f356-44e3-a20a-bed3472b57b2 464eefd79989483f81c315e9d3f18428 3841ef1c910c4cdbb64b525e5e668f08 - - default default] 10.0.0.233 "DELETE /v2.0/floatingips/bd33bdbe-ecf3-4487-9c2a-fd4fa619d71f/tags/green HTTP/1.1" status: 404 len: 299 time: 0.0530679
2026-05-30 06:25:20.485 10 INFO neutron.wsgi [None req-c3b2a209-1bd4-4fbc-8af8-24310d1c4a1d 464eefd79989483f81c315e9d3f18428 3841ef1c910c4cdbb64b525e5e668f08 - - default default] 10.0.0.233 "DELETE /v2.0/floatingips/bd33bdbe-ecf3-4487-9c2a-fd4fa619d71f/tags HTTP/1.1" status: 204 len: 168 time: 0.0431650
2026-05-30 06:25:20.495 9 INFO neutron.wsgi [None req-d4676dcd-db05-4c84-800f-a377f615e110 fa9ca9eda4724365ad319b81ddc79576 604cbe8fbcb44e7bb365d0755c5a9367 - - default default] 10.0.0.233 "GET /v2.0/security-groups?tenant_id=f7be6297e3cd4f809ca2ab7df6bd23b7&name=default HTTP/1.1" status: 200 len: 3000 time: 0.0386374
2026-05-30 06:25:20.521 10 INFO neutron.wsgi [None req-92b1404f-527c-4e41-ac10-85146040a327 464eefd79989483f81c315e9d3f18428 3841ef1c910c4cdbb64b525e5e668f08 - - default default] 10.0.0.233 "GET /v2.0/floatingips/bd33bdbe-ecf3-4487-9c2a-fd4fa619d71f/tags HTTP/1.1" status: 200 len: 205 time: 0.0307767
2026-05-30 06:25:20.787 9 INFO neutron.wsgi [None req-6104f851-191b-4997-86a2-6fc2d44da997 fa9ca9eda4724365ad319b81ddc79576 604cbe8fbcb44e7bb365d0755c5a9367 - - default default] 10.0.0.233 "DELETE /v2.0/security-groups/d044350b-4d81-41f1-9421-d7292cf9c163 HTTP/1.1" status: 204 len: 168 time: 0.2866123
2026-05-30 06:25:20.931 9 INFO neutron.wsgi [None req-51a97345-72d4-4a34-88d0-788fd64b9c35 464eefd79989483f81c315e9d3f18428 3841ef1c910c4cdbb64b525e5e668f08 - - default default] 10.0.0.233 "DELETE /v2.0/floatingips/bd33bdbe-ecf3-4487-9c2a-fd4fa619d71f HTTP/1.1" status: 204 len: 168 time: 0.3932889
2026-05-30 06:25:21.936 10 INFO neutron.db.ovn_revision_numbers_db [None req-15fb6496-9e3b-40aa-9cf9-5de37e9fc0df fa9ca9eda4724365ad319b81ddc79576 604cbe8fbcb44e7bb365d0755c5a9367 - - default default] Successfully bumped revision number for resource d053c05e-5758-4925-9129-f5f1f620714d (type: security_groups) to 1
2026-05-30 06:25:21.950 10 INFO neutron.db.ovn_revision_numbers_db [None req-15fb6496-9e3b-40aa-9cf9-5de37e9fc0df fa9ca9eda4724365ad319b81ddc79576 604cbe8fbcb44e7bb365d0755c5a9367 - - default default] Successfully bumped revision number for resource 86d62a08-b258-40a3-ab8c-c9d0635b1caf (type: security_group_rules) to 0
2026-05-30 06:25:21.970 10 INFO neutron.db.ovn_revision_numbers_db [None req-15fb6496-9e3b-40aa-9cf9-5de37e9fc0df fa9ca9eda4724365ad319b81ddc79576 604cbe8fbcb44e7bb365d0755c5a9367 - - default default] Successfully bumped revision number for resource 9b4b72fb-a434-4cfb-b8b4-35cfb0914153 (type: security_group_rules) to 0
2026-05-30 06:25:21.989 10 INFO neutron.db.ovn_revision_numbers_db [None req-15fb6496-9e3b-40aa-9cf9-5de37e9fc0df fa9ca9eda4724365ad319b81ddc79576 604cbe8fbcb44e7bb365d0755c5a9367 - - default default] Successfully bumped revision number for resource c3ff30d8-a5b0-4247-a6fa-fcb7f514a97d (type: security_group_rules) to 0
2026-05-30 06:25:22.008 10 INFO neutron.db.ovn_revision_numbers_db [None req-15fb6496-9e3b-40aa-9cf9-5de37e9fc0df fa9ca9eda4724365ad319b81ddc79576 604cbe8fbcb44e7bb365d0755c5a9367 - - default default] Successfully bumped revision number for resource f04f2bbb-1504-4f9b-97ac-56c42ac17fc5 (type: security_group_rules) to 0
2026-05-30 06:25:22.043 10 INFO neutron.wsgi [None req-15fb6496-9e3b-40aa-9cf9-5de37e9fc0df fa9ca9eda4724365ad319b81ddc79576 604cbe8fbcb44e7bb365d0755c5a9367 - - default default] 10.0.0.233 "GET /v2.0/security-groups?tenant_id=6e9cf9bee12d43689d04671afe4f6962&name=default HTTP/1.1" status: 200 len: 3000 time: 0.3822565
2026-05-30 06:25:22.229 9 INFO neutron.wsgi [None req-9ebb9495-e744-46cc-863d-4713d4910542 fa9ca9eda4724365ad319b81ddc79576 604cbe8fbcb44e7bb365d0755c5a9367 - - default default] 10.0.0.233 "DELETE /v2.0/security-groups/d053c05e-5758-4925-9129-f5f1f620714d HTTP/1.1" status: 204 len: 168 time: 0.1809740
2026-05-30 06:25:22.486 9 INFO neutron.db.ovn_revision_numbers_db [None req-06bae56d-b096-4ef4-8934-45fbcb645921 fa9ca9eda4724365ad319b81ddc79576 604cbe8fbcb44e7bb365d0755c5a9367 - - default default] Successfully bumped revision number for resource bb93aca7-680a-4302-a3dc-c7d9b1dd53f6 (type: security_groups) to 1
2026-05-30 06:25:22.500 9 INFO neutron.db.ovn_revision_numbers_db [None req-06bae56d-b096-4ef4-8934-45fbcb645921 fa9ca9eda4724365ad319b81ddc79576 604cbe8fbcb44e7bb365d0755c5a9367 - - default default] Successfully bumped revision number for resource 037a81b3-ea06-4bba-992e-70db92c896e9 (type: security_group_rules) to 0
2026-05-30 06:25:22.514 9 INFO neutron.db.ovn_revision_numbers_db [None req-06bae56d-b096-4ef4-8934-45fbcb645921 fa9ca9eda4724365ad319b81ddc79576 604cbe8fbcb44e7bb365d0755c5a9367 - - default default] Successfully bumped revision number for resource 10bdd62c-0eb2-47d5-af65-24b602f1b36a (type: security_group_rules) to 0
2026-05-30 06:25:22.529 9 INFO neutron.db.ovn_revision_numbers_db [None req-06bae56d-b096-4ef4-8934-45fbcb645921 fa9ca9eda4724365ad319b81ddc79576 604cbe8fbcb44e7bb365d0755c5a9367 - - default default] Successfully bumped revision number for resource 349995e7-1dbb-42a5-ad9e-bbd89b7f7907 (type: security_group_rules) to 0
2026-05-30 06:25:22.544 9 INFO neutron.db.ovn_revision_numbers_db [None req-06bae56d-b096-4ef4-8934-45fbcb645921 fa9ca9eda4724365ad319b81ddc79576 604cbe8fbcb44e7bb365d0755c5a9367 - - default default] Successfully bumped revision number for resource 776fccd1-4f31-47d0-877a-ea4bc9d9d45b (type: security_group_rules) to 0
2026-05-30 06:25:22.566 9 INFO neutron.wsgi [None req-06bae56d-b096-4ef4-8934-45fbcb645921 fa9ca9eda4724365ad319b81ddc79576 604cbe8fbcb44e7bb365d0755c5a9367 - - default default] 10.0.0.233 "GET /v2.0/security-groups?tenant_id=3841ef1c910c4cdbb64b525e5e668f08&name=default HTTP/1.1" status: 200 len: 3000 time: 0.1899614
2026-05-30 06:25:22.758 9 INFO neutron.wsgi [None req-afcb141f-7da1-4f93-8497-2c79e8885e6e fa9ca9eda4724365ad319b81ddc79576 604cbe8fbcb44e7bb365d0755c5a9367 - - default default] 10.0.0.233 "DELETE /v2.0/security-groups/bb93aca7-680a-4302-a3dc-c7d9b1dd53f6 HTTP/1.1" status: 204 len: 168 time: 0.1849985
2026-05-30 06:25:23.956 9 WARNING neutron_lib.context [None req-17e5fb2f-1696-4b34-bc67-37faf4c47911 450838946b6d4c8abfff8bc2b02e287c d26c6945f75147458e87ffda27cbb8f1 - - default default] Method 'is_advsvc' is deprecated since 2023.2 release (neutron-lib 3.8.0) and will be removed once support for the old RBAC API policies will be removed from Neutron. Please use method 'is_service_role' instead.
2026-05-30 06:25:24.006 9 INFO neutron.wsgi [None req-17e5fb2f-1696-4b34-bc67-37faf4c47911 450838946b6d4c8abfff8bc2b02e287c d26c6945f75147458e87ffda27cbb8f1 - - default default] 10.0.0.233 "POST /v2.0/subnetpools HTTP/1.1" status: 201 len: 715 time: 0.2767584
2026-05-30 06:25:24.016 9 WARNING neutron_lib.context [None req-713079d5-4d42-45d6-a618-40beb9302aee 450838946b6d4c8abfff8bc2b02e287c d26c6945f75147458e87ffda27cbb8f1 - - default default] Method 'is_advsvc' is deprecated since 2023.2 release (neutron-lib 3.8.0) and will be removed once support for the old RBAC API policies will be removed from Neutron. Please use method 'is_service_role' instead.
2026-05-30 06:25:24.074 9 INFO neutron.wsgi [None req-713079d5-4d42-45d6-a618-40beb9302aee 450838946b6d4c8abfff8bc2b02e287c d26c6945f75147458e87ffda27cbb8f1 - - default default] 10.0.0.233 "POST /v2.0/subnetpools HTTP/1.1" status: 201 len: 715 time: 0.0636179
2026-05-30 06:25:24.082 9 WARNING neutron_lib.context [None req-d0a484cd-8597-4a1c-a116-75247e25fb8d 450838946b6d4c8abfff8bc2b02e287c d26c6945f75147458e87ffda27cbb8f1 - - default default] Method 'is_advsvc' is deprecated since 2023.2 release (neutron-lib 3.8.0) and will be removed once support for the old RBAC API policies will be removed from Neutron. Please use method 'is_service_role' instead.
2026-05-30 06:25:24.142 9 INFO neutron.wsgi [None req-d0a484cd-8597-4a1c-a116-75247e25fb8d 450838946b6d4c8abfff8bc2b02e287c d26c6945f75147458e87ffda27cbb8f1 - - default default] 10.0.0.233 "POST /v2.0/subnetpools HTTP/1.1" status: 201 len: 715 time: 0.0629089
2026-05-30 06:25:24.153 9 WARNING neutron_lib.context [None req-e8f51117-9b45-4f83-b411-455f223bdd7f 450838946b6d4c8abfff8bc2b02e287c d26c6945f75147458e87ffda27cbb8f1 - - default default] Method 'is_advsvc' is deprecated since 2023.2 release (neutron-lib 3.8.0) and will be removed once support for the old RBAC API policies will be removed from Neutron. Please use method 'is_service_role' instead.
2026-05-30 06:25:24.225 9 INFO neutron.wsgi [None req-e8f51117-9b45-4f83-b411-455f223bdd7f 450838946b6d4c8abfff8bc2b02e287c d26c6945f75147458e87ffda27cbb8f1 - - default default] 10.0.0.233 "POST /v2.0/subnetpools HTTP/1.1" status: 201 len: 715 time: 0.0775812
2026-05-30 06:25:24.236 10 WARNING neutron_lib.context [None req-309951f7-0ac5-47b6-a823-787c269787ff 450838946b6d4c8abfff8bc2b02e287c d26c6945f75147458e87ffda27cbb8f1 - - default default] Method 'is_advsvc' is deprecated since 2023.2 release (neutron-lib 3.8.0) and will be removed once support for the old RBAC API policies will be removed from Neutron. Please use method 'is_service_role' instead.
2026-05-30 06:25:24.295 10 INFO neutron.wsgi [None req-309951f7-0ac5-47b6-a823-787c269787ff 450838946b6d4c8abfff8bc2b02e287c d26c6945f75147458e87ffda27cbb8f1 - - default default] 10.0.0.233 "POST /v2.0/subnetpools HTTP/1.1" status: 201 len: 715 time: 0.0648606
2026-05-30 06:25:24.342 10 INFO neutron.wsgi [None req-6979275a-761f-4072-ae64-012677091b0f 450838946b6d4c8abfff8bc2b02e287c d26c6945f75147458e87ffda27cbb8f1 - - default default] 10.0.0.233 "PUT /v2.0/subnetpools/b5a354bd-ce73-4d6f-b338-f6cf381b8b32/tags HTTP/1.1" status: 200 len: 210 time: 0.0425074
2026-05-30 06:25:24.394 10 INFO neutron.wsgi [None req-83c01f7c-edfe-4b05-bf26-d8e6e22568b5 450838946b6d4c8abfff8bc2b02e287c d26c6945f75147458e87ffda27cbb8f1 - - default default] 10.0.0.233 "PUT /v2.0/subnetpools/01cd104c-0bce-4601-b9f6-9aec076add75/tags HTTP/1.1" status: 200 len: 218 time: 0.0447659
2026-05-30 06:25:24.441 10 INFO neutron.wsgi [None req-4173b8a3-b192-47a6-a09c-608e3840a2ac 450838946b6d4c8abfff8bc2b02e287c d26c6945f75147458e87ffda27cbb8f1 - - default default] 10.0.0.233 "PUT /v2.0/subnetpools/f7b6f84c-4a88-471d-8dd0-8ef77975a3c4/tags HTTP/1.1" status: 200 len: 227 time: 0.0411229
2026-05-30 06:25:24.484 10 INFO neutron.wsgi [None req-1203276b-385c-4df7-8f70-17994b7dd7b2 450838946b6d4c8abfff8bc2b02e287c d26c6945f75147458e87ffda27cbb8f1 - - default default] 10.0.0.233 "PUT /v2.0/subnetpools/ebea6d8e-5d44-4f8c-94ed-755eb7070455/tags HTTP/1.1" status: 200 len: 212 time: 0.0379078
2026-05-30 06:25:24.521 10 INFO neutron.wsgi [None req-84afff4c-e49f-4fa8-b039-061908b77096 450838946b6d4c8abfff8bc2b02e287c d26c6945f75147458e87ffda27cbb8f1 - - default default] 10.0.0.233 "GET /v2.0/subnetpools?tags=red HTTP/1.1" status: 200 len: 1758 time: 0.0308948
2026-05-30 06:25:24.560 10 INFO neutron.wsgi [None req-9a81bee4-2e0f-45f7-861b-32318607dc15 450838946b6d4c8abfff8bc2b02e287c d26c6945f75147458e87ffda27cbb8f1 - - default default] 10.0.0.233 "GET /v2.0/subnetpools?tags=red%2Cblue HTTP/1.1" status: 200 len: 1251 time: 0.0336237
2026-05-30 06:25:24.593 10 INFO neutron.wsgi [None req-1a40b20f-3423-4802-8b01-77cc12a6dd05 450838946b6d4c8abfff8bc2b02e287c d26c6945f75147458e87ffda27cbb8f1 - - default default] 10.0.0.233 "GET /v2.0/subnetpools?tags-any=blue HTTP/1.1" status: 200 len: 1251 time: 0.0280378
2026-05-30 06:25:24.622 10 INFO neutron.wsgi [None req-cc4bce7f-34a4-4a94-8c25-4b215aece812 450838946b6d4c8abfff8bc2b02e287c d26c6945f75147458e87ffda27cbb8f1 - - default default] 10.0.0.233 "GET /v2.0/subnetpools?tags-any=red%2Cblue HTTP/1.1" status: 200 len: 1758 time: 0.0256865
2026-05-30 06:25:24.655 10 INFO neutron.wsgi [None req-836a0ee5-2bd3-47c8-ba1f-a86c4140b13a 450838946b6d4c8abfff8bc2b02e287c d26c6945f75147458e87ffda27cbb8f1 - - default default] 10.0.0.233 "GET /v2.0/subnetpools?not-tags=red HTTP/1.1" status: 200 len: 1223 time: 0.0282140
2026-05-30 06:25:24.689 10 INFO neutron.wsgi [None req-ffcdad78-fe40-4090-9470-fd1fc6632abe 450838946b6d4c8abfff8bc2b02e287c d26c6945f75147458e87ffda27cbb8f1 - - default default] 10.0.0.233 "GET /v2.0/subnetpools?not-tags=red%2Cblue HTTP/1.1" status: 200 len: 1730 time: 0.0278919
2026-05-30 06:25:24.718 10 INFO neutron.wsgi [None req-ae87d075-1f0b-4337-acc4-42d51ee2740b 450838946b6d4c8abfff8bc2b02e287c d26c6945f75147458e87ffda27cbb8f1 - - default default] 10.0.0.233 "GET /v2.0/subnetpools?not-tags-any=blue HTTP/1.1" status: 200 len: 1730 time: 0.0241868
2026-05-30 06:25:24.752 10 INFO neutron.wsgi [None req-6a2ca75f-b123-4623-b39c-ca0b407aebfc 450838946b6d4c8abfff8bc2b02e287c d26c6945f75147458e87ffda27cbb8f1 - - default default] 10.0.0.233 "GET /v2.0/subnetpools?not-tags-any=red%2Cblue HTTP/1.1" status: 200 len: 1223 time: 0.0298045
2026-05-30 06:25:24.832 9 INFO neutron.wsgi [None req-c9401699-0193-452f-bab0-f064bff6a289 450838946b6d4c8abfff8bc2b02e287c d26c6945f75147458e87ffda27cbb8f1 - - default default] 10.0.0.233 "DELETE /v2.0/subnetpools/b5a354bd-ce73-4d6f-b338-f6cf381b8b32 HTTP/1.1" status: 204 len: 168 time: 0.0722358
2026-05-30 06:25:24.893 10 INFO neutron.wsgi [None req-e4836fc2-95d3-496b-a014-79cbed86036a 450838946b6d4c8abfff8bc2b02e287c d26c6945f75147458e87ffda27cbb8f1 - - default default] 10.0.0.233 "DELETE /v2.0/subnetpools/01cd104c-0bce-4601-b9f6-9aec076add75 HTTP/1.1" status: 204 len: 168 time: 0.0554087
2026-05-30 06:25:24.958 10 INFO neutron.wsgi [None req-c31287a5-5d7c-4e45-b360-351e0dfbcf28 450838946b6d4c8abfff8bc2b02e287c d26c6945f75147458e87ffda27cbb8f1 - - default default] 10.0.0.233 "DELETE /v2.0/subnetpools/f7b6f84c-4a88-471d-8dd0-8ef77975a3c4 HTTP/1.1" status: 204 len: 168 time: 0.0587530
2026-05-30 06:25:25.026 10 INFO neutron.wsgi [None req-6e5186d4-b030-4450-a800-59d3503b8c10 450838946b6d4c8abfff8bc2b02e287c d26c6945f75147458e87ffda27cbb8f1 - - default default] 10.0.0.233 "DELETE /v2.0/subnetpools/ebea6d8e-5d44-4f8c-94ed-755eb7070455 HTTP/1.1" status: 204 len: 168 time: 0.0640922
2026-05-30 06:25:25.109 9 INFO neutron.wsgi [None req-6b5a66b9-16df-46be-b2de-dcf3304e99e4 450838946b6d4c8abfff8bc2b02e287c d26c6945f75147458e87ffda27cbb8f1 - - default default] 10.0.0.233 "DELETE /v2.0/subnetpools/f8aaa044-3845-45cc-a7d3-ac5c5f571b54 HTTP/1.1" status: 204 len: 168 time: 0.0793283
2026-05-30 06:25:25.345 10 INFO neutron.db.ovn_revision_numbers_db [None req-e3938b50-67f3-4e39-9e26-84ed7b0115a5 fa9ca9eda4724365ad319b81ddc79576 604cbe8fbcb44e7bb365d0755c5a9367 - - default default] Successfully bumped revision number for resource 6f1c23c5-a613-42ae-b7ae-e84715735de2 (type: security_groups) to 1
2026-05-30 06:25:25.362 10 INFO neutron.db.ovn_revision_numbers_db [None req-e3938b50-67f3-4e39-9e26-84ed7b0115a5 fa9ca9eda4724365ad319b81ddc79576 604cbe8fbcb44e7bb365d0755c5a9367 - - default default] Successfully bumped revision number for resource 34f8cb94-d80b-4914-a657-3f3eac204a96 (type: security_group_rules) to 0
2026-05-30 06:25:25.382 10 INFO neutron.db.ovn_revision_numbers_db [None req-e3938b50-67f3-4e39-9e26-84ed7b0115a5 fa9ca9eda4724365ad319b81ddc79576 604cbe8fbcb44e7bb365d0755c5a9367 - - default default] Successfully bumped revision number for resource 62695232-35bf-4036-8e3e-6c0370911ed6 (type: security_group_rules) to 0
2026-05-30 06:25:25.403 10 INFO neutron.db.ovn_revision_numbers_db [None req-e3938b50-67f3-4e39-9e26-84ed7b0115a5 fa9ca9eda4724365ad319b81ddc79576 604cbe8fbcb44e7bb365d0755c5a9367 - - default default] Successfully bumped revision number for resource b3f2d84b-fadc-45f9-8cb2-06fd92d64f2b (type: security_group_rules) to 0
2026-05-30 06:25:25.422 10 INFO neutron.db.ovn_revision_numbers_db [None req-e3938b50-67f3-4e39-9e26-84ed7b0115a5 fa9ca9eda4724365ad319b81ddc79576 604cbe8fbcb44e7bb365d0755c5a9367 - - default default] Successfully bumped revision number for resource b6cbeb15-1297-4afb-909b-76b994ade50f (type: security_group_rules) to 0
2026-05-30 06:25:25.450 10 INFO neutron.wsgi [None req-e3938b50-67f3-4e39-9e26-84ed7b0115a5 fa9ca9eda4724365ad319b81ddc79576 604cbe8fbcb44e7bb365d0755c5a9367 - - default default] 10.0.0.233 "GET /v2.0/security-groups?tenant_id=b0849ef0b2c646bb9715220cc0f22dd3&name=default HTTP/1.1" status: 200 len: 3000 time: 0.6546693
2026-05-30 06:25:25.662 10 INFO neutron.wsgi [-] 10.0.0.111 "GET / HTTP/1.1" status: 200 len: 247 time: 0.0026155
2026-05-30 06:25:25.664 9 INFO neutron.wsgi [-] 10.0.0.111 "GET / HTTP/1.1" status: 200 len: 247 time: 0.0013270
2026-05-30 06:25:25.704 10 INFO neutron.wsgi [None req-b94a9d0b-4a02-4eac-a2d7-19d3ef26a49a fa9ca9eda4724365ad319b81ddc79576 604cbe8fbcb44e7bb365d0755c5a9367 - - default default] 10.0.0.233 "DELETE /v2.0/security-groups/6f1c23c5-a613-42ae-b7ae-e84715735de2 HTTP/1.1" status: 204 len: 168 time: 0.2487936
2026-05-30 06:25:26.046 9 INFO neutron.db.ovn_revision_numbers_db [None req-542722a9-4e8b-4b24-9784-322de9356a52 fa9ca9eda4724365ad319b81ddc79576 604cbe8fbcb44e7bb365d0755c5a9367 - - default default] Successfully bumped revision number for resource 1bfd221a-f58b-42c4-b962-5bc176e3fe4c (type: security_groups) to 1
2026-05-30 06:25:26.074 9 INFO neutron.db.ovn_revision_numbers_db [None req-542722a9-4e8b-4b24-9784-322de9356a52 fa9ca9eda4724365ad319b81ddc79576 604cbe8fbcb44e7bb365d0755c5a9367 - - default default] Successfully bumped revision number for resource 0aa51e42-50c0-4e9a-96fa-5a8c7c62c0bc (type: security_group_rules) to 0
2026-05-30 06:25:26.091 9 INFO neutron.db.ovn_revision_numbers_db [None req-542722a9-4e8b-4b24-9784-322de9356a52 fa9ca9eda4724365ad319b81ddc79576 604cbe8fbcb44e7bb365d0755c5a9367 - - default default] Successfully bumped revision number for resource 8cac6282-d587-471a-a527-30782dffb045 (type: security_group_rules) to 0
2026-05-30 06:25:26.107 9 INFO neutron.db.ovn_revision_numbers_db [None req-542722a9-4e8b-4b24-9784-322de9356a52 fa9ca9eda4724365ad319b81ddc79576 604cbe8fbcb44e7bb365d0755c5a9367 - - default default] Successfully bumped revision number for resource b90e80d7-0549-40c3-b455-d0ffd2d2d5ef (type: security_group_rules) to 0
2026-05-30 06:25:26.121 9 INFO neutron.db.ovn_revision_numbers_db [None req-542722a9-4e8b-4b24-9784-322de9356a52 fa9ca9eda4724365ad319b81ddc79576 604cbe8fbcb44e7bb365d0755c5a9367 - - default default] Successfully bumped revision number for resource f6a1ee32-988a-4090-b3ab-ba72bc6cbdec (type: security_group_rules) to 0
2026-05-30 06:25:26.149 9 INFO neutron.wsgi [None req-542722a9-4e8b-4b24-9784-322de9356a52 fa9ca9eda4724365ad319b81ddc79576 604cbe8fbcb44e7bb365d0755c5a9367 - - default default] 10.0.0.233 "GET /v2.0/security-groups?tenant_id=3282d136bd0b47d1a5d1206c4430b130&name=default HTTP/1.1" status: 200 len: 3000 time: 0.2743394
2026-05-30 06:25:26.445 10 INFO neutron.wsgi [None req-4b1556bb-dc87-4d58-a00b-b82e2cccb2be fa9ca9eda4724365ad319b81ddc79576 604cbe8fbcb44e7bb365d0755c5a9367 - - default default] 10.0.0.233 "DELETE /v2.0/security-groups/1bfd221a-f58b-42c4-b962-5bc176e3fe4c HTTP/1.1" status: 204 len: 168 time: 0.2915986
2026-05-30 06:25:26.543 10 INFO neutron.db.ovn_revision_numbers_db [None req-bd037b00-aee6-450d-a1b3-ba86d5291a63 fa9ca9eda4724365ad319b81ddc79576 604cbe8fbcb44e7bb365d0755c5a9367 - - default default] Successfully bumped revision number for resource 66408f79-f5a4-4bf4-99df-a121282cb72d (type: security_groups) to 1
2026-05-30 06:25:26.557 10 INFO neutron.db.ovn_revision_numbers_db [None req-bd037b00-aee6-450d-a1b3-ba86d5291a63 fa9ca9eda4724365ad319b81ddc79576 604cbe8fbcb44e7bb365d0755c5a9367 - - default default] Successfully bumped revision number for resource 01b4c7a8-0dae-40c0-b6f2-226b42695b00 (type: security_group_rules) to 0
2026-05-30 06:25:26.572 10 INFO neutron.db.ovn_revision_numbers_db [None req-bd037b00-aee6-450d-a1b3-ba86d5291a63 fa9ca9eda4724365ad319b81ddc79576 604cbe8fbcb44e7bb365d0755c5a9367 - - default default] Successfully bumped revision number for resource 579e1588-4752-43f1-8581-ee5b126b7e9c (type: security_group_rules) to 0
2026-05-30 06:25:26.590 10 INFO neutron.db.ovn_revision_numbers_db [None req-bd037b00-aee6-450d-a1b3-ba86d5291a63 fa9ca9eda4724365ad319b81ddc79576 604cbe8fbcb44e7bb365d0755c5a9367 - - default default] Successfully bumped revision number for resource 8316f40d-df05-460e-b684-7613eb2f0bbf (type: security_group_rules) to 0
2026-05-30 06:25:26.611 10 INFO neutron.db.ovn_revision_numbers_db [None req-bd037b00-aee6-450d-a1b3-ba86d5291a63 fa9ca9eda4724365ad319b81ddc79576 604cbe8fbcb44e7bb365d0755c5a9367 - - default default] Successfully bumped revision number for resource aced3f1b-f865-4fc9-b334-46f20e1fa311 (type: security_group_rules) to 0
2026-05-30 06:25:26.643 10 INFO neutron.wsgi [None req-bd037b00-aee6-450d-a1b3-ba86d5291a63 fa9ca9eda4724365ad319b81ddc79576 604cbe8fbcb44e7bb365d0755c5a9367 - - default default] 10.0.0.233 "GET /v2.0/security-groups?tenant_id=d26c6945f75147458e87ffda27cbb8f1&name=default HTTP/1.1" status: 200 len: 3000 time: 0.5749853
2026-05-30 06:25:26.885 10 INFO neutron.wsgi [None req-7d7c3e3f-337b-4d5c-af14-17ebea4e6432 fa9ca9eda4724365ad319b81ddc79576 604cbe8fbcb44e7bb365d0755c5a9367 - - default default] 10.0.0.233 "DELETE /v2.0/security-groups/66408f79-f5a4-4bf4-99df-a121282cb72d HTTP/1.1" status: 204 len: 168 time: 0.2378867
2026-05-30 06:25:27.176 9 INFO neutron.db.ovn_revision_numbers_db [None req-25521bc3-68b1-4fb7-a102-671f4fd49b09 fa9ca9eda4724365ad319b81ddc79576 604cbe8fbcb44e7bb365d0755c5a9367 - - default default] Successfully bumped revision number for resource 7de73d34-67ec-44a6-994b-ca1f33bdb649 (type: security_groups) to 1
2026-05-30 06:25:27.192 9 INFO neutron.db.ovn_revision_numbers_db [None req-25521bc3-68b1-4fb7-a102-671f4fd49b09 fa9ca9eda4724365ad319b81ddc79576 604cbe8fbcb44e7bb365d0755c5a9367 - - default default] Successfully bumped revision number for resource 6dafd146-f078-4fcb-85e7-3d50446089a0 (type: security_group_rules) to 0
2026-05-30 06:25:27.204 9 INFO neutron.db.ovn_revision_numbers_db [None req-25521bc3-68b1-4fb7-a102-671f4fd49b09 fa9ca9eda4724365ad319b81ddc79576 604cbe8fbcb44e7bb365d0755c5a9367 - - default default] Successfully bumped revision number for resource 7767a647-16b9-4ddc-ab18-0ab8af4b1e15 (type: security_group_rules) to 0
2026-05-30 06:25:27.219 9 INFO neutron.db.ovn_revision_numbers_db [None req-25521bc3-68b1-4fb7-a102-671f4fd49b09 fa9ca9eda4724365ad319b81ddc79576 604cbe8fbcb44e7bb365d0755c5a9367 - - default default] Successfully bumped revision number for resource 7995f044-8790-4ed2-9708-d0241d12764b (type: security_group_rules) to 0
2026-05-30 06:25:27.233 9 INFO neutron.db.ovn_revision_numbers_db [None req-25521bc3-68b1-4fb7-a102-671f4fd49b09 fa9ca9eda4724365ad319b81ddc79576 604cbe8fbcb44e7bb365d0755c5a9367 - - default default] Successfully bumped revision number for resource be9f522b-55df-4b26-8427-6874a6b4fc47 (type: security_group_rules) to 0
2026-05-30 06:25:27.256 9 INFO neutron.wsgi [None req-25521bc3-68b1-4fb7-a102-671f4fd49b09 fa9ca9eda4724365ad319b81ddc79576 604cbe8fbcb44e7bb365d0755c5a9367 - - default default] 10.0.0.233 "GET /v2.0/security-groups?tenant_id=b88c94149e324ce6a2715fcf0379b502&name=default HTTP/1.1" status: 200 len: 3000 time: 0.1975441
2026-05-30 06:25:27.456 9 INFO neutron.wsgi [None req-723de6bd-deae-4f63-91ec-d41511724b07 fa9ca9eda4724365ad319b81ddc79576 604cbe8fbcb44e7bb365d0755c5a9367 - - default default] 10.0.0.233 "DELETE /v2.0/security-groups/7de73d34-67ec-44a6-994b-ca1f33bdb649 HTTP/1.1" status: 204 len: 168 time: 0.1953459
2026-05-30 06:25:27.746 9 INFO neutron.db.ovn_revision_numbers_db [None req-c6af6139-be49-4006-9bb2-ee660b5b4284 fa9ca9eda4724365ad319b81ddc79576 604cbe8fbcb44e7bb365d0755c5a9367 - - default default] Successfully bumped revision number for resource 368f26e9-57b6-4205-8009-a28ddb28bb59 (type: security_groups) to 1
2026-05-30 06:25:27.759 9 INFO neutron.db.ovn_revision_numbers_db [None req-c6af6139-be49-4006-9bb2-ee660b5b4284 fa9ca9eda4724365ad319b81ddc79576 604cbe8fbcb44e7bb365d0755c5a9367 - - default default] Successfully bumped revision number for resource 4a5d3bf7-2384-4401-a08b-9f2b2bc6e019 (type: security_group_rules) to 0
2026-05-30 06:25:27.773 9 INFO neutron.db.ovn_revision_numbers_db [None req-c6af6139-be49-4006-9bb2-ee660b5b4284 fa9ca9eda4724365ad319b81ddc79576 604cbe8fbcb44e7bb365d0755c5a9367 - - default default] Successfully bumped revision number for resource 690aa166-a562-412b-9bfd-6793d1af828b (type: security_group_rules) to 0
2026-05-30 06:25:27.785 9 INFO neutron.db.ovn_revision_numbers_db [None req-c6af6139-be49-4006-9bb2-ee660b5b4284 fa9ca9eda4724365ad319b81ddc79576 604cbe8fbcb44e7bb365d0755c5a9367 - - default default] Successfully bumped revision number for resource 794245d9-6a9e-4a95-b242-e939bfbf024e (type: security_group_rules) to 0
2026-05-30 06:25:27.798 9 INFO neutron.db.ovn_revision_numbers_db [None req-c6af6139-be49-4006-9bb2-ee660b5b4284 fa9ca9eda4724365ad319b81ddc79576 604cbe8fbcb44e7bb365d0755c5a9367 - - default default] Successfully bumped revision number for resource f59afb26-fc40-4ee3-a69e-a027d08d517c (type: security_group_rules) to 0
2026-05-30 06:25:27.821 9 INFO neutron.wsgi [None req-c6af6139-be49-4006-9bb2-ee660b5b4284 fa9ca9eda4724365ad319b81ddc79576 604cbe8fbcb44e7bb365d0755c5a9367 - - default default] 10.0.0.233 "GET /v2.0/security-groups?tenant_id=04324f5ffa8b4c55a6d11443a85bb41f&name=default HTTP/1.1" status: 200 len: 3000 time: 0.2035439
2026-05-30 06:25:28.013 9 INFO neutron.wsgi [None req-6817e269-e240-4fe2-b282-615fce33ceba fa9ca9eda4724365ad319b81ddc79576 604cbe8fbcb44e7bb365d0755c5a9367 - - default default] 10.0.0.233 "DELETE /v2.0/security-groups/368f26e9-57b6-4205-8009-a28ddb28bb59 HTTP/1.1" status: 204 len: 168 time: 0.1874549
2026-05-30 06:25:30.887 10 INFO neutron.wsgi [None req-5b448aae-002f-400f-9a3a-3b450a5976fd fa9ca9eda4724365ad319b81ddc79576 604cbe8fbcb44e7bb365d0755c5a9367 - - default default] 10.0.0.208 "GET /v2.0/agents HTTP/1.1" status: 200 len: 997 time: 0.2215037
2026-05-30 06:25:30.943 10 INFO neutron.wsgi [None req-d9b3e71e-7461-4505-ac61-636834394d36 fa9ca9eda4724365ad319b81ddc79576 604cbe8fbcb44e7bb365d0755c5a9367 - - default default] 10.0.0.208 "GET /v2.0/subnets HTTP/1.1" status: 200 len: 5496 time: 0.0539036
2026-05-30 06:25:30.958 10 INFO neutron.wsgi [None req-2a134ed6-c66b-4558-9eea-33dc80293e6d fa9ca9eda4724365ad319b81ddc79576 604cbe8fbcb44e7bb365d0755c5a9367 - - default default] 10.0.0.208 "GET /v2.0/network-ip-availabilities HTTP/1.1" status: 200 len: 3362 time: 0.0129852
