2026-05-30 06:22:55.903 9 INFO neutron.services.segments.plugin [-] Segment 390d2089-7a5a-484f-aad0-fdf49de9477a resource provider not found; error: Placement Client Error (4xx): {"errors": [{"status": 404, "title": "Not Found", "detail": "The resource could not be found.\n\n No resource provider with uuid 390d2089-7a5a-484f-aad0-fdf49de9477a found for delete ", "request_id": "req-0c7ff4d8-e2c8-4d9f-9b5c-165a7d24650d"}]}
2026-05-30 06:22:55.919 10 WARNING neutron.scheduler.dhcp_agent_scheduler [None req-8f81d666-a017-4c5b-9e51-dc187fdc0e85 fa9ca9eda4724365ad319b81ddc79576 604cbe8fbcb44e7bb365d0755c5a9367 - - default default] No more DHCP agents
2026-05-30 06:22:55.921 10 WARNING neutron.api.rpc.agentnotifiers.dhcp_rpc_agent_api [None req-8f81d666-a017-4c5b-9e51-dc187fdc0e85 fa9ca9eda4724365ad319b81ddc79576 604cbe8fbcb44e7bb365d0755c5a9367 - - default default] Unable to schedule network fd7ba132-070b-4efe-8770-ce692bf30cc2: no agents available; will retry on subsequent port and subnet creation events.
2026-05-30 06:22:55.958 9 INFO neutron.db.ovn_revision_numbers_db [None req-022736b0-6da0-4409-a671-edd2feb8e77f - - - - - -] Successfully bumped revision number for resource 08302546-a6cc-4a95-8222-881625859dd9 (type: ports) to 1
2026-05-30 06:22:56.082 10 INFO neutron.db.ovn_revision_numbers_db [None req-8f81d666-a017-4c5b-9e51-dc187fdc0e85 fa9ca9eda4724365ad319b81ddc79576 604cbe8fbcb44e7bb365d0755c5a9367 - - default default] Successfully bumped revision number for resource 249e757a-6f73-4538-8169-4dc418524656 (type: ports) to 1
2026-05-30 06:22:56.138 9 INFO neutron.wsgi [None req-2e52521a-d298-4ee5-8c3a-1caf7e93b636 fa9ca9eda4724365ad319b81ddc79576 604cbe8fbcb44e7bb365d0755c5a9367 - - default default] 10.0.0.233 "GET /v2.0/security-groups?tenant_id=781556fc320c48d2b322931f7d09ac5e&name=default HTTP/1.1" status: 200 len: 2996 time: 0.2136142
2026-05-30 06:22:56.215 9 INFO neutron.db.ovn_revision_numbers_db [None req-022736b0-6da0-4409-a671-edd2feb8e77f - - - - - -] Successfully bumped revision number for resource 08302546-a6cc-4a95-8222-881625859dd9 (type: router_ports) to 3
2026-05-30 06:22:56.376 9 INFO neutron.db.ovn_revision_numbers_db [None req-022736b0-6da0-4409-a671-edd2feb8e77f - - - - - -] Successfully bumped revision number for resource 08302546-a6cc-4a95-8222-881625859dd9 (type: ports) to 2
2026-05-30 06:22:56.450 10 INFO neutron.wsgi [None req-8f5d4b22-076e-4be8-81d9-82236f99077d fa9ca9eda4724365ad319b81ddc79576 604cbe8fbcb44e7bb365d0755c5a9367 - - default default] 10.0.0.233 "DELETE /v2.0/security-groups/1736ea49-6627-474e-b513-a53dc5a8a9ec HTTP/1.1" status: 204 len: 168 time: 0.3078144
2026-05-30 06:22:56.480 10 INFO neutron.services.segments.plugin [-] Segment f1c33ec0-b4cc-4441-ac34-cd18a4b07d96 resource provider aggregate not found
2026-05-30 06:22:56.487 10 INFO neutron.services.segments.plugin [-] Segment f1c33ec0-b4cc-4441-ac34-cd18a4b07d96 resource provider aggregate not found
2026-05-30 06:22:56.504 10 INFO neutron.services.segments.plugin [-] Segment f1c33ec0-b4cc-4441-ac34-cd18a4b07d96 resource provider not found; error: Placement Client Error (4xx): {"errors": [{"status": 404, "title": "Not Found", "detail": "The resource could not be found.\n\n No resource provider with uuid f1c33ec0-b4cc-4441-ac34-cd18a4b07d96 found for delete ", "request_id": "req-a1380784-f67a-4dee-b1bc-766c9a02d365"}]}
2026-05-30 06:22:56.506 10 INFO neutron.services.segments.plugin [-] Segment f1c33ec0-b4cc-4441-ac34-cd18a4b07d96 resource provider not found; error: Placement Client Error (4xx): {"errors": [{"status": 404, "title": "Not Found", "detail": "The resource could not be found.\n\n No resource provider with uuid f1c33ec0-b4cc-4441-ac34-cd18a4b07d96 found for delete ", "request_id": "req-455e8bcf-c8a1-4ce5-8d1f-bec7b2ec5269"}]}
2026-05-30 06:22:56.534 10 INFO neutron.db.ovn_revision_numbers_db [None req-8f81d666-a017-4c5b-9e51-dc187fdc0e85 fa9ca9eda4724365ad319b81ddc79576 604cbe8fbcb44e7bb365d0755c5a9367 - - default default] Successfully bumped revision number for resource 249e757a-6f73-4538-8169-4dc418524656 (type: router_ports) to 1
2026-05-30 06:22:56.540 9 WARNING neutron.plugins.ml2.drivers.ovn.mech_driver.ovsdb.ovn_client [None req-7984f437-2146-44b6-8ddc-5f6897636561 - - - - - -] No hosting information found for port 8dfc23e7-df65-43ee-9394-4da0c1a454e3: RuntimeError: No hosting information found for port 8dfc23e7-df65-43ee-9394-4da0c1a454e3
2026-05-30 06:22:56.540 9 INFO neutron.plugins.ml2.drivers.ovn.mech_driver.mech_driver [None req-7984f437-2146-44b6-8ddc-5f6897636561 - - - - - -] OVN reports status up for port: c017dad3-27ac-4a92-9e66-8722166465f5
2026-05-30 06:22:56.551 9 INFO neutron.plugins.ml2.plugin [None req-7984f437-2146-44b6-8ddc-5f6897636561 - - - - - -] Attempt 1 to provision port c017dad3-27ac-4a92-9e66-8722166465f5
2026-05-30 06:22:56.714 9 INFO neutron.db.ovn_revision_numbers_db [None req-022736b0-6da0-4409-a671-edd2feb8e77f - - - - - -] Successfully bumped revision number for resource 08302546-a6cc-4a95-8222-881625859dd9 (type: ports) to 4
2026-05-30 06:22:56.861 10 INFO neutron.db.ovn_revision_numbers_db [None req-8f81d666-a017-4c5b-9e51-dc187fdc0e85 fa9ca9eda4724365ad319b81ddc79576 604cbe8fbcb44e7bb365d0755c5a9367 - - default default] Successfully bumped revision number for resource 249e757a-6f73-4538-8169-4dc418524656 (type: ports) to 1
2026-05-30 06:22:56.887 9 INFO neutron.wsgi [None req-8f4338b8-3f72-477b-9326-4d62fdf9d9e9 479134cef930457d8127433a81904433 ebeb3bc913b3415fb55a5c5a6ce45114 - - default default] 10.0.0.233 "GET /v2.0/ports/c017dad3-27ac-4a92-9e66-8722166465f5 HTTP/1.1" status: 200 len: 1149 time: 0.0425532
2026-05-30 06:22:56.954 9 INFO neutron.db.ovn_revision_numbers_db [None req-7984f437-2146-44b6-8ddc-5f6897636561 - - - - - -] Successfully bumped revision number for resource c017dad3-27ac-4a92-9e66-8722166465f5 (type: ports) to 2
2026-05-30 06:22:56.961 10 WARNING neutron.scheduler.dhcp_agent_scheduler [None req-8f81d666-a017-4c5b-9e51-dc187fdc0e85 fa9ca9eda4724365ad319b81ddc79576 604cbe8fbcb44e7bb365d0755c5a9367 - - default default] No more DHCP agents
2026-05-30 06:22:56.962 10 WARNING neutron.api.rpc.agentnotifiers.dhcp_rpc_agent_api [None req-8f81d666-a017-4c5b-9e51-dc187fdc0e85 fa9ca9eda4724365ad319b81ddc79576 604cbe8fbcb44e7bb365d0755c5a9367 - - default default] Unable to schedule network fd7ba132-070b-4efe-8770-ce692bf30cc2: no agents available; will retry on subsequent port and subnet creation events.
2026-05-30 06:22:57.007 9 INFO neutron.db.ovn_revision_numbers_db [None req-022736b0-6da0-4409-a671-edd2feb8e77f - - - - - -] Successfully bumped revision number for resource 08302546-a6cc-4a95-8222-881625859dd9 (type: router_ports) to 4
2026-05-30 06:22:57.068 9 INFO neutron.db.ovn_revision_numbers_db [None req-7984f437-2146-44b6-8ddc-5f6897636561 - - - - - -] Successfully bumped revision number for resource c017dad3-27ac-4a92-9e66-8722166465f5 (type: router_ports) to 2
2026-05-30 06:22:57.629 10 INFO neutron.db.ovn_revision_numbers_db [None req-8f81d666-a017-4c5b-9e51-dc187fdc0e85 fa9ca9eda4724365ad319b81ddc79576 604cbe8fbcb44e7bb365d0755c5a9367 - - default default] Successfully bumped revision number for resource 249e757a-6f73-4538-8169-4dc418524656 (type: router_ports) to 1
2026-05-30 06:22:57.632 10 INFO neutron.wsgi [None req-8f81d666-a017-4c5b-9e51-dc187fdc0e85 fa9ca9eda4724365ad319b81ddc79576 604cbe8fbcb44e7bb365d0755c5a9367 - - default default] 10.0.0.233 "PUT /v2.0/routers/2866d4aa-7f63-42db-8134-9af6d923bf44/add_router_interface HTTP/1.1" status: 200 len: 503 time: 2.3367808
2026-05-30 06:22:57.671 10 INFO neutron.wsgi [None req-80c0f6ae-3e27-41f4-ac34-8b327ed693c4 479134cef930457d8127433a81904433 ebeb3bc913b3415fb55a5c5a6ce45114 - - default default] 10.0.0.233 "PUT /v2.0/routers/ef5a058d-f18e-4dc6-b4a8-1924c8e330f9/remove_router_interface HTTP/1.1" status: 200 len: 503 time: 0.7771297 /var/lib/openstack/lib/python3.10/site-packages/pycadf/identifier.py:71: UserWarning: Invalid uuid: neutron. To ensure interoperability, identifiers should be a valid uuid. warnings.warn(('Invalid uuid: %s. To ensure interoperability, '
2026-05-30 06:22:57.768 10 INFO neutron.wsgi [None req-0869a6cb-6083-499c-87d9-403f91a5f7b8 479134cef930457d8127433a81904433 ebeb3bc913b3415fb55a5c5a6ce45114 - - default default] 10.0.0.233 "GET /v2.0/ports/8dfc23e7-df65-43ee-9394-4da0c1a454e3 HTTP/1.1" status: 200 len: 1141 time: 0.0915904
2026-05-30 06:22:58.305 10 WARNING neutron_lib.context [None req-c7965e94-f7a4-4587-85b1-356bcc01a81c a3f61da5beb44dc5add93435850ae5f0 f9a7907fffe84492bb2fd5f2fac119b5 - - default default] Method 'is_advsvc' is deprecated since 2023.2 release (neutron-lib 3.8.0) and will be removed once support for the old RBAC API policies will be removed from Neutron. Please use method 'is_service_role' instead.
2026-05-30 06:22:58.353 10 INFO neutron.wsgi [None req-a1292c4f-3d52-432c-b5f8-aad348ef3bdd 479134cef930457d8127433a81904433 ebeb3bc913b3415fb55a5c5a6ce45114 - - default default] 10.0.0.233 "PUT /v2.0/routers/ef5a058d-f18e-4dc6-b4a8-1924c8e330f9/remove_router_interface HTTP/1.1" status: 200 len: 503 time: 0.5792947 /var/lib/openstack/lib/python3.10/site-packages/pycadf/identifier.py:71: UserWarning: Invalid uuid: neutron. To ensure interoperability, identifiers should be a valid uuid. warnings.warn(('Invalid uuid: %s. To ensure interoperability, '
2026-05-30 06:22:58.382 10 INFO neutron.wsgi [None req-53328ab6-5547-40cd-8854-70756d6659d5 479134cef930457d8127433a81904433 ebeb3bc913b3415fb55a5c5a6ce45114 - - default default] 10.0.0.233 "GET /v2.0/ports?device_id=ef5a058d-f18e-4dc6-b4a8-1924c8e330f9 HTTP/1.1" status: 200 len: 205 time: 0.0255618
2026-05-30 06:22:58.484 10 INFO neutron.db.ovn_revision_numbers_db [None req-c7965e94-f7a4-4587-85b1-356bcc01a81c a3f61da5beb44dc5add93435850ae5f0 f9a7907fffe84492bb2fd5f2fac119b5 - - default default] Successfully bumped revision number for resource 9745346d-d28a-4ecf-889c-11e3a15fd7ef (type: security_groups) to 1
2026-05-30 06:22:58.499 10 INFO neutron.db.ovn_revision_numbers_db [None req-c7965e94-f7a4-4587-85b1-356bcc01a81c a3f61da5beb44dc5add93435850ae5f0 f9a7907fffe84492bb2fd5f2fac119b5 - - default default] Successfully bumped revision number for resource 4d2ea458-7284-44be-b53c-76b7336ec4ea (type: security_group_rules) to 0
2026-05-30 06:22:58.515 10 INFO neutron.db.ovn_revision_numbers_db [None req-c7965e94-f7a4-4587-85b1-356bcc01a81c a3f61da5beb44dc5add93435850ae5f0 f9a7907fffe84492bb2fd5f2fac119b5 - - default default] Successfully bumped revision number for resource 95574c06-7808-4013-a0a2-556ad83c1fd7 (type: security_group_rules) to 0
2026-05-30 06:22:58.530 10 INFO neutron.db.ovn_revision_numbers_db [None req-c7965e94-f7a4-4587-85b1-356bcc01a81c a3f61da5beb44dc5add93435850ae5f0 f9a7907fffe84492bb2fd5f2fac119b5 - - default default] Successfully bumped revision number for resource eb785731-6540-45e0-a208-254757bfa300 (type: security_group_rules) to 0
2026-05-30 06:22:58.547 10 INFO neutron.db.ovn_revision_numbers_db [None req-c7965e94-f7a4-4587-85b1-356bcc01a81c a3f61da5beb44dc5add93435850ae5f0 f9a7907fffe84492bb2fd5f2fac119b5 - - default default] Successfully bumped revision number for resource fcda39ed-0fae-420c-be11-c9794e19744f (type: security_group_rules) to 0
2026-05-30 06:22:58.599 10 INFO neutron.db.segments_db [None req-c7965e94-f7a4-4587-85b1-356bcc01a81c a3f61da5beb44dc5add93435850ae5f0 f9a7907fffe84492bb2fd5f2fac119b5 - - default default] Added segment 47ea1bd7-69a0-4c79-aeb7-469abb588836 of type geneve for network 12f4c070-5dff-41e3-bee6-2b07eb0b3798
2026-05-30 06:22:58.654 9 INFO neutron.wsgi [None req-47c74ffa-57c0-44b5-9c46-dd97526b91ee 479134cef930457d8127433a81904433 ebeb3bc913b3415fb55a5c5a6ce45114 - - default default] 10.0.0.233 "DELETE /v2.0/routers/ef5a058d-f18e-4dc6-b4a8-1924c8e330f9 HTTP/1.1" status: 204 len: 168 time: 0.2657826
2026-05-30 06:22:58.802 9 INFO neutron.db.ovn_revision_numbers_db [None req-091b6845-53ef-45ce-9cf2-23bdbba92e97 fa9ca9eda4724365ad319b81ddc79576 604cbe8fbcb44e7bb365d0755c5a9367 - - default default] Successfully bumped revision number for resource 5b135aa7-ab7c-4c06-ae55-cbe66726fda8 (type: security_groups) to 1
2026-05-30 06:22:58.805 10 INFO neutron.db.ovn_revision_numbers_db [None req-c7965e94-f7a4-4587-85b1-356bcc01a81c a3f61da5beb44dc5add93435850ae5f0 f9a7907fffe84492bb2fd5f2fac119b5 - - default default] Successfully bumped revision number for resource 12f4c070-5dff-41e3-bee6-2b07eb0b3798 (type: networks) to 1
2026-05-30 06:22:58.817 9 INFO neutron.db.ovn_revision_numbers_db [None req-091b6845-53ef-45ce-9cf2-23bdbba92e97 fa9ca9eda4724365ad319b81ddc79576 604cbe8fbcb44e7bb365d0755c5a9367 - - default default] Successfully bumped revision number for resource 2fc77297-3082-42e2-81d5-217e0e3c41a4 (type: security_group_rules) to 0
2026-05-30 06:22:58.830 9 INFO neutron.db.ovn_revision_numbers_db [None req-091b6845-53ef-45ce-9cf2-23bdbba92e97 fa9ca9eda4724365ad319b81ddc79576 604cbe8fbcb44e7bb365d0755c5a9367 - - default default] Successfully bumped revision number for resource 9fcb47dc-56ea-42ef-b0eb-c523e4a65411 (type: security_group_rules) to 0
2026-05-30 06:22:58.843 9 INFO neutron.db.ovn_revision_numbers_db [None req-091b6845-53ef-45ce-9cf2-23bdbba92e97 fa9ca9eda4724365ad319b81ddc79576 604cbe8fbcb44e7bb365d0755c5a9367 - - default default] Successfully bumped revision number for resource ce3577ed-c541-4e79-878a-1dcf99e0e843 (type: security_group_rules) to 0
2026-05-30 06:22:58.856 9 INFO neutron.db.ovn_revision_numbers_db [None req-091b6845-53ef-45ce-9cf2-23bdbba92e97 fa9ca9eda4724365ad319b81ddc79576 604cbe8fbcb44e7bb365d0755c5a9367 - - default default] Successfully bumped revision number for resource f8215f1c-8b8f-45e7-ae03-aa5483e50996 (type: security_group_rules) to 0
2026-05-30 06:22:58.911 9 INFO neutron.db.segments_db [None req-091b6845-53ef-45ce-9cf2-23bdbba92e97 fa9ca9eda4724365ad319b81ddc79576 604cbe8fbcb44e7bb365d0755c5a9367 - - default default] Added segment 03425feb-922e-43a3-8c2f-a71abc7eb224 of type geneve for network e2de725e-bdcc-4061-8fc8-205366c481e5
2026-05-30 06:22:59.057 9 INFO neutron.db.ovn_revision_numbers_db [None req-091b6845-53ef-45ce-9cf2-23bdbba92e97 fa9ca9eda4724365ad319b81ddc79576 604cbe8fbcb44e7bb365d0755c5a9367 - - default default] Successfully bumped revision number for resource e2de725e-bdcc-4061-8fc8-205366c481e5 (type: networks) to 1
2026-05-30 06:22:59.163 10 INFO neutron.wsgi [None req-91bdbf14-44b4-4f3b-9912-25605a37d4df 479134cef930457d8127433a81904433 ebeb3bc913b3415fb55a5c5a6ce45114 - - default default] 10.0.0.233 "DELETE /v2.0/subnets/f9b823d5-a43c-4738-86c6-db5928ef5647 HTTP/1.1" status: 204 len: 168 time: 0.5005414
2026-05-30 06:22:59.220 9 WARNING neutron.scheduler.dhcp_agent_scheduler [None req-091b6845-53ef-45ce-9cf2-23bdbba92e97 fa9ca9eda4724365ad319b81ddc79576 604cbe8fbcb44e7bb365d0755c5a9367 - - default default] No more DHCP agents
2026-05-30 06:22:59.223 9 WARNING neutron.api.rpc.agentnotifiers.dhcp_rpc_agent_api [None req-091b6845-53ef-45ce-9cf2-23bdbba92e97 fa9ca9eda4724365ad319b81ddc79576 604cbe8fbcb44e7bb365d0755c5a9367 - - default default] Unable to schedule network e2de725e-bdcc-4061-8fc8-205366c481e5: no agents available; will retry on subsequent port and subnet creation events.
2026-05-30 06:22:59.246 10 WARNING neutron.scheduler.dhcp_agent_scheduler [None req-c7965e94-f7a4-4587-85b1-356bcc01a81c a3f61da5beb44dc5add93435850ae5f0 f9a7907fffe84492bb2fd5f2fac119b5 - - default default] No more DHCP agents
2026-05-30 06:22:59.250 10 WARNING neutron.api.rpc.agentnotifiers.dhcp_rpc_agent_api [None req-c7965e94-f7a4-4587-85b1-356bcc01a81c a3f61da5beb44dc5add93435850ae5f0 f9a7907fffe84492bb2fd5f2fac119b5 - - default default] Unable to schedule network 12f4c070-5dff-41e3-bee6-2b07eb0b3798: no agents available; will retry on subsequent port and subnet creation events.
2026-05-30 06:22:59.311 9 INFO neutron.db.ovn_revision_numbers_db [None req-091b6845-53ef-45ce-9cf2-23bdbba92e97 fa9ca9eda4724365ad319b81ddc79576 604cbe8fbcb44e7bb365d0755c5a9367 - - default default] Successfully bumped revision number for resource c48316d5-5a15-4ef2-a711-9b80403da892 (type: ports) to 1
2026-05-30 06:22:59.336 9 INFO neutron.wsgi [None req-091b6845-53ef-45ce-9cf2-23bdbba92e97 fa9ca9eda4724365ad319b81ddc79576 604cbe8fbcb44e7bb365d0755c5a9367 - - default default] 10.0.0.233 "POST /v2.0/networks HTTP/1.1" status: 201 len: 942 time: 0.6806920
2026-05-30 06:22:59.359 10 INFO neutron.db.ovn_revision_numbers_db [None req-c7965e94-f7a4-4587-85b1-356bcc01a81c a3f61da5beb44dc5add93435850ae5f0 f9a7907fffe84492bb2fd5f2fac119b5 - - default default] Successfully bumped revision number for resource 6ba800b8-8c53-4e9f-a88c-11a82acab63b (type: ports) to 1
2026-05-30 06:22:59.385 10 INFO neutron.wsgi [None req-c7965e94-f7a4-4587-85b1-356bcc01a81c a3f61da5beb44dc5add93435850ae5f0 f9a7907fffe84492bb2fd5f2fac119b5 - - default default] 10.0.0.233 "POST /v2.0/networks HTTP/1.1" status: 201 len: 846 time: 1.3018358
2026-05-30 06:22:59.401 10 INFO neutron.wsgi [None req-9b1315d4-176e-4a9b-9ed6-2a7d42ecd9db 479134cef930457d8127433a81904433 ebeb3bc913b3415fb55a5c5a6ce45114 - - default default] 10.0.0.233 "DELETE /v2.0/subnets/fa006d81-04e6-4b6d-a2e4-eb5fad200d69 HTTP/1.1" status: 204 len: 168 time: 0.2335470
2026-05-30 06:22:59.554 9 WARNING neutron.scheduler.dhcp_agent_scheduler [None req-c7fdc6cd-5c29-4a02-b2e4-cd86538d3c15 fa9ca9eda4724365ad319b81ddc79576 604cbe8fbcb44e7bb365d0755c5a9367 - - default default] No more DHCP agents
2026-05-30 06:22:59.557 9 WARNING neutron.api.rpc.agentnotifiers.dhcp_rpc_agent_api [None req-c7fdc6cd-5c29-4a02-b2e4-cd86538d3c15 fa9ca9eda4724365ad319b81ddc79576 604cbe8fbcb44e7bb365d0755c5a9367 - - default default] Unable to schedule network e2de725e-bdcc-4061-8fc8-205366c481e5: no agents available; will retry on subsequent port and subnet creation events.
2026-05-30 06:22:59.830 9 INFO neutron.services.segments.plugin [-] Segment 69ef2f94-7423-4d3b-bb78-9ade2da4d845 resource provider aggregate not found
2026-05-30 06:22:59.837 10 WARNING neutron_lib.context [None req-dceac152-3870-4dff-9fba-48a9f879ebe8 a3f61da5beb44dc5add93435850ae5f0 f9a7907fffe84492bb2fd5f2fac119b5 - - default default] Method 'is_advsvc' is deprecated since 2023.2 release (neutron-lib 3.8.0) and will be removed once support for the old RBAC API policies will be removed from Neutron. Please use method 'is_service_role' instead.
2026-05-30 06:22:59.839 9 INFO neutron.services.segments.plugin [-] Segment 69ef2f94-7423-4d3b-bb78-9ade2da4d845 resource provider aggregate not found
2026-05-30 06:22:59.848 9 INFO neutron.services.segments.plugin [-] Segment 69ef2f94-7423-4d3b-bb78-9ade2da4d845 resource provider not found; error: Placement Client Error (4xx): {"errors": [{"status": 404, "title": "Not Found", "detail": "The resource could not be found.\n\n No resource provider with uuid 69ef2f94-7423-4d3b-bb78-9ade2da4d845 found for delete ", "request_id": "req-709a03d5-dbb0-4109-9fab-4ff0e2922a89"}]}
2026-05-30 06:22:59.856 9 INFO neutron.services.segments.plugin [-] Segment 69ef2f94-7423-4d3b-bb78-9ade2da4d845 resource provider not found; error: Placement Client Error (4xx): {"errors": [{"status": 404, "title": "Not Found", "detail": "The resource could not be found.\n\n No resource provider with uuid 69ef2f94-7423-4d3b-bb78-9ade2da4d845 found for delete ", "request_id": "req-d689e8c1-15f9-4b4e-a22c-83f7aee0c0c3"}]}
2026-05-30 06:22:59.881 9 INFO neutron.wsgi [None req-c2929f96-bea7-4b75-88c3-5af3aca74b84 479134cef930457d8127433a81904433 ebeb3bc913b3415fb55a5c5a6ce45114 - - default default] 10.0.0.233 "DELETE /v2.0/networks/7317c4af-eb47-4128-8817-e2b317bf987d HTTP/1.1" status: 204 len: 168 time: 0.4748862
2026-05-30 06:23:00.067 10 WARNING neutron.scheduler.dhcp_agent_scheduler [None req-dceac152-3870-4dff-9fba-48a9f879ebe8 a3f61da5beb44dc5add93435850ae5f0 f9a7907fffe84492bb2fd5f2fac119b5 - - default default] No more DHCP agents
2026-05-30 06:23:00.071 10 WARNING neutron.api.rpc.agentnotifiers.dhcp_rpc_agent_api [None req-dceac152-3870-4dff-9fba-48a9f879ebe8 a3f61da5beb44dc5add93435850ae5f0 f9a7907fffe84492bb2fd5f2fac119b5 - - default default] Unable to schedule network 12f4c070-5dff-41e3-bee6-2b07eb0b3798: no agents available; will retry on subsequent port and subnet creation events.
2026-05-30 06:23:00.102 10 INFO neutron.db.ovn_revision_numbers_db [None req-dceac152-3870-4dff-9fba-48a9f879ebe8 a3f61da5beb44dc5add93435850ae5f0 f9a7907fffe84492bb2fd5f2fac119b5 - - default default] Successfully bumped revision number for resource 95ffabf0-8385-48c7-af6f-46ee4797f8da (type: subnets) to 0
2026-05-30 06:23:00.118 10 INFO neutron.wsgi [None req-dceac152-3870-4dff-9fba-48a9f879ebe8 a3f61da5beb44dc5add93435850ae5f0 f9a7907fffe84492bb2fd5f2fac119b5 - - default default] 10.0.0.233 "POST /v2.0/subnets HTTP/1.1" status: 201 len: 848 time: 0.2908478
2026-05-30 06:23:00.130 10 WARNING neutron_lib.context [None req-77709321-0374-492b-b219-917213d19527 a3f61da5beb44dc5add93435850ae5f0 f9a7907fffe84492bb2fd5f2fac119b5 - - default default] Method 'is_advsvc' is deprecated since 2023.2 release (neutron-lib 3.8.0) and will be removed once support for the old RBAC API policies will be removed from Neutron. Please use method 'is_service_role' instead.
2026-05-30 06:23:00.210 10 INFO neutron.db.segments_db [None req-77709321-0374-492b-b219-917213d19527 a3f61da5beb44dc5add93435850ae5f0 f9a7907fffe84492bb2fd5f2fac119b5 - - default default] Added segment c9df9e5d-9648-45ad-88f6-9356e9fadfe8 of type geneve for network cb42eac3-0281-48be-b7ae-bf0c73563d69
2026-05-30 06:23:00.351 10 INFO neutron.db.ovn_revision_numbers_db [None req-77709321-0374-492b-b219-917213d19527 a3f61da5beb44dc5add93435850ae5f0 f9a7907fffe84492bb2fd5f2fac119b5 - - default default] Successfully bumped revision number for resource cb42eac3-0281-48be-b7ae-bf0c73563d69 (type: networks) to 1
2026-05-30 06:23:00.409 9 INFO neutron.db.ovn_revision_numbers_db [None req-c7fdc6cd-5c29-4a02-b2e4-cd86538d3c15 fa9ca9eda4724365ad319b81ddc79576 604cbe8fbcb44e7bb365d0755c5a9367 - - default default] Successfully bumped revision number for resource c48316d5-5a15-4ef2-a711-9b80403da892 (type: ports) to 2
2026-05-30 06:23:00.464 9 INFO neutron.db.ovn_revision_numbers_db [None req-c7fdc6cd-5c29-4a02-b2e4-cd86538d3c15 fa9ca9eda4724365ad319b81ddc79576 604cbe8fbcb44e7bb365d0755c5a9367 - - default default] Successfully bumped revision number for resource b6acb93d-079e-4bc8-994c-f4c432cd7e38 (type: subnets) to 0
2026-05-30 06:23:00.484 9 INFO neutron.wsgi [None req-c7fdc6cd-5c29-4a02-b2e4-cd86538d3c15 fa9ca9eda4724365ad319b81ddc79576 604cbe8fbcb44e7bb365d0755c5a9367 - - default default] 10.0.0.233 "POST /v2.0/subnets HTTP/1.1" status: 201 len: 862 time: 1.1411359
2026-05-30 06:23:00.545 9 INFO neutron.wsgi [None req-c100c4e0-0a6a-4a3e-ac81-bf9b4c14021f 479134cef930457d8127433a81904433 ebeb3bc913b3415fb55a5c5a6ce45114 - - default default] 10.0.0.233 "DELETE /v2.0/networks/9b56f0d4-4600-4200-a350-5d005cfe1e69 HTTP/1.1" status: 204 len: 168 time: 0.6543970
2026-05-30 06:23:00.555 9 WARNING neutron_lib.context [None req-aeca1043-159a-49bd-a48e-aeccb4fb820d 479134cef930457d8127433a81904433 ebeb3bc913b3415fb55a5c5a6ce45114 - - default default] Method 'is_advsvc' is deprecated since 2023.2 release (neutron-lib 3.8.0) and will be removed once support for the old RBAC API policies will be removed from Neutron. Please use method 'is_service_role' instead.
2026-05-30 06:23:00.573 10 WARNING neutron.scheduler.dhcp_agent_scheduler [None req-77709321-0374-492b-b219-917213d19527 a3f61da5beb44dc5add93435850ae5f0 f9a7907fffe84492bb2fd5f2fac119b5 - - default default] No more DHCP agents
2026-05-30 06:23:00.576 10 WARNING neutron.api.rpc.agentnotifiers.dhcp_rpc_agent_api [None req-77709321-0374-492b-b219-917213d19527 a3f61da5beb44dc5add93435850ae5f0 f9a7907fffe84492bb2fd5f2fac119b5 - - default default] Unable to schedule network cb42eac3-0281-48be-b7ae-bf0c73563d69: no agents available; will retry on subsequent port and subnet creation events.
2026-05-30 06:23:00.641 9 INFO neutron.db.segments_db [None req-aeca1043-159a-49bd-a48e-aeccb4fb820d 479134cef930457d8127433a81904433 ebeb3bc913b3415fb55a5c5a6ce45114 - - default default] Added segment 7d54b9fe-4d92-4815-abe9-a1e2a590b388 of type geneve for network d0f3b55e-46ef-420f-8ba9-d0a128a14f7f
2026-05-30 06:23:00.719 10 INFO neutron.db.ovn_revision_numbers_db [None req-77709321-0374-492b-b219-917213d19527 a3f61da5beb44dc5add93435850ae5f0 f9a7907fffe84492bb2fd5f2fac119b5 - - default default] Successfully bumped revision number for resource 3a64aa73-3c0d-4fe9-9ca8-ec280b836a06 (type: ports) to 1
2026-05-30 06:23:00.750 10 INFO neutron.wsgi [None req-77709321-0374-492b-b219-917213d19527 a3f61da5beb44dc5add93435850ae5f0 f9a7907fffe84492bb2fd5f2fac119b5 - - default default] 10.0.0.233 "POST /v2.0/networks HTTP/1.1" status: 201 len: 847 time: 0.6253333
2026-05-30 06:23:00.790 9 INFO neutron.db.ovn_revision_numbers_db [None req-aeca1043-159a-49bd-a48e-aeccb4fb820d 479134cef930457d8127433a81904433 ebeb3bc913b3415fb55a5c5a6ce45114 - - default default] Successfully bumped revision number for resource d0f3b55e-46ef-420f-8ba9-d0a128a14f7f (type: networks) to 1
2026-05-30 06:23:01.000 9 WARNING neutron.scheduler.dhcp_agent_scheduler [None req-aeca1043-159a-49bd-a48e-aeccb4fb820d 479134cef930457d8127433a81904433 ebeb3bc913b3415fb55a5c5a6ce45114 - - default default] No more DHCP agents
2026-05-30 06:23:01.002 9 WARNING neutron.api.rpc.agentnotifiers.dhcp_rpc_agent_api [None req-aeca1043-159a-49bd-a48e-aeccb4fb820d 479134cef930457d8127433a81904433 ebeb3bc913b3415fb55a5c5a6ce45114 - - default default] Unable to schedule network d0f3b55e-46ef-420f-8ba9-d0a128a14f7f: no agents available; will retry on subsequent port and subnet creation events.
2026-05-30 06:23:01.016 10 INFO neutron.db.ovn_revision_numbers_db [None req-0c10378d-18c9-4deb-9933-4f4733ce2992 a3f61da5beb44dc5add93435850ae5f0 f9a7907fffe84492bb2fd5f2fac119b5 - - default default] Successfully bumped revision number for resource cb42eac3-0281-48be-b7ae-bf0c73563d69 (type: networks) to 2
2026-05-30 06:23:01.020 10 INFO neutron.wsgi [None req-0c10378d-18c9-4deb-9933-4f4733ce2992 a3f61da5beb44dc5add93435850ae5f0 f9a7907fffe84492bb2fd5f2fac119b5 - - default default] 10.0.0.233 "PUT /v2.0/networks/cb42eac3-0281-48be-b7ae-bf0c73563d69 HTTP/1.1" status: 200 len: 792 time: 0.2642269
2026-05-30 06:23:01.032 10 WARNING neutron_lib.context [None req-44f417f7-f4d9-4603-90ae-f97748803b5e a3f61da5beb44dc5add93435850ae5f0 f9a7907fffe84492bb2fd5f2fac119b5 - - default default] Method 'is_advsvc' is deprecated since 2023.2 release (neutron-lib 3.8.0) and will be removed once support for the old RBAC API policies will be removed from Neutron. Please use method 'is_service_role' instead.
2026-05-30 06:23:01.084 9 INFO neutron.db.ovn_revision_numbers_db [None req-aeca1043-159a-49bd-a48e-aeccb4fb820d 479134cef930457d8127433a81904433 ebeb3bc913b3415fb55a5c5a6ce45114 - - default default] Successfully bumped revision number for resource 71b5d5ea-3d61-47f8-b6a4-d364c1262e4a (type: ports) to 1
2026-05-30 06:23:01.104 9 INFO neutron.wsgi [None req-aeca1043-159a-49bd-a48e-aeccb4fb820d 479134cef930457d8127433a81904433 ebeb3bc913b3415fb55a5c5a6ce45114 - - default default] 10.0.0.233 "POST /v2.0/networks HTTP/1.1" status: 201 len: 833 time: 0.5532308
2026-05-30 06:23:01.115 9 WARNING neutron_lib.context [None req-0eb318f2-4379-4f40-8eb7-8633b492e3d2 479134cef930457d8127433a81904433 ebeb3bc913b3415fb55a5c5a6ce45114 - - default default] Method 'is_advsvc' is deprecated since 2023.2 release (neutron-lib 3.8.0) and will be removed once support for the old RBAC API policies will be removed from Neutron. Please use method 'is_service_role' instead.
2026-05-30 06:23:01.117 10 WARNING neutron.scheduler.dhcp_agent_scheduler [None req-1ee6f588-e0ee-4dc6-bc59-5c0166b14497 fa9ca9eda4724365ad319b81ddc79576 604cbe8fbcb44e7bb365d0755c5a9367 - - default default] No more DHCP agents
2026-05-30 06:23:01.128 10 WARNING neutron.api.rpc.agentnotifiers.dhcp_rpc_agent_api [None req-1ee6f588-e0ee-4dc6-bc59-5c0166b14497 fa9ca9eda4724365ad319b81ddc79576 604cbe8fbcb44e7bb365d0755c5a9367 - - default default] Unable to schedule network 11b4d999-c9b7-4826-92f7-6abe7fd0399f: no agents available; will retry on subsequent port and subnet creation events.
2026-05-30 06:23:01.333 10 WARNING neutron.scheduler.dhcp_agent_scheduler [None req-44f417f7-f4d9-4603-90ae-f97748803b5e a3f61da5beb44dc5add93435850ae5f0 f9a7907fffe84492bb2fd5f2fac119b5 - - default default] No more DHCP agents
2026-05-30 06:23:01.336 10 WARNING neutron.api.rpc.agentnotifiers.dhcp_rpc_agent_api [None req-44f417f7-f4d9-4603-90ae-f97748803b5e a3f61da5beb44dc5add93435850ae5f0 f9a7907fffe84492bb2fd5f2fac119b5 - - default default] Unable to schedule network cb42eac3-0281-48be-b7ae-bf0c73563d69: no agents available; will retry on subsequent port and subnet creation events.
2026-05-30 06:23:01.337 10 INFO neutron.db.ovn_revision_numbers_db [None req-1ee6f588-e0ee-4dc6-bc59-5c0166b14497 fa9ca9eda4724365ad319b81ddc79576 604cbe8fbcb44e7bb365d0755c5a9367 - - default default] Successfully bumped revision number for resource dab4d88c-c22c-4a8c-bc4e-4cdf63c41a53 (type: ports) to 1
2026-05-30 06:23:01.343 9 WARNING neutron.scheduler.dhcp_agent_scheduler [None req-0eb318f2-4379-4f40-8eb7-8633b492e3d2 479134cef930457d8127433a81904433 ebeb3bc913b3415fb55a5c5a6ce45114 - - default default] No more DHCP agents
2026-05-30 06:23:01.346 9 WARNING neutron.api.rpc.agentnotifiers.dhcp_rpc_agent_api [None req-0eb318f2-4379-4f40-8eb7-8633b492e3d2 479134cef930457d8127433a81904433 ebeb3bc913b3415fb55a5c5a6ce45114 - - default default] Unable to schedule network d0f3b55e-46ef-420f-8ba9-d0a128a14f7f: no agents available; will retry on subsequent port and subnet creation events.
2026-05-30 06:23:01.381 9 INFO neutron.db.ovn_revision_numbers_db [None req-0eb318f2-4379-4f40-8eb7-8633b492e3d2 479134cef930457d8127433a81904433 ebeb3bc913b3415fb55a5c5a6ce45114 - - default default] Successfully bumped revision number for resource 4f40b3e5-8969-4242-bdb5-d4ce9d57109e (type: subnets) to 0
2026-05-30 06:23:01.390 10 INFO neutron.db.ovn_revision_numbers_db [None req-44f417f7-f4d9-4603-90ae-f97748803b5e a3f61da5beb44dc5add93435850ae5f0 f9a7907fffe84492bb2fd5f2fac119b5 - - default default] Successfully bumped revision number for resource 466c06ae-cb50-4508-a1e7-5925616339e0 (type: subnets) to 0
2026-05-30 06:23:01.394 9 INFO neutron.wsgi [None req-0eb318f2-4379-4f40-8eb7-8633b492e3d2 479134cef930457d8127433a81904433 ebeb3bc913b3415fb55a5c5a6ce45114 - - default default] 10.0.0.233 "POST /v2.0/subnets HTTP/1.1" status: 201 len: 821 time: 0.2837584
2026-05-30 06:23:01.404 10 INFO neutron.wsgi [None req-44f417f7-f4d9-4603-90ae-f97748803b5e a3f61da5beb44dc5add93435850ae5f0 f9a7907fffe84492bb2fd5f2fac119b5 - - default default] 10.0.0.233 "POST /v2.0/subnets HTTP/1.1" status: 201 len: 821 time: 0.3774557
2026-05-30 06:23:01.405 9 WARNING neutron_lib.context [None req-052725a2-574a-4264-8398-d5e9544400ee 479134cef930457d8127433a81904433 ebeb3bc913b3415fb55a5c5a6ce45114 - - default default] Method 'is_advsvc' is deprecated since 2023.2 release (neutron-lib 3.8.0) and will be removed once support for the old RBAC API policies will be removed from Neutron. Please use method 'is_service_role' instead.
2026-05-30 06:23:01.545 9 INFO neutron.db.ovn_revision_numbers_db [None req-052725a2-574a-4264-8398-d5e9544400ee 479134cef930457d8127433a81904433 ebeb3bc913b3415fb55a5c5a6ce45114 - - default default] Successfully bumped revision number for resource e319b02b-14c3-4e96-bd35-a422228baf10 (type: routers) to 1
2026-05-30 06:23:01.556 9 INFO neutron.wsgi [None req-052725a2-574a-4264-8398-d5e9544400ee 479134cef930457d8127433a81904433 ebeb3bc913b3415fb55a5c5a6ce45114 - - default default] 10.0.0.233 "POST /v2.0/routers HTTP/1.1" status: 201 len: 691 time: 0.1564200
2026-05-30 06:23:01.565 9 WARNING neutron_lib.context [None req-0463915e-ba40-4878-90d9-d01bb742411d 479134cef930457d8127433a81904433 ebeb3bc913b3415fb55a5c5a6ce45114 - - default default] Method 'is_advsvc' is deprecated since 2023.2 release (neutron-lib 3.8.0) and will be removed once support for the old RBAC API policies will be removed from Neutron. Please use method 'is_service_role' instead.
2026-05-30 06:23:01.876 9 INFO neutron.services.segments.plugin [-] Segment b4ec618b-a243-4976-ae4b-9ce87a59fc1f resource provider aggregate not found
2026-05-30 06:23:01.885 9 INFO neutron.services.segments.plugin [-] Segment b4ec618b-a243-4976-ae4b-9ce87a59fc1f resource provider aggregate not found
2026-05-30 06:23:01.898 9 INFO neutron.services.segments.plugin [-] Segment b4ec618b-a243-4976-ae4b-9ce87a59fc1f resource provider not found; error: Placement Client Error (4xx): {"errors": [{"status": 404, "title": "Not Found", "detail": "The resource could not be found.\n\n No resource provider with uuid b4ec618b-a243-4976-ae4b-9ce87a59fc1f found for delete ", "request_id": "req-4df8f704-765c-4a92-825e-5b507ef5f72a"}]}
2026-05-30 06:23:01.901 9 INFO neutron.services.segments.plugin [-] Segment b4ec618b-a243-4976-ae4b-9ce87a59fc1f resource provider not found; error: Placement Client Error (4xx): {"errors": [{"status": 404, "title": "Not Found", "detail": "The resource could not be found.\n\n No resource provider with uuid b4ec618b-a243-4976-ae4b-9ce87a59fc1f found for delete ", "request_id": "req-ac5bb00d-e3fd-4397-8dbd-1c57c4851c57"}]}
2026-05-30 06:23:01.902 9 WARNING neutron.scheduler.dhcp_agent_scheduler [None req-0463915e-ba40-4878-90d9-d01bb742411d 479134cef930457d8127433a81904433 ebeb3bc913b3415fb55a5c5a6ce45114 - - default default] No more DHCP agents
2026-05-30 06:23:01.903 9 WARNING neutron.api.rpc.agentnotifiers.dhcp_rpc_agent_api [None req-0463915e-ba40-4878-90d9-d01bb742411d 479134cef930457d8127433a81904433 ebeb3bc913b3415fb55a5c5a6ce45114 - - default default] Unable to schedule network d0f3b55e-46ef-420f-8ba9-d0a128a14f7f: no agents available; will retry on subsequent port and subnet creation events.
2026-05-30 06:23:02.028 9 INFO neutron.db.ovn_revision_numbers_db [None req-0463915e-ba40-4878-90d9-d01bb742411d 479134cef930457d8127433a81904433 ebeb3bc913b3415fb55a5c5a6ce45114 - - default default] Successfully bumped revision number for resource ee109ba8-6a55-439e-8c15-e73adcb734aa (type: ports) to 1
2026-05-30 06:23:02.053 9 INFO neutron.wsgi [None req-0463915e-ba40-4878-90d9-d01bb742411d 479134cef930457d8127433a81904433 ebeb3bc913b3415fb55a5c5a6ce45114 - - default default] 10.0.0.233 "POST /v2.0/ports HTTP/1.1" status: 201 len: 1162 time: 0.4920533 /var/lib/openstack/lib/python3.10/site-packages/pycadf/identifier.py:71: UserWarning: Invalid uuid: neutron. To ensure interoperability, identifiers should be a valid uuid. warnings.warn(('Invalid uuid: %s. To ensure interoperability, '
2026-05-30 06:23:02.262 10 INFO neutron.plugins.ml2.drivers.ovn.mech_driver.mech_driver [None req-63e0e90d-16ac-4ee9-8703-71e66a698c84 - - - - - -] OVN reports status up for port: dab4d88c-c22c-4a8c-bc4e-4cdf63c41a53
2026-05-30 06:23:02.277 9 INFO neutron.plugins.ml2.drivers.ovn.mech_driver.ovsdb.ovsdb_monitor [None req-022736b0-6da0-4409-a671-edd2feb8e77f - - - - - -] Router 3a151f83-a322-4cd5-a90a-76ce74ce0ddc is bound to host instance
2026-05-30 06:23:02.293 10 INFO neutron.plugins.ml2.plugin [None req-63e0e90d-16ac-4ee9-8703-71e66a698c84 - - - - - -] Attempt 1 to provision port dab4d88c-c22c-4a8c-bc4e-4cdf63c41a53
2026-05-30 06:23:02.333 10 INFO neutron.db.ovn_revision_numbers_db [None req-1ee6f588-e0ee-4dc6-bc59-5c0166b14497 fa9ca9eda4724365ad319b81ddc79576 604cbe8fbcb44e7bb365d0755c5a9367 - - default default] Successfully bumped revision number for resource dab4d88c-c22c-4a8c-bc4e-4cdf63c41a53 (type: router_ports) to 1
2026-05-30 06:23:02.466 10 INFO neutron.db.ovn_revision_numbers_db [None req-1ee6f588-e0ee-4dc6-bc59-5c0166b14497 fa9ca9eda4724365ad319b81ddc79576 604cbe8fbcb44e7bb365d0755c5a9367 - - default default] Successfully bumped revision number for resource 3a151f83-a322-4cd5-a90a-76ce74ce0ddc (type: routers) to 2
2026-05-30 06:23:02.483 9 WARNING neutron.plugins.ml2.drivers.ovn.mech_driver.ovsdb.ovn_client [None req-7984f437-2146-44b6-8ddc-5f6897636561 - - - - - -] No port found with ID c017dad3-27ac-4a92-9e66-8722166465f5: RuntimeError: No port found with ID c017dad3-27ac-4a92-9e66-8722166465f5
2026-05-30 06:23:02.484 9 INFO neutron.plugins.ml2.drivers.ovn.mech_driver.mech_driver [None req-7984f437-2146-44b6-8ddc-5f6897636561 - - - - - -] OVN reports status up for port: 08302546-a6cc-4a95-8222-881625859dd9
2026-05-30 06:23:02.493 10 INFO neutron.wsgi [None req-1ee6f588-e0ee-4dc6-bc59-5c0166b14497 fa9ca9eda4724365ad319b81ddc79576 604cbe8fbcb44e7bb365d0755c5a9367 - - default default] 10.0.0.233 "POST /v2.0/routers HTTP/1.1" status: 201 len: 873 time: 2.0045314 /var/lib/openstack/lib/python3.10/site-packages/pycadf/identifier.py:71: UserWarning: Invalid uuid: neutron. To ensure interoperability, identifiers should be a valid uuid. warnings.warn(('Invalid uuid: %s. To ensure interoperability, '
2026-05-30 06:23:02.508 9 INFO neutron.plugins.ml2.plugin [None req-7984f437-2146-44b6-8ddc-5f6897636561 - - - - - -] Attempt 1 to provision port 08302546-a6cc-4a95-8222-881625859dd9
2026-05-30 06:23:02.509 9 INFO neutron.db.ovn_revision_numbers_db [None req-4af34b06-eccc-42ea-859d-e09176bfd238 479134cef930457d8127433a81904433 ebeb3bc913b3415fb55a5c5a6ce45114 - - default default] Successfully bumped revision number for resource ee109ba8-6a55-439e-8c15-e73adcb734aa (type: router_ports) to 2
2026-05-30 06:23:02.576 10 INFO neutron.db.ovn_revision_numbers_db [None req-bbf60350-3025-41f3-abab-5efc5abf048f a3f61da5beb44dc5add93435850ae5f0 f9a7907fffe84492bb2fd5f2fac119b5 - - default default] Successfully bumped revision number for resource 3a64aa73-3c0d-4fe9-9ca8-ec280b836a06 (type: ports) to 2
2026-05-30 06:23:02.616 10 INFO neutron.db.ovn_revision_numbers_db [None req-bbf60350-3025-41f3-abab-5efc5abf048f a3f61da5beb44dc5add93435850ae5f0 f9a7907fffe84492bb2fd5f2fac119b5 - - default default] Successfully bumped revision number for resource 466c06ae-cb50-4508-a1e7-5925616339e0 (type: subnets) to 1
2026-05-30 06:23:02.619 10 INFO neutron.wsgi [None req-bbf60350-3025-41f3-abab-5efc5abf048f a3f61da5beb44dc5add93435850ae5f0 f9a7907fffe84492bb2fd5f2fac119b5 - - default default] 10.0.0.233 "PUT /v2.0/subnets/466c06ae-cb50-4508-a1e7-5925616339e0 HTTP/1.1" status: 200 len: 826 time: 1.2101028
2026-05-30 06:23:02.774 9 INFO neutron.plugins.ml2.drivers.ovn.mech_driver.mech_driver [None req-7984f437-2146-44b6-8ddc-5f6897636561 - - - - - -] OVN reports status up for port: 249e757a-6f73-4538-8169-4dc418524656
2026-05-30 06:23:02.801 9 INFO neutron.plugins.ml2.plugin [None req-7984f437-2146-44b6-8ddc-5f6897636561 - - - - - -] Attempt 1 to provision port 249e757a-6f73-4538-8169-4dc418524656
2026-05-30 06:23:02.854 9 INFO neutron.db.ovn_revision_numbers_db [None req-4af34b06-eccc-42ea-859d-e09176bfd238 479134cef930457d8127433a81904433 ebeb3bc913b3415fb55a5c5a6ce45114 - - default default] Successfully bumped revision number for resource ee109ba8-6a55-439e-8c15-e73adcb734aa (type: ports) to 2
2026-05-30 06:23:03.139 10 INFO neutron.services.segments.plugin [-] Segment c9df9e5d-9648-45ad-88f6-9356e9fadfe8 resource provider aggregate not found
2026-05-30 06:23:03.145 10 INFO neutron.services.segments.plugin [-] Segment c9df9e5d-9648-45ad-88f6-9356e9fadfe8 resource provider aggregate not found
2026-05-30 06:23:03.154 10 INFO neutron.services.segments.plugin [-] Segment c9df9e5d-9648-45ad-88f6-9356e9fadfe8 resource provider not found; error: Placement Client Error (4xx): {"errors": [{"status": 404, "title": "Not Found", "detail": "The resource could not be found.\n\n No resource provider with uuid c9df9e5d-9648-45ad-88f6-9356e9fadfe8 found for delete ", "request_id": "req-a6df1ef8-7ab5-44d8-a297-fcdeb9b18eaa"}]}
2026-05-30 06:23:03.163 10 INFO neutron.services.segments.plugin [-] Segment c9df9e5d-9648-45ad-88f6-9356e9fadfe8 resource provider not found; error: Placement Client Error (4xx): {"errors": [{"status": 404, "title": "Not Found", "detail": "The resource could not be found.\n\n No resource provider with uuid c9df9e5d-9648-45ad-88f6-9356e9fadfe8 found for delete ", "request_id": "req-c866af48-e17e-472f-a106-84b91d665f2c"}]}
2026-05-30 06:23:03.182 10 INFO neutron.wsgi [None req-ef43ea46-6efb-48f2-8078-b3394117b6fd a3f61da5beb44dc5add93435850ae5f0 f9a7907fffe84492bb2fd5f2fac119b5 - - default default] 10.0.0.233 "DELETE /v2.0/networks/cb42eac3-0281-48be-b7ae-bf0c73563d69 HTTP/1.1" status: 204 len: 168 time: 0.5573893
2026-05-30 06:23:03.202 10 INFO neutron.pecan_wsgi.hooks.translation [None req-2c51b5a3-74a8-4547-aef2-8d37704facbd a3f61da5beb44dc5add93435850ae5f0 f9a7907fffe84492bb2fd5f2fac119b5 - - default default] DELETE failed (client error): The resource could not be found.
2026-05-30 06:23:03.204 10 INFO neutron.wsgi [None req-2c51b5a3-74a8-4547-aef2-8d37704facbd a3f61da5beb44dc5add93435850ae5f0 f9a7907fffe84492bb2fd5f2fac119b5 - - default default] 10.0.0.233 "DELETE /v2.0/networks/cb42eac3-0281-48be-b7ae-bf0c73563d69 HTTP/1.1" status: 404 len: 339 time: 0.0149326
2026-05-30 06:23:03.314 10 INFO neutron.wsgi [None req-6bd04622-632d-416e-a2cc-3157e4908a04 a3f61da5beb44dc5add93435850ae5f0 f9a7907fffe84492bb2fd5f2fac119b5 - - default default] 10.0.0.233 "GET /v2.0/networks?router%3Aexternal=True HTTP/1.1" status: 200 len: 845 time: 0.1045144
2026-05-30 06:23:03.365 10 INFO neutron.wsgi [None req-1de5ebd0-82fc-4f02-9817-1fd08ef35cf2 a3f61da5beb44dc5add93435850ae5f0 f9a7907fffe84492bb2fd5f2fac119b5 - - default default] 10.0.0.233 "GET /v2.0/subnets?network_id=11b4d999-c9b7-4826-92f7-6abe7fd0399f HTTP/1.1" status: 200 len: 820 time: 0.0447736
2026-05-30 06:23:03.376 10 INFO neutron.wsgi [None req-67261176-f076-4b9e-beeb-379ac67b102d a3f61da5beb44dc5add93435850ae5f0 f9a7907fffe84492bb2fd5f2fac119b5 - - default default] 10.0.0.233 "GET /v2.0/extensions HTTP/1.1" status: 200 len: 16975 time: 0.0059829
2026-05-30 06:23:03.492 10 INFO neutron.wsgi [None req-549f2cea-eed4-4ac1-b5b2-6026b41e8901 a3f61da5beb44dc5add93435850ae5f0 f9a7907fffe84492bb2fd5f2fac119b5 - - default default] 10.0.0.233 "GET /v2.0/networks HTTP/1.1" status: 200 len: 1507 time: 0.1093616
2026-05-30 06:23:03.534 9 INFO neutron.db.ovn_revision_numbers_db [None req-022736b0-6da0-4409-a671-edd2feb8e77f - - - - - -] Successfully bumped revision number for resource dab4d88c-c22c-4a8c-bc4e-4cdf63c41a53 (type: ports) to 1
2026-05-30 06:23:03.557 10 INFO neutron.wsgi [None req-19ec500e-9aec-46b7-8c1e-7566f15705e6 a3f61da5beb44dc5add93435850ae5f0 f9a7907fffe84492bb2fd5f2fac119b5 - - default default] 10.0.0.233 "GET /v2.0/subnets HTTP/1.1" status: 200 len: 1460 time: 0.0593932
2026-05-30 06:23:03.637 10 INFO neutron.wsgi [None req-f86e83da-e92a-414a-bb85-eb5955bc7698 a3f61da5beb44dc5add93435850ae5f0 f9a7907fffe84492bb2fd5f2fac119b5 - - default default] 10.0.0.233 "GET /v2.0/networks/12f4c070-5dff-41e3-bee6-2b07eb0b3798 HTTP/1.1" status: 200 len: 866 time: 0.0704117
2026-05-30 06:23:03.683 10 INFO neutron.wsgi [None req-27e97804-f6d2-4c83-baaf-476bad59f137 a3f61da5beb44dc5add93435850ae5f0 f9a7907fffe84492bb2fd5f2fac119b5 - - default default] 10.0.0.233 "GET /v2.0/subnets/95ffabf0-8385-48c7-af6f-46ee4797f8da HTTP/1.1" status: 200 len: 843 time: 0.0396910
2026-05-30 06:23:03.706 10 INFO neutron.pecan_wsgi.hooks.translation [None req-c24c9001-10d1-4ac3-8807-8579a9460ded a3f61da5beb44dc5add93435850ae5f0 f9a7907fffe84492bb2fd5f2fac119b5 - - default default] DELETE failed (client error): The resource could not be found.
2026-05-30 06:23:03.708 10 INFO neutron.wsgi [None req-c24c9001-10d1-4ac3-8807-8579a9460ded a3f61da5beb44dc5add93435850ae5f0 f9a7907fffe84492bb2fd5f2fac119b5 - - default default] 10.0.0.233 "DELETE /v2.0/subnets/466c06ae-cb50-4508-a1e7-5925616339e0 HTTP/1.1" status: 404 len: 337 time: 0.0170593
2026-05-30 06:23:03.724 10 INFO neutron.pecan_wsgi.hooks.translation [None req-6c3411e0-f072-45f8-a454-dc692d11094d a3f61da5beb44dc5add93435850ae5f0 f9a7907fffe84492bb2fd5f2fac119b5 - - default default] DELETE failed (client error): The resource could not be found.
2026-05-30 06:23:03.727 10 INFO neutron.wsgi [None req-6c3411e0-f072-45f8-a454-dc692d11094d a3f61da5beb44dc5add93435850ae5f0 f9a7907fffe84492bb2fd5f2fac119b5 - - default default] 10.0.0.233 "DELETE /v2.0/networks/cb42eac3-0281-48be-b7ae-bf0c73563d69 HTTP/1.1" status: 404 len: 339 time: 0.0142572
2026-05-30 06:23:03.751 9 WARNING neutron.scheduler.dhcp_agent_scheduler [None req-a31fd5f4-98d0-4dd2-922a-afb58a4d743c fa9ca9eda4724365ad319b81ddc79576 604cbe8fbcb44e7bb365d0755c5a9367 - - default default] No more DHCP agents
2026-05-30 06:23:03.757 9 INFO neutron.db.ovn_revision_numbers_db [None req-7984f437-2146-44b6-8ddc-5f6897636561 - - - - - -] Successfully bumped revision number for resource 249e757a-6f73-4538-8169-4dc418524656 (type: ports) to 2
2026-05-30 06:23:03.766 9 WARNING neutron.api.rpc.agentnotifiers.dhcp_rpc_agent_api [None req-a31fd5f4-98d0-4dd2-922a-afb58a4d743c fa9ca9eda4724365ad319b81ddc79576 604cbe8fbcb44e7bb365d0755c5a9367 - - default default] Unable to schedule network e2de725e-bdcc-4061-8fc8-205366c481e5: no agents available; will retry on subsequent port and subnet creation events.
2026-05-30 06:23:03.933 10 INFO neutron.wsgi [None req-58c367db-c65d-47f9-9bff-e0bce9e5623d a3f61da5beb44dc5add93435850ae5f0 f9a7907fffe84492bb2fd5f2fac119b5 - - default default] 10.0.0.233 "DELETE /v2.0/subnets/95ffabf0-8385-48c7-af6f-46ee4797f8da HTTP/1.1" status: 204 len: 168 time: 0.2019935
2026-05-30 06:23:03.983 9 INFO neutron.db.ovn_revision_numbers_db [None req-7984f437-2146-44b6-8ddc-5f6897636561 - - - - - -] Successfully bumped revision number for resource 249e757a-6f73-4538-8169-4dc418524656 (type: router_ports) to 2
2026-05-30 06:23:04.140 9 INFO neutron.db.ovn_revision_numbers_db [None req-4af34b06-eccc-42ea-859d-e09176bfd238 479134cef930457d8127433a81904433 ebeb3bc913b3415fb55a5c5a6ce45114 - - default default] Successfully bumped revision number for resource ee109ba8-6a55-439e-8c15-e73adcb734aa (type: router_ports) to 2
2026-05-30 06:23:04.201 9 INFO neutron.db.ovn_revision_numbers_db [None req-022736b0-6da0-4409-a671-edd2feb8e77f - - - - - -] Successfully bumped revision number for resource dab4d88c-c22c-4a8c-bc4e-4cdf63c41a53 (type: router_ports) to 3
2026-05-30 06:23:04.247 9 INFO neutron.db.ovn_revision_numbers_db [None req-a31fd5f4-98d0-4dd2-922a-afb58a4d743c fa9ca9eda4724365ad319b81ddc79576 604cbe8fbcb44e7bb365d0755c5a9367 - - default default] Successfully bumped revision number for resource 30619e2e-9290-4507-ad0a-03dafd7ab681 (type: ports) to 1
2026-05-30 06:23:04.447 9 INFO neutron.db.ovn_revision_numbers_db [None req-4af34b06-eccc-42ea-859d-e09176bfd238 479134cef930457d8127433a81904433 ebeb3bc913b3415fb55a5c5a6ce45114 - - default default] Successfully bumped revision number for resource ee109ba8-6a55-439e-8c15-e73adcb734aa (type: ports) to 2
2026-05-30 06:23:04.801 9 INFO neutron.db.ovn_revision_numbers_db [None req-022736b0-6da0-4409-a671-edd2feb8e77f - - - - - -] Successfully bumped revision number for resource dab4d88c-c22c-4a8c-bc4e-4cdf63c41a53 (type: ports) to 2
2026-05-30 06:23:04.817 9 WARNING neutron.scheduler.dhcp_agent_scheduler [None req-4af34b06-eccc-42ea-859d-e09176bfd238 479134cef930457d8127433a81904433 ebeb3bc913b3415fb55a5c5a6ce45114 - - default default] No more DHCP agents
2026-05-30 06:23:04.827 9 WARNING neutron.api.rpc.agentnotifiers.dhcp_rpc_agent_api [None req-4af34b06-eccc-42ea-859d-e09176bfd238 479134cef930457d8127433a81904433 ebeb3bc913b3415fb55a5c5a6ce45114 - - default default] Unable to schedule network d0f3b55e-46ef-420f-8ba9-d0a128a14f7f: no agents available; will retry on subsequent port and subnet creation events.
2026-05-30 06:23:05.066 9 INFO neutron.services.segments.plugin [-] Segment 47ea1bd7-69a0-4c79-aeb7-469abb588836 resource provider aggregate not found
2026-05-30 06:23:05.070 9 INFO neutron.services.segments.plugin [-] Segment 47ea1bd7-69a0-4c79-aeb7-469abb588836 resource provider aggregate not found
2026-05-30 06:23:05.090 9 INFO neutron.services.segments.plugin [-] Segment 47ea1bd7-69a0-4c79-aeb7-469abb588836 resource provider not found; error: Placement Client Error (4xx): {"errors": [{"status": 404, "title": "Not Found", "detail": "The resource could not be found.\n\n No resource provider with uuid 47ea1bd7-69a0-4c79-aeb7-469abb588836 found for delete ", "request_id": "req-ee6167a4-4238-497f-9446-a2f1e038aea6"}]}
2026-05-30 06:23:05.091 9 INFO neutron.services.segments.plugin [-] Segment 47ea1bd7-69a0-4c79-aeb7-469abb588836 resource provider not found; error: Placement Client Error (4xx): {"errors": [{"status": 404, "title": "Not Found", "detail": "The resource could not be found.\n\n No resource provider with uuid 47ea1bd7-69a0-4c79-aeb7-469abb588836 found for delete ", "request_id": "req-51905a26-1cc9-41ba-90f1-fc806e2fc542"}]}
2026-05-30 06:23:05.165 9 INFO neutron.wsgi [None req-ff477e9e-057c-463b-b985-e2ee52977bf4 a3f61da5beb44dc5add93435850ae5f0 f9a7907fffe84492bb2fd5f2fac119b5 - - default default] 10.0.0.233 "DELETE /v2.0/networks/12f4c070-5dff-41e3-bee6-2b07eb0b3798 HTTP/1.1" status: 204 len: 168 time: 1.2142975
2026-05-30 06:23:05.167 9 INFO neutron.db.ovn_revision_numbers_db [None req-4af34b06-eccc-42ea-859d-e09176bfd238 479134cef930457d8127433a81904433 ebeb3bc913b3415fb55a5c5a6ce45114 - - default default] Successfully bumped revision number for resource ee109ba8-6a55-439e-8c15-e73adcb734aa (type: router_ports) to 2
2026-05-30 06:23:05.169 9 INFO neutron.wsgi [None req-4af34b06-eccc-42ea-859d-e09176bfd238 479134cef930457d8127433a81904433 ebeb3bc913b3415fb55a5c5a6ce45114 - - default default] 10.0.0.233 "PUT /v2.0/routers/e319b02b-14c3-4e96-bd35-a422228baf10/add_router_interface HTTP/1.1" status: 200 len: 503 time: 3.1101739
