2026-05-30 06:22:48.390 10 INFO neutron.wsgi [req-35abb7a8-7992-4d51-9548-f868dfe7e84f req-3e114530-2247-42ac-9451-b7a28fa2aa4d 31a773728e214e3da3a6612fde1c8b7d 083ef1314ebb4172ba0256f0ceb2d635 - - default default] 10.0.0.113 "GET /v2.0/security-groups?id=6ace8e57-c20f-45d7-a507-cc3ad9e8bbfc&fields=id&fields=name HTTP/1.1" status: 200 len: 312 time: 0.0750184
2026-05-30 06:22:48.404 10 INFO neutron.db.ovn_revision_numbers_db [None req-2d189325-b720-436d-9754-011a33d160f8 479134cef930457d8127433a81904433 ebeb3bc913b3415fb55a5c5a6ce45114 - - default default] Successfully bumped revision number for resource e4ddcc66-eaa9-46ff-872a-c1c4e2bd8b5a (type: ports) to 1
2026-05-30 06:22:48.436 10 WARNING neutron.scheduler.dhcp_agent_scheduler [None req-4daf81cc-405e-4efc-bd54-f6800651dc0f 2e02ff4da22d49f7ad2640c9ddd405ca 781556fc320c48d2b322931f7d09ac5e - - default default] No more DHCP agents
2026-05-30 06:22:48.440 10 INFO neutron.wsgi [None req-2d189325-b720-436d-9754-011a33d160f8 479134cef930457d8127433a81904433 ebeb3bc913b3415fb55a5c5a6ce45114 - - default default] 10.0.0.233 "POST /v2.0/networks HTTP/1.1" status: 201 len: 833 time: 1.2043157
2026-05-30 06:22:48.442 10 WARNING neutron.api.rpc.agentnotifiers.dhcp_rpc_agent_api [None req-4daf81cc-405e-4efc-bd54-f6800651dc0f 2e02ff4da22d49f7ad2640c9ddd405ca 781556fc320c48d2b322931f7d09ac5e - - default default] Unable to schedule network 4992dcf3-c098-4765-912c-ac8f73bff6fe: no agents available; will retry on subsequent port and subnet creation events.
2026-05-30 06:22:48.451 9 WARNING neutron_lib.context [None req-49eee2d7-aa79-4a72-be94-558877eb68cd 479134cef930457d8127433a81904433 ebeb3bc913b3415fb55a5c5a6ce45114 - - default default] Method 'is_advsvc' is deprecated since 2023.2 release (neutron-lib 3.8.0) and will be removed once support for the old RBAC API policies will be removed from Neutron. Please use method 'is_service_role' instead. /var/lib/openstack/lib/python3.10/site-packages/pycadf/identifier.py:71: UserWarning: Invalid uuid: neutron. To ensure interoperability, identifiers should be a valid uuid. warnings.warn(('Invalid uuid: %s. To ensure interoperability, '
2026-05-30 06:22:48.509 10 INFO neutron.wsgi [req-73bb82ba-31cf-4a32-8944-a12f40472df9 req-3168a307-cbcf-42f6-853a-99c3fdaaa926 31a773728e214e3da3a6612fde1c8b7d 083ef1314ebb4172ba0256f0ceb2d635 - - default default] 10.0.0.113 "GET /v2.0/ports?device_id=b6fd6eb7-ed02-4e00-9c2a-ea946e05e363 HTTP/1.1" status: 200 len: 1174 time: 0.0544906
2026-05-30 06:22:48.534 9 INFO neutron.db.segments_db [None req-49eee2d7-aa79-4a72-be94-558877eb68cd 479134cef930457d8127433a81904433 ebeb3bc913b3415fb55a5c5a6ce45114 - - default default] Added segment 69ef2f94-7423-4d3b-bb78-9ade2da4d845 of type geneve for network 7317c4af-eb47-4128-8817-e2b317bf987d
2026-05-30 06:22:48.558 10 INFO neutron.wsgi [req-73bb82ba-31cf-4a32-8944-a12f40472df9 req-d3062730-6795-499c-9913-b42009dab020 31a773728e214e3da3a6612fde1c8b7d 083ef1314ebb4172ba0256f0ceb2d635 - - default default] 10.0.0.113 "GET /v2.0/security-groups?id=6ace8e57-c20f-45d7-a507-cc3ad9e8bbfc&fields=id&fields=name HTTP/1.1" status: 200 len: 312 time: 0.0406187
2026-05-30 06:22:48.561 10 INFO neutron.db.ovn_revision_numbers_db [None req-4daf81cc-405e-4efc-bd54-f6800651dc0f 2e02ff4da22d49f7ad2640c9ddd405ca 781556fc320c48d2b322931f7d09ac5e - - default default] Successfully bumped revision number for resource 66860f10-bd64-425b-9628-979bd9b3de06 (type: ports) to 1
2026-05-30 06:22:48.586 10 WARNING neutron.scheduler.dhcp_agent_scheduler [None req-4daf81cc-405e-4efc-bd54-f6800651dc0f 2e02ff4da22d49f7ad2640c9ddd405ca 781556fc320c48d2b322931f7d09ac5e - - default default] No more DHCP agents
2026-05-30 06:22:48.587 10 WARNING neutron.api.rpc.agentnotifiers.dhcp_rpc_agent_api [None req-4daf81cc-405e-4efc-bd54-f6800651dc0f 2e02ff4da22d49f7ad2640c9ddd405ca 781556fc320c48d2b322931f7d09ac5e - - default default] Unable to schedule network 494b6171-3992-40c2-9e06-61f972647a2f: no agents available; will retry on subsequent port and subnet creation events.
2026-05-30 06:22:48.677 10 INFO neutron.db.ovn_revision_numbers_db [None req-4daf81cc-405e-4efc-bd54-f6800651dc0f 2e02ff4da22d49f7ad2640c9ddd405ca 781556fc320c48d2b322931f7d09ac5e - - default default] Successfully bumped revision number for resource 65edf34b-bb49-43ff-8960-1e4c4efcdb3b (type: ports) to 1
2026-05-30 06:22:48.698 9 INFO neutron.db.ovn_revision_numbers_db [None req-49eee2d7-aa79-4a72-be94-558877eb68cd 479134cef930457d8127433a81904433 ebeb3bc913b3415fb55a5c5a6ce45114 - - default default] Successfully bumped revision number for resource 7317c4af-eb47-4128-8817-e2b317bf987d (type: networks) to 1
2026-05-30 06:22:48.712 10 INFO neutron.wsgi [None req-4daf81cc-405e-4efc-bd54-f6800651dc0f 2e02ff4da22d49f7ad2640c9ddd405ca 781556fc320c48d2b322931f7d09ac5e - - default default] 10.0.0.233 "POST /v2.0/ports HTTP/1.1" status: 201 len: 1706 time: 1.0549023 /var/lib/openstack/lib/python3.10/site-packages/pycadf/identifier.py:71: UserWarning: Invalid uuid: neutron. To ensure interoperability, identifiers should be a valid uuid. warnings.warn(('Invalid uuid: %s. To ensure interoperability, '
2026-05-30 06:22:48.835 10 INFO neutron.wsgi [None req-9e0e5a28-987c-4975-8ebc-632071279b95 2e02ff4da22d49f7ad2640c9ddd405ca 781556fc320c48d2b322931f7d09ac5e - - default default] 10.0.0.233 "GET /v2.0/ports HTTP/1.1" status: 200 len: 3213 time: 0.1181016
2026-05-30 06:22:48.880 9 WARNING neutron.scheduler.dhcp_agent_scheduler [None req-49eee2d7-aa79-4a72-be94-558877eb68cd 479134cef930457d8127433a81904433 ebeb3bc913b3415fb55a5c5a6ce45114 - - default default] No more DHCP agents
2026-05-30 06:22:48.882 9 WARNING neutron.api.rpc.agentnotifiers.dhcp_rpc_agent_api [None req-49eee2d7-aa79-4a72-be94-558877eb68cd 479134cef930457d8127433a81904433 ebeb3bc913b3415fb55a5c5a6ce45114 - - default default] Unable to schedule network 7317c4af-eb47-4128-8817-e2b317bf987d: no agents available; will retry on subsequent port and subnet creation events.
2026-05-30 06:22:48.887 10 INFO neutron.wsgi [req-38afc7e6-81a7-4150-b1d1-d0be4942cf8a req-484c6cad-b67e-4993-8770-c97cd0ebe628 31a773728e214e3da3a6612fde1c8b7d 083ef1314ebb4172ba0256f0ceb2d635 - - default default] 10.0.0.113 "GET /v2.0/ports?device_id=b6fd6eb7-ed02-4e00-9c2a-ea946e05e363 HTTP/1.1" status: 200 len: 1174 time: 0.0409789
2026-05-30 06:22:48.940 10 INFO neutron.wsgi [req-7d49038b-5b2d-4956-8807-f9c5e81080b7 req-9c99681a-2966-4322-9353-b8064f7cc91c c8778c66d7644976a19bcfcf035beb3c badad4dc82a74e2788062edc3925de7d - - 5a1a72e7a3ec4b3e8f405893aa045520 5a1a72e7a3ec4b3e8f405893aa045520] 199.204.45.30 "GET /v2.0/ports?tenant_id=083ef1314ebb4172ba0256f0ceb2d635&device_id=b6fd6eb7-ed02-4e00-9c2a-ea946e05e363 HTTP/1.1" status: 200 len: 1413 time: 0.0518742
2026-05-30 06:22:48.968 10 INFO neutron.wsgi [req-38afc7e6-81a7-4150-b1d1-d0be4942cf8a req-8781dacd-3228-41d3-92b8-2ecd40ea1dfa 31a773728e214e3da3a6612fde1c8b7d 083ef1314ebb4172ba0256f0ceb2d635 - - default default] 10.0.0.113 "GET /v2.0/security-groups?id=6ace8e57-c20f-45d7-a507-cc3ad9e8bbfc&fields=id&fields=name HTTP/1.1" status: 200 len: 312 time: 0.0704682
2026-05-30 06:22:48.971 9 INFO neutron.db.ovn_revision_numbers_db [None req-49eee2d7-aa79-4a72-be94-558877eb68cd 479134cef930457d8127433a81904433 ebeb3bc913b3415fb55a5c5a6ce45114 - - default default] Successfully bumped revision number for resource 96adab47-01cf-4ff1-87d9-d6e6dc5d8e0b (type: ports) to 1
2026-05-30 06:22:48.994 9 INFO neutron.wsgi [None req-49eee2d7-aa79-4a72-be94-558877eb68cd 479134cef930457d8127433a81904433 ebeb3bc913b3415fb55a5c5a6ce45114 - - default default] 10.0.0.233 "POST /v2.0/networks HTTP/1.1" status: 201 len: 833 time: 0.5484385
2026-05-30 06:22:49.004 9 WARNING neutron_lib.context [None req-abb6a14e-0a0b-4683-bf1b-d868a81481d6 479134cef930457d8127433a81904433 ebeb3bc913b3415fb55a5c5a6ce45114 - - default default] Method 'is_advsvc' is deprecated since 2023.2 release (neutron-lib 3.8.0) and will be removed once support for the old RBAC API policies will be removed from Neutron. Please use method 'is_service_role' instead.
2026-05-30 06:22:49.035 9 INFO neutron.db.ovn_revision_numbers_db [None req-b9577482-f122-4252-b77f-19716c9e2f7a fa9ca9eda4724365ad319b81ddc79576 604cbe8fbcb44e7bb365d0755c5a9367 - - default default] Successfully bumped revision number for resource 45545e63-e1b6-4d95-81f1-a93794c649e1 (type: security_groups) to 1
2026-05-30 06:22:49.042 10 INFO neutron.wsgi [req-7d49038b-5b2d-4956-8807-f9c5e81080b7 req-92477389-cadf-449e-8326-c908ef9152c1 c8778c66d7644976a19bcfcf035beb3c badad4dc82a74e2788062edc3925de7d - - 5a1a72e7a3ec4b3e8f405893aa045520 5a1a72e7a3ec4b3e8f405893aa045520] 199.204.45.30 "GET /v2.0/networks?id=deb7494c-4511-43d7-898c-bc0c50584371 HTTP/1.1" status: 200 len: 974 time: 0.0948839
2026-05-30 06:22:49.049 9 INFO neutron.db.ovn_revision_numbers_db [None req-b9577482-f122-4252-b77f-19716c9e2f7a fa9ca9eda4724365ad319b81ddc79576 604cbe8fbcb44e7bb365d0755c5a9367 - - default default] Successfully bumped revision number for resource 715df9b3-34d8-422a-8a7c-18ad761ce0c8 (type: security_group_rules) to 0
2026-05-30 06:22:49.060 9 INFO neutron.db.ovn_revision_numbers_db [None req-b9577482-f122-4252-b77f-19716c9e2f7a fa9ca9eda4724365ad319b81ddc79576 604cbe8fbcb44e7bb365d0755c5a9367 - - default default] Successfully bumped revision number for resource 7498b34f-b9f6-431a-947a-0260002f15e2 (type: security_group_rules) to 0
2026-05-30 06:22:49.085 9 INFO neutron.db.ovn_revision_numbers_db [None req-b9577482-f122-4252-b77f-19716c9e2f7a fa9ca9eda4724365ad319b81ddc79576 604cbe8fbcb44e7bb365d0755c5a9367 - - default default] Successfully bumped revision number for resource 7596e5ee-65e2-4159-bc92-e34f3953c056 (type: security_group_rules) to 0
2026-05-30 06:22:49.102 9 INFO neutron.db.ovn_revision_numbers_db [None req-b9577482-f122-4252-b77f-19716c9e2f7a fa9ca9eda4724365ad319b81ddc79576 604cbe8fbcb44e7bb365d0755c5a9367 - - default default] Successfully bumped revision number for resource 955a7f2c-3eb5-463a-994d-d696826f9748 (type: security_group_rules) to 0
2026-05-30 06:22:49.104 10 INFO neutron.wsgi [req-7d49038b-5b2d-4956-8807-f9c5e81080b7 req-261af35c-ef12-4873-9a32-3a8fa6e1b501 c8778c66d7644976a19bcfcf035beb3c badad4dc82a74e2788062edc3925de7d - - 5a1a72e7a3ec4b3e8f405893aa045520 5a1a72e7a3ec4b3e8f405893aa045520] 199.204.45.30 "GET /v2.0/floatingips?fixed_ip_address=10.100.0.12&port_id=b0417995-ac06-422c-b065-d9bf82313812 HTTP/1.1" status: 200 len: 1060 time: 0.0533307
2026-05-30 06:22:49.135 9 INFO neutron.wsgi [None req-b9577482-f122-4252-b77f-19716c9e2f7a fa9ca9eda4724365ad319b81ddc79576 604cbe8fbcb44e7bb365d0755c5a9367 - - default default] 10.0.0.233 "GET /v2.0/security-groups?tenant_id=9bd98bf0750a4e369672ae0bf2b78344&name=default HTTP/1.1" status: 200 len: 2996 time: 0.4026246
2026-05-30 06:22:49.154 10 INFO neutron.wsgi [req-7d49038b-5b2d-4956-8807-f9c5e81080b7 req-0dadf2cc-cfe1-4a95-94c3-7ad084d585f7 c8778c66d7644976a19bcfcf035beb3c badad4dc82a74e2788062edc3925de7d - - 5a1a72e7a3ec4b3e8f405893aa045520 5a1a72e7a3ec4b3e8f405893aa045520] 199.204.45.30 "GET /v2.0/subnets?id=39749a64-2366-4509-87ea-f7c6443304c9 HTTP/1.1" status: 200 len: 869 time: 0.0438271
2026-05-30 06:22:49.197 10 INFO neutron.wsgi [req-7d49038b-5b2d-4956-8807-f9c5e81080b7 req-ffb4c7f9-9277-4a64-aeb7-41435d408b0f c8778c66d7644976a19bcfcf035beb3c badad4dc82a74e2788062edc3925de7d - - 5a1a72e7a3ec4b3e8f405893aa045520 5a1a72e7a3ec4b3e8f405893aa045520] 199.204.45.30 "GET /v2.0/ports?network_id=deb7494c-4511-43d7-898c-bc0c50584371&device_owner=network%3Adhcp HTTP/1.1" status: 200 len: 210 time: 0.0343304
2026-05-30 06:22:49.209 10 INFO neutron.wsgi [None req-cbf39ed0-df9d-4902-a72c-60c78faf4f1c 2e02ff4da22d49f7ad2640c9ddd405ca 781556fc320c48d2b322931f7d09ac5e - - default default] 10.0.0.233 "DELETE /v2.0/ports/66860f10-bd64-425b-9628-979bd9b3de06 HTTP/1.1" status: 204 len: 168 time: 0.3693447
2026-05-30 06:22:49.263 9 WARNING neutron.scheduler.dhcp_agent_scheduler [None req-abb6a14e-0a0b-4683-bf1b-d868a81481d6 479134cef930457d8127433a81904433 ebeb3bc913b3415fb55a5c5a6ce45114 - - default default] No more DHCP agents
2026-05-30 06:22:49.268 9 WARNING neutron.api.rpc.agentnotifiers.dhcp_rpc_agent_api [None req-abb6a14e-0a0b-4683-bf1b-d868a81481d6 479134cef930457d8127433a81904433 ebeb3bc913b3415fb55a5c5a6ce45114 - - default default] Unable to schedule network 9b56f0d4-4600-4200-a350-5d005cfe1e69: no agents available; will retry on subsequent port and subnet creation events.
2026-05-30 06:22:49.269 10 INFO neutron.wsgi [req-7d49038b-5b2d-4956-8807-f9c5e81080b7 req-13fca4e9-90ca-4e84-be74-ad63e266e0bd c8778c66d7644976a19bcfcf035beb3c badad4dc82a74e2788062edc3925de7d - - 5a1a72e7a3ec4b3e8f405893aa045520 5a1a72e7a3ec4b3e8f405893aa045520] 199.204.45.30 "GET /v2.0/networks/deb7494c-4511-43d7-898c-bc0c50584371?fields=segments HTTP/1.1" status: 200 len: 212 time: 0.0659587
2026-05-30 06:22:49.306 9 INFO neutron.db.ovn_revision_numbers_db [None req-abb6a14e-0a0b-4683-bf1b-d868a81481d6 479134cef930457d8127433a81904433 ebeb3bc913b3415fb55a5c5a6ce45114 - - default default] Successfully bumped revision number for resource fa006d81-04e6-4b6d-a2e4-eb5fad200d69 (type: subnets) to 0
2026-05-30 06:22:49.330 9 INFO neutron.wsgi [None req-abb6a14e-0a0b-4683-bf1b-d868a81481d6 479134cef930457d8127433a81904433 ebeb3bc913b3415fb55a5c5a6ce45114 - - default default] 10.0.0.233 "POST /v2.0/subnets HTTP/1.1" status: 201 len: 821 time: 0.3294828
2026-05-30 06:22:49.343 10 WARNING neutron_lib.context [None req-4447fd58-87c2-458e-846e-7324571aafe2 479134cef930457d8127433a81904433 ebeb3bc913b3415fb55a5c5a6ce45114 - - default default] Method 'is_advsvc' is deprecated since 2023.2 release (neutron-lib 3.8.0) and will be removed once support for the old RBAC API policies will be removed from Neutron. Please use method 'is_service_role' instead.
2026-05-30 06:22:49.364 10 INFO neutron.wsgi [req-7d49038b-5b2d-4956-8807-f9c5e81080b7 req-c66340b0-59ad-408c-8681-823a82a939bf c8778c66d7644976a19bcfcf035beb3c badad4dc82a74e2788062edc3925de7d - - 5a1a72e7a3ec4b3e8f405893aa045520 5a1a72e7a3ec4b3e8f405893aa045520] 199.204.45.30 "GET /v2.0/networks/deb7494c-4511-43d7-898c-bc0c50584371?fields=provider%3Aphysical_network&fields=provider%3Anetwork_type HTTP/1.1" status: 200 len: 277 time: 0.0883834
2026-05-30 06:22:49.456 9 INFO neutron.wsgi [None req-5a576aae-aded-4128-ba98-1c34103557b7 2e02ff4da22d49f7ad2640c9ddd405ca 781556fc320c48d2b322931f7d09ac5e - - default default] 10.0.0.233 "DELETE /v2.0/ports/65edf34b-bb49-43ff-8960-1e4c4efcdb3b HTTP/1.1" status: 204 len: 168 time: 0.2433765
2026-05-30 06:22:49.492 10 INFO neutron.wsgi [None req-3d395516-6237-498d-aa29-897a373ad9c9 fa9ca9eda4724365ad319b81ddc79576 604cbe8fbcb44e7bb365d0755c5a9367 - - default default] 10.0.0.233 "DELETE /v2.0/security-groups/45545e63-e1b6-4d95-81f1-a93794c649e1 HTTP/1.1" status: 204 len: 168 time: 0.3505685
2026-05-30 06:22:49.548 10 INFO neutron.plugins.ml2.drivers.ovn.mech_driver.mech_driver [None req-63e0e90d-16ac-4ee9-8703-71e66a698c84 - - - - - -] OVN reports status down for port: b0417995-ac06-422c-b065-d9bf82313812
2026-05-30 06:22:49.586 9 INFO neutron.wsgi [None req-ed6663c1-2b6f-4f77-ba7d-df7cad442a79 2e02ff4da22d49f7ad2640c9ddd405ca 781556fc320c48d2b322931f7d09ac5e - - default default] 10.0.0.233 "GET /v2.0/ports HTTP/1.1" status: 200 len: 1718 time: 0.1236475
2026-05-30 06:22:49.598 9 WARNING neutron_lib.context [None req-17c126a1-888d-41dc-8276-6dba9a0c4d49 2e02ff4da22d49f7ad2640c9ddd405ca 781556fc320c48d2b322931f7d09ac5e - - default default] Method 'is_advsvc' is deprecated since 2023.2 release (neutron-lib 3.8.0) and will be removed once support for the old RBAC API policies will be removed from Neutron. Please use method 'is_service_role' instead.
2026-05-30 06:22:49.614 10 WARNING neutron.scheduler.dhcp_agent_scheduler [None req-4447fd58-87c2-458e-846e-7324571aafe2 479134cef930457d8127433a81904433 ebeb3bc913b3415fb55a5c5a6ce45114 - - default default] No more DHCP agents
2026-05-30 06:22:49.623 10 WARNING neutron.api.rpc.agentnotifiers.dhcp_rpc_agent_api [None req-4447fd58-87c2-458e-846e-7324571aafe2 479134cef930457d8127433a81904433 ebeb3bc913b3415fb55a5c5a6ce45114 - - default default] Unable to schedule network 7317c4af-eb47-4128-8817-e2b317bf987d: no agents available; will retry on subsequent port and subnet creation events.
2026-05-30 06:22:49.672 10 INFO neutron.db.ovn_revision_numbers_db [None req-4447fd58-87c2-458e-846e-7324571aafe2 479134cef930457d8127433a81904433 ebeb3bc913b3415fb55a5c5a6ce45114 - - default default] Successfully bumped revision number for resource f9b823d5-a43c-4738-86c6-db5928ef5647 (type: subnets) to 0
2026-05-30 06:22:49.675 9 INFO neutron.db.segments_db [None req-17c126a1-888d-41dc-8276-6dba9a0c4d49 2e02ff4da22d49f7ad2640c9ddd405ca 781556fc320c48d2b322931f7d09ac5e - - default default] Added segment 21957bb8-fce6-42fa-ad6a-fbc1de3dacc1 of type geneve for network d40c0338-ffc7-4421-adb3-22b4c35cddc4
2026-05-30 06:22:49.702 10 INFO neutron.wsgi [None req-4447fd58-87c2-458e-846e-7324571aafe2 479134cef930457d8127433a81904433 ebeb3bc913b3415fb55a5c5a6ce45114 - - default default] 10.0.0.233 "POST /v2.0/subnets HTTP/1.1" status: 201 len: 830 time: 0.3656149
2026-05-30 06:22:49.715 10 WARNING neutron_lib.context [None req-81a41b14-296e-450f-905a-c49e3f87a97c 479134cef930457d8127433a81904433 ebeb3bc913b3415fb55a5c5a6ce45114 - - default default] Method 'is_advsvc' is deprecated since 2023.2 release (neutron-lib 3.8.0) and will be removed once support for the old RBAC API policies will be removed from Neutron. Please use method 'is_service_role' instead.
2026-05-30 06:22:49.721 10 INFO neutron.notifiers.nova [-] Nova event matching ['req-33b11344-8d68-4b52-9148-a5c968715524'] response: {'server_uuid': 'b6fd6eb7-ed02-4e00-9c2a-ea946e05e363', 'name': 'network-vif-unplugged', 'status': 'completed', 'tag': 'b0417995-ac06-422c-b065-d9bf82313812', 'code': 200}
2026-05-30 06:22:50.044 9 INFO neutron.db.ovn_revision_numbers_db [None req-17c126a1-888d-41dc-8276-6dba9a0c4d49 2e02ff4da22d49f7ad2640c9ddd405ca 781556fc320c48d2b322931f7d09ac5e - - default default] Successfully bumped revision number for resource d40c0338-ffc7-4421-adb3-22b4c35cddc4 (type: networks) to 1
2026-05-30 06:22:50.078 10 INFO neutron.wsgi [req-4d9399d8-93ec-46f3-a38a-b3e7c6160f75 req-47d92744-59d2-4efd-ad37-02b4c1400448 31a773728e214e3da3a6612fde1c8b7d 083ef1314ebb4172ba0256f0ceb2d635 - - default default] 10.0.0.113 "GET /v2.0/ports?device_id=b6fd6eb7-ed02-4e00-9c2a-ea946e05e363 HTTP/1.1" status: 200 len: 1172 time: 0.0475247
2026-05-30 06:22:50.085 10 INFO neutron.db.ovn_revision_numbers_db [None req-81a41b14-296e-450f-905a-c49e3f87a97c 479134cef930457d8127433a81904433 ebeb3bc913b3415fb55a5c5a6ce45114 - - default default] Successfully bumped revision number for resource ef5a058d-f18e-4dc6-b4a8-1924c8e330f9 (type: routers) to 1
2026-05-30 06:22:50.118 10 INFO neutron.wsgi [None req-81a41b14-296e-450f-905a-c49e3f87a97c 479134cef930457d8127433a81904433 ebeb3bc913b3415fb55a5c5a6ce45114 - - default default] 10.0.0.233 "POST /v2.0/routers HTTP/1.1" status: 201 len: 691 time: 0.4086821
2026-05-30 06:22:50.180 10 INFO neutron.db.ovn_revision_numbers_db [None req-63e0e90d-16ac-4ee9-8703-71e66a698c84 - - - - - -] Successfully bumped revision number for resource b0417995-ac06-422c-b065-d9bf82313812 (type: ports) to 5
2026-05-30 06:22:50.184 10 INFO neutron.wsgi [req-4d9399d8-93ec-46f3-a38a-b3e7c6160f75 req-91f0b31b-5f5a-41ea-8bf1-6d4b85b9c378 31a773728e214e3da3a6612fde1c8b7d 083ef1314ebb4172ba0256f0ceb2d635 - - default default] 10.0.0.113 "GET /v2.0/security-groups?id=6ace8e57-c20f-45d7-a507-cc3ad9e8bbfc&fields=id&fields=name HTTP/1.1" status: 200 len: 312 time: 0.0976844
2026-05-30 06:22:50.197 10 WARNING neutron.plugins.ml2.drivers.ovn.mech_driver.ovsdb.ovn_client [None req-63e0e90d-16ac-4ee9-8703-71e66a698c84 - - - - - -] Logical_Switch_Port %s host information not removed, the port state is up
2026-05-30 06:22:50.197 10 INFO neutron.plugins.ml2.drivers.ovn.mech_driver.mech_driver [None req-63e0e90d-16ac-4ee9-8703-71e66a698c84 - - - - - -] OVN reports status up for port: b0417995-ac06-422c-b065-d9bf82313812
2026-05-30 06:22:50.251 10 INFO neutron.plugins.ml2.plugin [None req-63e0e90d-16ac-4ee9-8703-71e66a698c84 - - - - - -] Attempt 1 to provision port b0417995-ac06-422c-b065-d9bf82313812
2026-05-30 06:22:50.263 9 WARNING neutron.scheduler.dhcp_agent_scheduler [None req-17c126a1-888d-41dc-8276-6dba9a0c4d49 2e02ff4da22d49f7ad2640c9ddd405ca 781556fc320c48d2b322931f7d09ac5e - - default default] No more DHCP agents
2026-05-30 06:22:50.267 9 WARNING neutron.api.rpc.agentnotifiers.dhcp_rpc_agent_api [None req-17c126a1-888d-41dc-8276-6dba9a0c4d49 2e02ff4da22d49f7ad2640c9ddd405ca 781556fc320c48d2b322931f7d09ac5e - - default default] Unable to schedule network d40c0338-ffc7-4421-adb3-22b4c35cddc4: no agents available; will retry on subsequent port and subnet creation events.
2026-05-30 06:22:50.356 9 INFO neutron.db.ovn_revision_numbers_db [None req-17c126a1-888d-41dc-8276-6dba9a0c4d49 2e02ff4da22d49f7ad2640c9ddd405ca 781556fc320c48d2b322931f7d09ac5e - - default default] Successfully bumped revision number for resource b926c1f1-48d3-42a7-b827-f2d802102542 (type: ports) to 1
2026-05-30 06:22:50.375 9 INFO neutron.wsgi [None req-17c126a1-888d-41dc-8276-6dba9a0c4d49 2e02ff4da22d49f7ad2640c9ddd405ca 781556fc320c48d2b322931f7d09ac5e - - default default] 10.0.0.233 "POST /v2.0/networks HTTP/1.1" status: 201 len: 848 time: 0.7813001
2026-05-30 06:22:50.383 9 WARNING neutron_lib.context [None req-9cd5cb99-caa4-4b5e-ac53-818db16df5f5 2e02ff4da22d49f7ad2640c9ddd405ca 781556fc320c48d2b322931f7d09ac5e - - default default] Method 'is_advsvc' is deprecated since 2023.2 release (neutron-lib 3.8.0) and will be removed once support for the old RBAC API policies will be removed from Neutron. Please use method 'is_service_role' instead.
2026-05-30 06:22:50.526 9 INFO neutron.db.segments_db [None req-9cd5cb99-caa4-4b5e-ac53-818db16df5f5 2e02ff4da22d49f7ad2640c9ddd405ca 781556fc320c48d2b322931f7d09ac5e - - default default] Added segment f6d496b5-6c52-4366-a5e9-b4c104915156 of type geneve for network 53c15eb7-c810-4dcc-adec-00e508eeb385
2026-05-30 06:22:50.663 10 WARNING neutron.scheduler.dhcp_agent_scheduler [None req-cd4d5f05-fe8c-475a-b18e-2fbb8989990e 479134cef930457d8127433a81904433 ebeb3bc913b3415fb55a5c5a6ce45114 - - default default] No more DHCP agents
2026-05-30 06:22:50.665 10 WARNING neutron.api.rpc.agentnotifiers.dhcp_rpc_agent_api [None req-cd4d5f05-fe8c-475a-b18e-2fbb8989990e 479134cef930457d8127433a81904433 ebeb3bc913b3415fb55a5c5a6ce45114 - - default default] Unable to schedule network 9b56f0d4-4600-4200-a350-5d005cfe1e69: no agents available; will retry on subsequent port and subnet creation events.
2026-05-30 06:22:50.688 9 INFO neutron.db.ovn_revision_numbers_db [None req-9cd5cb99-caa4-4b5e-ac53-818db16df5f5 2e02ff4da22d49f7ad2640c9ddd405ca 781556fc320c48d2b322931f7d09ac5e - - default default] Successfully bumped revision number for resource 53c15eb7-c810-4dcc-adec-00e508eeb385 (type: networks) to 1
2026-05-30 06:22:50.691 10 INFO neutron.db.ovn_revision_numbers_db [None req-63e0e90d-16ac-4ee9-8703-71e66a698c84 - - - - - -] Successfully bumped revision number for resource b0417995-ac06-422c-b065-d9bf82313812 (type: ports) to 6
2026-05-30 06:22:50.808 10 INFO neutron.db.ovn_revision_numbers_db [None req-cd4d5f05-fe8c-475a-b18e-2fbb8989990e 479134cef930457d8127433a81904433 ebeb3bc913b3415fb55a5c5a6ce45114 - - default default] Successfully bumped revision number for resource 8dfc23e7-df65-43ee-9394-4da0c1a454e3 (type: ports) to 1
2026-05-30 06:22:50.841 9 WARNING neutron.scheduler.dhcp_agent_scheduler [None req-9cd5cb99-caa4-4b5e-ac53-818db16df5f5 2e02ff4da22d49f7ad2640c9ddd405ca 781556fc320c48d2b322931f7d09ac5e - - default default] No more DHCP agents
2026-05-30 06:22:50.843 9 WARNING neutron.api.rpc.agentnotifiers.dhcp_rpc_agent_api [None req-9cd5cb99-caa4-4b5e-ac53-818db16df5f5 2e02ff4da22d49f7ad2640c9ddd405ca 781556fc320c48d2b322931f7d09ac5e - - default default] Unable to schedule network 53c15eb7-c810-4dcc-adec-00e508eeb385: no agents available; will retry on subsequent port and subnet creation events.
2026-05-30 06:22:50.922 9 INFO neutron.db.ovn_revision_numbers_db [None req-9cd5cb99-caa4-4b5e-ac53-818db16df5f5 2e02ff4da22d49f7ad2640c9ddd405ca 781556fc320c48d2b322931f7d09ac5e - - default default] Successfully bumped revision number for resource 9e1fefe6-dde3-4e43-bb40-20fec5a1060f (type: ports) to 1
2026-05-30 06:22:50.941 9 INFO neutron.wsgi [None req-9cd5cb99-caa4-4b5e-ac53-818db16df5f5 2e02ff4da22d49f7ad2640c9ddd405ca 781556fc320c48d2b322931f7d09ac5e - - default default] 10.0.0.233 "POST /v2.0/networks HTTP/1.1" status: 201 len: 849 time: 0.5634558
2026-05-30 06:22:50.979 9 WARNING neutron_lib.context [None req-510b8821-4981-46cc-9e77-2e806b96cc63 2e02ff4da22d49f7ad2640c9ddd405ca 781556fc320c48d2b322931f7d09ac5e - - default default] Method 'is_advsvc' is deprecated since 2023.2 release (neutron-lib 3.8.0) and will be removed once support for the old RBAC API policies will be removed from Neutron. Please use method 'is_service_role' instead.
2026-05-30 06:22:51.019 9 WARNING neutron_lib.context [None req-510b8821-4981-46cc-9e77-2e806b96cc63 2e02ff4da22d49f7ad2640c9ddd405ca 781556fc320c48d2b322931f7d09ac5e - - default default] Method 'is_advsvc' is deprecated since 2023.2 release (neutron-lib 3.8.0) and will be removed once support for the old RBAC API policies will be removed from Neutron. Please use method 'is_service_role' instead.
2026-05-30 06:22:51.130 9 INFO neutron.plugins.ml2.drivers.ovn.mech_driver.mech_driver [None req-7984f437-2146-44b6-8ddc-5f6897636561 - - - - - -] OVN reports status up for port: 8dfc23e7-df65-43ee-9394-4da0c1a454e3
2026-05-30 06:22:51.140 9 INFO neutron.plugins.ml2.plugin [None req-7984f437-2146-44b6-8ddc-5f6897636561 - - - - - -] Attempt 1 to provision port 8dfc23e7-df65-43ee-9394-4da0c1a454e3
2026-05-30 06:22:51.160 10 INFO neutron.db.ovn_revision_numbers_db [None req-cd4d5f05-fe8c-475a-b18e-2fbb8989990e 479134cef930457d8127433a81904433 ebeb3bc913b3415fb55a5c5a6ce45114 - - default default] Successfully bumped revision number for resource 8dfc23e7-df65-43ee-9394-4da0c1a454e3 (type: router_ports) to 1 /var/lib/openstack/lib/python3.10/site-packages/pycadf/identifier.py:71: UserWarning: Invalid uuid: neutron. To ensure interoperability, identifiers should be a valid uuid. warnings.warn(('Invalid uuid: %s. To ensure interoperability, '
2026-05-30 06:22:51.271 10 INFO neutron.db.ovn_revision_numbers_db [None req-cd4d5f05-fe8c-475a-b18e-2fbb8989990e 479134cef930457d8127433a81904433 ebeb3bc913b3415fb55a5c5a6ce45114 - - default default] Successfully bumped revision number for resource 8dfc23e7-df65-43ee-9394-4da0c1a454e3 (type: ports) to 1
2026-05-30 06:22:51.305 10 INFO neutron.wsgi [req-8a0e0585-9e54-417b-8b71-f2faac00d9d7 req-46583b3b-afb7-4db3-a5d6-52cd9eb51100 31a773728e214e3da3a6612fde1c8b7d 083ef1314ebb4172ba0256f0ceb2d635 - - default default] 10.0.0.113 "GET /v2.0/ports?device_id=b6fd6eb7-ed02-4e00-9c2a-ea946e05e363 HTTP/1.1" status: 200 len: 1174 time: 0.0470781
2026-05-30 06:22:51.365 10 INFO neutron.wsgi [req-8a0e0585-9e54-417b-8b71-f2faac00d9d7 req-def7a790-fffd-4034-a5e3-330c52d8d7b6 31a773728e214e3da3a6612fde1c8b7d 083ef1314ebb4172ba0256f0ceb2d635 - - default default] 10.0.0.113 "GET /v2.0/security-groups?id=6ace8e57-c20f-45d7-a507-cc3ad9e8bbfc&fields=id&fields=name HTTP/1.1" status: 200 len: 312 time: 0.0544798
2026-05-30 06:22:51.379 10 WARNING neutron.scheduler.dhcp_agent_scheduler [None req-cd4d5f05-fe8c-475a-b18e-2fbb8989990e 479134cef930457d8127433a81904433 ebeb3bc913b3415fb55a5c5a6ce45114 - - default default] No more DHCP agents
2026-05-30 06:22:51.381 10 WARNING neutron.api.rpc.agentnotifiers.dhcp_rpc_agent_api [None req-cd4d5f05-fe8c-475a-b18e-2fbb8989990e 479134cef930457d8127433a81904433 ebeb3bc913b3415fb55a5c5a6ce45114 - - default default] Unable to schedule network 9b56f0d4-4600-4200-a350-5d005cfe1e69: no agents available; will retry on subsequent port and subnet creation events.
2026-05-30 06:22:51.470 9 WARNING neutron.scheduler.dhcp_agent_scheduler [None req-510b8821-4981-46cc-9e77-2e806b96cc63 2e02ff4da22d49f7ad2640c9ddd405ca 781556fc320c48d2b322931f7d09ac5e - - default default] No more DHCP agents
2026-05-30 06:22:51.473 9 WARNING neutron.api.rpc.agentnotifiers.dhcp_rpc_agent_api [None req-510b8821-4981-46cc-9e77-2e806b96cc63 2e02ff4da22d49f7ad2640c9ddd405ca 781556fc320c48d2b322931f7d09ac5e - - default default] Unable to schedule network d40c0338-ffc7-4421-adb3-22b4c35cddc4: no agents available; will retry on subsequent port and subnet creation events.
2026-05-30 06:22:51.531 9 INFO neutron.db.ovn_revision_numbers_db [None req-7984f437-2146-44b6-8ddc-5f6897636561 - - - - - -] Successfully bumped revision number for resource 8dfc23e7-df65-43ee-9394-4da0c1a454e3 (type: ports) to 2
2026-05-30 06:22:51.545 10 INFO neutron.db.ovn_revision_numbers_db [None req-cd4d5f05-fe8c-475a-b18e-2fbb8989990e 479134cef930457d8127433a81904433 ebeb3bc913b3415fb55a5c5a6ce45114 - - default default] Successfully bumped revision number for resource 8dfc23e7-df65-43ee-9394-4da0c1a454e3 (type: router_ports) to 2
2026-05-30 06:22:51.547 10 INFO neutron.wsgi [None req-cd4d5f05-fe8c-475a-b18e-2fbb8989990e 479134cef930457d8127433a81904433 ebeb3bc913b3415fb55a5c5a6ce45114 - - default default] 10.0.0.233 "PUT /v2.0/routers/ef5a058d-f18e-4dc6-b4a8-1924c8e330f9/add_router_interface HTTP/1.1" status: 200 len: 503 time: 1.4201367
2026-05-30 06:22:51.621 9 INFO neutron.wsgi [None req-5d31e105-615a-4dfc-99a3-c08b56e0fa67 479134cef930457d8127433a81904433 ebeb3bc913b3415fb55a5c5a6ce45114 - - default default] 10.0.0.233 "GET /v2.0/ports/8dfc23e7-df65-43ee-9394-4da0c1a454e3 HTTP/1.1" status: 200 len: 1141 time: 0.0673008
2026-05-30 06:22:51.679 10 INFO neutron.db.ovn_revision_numbers_db [None req-01c6856c-45e1-4c6d-99b9-5aa14750208f fa9ca9eda4724365ad319b81ddc79576 604cbe8fbcb44e7bb365d0755c5a9367 - - default default] Successfully bumped revision number for resource a3c62a0f-9fc4-4c4d-8420-cd8b58884f49 (type: security_groups) to 1
2026-05-30 06:22:51.705 10 INFO neutron.db.ovn_revision_numbers_db [None req-01c6856c-45e1-4c6d-99b9-5aa14750208f fa9ca9eda4724365ad319b81ddc79576 604cbe8fbcb44e7bb365d0755c5a9367 - - default default] Successfully bumped revision number for resource 5f607cb3-8848-4f43-bc8a-6ad38603b411 (type: security_group_rules) to 0
2026-05-30 06:22:51.734 10 INFO neutron.db.ovn_revision_numbers_db [None req-01c6856c-45e1-4c6d-99b9-5aa14750208f fa9ca9eda4724365ad319b81ddc79576 604cbe8fbcb44e7bb365d0755c5a9367 - - default default] Successfully bumped revision number for resource c0d7d9d8-b32b-4b70-8a0f-e57b6b236f7d (type: security_group_rules) to 0
2026-05-30 06:22:51.751 10 INFO neutron.notifiers.nova [-] Nova event matching ['req-7b6f30d7-d2cc-4a34-9537-e1b39f418859'] response: {'server_uuid': 'b6fd6eb7-ed02-4e00-9c2a-ea946e05e363', 'name': 'network-vif-plugged', 'status': 'completed', 'tag': 'b0417995-ac06-422c-b065-d9bf82313812', 'code': 200}
2026-05-30 06:22:51.751 10 INFO neutron.notifiers.nova [-] Nova event matching ['req-7b6f30d7-d2cc-4a34-9537-e1b39f418859'] response: {'server_uuid': 'b6fd6eb7-ed02-4e00-9c2a-ea946e05e363', 'name': 'network-vif-plugged', 'status': 'completed', 'tag': 'b0417995-ac06-422c-b065-d9bf82313812', 'code': 200}
2026-05-30 06:22:51.751 10 INFO neutron.notifiers.nova [-] Nova event matching ['req-7b6f30d7-d2cc-4a34-9537-e1b39f418859'] response: {'server_uuid': 'b6fd6eb7-ed02-4e00-9c2a-ea946e05e363', 'name': 'network-vif-plugged', 'status': 'completed', 'tag': 'b0417995-ac06-422c-b065-d9bf82313812', 'code': 200}
2026-05-30 06:22:51.756 10 INFO neutron.db.ovn_revision_numbers_db [None req-01c6856c-45e1-4c6d-99b9-5aa14750208f fa9ca9eda4724365ad319b81ddc79576 604cbe8fbcb44e7bb365d0755c5a9367 - - default default] Successfully bumped revision number for resource f21d4673-a080-4417-bd24-0fc7ae9fcdce (type: security_group_rules) to 0
2026-05-30 06:22:51.985 10 INFO neutron.db.ovn_revision_numbers_db [None req-01c6856c-45e1-4c6d-99b9-5aa14750208f fa9ca9eda4724365ad319b81ddc79576 604cbe8fbcb44e7bb365d0755c5a9367 - - default default] Successfully bumped revision number for resource feb39fad-26b7-4031-9ae0-018de9744d5e (type: security_group_rules) to 0
2026-05-30 06:22:52.035 10 INFO neutron.db.segments_db [None req-01c6856c-45e1-4c6d-99b9-5aa14750208f fa9ca9eda4724365ad319b81ddc79576 604cbe8fbcb44e7bb365d0755c5a9367 - - default default] Added segment bf567798-3fee-4edb-88e5-2c860f1bc02f of type geneve for network fd7ba132-070b-4efe-8770-ce692bf30cc2
2026-05-30 06:22:52.050 9 INFO neutron.db.ovn_revision_numbers_db [None req-510b8821-4981-46cc-9e77-2e806b96cc63 2e02ff4da22d49f7ad2640c9ddd405ca 781556fc320c48d2b322931f7d09ac5e - - default default] Successfully bumped revision number for resource b926c1f1-48d3-42a7-b827-f2d802102542 (type: ports) to 2
2026-05-30 06:22:52.097 9 INFO neutron.db.ovn_revision_numbers_db [None req-510b8821-4981-46cc-9e77-2e806b96cc63 2e02ff4da22d49f7ad2640c9ddd405ca 781556fc320c48d2b322931f7d09ac5e - - default default] Successfully bumped revision number for resource 5f80d1c6-475e-4e04-a609-eee0716aaccc (type: subnets) to 0
2026-05-30 06:22:52.119 9 WARNING neutron.scheduler.dhcp_agent_scheduler [None req-510b8821-4981-46cc-9e77-2e806b96cc63 2e02ff4da22d49f7ad2640c9ddd405ca 781556fc320c48d2b322931f7d09ac5e - - default default] No more DHCP agents
2026-05-30 06:22:52.121 9 WARNING neutron.api.rpc.agentnotifiers.dhcp_rpc_agent_api [None req-510b8821-4981-46cc-9e77-2e806b96cc63 2e02ff4da22d49f7ad2640c9ddd405ca 781556fc320c48d2b322931f7d09ac5e - - default default] Unable to schedule network 53c15eb7-c810-4dcc-adec-00e508eeb385: no agents available; will retry on subsequent port and subnet creation events.
2026-05-30 06:22:52.249 10 INFO neutron.db.ovn_revision_numbers_db [None req-01c6856c-45e1-4c6d-99b9-5aa14750208f fa9ca9eda4724365ad319b81ddc79576 604cbe8fbcb44e7bb365d0755c5a9367 - - default default] Successfully bumped revision number for resource fd7ba132-070b-4efe-8770-ce692bf30cc2 (type: networks) to 1
2026-05-30 06:22:52.430 10 WARNING neutron.scheduler.dhcp_agent_scheduler [None req-7e178890-afc0-4255-8d29-9c2b2cb5bb6a 479134cef930457d8127433a81904433 ebeb3bc913b3415fb55a5c5a6ce45114 - - default default] No more DHCP agents
2026-05-30 06:22:52.432 10 WARNING neutron.api.rpc.agentnotifiers.dhcp_rpc_agent_api [None req-7e178890-afc0-4255-8d29-9c2b2cb5bb6a 479134cef930457d8127433a81904433 ebeb3bc913b3415fb55a5c5a6ce45114 - - default default] Unable to schedule network 7317c4af-eb47-4128-8817-e2b317bf987d: no agents available; will retry on subsequent port and subnet creation events.
2026-05-30 06:22:52.498 10 INFO neutron.wsgi [req-bbef6b43-19b2-479b-81c4-f02cc9fe66aa req-0f9fdcf2-499b-482c-b462-c6f0e91a3f2f 31a773728e214e3da3a6612fde1c8b7d 083ef1314ebb4172ba0256f0ceb2d635 - - default default] 10.0.0.113 "GET /v2.0/ports?device_id=b6fd6eb7-ed02-4e00-9c2a-ea946e05e363 HTTP/1.1" status: 200 len: 1174 time: 0.0617375
2026-05-30 06:22:52.503 10 WARNING neutron.scheduler.dhcp_agent_scheduler [None req-01c6856c-45e1-4c6d-99b9-5aa14750208f fa9ca9eda4724365ad319b81ddc79576 604cbe8fbcb44e7bb365d0755c5a9367 - - default default] No more DHCP agents
2026-05-30 06:22:52.507 10 WARNING neutron.api.rpc.agentnotifiers.dhcp_rpc_agent_api [None req-01c6856c-45e1-4c6d-99b9-5aa14750208f fa9ca9eda4724365ad319b81ddc79576 604cbe8fbcb44e7bb365d0755c5a9367 - - default default] Unable to schedule network fd7ba132-070b-4efe-8770-ce692bf30cc2: no agents available; will retry on subsequent port and subnet creation events.
2026-05-30 06:22:52.586 10 INFO neutron.wsgi [req-bbef6b43-19b2-479b-81c4-f02cc9fe66aa req-6a78dbf0-40ba-441a-a95f-cdec1961b5f0 31a773728e214e3da3a6612fde1c8b7d 083ef1314ebb4172ba0256f0ceb2d635 - - default default] 10.0.0.113 "GET /v2.0/security-groups?id=6ace8e57-c20f-45d7-a507-cc3ad9e8bbfc&fields=id&fields=name HTTP/1.1" status: 200 len: 312 time: 0.0804522
2026-05-30 06:22:52.621 9 INFO neutron.db.ovn_revision_numbers_db [None req-510b8821-4981-46cc-9e77-2e806b96cc63 2e02ff4da22d49f7ad2640c9ddd405ca 781556fc320c48d2b322931f7d09ac5e - - default default] Successfully bumped revision number for resource 9e1fefe6-dde3-4e43-bb40-20fec5a1060f (type: ports) to 2
2026-05-30 06:22:52.631 10 INFO neutron.db.ovn_revision_numbers_db [None req-7e178890-afc0-4255-8d29-9c2b2cb5bb6a 479134cef930457d8127433a81904433 ebeb3bc913b3415fb55a5c5a6ce45114 - - default default] Successfully bumped revision number for resource c017dad3-27ac-4a92-9e66-8722166465f5 (type: ports) to 1
2026-05-30 06:22:52.640 10 INFO neutron.db.ovn_revision_numbers_db [None req-01c6856c-45e1-4c6d-99b9-5aa14750208f fa9ca9eda4724365ad319b81ddc79576 604cbe8fbcb44e7bb365d0755c5a9367 - - default default] Successfully bumped revision number for resource 34eb86d3-1447-4d21-b06f-26c6ce694cd0 (type: ports) to 1
2026-05-30 06:22:52.655 9 INFO neutron.db.ovn_revision_numbers_db [None req-510b8821-4981-46cc-9e77-2e806b96cc63 2e02ff4da22d49f7ad2640c9ddd405ca 781556fc320c48d2b322931f7d09ac5e - - default default] Successfully bumped revision number for resource 84cd3a45-68a0-49f3-a78a-123e8576ae30 (type: subnets) to 0
2026-05-30 06:22:52.671 9 INFO neutron.wsgi [None req-510b8821-4981-46cc-9e77-2e806b96cc63 2e02ff4da22d49f7ad2640c9ddd405ca 781556fc320c48d2b322931f7d09ac5e - - default default] 10.0.0.233 "POST /v2.0/subnets HTTP/1.1" status: 201 len: 1426 time: 1.6992996
2026-05-30 06:22:52.686 10 INFO neutron.wsgi [None req-01c6856c-45e1-4c6d-99b9-5aa14750208f fa9ca9eda4724365ad319b81ddc79576 604cbe8fbcb44e7bb365d0755c5a9367 - - default default] 10.0.0.233 "POST /v2.0/networks HTTP/1.1" status: 201 len: 942 time: 1.3722146
2026-05-30 06:22:52.734 9 INFO neutron.wsgi [None req-0e6b218f-d8fe-4fcb-b678-115f1b197c38 2e02ff4da22d49f7ad2640c9ddd405ca 781556fc320c48d2b322931f7d09ac5e - - default default] 10.0.0.233 "GET /v2.0/subnets HTTP/1.1" status: 200 len: 2034 time: 0.0586808
2026-05-30 06:22:52.910 9 WARNING neutron.scheduler.dhcp_agent_scheduler [None req-8c32fb4f-9e09-4f82-a35b-3edb1f45e070 fa9ca9eda4724365ad319b81ddc79576 604cbe8fbcb44e7bb365d0755c5a9367 - - default default] No more DHCP agents
2026-05-30 06:22:52.913 9 WARNING neutron.api.rpc.agentnotifiers.dhcp_rpc_agent_api [None req-8c32fb4f-9e09-4f82-a35b-3edb1f45e070 fa9ca9eda4724365ad319b81ddc79576 604cbe8fbcb44e7bb365d0755c5a9367 - - default default] Unable to schedule network fd7ba132-070b-4efe-8770-ce692bf30cc2: no agents available; will retry on subsequent port and subnet creation events.
2026-05-30 06:22:53.008 9 INFO neutron.wsgi [None req-8affb2da-a4af-44f3-9629-51220cc5deac 2e02ff4da22d49f7ad2640c9ddd405ca 781556fc320c48d2b322931f7d09ac5e - - default default] 10.0.0.233 "DELETE /v2.0/subnets/5f80d1c6-475e-4e04-a609-eee0716aaccc HTTP/1.1" status: 204 len: 168 time: 0.2676718
2026-05-30 06:22:53.072 10 INFO neutron.db.ovn_revision_numbers_db [None req-7e178890-afc0-4255-8d29-9c2b2cb5bb6a 479134cef930457d8127433a81904433 ebeb3bc913b3415fb55a5c5a6ce45114 - - default default] Successfully bumped revision number for resource c017dad3-27ac-4a92-9e66-8722166465f5 (type: router_ports) to 1
2026-05-30 06:22:53.219 10 INFO neutron.db.ovn_revision_numbers_db [None req-7e178890-afc0-4255-8d29-9c2b2cb5bb6a 479134cef930457d8127433a81904433 ebeb3bc913b3415fb55a5c5a6ce45114 - - default default] Successfully bumped revision number for resource c017dad3-27ac-4a92-9e66-8722166465f5 (type: ports) to 1
2026-05-30 06:22:53.273 10 INFO neutron.wsgi [None req-4b0ec319-9e41-449e-a545-322e62c94ed0 2e02ff4da22d49f7ad2640c9ddd405ca 781556fc320c48d2b322931f7d09ac5e - - default default] 10.0.0.233 "DELETE /v2.0/subnets/84cd3a45-68a0-49f3-a78a-123e8576ae30 HTTP/1.1" status: 204 len: 168 time: 0.2584412
2026-05-30 06:22:53.291 10 WARNING neutron.scheduler.dhcp_agent_scheduler [None req-7e178890-afc0-4255-8d29-9c2b2cb5bb6a 479134cef930457d8127433a81904433 ebeb3bc913b3415fb55a5c5a6ce45114 - - default default] No more DHCP agents
2026-05-30 06:22:53.292 10 WARNING neutron.api.rpc.agentnotifiers.dhcp_rpc_agent_api [None req-7e178890-afc0-4255-8d29-9c2b2cb5bb6a 479134cef930457d8127433a81904433 ebeb3bc913b3415fb55a5c5a6ce45114 - - default default] Unable to schedule network 7317c4af-eb47-4128-8817-e2b317bf987d: no agents available; will retry on subsequent port and subnet creation events.
2026-05-30 06:22:53.323 9 INFO neutron.wsgi [None req-23bbc136-fe1a-482a-9a6f-9375d04e01af 2e02ff4da22d49f7ad2640c9ddd405ca 781556fc320c48d2b322931f7d09ac5e - - default default] 10.0.0.233 "GET /v2.0/subnets HTTP/1.1" status: 200 len: 820 time: 0.0445421
2026-05-30 06:22:53.447 9 INFO neutron.db.ovn_revision_numbers_db [None req-8c32fb4f-9e09-4f82-a35b-3edb1f45e070 fa9ca9eda4724365ad319b81ddc79576 604cbe8fbcb44e7bb365d0755c5a9367 - - default default] Successfully bumped revision number for resource 34eb86d3-1447-4d21-b06f-26c6ce694cd0 (type: ports) to 2
2026-05-30 06:22:53.460 10 INFO neutron.db.ovn_revision_numbers_db [None req-7e178890-afc0-4255-8d29-9c2b2cb5bb6a 479134cef930457d8127433a81904433 ebeb3bc913b3415fb55a5c5a6ce45114 - - default default] Successfully bumped revision number for resource c017dad3-27ac-4a92-9e66-8722166465f5 (type: router_ports) to 1
2026-05-30 06:22:53.463 10 INFO neutron.wsgi [None req-7e178890-afc0-4255-8d29-9c2b2cb5bb6a 479134cef930457d8127433a81904433 ebeb3bc913b3415fb55a5c5a6ce45114 - - default default] 10.0.0.233 "PUT /v2.0/routers/ef5a058d-f18e-4dc6-b4a8-1924c8e330f9/add_router_interface HTTP/1.1" status: 200 len: 503 time: 1.8342707
2026-05-30 06:22:53.495 9 INFO neutron.db.ovn_revision_numbers_db [None req-8c32fb4f-9e09-4f82-a35b-3edb1f45e070 fa9ca9eda4724365ad319b81ddc79576 604cbe8fbcb44e7bb365d0755c5a9367 - - default default] Successfully bumped revision number for resource 76950461-4da3-48ee-b5ac-66f5ec924985 (type: subnets) to 0
2026-05-30 06:22:53.505 10 INFO neutron.wsgi [None req-43b0af8f-0100-4d5c-836e-fa03b8cf9e33 479134cef930457d8127433a81904433 ebeb3bc913b3415fb55a5c5a6ce45114 - - default default] 10.0.0.233 "GET /v2.0/ports/c017dad3-27ac-4a92-9e66-8722166465f5 HTTP/1.1" status: 200 len: 1147 time: 0.0379887
2026-05-30 06:22:53.521 9 INFO neutron.wsgi [None req-8c32fb4f-9e09-4f82-a35b-3edb1f45e070 fa9ca9eda4724365ad319b81ddc79576 604cbe8fbcb44e7bb365d0755c5a9367 - - default default] 10.0.0.233 "POST /v2.0/subnets HTTP/1.1" status: 201 len: 862 time: 0.8304546
2026-05-30 06:22:53.548 10 INFO neutron.wsgi [None req-60891e72-76d6-414f-aaf8-7502208219c1 479134cef930457d8127433a81904433 ebeb3bc913b3415fb55a5c5a6ce45114 - - default default] 10.0.0.233 "GET /v2.0/ports/c017dad3-27ac-4a92-9e66-8722166465f5 HTTP/1.1" status: 200 len: 1147 time: 0.0377202
2026-05-30 06:22:53.712 9 INFO neutron.services.segments.plugin [-] Segment f6d496b5-6c52-4366-a5e9-b4c104915156 resource provider aggregate not found
2026-05-30 06:22:53.717 9 INFO neutron.services.segments.plugin [-] Segment f6d496b5-6c52-4366-a5e9-b4c104915156 resource provider aggregate not found
2026-05-30 06:22:53.725 9 INFO neutron.services.segments.plugin [-] Segment f6d496b5-6c52-4366-a5e9-b4c104915156 resource provider not found; error: Placement Client Error (4xx): {"errors": [{"status": 404, "title": "Not Found", "detail": "The resource could not be found.\n\n No resource provider with uuid f6d496b5-6c52-4366-a5e9-b4c104915156 found for delete ", "request_id": "req-70ef7c0c-c771-4422-a3b0-5ddae5f2b09f"}]}
2026-05-30 06:22:53.734 9 INFO neutron.services.segments.plugin [-] Segment f6d496b5-6c52-4366-a5e9-b4c104915156 resource provider not found; error: Placement Client Error (4xx): {"errors": [{"status": 404, "title": "Not Found", "detail": "The resource could not be found.\n\n No resource provider with uuid f6d496b5-6c52-4366-a5e9-b4c104915156 found for delete ", "request_id": "req-407ec074-ec76-4e88-ade8-3160ae1bd03c"}]}
2026-05-30 06:22:53.772 9 INFO neutron.wsgi [None req-55c5b638-656b-4bc3-944c-5888247d10ea 2e02ff4da22d49f7ad2640c9ddd405ca 781556fc320c48d2b322931f7d09ac5e - - default default] 10.0.0.233 "DELETE /v2.0/networks/53c15eb7-c810-4dcc-adec-00e508eeb385 HTTP/1.1" status: 204 len: 168 time: 0.4419844
2026-05-30 06:22:54.271 10 WARNING neutron.scheduler.dhcp_agent_scheduler [None req-e710c4c5-8b41-47a5-a704-e8da2981f8a9 fa9ca9eda4724365ad319b81ddc79576 604cbe8fbcb44e7bb365d0755c5a9367 - - default default] No more DHCP agents
2026-05-30 06:22:54.274 10 WARNING neutron.api.rpc.agentnotifiers.dhcp_rpc_agent_api [None req-e710c4c5-8b41-47a5-a704-e8da2981f8a9 fa9ca9eda4724365ad319b81ddc79576 604cbe8fbcb44e7bb365d0755c5a9367 - - default default] Unable to schedule network 11b4d999-c9b7-4826-92f7-6abe7fd0399f: no agents available; will retry on subsequent port and subnet creation events.
2026-05-30 06:22:54.422 10 INFO neutron.services.segments.plugin [-] Segment 21957bb8-fce6-42fa-ad6a-fbc1de3dacc1 resource provider aggregate not found
2026-05-30 06:22:54.426 10 INFO neutron.services.segments.plugin [-] Segment 21957bb8-fce6-42fa-ad6a-fbc1de3dacc1 resource provider aggregate not found
2026-05-30 06:22:54.451 10 INFO neutron.services.segments.plugin [-] Segment 21957bb8-fce6-42fa-ad6a-fbc1de3dacc1 resource provider not found; error: Placement Client Error (4xx): {"errors": [{"status": 404, "title": "Not Found", "detail": "The resource could not be found.\n\n No resource provider with uuid 21957bb8-fce6-42fa-ad6a-fbc1de3dacc1 found for delete ", "request_id": "req-7055d6e3-a2cb-42c5-a44e-cbf18c5e799a"}]}
2026-05-30 06:22:54.453 10 INFO neutron.services.segments.plugin [-] Segment 21957bb8-fce6-42fa-ad6a-fbc1de3dacc1 resource provider not found; error: Placement Client Error (4xx): {"errors": [{"status": 404, "title": "Not Found", "detail": "The resource could not be found.\n\n No resource provider with uuid 21957bb8-fce6-42fa-ad6a-fbc1de3dacc1 found for delete ", "request_id": "req-dc2f2839-cadb-47d3-b768-5a7afa6d6808"}]}
2026-05-30 06:22:54.478 10 INFO neutron.wsgi [None req-11ef5c44-57a3-4e1c-9e94-ccd752c9d596 2e02ff4da22d49f7ad2640c9ddd405ca 781556fc320c48d2b322931f7d09ac5e - - default default] 10.0.0.233 "DELETE /v2.0/networks/d40c0338-ffc7-4421-adb3-22b4c35cddc4 HTTP/1.1" status: 204 len: 168 time: 0.7029979
2026-05-30 06:22:54.514 10 INFO neutron.db.ovn_revision_numbers_db [None req-e710c4c5-8b41-47a5-a704-e8da2981f8a9 fa9ca9eda4724365ad319b81ddc79576 604cbe8fbcb44e7bb365d0755c5a9367 - - default default] Successfully bumped revision number for resource 08302546-a6cc-4a95-8222-881625859dd9 (type: ports) to 1
2026-05-30 06:22:54.699 9 INFO neutron.wsgi [None req-aeeb6cb9-24f2-4415-b231-e02c5e1b443c 479134cef930457d8127433a81904433 ebeb3bc913b3415fb55a5c5a6ce45114 - - default default] 10.0.0.233 "GET /v2.0/ports/c017dad3-27ac-4a92-9e66-8722166465f5 HTTP/1.1" status: 200 len: 1147 time: 0.1460226
2026-05-30 06:22:54.911 9 INFO neutron.wsgi [None req-f3fb9b65-bbb4-4fb9-9952-32f86c0c3dea 2e02ff4da22d49f7ad2640c9ddd405ca 781556fc320c48d2b322931f7d09ac5e - - default default] 10.0.0.233 "DELETE /v2.0/networks/494b6171-3992-40c2-9e06-61f972647a2f HTTP/1.1" status: 204 len: 168 time: 0.4259627
2026-05-30 06:22:55.153 9 INFO neutron.plugins.ml2.drivers.ovn.mech_driver.ovsdb.ovsdb_monitor [None req-022736b0-6da0-4409-a671-edd2feb8e77f - - - - - -] Router 2866d4aa-7f63-42db-8134-9af6d923bf44 is bound to host instance
2026-05-30 06:22:55.162 10 INFO neutron.db.ovn_revision_numbers_db [None req-e710c4c5-8b41-47a5-a704-e8da2981f8a9 fa9ca9eda4724365ad319b81ddc79576 604cbe8fbcb44e7bb365d0755c5a9367 - - default default] Successfully bumped revision number for resource 08302546-a6cc-4a95-8222-881625859dd9 (type: router_ports) to 1
2026-05-30 06:22:55.273 10 INFO neutron.db.ovn_revision_numbers_db [None req-e710c4c5-8b41-47a5-a704-e8da2981f8a9 fa9ca9eda4724365ad319b81ddc79576 604cbe8fbcb44e7bb365d0755c5a9367 - - default default] Successfully bumped revision number for resource 2866d4aa-7f63-42db-8134-9af6d923bf44 (type: routers) to 2
2026-05-30 06:22:55.289 10 INFO neutron.wsgi [None req-e710c4c5-8b41-47a5-a704-e8da2981f8a9 fa9ca9eda4724365ad319b81ddc79576 604cbe8fbcb44e7bb365d0755c5a9367 - - default default] 10.0.0.233 "POST /v2.0/routers HTTP/1.1" status: 201 len: 873 time: 1.7626467
2026-05-30 06:22:55.441 10 INFO neutron.wsgi [None req-59169181-4189-4df9-b8b2-c06bdbbaf554 2e02ff4da22d49f7ad2640c9ddd405ca 781556fc320c48d2b322931f7d09ac5e - - default default] 10.0.0.233 "DELETE /v2.0/networks/4992dcf3-c098-4765-912c-ac8f73bff6fe HTTP/1.1" status: 204 len: 168 time: 0.5260723
2026-05-30 06:22:55.661 10 INFO neutron.wsgi [-] 10.0.0.111 "GET / HTTP/1.1" status: 200 len: 247 time: 0.0013063
2026-05-30 06:22:55.664 10 INFO neutron.wsgi [-] 10.0.0.111 "GET / HTTP/1.1" status: 200 len: 247 time: 0.0014081
2026-05-30 06:22:55.839 10 INFO neutron.wsgi [None req-32e6a50a-95ab-4f11-b1bb-6598176ed56d 479134cef930457d8127433a81904433 ebeb3bc913b3415fb55a5c5a6ce45114 - - default default] 10.0.0.233 "GET /v2.0/ports/c017dad3-27ac-4a92-9e66-8722166465f5 HTTP/1.1" status: 200 len: 1147 time: 0.1324248
2026-05-30 06:22:55.879 9 INFO neutron.services.segments.plugin [-] Segment 390d2089-7a5a-484f-aad0-fdf49de9477a resource provider aggregate not found
2026-05-30 06:22:55.885 9 INFO neutron.services.segments.plugin [-] Segment 390d2089-7a5a-484f-aad0-fdf49de9477a resource provider aggregate not found
2026-05-30 06:22:55.896 9 INFO neutron.services.segments.plugin [-] Segment 390d2089-7a5a-484f-aad0-fdf49de9477a resource provider not found; error: Placement Client Error (4xx): {"errors": [{"status": 404, "title": "Not Found", "detail": "The resource could not be found.\n\n No resource provider with uuid 390d2089-7a5a-484f-aad0-fdf49de9477a found for delete ", "request_id": "req-712d0999-45c2-4d74-bb0b-e35a3686b29d"}]}
