2026-05-30 06:25:01.430 10 INFO neutron.wsgi [req-cb911bfe-cfec-4526-8882-46a21fa6acdc req-922b6d33-0813-4eec-adbc-5c449211b31e c8778c66d7644976a19bcfcf035beb3c badad4dc82a74e2788062edc3925de7d - - 5a1a72e7a3ec4b3e8f405893aa045520 5a1a72e7a3ec4b3e8f405893aa045520] 199.204.45.30 "GET /v2.0/networks/70ff779c-0329-403f-8820-92d7c1c92de9?fields=segments HTTP/1.1" status: 200 len: 212 time: 0.0654566
2026-05-30 06:25:01.461 9 INFO neutron.db.ovn_revision_numbers_db [None req-6aeb1a68-dc76-4ee4-b440-26305a42dee8 3d3280db6c75431da3f405887e1969dc 71ef0e6436c24bbb956ceeeb1906c458 - - default default] Successfully bumped revision number for resource 20d82286-1d12-48a8-97d4-3115bcf5b329 (type: networks) to 1
2026-05-30 06:25:01.486 9 INFO neutron.wsgi [req-de0265cd-6899-4c23-8a14-41f697cb4601 req-6c01051f-5682-469c-88c9-8bbbe235b182 c8778c66d7644976a19bcfcf035beb3c badad4dc82a74e2788062edc3925de7d - - 5a1a72e7a3ec4b3e8f405893aa045520 5a1a72e7a3ec4b3e8f405893aa045520] 199.204.45.30 "GET /v2.0/security-groups?id=435b73df-68e5-4e06-9c7a-7f925877393c&fields=id&fields=name HTTP/1.1" status: 200 len: 294 time: 0.0672660
2026-05-30 06:25:01.510 10 INFO neutron.wsgi [req-cb911bfe-cfec-4526-8882-46a21fa6acdc req-21ffbb27-2f26-44ee-b754-2022e05bc409 c8778c66d7644976a19bcfcf035beb3c badad4dc82a74e2788062edc3925de7d - - 5a1a72e7a3ec4b3e8f405893aa045520 5a1a72e7a3ec4b3e8f405893aa045520] 199.204.45.30 "GET /v2.0/networks/70ff779c-0329-403f-8820-92d7c1c92de9?fields=provider%3Aphysical_network&fields=provider%3Anetwork_type HTTP/1.1" status: 200 len: 277 time: 0.0757744
2026-05-30 06:25:01.584 10 INFO neutron.plugins.ml2.drivers.ovn.mech_driver.mech_driver [None req-63e0e90d-16ac-4ee9-8703-71e66a698c84 - - - - - -] OVN reports status up for port: c98ba219-1f53-452a-8776-7a55aa61d589
2026-05-30 06:25:01.597 10 INFO neutron.plugins.ml2.plugin [None req-63e0e90d-16ac-4ee9-8703-71e66a698c84 - - - - - -] Attempt 1 to provision port c98ba219-1f53-452a-8776-7a55aa61d589
2026-05-30 06:25:01.668 9 WARNING neutron.scheduler.dhcp_agent_scheduler [None req-6aeb1a68-dc76-4ee4-b440-26305a42dee8 3d3280db6c75431da3f405887e1969dc 71ef0e6436c24bbb956ceeeb1906c458 - - default default] No more DHCP agents
2026-05-30 06:25:01.671 9 WARNING neutron.api.rpc.agentnotifiers.dhcp_rpc_agent_api [None req-6aeb1a68-dc76-4ee4-b440-26305a42dee8 3d3280db6c75431da3f405887e1969dc 71ef0e6436c24bbb956ceeeb1906c458 - - default default] Unable to schedule network 20d82286-1d12-48a8-97d4-3115bcf5b329: no agents available; will retry on subsequent port and subnet creation events.
2026-05-30 06:25:01.776 9 INFO neutron.db.ovn_revision_numbers_db [None req-6aeb1a68-dc76-4ee4-b440-26305a42dee8 3d3280db6c75431da3f405887e1969dc 71ef0e6436c24bbb956ceeeb1906c458 - - default default] Successfully bumped revision number for resource d84f70e4-6189-4939-bd4b-b3f83e1beefb (type: ports) to 1
2026-05-30 06:25:01.802 9 INFO neutron.wsgi [None req-6aeb1a68-dc76-4ee4-b440-26305a42dee8 3d3280db6c75431da3f405887e1969dc 71ef0e6436c24bbb956ceeeb1906c458 - - default default] 10.0.0.233 "POST /v2.0/networks HTTP/1.1" status: 201 len: 830 time: 0.8757627
2026-05-30 06:25:01.813 9 WARNING neutron_lib.context [None req-831bee85-a969-43c7-b78e-74302142b9df 3d3280db6c75431da3f405887e1969dc 71ef0e6436c24bbb956ceeeb1906c458 - - default default] Method 'is_advsvc' is deprecated since 2023.2 release (neutron-lib 3.8.0) and will be removed once support for the old RBAC API policies will be removed from Neutron. Please use method 'is_service_role' instead.
2026-05-30 06:25:01.980 10 INFO neutron.wsgi [req-874966f2-be7f-4fc1-a3f3-b9e12463bec3 req-6e19b592-2e20-4646-80fb-69bc74cc7656 fa9ca9eda4724365ad319b81ddc79576 604cbe8fbcb44e7bb365d0755c5a9367 - - default default] 10.0.0.113 "GET /v2.0/ports?device_id=3416107c-6a84-4fa8-8d1b-c331e92e7344 HTTP/1.1" status: 200 len: 1415 time: 0.0575314
2026-05-30 06:25:02.020 9 WARNING neutron.scheduler.dhcp_agent_scheduler [None req-831bee85-a969-43c7-b78e-74302142b9df 3d3280db6c75431da3f405887e1969dc 71ef0e6436c24bbb956ceeeb1906c458 - - default default] No more DHCP agents
2026-05-30 06:25:02.022 9 WARNING neutron.api.rpc.agentnotifiers.dhcp_rpc_agent_api [None req-831bee85-a969-43c7-b78e-74302142b9df 3d3280db6c75431da3f405887e1969dc 71ef0e6436c24bbb956ceeeb1906c458 - - default default] Unable to schedule network 20d82286-1d12-48a8-97d4-3115bcf5b329: no agents available; will retry on subsequent port and subnet creation events.
2026-05-30 06:25:02.076 10 INFO neutron.wsgi [req-874966f2-be7f-4fc1-a3f3-b9e12463bec3 req-2dfdfda1-8e07-4e18-8014-2638bcf2f50c fa9ca9eda4724365ad319b81ddc79576 604cbe8fbcb44e7bb365d0755c5a9367 - - default default] 10.0.0.113 "GET /v2.0/security-groups?id=435b73df-68e5-4e06-9c7a-7f925877393c&fields=id&fields=name HTTP/1.1" status: 200 len: 294 time: 0.0848179
2026-05-30 06:25:02.083 10 INFO neutron.db.ovn_revision_numbers_db [None req-7ae6f969-e525-4ea2-9426-b3c769291c16 fa9ca9eda4724365ad319b81ddc79576 604cbe8fbcb44e7bb365d0755c5a9367 - - default default] Successfully bumped revision number for resource c0435ff1-892e-4e84-be7f-c1c6f6ab0e7b (type: security_groups) to 1
2026-05-30 06:25:02.115 10 INFO neutron.db.ovn_revision_numbers_db [None req-7ae6f969-e525-4ea2-9426-b3c769291c16 fa9ca9eda4724365ad319b81ddc79576 604cbe8fbcb44e7bb365d0755c5a9367 - - default default] Successfully bumped revision number for resource 4a3222b7-76a1-48cd-b105-2dd56b8b3aa5 (type: security_group_rules) to 0
2026-05-30 06:25:02.119 9 INFO neutron.db.ovn_revision_numbers_db [None req-831bee85-a969-43c7-b78e-74302142b9df 3d3280db6c75431da3f405887e1969dc 71ef0e6436c24bbb956ceeeb1906c458 - - default default] Successfully bumped revision number for resource 262490f7-036f-4d7f-b2d7-d3ca235f97b5 (type: ports) to 1
2026-05-30 06:25:02.147 9 INFO neutron.wsgi [None req-831bee85-a969-43c7-b78e-74302142b9df 3d3280db6c75431da3f405887e1969dc 71ef0e6436c24bbb956ceeeb1906c458 - - default default] 10.0.0.233 "POST /v2.0/ports HTTP/1.1" status: 201 len: 942 time: 0.3396382
2026-05-30 06:25:02.149 10 INFO neutron.db.ovn_revision_numbers_db [None req-7ae6f969-e525-4ea2-9426-b3c769291c16 fa9ca9eda4724365ad319b81ddc79576 604cbe8fbcb44e7bb365d0755c5a9367 - - default default] Successfully bumped revision number for resource b8238199-9f23-4384-a224-1942718756a6 (type: security_group_rules) to 0 /var/lib/openstack/lib/python3.10/site-packages/pycadf/identifier.py:71: UserWarning: Invalid uuid: neutron. To ensure interoperability, identifiers should be a valid uuid. warnings.warn(('Invalid uuid: %s. To ensure interoperability, '
2026-05-30 06:25:02.157 9 WARNING neutron_lib.context [None req-db300849-7cad-4378-a0ed-754f1597a055 3d3280db6c75431da3f405887e1969dc 71ef0e6436c24bbb956ceeeb1906c458 - - default default] Method 'is_advsvc' is deprecated since 2023.2 release (neutron-lib 3.8.0) and will be removed once support for the old RBAC API policies will be removed from Neutron. Please use method 'is_service_role' instead.
2026-05-30 06:25:02.164 10 INFO neutron.db.ovn_revision_numbers_db [None req-7ae6f969-e525-4ea2-9426-b3c769291c16 fa9ca9eda4724365ad319b81ddc79576 604cbe8fbcb44e7bb365d0755c5a9367 - - default default] Successfully bumped revision number for resource d4302501-9cb7-4333-8a70-e8e3e010d7cf (type: security_group_rules) to 0
2026-05-30 06:25:02.198 10 INFO neutron.db.ovn_revision_numbers_db [None req-7ae6f969-e525-4ea2-9426-b3c769291c16 fa9ca9eda4724365ad319b81ddc79576 604cbe8fbcb44e7bb365d0755c5a9367 - - default default] Successfully bumped revision number for resource daa92fa9-b13f-49a3-a040-8d2e851c15b5 (type: security_group_rules) to 0
2026-05-30 06:25:02.241 10 INFO neutron.wsgi [req-c2631a50-53a4-4fad-8eeb-bd7b4a34b21b req-7e34d7da-ea7e-4505-93f9-004133df7a46 fa9ca9eda4724365ad319b81ddc79576 604cbe8fbcb44e7bb365d0755c5a9367 - - default default] 10.0.0.113 "GET /v2.0/ports?device_id=3416107c-6a84-4fa8-8d1b-c331e92e7344 HTTP/1.1" status: 200 len: 1417 time: 0.0649624
2026-05-30 06:25:02.246 10 INFO neutron.wsgi [None req-7ae6f969-e525-4ea2-9426-b3c769291c16 fa9ca9eda4724365ad319b81ddc79576 604cbe8fbcb44e7bb365d0755c5a9367 - - default default] 10.0.0.233 "GET /v2.0/security-groups?tenant_id=44c0db961d954a3e88c6f900c24947f0&name=default HTTP/1.1" status: 200 len: 2996 time: 0.8408499
2026-05-30 06:25:02.256 10 INFO neutron.db.ovn_revision_numbers_db [None req-63e0e90d-16ac-4ee9-8703-71e66a698c84 - - - - - -] Successfully bumped revision number for resource c98ba219-1f53-452a-8776-7a55aa61d589 (type: ports) to 4
2026-05-30 06:25:02.380 9 INFO neutron.wsgi [None req-db300849-7cad-4378-a0ed-754f1597a055 3d3280db6c75431da3f405887e1969dc 71ef0e6436c24bbb956ceeeb1906c458 - - default default] 10.0.0.233 "POST /v2.0/trunks HTTP/1.1" status: 201 len: 608 time: 0.2278996
2026-05-30 06:25:02.389 9 WARNING neutron_lib.context [None req-25b8674b-af15-4ac8-af30-5a7d331e9c74 3d3280db6c75431da3f405887e1969dc 71ef0e6436c24bbb956ceeeb1906c458 - - default default] Method 'is_advsvc' is deprecated since 2023.2 release (neutron-lib 3.8.0) and will be removed once support for the old RBAC API policies will be removed from Neutron. Please use method 'is_service_role' instead.
2026-05-30 06:25:02.457 10 INFO neutron.wsgi [None req-9d38532e-e91e-43a1-a580-2edd45ae0d88 fa9ca9eda4724365ad319b81ddc79576 604cbe8fbcb44e7bb365d0755c5a9367 - - default default] 10.0.0.233 "DELETE /v2.0/security-groups/c0435ff1-892e-4e84-be7f-c1c6f6ab0e7b HTTP/1.1" status: 204 len: 168 time: 0.2054462
2026-05-30 06:25:02.487 9 INFO neutron.db.segments_db [None req-25b8674b-af15-4ac8-af30-5a7d331e9c74 3d3280db6c75431da3f405887e1969dc 71ef0e6436c24bbb956ceeeb1906c458 - - default default] Added segment 21f8b669-9cc1-4d55-86d8-68ce87112e61 of type geneve for network 42898ce0-c8e6-4b07-a431-f2725c55b9d8 /var/lib/openstack/lib/python3.10/site-packages/pycadf/identifier.py:71: UserWarning: Invalid uuid: neutron. To ensure interoperability, identifiers should be a valid uuid. warnings.warn(('Invalid uuid: %s. To ensure interoperability, '
2026-05-30 06:25:02.639 9 INFO neutron.db.ovn_revision_numbers_db [None req-25b8674b-af15-4ac8-af30-5a7d331e9c74 3d3280db6c75431da3f405887e1969dc 71ef0e6436c24bbb956ceeeb1906c458 - - default default] Successfully bumped revision number for resource 42898ce0-c8e6-4b07-a431-f2725c55b9d8 (type: networks) to 1
2026-05-30 06:25:02.747 10 INFO neutron.db.ovn_revision_numbers_db [None req-80663966-7afb-49e3-8a33-396df4abd864 fa9ca9eda4724365ad319b81ddc79576 604cbe8fbcb44e7bb365d0755c5a9367 - - default default] Successfully bumped revision number for resource fd82500b-108c-4b99-84ac-9b108acf26ba (type: security_groups) to 1
2026-05-30 06:25:02.760 10 INFO neutron.db.ovn_revision_numbers_db [None req-80663966-7afb-49e3-8a33-396df4abd864 fa9ca9eda4724365ad319b81ddc79576 604cbe8fbcb44e7bb365d0755c5a9367 - - default default] Successfully bumped revision number for resource 2a6d9764-fb4f-453d-b174-14a834215205 (type: security_group_rules) to 0
2026-05-30 06:25:02.774 10 INFO neutron.db.ovn_revision_numbers_db [None req-80663966-7afb-49e3-8a33-396df4abd864 fa9ca9eda4724365ad319b81ddc79576 604cbe8fbcb44e7bb365d0755c5a9367 - - default default] Successfully bumped revision number for resource 2e035534-7c13-4fa2-893f-764d514f53a6 (type: security_group_rules) to 0
2026-05-30 06:25:02.787 10 INFO neutron.db.ovn_revision_numbers_db [None req-80663966-7afb-49e3-8a33-396df4abd864 fa9ca9eda4724365ad319b81ddc79576 604cbe8fbcb44e7bb365d0755c5a9367 - - default default] Successfully bumped revision number for resource 5a2aa2db-0a9d-496d-9152-94a4c4a7aaed (type: security_group_rules) to 0
2026-05-30 06:25:02.804 9 WARNING neutron.scheduler.dhcp_agent_scheduler [None req-25b8674b-af15-4ac8-af30-5a7d331e9c74 3d3280db6c75431da3f405887e1969dc 71ef0e6436c24bbb956ceeeb1906c458 - - default default] No more DHCP agents
2026-05-30 06:25:02.806 9 WARNING neutron.api.rpc.agentnotifiers.dhcp_rpc_agent_api [None req-25b8674b-af15-4ac8-af30-5a7d331e9c74 3d3280db6c75431da3f405887e1969dc 71ef0e6436c24bbb956ceeeb1906c458 - - default default] Unable to schedule network 42898ce0-c8e6-4b07-a431-f2725c55b9d8: no agents available; will retry on subsequent port and subnet creation events.
2026-05-30 06:25:02.806 10 INFO neutron.db.ovn_revision_numbers_db [None req-80663966-7afb-49e3-8a33-396df4abd864 fa9ca9eda4724365ad319b81ddc79576 604cbe8fbcb44e7bb365d0755c5a9367 - - default default] Successfully bumped revision number for resource 6ef0526f-0f90-4eef-8711-63a2f42b7c89 (type: security_group_rules) to 0
2026-05-30 06:25:02.832 10 INFO neutron.wsgi [None req-80663966-7afb-49e3-8a33-396df4abd864 fa9ca9eda4724365ad319b81ddc79576 604cbe8fbcb44e7bb365d0755c5a9367 - - default default] 10.0.0.233 "GET /v2.0/security-groups?tenant_id=60546ea442f64032bc94473e3565975b&name=default HTTP/1.1" status: 200 len: 2996 time: 0.2091708
2026-05-30 06:25:02.834 10 INFO neutron.notifiers.nova [-] Nova event matching ['req-4aa2503b-c0af-468a-9e23-f9a4b4af7340'] response: {'server_uuid': '3416107c-6a84-4fa8-8d1b-c331e92e7344', 'name': 'network-vif-plugged', 'status': 'completed', 'tag': 'c98ba219-1f53-452a-8776-7a55aa61d589', 'code': 200}
2026-05-30 06:25:02.834 10 INFO neutron.notifiers.nova [-] Nova event matching ['req-4aa2503b-c0af-468a-9e23-f9a4b4af7340'] response: {'server_uuid': '3416107c-6a84-4fa8-8d1b-c331e92e7344', 'name': 'network-vif-plugged', 'status': 'completed', 'tag': 'c98ba219-1f53-452a-8776-7a55aa61d589', 'code': 200}
2026-05-30 06:25:02.884 9 INFO neutron.db.ovn_revision_numbers_db [None req-25b8674b-af15-4ac8-af30-5a7d331e9c74 3d3280db6c75431da3f405887e1969dc 71ef0e6436c24bbb956ceeeb1906c458 - - default default] Successfully bumped revision number for resource 3060a567-dc3b-492e-ae8c-608717d8286c (type: ports) to 1
2026-05-30 06:25:02.910 9 INFO neutron.wsgi [None req-25b8674b-af15-4ac8-af30-5a7d331e9c74 3d3280db6c75431da3f405887e1969dc 71ef0e6436c24bbb956ceeeb1906c458 - - default default] 10.0.0.233 "POST /v2.0/networks HTTP/1.1" status: 201 len: 831 time: 0.5262742
2026-05-30 06:25:02.934 9 WARNING neutron_lib.context [None req-69274308-71f9-4406-8efd-3c048885c097 3d3280db6c75431da3f405887e1969dc 71ef0e6436c24bbb956ceeeb1906c458 - - default default] Method 'is_advsvc' is deprecated since 2023.2 release (neutron-lib 3.8.0) and will be removed once support for the old RBAC API policies will be removed from Neutron. Please use method 'is_service_role' instead.
2026-05-30 06:25:03.077 10 INFO neutron.wsgi [None req-e8d93aaa-97d3-4403-8ef4-723ccc71bdb7 fa9ca9eda4724365ad319b81ddc79576 604cbe8fbcb44e7bb365d0755c5a9367 - - default default] 10.0.0.233 "DELETE /v2.0/security-groups/fd82500b-108c-4b99-84ac-9b108acf26ba HTTP/1.1" status: 204 len: 168 time: 0.2386658
2026-05-30 06:25:03.202 9 WARNING neutron.scheduler.dhcp_agent_scheduler [None req-69274308-71f9-4406-8efd-3c048885c097 3d3280db6c75431da3f405887e1969dc 71ef0e6436c24bbb956ceeeb1906c458 - - default default] No more DHCP agents
2026-05-30 06:25:03.204 9 WARNING neutron.api.rpc.agentnotifiers.dhcp_rpc_agent_api [None req-69274308-71f9-4406-8efd-3c048885c097 3d3280db6c75431da3f405887e1969dc 71ef0e6436c24bbb956ceeeb1906c458 - - default default] Unable to schedule network 42898ce0-c8e6-4b07-a431-f2725c55b9d8: no agents available; will retry on subsequent port and subnet creation events.
2026-05-30 06:25:03.288 9 INFO neutron.db.ovn_revision_numbers_db [None req-69274308-71f9-4406-8efd-3c048885c097 3d3280db6c75431da3f405887e1969dc 71ef0e6436c24bbb956ceeeb1906c458 - - default default] Successfully bumped revision number for resource 57c2a09f-270b-4b5b-b944-9df9bf459700 (type: ports) to 1
2026-05-30 06:25:03.320 9 INFO neutron.wsgi [None req-69274308-71f9-4406-8efd-3c048885c097 3d3280db6c75431da3f405887e1969dc 71ef0e6436c24bbb956ceeeb1906c458 - - default default] 10.0.0.233 "POST /v2.0/ports HTTP/1.1" status: 201 len: 942 time: 0.3924732 /var/lib/openstack/lib/python3.10/site-packages/pycadf/identifier.py:71: UserWarning: Invalid uuid: neutron. To ensure interoperability, identifiers should be a valid uuid. warnings.warn(('Invalid uuid: %s. To ensure interoperability, '
2026-05-30 06:25:03.330 9 WARNING neutron_lib.context [None req-16e19796-09ee-4861-b45e-00fe3f606ab7 3d3280db6c75431da3f405887e1969dc 71ef0e6436c24bbb956ceeeb1906c458 - - default default] Method 'is_advsvc' is deprecated since 2023.2 release (neutron-lib 3.8.0) and will be removed once support for the old RBAC API policies will be removed from Neutron. Please use method 'is_service_role' instead.
2026-05-30 06:25:03.532 9 INFO neutron.wsgi [None req-16e19796-09ee-4861-b45e-00fe3f606ab7 3d3280db6c75431da3f405887e1969dc 71ef0e6436c24bbb956ceeeb1906c458 - - default default] 10.0.0.233 "POST /v2.0/trunks HTTP/1.1" status: 201 len: 608 time: 0.2067051
2026-05-30 06:25:03.544 9 WARNING neutron_lib.context [None req-cfdd8633-c539-492c-b330-0464c4492582 3d3280db6c75431da3f405887e1969dc 71ef0e6436c24bbb956ceeeb1906c458 - - default default] Method 'is_advsvc' is deprecated since 2023.2 release (neutron-lib 3.8.0) and will be removed once support for the old RBAC API policies will be removed from Neutron. Please use method 'is_service_role' instead.
2026-05-30 06:25:03.626 9 INFO neutron.db.segments_db [None req-cfdd8633-c539-492c-b330-0464c4492582 3d3280db6c75431da3f405887e1969dc 71ef0e6436c24bbb956ceeeb1906c458 - - default default] Added segment 23900eb7-56ce-420d-b0f5-634b6129a67d of type geneve for network 68bc91fe-d074-4a7f-b8eb-1225b65d0e77
2026-05-30 06:25:03.769 9 INFO neutron.db.ovn_revision_numbers_db [None req-cfdd8633-c539-492c-b330-0464c4492582 3d3280db6c75431da3f405887e1969dc 71ef0e6436c24bbb956ceeeb1906c458 - - default default] Successfully bumped revision number for resource 68bc91fe-d074-4a7f-b8eb-1225b65d0e77 (type: networks) to 1
2026-05-30 06:25:03.944 9 WARNING neutron.scheduler.dhcp_agent_scheduler [None req-cfdd8633-c539-492c-b330-0464c4492582 3d3280db6c75431da3f405887e1969dc 71ef0e6436c24bbb956ceeeb1906c458 - - default default] No more DHCP agents
2026-05-30 06:25:03.946 9 WARNING neutron.api.rpc.agentnotifiers.dhcp_rpc_agent_api [None req-cfdd8633-c539-492c-b330-0464c4492582 3d3280db6c75431da3f405887e1969dc 71ef0e6436c24bbb956ceeeb1906c458 - - default default] Unable to schedule network 68bc91fe-d074-4a7f-b8eb-1225b65d0e77: no agents available; will retry on subsequent port and subnet creation events.
2026-05-30 06:25:04.030 9 INFO neutron.db.ovn_revision_numbers_db [None req-cfdd8633-c539-492c-b330-0464c4492582 3d3280db6c75431da3f405887e1969dc 71ef0e6436c24bbb956ceeeb1906c458 - - default default] Successfully bumped revision number for resource 2e687d7e-6ff7-4303-9d81-cd7262fae3b9 (type: ports) to 1
2026-05-30 06:25:04.056 9 INFO neutron.wsgi [None req-cfdd8633-c539-492c-b330-0464c4492582 3d3280db6c75431da3f405887e1969dc 71ef0e6436c24bbb956ceeeb1906c458 - - default default] 10.0.0.233 "POST /v2.0/networks HTTP/1.1" status: 201 len: 830 time: 0.5162857
2026-05-30 06:25:04.074 10 WARNING neutron_lib.context [None req-3cc6f2c7-fe49-4741-b8fc-5a681bfc0e10 3d3280db6c75431da3f405887e1969dc 71ef0e6436c24bbb956ceeeb1906c458 - - default default] Method 'is_advsvc' is deprecated since 2023.2 release (neutron-lib 3.8.0) and will be removed once support for the old RBAC API policies will be removed from Neutron. Please use method 'is_service_role' instead.
2026-05-30 06:25:04.350 10 WARNING neutron.scheduler.dhcp_agent_scheduler [None req-3cc6f2c7-fe49-4741-b8fc-5a681bfc0e10 3d3280db6c75431da3f405887e1969dc 71ef0e6436c24bbb956ceeeb1906c458 - - default default] No more DHCP agents
2026-05-30 06:25:04.351 10 WARNING neutron.api.rpc.agentnotifiers.dhcp_rpc_agent_api [None req-3cc6f2c7-fe49-4741-b8fc-5a681bfc0e10 3d3280db6c75431da3f405887e1969dc 71ef0e6436c24bbb956ceeeb1906c458 - - default default] Unable to schedule network 68bc91fe-d074-4a7f-b8eb-1225b65d0e77: no agents available; will retry on subsequent port and subnet creation events.
2026-05-30 06:25:04.456 10 INFO neutron.db.ovn_revision_numbers_db [None req-3cc6f2c7-fe49-4741-b8fc-5a681bfc0e10 3d3280db6c75431da3f405887e1969dc 71ef0e6436c24bbb956ceeeb1906c458 - - default default] Successfully bumped revision number for resource 6fe2c027-9b7c-4256-8eb1-44cb3644cb9d (type: ports) to 1
2026-05-30 06:25:04.478 10 INFO neutron.wsgi [None req-3cc6f2c7-fe49-4741-b8fc-5a681bfc0e10 3d3280db6c75431da3f405887e1969dc 71ef0e6436c24bbb956ceeeb1906c458 - - default default] 10.0.0.233 "POST /v2.0/ports HTTP/1.1" status: 201 len: 942 time: 0.4111242 /var/lib/openstack/lib/python3.10/site-packages/pycadf/identifier.py:71: UserWarning: Invalid uuid: neutron. To ensure interoperability, identifiers should be a valid uuid. warnings.warn(('Invalid uuid: %s. To ensure interoperability, '
2026-05-30 06:25:04.488 10 WARNING neutron_lib.context [None req-2875b6cd-3fb6-4f92-862b-96dc4e1d9583 3d3280db6c75431da3f405887e1969dc 71ef0e6436c24bbb956ceeeb1906c458 - - default default] Method 'is_advsvc' is deprecated since 2023.2 release (neutron-lib 3.8.0) and will be removed once support for the old RBAC API policies will be removed from Neutron. Please use method 'is_service_role' instead.
2026-05-30 06:25:04.783 10 INFO neutron.wsgi [None req-2875b6cd-3fb6-4f92-862b-96dc4e1d9583 3d3280db6c75431da3f405887e1969dc 71ef0e6436c24bbb956ceeeb1906c458 - - default default] 10.0.0.233 "POST /v2.0/trunks HTTP/1.1" status: 201 len: 608 time: 0.3004277
2026-05-30 06:25:04.797 10 WARNING neutron_lib.context [None req-f07ff8ae-14f0-48ea-b646-5781c90cfa03 3d3280db6c75431da3f405887e1969dc 71ef0e6436c24bbb956ceeeb1906c458 - - default default] Method 'is_advsvc' is deprecated since 2023.2 release (neutron-lib 3.8.0) and will be removed once support for the old RBAC API policies will be removed from Neutron. Please use method 'is_service_role' instead.
2026-05-30 06:25:04.880 10 INFO neutron.db.segments_db [None req-f07ff8ae-14f0-48ea-b646-5781c90cfa03 3d3280db6c75431da3f405887e1969dc 71ef0e6436c24bbb956ceeeb1906c458 - - default default] Added segment f04d6ec1-5b0e-41a7-a587-ab1e75bb023f of type geneve for network d52ae3a1-e4ca-4f0c-a3ff-29a190835ae3
2026-05-30 06:25:05.042 10 INFO neutron.db.ovn_revision_numbers_db [None req-f07ff8ae-14f0-48ea-b646-5781c90cfa03 3d3280db6c75431da3f405887e1969dc 71ef0e6436c24bbb956ceeeb1906c458 - - default default] Successfully bumped revision number for resource d52ae3a1-e4ca-4f0c-a3ff-29a190835ae3 (type: networks) to 1
2026-05-30 06:25:05.155 10 INFO neutron.wsgi [req-28ca4baa-8555-4484-b320-335b49848217 req-31247f3e-14e7-4635-a454-05fe98241e16 fa9ca9eda4724365ad319b81ddc79576 604cbe8fbcb44e7bb365d0755c5a9367 - - default default] 10.0.0.113 "GET /v2.0/ports?device_id=3416107c-6a84-4fa8-8d1b-c331e92e7344 HTTP/1.1" status: 200 len: 1417 time: 0.0461786
2026-05-30 06:25:05.228 10 INFO neutron.wsgi [req-28ca4baa-8555-4484-b320-335b49848217 req-e841bed9-191a-489b-b4ee-fc904bc23bfa fa9ca9eda4724365ad319b81ddc79576 604cbe8fbcb44e7bb365d0755c5a9367 - - default default] 10.0.0.113 "GET /v2.0/security-groups?id=435b73df-68e5-4e06-9c7a-7f925877393c&fields=id&fields=name HTTP/1.1" status: 200 len: 294 time: 0.0594177
2026-05-30 06:25:05.278 10 WARNING neutron.scheduler.dhcp_agent_scheduler [None req-f07ff8ae-14f0-48ea-b646-5781c90cfa03 3d3280db6c75431da3f405887e1969dc 71ef0e6436c24bbb956ceeeb1906c458 - - default default] No more DHCP agents
2026-05-30 06:25:05.280 10 WARNING neutron.api.rpc.agentnotifiers.dhcp_rpc_agent_api [None req-f07ff8ae-14f0-48ea-b646-5781c90cfa03 3d3280db6c75431da3f405887e1969dc 71ef0e6436c24bbb956ceeeb1906c458 - - default default] Unable to schedule network d52ae3a1-e4ca-4f0c-a3ff-29a190835ae3: no agents available; will retry on subsequent port and subnet creation events.
2026-05-30 06:25:05.318 10 WARNING neutron_lib.context [None req-646c94bc-4b05-41e8-8b4e-0cd36bd32653 e70490acc7064445bdf571a28ffd2f09 038aef3f268b4d9c9b41a94ade510a04 - - default default] Method 'is_advsvc' is deprecated since 2023.2 release (neutron-lib 3.8.0) and will be removed once support for the old RBAC API policies will be removed from Neutron. Please use method 'is_service_role' instead.
2026-05-30 06:25:05.350 10 INFO neutron.wsgi [req-e9aa451b-5ee9-4183-bd6c-5e59620b588d req-455aa878-79f2-4bdc-9cd6-b94b2f651ffb fa9ca9eda4724365ad319b81ddc79576 604cbe8fbcb44e7bb365d0755c5a9367 - - default default] 10.0.0.113 "GET /v2.0/ports?device_id=3416107c-6a84-4fa8-8d1b-c331e92e7344 HTTP/1.1" status: 200 len: 1417 time: 0.0600963
2026-05-30 06:25:05.399 10 INFO neutron.db.ovn_revision_numbers_db [None req-f07ff8ae-14f0-48ea-b646-5781c90cfa03 3d3280db6c75431da3f405887e1969dc 71ef0e6436c24bbb956ceeeb1906c458 - - default default] Successfully bumped revision number for resource 26ae8e45-5512-4bfb-94e9-a96897a25509 (type: ports) to 1
2026-05-30 06:25:05.423 10 INFO neutron.wsgi [None req-f07ff8ae-14f0-48ea-b646-5781c90cfa03 3d3280db6c75431da3f405887e1969dc 71ef0e6436c24bbb956ceeeb1906c458 - - default default] 10.0.0.233 "POST /v2.0/networks HTTP/1.1" status: 201 len: 830 time: 0.6343215
2026-05-30 06:25:05.437 9 WARNING neutron_lib.context [None req-b1e4ec6a-8875-4ad9-846f-205873aa9b87 3d3280db6c75431da3f405887e1969dc 71ef0e6436c24bbb956ceeeb1906c458 - - default default] Method 'is_advsvc' is deprecated since 2023.2 release (neutron-lib 3.8.0) and will be removed once support for the old RBAC API policies will be removed from Neutron. Please use method 'is_service_role' instead.
2026-05-30 06:25:05.473 10 INFO neutron.db.ovn_revision_numbers_db [None req-646c94bc-4b05-41e8-8b4e-0cd36bd32653 e70490acc7064445bdf571a28ffd2f09 038aef3f268b4d9c9b41a94ade510a04 - - default default] Successfully bumped revision number for resource ca7d091d-8b0f-4c2e-949a-67e9aa41fc07 (type: security_groups) to 1
2026-05-30 06:25:05.488 10 INFO neutron.db.ovn_revision_numbers_db [None req-646c94bc-4b05-41e8-8b4e-0cd36bd32653 e70490acc7064445bdf571a28ffd2f09 038aef3f268b4d9c9b41a94ade510a04 - - default default] Successfully bumped revision number for resource 1b5661f2-0df2-44e3-bdc5-4d023ed01c21 (type: security_group_rules) to 0
2026-05-30 06:25:05.503 10 INFO neutron.db.ovn_revision_numbers_db [None req-646c94bc-4b05-41e8-8b4e-0cd36bd32653 e70490acc7064445bdf571a28ffd2f09 038aef3f268b4d9c9b41a94ade510a04 - - default default] Successfully bumped revision number for resource 3f4403d8-6cac-4837-99d0-52912684f119 (type: security_group_rules) to 0
2026-05-30 06:25:05.522 10 INFO neutron.db.ovn_revision_numbers_db [None req-646c94bc-4b05-41e8-8b4e-0cd36bd32653 e70490acc7064445bdf571a28ffd2f09 038aef3f268b4d9c9b41a94ade510a04 - - default default] Successfully bumped revision number for resource cc2b1a7b-2457-45e8-9e5a-d8969b563447 (type: security_group_rules) to 0
2026-05-30 06:25:05.537 10 INFO neutron.db.ovn_revision_numbers_db [None req-646c94bc-4b05-41e8-8b4e-0cd36bd32653 e70490acc7064445bdf571a28ffd2f09 038aef3f268b4d9c9b41a94ade510a04 - - default default] Successfully bumped revision number for resource f6434e32-381c-4f84-ada1-ed08b70ae3e4 (type: security_group_rules) to 0
2026-05-30 06:25:05.597 10 INFO neutron.db.segments_db [None req-646c94bc-4b05-41e8-8b4e-0cd36bd32653 e70490acc7064445bdf571a28ffd2f09 038aef3f268b4d9c9b41a94ade510a04 - - default default] Added segment b5081495-507c-433b-b66d-67095939ab28 of type geneve for network 22b939c6-7f07-4b7f-b8d8-314c2fe999db
2026-05-30 06:25:05.734 10 INFO neutron.db.ovn_revision_numbers_db [None req-646c94bc-4b05-41e8-8b4e-0cd36bd32653 e70490acc7064445bdf571a28ffd2f09 038aef3f268b4d9c9b41a94ade510a04 - - default default] Successfully bumped revision number for resource 22b939c6-7f07-4b7f-b8d8-314c2fe999db (type: networks) to 1
2026-05-30 06:25:05.751 9 WARNING neutron.scheduler.dhcp_agent_scheduler [None req-b1e4ec6a-8875-4ad9-846f-205873aa9b87 3d3280db6c75431da3f405887e1969dc 71ef0e6436c24bbb956ceeeb1906c458 - - default default] No more DHCP agents
2026-05-30 06:25:05.752 9 WARNING neutron.api.rpc.agentnotifiers.dhcp_rpc_agent_api [None req-b1e4ec6a-8875-4ad9-846f-205873aa9b87 3d3280db6c75431da3f405887e1969dc 71ef0e6436c24bbb956ceeeb1906c458 - - default default] Unable to schedule network d52ae3a1-e4ca-4f0c-a3ff-29a190835ae3: no agents available; will retry on subsequent port and subnet creation events.
2026-05-30 06:25:05.847 9 INFO neutron.db.ovn_revision_numbers_db [None req-b1e4ec6a-8875-4ad9-846f-205873aa9b87 3d3280db6c75431da3f405887e1969dc 71ef0e6436c24bbb956ceeeb1906c458 - - default default] Successfully bumped revision number for resource 0344d4ac-48ad-4ae8-8df1-fbe114978e2f (type: ports) to 1
2026-05-30 06:25:05.870 9 INFO neutron.wsgi [None req-b1e4ec6a-8875-4ad9-846f-205873aa9b87 3d3280db6c75431da3f405887e1969dc 71ef0e6436c24bbb956ceeeb1906c458 - - default default] 10.0.0.233 "POST /v2.0/ports HTTP/1.1" status: 201 len: 942 time: 0.4416635 /var/lib/openstack/lib/python3.10/site-packages/pycadf/identifier.py:71: UserWarning: Invalid uuid: neutron. To ensure interoperability, identifiers should be a valid uuid. warnings.warn(('Invalid uuid: %s. To ensure interoperability, '
2026-05-30 06:25:05.882 9 WARNING neutron_lib.context [None req-6227161c-2e01-41cf-88cb-060aeaa8dd29 3d3280db6c75431da3f405887e1969dc 71ef0e6436c24bbb956ceeeb1906c458 - - default default] Method 'is_advsvc' is deprecated since 2023.2 release (neutron-lib 3.8.0) and will be removed once support for the old RBAC API policies will be removed from Neutron. Please use method 'is_service_role' instead.
2026-05-30 06:25:05.897 10 WARNING neutron.scheduler.dhcp_agent_scheduler [None req-646c94bc-4b05-41e8-8b4e-0cd36bd32653 e70490acc7064445bdf571a28ffd2f09 038aef3f268b4d9c9b41a94ade510a04 - - default default] No more DHCP agents
2026-05-30 06:25:05.899 10 WARNING neutron.api.rpc.agentnotifiers.dhcp_rpc_agent_api [None req-646c94bc-4b05-41e8-8b4e-0cd36bd32653 e70490acc7064445bdf571a28ffd2f09 038aef3f268b4d9c9b41a94ade510a04 - - default default] Unable to schedule network 22b939c6-7f07-4b7f-b8d8-314c2fe999db: no agents available; will retry on subsequent port and subnet creation events.
2026-05-30 06:25:05.976 10 INFO neutron.db.ovn_revision_numbers_db [None req-646c94bc-4b05-41e8-8b4e-0cd36bd32653 e70490acc7064445bdf571a28ffd2f09 038aef3f268b4d9c9b41a94ade510a04 - - default default] Successfully bumped revision number for resource 20be2e29-8552-47e1-8f19-aa1902cbca3e (type: ports) to 1
2026-05-30 06:25:06.000 10 INFO neutron.wsgi [None req-646c94bc-4b05-41e8-8b4e-0cd36bd32653 e70490acc7064445bdf571a28ffd2f09 038aef3f268b4d9c9b41a94ade510a04 - - default default] 10.0.0.233 "POST /v2.0/networks HTTP/1.1" status: 201 len: 831 time: 0.8951912
2026-05-30 06:25:06.010 10 WARNING neutron_lib.context [None req-6240837b-9d37-4a43-8777-db03a2bd6d4e e70490acc7064445bdf571a28ffd2f09 038aef3f268b4d9c9b41a94ade510a04 - - default default] Method 'is_advsvc' is deprecated since 2023.2 release (neutron-lib 3.8.0) and will be removed once support for the old RBAC API policies will be removed from Neutron. Please use method 'is_service_role' instead.
2026-05-30 06:25:06.093 9 INFO neutron.wsgi [None req-6227161c-2e01-41cf-88cb-060aeaa8dd29 3d3280db6c75431da3f405887e1969dc 71ef0e6436c24bbb956ceeeb1906c458 - - default default] 10.0.0.233 "POST /v2.0/trunks HTTP/1.1" status: 201 len: 608 time: 0.2167130
2026-05-30 06:25:06.131 9 INFO neutron.wsgi [None req-a9f8424f-b697-4583-81c9-07c5532dea5e 3d3280db6c75431da3f405887e1969dc 71ef0e6436c24bbb956ceeeb1906c458 - - default default] 10.0.0.233 "PUT /v2.0/trunks/64ed8f02-84c2-4ee3-a9ae-6a9573c89466/tags HTTP/1.1" status: 200 len: 210 time: 0.0329726
2026-05-30 06:25:06.183 10 INFO neutron.wsgi [None req-b49c380e-91e7-4cfe-a559-0eefdc234b32 3d3280db6c75431da3f405887e1969dc 71ef0e6436c24bbb956ceeeb1906c458 - - default default] 10.0.0.233 "PUT /v2.0/trunks/87a37407-25d0-4c68-a8fd-596b115c781b/tags HTTP/1.1" status: 200 len: 218 time: 0.0460963
2026-05-30 06:25:06.223 9 INFO neutron.wsgi [None req-60b72937-e018-4c38-91aa-6c3067f6888b 3d3280db6c75431da3f405887e1969dc 71ef0e6436c24bbb956ceeeb1906c458 - - default default] 10.0.0.233 "PUT /v2.0/trunks/5d877c1e-9650-4340-b07d-63ff4dfd1dc3/tags HTTP/1.1" status: 200 len: 227 time: 0.0348063 /var/lib/openstack/lib/python3.10/site-packages/pycadf/identifier.py:71: UserWarning: Invalid uuid: neutron. To ensure interoperability, identifiers should be a valid uuid. warnings.warn(('Invalid uuid: %s. To ensure interoperability, '
2026-05-30 06:25:06.265 10 WARNING neutron.scheduler.dhcp_agent_scheduler [None req-6240837b-9d37-4a43-8777-db03a2bd6d4e e70490acc7064445bdf571a28ffd2f09 038aef3f268b4d9c9b41a94ade510a04 - - default default] No more DHCP agents
2026-05-30 06:25:06.270 10 WARNING neutron.api.rpc.agentnotifiers.dhcp_rpc_agent_api [None req-6240837b-9d37-4a43-8777-db03a2bd6d4e e70490acc7064445bdf571a28ffd2f09 038aef3f268b4d9c9b41a94ade510a04 - - default default] Unable to schedule network 22b939c6-7f07-4b7f-b8d8-314c2fe999db: no agents available; will retry on subsequent port and subnet creation events.
2026-05-30 06:25:06.289 10 INFO neutron.wsgi [None req-6229fa7b-f79a-4add-a858-f71e4c327ebd 3d3280db6c75431da3f405887e1969dc 71ef0e6436c24bbb956ceeeb1906c458 - - default default] 10.0.0.233 "PUT /v2.0/trunks/b4655b4e-359c-4cfd-b0a5-5b5cc1305b01/tags HTTP/1.1" status: 200 len: 212 time: 0.0612092
2026-05-30 06:25:06.328 9 INFO neutron.wsgi [None req-33ab21d4-b83a-458b-8288-64aaa6177ebf 3d3280db6c75431da3f405887e1969dc 71ef0e6436c24bbb956ceeeb1906c458 - - default default] 10.0.0.233 "GET /v2.0/trunks?tags=red HTTP/1.1" status: 200 len: 1447 time: 0.0268555
2026-05-30 06:25:06.363 9 INFO neutron.wsgi [None req-a9488146-90dc-40ce-ab87-4217fdf1ec96 3d3280db6c75431da3f405887e1969dc 71ef0e6436c24bbb956ceeeb1906c458 - - default default] 10.0.0.233 "GET /v2.0/trunks?tags=red%2Cblue HTTP/1.1" status: 200 len: 1041 time: 0.0282700 /var/lib/openstack/lib/python3.10/site-packages/pycadf/identifier.py:71: UserWarning: Invalid uuid: neutron. To ensure interoperability, identifiers should be a valid uuid. warnings.warn(('Invalid uuid: %s. To ensure interoperability, '
2026-05-30 06:25:06.378 10 INFO neutron.db.ovn_revision_numbers_db [None req-6240837b-9d37-4a43-8777-db03a2bd6d4e e70490acc7064445bdf571a28ffd2f09 038aef3f268b4d9c9b41a94ade510a04 - - default default] Successfully bumped revision number for resource 0611983f-dbdc-4d26-a4b5-95f8188a4d9a (type: ports) to 1
2026-05-30 06:25:06.406 10 INFO neutron.wsgi [None req-6b2751b9-d2de-4c8d-a9bd-fb0045928ac7 3d3280db6c75431da3f405887e1969dc 71ef0e6436c24bbb956ceeeb1906c458 - - default default] 10.0.0.233 "GET /v2.0/trunks?tags-any=blue HTTP/1.1" status: 200 len: 1041 time: 0.0345883
2026-05-30 06:25:06.415 10 INFO neutron.wsgi [None req-6240837b-9d37-4a43-8777-db03a2bd6d4e e70490acc7064445bdf571a28ffd2f09 038aef3f268b4d9c9b41a94ade510a04 - - default default] 10.0.0.233 "POST /v2.0/ports HTTP/1.1" status: 201 len: 942 time: 0.4101129
2026-05-30 06:25:06.424 10 WARNING neutron_lib.context [None req-58f7e011-d4b9-47e1-a5ed-ff997781a22b e70490acc7064445bdf571a28ffd2f09 038aef3f268b4d9c9b41a94ade510a04 - - default default] Method 'is_advsvc' is deprecated since 2023.2 release (neutron-lib 3.8.0) and will be removed once support for the old RBAC API policies will be removed from Neutron. Please use method 'is_service_role' instead.
2026-05-30 06:25:06.437 9 INFO neutron.wsgi [None req-c820d2b2-c9c5-4f4f-9182-74c7e96acbfa 3d3280db6c75431da3f405887e1969dc 71ef0e6436c24bbb956ceeeb1906c458 - - default default] 10.0.0.233 "GET /v2.0/trunks?tags-any=red%2Cblue HTTP/1.1" status: 200 len: 1447 time: 0.0264654
2026-05-30 06:25:06.474 9 INFO neutron.wsgi [None req-53363bc0-0d80-4a10-82e6-4ec634697c14 3d3280db6c75431da3f405887e1969dc 71ef0e6436c24bbb956ceeeb1906c458 - - default default] 10.0.0.233 "GET /v2.0/trunks?not-tags=red HTTP/1.1" status: 200 len: 1013 time: 0.0269907
2026-05-30 06:25:06.502 9 INFO neutron.wsgi [None req-17360897-d7d6-4faf-9120-94ed8c1d5a42 3d3280db6c75431da3f405887e1969dc 71ef0e6436c24bbb956ceeeb1906c458 - - default default] 10.0.0.233 "GET /v2.0/trunks?not-tags=red%2Cblue HTTP/1.1" status: 200 len: 1419 time: 0.0211649
2026-05-30 06:25:06.509 10 INFO neutron.db.segments_db [None req-58f7e011-d4b9-47e1-a5ed-ff997781a22b e70490acc7064445bdf571a28ffd2f09 038aef3f268b4d9c9b41a94ade510a04 - - default default] Added segment 055dfeaf-e675-481d-b345-9fccaad0c282 of type geneve for network 7e671478-da99-4fd0-b6d3-d792e41c3764
2026-05-30 06:25:06.526 9 WARNING neutron_lib.context [None req-be2a3d38-9859-4163-99c0-924e1ce56ca2 ca0a388049b346fbbec46666ebe39669 8071a6ca2c1140878cc72ce585e00796 - - default default] Method 'is_advsvc' is deprecated since 2023.2 release (neutron-lib 3.8.0) and will be removed once support for the old RBAC API policies will be removed from Neutron. Please use method 'is_service_role' instead.
2026-05-30 06:25:06.540 9 INFO neutron.wsgi [None req-693d37cb-43a9-4916-9d98-5505923ec382 3d3280db6c75431da3f405887e1969dc 71ef0e6436c24bbb956ceeeb1906c458 - - default default] 10.0.0.233 "GET /v2.0/trunks?not-tags-any=blue HTTP/1.1" status: 200 len: 1419 time: 0.0319400
2026-05-30 06:25:06.599 10 INFO neutron.wsgi [None req-60bd6464-60f1-4313-8303-3497c6b01a43 3d3280db6c75431da3f405887e1969dc 71ef0e6436c24bbb956ceeeb1906c458 - - default default] 10.0.0.233 "GET /v2.0/trunks?not-tags-any=red%2Cblue HTTP/1.1" status: 200 len: 1013 time: 0.0499072
2026-05-30 06:25:06.624 10 INFO neutron.wsgi [None req-b62df095-6362-4ba1-8f3a-158e13a8c747 3d3280db6c75431da3f405887e1969dc 71ef0e6436c24bbb956ceeeb1906c458 - - default default] 10.0.0.233 "GET /v2.0/trunks/64ed8f02-84c2-4ee3-a9ae-6a9573c89466 HTTP/1.1" status: 200 len: 608 time: 0.0189850
2026-05-30 06:25:06.709 10 INFO neutron.db.ovn_revision_numbers_db [None req-58f7e011-d4b9-47e1-a5ed-ff997781a22b e70490acc7064445bdf571a28ffd2f09 038aef3f268b4d9c9b41a94ade510a04 - - default default] Successfully bumped revision number for resource 7e671478-da99-4fd0-b6d3-d792e41c3764 (type: networks) to 1
2026-05-30 06:25:06.754 9 INFO neutron.db.ovn_revision_numbers_db [None req-be2a3d38-9859-4163-99c0-924e1ce56ca2 ca0a388049b346fbbec46666ebe39669 8071a6ca2c1140878cc72ce585e00796 - - default default] Successfully bumped revision number for resource 83a59f93-0eed-44e8-b899-c07821f3ba2b (type: routers) to 1
2026-05-30 06:25:06.884 10 WARNING neutron.scheduler.dhcp_agent_scheduler [None req-58f7e011-d4b9-47e1-a5ed-ff997781a22b e70490acc7064445bdf571a28ffd2f09 038aef3f268b4d9c9b41a94ade510a04 - - default default] No more DHCP agents
2026-05-30 06:25:06.886 10 WARNING neutron.api.rpc.agentnotifiers.dhcp_rpc_agent_api [None req-58f7e011-d4b9-47e1-a5ed-ff997781a22b e70490acc7064445bdf571a28ffd2f09 038aef3f268b4d9c9b41a94ade510a04 - - default default] Unable to schedule network 7e671478-da99-4fd0-b6d3-d792e41c3764: no agents available; will retry on subsequent port and subnet creation events.
2026-05-30 06:25:06.965 9 INFO neutron.wsgi [None req-be2a3d38-9859-4163-99c0-924e1ce56ca2 ca0a388049b346fbbec46666ebe39669 8071a6ca2c1140878cc72ce585e00796 - - default default] 10.0.0.233 "POST /v2.0/routers HTTP/1.1" status: 201 len: 654 time: 0.6703322
2026-05-30 06:25:06.972 9 INFO neutron.wsgi [None req-319697b0-e7f7-4a45-96a6-cacb5b025116 3d3280db6c75431da3f405887e1969dc 71ef0e6436c24bbb956ceeeb1906c458 - - default default] 10.0.0.233 "GET /v2.0/ports/35e3185f-a309-453a-a83e-3a6e6aa4fb8e HTTP/1.1" status: 200 len: 1020 time: 0.3430498
2026-05-30 06:25:06.984 10 INFO neutron.db.ovn_revision_numbers_db [None req-58f7e011-d4b9-47e1-a5ed-ff997781a22b e70490acc7064445bdf571a28ffd2f09 038aef3f268b4d9c9b41a94ade510a04 - - default default] Successfully bumped revision number for resource 5c9e2dd5-dd91-41b5-97aa-6a40436dbb11 (type: ports) to 1
2026-05-30 06:25:07.032 10 INFO neutron.wsgi [None req-58f7e011-d4b9-47e1-a5ed-ff997781a22b e70490acc7064445bdf571a28ffd2f09 038aef3f268b4d9c9b41a94ade510a04 - - default default] 10.0.0.233 "POST /v2.0/networks HTTP/1.1" status: 201 len: 830 time: 0.6119246
2026-05-30 06:25:07.035 10 INFO neutron.wsgi [None req-f20b6c58-0442-4b4b-954f-f5cab5b02eec ca0a388049b346fbbec46666ebe39669 8071a6ca2c1140878cc72ce585e00796 - - default default] 10.0.0.233 "PUT /v2.0/routers/83a59f93-0eed-44e8-b899-c07821f3ba2b/tags HTTP/1.1" status: 200 len: 218 time: 0.0637825
2026-05-30 06:25:07.041 9 WARNING neutron_lib.context [None req-b78a1d2a-3835-4c29-8fe6-7cdae6a3d5e9 e70490acc7064445bdf571a28ffd2f09 038aef3f268b4d9c9b41a94ade510a04 - - default default] Method 'is_advsvc' is deprecated since 2023.2 release (neutron-lib 3.8.0) and will be removed once support for the old RBAC API policies will be removed from Neutron. Please use method 'is_service_role' instead.
2026-05-30 06:25:07.073 9 INFO neutron.wsgi [None req-449c81bf-f5de-431a-a4c9-0cc59c28d5be 3d3280db6c75431da3f405887e1969dc 71ef0e6436c24bbb956ceeeb1906c458 - - default default] 10.0.0.233 "DELETE /v2.0/trunks/64ed8f02-84c2-4ee3-a9ae-6a9573c89466 HTTP/1.1" status: 204 len: 168 time: 0.0983217
2026-05-30 06:25:07.106 10 INFO neutron.wsgi [None req-ece5b501-da16-4ec1-b8e2-dfa6ab6c6848 ca0a388049b346fbbec46666ebe39669 8071a6ca2c1140878cc72ce585e00796 - - default default] 10.0.0.233 "GET /v2.0/routers/83a59f93-0eed-44e8-b899-c07821f3ba2b/tags HTTP/1.1" status: 200 len: 218 time: 0.0659192
2026-05-30 06:25:07.114 10 INFO neutron.wsgi [None req-11ad8d9f-b0e7-4e61-99dc-927e2d7f8e1a 3d3280db6c75431da3f405887e1969dc 71ef0e6436c24bbb956ceeeb1906c458 - - default default] 10.0.0.233 "GET /v2.0/trunks/87a37407-25d0-4c68-a8fd-596b115c781b HTTP/1.1" status: 200 len: 616 time: 0.0348175
2026-05-30 06:25:07.181 9 INFO neutron.wsgi [None req-fb15ba45-61b3-4888-9cae-b8545166eff4 ca0a388049b346fbbec46666ebe39669 8071a6ca2c1140878cc72ce585e00796 - - default default] 10.0.0.233 "PUT /v2.0/routers/83a59f93-0eed-44e8-b899-c07821f3ba2b/tags/green HTTP/1.1" status: 201 len: 201 time: 0.0700803
2026-05-30 06:25:07.217 10 INFO neutron.wsgi [None req-c06a9113-a59d-43bf-af4c-5de003964de1 3d3280db6c75431da3f405887e1969dc 71ef0e6436c24bbb956ceeeb1906c458 - - default default] 10.0.0.233 "GET /v2.0/ports/262490f7-036f-4d7f-b2d7-d3ca235f97b5 HTTP/1.1" status: 200 len: 1020 time: 0.1002736
2026-05-30 06:25:07.247 9 INFO neutron.wsgi [None req-1d48a16e-df28-47a1-a94c-616a097161b8 ca0a388049b346fbbec46666ebe39669 8071a6ca2c1140878cc72ce585e00796 - - default default] 10.0.0.233 "GET /v2.0/routers/83a59f93-0eed-44e8-b899-c07821f3ba2b/tags HTTP/1.1" status: 200 len: 227 time: 0.0602653
2026-05-30 06:25:07.304 9 WARNING neutron.scheduler.dhcp_agent_scheduler [None req-b78a1d2a-3835-4c29-8fe6-7cdae6a3d5e9 e70490acc7064445bdf571a28ffd2f09 038aef3f268b4d9c9b41a94ade510a04 - - default default] No more DHCP agents
2026-05-30 06:25:07.305 9 WARNING neutron.api.rpc.agentnotifiers.dhcp_rpc_agent_api [None req-b78a1d2a-3835-4c29-8fe6-7cdae6a3d5e9 e70490acc7064445bdf571a28ffd2f09 038aef3f268b4d9c9b41a94ade510a04 - - default default] Unable to schedule network 7e671478-da99-4fd0-b6d3-d792e41c3764: no agents available; will retry on subsequent port and subnet creation events.
2026-05-30 06:25:07.319 10 INFO neutron.wsgi [None req-9ca6faa1-0194-476d-a40a-8ac75fd3aa0e ca0a388049b346fbbec46666ebe39669 8071a6ca2c1140878cc72ce585e00796 - - default default] 10.0.0.233 "PUT /v2.0/routers/83a59f93-0eed-44e8-b899-c07821f3ba2b/tags/red HTTP/1.1" status: 201 len: 201 time: 0.0656126 /var/lib/openstack/lib/python3.10/site-packages/pycadf/identifier.py:71: UserWarning: Invalid uuid: neutron. To ensure interoperability, identifiers should be a valid uuid. warnings.warn(('Invalid uuid: %s. To ensure interoperability, '
2026-05-30 06:25:07.349 10 INFO neutron.wsgi [None req-ebb12807-e136-46e4-a353-72bdb797241f 3d3280db6c75431da3f405887e1969dc 71ef0e6436c24bbb956ceeeb1906c458 - - default default] 10.0.0.233 "DELETE /v2.0/trunks/87a37407-25d0-4c68-a8fd-596b115c781b HTTP/1.1" status: 204 len: 168 time: 0.1257412
2026-05-30 06:25:07.387 10 INFO neutron.wsgi [None req-618de4fd-8dca-45b4-ab11-302575128876 3d3280db6c75431da3f405887e1969dc 71ef0e6436c24bbb956ceeeb1906c458 - - default default] 10.0.0.233 "GET /v2.0/trunks/5d877c1e-9650-4340-b07d-63ff4dfd1dc3 HTTP/1.1" status: 200 len: 625 time: 0.0323148
2026-05-30 06:25:07.408 9 INFO neutron.wsgi [None req-ce857d0f-9206-436a-9f09-f2a355e5f20b ca0a388049b346fbbec46666ebe39669 8071a6ca2c1140878cc72ce585e00796 - - default default] 10.0.0.233 "GET /v2.0/routers/83a59f93-0eed-44e8-b899-c07821f3ba2b/tags HTTP/1.1" status: 200 len: 227 time: 0.0817573
2026-05-30 06:25:07.428 9 INFO neutron.db.ovn_revision_numbers_db [None req-b78a1d2a-3835-4c29-8fe6-7cdae6a3d5e9 e70490acc7064445bdf571a28ffd2f09 038aef3f268b4d9c9b41a94ade510a04 - - default default] Successfully bumped revision number for resource eada82e9-0c58-4c6d-9096-59332a6bce1a (type: ports) to 1
2026-05-30 06:25:07.449 9 INFO neutron.wsgi [None req-b78a1d2a-3835-4c29-8fe6-7cdae6a3d5e9 e70490acc7064445bdf571a28ffd2f09 038aef3f268b4d9c9b41a94ade510a04 - - default default] 10.0.0.233 "POST /v2.0/ports HTTP/1.1" status: 201 len: 942 time: 0.4122405
2026-05-30 06:25:07.457 9 WARNING neutron_lib.context [None req-88bece62-d812-41ae-9317-b5a7421512ec e70490acc7064445bdf571a28ffd2f09 038aef3f268b4d9c9b41a94ade510a04 - - default default] Method 'is_advsvc' is deprecated since 2023.2 release (neutron-lib 3.8.0) and will be removed once support for the old RBAC API policies will be removed from Neutron. Please use method 'is_service_role' instead.
2026-05-30 06:25:07.479 10 INFO neutron.wsgi [None req-0eb12707-7449-49e4-8fd0-14c3b5bf5e82 ca0a388049b346fbbec46666ebe39669 8071a6ca2c1140878cc72ce585e00796 - - default default] 10.0.0.233 "PUT /v2.0/routers/83a59f93-0eed-44e8-b899-c07821f3ba2b/tags/black.or.white HTTP/1.1" status: 201 len: 201 time: 0.0663109
2026-05-30 06:25:07.507 10 INFO neutron.wsgi [None req-58e1db44-6ee7-438b-a189-ad73e31f3e18 3d3280db6c75431da3f405887e1969dc 71ef0e6436c24bbb956ceeeb1906c458 - - default default] 10.0.0.233 "GET /v2.0/ports/57c2a09f-270b-4b5b-b944-9df9bf459700 HTTP/1.1" status: 200 len: 1020 time: 0.1123254
2026-05-30 06:25:07.536 9 INFO neutron.wsgi [None req-8abd11f4-5a5f-439e-b8a8-a3ef9b3f014b ca0a388049b346fbbec46666ebe39669 8071a6ca2c1140878cc72ce585e00796 - - default default] 10.0.0.233 "GET /v2.0/routers/83a59f93-0eed-44e8-b899-c07821f3ba2b/tags HTTP/1.1" status: 200 len: 245 time: 0.0510852
2026-05-30 06:25:07.566 9 INFO neutron.db.segments_db [None req-88bece62-d812-41ae-9317-b5a7421512ec e70490acc7064445bdf571a28ffd2f09 038aef3f268b4d9c9b41a94ade510a04 - - default default] Added segment 6ee54bd5-f9b9-4d39-a833-9981ef3728d1 of type geneve for network cf4e2358-9003-4b81-bdc4-538a18c8e7ee
2026-05-30 06:25:07.592 10 INFO neutron.wsgi [None req-fca1b91b-e55c-4fd0-9bd7-3a40558c8498 3d3280db6c75431da3f405887e1969dc 71ef0e6436c24bbb956ceeeb1906c458 - - default default] 10.0.0.233 "DELETE /v2.0/trunks/5d877c1e-9650-4340-b07d-63ff4dfd1dc3 HTTP/1.1" status: 204 len: 168 time: 0.0805600
2026-05-30 06:25:07.610 9 INFO neutron.wsgi [None req-29845243-90a8-40b3-8674-8d8554473d96 ca0a388049b346fbbec46666ebe39669 8071a6ca2c1140878cc72ce585e00796 - - default default] 10.0.0.233 "PUT /v2.0/routers/83a59f93-0eed-44e8-b899-c07821f3ba2b/tags HTTP/1.1" status: 200 len: 230 time: 0.0689962
2026-05-30 06:25:07.615 10 INFO neutron.wsgi [None req-eb14ccc6-4d01-4540-aff4-79cde0472552 3d3280db6c75431da3f405887e1969dc 71ef0e6436c24bbb956ceeeb1906c458 - - default default] 10.0.0.233 "GET /v2.0/trunks/b4655b4e-359c-4cfd-b0a5-5b5cc1305b01 HTTP/1.1" status: 200 len: 610 time: 0.0179348
2026-05-30 06:25:07.675 9 INFO neutron.wsgi [None req-c3d0b900-1940-4c00-8c3d-438832fae864 ca0a388049b346fbbec46666ebe39669 8071a6ca2c1140878cc72ce585e00796 - - default default] 10.0.0.233 "GET /v2.0/routers/83a59f93-0eed-44e8-b899-c07821f3ba2b/tags HTTP/1.1" status: 200 len: 230 time: 0.0603313
2026-05-30 06:25:07.762 9 INFO neutron.wsgi [None req-85fce179-fcfa-439d-a9aa-ff371bf247ff ca0a388049b346fbbec46666ebe39669 8071a6ca2c1140878cc72ce585e00796 - - default default] 10.0.0.233 "GET /v2.0/routers/83a59f93-0eed-44e8-b899-c07821f3ba2b/tags/red HTTP/1.1" status: 204 len: 168 time: 0.0786355
2026-05-30 06:25:07.772 9 INFO neutron.db.ovn_revision_numbers_db [None req-88bece62-d812-41ae-9317-b5a7421512ec e70490acc7064445bdf571a28ffd2f09 038aef3f268b4d9c9b41a94ade510a04 - - default default] Successfully bumped revision number for resource cf4e2358-9003-4b81-bdc4-538a18c8e7ee (type: networks) to 1
2026-05-30 06:25:07.824 9 INFO neutron.api.v2.resource [None req-22c31f1c-98ab-4eda-8f99-6f5f2e1b55b2 ca0a388049b346fbbec46666ebe39669 8071a6ca2c1140878cc72ce585e00796 - - default default] show failed (client error): The resource could not be found.
2026-05-30 06:25:07.825 9 INFO neutron.wsgi [None req-22c31f1c-98ab-4eda-8f99-6f5f2e1b55b2 ca0a388049b346fbbec46666ebe39669 8071a6ca2c1140878cc72ce585e00796 - - default default] 10.0.0.233 "GET /v2.0/routers/83a59f93-0eed-44e8-b899-c07821f3ba2b/tags/green HTTP/1.1" status: 404 len: 299 time: 0.0586317
2026-05-30 06:25:07.914 9 INFO neutron.wsgi [None req-ce3604ca-8b30-4277-955d-c4574f1a4512 ca0a388049b346fbbec46666ebe39669 8071a6ca2c1140878cc72ce585e00796 - - default default] 10.0.0.233 "DELETE /v2.0/routers/83a59f93-0eed-44e8-b899-c07821f3ba2b/tags/red HTTP/1.1" status: 204 len: 168 time: 0.0818222
2026-05-30 06:25:07.949 10 INFO neutron.wsgi [None req-77908ca3-4b29-4f6c-8712-2eede6febf9e 3d3280db6c75431da3f405887e1969dc 71ef0e6436c24bbb956ceeeb1906c458 - - default default] 10.0.0.233 "GET /v2.0/ports/6fe2c027-9b7c-4256-8eb1-44cb3644cb9d HTTP/1.1" status: 200 len: 1020 time: 0.3302577
2026-05-30 06:25:07.987 9 INFO neutron.wsgi [None req-480786d1-81ab-4c6f-bcd9-e06436dca335 ca0a388049b346fbbec46666ebe39669 8071a6ca2c1140878cc72ce585e00796 - - default default] 10.0.0.233 "GET /v2.0/routers/83a59f93-0eed-44e8-b899-c07821f3ba2b/tags HTTP/1.1" status: 200 len: 223 time: 0.0684805
2026-05-30 06:25:08.037 9 WARNING neutron.scheduler.dhcp_agent_scheduler [None req-88bece62-d812-41ae-9317-b5a7421512ec e70490acc7064445bdf571a28ffd2f09 038aef3f268b4d9c9b41a94ade510a04 - - default default] No more DHCP agents
