2026-05-30 06:24:30.261 9 INFO neutron.db.ovn_revision_numbers_db [None req-0b6e2e43-b43d-48fd-a385-5cb6d66f09be b590d901cc174246991de5da49f60ae7 3a35c88e3d8746328cae0a486cfe647c - - default default] Successfully bumped revision number for resource 8e19160e-ff70-4d87-9444-916153d69a1e (type: ports) to 2
2026-05-30 06:24:30.292 9 INFO neutron.db.ovn_revision_numbers_db [None req-0b6e2e43-b43d-48fd-a385-5cb6d66f09be b590d901cc174246991de5da49f60ae7 3a35c88e3d8746328cae0a486cfe647c - - default default] Successfully bumped revision number for resource 80780fee-bc0b-4872-ad3d-6008997bfd72 (type: subnets) to 0
2026-05-30 06:24:30.308 9 INFO neutron.wsgi [None req-0b6e2e43-b43d-48fd-a385-5cb6d66f09be b590d901cc174246991de5da49f60ae7 3a35c88e3d8746328cae0a486cfe647c - - default default] 10.0.0.233 "POST /v2.0/subnets HTTP/1.1" status: 201 len: 804 time: 0.8466299
2026-05-30 06:24:30.318 9 WARNING neutron_lib.context [None req-14092ed8-2b4f-48ba-9cba-04539585b540 b590d901cc174246991de5da49f60ae7 3a35c88e3d8746328cae0a486cfe647c - - default default] Method 'is_advsvc' is deprecated since 2023.2 release (neutron-lib 3.8.0) and will be removed once support for the old RBAC API policies will be removed from Neutron. Please use method 'is_service_role' instead.
2026-05-30 06:24:30.405 9 INFO neutron.db.segments_db [None req-14092ed8-2b4f-48ba-9cba-04539585b540 b590d901cc174246991de5da49f60ae7 3a35c88e3d8746328cae0a486cfe647c - - default default] Added segment 77bb1cbd-088e-432f-b9af-606c97acef99 of type geneve for network e3de4175-3551-47aa-b761-c3196603ae01
2026-05-30 06:24:30.555 9 INFO neutron.db.ovn_revision_numbers_db [None req-14092ed8-2b4f-48ba-9cba-04539585b540 b590d901cc174246991de5da49f60ae7 3a35c88e3d8746328cae0a486cfe647c - - default default] Successfully bumped revision number for resource e3de4175-3551-47aa-b761-c3196603ae01 (type: networks) to 1
2026-05-30 06:24:30.734 9 WARNING neutron.scheduler.dhcp_agent_scheduler [None req-14092ed8-2b4f-48ba-9cba-04539585b540 b590d901cc174246991de5da49f60ae7 3a35c88e3d8746328cae0a486cfe647c - - default default] No more DHCP agents
2026-05-30 06:24:30.739 9 WARNING neutron.api.rpc.agentnotifiers.dhcp_rpc_agent_api [None req-14092ed8-2b4f-48ba-9cba-04539585b540 b590d901cc174246991de5da49f60ae7 3a35c88e3d8746328cae0a486cfe647c - - default default] Unable to schedule network e3de4175-3551-47aa-b761-c3196603ae01: no agents available; will retry on subsequent port and subnet creation events.
2026-05-30 06:24:30.772 9 INFO neutron.db.ovn_revision_numbers_db [None req-66e6ddad-c9c5-4f13-a0e9-65544e670a99 fa9ca9eda4724365ad319b81ddc79576 604cbe8fbcb44e7bb365d0755c5a9367 - - default default] Successfully bumped revision number for resource af070b56-aa06-4e54-8022-2a617564f593 (type: security_groups) to 1
2026-05-30 06:24:30.790 9 INFO neutron.db.ovn_revision_numbers_db [None req-66e6ddad-c9c5-4f13-a0e9-65544e670a99 fa9ca9eda4724365ad319b81ddc79576 604cbe8fbcb44e7bb365d0755c5a9367 - - default default] Successfully bumped revision number for resource 25c6a1ac-6294-4412-9ca4-f9d076ce968d (type: security_group_rules) to 0
2026-05-30 06:24:30.810 10 INFO neutron.wsgi [None req-db5aa4e1-d5ce-4905-8f3e-231dea1e833f fa9ca9eda4724365ad319b81ddc79576 604cbe8fbcb44e7bb365d0755c5a9367 - - default default] 10.0.0.208 "GET /v2.0/floatingips HTTP/1.1" status: 200 len: 2719 time: 0.1313741
2026-05-30 06:24:30.815 9 INFO neutron.db.ovn_revision_numbers_db [None req-66e6ddad-c9c5-4f13-a0e9-65544e670a99 fa9ca9eda4724365ad319b81ddc79576 604cbe8fbcb44e7bb365d0755c5a9367 - - default default] Successfully bumped revision number for resource 5c5e70d3-e96b-4ede-8750-4cd0d5e2e934 (type: security_group_rules) to 0
2026-05-30 06:24:30.840 9 INFO neutron.db.ovn_revision_numbers_db [None req-14092ed8-2b4f-48ba-9cba-04539585b540 b590d901cc174246991de5da49f60ae7 3a35c88e3d8746328cae0a486cfe647c - - default default] Successfully bumped revision number for resource 943acc41-bba0-4c9f-9aad-d7bff843586a (type: ports) to 1
2026-05-30 06:24:30.843 9 INFO neutron.db.ovn_revision_numbers_db [None req-66e6ddad-c9c5-4f13-a0e9-65544e670a99 fa9ca9eda4724365ad319b81ddc79576 604cbe8fbcb44e7bb365d0755c5a9367 - - default default] Successfully bumped revision number for resource 8a24cc6f-e703-439f-826d-88d020ee71ce (type: security_group_rules) to 0
2026-05-30 06:24:30.875 9 INFO neutron.db.ovn_revision_numbers_db [None req-66e6ddad-c9c5-4f13-a0e9-65544e670a99 fa9ca9eda4724365ad319b81ddc79576 604cbe8fbcb44e7bb365d0755c5a9367 - - default default] Successfully bumped revision number for resource ea8bbadd-8e4e-4d78-ad91-e8feec4e5943 (type: security_group_rules) to 0
2026-05-30 06:24:30.881 9 INFO neutron.wsgi [None req-14092ed8-2b4f-48ba-9cba-04539585b540 b590d901cc174246991de5da49f60ae7 3a35c88e3d8746328cae0a486cfe647c - - default default] 10.0.0.233 "POST /v2.0/networks HTTP/1.1" status: 201 len: 831 time: 0.5681758
2026-05-30 06:24:30.894 10 WARNING neutron_lib.context [None req-25279610-e2d5-46b2-a694-e340e253b313 b590d901cc174246991de5da49f60ae7 3a35c88e3d8746328cae0a486cfe647c - - default default] Method 'is_advsvc' is deprecated since 2023.2 release (neutron-lib 3.8.0) and will be removed once support for the old RBAC API policies will be removed from Neutron. Please use method 'is_service_role' instead.
2026-05-30 06:24:30.911 9 INFO neutron.wsgi [None req-66e6ddad-c9c5-4f13-a0e9-65544e670a99 fa9ca9eda4724365ad319b81ddc79576 604cbe8fbcb44e7bb365d0755c5a9367 - - default default] 10.0.0.233 "GET /v2.0/security-groups?tenant_id=613399e9668b4626837af82629e7f4b8&name=default HTTP/1.1" status: 200 len: 2996 time: 0.4245765
2026-05-30 06:24:30.918 10 INFO neutron.wsgi [None req-330f62b3-7afc-4191-97de-06da7e35af6e fa9ca9eda4724365ad319b81ddc79576 604cbe8fbcb44e7bb365d0755c5a9367 - - default default] 10.0.0.208 "GET /v2.0/subnets HTTP/1.1" status: 200 len: 7972 time: 0.0962200
2026-05-30 06:24:30.970 10 INFO neutron.db.l3_db [None req-c6e0ccd6-f691-446c-9cfc-322d35d9265c a184890562914b0f803724249bf9e123 352edd04f8034836b0b476e2133cf3a3 - - default default] Floating IP 5f2ad4c7-8e5f-4d15-a069-c3536984d9ee associated. External IP: 10.96.250.208, port: a6750712-3cf2-4e2f-adf5-28a145a3b4b8.
2026-05-30 06:24:31.062 10 INFO neutron.wsgi [None req-eba5d8c9-1303-4899-877a-d4dc6421aeee fa9ca9eda4724365ad319b81ddc79576 604cbe8fbcb44e7bb365d0755c5a9367 - - default default] 10.0.0.208 "GET /v2.0/ports HTTP/1.1" status: 200 len: 28235 time: 0.1381693
2026-05-30 06:24:31.140 9 INFO neutron.wsgi [None req-3b518ef8-69aa-440b-89d5-4ad49b5da7ea fa9ca9eda4724365ad319b81ddc79576 604cbe8fbcb44e7bb365d0755c5a9367 - - default default] 10.0.0.233 "DELETE /v2.0/security-groups/af070b56-aa06-4e54-8022-2a617564f593 HTTP/1.1" status: 204 len: 168 time: 0.2242506
2026-05-30 06:24:31.275 10 INFO neutron.wsgi [None req-d4e95537-da76-437e-b4f4-beb008355230 fa9ca9eda4724365ad319b81ddc79576 604cbe8fbcb44e7bb365d0755c5a9367 - - default default] 10.0.0.208 "GET /v2.0/routers HTTP/1.1" status: 200 len: 1523 time: 0.1980507
2026-05-30 06:24:31.300 10 INFO neutron.wsgi [None req-29e6acf6-8024-416f-941d-21234aa04fcb fa9ca9eda4724365ad319b81ddc79576 604cbe8fbcb44e7bb365d0755c5a9367 - - default default] 10.0.0.208 "GET /v2.0/agents?binary=ovn-controller HTTP/1.1" status: 200 len: 591 time: 0.0212321
2026-05-30 06:24:31.324 10 INFO neutron.wsgi [None req-b35e1b16-be2c-4905-988b-b69461d592de fa9ca9eda4724365ad319b81ddc79576 604cbe8fbcb44e7bb365d0755c5a9367 - - default default] 10.0.0.208 "GET /v2.0/agents HTTP/1.1" status: 200 len: 997 time: 0.0214756
2026-05-30 06:24:31.487 10 INFO neutron.wsgi [None req-3a233703-ac13-4d47-b232-c977383c703e fa9ca9eda4724365ad319b81ddc79576 604cbe8fbcb44e7bb365d0755c5a9367 - - default default] 10.0.0.208 "GET /v2.0/security-groups HTTP/1.1" status: 200 len: 43258 time: 0.1619856
2026-05-30 06:24:31.490 10 INFO neutron.db.ovn_revision_numbers_db [None req-c6e0ccd6-f691-446c-9cfc-322d35d9265c a184890562914b0f803724249bf9e123 352edd04f8034836b0b476e2133cf3a3 - - default default] Successfully bumped revision number for resource 5f2ad4c7-8e5f-4d15-a069-c3536984d9ee (type: floatingips) to 0 /var/lib/openstack/lib/python3.10/site-packages/pycadf/identifier.py:71: UserWarning: Invalid uuid: neutron. To ensure interoperability, identifiers should be a valid uuid. warnings.warn(('Invalid uuid: %s. To ensure interoperability, '
2026-05-30 06:24:31.525 10 WARNING neutron.scheduler.dhcp_agent_scheduler [None req-25279610-e2d5-46b2-a694-e340e253b313 b590d901cc174246991de5da49f60ae7 3a35c88e3d8746328cae0a486cfe647c - - default default] No more DHCP agents
2026-05-30 06:24:31.532 10 WARNING neutron.api.rpc.agentnotifiers.dhcp_rpc_agent_api [None req-25279610-e2d5-46b2-a694-e340e253b313 b590d901cc174246991de5da49f60ae7 3a35c88e3d8746328cae0a486cfe647c - - default default] Unable to schedule network e3de4175-3551-47aa-b761-c3196603ae01: no agents available; will retry on subsequent port and subnet creation events.
2026-05-30 06:24:31.585 10 INFO neutron.wsgi [None req-fa6027b9-970c-4b86-b5b7-b8908cd0701b fa9ca9eda4724365ad319b81ddc79576 604cbe8fbcb44e7bb365d0755c5a9367 - - default default] 10.0.0.208 "GET /v2.0/subnets HTTP/1.1" status: 200 len: 8585 time: 0.0804944
2026-05-30 06:24:31.603 10 INFO neutron.wsgi [None req-0a20befd-9277-4231-b07c-08ed66aaa650 fa9ca9eda4724365ad319b81ddc79576 604cbe8fbcb44e7bb365d0755c5a9367 - - default default] 10.0.0.208 "GET /v2.0/subnetpools HTTP/1.1" status: 200 len: 193 time: 0.0150695
2026-05-30 06:24:31.640 10 INFO neutron.wsgi [None req-30707f81-9c88-4a34-9001-5cd476872ae8 fa9ca9eda4724365ad319b81ddc79576 604cbe8fbcb44e7bb365d0755c5a9367 - - default default] 10.0.0.208 "GET /v2.0/network-ip-availabilities HTTP/1.1" status: 200 len: 5467 time: 0.0357220
2026-05-30 06:24:32.004 10 INFO neutron.db.ovn_revision_numbers_db [None req-c6e0ccd6-f691-446c-9cfc-322d35d9265c a184890562914b0f803724249bf9e123 352edd04f8034836b0b476e2133cf3a3 - - default default] Successfully bumped revision number for resource 5f2ad4c7-8e5f-4d15-a069-c3536984d9ee (type: floatingips) to 1
2026-05-30 06:24:32.046 10 INFO neutron.wsgi [None req-ec11a58e-67a7-4b8f-940d-d706a9a0dfc7 fa9ca9eda4724365ad319b81ddc79576 604cbe8fbcb44e7bb365d0755c5a9367 - - default default] 10.0.0.208 "GET /v2.0/networks HTTP/1.1" status: 200 len: 8441 time: 0.4039121
2026-05-30 06:24:32.092 10 INFO neutron.wsgi [None req-c6e0ccd6-f691-446c-9cfc-322d35d9265c a184890562914b0f803724249bf9e123 352edd04f8034836b0b476e2133cf3a3 - - default default] 10.0.0.233 "POST /v2.0/floatingips HTTP/1.1" status: 201 len: 1053 time: 2.2823699
2026-05-30 06:24:32.133 10 INFO neutron.notifiers.nova [-] Nova event matching ['req-d34073b5-6235-491e-87bb-63819fc08c6e'] response: {'name': 'network-changed', 'server_uuid': 'b965d13e-83f7-4700-a440-9a7f9b52e913', 'tag': 'a6750712-3cf2-4e2f-adf5-28a145a3b4b8', 'status': 'completed', 'code': 200}
2026-05-30 06:24:32.198 10 INFO neutron.wsgi [req-ed4818ad-8ecc-42d0-ba17-1f62a0be9a8a req-e72e52d1-b1e9-40f9-ba58-44c88a5c852e c8778c66d7644976a19bcfcf035beb3c badad4dc82a74e2788062edc3925de7d - - 5a1a72e7a3ec4b3e8f405893aa045520 5a1a72e7a3ec4b3e8f405893aa045520] 199.204.45.30 "GET /v2.0/ports?tenant_id=352edd04f8034836b0b476e2133cf3a3&device_id=b965d13e-83f7-4700-a440-9a7f9b52e913 HTTP/1.1" status: 200 len: 1638 time: 0.0420427
2026-05-30 06:24:32.275 10 INFO neutron.wsgi [req-ed4818ad-8ecc-42d0-ba17-1f62a0be9a8a req-5178d1bb-41b4-4f7a-9113-65e952e14bcb c8778c66d7644976a19bcfcf035beb3c badad4dc82a74e2788062edc3925de7d - - 5a1a72e7a3ec4b3e8f405893aa045520 5a1a72e7a3ec4b3e8f405893aa045520] 199.204.45.30 "GET /v2.0/networks?id=945cd3f0-8db6-4926-9ffe-487eec0379e6 HTTP/1.1" status: 200 len: 1001 time: 0.0693989
2026-05-30 06:24:32.335 10 INFO neutron.wsgi [req-ed4818ad-8ecc-42d0-ba17-1f62a0be9a8a req-2011c246-90da-4aee-9e40-4bec0843b38a c8778c66d7644976a19bcfcf035beb3c badad4dc82a74e2788062edc3925de7d - - 5a1a72e7a3ec4b3e8f405893aa045520 5a1a72e7a3ec4b3e8f405893aa045520] 199.204.45.30 "GET /v2.0/floatingips?fixed_ip_address=10.2.2.40&port_id=a6750712-3cf2-4e2f-adf5-28a145a3b4b8 HTTP/1.1" status: 200 len: 1058 time: 0.0522039
2026-05-30 06:24:32.377 10 INFO neutron.wsgi [req-ed4818ad-8ecc-42d0-ba17-1f62a0be9a8a req-9ed9e3c6-4d65-437a-9171-7991f48ff253 c8778c66d7644976a19bcfcf035beb3c badad4dc82a74e2788062edc3925de7d - - 5a1a72e7a3ec4b3e8f405893aa045520 5a1a72e7a3ec4b3e8f405893aa045520] 199.204.45.30 "GET /v2.0/floatingips?fixed_ip_address=fd77%3A1457%3A4cf0%3A26a8%3A%3A2cd&port_id=a6750712-3cf2-4e2f-adf5-28a145a3b4b8 HTTP/1.1" status: 200 len: 217 time: 0.0334690
2026-05-30 06:24:32.446 10 INFO neutron.wsgi [req-ed4818ad-8ecc-42d0-ba17-1f62a0be9a8a req-5e004174-7ccd-43a9-acc7-7f529c3436e0 c8778c66d7644976a19bcfcf035beb3c badad4dc82a74e2788062edc3925de7d - - 5a1a72e7a3ec4b3e8f405893aa045520 5a1a72e7a3ec4b3e8f405893aa045520] 199.204.45.30 "GET /v2.0/subnets?id=d4b77ced-278a-41fb-b1a9-ec3be5ef15a3&id=eec24609-b58d-4bd0-ae39-f5d489b94ecb HTTP/1.1" status: 200 len: 1566 time: 0.0412197
2026-05-30 06:24:32.500 10 INFO neutron.wsgi [req-ed4818ad-8ecc-42d0-ba17-1f62a0be9a8a req-bff0ed42-3b34-4eb2-bf63-7fe3429f09f3 c8778c66d7644976a19bcfcf035beb3c badad4dc82a74e2788062edc3925de7d - - 5a1a72e7a3ec4b3e8f405893aa045520 5a1a72e7a3ec4b3e8f405893aa045520] 199.204.45.30 "GET /v2.0/ports?network_id=945cd3f0-8db6-4926-9ffe-487eec0379e6&device_owner=network%3Adhcp HTTP/1.1" status: 200 len: 210 time: 0.0435443
2026-05-30 06:24:32.525 10 INFO neutron.wsgi [req-deafb1b3-8ae0-455a-afa7-82c44f246b45 req-c3e47e09-6538-4c6c-a095-522d6ad13811 c8778c66d7644976a19bcfcf035beb3c badad4dc82a74e2788062edc3925de7d - - 5a1a72e7a3ec4b3e8f405893aa045520 5a1a72e7a3ec4b3e8f405893aa045520] 10.0.0.132 "GET /v2.0/ports?device_id=6f1922df-79bb-4aa8-aa7a-904809d271eb HTTP/1.1" status: 200 len: 1634 time: 0.0786116
2026-05-30 06:24:32.538 10 INFO neutron.wsgi [req-ed4818ad-8ecc-42d0-ba17-1f62a0be9a8a req-8882573f-18b0-4d99-9f7c-a42b21c8b57f c8778c66d7644976a19bcfcf035beb3c badad4dc82a74e2788062edc3925de7d - - 5a1a72e7a3ec4b3e8f405893aa045520 5a1a72e7a3ec4b3e8f405893aa045520] 199.204.45.30 "GET /v2.0/ports?network_id=945cd3f0-8db6-4926-9ffe-487eec0379e6&device_owner=network%3Adhcp HTTP/1.1" status: 200 len: 210 time: 0.0310357
2026-05-30 06:24:32.617 10 INFO neutron.wsgi [req-deafb1b3-8ae0-455a-afa7-82c44f246b45 req-78e66cdd-0e42-483b-bfce-013bb55d2e65 c8778c66d7644976a19bcfcf035beb3c badad4dc82a74e2788062edc3925de7d - - 5a1a72e7a3ec4b3e8f405893aa045520 5a1a72e7a3ec4b3e8f405893aa045520] 10.0.0.132 "GET /v2.0/security-groups?id=04e36e24-e3cd-4a5b-8bee-43a9af330cea&fields=id&fields=name HTTP/1.1" status: 200 len: 310 time: 0.0835307
2026-05-30 06:24:32.636 10 INFO neutron.wsgi [req-ed4818ad-8ecc-42d0-ba17-1f62a0be9a8a req-82656709-c7e9-45bc-bcc8-60f0ca005d73 c8778c66d7644976a19bcfcf035beb3c badad4dc82a74e2788062edc3925de7d - - 5a1a72e7a3ec4b3e8f405893aa045520 5a1a72e7a3ec4b3e8f405893aa045520] 199.204.45.30 "GET /v2.0/networks/945cd3f0-8db6-4926-9ffe-487eec0379e6?fields=segments HTTP/1.1" status: 200 len: 212 time: 0.0879908
2026-05-30 06:24:32.640 10 INFO neutron.db.ovn_revision_numbers_db [None req-25279610-e2d5-46b2-a694-e340e253b313 b590d901cc174246991de5da49f60ae7 3a35c88e3d8746328cae0a486cfe647c - - default default] Successfully bumped revision number for resource 943acc41-bba0-4c9f-9aad-d7bff843586a (type: ports) to 2
2026-05-30 06:24:32.698 10 INFO neutron.db.ovn_revision_numbers_db [None req-25279610-e2d5-46b2-a694-e340e253b313 b590d901cc174246991de5da49f60ae7 3a35c88e3d8746328cae0a486cfe647c - - default default] Successfully bumped revision number for resource 9f750909-b9b8-43f2-9907-ba7b2271ecee (type: subnets) to 0
2026-05-30 06:24:32.711 10 INFO neutron.wsgi [req-ed4818ad-8ecc-42d0-ba17-1f62a0be9a8a req-43a6358a-0b3a-4243-8470-ec38b1f4eda2 c8778c66d7644976a19bcfcf035beb3c badad4dc82a74e2788062edc3925de7d - - 5a1a72e7a3ec4b3e8f405893aa045520 5a1a72e7a3ec4b3e8f405893aa045520] 199.204.45.30 "GET /v2.0/networks/945cd3f0-8db6-4926-9ffe-487eec0379e6?fields=provider%3Aphysical_network&fields=provider%3Anetwork_type HTTP/1.1" status: 200 len: 277 time: 0.0703330
2026-05-30 06:24:32.717 10 INFO neutron.wsgi [None req-25279610-e2d5-46b2-a694-e340e253b313 b590d901cc174246991de5da49f60ae7 3a35c88e3d8746328cae0a486cfe647c - - default default] 10.0.0.233 "POST /v2.0/subnets HTTP/1.1" status: 201 len: 804 time: 1.8294477
2026-05-30 06:24:32.733 10 WARNING neutron_lib.context [None req-58996a0b-88bb-4071-b6ac-121bf44720bc b590d901cc174246991de5da49f60ae7 3a35c88e3d8746328cae0a486cfe647c - - default default] Method 'is_advsvc' is deprecated since 2023.2 release (neutron-lib 3.8.0) and will be removed once support for the old RBAC API policies will be removed from Neutron. Please use method 'is_service_role' instead.
2026-05-30 06:24:32.825 10 INFO neutron.db.segments_db [None req-58996a0b-88bb-4071-b6ac-121bf44720bc b590d901cc174246991de5da49f60ae7 3a35c88e3d8746328cae0a486cfe647c - - default default] Added segment a4a68449-8075-45bf-bc2a-74b5b5381330 of type geneve for network a4b0913d-83e4-4405-b4ff-48525b2ed361
2026-05-30 06:24:32.960 10 INFO neutron.wsgi [req-b69e7ad5-5fc2-4485-bd56-0d1a229df511 req-5bd3f127-a768-478e-98bf-c203c7cf9893 c8778c66d7644976a19bcfcf035beb3c badad4dc82a74e2788062edc3925de7d - - 5a1a72e7a3ec4b3e8f405893aa045520 5a1a72e7a3ec4b3e8f405893aa045520] 10.0.0.132 "GET /v2.0/ports?device_id=298055d6-af36-4216-b453-547095c65887 HTTP/1.1" status: 200 len: 1413 time: 0.0388753
2026-05-30 06:24:33.036 10 INFO neutron.wsgi [req-b69e7ad5-5fc2-4485-bd56-0d1a229df511 req-02421b40-8748-48b1-9c67-6d6361b3cf42 c8778c66d7644976a19bcfcf035beb3c badad4dc82a74e2788062edc3925de7d - - 5a1a72e7a3ec4b3e8f405893aa045520 5a1a72e7a3ec4b3e8f405893aa045520] 10.0.0.132 "GET /v2.0/security-groups?id=eacc9e26-0fa0-47da-803e-532ab894e4d4&fields=id&fields=name HTTP/1.1" status: 200 len: 312 time: 0.0674007
2026-05-30 06:24:33.042 10 INFO neutron.db.ovn_revision_numbers_db [None req-58996a0b-88bb-4071-b6ac-121bf44720bc b590d901cc174246991de5da49f60ae7 3a35c88e3d8746328cae0a486cfe647c - - default default] Successfully bumped revision number for resource a4b0913d-83e4-4405-b4ff-48525b2ed361 (type: networks) to 1
2026-05-30 06:24:33.209 10 WARNING neutron.scheduler.dhcp_agent_scheduler [None req-58996a0b-88bb-4071-b6ac-121bf44720bc b590d901cc174246991de5da49f60ae7 3a35c88e3d8746328cae0a486cfe647c - - default default] No more DHCP agents
2026-05-30 06:24:33.211 10 WARNING neutron.api.rpc.agentnotifiers.dhcp_rpc_agent_api [None req-58996a0b-88bb-4071-b6ac-121bf44720bc b590d901cc174246991de5da49f60ae7 3a35c88e3d8746328cae0a486cfe647c - - default default] Unable to schedule network a4b0913d-83e4-4405-b4ff-48525b2ed361: no agents available; will retry on subsequent port and subnet creation events.
2026-05-30 06:24:33.294 10 INFO neutron.db.ovn_revision_numbers_db [None req-58996a0b-88bb-4071-b6ac-121bf44720bc b590d901cc174246991de5da49f60ae7 3a35c88e3d8746328cae0a486cfe647c - - default default] Successfully bumped revision number for resource adcfa04b-859c-4d68-9024-316bad616780 (type: ports) to 1
2026-05-30 06:24:33.315 10 INFO neutron.wsgi [None req-58996a0b-88bb-4071-b6ac-121bf44720bc b590d901cc174246991de5da49f60ae7 3a35c88e3d8746328cae0a486cfe647c - - default default] 10.0.0.233 "POST /v2.0/networks HTTP/1.1" status: 201 len: 831 time: 0.5914376
2026-05-30 06:24:33.324 10 WARNING neutron_lib.context [None req-e102773d-c9e7-4437-b0a7-6f33c4f422ea b590d901cc174246991de5da49f60ae7 3a35c88e3d8746328cae0a486cfe647c - - default default] Method 'is_advsvc' is deprecated since 2023.2 release (neutron-lib 3.8.0) and will be removed once support for the old RBAC API policies will be removed from Neutron. Please use method 'is_service_role' instead.
2026-05-30 06:24:33.616 10 WARNING neutron.scheduler.dhcp_agent_scheduler [None req-e102773d-c9e7-4437-b0a7-6f33c4f422ea b590d901cc174246991de5da49f60ae7 3a35c88e3d8746328cae0a486cfe647c - - default default] No more DHCP agents
2026-05-30 06:24:33.621 10 WARNING neutron.api.rpc.agentnotifiers.dhcp_rpc_agent_api [None req-e102773d-c9e7-4437-b0a7-6f33c4f422ea b590d901cc174246991de5da49f60ae7 3a35c88e3d8746328cae0a486cfe647c - - default default] Unable to schedule network a4b0913d-83e4-4405-b4ff-48525b2ed361: no agents available; will retry on subsequent port and subnet creation events.
2026-05-30 06:24:34.135 10 INFO neutron.db.ovn_revision_numbers_db [None req-e102773d-c9e7-4437-b0a7-6f33c4f422ea b590d901cc174246991de5da49f60ae7 3a35c88e3d8746328cae0a486cfe647c - - default default] Successfully bumped revision number for resource adcfa04b-859c-4d68-9024-316bad616780 (type: ports) to 2
2026-05-30 06:24:34.176 10 INFO neutron.db.ovn_revision_numbers_db [None req-e102773d-c9e7-4437-b0a7-6f33c4f422ea b590d901cc174246991de5da49f60ae7 3a35c88e3d8746328cae0a486cfe647c - - default default] Successfully bumped revision number for resource c002b783-e151-4201-97fd-889f398ef77b (type: subnets) to 0
2026-05-30 06:24:34.193 10 INFO neutron.wsgi [None req-e102773d-c9e7-4437-b0a7-6f33c4f422ea b590d901cc174246991de5da49f60ae7 3a35c88e3d8746328cae0a486cfe647c - - default default] 10.0.0.233 "POST /v2.0/subnets HTTP/1.1" status: 201 len: 804 time: 0.8734159
2026-05-30 06:24:34.272 10 INFO neutron.wsgi [None req-1b6f1d2d-f85b-4039-ac9a-d5104a93fcee b590d901cc174246991de5da49f60ae7 3a35c88e3d8746328cae0a486cfe647c - - default default] 10.0.0.233 "PUT /v2.0/subnets/d056a2dc-921f-4006-9ff5-02de6bc8f950/tags HTTP/1.1" status: 200 len: 210 time: 0.0734310
2026-05-30 06:24:34.323 10 INFO neutron.wsgi [None req-bc1f225b-6bf5-47ea-8aa6-867d2e0b35ca b590d901cc174246991de5da49f60ae7 3a35c88e3d8746328cae0a486cfe647c - - default default] 10.0.0.233 "PUT /v2.0/subnets/8e43672b-b79d-493b-ae04-07a38b12a781/tags HTTP/1.1" status: 200 len: 218 time: 0.0472813
2026-05-30 06:24:34.397 10 INFO neutron.wsgi [None req-43b54243-9fd9-4654-abd3-64803aed780d b590d901cc174246991de5da49f60ae7 3a35c88e3d8746328cae0a486cfe647c - - default default] 10.0.0.233 "PUT /v2.0/subnets/80780fee-bc0b-4872-ad3d-6008997bfd72/tags HTTP/1.1" status: 200 len: 227 time: 0.0686281
2026-05-30 06:24:34.445 10 INFO neutron.wsgi [None req-a3852988-6677-43d5-ab50-40359fb280ec b590d901cc174246991de5da49f60ae7 3a35c88e3d8746328cae0a486cfe647c - - default default] 10.0.0.233 "PUT /v2.0/subnets/9f750909-b9b8-43f2-9907-ba7b2271ecee/tags HTTP/1.1" status: 200 len: 212 time: 0.0441341
2026-05-30 06:24:34.522 10 INFO neutron.wsgi [None req-95404456-7697-431d-be8e-83e2668343a2 b590d901cc174246991de5da49f60ae7 3a35c88e3d8746328cae0a486cfe647c - - default default] 10.0.0.233 "GET /v2.0/subnets?tags=red HTTP/1.1" status: 200 len: 2027 time: 0.0709100
2026-05-30 06:24:34.587 10 INFO neutron.wsgi [None req-442193ad-c398-40e6-8291-b5d20ce3577d b590d901cc174246991de5da49f60ae7 3a35c88e3d8746328cae0a486cfe647c - - default default] 10.0.0.233 "GET /v2.0/subnets?tags=red%2Cblue HTTP/1.1" status: 200 len: 1430 time: 0.0571694
2026-05-30 06:24:34.644 10 INFO neutron.wsgi [None req-7d4e09f6-bebb-43ed-a9f6-9cbcdc70a2e8 b590d901cc174246991de5da49f60ae7 3a35c88e3d8746328cae0a486cfe647c - - default default] 10.0.0.233 "GET /v2.0/subnets?tags-any=blue HTTP/1.1" status: 200 len: 1430 time: 0.0515525
2026-05-30 06:24:34.686 10 INFO neutron.wsgi [None req-fbed2daf-da4e-4807-ac06-2eaa65ca8ad7 b590d901cc174246991de5da49f60ae7 3a35c88e3d8746328cae0a486cfe647c - - default default] 10.0.0.233 "GET /v2.0/subnets?tags-any=red%2Cblue HTTP/1.1" status: 200 len: 2027 time: 0.0373976
2026-05-30 06:24:34.780 10 INFO neutron.wsgi [None req-ac5aaf36-772b-40a1-9ec6-36a04ca75f6f b590d901cc174246991de5da49f60ae7 3a35c88e3d8746328cae0a486cfe647c - - default default] 10.0.0.233 "GET /v2.0/subnets?not-tags=red HTTP/1.1" status: 200 len: 2018 time: 0.0886767
2026-05-30 06:24:35.109 10 INFO neutron.wsgi [None req-08ceb637-5c9d-467a-be9d-086bae0805cd b590d901cc174246991de5da49f60ae7 3a35c88e3d8746328cae0a486cfe647c - - default default] 10.0.0.233 "GET /v2.0/subnets?not-tags=red%2Cblue HTTP/1.1" status: 200 len: 2615 time: 0.3252394
2026-05-30 06:24:35.172 10 INFO neutron.wsgi [None req-164488f1-9fe5-47c7-a8cd-698c14be0e3a b590d901cc174246991de5da49f60ae7 3a35c88e3d8746328cae0a486cfe647c - - default default] 10.0.0.233 "GET /v2.0/subnets?not-tags-any=blue HTTP/1.1" status: 200 len: 2615 time: 0.0582979
2026-05-30 06:24:35.223 10 INFO neutron.wsgi [None req-3ebe1a4b-4953-4aad-b85c-20a02c820d00 b590d901cc174246991de5da49f60ae7 3a35c88e3d8746328cae0a486cfe647c - - default default] 10.0.0.233 "GET /v2.0/subnets?not-tags-any=red%2Cblue HTTP/1.1" status: 200 len: 2018 time: 0.0461047
2026-05-30 06:24:35.445 10 INFO neutron.wsgi [None req-5893493e-889a-4023-ae39-585d9bf55c1f b590d901cc174246991de5da49f60ae7 3a35c88e3d8746328cae0a486cfe647c - - default default] 10.0.0.233 "DELETE /v2.0/subnets/d056a2dc-921f-4006-9ff5-02de6bc8f950 HTTP/1.1" status: 204 len: 168 time: 0.2167971
2026-05-30 06:24:35.632 9 INFO neutron.db.ovn_revision_numbers_db [None req-c3fc765f-8fdc-4150-acdb-476de0dd05c7 7284c7e45c3146d8910e18ca7acba8b6 c75feff52c57411e93403009441f8133 - - default default] Successfully bumped revision number for resource 9d463f68-4594-4a54-bb9a-a34db9060601 (type: security_groups) to 1
2026-05-30 06:24:35.647 9 INFO neutron.db.ovn_revision_numbers_db [None req-c3fc765f-8fdc-4150-acdb-476de0dd05c7 7284c7e45c3146d8910e18ca7acba8b6 c75feff52c57411e93403009441f8133 - - default default] Successfully bumped revision number for resource 2d4cfd19-ec05-4d28-9826-20403f13861a (type: security_group_rules) to 0
2026-05-30 06:24:35.659 9 INFO neutron.db.ovn_revision_numbers_db [None req-c3fc765f-8fdc-4150-acdb-476de0dd05c7 7284c7e45c3146d8910e18ca7acba8b6 c75feff52c57411e93403009441f8133 - - default default] Successfully bumped revision number for resource b364a3fa-cad1-4c9d-8941-d3208b50e7c1 (type: security_group_rules) to 0
2026-05-30 06:24:35.659 10 INFO neutron.wsgi [None req-8b327f4a-475e-4572-bb57-8e85d2e91da2 b590d901cc174246991de5da49f60ae7 3a35c88e3d8746328cae0a486cfe647c - - default default] 10.0.0.233 "DELETE /v2.0/subnets/8e43672b-b79d-493b-ae04-07a38b12a781 HTTP/1.1" status: 204 len: 168 time: 0.2081892
2026-05-30 06:24:35.677 9 INFO neutron.db.ovn_revision_numbers_db [None req-c3fc765f-8fdc-4150-acdb-476de0dd05c7 7284c7e45c3146d8910e18ca7acba8b6 c75feff52c57411e93403009441f8133 - - default default] Successfully bumped revision number for resource b6a2a284-f154-4f37-b153-084aafb89145 (type: security_group_rules) to 0
2026-05-30 06:24:35.690 9 INFO neutron.db.ovn_revision_numbers_db [None req-c3fc765f-8fdc-4150-acdb-476de0dd05c7 7284c7e45c3146d8910e18ca7acba8b6 c75feff52c57411e93403009441f8133 - - default default] Successfully bumped revision number for resource d954f465-52cb-443f-addf-c74627bf327e (type: security_group_rules) to 0
2026-05-30 06:24:35.734 9 INFO neutron.db.segments_db [None req-c3fc765f-8fdc-4150-acdb-476de0dd05c7 7284c7e45c3146d8910e18ca7acba8b6 c75feff52c57411e93403009441f8133 - - default default] Added segment fedf9fdd-6c68-4b53-9ddc-70ce5cd03d8a of type geneve for network 6f566e09-3904-4456-a0e2-fce99bd14334
2026-05-30 06:24:35.882 9 INFO neutron.db.ovn_revision_numbers_db [None req-c3fc765f-8fdc-4150-acdb-476de0dd05c7 7284c7e45c3146d8910e18ca7acba8b6 c75feff52c57411e93403009441f8133 - - default default] Successfully bumped revision number for resource 6f566e09-3904-4456-a0e2-fce99bd14334 (type: networks) to 1
2026-05-30 06:24:35.912 10 INFO neutron.wsgi [None req-95eeefcf-c5af-485c-9dd4-801ee8811464 b590d901cc174246991de5da49f60ae7 3a35c88e3d8746328cae0a486cfe647c - - default default] 10.0.0.233 "DELETE /v2.0/subnets/80780fee-bc0b-4872-ad3d-6008997bfd72 HTTP/1.1" status: 204 len: 168 time: 0.2474537
2026-05-30 06:24:36.100 10 INFO neutron.plugins.ml2.drivers.ovn.mech_driver.mech_driver [None req-63e0e90d-16ac-4ee9-8703-71e66a698c84 - - - - - -] OVN reports status down for port: 8be724fa-b98c-41e7-b8ed-39eede381413
2026-05-30 06:24:36.101 9 WARNING neutron.scheduler.dhcp_agent_scheduler [None req-c3fc765f-8fdc-4150-acdb-476de0dd05c7 7284c7e45c3146d8910e18ca7acba8b6 c75feff52c57411e93403009441f8133 - - default default] No more DHCP agents
2026-05-30 06:24:36.104 9 WARNING neutron.api.rpc.agentnotifiers.dhcp_rpc_agent_api [None req-c3fc765f-8fdc-4150-acdb-476de0dd05c7 7284c7e45c3146d8910e18ca7acba8b6 c75feff52c57411e93403009441f8133 - - default default] Unable to schedule network 6f566e09-3904-4456-a0e2-fce99bd14334: no agents available; will retry on subsequent port and subnet creation events.
2026-05-30 06:24:36.170 10 INFO neutron.wsgi [req-22bbdb97-0c23-4b5b-baf1-d05bcbf6a002 req-379a190c-6261-45fc-97d2-5f203e7184d2 2ccc00b40d4942da8b1919cde4b4f620 f8cbe72fa6db479eb7cc816f6ddbfbde - - default default] 10.0.0.113 "GET /v2.0/ports?device_id=298055d6-af36-4216-b453-547095c65887 HTTP/1.1" status: 200 len: 1174 time: 0.1299345
2026-05-30 06:24:36.193 10 INFO neutron.wsgi [None req-a7bbd712-ecd0-45fe-980f-a29df2ae37d3 b590d901cc174246991de5da49f60ae7 3a35c88e3d8746328cae0a486cfe647c - - default default] 10.0.0.233 "DELETE /v2.0/subnets/9f750909-b9b8-43f2-9907-ba7b2271ecee HTTP/1.1" status: 204 len: 168 time: 0.2785830
2026-05-30 06:24:36.245 10 INFO neutron.wsgi [req-22bbdb97-0c23-4b5b-baf1-d05bcbf6a002 req-561812e9-bfa3-4f9f-ab89-072639249400 2ccc00b40d4942da8b1919cde4b4f620 f8cbe72fa6db479eb7cc816f6ddbfbde - - default default] 10.0.0.113 "GET /v2.0/security-groups?id=eacc9e26-0fa0-47da-803e-532ab894e4d4&fields=id&fields=name HTTP/1.1" status: 200 len: 312 time: 0.0616214
2026-05-30 06:24:36.299 10 INFO neutron.notifiers.nova [-] Nova event matching ['req-56f288a0-b8fa-4b8b-a352-10eb361b9b72'] response: {'server_uuid': '298055d6-af36-4216-b453-547095c65887', 'name': 'network-vif-unplugged', 'status': 'completed', 'tag': '8be724fa-b98c-41e7-b8ed-39eede381413', 'code': 200}
2026-05-30 06:24:36.414 9 INFO neutron.db.ovn_revision_numbers_db [None req-c3fc765f-8fdc-4150-acdb-476de0dd05c7 7284c7e45c3146d8910e18ca7acba8b6 c75feff52c57411e93403009441f8133 - - default default] Successfully bumped revision number for resource 06c87bf5-57f1-4fde-b169-7e89afca0a15 (type: ports) to 1
2026-05-30 06:24:36.436 9 INFO neutron.wsgi [None req-c3fc765f-8fdc-4150-acdb-476de0dd05c7 7284c7e45c3146d8910e18ca7acba8b6 c75feff52c57411e93403009441f8133 - - default default] 10.0.0.233 "POST /v2.0/networks HTTP/1.1" status: 201 len: 927 time: 1.1137559
2026-05-30 06:24:36.440 10 INFO neutron.wsgi [req-f98619dc-46d8-4d79-a185-6ca8368836c0 req-48cbf2e5-a3be-49cf-a1d5-8e6026071419 2ccc00b40d4942da8b1919cde4b4f620 f8cbe72fa6db479eb7cc816f6ddbfbde - - default default] 199.204.45.30 "GET /v2.0/ports?device_id=298055d6-af36-4216-b453-547095c65887 HTTP/1.1" status: 200 len: 1172 time: 0.0667734
2026-05-30 06:24:36.552 10 INFO neutron.db.ovn_revision_numbers_db [None req-63e0e90d-16ac-4ee9-8703-71e66a698c84 - - - - - -] Successfully bumped revision number for resource 8be724fa-b98c-41e7-b8ed-39eede381413 (type: ports) to 5
2026-05-30 06:24:36.573 10 INFO neutron.wsgi [None req-59f7b534-257b-455f-928e-a46d584ce4db b590d901cc174246991de5da49f60ae7 3a35c88e3d8746328cae0a486cfe647c - - default default] 10.0.0.233 "DELETE /v2.0/subnets/c002b783-e151-4201-97fd-889f398ef77b HTTP/1.1" status: 204 len: 168 time: 0.3736365
2026-05-30 06:24:36.611 9 WARNING neutron.scheduler.dhcp_agent_scheduler [None req-f4c5f37c-0f9f-4f76-9f0b-1896a400e960 7284c7e45c3146d8910e18ca7acba8b6 c75feff52c57411e93403009441f8133 - - default default] No more DHCP agents
2026-05-30 06:24:36.622 9 WARNING neutron.api.rpc.agentnotifiers.dhcp_rpc_agent_api [None req-f4c5f37c-0f9f-4f76-9f0b-1896a400e960 7284c7e45c3146d8910e18ca7acba8b6 c75feff52c57411e93403009441f8133 - - default default] Unable to schedule network 6f566e09-3904-4456-a0e2-fce99bd14334: no agents available; will retry on subsequent port and subnet creation events.
2026-05-30 06:24:36.811 10 INFO neutron.db.l3_db [req-f98619dc-46d8-4d79-a185-6ca8368836c0 req-de92835a-ed3c-427a-94cc-8ec53fdf5b01 2ccc00b40d4942da8b1919cde4b4f620 f8cbe72fa6db479eb7cc816f6ddbfbde - - default default] Floating IP bad18b51-0804-4be9-8ab2-9fa81860bd1c disassociated. External IP: 10.96.250.215, port: 8be724fa-b98c-41e7-b8ed-39eede381413.
2026-05-30 06:24:37.026 10 INFO neutron.wsgi [req-f98619dc-46d8-4d79-a185-6ca8368836c0 req-de92835a-ed3c-427a-94cc-8ec53fdf5b01 2ccc00b40d4942da8b1919cde4b4f620 f8cbe72fa6db479eb7cc816f6ddbfbde - - default default] 199.204.45.30 "DELETE /v2.0/ports/8be724fa-b98c-41e7-b8ed-39eede381413 HTTP/1.1" status: 204 len: 173 time: 0.5760226
2026-05-30 06:24:37.040 9 INFO neutron.services.segments.plugin [-] Segment 08b27f42-05e2-48d1-8f5c-cead5b0f2652 resource provider aggregate not found
2026-05-30 06:24:37.044 9 INFO neutron.services.segments.plugin [-] Segment 08b27f42-05e2-48d1-8f5c-cead5b0f2652 resource provider aggregate not found
2026-05-30 06:24:37.068 9 INFO neutron.services.segments.plugin [-] Segment 08b27f42-05e2-48d1-8f5c-cead5b0f2652 resource provider not found; error: Placement Client Error (4xx): {"errors": [{"status": 404, "title": "Not Found", "detail": "The resource could not be found.\n\n No resource provider with uuid 08b27f42-05e2-48d1-8f5c-cead5b0f2652 found for delete ", "request_id": "req-9d587c20-247e-4cf6-82c4-03c3549206e8"}]}
2026-05-30 06:24:37.069 9 INFO neutron.services.segments.plugin [-] Segment 08b27f42-05e2-48d1-8f5c-cead5b0f2652 resource provider not found; error: Placement Client Error (4xx): {"errors": [{"status": 404, "title": "Not Found", "detail": "The resource could not be found.\n\n No resource provider with uuid 08b27f42-05e2-48d1-8f5c-cead5b0f2652 found for delete ", "request_id": "req-363d0a98-7260-4b8c-b14b-7b66ff9a8d2a"}]}
2026-05-30 06:24:37.107 9 INFO neutron.wsgi [None req-9e59bbfc-0e68-4ba2-82ee-2f9df4f047ef b590d901cc174246991de5da49f60ae7 3a35c88e3d8746328cae0a486cfe647c - - default default] 10.0.0.233 "DELETE /v2.0/networks/f065cbec-5f51-4798-87af-1170ec1ce989 HTTP/1.1" status: 204 len: 168 time: 0.5279839 /var/lib/openstack/lib/python3.10/site-packages/pycadf/identifier.py:71: UserWarning: Invalid uuid: neutron. To ensure interoperability, identifiers should be a valid uuid. warnings.warn(('Invalid uuid: %s. To ensure interoperability, '
2026-05-30 06:24:37.219 9 INFO neutron.db.ovn_revision_numbers_db [None req-f4c5f37c-0f9f-4f76-9f0b-1896a400e960 7284c7e45c3146d8910e18ca7acba8b6 c75feff52c57411e93403009441f8133 - - default default] Successfully bumped revision number for resource 06c87bf5-57f1-4fde-b169-7e89afca0a15 (type: ports) to 2
2026-05-30 06:24:37.248 9 INFO neutron.db.ovn_revision_numbers_db [None req-f4c5f37c-0f9f-4f76-9f0b-1896a400e960 7284c7e45c3146d8910e18ca7acba8b6 c75feff52c57411e93403009441f8133 - - default default] Successfully bumped revision number for resource d461b84f-7216-40e4-b8f4-57a6b9a4026a (type: subnets) to 0
2026-05-30 06:24:37.260 9 INFO neutron.wsgi [None req-f4c5f37c-0f9f-4f76-9f0b-1896a400e960 7284c7e45c3146d8910e18ca7acba8b6 c75feff52c57411e93403009441f8133 - - default default] 10.0.0.233 "POST /v2.0/subnets HTTP/1.1" status: 201 len: 819 time: 0.8192146
2026-05-30 06:24:37.269 9 WARNING neutron.api.v2.base [None req-97bc2be2-1c1d-42de-b69e-6239b816566b 7284c7e45c3146d8910e18ca7acba8b6 c75feff52c57411e93403009441f8133 - - default default] An exception happened while processing the request body. The exception message is [Invalid input for target_tenant. Reason: 'None' is not a valid string.].: webob.exc.HTTPBadRequest: Invalid input for target_tenant. Reason: 'None' is not a valid string.
2026-05-30 06:24:37.270 9 INFO neutron.api.v2.resource [None req-97bc2be2-1c1d-42de-b69e-6239b816566b 7284c7e45c3146d8910e18ca7acba8b6 c75feff52c57411e93403009441f8133 - - default default] create failed (client error): Invalid input for target_tenant. Reason: 'None' is not a valid string.
2026-05-30 06:24:37.271 9 INFO neutron.wsgi [None req-97bc2be2-1c1d-42de-b69e-6239b816566b 7284c7e45c3146d8910e18ca7acba8b6 c75feff52c57411e93403009441f8133 - - default default] 10.0.0.233 "POST /v2.0/rbac-policies HTTP/1.1" status: 400 len: 346 time: 0.0049329
2026-05-30 06:24:37.380 10 INFO neutron.wsgi [req-4321f5d5-03d1-4d9a-93f2-53c260f7d40e req-40ff284c-7279-427d-af89-f41a9d784a88 2ccc00b40d4942da8b1919cde4b4f620 f8cbe72fa6db479eb7cc816f6ddbfbde - - default default] 10.0.0.113 "GET /v2.0/ports?device_id=298055d6-af36-4216-b453-547095c65887 HTTP/1.1" status: 200 len: 210 time: 0.0313630
2026-05-30 06:24:37.458 10 INFO neutron.services.segments.plugin [-] Segment a7fff084-d26c-4910-ba67-66b3a357f1e2 resource provider aggregate not found
2026-05-30 06:24:37.463 10 INFO neutron.services.segments.plugin [-] Segment a7fff084-d26c-4910-ba67-66b3a357f1e2 resource provider aggregate not found
2026-05-30 06:24:37.480 10 INFO neutron.services.segments.plugin [-] Segment a7fff084-d26c-4910-ba67-66b3a357f1e2 resource provider not found; error: Placement Client Error (4xx): {"errors": [{"status": 404, "title": "Not Found", "detail": "The resource could not be found.\n\n No resource provider with uuid a7fff084-d26c-4910-ba67-66b3a357f1e2 found for delete ", "request_id": "req-0c9120f2-f2c7-4295-9a81-795742f161c2"}]}
2026-05-30 06:24:37.481 10 INFO neutron.services.segments.plugin [-] Segment a7fff084-d26c-4910-ba67-66b3a357f1e2 resource provider not found; error: Placement Client Error (4xx): {"errors": [{"status": 404, "title": "Not Found", "detail": "The resource could not be found.\n\n No resource provider with uuid a7fff084-d26c-4910-ba67-66b3a357f1e2 found for delete ", "request_id": "req-c118eb11-ba67-4a30-b7d2-b088b9536c32"}]}
2026-05-30 06:24:37.496 10 INFO neutron.wsgi [None req-62471a97-2794-4d72-8a5f-69c7d0e18602 b590d901cc174246991de5da49f60ae7 3a35c88e3d8746328cae0a486cfe647c - - default default] 10.0.0.233 "DELETE /v2.0/networks/993f3a65-42e6-4150-83e0-4f20280ea8be HTTP/1.1" status: 204 len: 168 time: 0.3848186
2026-05-30 06:24:37.737 9 INFO neutron.wsgi [None req-3ca07532-71a1-4591-b9f4-ceb41697e666 7284c7e45c3146d8910e18ca7acba8b6 c75feff52c57411e93403009441f8133 - - default default] 10.0.0.233 "DELETE /v2.0/networks/6f566e09-3904-4456-a0e2-fce99bd14334 HTTP/1.1" status: 204 len: 168 time: 0.4633212
2026-05-30 06:24:37.866 10 INFO neutron.db.segments_db [None req-dc8e5c6a-6254-4299-aa8c-3360a7eb353b 7284c7e45c3146d8910e18ca7acba8b6 c75feff52c57411e93403009441f8133 - - default default] Added segment 2e928312-bec0-4c27-b34c-4baa22c14ba2 of type geneve for network 36f7fbed-6e1a-4e55-9a93-e68b34d109c2
2026-05-30 06:24:37.893 10 INFO neutron.wsgi [None req-2e0376e9-4465-4b58-8954-f6f2b98108ec b590d901cc174246991de5da49f60ae7 3a35c88e3d8746328cae0a486cfe647c - - default default] 10.0.0.233 "DELETE /v2.0/networks/43650e8a-4815-4656-a686-280e2d05aeaf HTTP/1.1" status: 204 len: 168 time: 0.3918128
2026-05-30 06:24:38.021 10 INFO neutron.db.ovn_revision_numbers_db [None req-dc8e5c6a-6254-4299-aa8c-3360a7eb353b 7284c7e45c3146d8910e18ca7acba8b6 c75feff52c57411e93403009441f8133 - - default default] Successfully bumped revision number for resource 36f7fbed-6e1a-4e55-9a93-e68b34d109c2 (type: networks) to 1
2026-05-30 06:24:38.264 9 INFO neutron.wsgi [None req-b1f40338-dc8b-418d-845f-38872c1c30f7 b590d901cc174246991de5da49f60ae7 3a35c88e3d8746328cae0a486cfe647c - - default default] 10.0.0.233 "DELETE /v2.0/networks/e3de4175-3551-47aa-b761-c3196603ae01 HTTP/1.1" status: 204 len: 168 time: 0.3631904
2026-05-30 06:24:38.422 10 INFO neutron.notifiers.nova [-] Nova event matching ['req-514302eb-4e25-4e62-a43e-3d85b9d9b70b'] response: {'server_uuid': '298055d6-af36-4216-b453-547095c65887', 'name': 'network-vif-plugged', 'status': 'completed', 'tag': '8be724fa-b98c-41e7-b8ed-39eede381413', 'code': 200}
2026-05-30 06:24:38.422 10 INFO neutron.notifiers.nova [-] Nova event matching ['req-514302eb-4e25-4e62-a43e-3d85b9d9b70b'] response: {'server_uuid': '298055d6-af36-4216-b453-547095c65887', 'name': 'network-vif-deleted', 'tag': '8be724fa-b98c-41e7-b8ed-39eede381413', 'status': 'completed', 'code': 200}
2026-05-30 06:24:38.462 10 WARNING neutron.scheduler.dhcp_agent_scheduler [None req-dc8e5c6a-6254-4299-aa8c-3360a7eb353b 7284c7e45c3146d8910e18ca7acba8b6 c75feff52c57411e93403009441f8133 - - default default] No more DHCP agents
2026-05-30 06:24:38.464 10 WARNING neutron.api.rpc.agentnotifiers.dhcp_rpc_agent_api [None req-dc8e5c6a-6254-4299-aa8c-3360a7eb353b 7284c7e45c3146d8910e18ca7acba8b6 c75feff52c57411e93403009441f8133 - - default default] Unable to schedule network 36f7fbed-6e1a-4e55-9a93-e68b34d109c2: no agents available; will retry on subsequent port and subnet creation events.
2026-05-30 06:24:38.545 10 INFO neutron.db.ovn_revision_numbers_db [None req-dc8e5c6a-6254-4299-aa8c-3360a7eb353b 7284c7e45c3146d8910e18ca7acba8b6 c75feff52c57411e93403009441f8133 - - default default] Successfully bumped revision number for resource 00709a8a-bcab-43c7-820c-0e2e0e1173c9 (type: ports) to 1
2026-05-30 06:24:38.569 10 INFO neutron.wsgi [None req-dc8e5c6a-6254-4299-aa8c-3360a7eb353b 7284c7e45c3146d8910e18ca7acba8b6 c75feff52c57411e93403009441f8133 - - default default] 10.0.0.233 "POST /v2.0/networks HTTP/1.1" status: 201 len: 927 time: 0.8244970
2026-05-30 06:24:38.653 9 INFO neutron.wsgi [None req-c28d6dc8-0810-4a56-a907-8106c27f712b 2ccc00b40d4942da8b1919cde4b4f620 f8cbe72fa6db479eb7cc816f6ddbfbde - - default default] 10.0.0.233 "DELETE /v2.0/security-groups/eacc9e26-0fa0-47da-803e-532ab894e4d4 HTTP/1.1" status: 204 len: 168 time: 0.2140939
2026-05-30 06:24:38.662 9 INFO neutron.wsgi [None req-b5f68c3d-fc5d-4fca-8ffe-5e6c3b85cd86 b590d901cc174246991de5da49f60ae7 3a35c88e3d8746328cae0a486cfe647c - - default default] 10.0.0.233 "DELETE /v2.0/networks/a4b0913d-83e4-4405-b4ff-48525b2ed361 HTTP/1.1" status: 204 len: 168 time: 0.3923306
2026-05-30 06:24:38.711 10 INFO neutron.wsgi [req-1a23809b-5b32-4a70-90d5-94932f018c02 req-d7114f31-67d7-4190-af12-43c8be8fdeb7 c8778c66d7644976a19bcfcf035beb3c badad4dc82a74e2788062edc3925de7d - - 5a1a72e7a3ec4b3e8f405893aa045520 5a1a72e7a3ec4b3e8f405893aa045520] 10.0.0.132 "GET /v2.0/ports?device_id=b965d13e-83f7-4700-a440-9a7f9b52e913 HTTP/1.1" status: 200 len: 1638 time: 0.0592937
2026-05-30 06:24:38.748 9 WARNING neutron.scheduler.dhcp_agent_scheduler [None req-5b851572-8a52-43ac-b39f-2f5efd7397b8 7284c7e45c3146d8910e18ca7acba8b6 c75feff52c57411e93403009441f8133 - - default default] No more DHCP agents
2026-05-30 06:24:38.751 9 WARNING neutron.api.rpc.agentnotifiers.dhcp_rpc_agent_api [None req-5b851572-8a52-43ac-b39f-2f5efd7397b8 7284c7e45c3146d8910e18ca7acba8b6 c75feff52c57411e93403009441f8133 - - default default] Unable to schedule network 36f7fbed-6e1a-4e55-9a93-e68b34d109c2: no agents available; will retry on subsequent port and subnet creation events.
2026-05-30 06:24:38.768 10 INFO neutron.wsgi [req-1a23809b-5b32-4a70-90d5-94932f018c02 req-277ae5e7-8eed-4adc-92ae-481a2e26cbdc c8778c66d7644976a19bcfcf035beb3c badad4dc82a74e2788062edc3925de7d - - 5a1a72e7a3ec4b3e8f405893aa045520 5a1a72e7a3ec4b3e8f405893aa045520] 10.0.0.132 "GET /v2.0/security-groups?id=04e36e24-e3cd-4a5b-8bee-43a9af330cea&fields=id&fields=name HTTP/1.1" status: 200 len: 310 time: 0.0494413
2026-05-30 06:24:39.040 10 INFO neutron.wsgi [None req-18c6ae28-6642-405c-b041-d7b14aa90485 2ccc00b40d4942da8b1919cde4b4f620 f8cbe72fa6db479eb7cc816f6ddbfbde - - default default] 10.0.0.233 "DELETE /v2.0/floatingips/bad18b51-0804-4be9-8ab2-9fa81860bd1c HTTP/1.1" status: 204 len: 168 time: 0.3551462
2026-05-30 06:24:39.089 9 INFO neutron.services.segments.plugin [-] Segment fedf9fdd-6c68-4b53-9ddc-70ce5cd03d8a resource provider aggregate not found
2026-05-30 06:24:39.093 9 INFO neutron.services.segments.plugin [-] Segment fedf9fdd-6c68-4b53-9ddc-70ce5cd03d8a resource provider aggregate not found
2026-05-30 06:24:39.108 9 INFO neutron.services.segments.plugin [-] Segment fedf9fdd-6c68-4b53-9ddc-70ce5cd03d8a resource provider not found; error: Placement Client Error (4xx): {"errors": [{"status": 404, "title": "Not Found", "detail": "The resource could not be found.\n\n No resource provider with uuid fedf9fdd-6c68-4b53-9ddc-70ce5cd03d8a found for delete ", "request_id": "req-1409a40b-1589-4540-817c-d8d4001aef3d"}]}
2026-05-30 06:24:39.112 9 INFO neutron.services.segments.plugin [-] Segment fedf9fdd-6c68-4b53-9ddc-70ce5cd03d8a resource provider not found; error: Placement Client Error (4xx): {"errors": [{"status": 404, "title": "Not Found", "detail": "The resource could not be found.\n\n No resource provider with uuid fedf9fdd-6c68-4b53-9ddc-70ce5cd03d8a found for delete ", "request_id": "req-59d208b0-3e72-4861-8937-08870bf9d08a"}]}
2026-05-30 06:24:39.124 9 INFO neutron.services.segments.plugin [-] Segment 77bb1cbd-088e-432f-b9af-606c97acef99 resource provider aggregate not found
2026-05-30 06:24:39.139 9 INFO neutron.services.segments.plugin [-] Segment 77bb1cbd-088e-432f-b9af-606c97acef99 resource provider aggregate not found
2026-05-30 06:24:39.148 9 INFO neutron.services.segments.plugin [-] Segment 77bb1cbd-088e-432f-b9af-606c97acef99 resource provider not found; error: Placement Client Error (4xx): {"errors": [{"status": 404, "title": "Not Found", "detail": "The resource could not be found.\n\n No resource provider with uuid 77bb1cbd-088e-432f-b9af-606c97acef99 found for delete ", "request_id": "req-33e6fbbf-7bd4-41dd-a55f-55a0a7b4ee46"}]}
2026-05-30 06:24:39.159 9 INFO neutron.services.segments.plugin [-] Segment 77bb1cbd-088e-432f-b9af-606c97acef99 resource provider not found; error: Placement Client Error (4xx): {"errors": [{"status": 404, "title": "Not Found", "detail": "The resource could not be found.\n\n No resource provider with uuid 77bb1cbd-088e-432f-b9af-606c97acef99 found for delete ", "request_id": "req-7e209f86-0ede-4db4-bcfe-5eaa8c004a04"}]}
2026-05-30 06:24:39.167 9 INFO neutron.services.segments.plugin [-] Segment a4a68449-8075-45bf-bc2a-74b5b5381330 resource provider aggregate not found
2026-05-30 06:24:39.185 9 INFO neutron.services.segments.plugin [-] Segment a4a68449-8075-45bf-bc2a-74b5b5381330 resource provider not found; error: Placement Client Error (4xx): {"errors": [{"status": 404, "title": "Not Found", "detail": "The resource could not be found.\n\n No resource provider with uuid a4a68449-8075-45bf-bc2a-74b5b5381330 found for delete ", "request_id": "req-9a675142-1c5b-474c-916c-0db351018ade"}]}
2026-05-30 06:24:39.189 9 INFO neutron.services.segments.plugin [-] Segment a4a68449-8075-45bf-bc2a-74b5b5381330 resource provider aggregate not found
2026-05-30 06:24:39.209 9 INFO neutron.services.segments.plugin [-] Segment a4a68449-8075-45bf-bc2a-74b5b5381330 resource provider not found; error: Placement Client Error (4xx): {"errors": [{"status": 404, "title": "Not Found", "detail": "The resource could not be found.\n\n No resource provider with uuid a4a68449-8075-45bf-bc2a-74b5b5381330 found for delete ", "request_id": "req-1e922b5c-dffb-4b06-9870-aecf21812786"}]}
2026-05-30 06:24:39.255 10 INFO neutron.plugins.ml2.drivers.ovn.mech_driver.mech_driver [None req-63e0e90d-16ac-4ee9-8703-71e66a698c84 - - - - - -] OVN reports status down for port: 0834ed5d-1dbb-487f-8400-83625d3c5b4f
2026-05-30 06:24:39.264 10 INFO neutron.wsgi [req-9e66a23e-27c9-4f28-816e-2ce4b9fae64d req-3e2cd6de-b84e-416e-a2ae-9fa44c6d969d 2ccc00b40d4942da8b1919cde4b4f620 f8cbe72fa6db479eb7cc816f6ddbfbde - - default default] 10.0.0.113 "GET /v2.0/ports?device_id=c981871c-d46d-44d0-aed3-f9b617b299da HTTP/1.1" status: 200 len: 1170 time: 0.0757980
2026-05-30 06:24:39.330 10 INFO neutron.wsgi [req-9e66a23e-27c9-4f28-816e-2ce4b9fae64d req-06d7ffe0-9e02-4516-9fe9-a82905b1886c 2ccc00b40d4942da8b1919cde4b4f620 f8cbe72fa6db479eb7cc816f6ddbfbde - - default default] 10.0.0.113 "GET /v2.0/security-groups?id=b4c7fbf5-6b22-44f7-b720-accf5e9e0f30&fields=id&fields=name HTTP/1.1" status: 200 len: 312 time: 0.0562899
2026-05-30 06:24:39.333 9 INFO neutron.db.ovn_revision_numbers_db [None req-5b851572-8a52-43ac-b39f-2f5efd7397b8 7284c7e45c3146d8910e18ca7acba8b6 c75feff52c57411e93403009441f8133 - - default default] Successfully bumped revision number for resource 00709a8a-bcab-43c7-820c-0e2e0e1173c9 (type: ports) to 2
2026-05-30 06:24:39.411 9 INFO neutron.db.ovn_revision_numbers_db [None req-5b851572-8a52-43ac-b39f-2f5efd7397b8 7284c7e45c3146d8910e18ca7acba8b6 c75feff52c57411e93403009441f8133 - - default default] Successfully bumped revision number for resource 455f071d-3050-47ed-bf6e-d595f3fa4aab (type: subnets) to 0
2026-05-30 06:24:39.445 9 INFO neutron.wsgi [None req-5b851572-8a52-43ac-b39f-2f5efd7397b8 7284c7e45c3146d8910e18ca7acba8b6 c75feff52c57411e93403009441f8133 - - default default] 10.0.0.233 "POST /v2.0/subnets HTTP/1.1" status: 201 len: 822 time: 0.8698173
2026-05-30 06:24:39.460 9 WARNING neutron.api.v2.base [None req-33d2fcb5-579a-47c0-b866-c3965b4e97a7 7284c7e45c3146d8910e18ca7acba8b6 c75feff52c57411e93403009441f8133 - - default default] An exception happened while processing the request body. The exception message is [Invalid input for target_tenant. Reason: '1234123412341234123412341234123412341234123412341234123412341234123412341234123412341234123412341234123412341234123412341234123412341234123412341234123412341234123412341234123412341234123412341234123412341234123412341234123412341234123412341234123412341234123412341234123412341234123412341234123412341234123412341234123412341234123412341234123412341234123412341234123412341234123412341234123412341234' exceeds maximum length of 255.].: webob.exc.HTTPBadRequest: Invalid input for target_tenant. Reason: '1234123412341234123412341234123412341234123412341234123412341234123412341234123412341234123412341234123412341234123412341234123412341234123412341234123412341234123412341234123412341234123412341234123412341234123412341234123412341234123412341234123412341234123412341234123412341234123412341234123412341234123412341234123412341234123412341234123412341234123412341234123412341234123412341234123412341234' exceeds maximum length of 255.
