2026-05-30 06:22:21.962 10 INFO neutron.plugins.ml2.drivers.ovn.mech_driver.mech_driver [None req-63e0e90d-16ac-4ee9-8703-71e66a698c84 - - - - - -] OVN reports status up for port: f1962323-e086-4fe6-9153-bfde2a2787a1
2026-05-30 06:22:21.982 10 INFO neutron.plugins.ml2.plugin [None req-63e0e90d-16ac-4ee9-8703-71e66a698c84 - - - - - -] Attempt 1 to provision port f1962323-e086-4fe6-9153-bfde2a2787a1
2026-05-30 06:22:22.005 10 INFO neutron.db.ovn_revision_numbers_db [None req-18c3e29b-83fc-4ed7-98c6-62c85ae88ee3 fa9ca9eda4724365ad319b81ddc79576 604cbe8fbcb44e7bb365d0755c5a9367 - - default default] Successfully bumped revision number for resource f1962323-e086-4fe6-9153-bfde2a2787a1 (type: router_ports) to 1
2026-05-30 06:22:22.047 9 INFO neutron.db.ovn_revision_numbers_db [None req-73c34cc6-9e8e-48be-a126-00b8ecc49803 fa9ca9eda4724365ad319b81ddc79576 604cbe8fbcb44e7bb365d0755c5a9367 - - default default] Successfully bumped revision number for resource b469d2ea-f44b-43a8-8b11-a9491ba10f04 (type: security_groups) to 1
2026-05-30 06:22:22.060 9 INFO neutron.db.ovn_revision_numbers_db [None req-022736b0-6da0-4409-a671-edd2feb8e77f - - - - - -] Successfully bumped revision number for resource 655b5d81-2e3a-4883-9fa4-315781660c37 (type: router_ports) to 3
2026-05-30 06:22:22.061 9 INFO neutron.db.ovn_revision_numbers_db [None req-73c34cc6-9e8e-48be-a126-00b8ecc49803 fa9ca9eda4724365ad319b81ddc79576 604cbe8fbcb44e7bb365d0755c5a9367 - - default default] Successfully bumped revision number for resource 13a95f81-a5a3-4c7b-a14b-08863053d95f (type: security_group_rules) to 0
2026-05-30 06:22:22.082 9 INFO neutron.db.ovn_revision_numbers_db [None req-73c34cc6-9e8e-48be-a126-00b8ecc49803 fa9ca9eda4724365ad319b81ddc79576 604cbe8fbcb44e7bb365d0755c5a9367 - - default default] Successfully bumped revision number for resource 341b976c-c8dd-4316-a2c2-5de64a1138aa (type: security_group_rules) to 0
2026-05-30 06:22:22.105 9 INFO neutron.db.ovn_revision_numbers_db [None req-73c34cc6-9e8e-48be-a126-00b8ecc49803 fa9ca9eda4724365ad319b81ddc79576 604cbe8fbcb44e7bb365d0755c5a9367 - - default default] Successfully bumped revision number for resource cc32acfa-f3d7-441b-ab14-ddf5305d522a (type: security_group_rules) to 0
2026-05-30 06:22:22.139 9 INFO neutron.db.ovn_revision_numbers_db [None req-73c34cc6-9e8e-48be-a126-00b8ecc49803 fa9ca9eda4724365ad319b81ddc79576 604cbe8fbcb44e7bb365d0755c5a9367 - - default default] Successfully bumped revision number for resource cdef6b83-cc4c-4e50-931f-e460a9df0a40 (type: security_group_rules) to 0
2026-05-30 06:22:22.174 9 INFO neutron.wsgi [None req-73c34cc6-9e8e-48be-a126-00b8ecc49803 fa9ca9eda4724365ad319b81ddc79576 604cbe8fbcb44e7bb365d0755c5a9367 - - default default] 10.0.0.233 "GET /v2.0/security-groups?tenant_id=5da486297b664a39827d28160260feef&name=default HTTP/1.1" status: 200 len: 2996 time: 0.3595774
2026-05-30 06:22:22.228 10 INFO neutron.db.ovn_revision_numbers_db [None req-18c3e29b-83fc-4ed7-98c6-62c85ae88ee3 fa9ca9eda4724365ad319b81ddc79576 604cbe8fbcb44e7bb365d0755c5a9367 - - default default] Successfully bumped revision number for resource f1962323-e086-4fe6-9153-bfde2a2787a1 (type: ports) to 1
2026-05-30 06:22:22.251 9 INFO neutron.db.ovn_revision_numbers_db [None req-022736b0-6da0-4409-a671-edd2feb8e77f - - - - - -] Successfully bumped revision number for resource 655b5d81-2e3a-4883-9fa4-315781660c37 (type: ports) to 2
2026-05-30 06:22:22.328 10 WARNING neutron.scheduler.dhcp_agent_scheduler [None req-18c3e29b-83fc-4ed7-98c6-62c85ae88ee3 fa9ca9eda4724365ad319b81ddc79576 604cbe8fbcb44e7bb365d0755c5a9367 - - default default] No more DHCP agents
2026-05-30 06:22:22.330 10 WARNING neutron.api.rpc.agentnotifiers.dhcp_rpc_agent_api [None req-18c3e29b-83fc-4ed7-98c6-62c85ae88ee3 fa9ca9eda4724365ad319b81ddc79576 604cbe8fbcb44e7bb365d0755c5a9367 - - default default] Unable to schedule network deb7494c-4511-43d7-898c-bc0c50584371: no agents available; will retry on subsequent port and subnet creation events.
2026-05-30 06:22:22.351 10 INFO neutron.db.ovn_revision_numbers_db [None req-63e0e90d-16ac-4ee9-8703-71e66a698c84 - - - - - -] Successfully bumped revision number for resource f1962323-e086-4fe6-9153-bfde2a2787a1 (type: ports) to 2
2026-05-30 06:22:22.459 9 INFO neutron.wsgi [None req-9d6ba7df-31bc-459b-ab9d-07f39b5b2796 fa9ca9eda4724365ad319b81ddc79576 604cbe8fbcb44e7bb365d0755c5a9367 - - default default] 10.0.0.233 "DELETE /v2.0/security-groups/b469d2ea-f44b-43a8-8b11-a9491ba10f04 HTTP/1.1" status: 204 len: 168 time: 0.2816689
2026-05-30 06:22:22.535 9 INFO neutron.db.ovn_revision_numbers_db [None req-022736b0-6da0-4409-a671-edd2feb8e77f - - - - - -] Successfully bumped revision number for resource 655b5d81-2e3a-4883-9fa4-315781660c37 (type: ports) to 4
2026-05-30 06:22:22.697 10 INFO neutron.db.ovn_revision_numbers_db [None req-63e0e90d-16ac-4ee9-8703-71e66a698c84 - - - - - -] Successfully bumped revision number for resource f1962323-e086-4fe6-9153-bfde2a2787a1 (type: router_ports) to 2
2026-05-30 06:22:22.725 9 INFO neutron.db.ovn_revision_numbers_db [None req-022736b0-6da0-4409-a671-edd2feb8e77f - - - - - -] Successfully bumped revision number for resource 655b5d81-2e3a-4883-9fa4-315781660c37 (type: router_ports) to 4
2026-05-30 06:22:22.736 10 INFO neutron.wsgi [req-c7b84525-37e5-486d-8176-7c1cf65ac12f req-f2893315-b492-4510-9dc3-8b878458c891 e60052ba7c9941b1bb52c70c4a0aa8db 10f963b6ce954e13bbae01581c92b210 - - default default] 10.0.0.113 "GET /v2.0/networks?id=e7ac19ad-2c72-4849-9d0d-7536c1a3c690 HTTP/1.1" status: 200 len: 872 time: 0.0937424
2026-05-30 06:22:22.763 10 INFO neutron.wsgi [req-c7b84525-37e5-486d-8176-7c1cf65ac12f req-1bca162a-c494-43ff-8d19-937bb8ca3c9a e60052ba7c9941b1bb52c70c4a0aa8db 10f963b6ce954e13bbae01581c92b210 - - default default] 10.0.0.113 "GET /v2.0/quotas/10f963b6ce954e13bbae01581c92b210 HTTP/1.1" status: 200 len: 386 time: 0.0192032
2026-05-30 06:22:22.893 10 INFO neutron.wsgi [req-c7b84525-37e5-486d-8176-7c1cf65ac12f req-63d55137-0d44-4759-9224-b79e6598c0c0 e60052ba7c9941b1bb52c70c4a0aa8db 10f963b6ce954e13bbae01581c92b210 - - default default] 10.0.0.113 "GET /v2.0/ports?tenant_id=10f963b6ce954e13bbae01581c92b210&fields=id HTTP/1.1" status: 200 len: 302 time: 0.1183901
2026-05-30 06:22:22.969 10 INFO neutron.wsgi [req-c7b84525-37e5-486d-8176-7c1cf65ac12f req-4fc9b382-a08b-4c71-a97f-8484dfe85574 c8778c66d7644976a19bcfcf035beb3c badad4dc82a74e2788062edc3925de7d - - 5a1a72e7a3ec4b3e8f405893aa045520 5a1a72e7a3ec4b3e8f405893aa045520] 10.0.0.113 "GET /v2.0/networks/e7ac19ad-2c72-4849-9d0d-7536c1a3c690?fields=segments HTTP/1.1" status: 200 len: 212 time: 0.0605032
2026-05-30 06:22:23.065 10 INFO neutron.wsgi [req-c7b84525-37e5-486d-8176-7c1cf65ac12f req-d82fa836-7f99-4dfc-bb78-633f56c2f8d8 c8778c66d7644976a19bcfcf035beb3c badad4dc82a74e2788062edc3925de7d - - 5a1a72e7a3ec4b3e8f405893aa045520 5a1a72e7a3ec4b3e8f405893aa045520] 10.0.0.113 "GET /v2.0/networks/e7ac19ad-2c72-4849-9d0d-7536c1a3c690?fields=provider%3Aphysical_network&fields=provider%3Anetwork_type HTTP/1.1" status: 200 len: 277 time: 0.0863760
2026-05-30 06:22:23.180 9 WARNING neutron_lib.context [None req-393be818-ff17-436c-b85a-40189ec0a01d 3a5531203a744ee0836e611a7fcfed80 295e648b29254e62b033f50237ee7789 - - default default] Method 'is_advsvc' is deprecated since 2023.2 release (neutron-lib 3.8.0) and will be removed once support for the old RBAC API policies will be removed from Neutron. Please use method 'is_service_role' instead.
2026-05-30 06:22:23.208 10 INFO neutron.wsgi [req-e725cba3-6aaa-4c45-aba6-ad4962630f13 req-da66660c-9db4-4e69-bd19-3a54826366d0 e60052ba7c9941b1bb52c70c4a0aa8db 10f963b6ce954e13bbae01581c92b210 - - default default] 10.0.0.113 "GET /v2.0/ports?device_id=c3a88cda-6e27-448b-b392-8744d7953f4c HTTP/1.1" status: 200 len: 210 time: 0.0288622
2026-05-30 06:22:23.219 10 INFO neutron.db.ovn_revision_numbers_db [None req-18c3e29b-83fc-4ed7-98c6-62c85ae88ee3 fa9ca9eda4724365ad319b81ddc79576 604cbe8fbcb44e7bb365d0755c5a9367 - - default default] Successfully bumped revision number for resource f1962323-e086-4fe6-9153-bfde2a2787a1 (type: router_ports) to 2
2026-05-30 06:22:23.221 10 INFO neutron.wsgi [None req-18c3e29b-83fc-4ed7-98c6-62c85ae88ee3 fa9ca9eda4724365ad319b81ddc79576 604cbe8fbcb44e7bb365d0755c5a9367 - - default default] 10.0.0.233 "PUT /v2.0/routers/a0916083-a0e0-47b9-815b-7b311be9c689/add_router_interface HTTP/1.1" status: 200 len: 503 time: 2.2405648
2026-05-30 06:22:23.319 9 INFO neutron.db.ovn_revision_numbers_db [None req-393be818-ff17-436c-b85a-40189ec0a01d 3a5531203a744ee0836e611a7fcfed80 295e648b29254e62b033f50237ee7789 - - default default] Successfully bumped revision number for resource 8b93ca94-fc36-4520-8849-9373138e91f2 (type: security_groups) to 1
2026-05-30 06:22:23.333 9 INFO neutron.db.ovn_revision_numbers_db [None req-393be818-ff17-436c-b85a-40189ec0a01d 3a5531203a744ee0836e611a7fcfed80 295e648b29254e62b033f50237ee7789 - - default default] Successfully bumped revision number for resource 0c8c975c-dbda-4e15-a1ab-7206d25eace1 (type: security_group_rules) to 0
2026-05-30 06:22:23.344 9 INFO neutron.db.ovn_revision_numbers_db [None req-393be818-ff17-436c-b85a-40189ec0a01d 3a5531203a744ee0836e611a7fcfed80 295e648b29254e62b033f50237ee7789 - - default default] Successfully bumped revision number for resource 676151b3-ef38-410c-929c-4bacfb9e7010 (type: security_group_rules) to 0
2026-05-30 06:22:23.359 9 INFO neutron.db.ovn_revision_numbers_db [None req-393be818-ff17-436c-b85a-40189ec0a01d 3a5531203a744ee0836e611a7fcfed80 295e648b29254e62b033f50237ee7789 - - default default] Successfully bumped revision number for resource 8cfc1f45-87af-4d07-8cd9-50fcd2be6764 (type: security_group_rules) to 0
2026-05-30 06:22:23.373 9 INFO neutron.db.ovn_revision_numbers_db [None req-393be818-ff17-436c-b85a-40189ec0a01d 3a5531203a744ee0836e611a7fcfed80 295e648b29254e62b033f50237ee7789 - - default default] Successfully bumped revision number for resource e56a7917-3ad4-461f-9fda-8f4fa9c7d65e (type: security_group_rules) to 0
2026-05-30 06:22:23.427 9 INFO neutron.db.segments_db [None req-393be818-ff17-436c-b85a-40189ec0a01d 3a5531203a744ee0836e611a7fcfed80 295e648b29254e62b033f50237ee7789 - - default default] Added segment 65ea238c-6d33-4128-8ccb-39b10766d1f4 of type geneve for network 2d58f80b-7ffc-4b65-9ef5-fdb38af1cc24
2026-05-30 06:22:23.597 9 INFO neutron.db.ovn_revision_numbers_db [None req-393be818-ff17-436c-b85a-40189ec0a01d 3a5531203a744ee0836e611a7fcfed80 295e648b29254e62b033f50237ee7789 - - default default] Successfully bumped revision number for resource 2d58f80b-7ffc-4b65-9ef5-fdb38af1cc24 (type: networks) to 1
2026-05-30 06:22:23.814 9 WARNING neutron.scheduler.dhcp_agent_scheduler [None req-393be818-ff17-436c-b85a-40189ec0a01d 3a5531203a744ee0836e611a7fcfed80 295e648b29254e62b033f50237ee7789 - - default default] No more DHCP agents
2026-05-30 06:22:23.819 9 WARNING neutron.api.rpc.agentnotifiers.dhcp_rpc_agent_api [None req-393be818-ff17-436c-b85a-40189ec0a01d 3a5531203a744ee0836e611a7fcfed80 295e648b29254e62b033f50237ee7789 - - default default] Unable to schedule network 2d58f80b-7ffc-4b65-9ef5-fdb38af1cc24: no agents available; will retry on subsequent port and subnet creation events.
2026-05-30 06:22:23.907 9 INFO neutron.db.ovn_revision_numbers_db [None req-393be818-ff17-436c-b85a-40189ec0a01d 3a5531203a744ee0836e611a7fcfed80 295e648b29254e62b033f50237ee7789 - - default default] Successfully bumped revision number for resource 9e06919d-94d0-4f16-a6d2-71a1d7953e75 (type: ports) to 1
2026-05-30 06:22:23.915 10 INFO neutron.wsgi [req-c7b84525-37e5-486d-8176-7c1cf65ac12f req-0f6f27ed-00e7-477d-a8e1-9a455bc2d532 e60052ba7c9941b1bb52c70c4a0aa8db 10f963b6ce954e13bbae01581c92b210 - - default default] 199.204.45.30 "GET /v2.0/networks?id=e7ac19ad-2c72-4849-9d0d-7536c1a3c690 HTTP/1.1" status: 200 len: 872 time: 0.0968459
2026-05-30 06:22:23.927 9 INFO neutron.wsgi [None req-393be818-ff17-436c-b85a-40189ec0a01d 3a5531203a744ee0836e611a7fcfed80 295e648b29254e62b033f50237ee7789 - - default default] 10.0.0.233 "POST /v2.0/networks HTTP/1.1" status: 201 len: 848 time: 0.8689294
2026-05-30 06:22:23.928 10 WARNING neutron_lib.context [req-c7b84525-37e5-486d-8176-7c1cf65ac12f req-4a3d0bb3-88e1-4e1a-a9dd-3893bf100fac e60052ba7c9941b1bb52c70c4a0aa8db 10f963b6ce954e13bbae01581c92b210 - - default default] Method 'is_advsvc' is deprecated since 2023.2 release (neutron-lib 3.8.0) and will be removed once support for the old RBAC API policies will be removed from Neutron. Please use method 'is_service_role' instead.
2026-05-30 06:22:23.939 9 WARNING neutron_lib.context [None req-31e068f4-5a89-40a9-b807-d3a41a8b71d0 3a5531203a744ee0836e611a7fcfed80 295e648b29254e62b033f50237ee7789 - - default default] Method 'is_advsvc' is deprecated since 2023.2 release (neutron-lib 3.8.0) and will be removed once support for the old RBAC API policies will be removed from Neutron. Please use method 'is_service_role' instead.
2026-05-30 06:22:23.980 10 WARNING neutron_lib.context [None req-d4e73557-5ad9-4332-abaf-79686b08ccc0 31a773728e214e3da3a6612fde1c8b7d 083ef1314ebb4172ba0256f0ceb2d635 - - default default] Method 'is_advsvc' is deprecated since 2023.2 release (neutron-lib 3.8.0) and will be removed once support for the old RBAC API policies will be removed from Neutron. Please use method 'is_service_role' instead.
2026-05-30 06:22:24.102 10 INFO neutron.db.ovn_revision_numbers_db [None req-d4e73557-5ad9-4332-abaf-79686b08ccc0 31a773728e214e3da3a6612fde1c8b7d 083ef1314ebb4172ba0256f0ceb2d635 - - default default] Successfully bumped revision number for resource 6ace8e57-c20f-45d7-a507-cc3ad9e8bbfc (type: security_groups) to 1
2026-05-30 06:22:24.124 10 INFO neutron.db.ovn_revision_numbers_db [None req-d4e73557-5ad9-4332-abaf-79686b08ccc0 31a773728e214e3da3a6612fde1c8b7d 083ef1314ebb4172ba0256f0ceb2d635 - - default default] Successfully bumped revision number for resource 611bc79b-0a62-4ee2-a8c6-434cd8501f37 (type: security_group_rules) to 0
2026-05-30 06:22:24.145 10 INFO neutron.db.ovn_revision_numbers_db [None req-d4e73557-5ad9-4332-abaf-79686b08ccc0 31a773728e214e3da3a6612fde1c8b7d 083ef1314ebb4172ba0256f0ceb2d635 - - default default] Successfully bumped revision number for resource 93592c52-d914-4fb6-9e09-905d8d3e6baf (type: security_group_rules) to 0
2026-05-30 06:22:24.166 10 INFO neutron.wsgi [None req-d4e73557-5ad9-4332-abaf-79686b08ccc0 31a773728e214e3da3a6612fde1c8b7d 083ef1314ebb4172ba0256f0ceb2d635 - - default default] 10.0.0.233 "POST /v2.0/security-groups HTTP/1.1" status: 201 len: 1796 time: 0.2046461
2026-05-30 06:22:24.179 10 WARNING neutron_lib.context [None req-b5d65711-7c69-4a78-8f5f-eed2a13213a4 31a773728e214e3da3a6612fde1c8b7d 083ef1314ebb4172ba0256f0ceb2d635 - - default default] Method 'is_advsvc' is deprecated since 2023.2 release (neutron-lib 3.8.0) and will be removed once support for the old RBAC API policies will be removed from Neutron. Please use method 'is_service_role' instead.
2026-05-30 06:22:24.185 9 WARNING neutron.scheduler.dhcp_agent_scheduler [None req-31e068f4-5a89-40a9-b807-d3a41a8b71d0 3a5531203a744ee0836e611a7fcfed80 295e648b29254e62b033f50237ee7789 - - default default] No more DHCP agents
2026-05-30 06:22:24.188 9 WARNING neutron.api.rpc.agentnotifiers.dhcp_rpc_agent_api [None req-31e068f4-5a89-40a9-b807-d3a41a8b71d0 3a5531203a744ee0836e611a7fcfed80 295e648b29254e62b033f50237ee7789 - - default default] Unable to schedule network 2d58f80b-7ffc-4b65-9ef5-fdb38af1cc24: no agents available; will retry on subsequent port and subnet creation events.
2026-05-30 06:22:24.214 9 INFO neutron.db.ovn_revision_numbers_db [None req-31e068f4-5a89-40a9-b807-d3a41a8b71d0 3a5531203a744ee0836e611a7fcfed80 295e648b29254e62b033f50237ee7789 - - default default] Successfully bumped revision number for resource dcae5ab7-a9d5-4262-a9f4-905472c7437b (type: subnets) to 0
2026-05-30 06:22:24.231 9 INFO neutron.wsgi [None req-31e068f4-5a89-40a9-b807-d3a41a8b71d0 3a5531203a744ee0836e611a7fcfed80 295e648b29254e62b033f50237ee7789 - - default default] 10.0.0.233 "POST /v2.0/subnets HTTP/1.1" status: 201 len: 802 time: 0.2968688
2026-05-30 06:22:24.240 9 WARNING neutron_lib.context [None req-96d9b58a-5304-4e47-a95d-71a9c32dd852 3a5531203a744ee0836e611a7fcfed80 295e648b29254e62b033f50237ee7789 - - default default] Method 'is_advsvc' is deprecated since 2023.2 release (neutron-lib 3.8.0) and will be removed once support for the old RBAC API policies will be removed from Neutron. Please use method 'is_service_role' instead.
2026-05-30 06:22:24.324 10 INFO neutron.wsgi [req-e9659bb7-c534-4e31-9603-cf30c943aa6c req-6fa64a09-d946-4094-b338-9857822d4b94 e60052ba7c9941b1bb52c70c4a0aa8db 10f963b6ce954e13bbae01581c92b210 - - default default] 10.0.0.113 "GET /v2.0/ports?device_id=c3a88cda-6e27-448b-b392-8744d7953f4c HTTP/1.1" status: 200 len: 210 time: 0.0286031
2026-05-30 06:22:24.355 10 WARNING neutron.scheduler.dhcp_agent_scheduler [req-c7b84525-37e5-486d-8176-7c1cf65ac12f req-4a3d0bb3-88e1-4e1a-a9dd-3893bf100fac e60052ba7c9941b1bb52c70c4a0aa8db 10f963b6ce954e13bbae01581c92b210 - - default default] No more DHCP agents
2026-05-30 06:22:24.359 10 WARNING neutron.api.rpc.agentnotifiers.dhcp_rpc_agent_api [req-c7b84525-37e5-486d-8176-7c1cf65ac12f req-4a3d0bb3-88e1-4e1a-a9dd-3893bf100fac e60052ba7c9941b1bb52c70c4a0aa8db 10f963b6ce954e13bbae01581c92b210 - - default default] Unable to schedule network e7ac19ad-2c72-4849-9d0d-7536c1a3c690: no agents available; will retry on subsequent port and subnet creation events.
2026-05-30 06:22:24.387 10 INFO neutron.db.ovn_revision_numbers_db [None req-b5d65711-7c69-4a78-8f5f-eed2a13213a4 31a773728e214e3da3a6612fde1c8b7d 083ef1314ebb4172ba0256f0ceb2d635 - - default default] Successfully bumped revision number for resource 8f9ba812-aab6-4112-8925-8b6ae6953a14 (type: security_group_rules) to 0
2026-05-30 06:22:24.416 10 INFO neutron.wsgi [None req-b5d65711-7c69-4a78-8f5f-eed2a13213a4 31a773728e214e3da3a6612fde1c8b7d 083ef1314ebb4172ba0256f0ceb2d635 - - default default] 10.0.0.233 "POST /v2.0/security-group-rules HTTP/1.1" status: 201 len: 764 time: 0.2445457 /var/lib/openstack/lib/python3.10/site-packages/pycadf/identifier.py:71: UserWarning: Invalid uuid: neutron. To ensure interoperability, identifiers should be a valid uuid. warnings.warn(('Invalid uuid: %s. To ensure interoperability, '
2026-05-30 06:22:24.430 10 WARNING neutron_lib.context [None req-0026ff0a-e62f-4c90-97b6-2ae1dad806e9 31a773728e214e3da3a6612fde1c8b7d 083ef1314ebb4172ba0256f0ceb2d635 - - default default] Method 'is_advsvc' is deprecated since 2023.2 release (neutron-lib 3.8.0) and will be removed once support for the old RBAC API policies will be removed from Neutron. Please use method 'is_service_role' instead.
2026-05-30 06:22:24.538 10 INFO neutron.db.ovn_revision_numbers_db [req-c7b84525-37e5-486d-8176-7c1cf65ac12f req-4a3d0bb3-88e1-4e1a-a9dd-3893bf100fac e60052ba7c9941b1bb52c70c4a0aa8db 10f963b6ce954e13bbae01581c92b210 - - default default] Successfully bumped revision number for resource 8ad21ca9-53df-4d26-ae37-8fec9b11461e (type: ports) to 1
2026-05-30 06:22:24.566 10 INFO neutron.wsgi [req-c7b84525-37e5-486d-8176-7c1cf65ac12f req-4a3d0bb3-88e1-4e1a-a9dd-3893bf100fac e60052ba7c9941b1bb52c70c4a0aa8db 10f963b6ce954e13bbae01581c92b210 - - default default] 199.204.45.30 "POST /v2.0/ports HTTP/1.1" status: 201 len: 1162 time: 0.6440611
2026-05-30 06:22:24.592 10 INFO neutron.db.ovn_revision_numbers_db [None req-0026ff0a-e62f-4c90-97b6-2ae1dad806e9 31a773728e214e3da3a6612fde1c8b7d 083ef1314ebb4172ba0256f0ceb2d635 - - default default] Successfully bumped revision number for resource a0fada64-7a96-4e05-8b41-89b6342ef99f (type: security_group_rules) to 0
2026-05-30 06:22:24.624 10 INFO neutron.wsgi [None req-0026ff0a-e62f-4c90-97b6-2ae1dad806e9 31a773728e214e3da3a6612fde1c8b7d 083ef1314ebb4172ba0256f0ceb2d635 - - default default] 10.0.0.233 "POST /v2.0/security-group-rules HTTP/1.1" status: 201 len: 769 time: 0.2029109
2026-05-30 06:22:24.641 9 WARNING neutron_lib.context [None req-43f11bf6-38d8-4e8d-82b8-db21c0c6ee2c 31a773728e214e3da3a6612fde1c8b7d 083ef1314ebb4172ba0256f0ceb2d635 - - default default] Method 'is_advsvc' is deprecated since 2023.2 release (neutron-lib 3.8.0) and will be removed once support for the old RBAC API policies will be removed from Neutron. Please use method 'is_service_role' instead.
2026-05-30 06:22:24.761 9 WARNING neutron.scheduler.dhcp_agent_scheduler [None req-96d9b58a-5304-4e47-a95d-71a9c32dd852 3a5531203a744ee0836e611a7fcfed80 295e648b29254e62b033f50237ee7789 - - default default] No more DHCP agents
2026-05-30 06:22:24.769 9 WARNING neutron.api.rpc.agentnotifiers.dhcp_rpc_agent_api [None req-96d9b58a-5304-4e47-a95d-71a9c32dd852 3a5531203a744ee0836e611a7fcfed80 295e648b29254e62b033f50237ee7789 - - default default] Unable to schedule network 11b4d999-c9b7-4826-92f7-6abe7fd0399f: no agents available; will retry on subsequent port and subnet creation events.
2026-05-30 06:22:24.929 10 INFO neutron.db.ovn_revision_numbers_db [req-c7b84525-37e5-486d-8176-7c1cf65ac12f req-7238d2ea-c93e-4eb5-8614-88c431e0df9c c8778c66d7644976a19bcfcf035beb3c badad4dc82a74e2788062edc3925de7d - - 5a1a72e7a3ec4b3e8f405893aa045520 5a1a72e7a3ec4b3e8f405893aa045520] Successfully bumped revision number for resource 8ad21ca9-53df-4d26-ae37-8fec9b11461e (type: ports) to 2
2026-05-30 06:22:25.102 10 INFO neutron.db.ovn_revision_numbers_db [req-c7b84525-37e5-486d-8176-7c1cf65ac12f req-7238d2ea-c93e-4eb5-8614-88c431e0df9c c8778c66d7644976a19bcfcf035beb3c badad4dc82a74e2788062edc3925de7d - - 5a1a72e7a3ec4b3e8f405893aa045520 5a1a72e7a3ec4b3e8f405893aa045520] Successfully bumped revision number for resource 8ad21ca9-53df-4d26-ae37-8fec9b11461e (type: ports) to 2
2026-05-30 06:22:25.118 10 INFO neutron.wsgi [req-c7b84525-37e5-486d-8176-7c1cf65ac12f req-7238d2ea-c93e-4eb5-8614-88c431e0df9c c8778c66d7644976a19bcfcf035beb3c badad4dc82a74e2788062edc3925de7d - - 5a1a72e7a3ec4b3e8f405893aa045520 5a1a72e7a3ec4b3e8f405893aa045520] 199.204.45.30 "PUT /v2.0/ports/8ad21ca9-53df-4d26-ae37-8fec9b11461e HTTP/1.1" status: 200 len: 1380 time: 0.5448873
2026-05-30 06:22:25.154 10 INFO neutron.notifiers.nova [-] Nova event matching ['req-d3c54cd2-69b0-4200-8e51-3abbd1072142'] response: {'name': 'network-changed', 'server_uuid': 'c3a88cda-6e27-448b-b392-8744d7953f4c', 'tag': '8ad21ca9-53df-4d26-ae37-8fec9b11461e', 'status': 'completed', 'code': 200}
2026-05-30 06:22:25.160 9 WARNING neutron.scheduler.dhcp_agent_scheduler [None req-43f11bf6-38d8-4e8d-82b8-db21c0c6ee2c 31a773728e214e3da3a6612fde1c8b7d 083ef1314ebb4172ba0256f0ceb2d635 - - default default] No more DHCP agents
2026-05-30 06:22:25.162 9 INFO neutron.db.ovn_revision_numbers_db [None req-96d9b58a-5304-4e47-a95d-71a9c32dd852 3a5531203a744ee0836e611a7fcfed80 295e648b29254e62b033f50237ee7789 - - default default] Successfully bumped revision number for resource 31b16b75-3b21-44cb-b464-c09dd088a3e5 (type: ports) to 1
2026-05-30 06:22:25.163 9 WARNING neutron.api.rpc.agentnotifiers.dhcp_rpc_agent_api [None req-43f11bf6-38d8-4e8d-82b8-db21c0c6ee2c 31a773728e214e3da3a6612fde1c8b7d 083ef1314ebb4172ba0256f0ceb2d635 - - default default] Unable to schedule network 11b4d999-c9b7-4826-92f7-6abe7fd0399f: no agents available; will retry on subsequent port and subnet creation events. /var/lib/openstack/lib/python3.10/site-packages/pycadf/identifier.py:71: UserWarning: Invalid uuid: neutron. To ensure interoperability, identifiers should be a valid uuid. warnings.warn(('Invalid uuid: %s. To ensure interoperability, '
2026-05-30 06:22:25.202 10 INFO neutron.wsgi [req-c7b84525-37e5-486d-8176-7c1cf65ac12f req-8ee77171-7bd9-4d48-818e-94966aed9ca8 c8778c66d7644976a19bcfcf035beb3c badad4dc82a74e2788062edc3925de7d - - 5a1a72e7a3ec4b3e8f405893aa045520 5a1a72e7a3ec4b3e8f405893aa045520] 199.204.45.30 "GET /v2.0/ports?tenant_id=10f963b6ce954e13bbae01581c92b210&device_id=c3a88cda-6e27-448b-b392-8744d7953f4c HTTP/1.1" status: 200 len: 1411 time: 0.0439150
2026-05-30 06:22:25.231 10 INFO neutron.wsgi [req-c7b84525-37e5-486d-8176-7c1cf65ac12f req-8f2e5b49-e08b-42a3-8de1-fd2a41b381f3 c8778c66d7644976a19bcfcf035beb3c badad4dc82a74e2788062edc3925de7d - - 5a1a72e7a3ec4b3e8f405893aa045520 5a1a72e7a3ec4b3e8f405893aa045520] 199.204.45.30 "GET /v2.0/floatingips?fixed_ip_address=10.100.0.10&port_id=8ad21ca9-53df-4d26-ae37-8fec9b11461e HTTP/1.1" status: 200 len: 217 time: 0.0211506
2026-05-30 06:22:25.261 10 INFO neutron.wsgi [req-c7b84525-37e5-486d-8176-7c1cf65ac12f req-44000e8b-659c-4a78-bd3a-e4ed57d7e923 c8778c66d7644976a19bcfcf035beb3c badad4dc82a74e2788062edc3925de7d - - 5a1a72e7a3ec4b3e8f405893aa045520 5a1a72e7a3ec4b3e8f405893aa045520] 199.204.45.30 "GET /v2.0/subnets?id=f2eb9c9d-0f08-4da4-9689-3dba77f71de1 HTTP/1.1" status: 200 len: 866 time: 0.0255170
2026-05-30 06:22:25.288 10 INFO neutron.wsgi [req-c7b84525-37e5-486d-8176-7c1cf65ac12f req-dfb3d393-b710-48ea-9af5-dee387557440 c8778c66d7644976a19bcfcf035beb3c badad4dc82a74e2788062edc3925de7d - - 5a1a72e7a3ec4b3e8f405893aa045520 5a1a72e7a3ec4b3e8f405893aa045520] 199.204.45.30 "GET /v2.0/ports?network_id=e7ac19ad-2c72-4849-9d0d-7536c1a3c690&device_owner=network%3Adhcp HTTP/1.1" status: 200 len: 210 time: 0.0200930
2026-05-30 06:22:25.361 10 INFO neutron.wsgi [req-c7b84525-37e5-486d-8176-7c1cf65ac12f req-635ca247-c3a6-45f4-a97d-da9ce40e84f6 c8778c66d7644976a19bcfcf035beb3c badad4dc82a74e2788062edc3925de7d - - 5a1a72e7a3ec4b3e8f405893aa045520 5a1a72e7a3ec4b3e8f405893aa045520] 199.204.45.30 "GET /v2.0/networks/e7ac19ad-2c72-4849-9d0d-7536c1a3c690?fields=segments HTTP/1.1" status: 200 len: 212 time: 0.0661898
2026-05-30 06:22:25.430 10 INFO neutron.wsgi [req-4cb0c41c-b6de-484e-820b-ff60641178d7 req-e627c7e4-c622-49ea-8448-9a4cd349453b e60052ba7c9941b1bb52c70c4a0aa8db 10f963b6ce954e13bbae01581c92b210 - - default default] 10.0.0.113 "GET /v2.0/ports?device_id=c3a88cda-6e27-448b-b392-8744d7953f4c HTTP/1.1" status: 200 len: 1172 time: 0.0453537
2026-05-30 06:22:25.449 10 INFO neutron.wsgi [req-c7b84525-37e5-486d-8176-7c1cf65ac12f req-133cd4fa-f37d-4168-9fee-a82c977d30d7 c8778c66d7644976a19bcfcf035beb3c badad4dc82a74e2788062edc3925de7d - - 5a1a72e7a3ec4b3e8f405893aa045520 5a1a72e7a3ec4b3e8f405893aa045520] 199.204.45.30 "GET /v2.0/networks/e7ac19ad-2c72-4849-9d0d-7536c1a3c690?fields=provider%3Aphysical_network&fields=provider%3Anetwork_type HTTP/1.1" status: 200 len: 277 time: 0.0829682
2026-05-30 06:22:25.469 10 INFO neutron.wsgi [req-4cb0c41c-b6de-484e-820b-ff60641178d7 req-cc2529cd-002c-4ef7-aa02-748fb931a607 e60052ba7c9941b1bb52c70c4a0aa8db 10f963b6ce954e13bbae01581c92b210 - - default default] 10.0.0.113 "GET /v2.0/security-groups?id=5c0c1691-7782-47ae-b73a-0f6e8e4cfe03&fields=id&fields=name HTTP/1.1" status: 200 len: 286 time: 0.0316894
2026-05-30 06:22:25.537 10 INFO neutron.wsgi [req-84ff590d-4bfd-40d3-bff1-de83438600c8 req-a9954531-4ae6-4164-929d-f5edec5f4b71 c8778c66d7644976a19bcfcf035beb3c badad4dc82a74e2788062edc3925de7d - - 5a1a72e7a3ec4b3e8f405893aa045520 5a1a72e7a3ec4b3e8f405893aa045520] 199.204.45.30 "GET /v2.0/ports?tenant_id=10f963b6ce954e13bbae01581c92b210&device_id=c3a88cda-6e27-448b-b392-8744d7953f4c HTTP/1.1" status: 200 len: 1411 time: 0.0510492
2026-05-30 06:22:25.598 10 INFO neutron.wsgi [req-84ff590d-4bfd-40d3-bff1-de83438600c8 req-dac81f6f-a6a3-4351-a35a-6160e8cca36a c8778c66d7644976a19bcfcf035beb3c badad4dc82a74e2788062edc3925de7d - - 5a1a72e7a3ec4b3e8f405893aa045520 5a1a72e7a3ec4b3e8f405893aa045520] 199.204.45.30 "GET /v2.0/networks?id=e7ac19ad-2c72-4849-9d0d-7536c1a3c690 HTTP/1.1" status: 200 len: 971 time: 0.0562916
2026-05-30 06:22:25.642 10 INFO neutron.wsgi [req-84ff590d-4bfd-40d3-bff1-de83438600c8 req-80e16094-dd9e-405e-8c76-73d08e8297db c8778c66d7644976a19bcfcf035beb3c badad4dc82a74e2788062edc3925de7d - - 5a1a72e7a3ec4b3e8f405893aa045520 5a1a72e7a3ec4b3e8f405893aa045520] 199.204.45.30 "GET /v2.0/floatingips?fixed_ip_address=10.100.0.10&port_id=8ad21ca9-53df-4d26-ae37-8fec9b11461e HTTP/1.1" status: 200 len: 217 time: 0.0362730
2026-05-30 06:22:25.664 9 INFO neutron.wsgi [-] 10.0.0.111 "GET / HTTP/1.1" status: 200 len: 247 time: 0.0013444
2026-05-30 06:22:25.666 9 INFO neutron.wsgi [-] 10.0.0.111 "GET / HTTP/1.1" status: 200 len: 247 time: 0.0011218
2026-05-30 06:22:25.668 9 INFO neutron.db.ovn_revision_numbers_db [None req-43f11bf6-38d8-4e8d-82b8-db21c0c6ee2c 31a773728e214e3da3a6612fde1c8b7d 083ef1314ebb4172ba0256f0ceb2d635 - - default default] Successfully bumped revision number for resource c4f90975-e90d-4be4-9f0c-9cd1c3db8b8d (type: floatingips) to 0
2026-05-30 06:22:25.684 10 INFO neutron.wsgi [req-84ff590d-4bfd-40d3-bff1-de83438600c8 req-e09f4587-bb3b-4a2b-90f2-809ae208f466 c8778c66d7644976a19bcfcf035beb3c badad4dc82a74e2788062edc3925de7d - - 5a1a72e7a3ec4b3e8f405893aa045520 5a1a72e7a3ec4b3e8f405893aa045520] 199.204.45.30 "GET /v2.0/subnets?id=f2eb9c9d-0f08-4da4-9689-3dba77f71de1 HTTP/1.1" status: 200 len: 866 time: 0.0370424
2026-05-30 06:22:25.688 9 INFO neutron.wsgi [None req-43f11bf6-38d8-4e8d-82b8-db21c0c6ee2c 31a773728e214e3da3a6612fde1c8b7d 083ef1314ebb4172ba0256f0ceb2d635 - - default default] 10.0.0.233 "POST /v2.0/floatingips HTTP/1.1" status: 201 len: 751 time: 1.0587046
2026-05-30 06:22:25.718 10 INFO neutron.wsgi [req-84ff590d-4bfd-40d3-bff1-de83438600c8 req-bfaa77a0-24fb-4aaa-80dc-e15fff50f24b c8778c66d7644976a19bcfcf035beb3c badad4dc82a74e2788062edc3925de7d - - 5a1a72e7a3ec4b3e8f405893aa045520 5a1a72e7a3ec4b3e8f405893aa045520] 199.204.45.30 "GET /v2.0/ports?network_id=e7ac19ad-2c72-4849-9d0d-7536c1a3c690&device_owner=network%3Adhcp HTTP/1.1" status: 200 len: 210 time: 0.0259709
2026-05-30 06:22:25.817 10 INFO neutron.wsgi [req-84ff590d-4bfd-40d3-bff1-de83438600c8 req-bd8f3221-897e-4bf3-a680-f07ccd502907 c8778c66d7644976a19bcfcf035beb3c badad4dc82a74e2788062edc3925de7d - - 5a1a72e7a3ec4b3e8f405893aa045520 5a1a72e7a3ec4b3e8f405893aa045520] 199.204.45.30 "GET /v2.0/networks/e7ac19ad-2c72-4849-9d0d-7536c1a3c690?fields=segments HTTP/1.1" status: 200 len: 212 time: 0.0905275
2026-05-30 06:22:25.880 10 INFO neutron.wsgi [req-84ff590d-4bfd-40d3-bff1-de83438600c8 req-546eb7b7-523d-4218-8b44-236d91d136ea c8778c66d7644976a19bcfcf035beb3c badad4dc82a74e2788062edc3925de7d - - 5a1a72e7a3ec4b3e8f405893aa045520 5a1a72e7a3ec4b3e8f405893aa045520] 199.204.45.30 "GET /v2.0/networks/e7ac19ad-2c72-4849-9d0d-7536c1a3c690?fields=provider%3Aphysical_network&fields=provider%3Anetwork_type HTTP/1.1" status: 200 len: 277 time: 0.0598464
2026-05-30 06:22:25.967 9 INFO neutron.db.ovn_revision_numbers_db [None req-96d9b58a-5304-4e47-a95d-71a9c32dd852 3a5531203a744ee0836e611a7fcfed80 295e648b29254e62b033f50237ee7789 - - default default] Successfully bumped revision number for resource 31b16b75-3b21-44cb-b464-c09dd088a3e5 (type: router_ports) to 1
2026-05-30 06:22:26.081 9 INFO neutron.db.ovn_revision_numbers_db [None req-96d9b58a-5304-4e47-a95d-71a9c32dd852 3a5531203a744ee0836e611a7fcfed80 295e648b29254e62b033f50237ee7789 - - default default] Successfully bumped revision number for resource 3216e0c4-32f7-469b-98f9-1162e7cb8241 (type: routers) to 2
2026-05-30 06:22:26.100 9 INFO neutron.wsgi [None req-96d9b58a-5304-4e47-a95d-71a9c32dd852 3a5531203a744ee0836e611a7fcfed80 295e648b29254e62b033f50237ee7789 - - default default] 10.0.0.233 "POST /v2.0/routers HTTP/1.1" status: 201 len: 874 time: 1.8649852
2026-05-30 06:22:26.147 10 INFO neutron.wsgi [req-45c6cd29-9cf0-4756-a6dc-9cb9a512d657 req-081b148f-1ea9-4408-abb9-2e64a684cd3a 31a773728e214e3da3a6612fde1c8b7d 083ef1314ebb4172ba0256f0ceb2d635 - - default default] 10.0.0.113 "GET /v2.0/security-groups?name=tempest-securitygroup--642646971&fields=id&tenant_id=083ef1314ebb4172ba0256f0ceb2d635 HTTP/1.1" status: 200 len: 267 time: 0.0377209
2026-05-30 06:22:26.208 10 INFO neutron.wsgi [req-45c6cd29-9cf0-4756-a6dc-9cb9a512d657 req-bde1d08d-d796-4e6b-a1fd-901ea77e9388 31a773728e214e3da3a6612fde1c8b7d 083ef1314ebb4172ba0256f0ceb2d635 - - default default] 10.0.0.113 "GET /v2.0/networks?id=deb7494c-4511-43d7-898c-bc0c50584371 HTTP/1.1" status: 200 len: 875 time: 0.0557339
2026-05-30 06:22:26.229 10 INFO neutron.wsgi [req-45c6cd29-9cf0-4756-a6dc-9cb9a512d657 req-e890403a-e209-44bf-a905-5ea456f78ad7 31a773728e214e3da3a6612fde1c8b7d 083ef1314ebb4172ba0256f0ceb2d635 - - default default] 10.0.0.113 "GET /v2.0/quotas/083ef1314ebb4172ba0256f0ceb2d635 HTTP/1.1" status: 200 len: 386 time: 0.0161572
2026-05-30 06:22:26.340 10 INFO neutron.wsgi [req-45c6cd29-9cf0-4756-a6dc-9cb9a512d657 req-2ade3019-369d-4a64-8319-b064c17caf09 31a773728e214e3da3a6612fde1c8b7d 083ef1314ebb4172ba0256f0ceb2d635 - - default default] 10.0.0.113 "GET /v2.0/ports?tenant_id=083ef1314ebb4172ba0256f0ceb2d635&fields=id HTTP/1.1" status: 200 len: 302 time: 0.1085241
2026-05-30 06:22:26.415 10 INFO neutron.wsgi [req-45c6cd29-9cf0-4756-a6dc-9cb9a512d657 req-7e38f5ce-3b04-489e-83f3-bc7e9f8f1725 c8778c66d7644976a19bcfcf035beb3c badad4dc82a74e2788062edc3925de7d - - 5a1a72e7a3ec4b3e8f405893aa045520 5a1a72e7a3ec4b3e8f405893aa045520] 10.0.0.113 "GET /v2.0/networks/deb7494c-4511-43d7-898c-bc0c50584371?fields=segments HTTP/1.1" status: 200 len: 212 time: 0.0626240
2026-05-30 06:22:26.489 10 INFO neutron.wsgi [req-45c6cd29-9cf0-4756-a6dc-9cb9a512d657 req-08a8c57b-64cc-4cbe-ad85-a7b0da333bac c8778c66d7644976a19bcfcf035beb3c badad4dc82a74e2788062edc3925de7d - - 5a1a72e7a3ec4b3e8f405893aa045520 5a1a72e7a3ec4b3e8f405893aa045520] 10.0.0.113 "GET /v2.0/networks/deb7494c-4511-43d7-898c-bc0c50584371?fields=provider%3Aphysical_network&fields=provider%3Anetwork_type HTTP/1.1" status: 200 len: 277 time: 0.0674200
2026-05-30 06:22:26.617 10 INFO neutron.wsgi [req-7684ef37-9031-418c-b13b-862d68ed3e9b req-264f9142-7a5e-4428-a0e0-89c224eb194f e60052ba7c9941b1bb52c70c4a0aa8db 10f963b6ce954e13bbae01581c92b210 - - default default] 10.0.0.113 "GET /v2.0/ports?device_id=c3a88cda-6e27-448b-b392-8744d7953f4c HTTP/1.1" status: 200 len: 1172 time: 0.0675735
2026-05-30 06:22:26.673 10 INFO neutron.wsgi [req-7684ef37-9031-418c-b13b-862d68ed3e9b req-e5caba3e-3b97-412a-b738-ba13a110f537 e60052ba7c9941b1bb52c70c4a0aa8db 10f963b6ce954e13bbae01581c92b210 - - default default] 10.0.0.113 "GET /v2.0/security-groups?id=5c0c1691-7782-47ae-b73a-0f6e8e4cfe03&fields=id&fields=name HTTP/1.1" status: 200 len: 286 time: 0.0478561
2026-05-30 06:22:26.680 10 INFO neutron.wsgi [req-a9748655-b5eb-41be-b979-dbd64b2b26e9 req-0e50e5d3-be91-42ea-9784-80ba329cc03f 31a773728e214e3da3a6612fde1c8b7d 083ef1314ebb4172ba0256f0ceb2d635 - - default default] 10.0.0.113 "GET /v2.0/ports?device_id=b6fd6eb7-ed02-4e00-9c2a-ea946e05e363 HTTP/1.1" status: 200 len: 210 time: 0.0220006
2026-05-30 06:22:26.774 9 WARNING neutron.scheduler.dhcp_agent_scheduler [None req-e9544e6f-a3a0-428a-be95-2d08357b20f1 3a5531203a744ee0836e611a7fcfed80 295e648b29254e62b033f50237ee7789 - - default default] No more DHCP agents
2026-05-30 06:22:26.778 9 WARNING neutron.api.rpc.agentnotifiers.dhcp_rpc_agent_api [None req-e9544e6f-a3a0-428a-be95-2d08357b20f1 3a5531203a744ee0836e611a7fcfed80 295e648b29254e62b033f50237ee7789 - - default default] Unable to schedule network 2d58f80b-7ffc-4b65-9ef5-fdb38af1cc24: no agents available; will retry on subsequent port and subnet creation events.
2026-05-30 06:22:26.990 9 INFO neutron.db.ovn_revision_numbers_db [None req-e9544e6f-a3a0-428a-be95-2d08357b20f1 3a5531203a744ee0836e611a7fcfed80 295e648b29254e62b033f50237ee7789 - - default default] Successfully bumped revision number for resource 318320c2-62a0-4622-b5dd-35251c702cbc (type: ports) to 1
2026-05-30 06:22:27.293 9 WARNING neutron.plugins.ml2.drivers.ovn.mech_driver.ovsdb.ovn_client [None req-7984f437-2146-44b6-8ddc-5f6897636561 - - - - - -] No hosting information found for port 23c23e13-b7c3-486a-abe2-ed80fda87a3a: RuntimeError: No hosting information found for port 23c23e13-b7c3-486a-abe2-ed80fda87a3a
2026-05-30 06:22:27.293 9 INFO neutron.plugins.ml2.drivers.ovn.mech_driver.mech_driver [None req-7984f437-2146-44b6-8ddc-5f6897636561 - - - - - -] OVN reports status up for port: 655b5d81-2e3a-4883-9fa4-315781660c37
2026-05-30 06:22:27.312 9 INFO neutron.plugins.ml2.plugin [None req-7984f437-2146-44b6-8ddc-5f6897636561 - - - - - -] Attempt 1 to provision port 655b5d81-2e3a-4883-9fa4-315781660c37
2026-05-30 06:22:27.408 10 INFO neutron.wsgi [req-45c6cd29-9cf0-4756-a6dc-9cb9a512d657 req-34017cb2-3a3f-4736-a5fc-f4b00b3be054 31a773728e214e3da3a6612fde1c8b7d 083ef1314ebb4172ba0256f0ceb2d635 - - default default] 199.204.45.30 "GET /v2.0/networks?id=deb7494c-4511-43d7-898c-bc0c50584371 HTTP/1.1" status: 200 len: 875 time: 0.0881107
2026-05-30 06:22:27.453 9 INFO neutron.plugins.ml2.drivers.ovn.mech_driver.mech_driver [None req-7984f437-2146-44b6-8ddc-5f6897636561 - - - - - -] OVN reports status up for port: 8ad21ca9-53df-4d26-ae37-8fec9b11461e
2026-05-30 06:22:27.465 10 INFO neutron.wsgi [req-45c6cd29-9cf0-4756-a6dc-9cb9a512d657 req-43862f32-2c82-4350-89bf-375015c6583e 31a773728e214e3da3a6612fde1c8b7d 083ef1314ebb4172ba0256f0ceb2d635 - - default default] 199.204.45.30 "GET /v2.0/security-groups?fields=id&fields=name&tenant_id=083ef1314ebb4172ba0256f0ceb2d635 HTTP/1.1" status: 200 len: 379 time: 0.0499685
2026-05-30 06:22:27.471 9 INFO neutron.db.ovn_revision_numbers_db [None req-e9544e6f-a3a0-428a-be95-2d08357b20f1 3a5531203a744ee0836e611a7fcfed80 295e648b29254e62b033f50237ee7789 - - default default] Successfully bumped revision number for resource 318320c2-62a0-4622-b5dd-35251c702cbc (type: router_ports) to 1
2026-05-30 06:22:27.474 9 INFO neutron.plugins.ml2.plugin [None req-7984f437-2146-44b6-8ddc-5f6897636561 - - - - - -] Attempt 1 to provision port 8ad21ca9-53df-4d26-ae37-8fec9b11461e
2026-05-30 06:22:27.475 10 WARNING neutron_lib.context [req-45c6cd29-9cf0-4756-a6dc-9cb9a512d657 req-151c5800-a72c-4db7-b07a-27a0531bc00d 31a773728e214e3da3a6612fde1c8b7d 083ef1314ebb4172ba0256f0ceb2d635 - - default default] Method 'is_advsvc' is deprecated since 2023.2 release (neutron-lib 3.8.0) and will be removed once support for the old RBAC API policies will be removed from Neutron. Please use method 'is_service_role' instead.
2026-05-30 06:22:27.796 10 INFO neutron.wsgi [req-6d955f4a-76e4-4de2-837e-30bf78c55535 req-2b54e265-903a-4569-aa72-704a86836977 31a773728e214e3da3a6612fde1c8b7d 083ef1314ebb4172ba0256f0ceb2d635 - - default default] 10.0.0.113 "GET /v2.0/ports?device_id=b6fd6eb7-ed02-4e00-9c2a-ea946e05e363 HTTP/1.1" status: 200 len: 210 time: 0.0339487
2026-05-30 06:22:27.827 10 INFO neutron.wsgi [req-1f085b04-48b0-412d-8fa2-9fea46f58c53 req-53d8ecfe-7208-4965-98e6-8598faad56c5 e60052ba7c9941b1bb52c70c4a0aa8db 10f963b6ce954e13bbae01581c92b210 - - default default] 10.0.0.113 "GET /v2.0/ports?device_id=c3a88cda-6e27-448b-b392-8744d7953f4c HTTP/1.1" status: 200 len: 1174 time: 0.0826395
2026-05-30 06:22:27.837 9 INFO neutron.notifiers.nova [-] Nova event matching ['req-c156898e-fb7d-4bf3-9e1a-7cae817a56ec'] response: {'server_uuid': 'c3a88cda-6e27-448b-b392-8744d7953f4c', 'name': 'network-vif-plugged', 'status': 'completed', 'tag': '8ad21ca9-53df-4d26-ae37-8fec9b11461e', 'code': 200} /var/lib/openstack/lib/python3.10/site-packages/pycadf/identifier.py:71: UserWarning: Invalid uuid: neutron. To ensure interoperability, identifiers should be a valid uuid. warnings.warn(('Invalid uuid: %s. To ensure interoperability, '
2026-05-30 06:22:27.883 9 INFO neutron.db.ovn_revision_numbers_db [None req-e9544e6f-a3a0-428a-be95-2d08357b20f1 3a5531203a744ee0836e611a7fcfed80 295e648b29254e62b033f50237ee7789 - - default default] Successfully bumped revision number for resource 318320c2-62a0-4622-b5dd-35251c702cbc (type: ports) to 1
2026-05-30 06:22:27.985 9 WARNING neutron.scheduler.dhcp_agent_scheduler [None req-e9544e6f-a3a0-428a-be95-2d08357b20f1 3a5531203a744ee0836e611a7fcfed80 295e648b29254e62b033f50237ee7789 - - default default] No more DHCP agents
2026-05-30 06:22:27.986 9 WARNING neutron.api.rpc.agentnotifiers.dhcp_rpc_agent_api [None req-e9544e6f-a3a0-428a-be95-2d08357b20f1 3a5531203a744ee0836e611a7fcfed80 295e648b29254e62b033f50237ee7789 - - default default] Unable to schedule network 2d58f80b-7ffc-4b65-9ef5-fdb38af1cc24: no agents available; will retry on subsequent port and subnet creation events.
2026-05-30 06:22:28.047 9 INFO neutron.db.ovn_revision_numbers_db [None req-7984f437-2146-44b6-8ddc-5f6897636561 - - - - - -] Successfully bumped revision number for resource 8ad21ca9-53df-4d26-ae37-8fec9b11461e (type: ports) to 4
2026-05-30 06:22:28.113 9 INFO neutron.plugins.ml2.drivers.ovn.mech_driver.mech_driver [None req-7984f437-2146-44b6-8ddc-5f6897636561 - - - - - -] OVN reports status up for port: 31b16b75-3b21-44cb-b464-c09dd088a3e5
2026-05-30 06:22:28.115 10 WARNING neutron.scheduler.dhcp_agent_scheduler [req-45c6cd29-9cf0-4756-a6dc-9cb9a512d657 req-151c5800-a72c-4db7-b07a-27a0531bc00d 31a773728e214e3da3a6612fde1c8b7d 083ef1314ebb4172ba0256f0ceb2d635 - - default default] No more DHCP agents
2026-05-30 06:22:28.119 10 WARNING neutron.api.rpc.agentnotifiers.dhcp_rpc_agent_api [req-45c6cd29-9cf0-4756-a6dc-9cb9a512d657 req-151c5800-a72c-4db7-b07a-27a0531bc00d 31a773728e214e3da3a6612fde1c8b7d 083ef1314ebb4172ba0256f0ceb2d635 - - default default] Unable to schedule network deb7494c-4511-43d7-898c-bc0c50584371: no agents available; will retry on subsequent port and subnet creation events.
2026-05-30 06:22:28.125 9 INFO neutron.plugins.ml2.plugin [None req-7984f437-2146-44b6-8ddc-5f6897636561 - - - - - -] Attempt 1 to provision port 31b16b75-3b21-44cb-b464-c09dd088a3e5
2026-05-30 06:22:28.139 10 INFO neutron.wsgi [req-1f085b04-48b0-412d-8fa2-9fea46f58c53 req-2c825a8e-5452-4b86-a024-915610792093 e60052ba7c9941b1bb52c70c4a0aa8db 10f963b6ce954e13bbae01581c92b210 - - default default] 10.0.0.113 "GET /v2.0/security-groups?id=5c0c1691-7782-47ae-b73a-0f6e8e4cfe03&fields=id&fields=name HTTP/1.1" status: 200 len: 286 time: 0.3037429
2026-05-30 06:22:28.298 10 INFO neutron.db.ovn_revision_numbers_db [req-45c6cd29-9cf0-4756-a6dc-9cb9a512d657 req-151c5800-a72c-4db7-b07a-27a0531bc00d 31a773728e214e3da3a6612fde1c8b7d 083ef1314ebb4172ba0256f0ceb2d635 - - default default] Successfully bumped revision number for resource b0417995-ac06-422c-b065-d9bf82313812 (type: ports) to 1
2026-05-30 06:22:28.330 10 INFO neutron.wsgi [req-45c6cd29-9cf0-4756-a6dc-9cb9a512d657 req-151c5800-a72c-4db7-b07a-27a0531bc00d 31a773728e214e3da3a6612fde1c8b7d 083ef1314ebb4172ba0256f0ceb2d635 - - default default] 199.204.45.30 "POST /v2.0/ports HTTP/1.1" status: 201 len: 1162 time: 0.8617356
2026-05-30 06:22:28.342 9 INFO neutron.db.ovn_revision_numbers_db [None req-e9544e6f-a3a0-428a-be95-2d08357b20f1 3a5531203a744ee0836e611a7fcfed80 295e648b29254e62b033f50237ee7789 - - default default] Successfully bumped revision number for resource 318320c2-62a0-4622-b5dd-35251c702cbc (type: router_ports) to 1 /var/lib/openstack/lib/python3.10/site-packages/pycadf/identifier.py:71: UserWarning: Invalid uuid: neutron. To ensure interoperability, identifiers should be a valid uuid. warnings.warn(('Invalid uuid: %s. To ensure interoperability, '
2026-05-30 06:22:28.345 9 INFO neutron.wsgi [None req-e9544e6f-a3a0-428a-be95-2d08357b20f1 3a5531203a744ee0836e611a7fcfed80 295e648b29254e62b033f50237ee7789 - - default default] 10.0.0.233 "PUT /v2.0/routers/3216e0c4-32f7-469b-98f9-1162e7cb8241/add_router_interface HTTP/1.1" status: 200 len: 503 time: 2.2411242
2026-05-30 06:22:28.358 10 WARNING neutron_lib.context [None req-994db701-3268-440e-b14e-898f07cd7e59 3a5531203a744ee0836e611a7fcfed80 295e648b29254e62b033f50237ee7789 - - default default] Method 'is_advsvc' is deprecated since 2023.2 release (neutron-lib 3.8.0) and will be removed once support for the old RBAC API policies will be removed from Neutron. Please use method 'is_service_role' instead.
2026-05-30 06:22:28.373 10 WARNING neutron.plugins.ml2.drivers.ovn.mech_driver.ovsdb.ovn_client [None req-63e0e90d-16ac-4ee9-8703-71e66a698c84 - - - - - -] No hosting information found for port f1962323-e086-4fe6-9153-bfde2a2787a1: RuntimeError: No hosting information found for port f1962323-e086-4fe6-9153-bfde2a2787a1 /var/lib/openstack/lib/python3.10/site-packages/pycadf/identifier.py:71: UserWarning: Invalid uuid: neutron. To ensure interoperability, identifiers should be a valid uuid. warnings.warn(('Invalid uuid: %s. To ensure interoperability, '
2026-05-30 06:22:28.646 9 INFO neutron.db.ovn_revision_numbers_db [None req-2f087137-7059-44c6-8e4f-95c5d0ed1dc5 fa9ca9eda4724365ad319b81ddc79576 604cbe8fbcb44e7bb365d0755c5a9367 - - default default] Successfully bumped revision number for resource 8bb1e59e-feac-4f39-a17a-0c89d55395a4 (type: security_groups) to 1
2026-05-30 06:22:28.660 9 INFO neutron.db.ovn_revision_numbers_db [None req-2f087137-7059-44c6-8e4f-95c5d0ed1dc5 fa9ca9eda4724365ad319b81ddc79576 604cbe8fbcb44e7bb365d0755c5a9367 - - default default] Successfully bumped revision number for resource 2165748d-4293-46d8-bd72-eb1d1605ddc2 (type: security_group_rules) to 0
2026-05-30 06:22:28.677 9 INFO neutron.db.ovn_revision_numbers_db [None req-2f087137-7059-44c6-8e4f-95c5d0ed1dc5 fa9ca9eda4724365ad319b81ddc79576 604cbe8fbcb44e7bb365d0755c5a9367 - - default default] Successfully bumped revision number for resource 2b5a22fb-a730-4949-96fd-32c24e8f2c04 (type: security_group_rules) to 0
2026-05-30 06:22:28.696 9 INFO neutron.db.ovn_revision_numbers_db [None req-2f087137-7059-44c6-8e4f-95c5d0ed1dc5 fa9ca9eda4724365ad319b81ddc79576 604cbe8fbcb44e7bb365d0755c5a9367 - - default default] Successfully bumped revision number for resource 53b90441-8c03-4b21-b4f6-f7ee8e54b201 (type: security_group_rules) to 0
2026-05-30 06:22:28.710 9 INFO neutron.db.ovn_revision_numbers_db [None req-2f087137-7059-44c6-8e4f-95c5d0ed1dc5 fa9ca9eda4724365ad319b81ddc79576 604cbe8fbcb44e7bb365d0755c5a9367 - - default default] Successfully bumped revision number for resource 7b6bc665-21af-4a55-937a-e5bcdba051e0 (type: security_group_rules) to 0
2026-05-30 06:22:28.734 9 INFO neutron.wsgi [None req-2f087137-7059-44c6-8e4f-95c5d0ed1dc5 fa9ca9eda4724365ad319b81ddc79576 604cbe8fbcb44e7bb365d0755c5a9367 - - default default] 10.0.0.233 "GET /v2.0/security-groups?tenant_id=8da7f304d39243a2a8a0ca088e31d0bf&name=default HTTP/1.1" status: 200 len: 2996 time: 0.3826773
2026-05-30 06:22:28.806 10 WARNING neutron.scheduler.dhcp_agent_scheduler [None req-994db701-3268-440e-b14e-898f07cd7e59 3a5531203a744ee0836e611a7fcfed80 295e648b29254e62b033f50237ee7789 - - default default] No more DHCP agents
2026-05-30 06:22:28.815 10 WARNING neutron.api.rpc.agentnotifiers.dhcp_rpc_agent_api [None req-994db701-3268-440e-b14e-898f07cd7e59 3a5531203a744ee0836e611a7fcfed80 295e648b29254e62b033f50237ee7789 - - default default] Unable to schedule network 2d58f80b-7ffc-4b65-9ef5-fdb38af1cc24: no agents available; will retry on subsequent port and subnet creation events. /var/lib/openstack/lib/python3.10/site-packages/pycadf/identifier.py:71: UserWarning: Invalid uuid: neutron. To ensure interoperability, identifiers should be a valid uuid. warnings.warn(('Invalid uuid: %s. To ensure interoperability, '
2026-05-30 06:22:28.912 9 INFO neutron.wsgi [None req-5a637f90-0501-406a-b551-d01946ec5698 fa9ca9eda4724365ad319b81ddc79576 604cbe8fbcb44e7bb365d0755c5a9367 - - default default] 10.0.0.233 "DELETE /v2.0/security-groups/8bb1e59e-feac-4f39-a17a-0c89d55395a4 HTTP/1.1" status: 204 len: 168 time: 0.1719286
2026-05-30 06:22:28.918 10 INFO neutron.wsgi [req-dade916b-1ab8-44a3-9406-46f2aee5bb4f req-27466c9f-745d-40c8-b6a1-af98b18e6977 31a773728e214e3da3a6612fde1c8b7d 083ef1314ebb4172ba0256f0ceb2d635 - - default default] 10.0.0.113 "GET /v2.0/ports?device_id=b6fd6eb7-ed02-4e00-9c2a-ea946e05e363 HTTP/1.1" status: 200 len: 1172 time: 0.0541666
2026-05-30 06:22:28.926 10 INFO neutron.db.ovn_revision_numbers_db [req-45c6cd29-9cf0-4756-a6dc-9cb9a512d657 req-c8f1523e-6b76-4810-a242-1c9ffcf2e4da c8778c66d7644976a19bcfcf035beb3c badad4dc82a74e2788062edc3925de7d - - 5a1a72e7a3ec4b3e8f405893aa045520 5a1a72e7a3ec4b3e8f405893aa045520] Successfully bumped revision number for resource b0417995-ac06-422c-b065-d9bf82313812 (type: ports) to 2
2026-05-30 06:22:28.977 10 INFO neutron.wsgi [req-dade916b-1ab8-44a3-9406-46f2aee5bb4f req-26a7b481-b4d5-43d3-bb35-9fe2d16ef7c5 31a773728e214e3da3a6612fde1c8b7d 083ef1314ebb4172ba0256f0ceb2d635 - - default default] 10.0.0.113 "GET /v2.0/security-groups?id=6ace8e57-c20f-45d7-a507-cc3ad9e8bbfc&fields=id&fields=name HTTP/1.1" status: 200 len: 312 time: 0.0490670
2026-05-30 06:22:29.070 10 INFO neutron.db.ovn_revision_numbers_db [None req-994db701-3268-440e-b14e-898f07cd7e59 3a5531203a744ee0836e611a7fcfed80 295e648b29254e62b033f50237ee7789 - - default default] Successfully bumped revision number for resource ed5a4e13-6258-40d1-ab53-c254c7b43846 (type: ports) to 1
2026-05-30 06:22:29.102 10 INFO neutron.wsgi [None req-994db701-3268-440e-b14e-898f07cd7e59 3a5531203a744ee0836e611a7fcfed80 295e648b29254e62b033f50237ee7789 - - default default] 10.0.0.233 "POST /v2.0/ports HTTP/1.1" status: 201 len: 1153 time: 0.7506144 /var/lib/openstack/lib/python3.10/site-packages/pycadf/identifier.py:71: UserWarning: Invalid uuid: neutron. To ensure interoperability, identifiers should be a valid uuid. warnings.warn(('Invalid uuid: %s. To ensure interoperability, '
2026-05-30 06:22:29.123 10 WARNING neutron_lib.context [None req-a5557f19-d517-49cf-8569-f9f749c8d9fb 3a5531203a744ee0836e611a7fcfed80 295e648b29254e62b033f50237ee7789 - - default default] Method 'is_advsvc' is deprecated since 2023.2 release (neutron-lib 3.8.0) and will be removed once support for the old RBAC API policies will be removed from Neutron. Please use method 'is_service_role' instead.
2026-05-30 06:22:29.133 9 INFO neutron.db.ovn_revision_numbers_db [None req-32648627-ac0f-492f-98e1-525e61bc9f0c fa9ca9eda4724365ad319b81ddc79576 604cbe8fbcb44e7bb365d0755c5a9367 - - default default] Successfully bumped revision number for resource 652f11c7-cd29-4d0a-8168-5ea9af7e32a9 (type: security_groups) to 1
