2026-05-30 06:24:03.892 10 INFO neutron.wsgi [req-844de3e4-8889-44a9-96f8-ee1a18f72d41 req-07fc2962-f1d9-4fb7-a86f-0a14f646e015 c8778c66d7644976a19bcfcf035beb3c badad4dc82a74e2788062edc3925de7d - - 5a1a72e7a3ec4b3e8f405893aa045520 5a1a72e7a3ec4b3e8f405893aa045520] 199.204.45.30 "GET /v2.0/ports?network_id=0e74eba0-01c1-415e-95e1-73de499c8a99&device_owner=network%3Adhcp HTTP/1.1" status: 200 len: 210 time: 0.0183735
2026-05-30 06:24:03.950 10 INFO neutron.wsgi [req-844de3e4-8889-44a9-96f8-ee1a18f72d41 req-7036742d-1445-4a28-8874-201ece0bd0de c8778c66d7644976a19bcfcf035beb3c badad4dc82a74e2788062edc3925de7d - - 5a1a72e7a3ec4b3e8f405893aa045520 5a1a72e7a3ec4b3e8f405893aa045520] 199.204.45.30 "GET /v2.0/networks/0e74eba0-01c1-415e-95e1-73de499c8a99?fields=segments HTTP/1.1" status: 200 len: 212 time: 0.0505223
2026-05-30 06:24:04.010 10 INFO neutron.wsgi [req-844de3e4-8889-44a9-96f8-ee1a18f72d41 req-799aa81f-9e10-4a82-b991-6cb976d70b2d c8778c66d7644976a19bcfcf035beb3c badad4dc82a74e2788062edc3925de7d - - 5a1a72e7a3ec4b3e8f405893aa045520 5a1a72e7a3ec4b3e8f405893aa045520] 199.204.45.30 "GET /v2.0/networks/0e74eba0-01c1-415e-95e1-73de499c8a99?fields=provider%3Aphysical_network&fields=provider%3Anetwork_type HTTP/1.1" status: 200 len: 277 time: 0.0521796
2026-05-30 06:24:04.015 9 WARNING neutron.scheduler.dhcp_agent_scheduler [None req-136302cf-032c-4c09-a7f8-9f7da3dbf361 a184890562914b0f803724249bf9e123 352edd04f8034836b0b476e2133cf3a3 - - default default] No more DHCP agents
2026-05-30 06:24:04.017 9 WARNING neutron.api.rpc.agentnotifiers.dhcp_rpc_agent_api [None req-136302cf-032c-4c09-a7f8-9f7da3dbf361 a184890562914b0f803724249bf9e123 352edd04f8034836b0b476e2133cf3a3 - - default default] Unable to schedule network 945cd3f0-8db6-4926-9ffe-487eec0379e6: no agents available; will retry on subsequent port and subnet creation events.
2026-05-30 06:24:04.334 9 INFO neutron.db.ovn_revision_numbers_db [None req-a8cd1c2c-e949-4534-b78f-bf46c67b6fd5 16524305d18546e49565caef59c24b91 d342d3a807644b99aa7c5484deb3af0f - - default default] Successfully bumped revision number for resource 220e40e0-19f2-44f3-ba9c-4a51b3ebd781 (type: ports) to 2
2026-05-30 06:24:04.405 9 INFO neutron.db.ovn_revision_numbers_db [None req-a8cd1c2c-e949-4534-b78f-bf46c67b6fd5 16524305d18546e49565caef59c24b91 d342d3a807644b99aa7c5484deb3af0f - - default default] Successfully bumped revision number for resource 28dd91e2-39d9-416b-b2a2-2ac3d2385c65 (type: subnets) to 0
2026-05-30 06:24:04.424 9 INFO neutron.wsgi [None req-a8cd1c2c-e949-4534-b78f-bf46c67b6fd5 16524305d18546e49565caef59c24b91 d342d3a807644b99aa7c5484deb3af0f - - default default] 10.0.0.233 "POST /v2.0/subnets HTTP/1.1" status: 201 len: 816 time: 1.0168719
2026-05-30 06:24:04.435 9 WARNING neutron_lib.context [None req-4f0bb3b3-46b7-41a4-96ff-d470b4fde29c 16524305d18546e49565caef59c24b91 d342d3a807644b99aa7c5484deb3af0f - - default default] Method 'is_advsvc' is deprecated since 2023.2 release (neutron-lib 3.8.0) and will be removed once support for the old RBAC API policies will be removed from Neutron. Please use method 'is_service_role' instead.
2026-05-30 06:24:04.525 9 INFO neutron.db.segments_db [None req-4f0bb3b3-46b7-41a4-96ff-d470b4fde29c 16524305d18546e49565caef59c24b91 d342d3a807644b99aa7c5484deb3af0f - - default default] Added segment 8ff15078-bfcf-4c68-a4df-ddc349939781 of type geneve for network 0904ef50-e47e-4483-95d1-6830ccc07b48
2026-05-30 06:24:04.692 9 INFO neutron.db.ovn_revision_numbers_db [None req-136302cf-032c-4c09-a7f8-9f7da3dbf361 a184890562914b0f803724249bf9e123 352edd04f8034836b0b476e2133cf3a3 - - default default] Successfully bumped revision number for resource 1df164e7-c4a3-41ed-a956-4534bf38e1f7 (type: ports) to 2
2026-05-30 06:24:04.708 9 INFO neutron.db.ovn_revision_numbers_db [None req-4f0bb3b3-46b7-41a4-96ff-d470b4fde29c 16524305d18546e49565caef59c24b91 d342d3a807644b99aa7c5484deb3af0f - - default default] Successfully bumped revision number for resource 0904ef50-e47e-4483-95d1-6830ccc07b48 (type: networks) to 1
2026-05-30 06:24:04.742 9 INFO neutron.db.ovn_revision_numbers_db [None req-136302cf-032c-4c09-a7f8-9f7da3dbf361 a184890562914b0f803724249bf9e123 352edd04f8034836b0b476e2133cf3a3 - - default default] Successfully bumped revision number for resource eec24609-b58d-4bd0-ae39-f5d489b94ecb (type: subnets) to 0
2026-05-30 06:24:04.769 10 WARNING neutron_lib.context [None req-552d2d23-923f-4872-b05b-2a2e2a85a2ee 2ccc00b40d4942da8b1919cde4b4f620 f8cbe72fa6db479eb7cc816f6ddbfbde - - default default] Method 'is_advsvc' is deprecated since 2023.2 release (neutron-lib 3.8.0) and will be removed once support for the old RBAC API policies will be removed from Neutron. Please use method 'is_service_role' instead.
2026-05-30 06:24:04.782 9 INFO neutron.wsgi [None req-136302cf-032c-4c09-a7f8-9f7da3dbf361 a184890562914b0f803724249bf9e123 352edd04f8034836b0b476e2133cf3a3 - - default default] 10.0.0.233 "POST /v2.0/subnets HTTP/1.1" status: 201 len: 830 time: 1.0606782
2026-05-30 06:24:04.791 10 WARNING neutron_lib.context [None req-c3fd15cc-7cca-4692-b4f1-e64b868deb24 a184890562914b0f803724249bf9e123 352edd04f8034836b0b476e2133cf3a3 - - default default] Method 'is_advsvc' is deprecated since 2023.2 release (neutron-lib 3.8.0) and will be removed once support for the old RBAC API policies will be removed from Neutron. Please use method 'is_service_role' instead.
2026-05-30 06:24:04.895 9 WARNING neutron.scheduler.dhcp_agent_scheduler [None req-4f0bb3b3-46b7-41a4-96ff-d470b4fde29c 16524305d18546e49565caef59c24b91 d342d3a807644b99aa7c5484deb3af0f - - default default] No more DHCP agents
2026-05-30 06:24:04.898 9 WARNING neutron.api.rpc.agentnotifiers.dhcp_rpc_agent_api [None req-4f0bb3b3-46b7-41a4-96ff-d470b4fde29c 16524305d18546e49565caef59c24b91 d342d3a807644b99aa7c5484deb3af0f - - default default] Unable to schedule network 0904ef50-e47e-4483-95d1-6830ccc07b48: no agents available; will retry on subsequent port and subnet creation events.
2026-05-30 06:24:04.968 9 INFO neutron.db.ovn_revision_numbers_db [None req-4f0bb3b3-46b7-41a4-96ff-d470b4fde29c 16524305d18546e49565caef59c24b91 d342d3a807644b99aa7c5484deb3af0f - - default default] Successfully bumped revision number for resource 78fc18aa-9cf9-4cb7-a52c-0d855b40a3ca (type: ports) to 1
2026-05-30 06:24:05.007 9 INFO neutron.wsgi [None req-4f0bb3b3-46b7-41a4-96ff-d470b4fde29c 16524305d18546e49565caef59c24b91 d342d3a807644b99aa7c5484deb3af0f - - default default] 10.0.0.233 "POST /v2.0/networks HTTP/1.1" status: 201 len: 842 time: 0.5769928
2026-05-30 06:24:05.214 9 INFO neutron.db.ovn_revision_numbers_db [None req-ebb9a88f-6457-441d-aa88-1521e2100a0a 16524305d18546e49565caef59c24b91 d342d3a807644b99aa7c5484deb3af0f - - default default] Successfully bumped revision number for resource 0904ef50-e47e-4483-95d1-6830ccc07b48 (type: networks) to 2
2026-05-30 06:24:05.219 9 INFO neutron.wsgi [None req-ebb9a88f-6457-441d-aa88-1521e2100a0a 16524305d18546e49565caef59c24b91 d342d3a807644b99aa7c5484deb3af0f - - default default] 10.0.0.233 "PUT /v2.0/networks/0904ef50-e47e-4483-95d1-6830ccc07b48 HTTP/1.1" status: 200 len: 792 time: 0.2047825
2026-05-30 06:24:05.224 10 INFO neutron.db.ovn_revision_numbers_db [None req-552d2d23-923f-4872-b05b-2a2e2a85a2ee 2ccc00b40d4942da8b1919cde4b4f620 f8cbe72fa6db479eb7cc816f6ddbfbde - - default default] Successfully bumped revision number for resource eacc9e26-0fa0-47da-803e-532ab894e4d4 (type: security_groups) to 1
2026-05-30 06:24:05.228 9 WARNING neutron_lib.context [None req-e083b48b-c599-4fcd-a0ef-7e08bc4dd19f 16524305d18546e49565caef59c24b91 d342d3a807644b99aa7c5484deb3af0f - - default default] Method 'is_advsvc' is deprecated since 2023.2 release (neutron-lib 3.8.0) and will be removed once support for the old RBAC API policies will be removed from Neutron. Please use method 'is_service_role' instead.
2026-05-30 06:24:05.242 10 INFO neutron.db.ovn_revision_numbers_db [None req-552d2d23-923f-4872-b05b-2a2e2a85a2ee 2ccc00b40d4942da8b1919cde4b4f620 f8cbe72fa6db479eb7cc816f6ddbfbde - - default default] Successfully bumped revision number for resource 6053d5ec-55d6-4aed-8da9-d1cb66bf13b2 (type: security_group_rules) to 0
2026-05-30 06:24:05.268 10 INFO neutron.db.ovn_revision_numbers_db [None req-552d2d23-923f-4872-b05b-2a2e2a85a2ee 2ccc00b40d4942da8b1919cde4b4f620 f8cbe72fa6db479eb7cc816f6ddbfbde - - default default] Successfully bumped revision number for resource bddd226c-e369-4e06-a98c-6a30f32c3d7b (type: security_group_rules) to 0
2026-05-30 06:24:05.297 10 INFO neutron.wsgi [None req-552d2d23-923f-4872-b05b-2a2e2a85a2ee 2ccc00b40d4942da8b1919cde4b4f620 f8cbe72fa6db479eb7cc816f6ddbfbde - - default default] 10.0.0.233 "POST /v2.0/security-groups HTTP/1.1" status: 201 len: 1809 time: 0.5358272
2026-05-30 06:24:05.314 9 WARNING neutron_lib.context [None req-ead5dd5f-02f7-4fb1-bb12-8866f9c250a1 2ccc00b40d4942da8b1919cde4b4f620 f8cbe72fa6db479eb7cc816f6ddbfbde - - default default] Method 'is_advsvc' is deprecated since 2023.2 release (neutron-lib 3.8.0) and will be removed once support for the old RBAC API policies will be removed from Neutron. Please use method 'is_service_role' instead.
2026-05-30 06:24:05.417 10 WARNING neutron.scheduler.dhcp_agent_scheduler [None req-c3fd15cc-7cca-4692-b4f1-e64b868deb24 a184890562914b0f803724249bf9e123 352edd04f8034836b0b476e2133cf3a3 - - default default] No more DHCP agents
2026-05-30 06:24:05.421 10 WARNING neutron.api.rpc.agentnotifiers.dhcp_rpc_agent_api [None req-c3fd15cc-7cca-4692-b4f1-e64b868deb24 a184890562914b0f803724249bf9e123 352edd04f8034836b0b476e2133cf3a3 - - default default] Unable to schedule network 945cd3f0-8db6-4926-9ffe-487eec0379e6: no agents available; will retry on subsequent port and subnet creation events.
2026-05-30 06:24:05.453 10 INFO neutron.db.ovn_revision_numbers_db [None req-c3fd15cc-7cca-4692-b4f1-e64b868deb24 a184890562914b0f803724249bf9e123 352edd04f8034836b0b476e2133cf3a3 - - default default] Successfully bumped revision number for resource d4b77ced-278a-41fb-b1a9-ec3be5ef15a3 (type: subnets) to 0
2026-05-30 06:24:05.468 10 INFO neutron.wsgi [None req-c3fd15cc-7cca-4692-b4f1-e64b868deb24 a184890562914b0f803724249bf9e123 352edd04f8034836b0b476e2133cf3a3 - - default default] 10.0.0.233 "POST /v2.0/subnets HTTP/1.1" status: 201 len: 905 time: 0.6825881
2026-05-30 06:24:05.480 10 WARNING neutron_lib.context [None req-a63a1632-feb7-4012-a552-09926458dc0d a184890562914b0f803724249bf9e123 352edd04f8034836b0b476e2133cf3a3 - - default default] Method 'is_advsvc' is deprecated since 2023.2 release (neutron-lib 3.8.0) and will be removed once support for the old RBAC API policies will be removed from Neutron. Please use method 'is_service_role' instead.
2026-05-30 06:24:05.533 9 INFO neutron.db.ovn_revision_numbers_db [None req-ead5dd5f-02f7-4fb1-bb12-8866f9c250a1 2ccc00b40d4942da8b1919cde4b4f620 f8cbe72fa6db479eb7cc816f6ddbfbde - - default default] Successfully bumped revision number for resource a1e2c4c2-5308-4a8c-a16a-bf148c9f3205 (type: security_group_rules) to 0
2026-05-30 06:24:05.542 9 WARNING neutron.scheduler.dhcp_agent_scheduler [None req-e083b48b-c599-4fcd-a0ef-7e08bc4dd19f 16524305d18546e49565caef59c24b91 d342d3a807644b99aa7c5484deb3af0f - - default default] No more DHCP agents
2026-05-30 06:24:05.548 9 WARNING neutron.api.rpc.agentnotifiers.dhcp_rpc_agent_api [None req-e083b48b-c599-4fcd-a0ef-7e08bc4dd19f 16524305d18546e49565caef59c24b91 d342d3a807644b99aa7c5484deb3af0f - - default default] Unable to schedule network 0904ef50-e47e-4483-95d1-6830ccc07b48: no agents available; will retry on subsequent port and subnet creation events.
2026-05-30 06:24:05.571 9 INFO neutron.wsgi [None req-ead5dd5f-02f7-4fb1-bb12-8866f9c250a1 2ccc00b40d4942da8b1919cde4b4f620 f8cbe72fa6db479eb7cc816f6ddbfbde - - default default] 10.0.0.233 "POST /v2.0/security-group-rules HTTP/1.1" status: 201 len: 764 time: 0.2631369
2026-05-30 06:24:05.581 9 WARNING neutron_lib.context [None req-16cf5c2f-63c9-4de6-9b30-74932ae636e8 2ccc00b40d4942da8b1919cde4b4f620 f8cbe72fa6db479eb7cc816f6ddbfbde - - default default] Method 'is_advsvc' is deprecated since 2023.2 release (neutron-lib 3.8.0) and will be removed once support for the old RBAC API policies will be removed from Neutron. Please use method 'is_service_role' instead.
2026-05-30 06:24:05.770 9 INFO neutron.db.ovn_revision_numbers_db [None req-16cf5c2f-63c9-4de6-9b30-74932ae636e8 2ccc00b40d4942da8b1919cde4b4f620 f8cbe72fa6db479eb7cc816f6ddbfbde - - default default] Successfully bumped revision number for resource 900020dd-9bc2-4923-ade3-4e55230668c3 (type: security_group_rules) to 0
2026-05-30 06:24:05.815 9 INFO neutron.wsgi [None req-16cf5c2f-63c9-4de6-9b30-74932ae636e8 2ccc00b40d4942da8b1919cde4b4f620 f8cbe72fa6db479eb7cc816f6ddbfbde - - default default] 10.0.0.233 "POST /v2.0/security-group-rules HTTP/1.1" status: 201 len: 763 time: 0.2401371
2026-05-30 06:24:05.850 9 WARNING neutron_lib.context [None req-391b8ff3-6359-4e26-a719-a416c4673446 2ccc00b40d4942da8b1919cde4b4f620 f8cbe72fa6db479eb7cc816f6ddbfbde - - default default] Method 'is_advsvc' is deprecated since 2023.2 release (neutron-lib 3.8.0) and will be removed once support for the old RBAC API policies will be removed from Neutron. Please use method 'is_service_role' instead.
2026-05-30 06:24:05.961 10 WARNING neutron.scheduler.dhcp_agent_scheduler [None req-a63a1632-feb7-4012-a552-09926458dc0d a184890562914b0f803724249bf9e123 352edd04f8034836b0b476e2133cf3a3 - - default default] No more DHCP agents
2026-05-30 06:24:05.963 10 WARNING neutron.api.rpc.agentnotifiers.dhcp_rpc_agent_api [None req-a63a1632-feb7-4012-a552-09926458dc0d a184890562914b0f803724249bf9e123 352edd04f8034836b0b476e2133cf3a3 - - default default] Unable to schedule network 11b4d999-c9b7-4826-92f7-6abe7fd0399f: no agents available; will retry on subsequent port and subnet creation events.
2026-05-30 06:24:06.012 9 INFO neutron.db.ovn_revision_numbers_db [None req-61402e21-1842-4fae-84eb-99f8df8b564a fa9ca9eda4724365ad319b81ddc79576 604cbe8fbcb44e7bb365d0755c5a9367 - - default default] Successfully bumped revision number for resource 3fcff402-ff57-450d-b167-99230b97e1ff (type: security_groups) to 1
2026-05-30 06:24:06.053 9 INFO neutron.db.ovn_revision_numbers_db [None req-61402e21-1842-4fae-84eb-99f8df8b564a fa9ca9eda4724365ad319b81ddc79576 604cbe8fbcb44e7bb365d0755c5a9367 - - default default] Successfully bumped revision number for resource 21e5654e-d967-428d-89dd-0be37bd8da29 (type: security_group_rules) to 0
2026-05-30 06:24:06.070 9 INFO neutron.db.ovn_revision_numbers_db [None req-391b8ff3-6359-4e26-a719-a416c4673446 2ccc00b40d4942da8b1919cde4b4f620 f8cbe72fa6db479eb7cc816f6ddbfbde - - default default] Successfully bumped revision number for resource 0265dca2-486c-4567-a6e9-2030b1470f06 (type: security_group_rules) to 0
2026-05-30 06:24:06.075 9 INFO neutron.db.ovn_revision_numbers_db [None req-61402e21-1842-4fae-84eb-99f8df8b564a fa9ca9eda4724365ad319b81ddc79576 604cbe8fbcb44e7bb365d0755c5a9367 - - default default] Successfully bumped revision number for resource 8f233e9f-19b2-4440-8c57-7e8f415aad4d (type: security_group_rules) to 0
2026-05-30 06:24:06.120 10 INFO neutron.db.ovn_revision_numbers_db [None req-a63a1632-feb7-4012-a552-09926458dc0d a184890562914b0f803724249bf9e123 352edd04f8034836b0b476e2133cf3a3 - - default default] Successfully bumped revision number for resource 27863a3e-9932-4888-a7c5-42cfc23f94d1 (type: ports) to 1
2026-05-30 06:24:06.122 9 INFO neutron.db.ovn_revision_numbers_db [None req-61402e21-1842-4fae-84eb-99f8df8b564a fa9ca9eda4724365ad319b81ddc79576 604cbe8fbcb44e7bb365d0755c5a9367 - - default default] Successfully bumped revision number for resource 9057fdec-b55d-4225-b011-c6bedff57db4 (type: security_group_rules) to 0
2026-05-30 06:24:06.127 9 INFO neutron.wsgi [None req-391b8ff3-6359-4e26-a719-a416c4673446 2ccc00b40d4942da8b1919cde4b4f620 f8cbe72fa6db479eb7cc816f6ddbfbde - - default default] 10.0.0.233 "POST /v2.0/security-group-rules HTTP/1.1" status: 201 len: 769 time: 0.2936835
2026-05-30 06:24:06.148 9 WARNING neutron_lib.context [None req-1e4d67e4-1f27-4f47-8c3d-289ea27d5d76 2ccc00b40d4942da8b1919cde4b4f620 f8cbe72fa6db479eb7cc816f6ddbfbde - - default default] Method 'is_advsvc' is deprecated since 2023.2 release (neutron-lib 3.8.0) and will be removed once support for the old RBAC API policies will be removed from Neutron. Please use method 'is_service_role' instead.
2026-05-30 06:24:06.161 9 INFO neutron.db.ovn_revision_numbers_db [None req-61402e21-1842-4fae-84eb-99f8df8b564a fa9ca9eda4724365ad319b81ddc79576 604cbe8fbcb44e7bb365d0755c5a9367 - - default default] Successfully bumped revision number for resource d2e241c1-b657-4daf-b139-bab81754d703 (type: security_group_rules) to 0
2026-05-30 06:24:06.206 9 INFO neutron.wsgi [None req-61402e21-1842-4fae-84eb-99f8df8b564a fa9ca9eda4724365ad319b81ddc79576 604cbe8fbcb44e7bb365d0755c5a9367 - - default default] 10.0.0.233 "GET /v2.0/security-groups?tenant_id=9a000348e1ae43a99dde6cca20b2e7f7&name=default HTTP/1.1" status: 200 len: 2996 time: 0.5547431
2026-05-30 06:24:06.496 9 INFO neutron.db.ovn_revision_numbers_db [None req-e083b48b-c599-4fcd-a0ef-7e08bc4dd19f 16524305d18546e49565caef59c24b91 d342d3a807644b99aa7c5484deb3af0f - - default default] Successfully bumped revision number for resource 78fc18aa-9cf9-4cb7-a52c-0d855b40a3ca (type: ports) to 2
2026-05-30 06:24:06.542 9 INFO neutron.db.ovn_revision_numbers_db [None req-e083b48b-c599-4fcd-a0ef-7e08bc4dd19f 16524305d18546e49565caef59c24b91 d342d3a807644b99aa7c5484deb3af0f - - default default] Successfully bumped revision number for resource c7d2acd0-8cb1-4435-9617-45e505b286df (type: subnets) to 0
2026-05-30 06:24:06.554 9 INFO neutron.db.ovn_revision_numbers_db [None req-1e4d67e4-1f27-4f47-8c3d-289ea27d5d76 2ccc00b40d4942da8b1919cde4b4f620 f8cbe72fa6db479eb7cc816f6ddbfbde - - default default] Successfully bumped revision number for resource cc1e696c-8410-4f08-9ef1-e79041679752 (type: security_group_rules) to 0
2026-05-30 06:24:06.559 9 INFO neutron.wsgi [None req-e083b48b-c599-4fcd-a0ef-7e08bc4dd19f 16524305d18546e49565caef59c24b91 d342d3a807644b99aa7c5484deb3af0f - - default default] 10.0.0.233 "POST /v2.0/subnets HTTP/1.1" status: 201 len: 801 time: 1.3351421
2026-05-30 06:24:06.585 9 INFO neutron.wsgi [None req-1e4d67e4-1f27-4f47-8c3d-289ea27d5d76 2ccc00b40d4942da8b1919cde4b4f620 f8cbe72fa6db479eb7cc816f6ddbfbde - - default default] 10.0.0.233 "POST /v2.0/security-group-rules HTTP/1.1" status: 201 len: 768 time: 0.4491899
2026-05-30 06:24:06.595 9 WARNING neutron_lib.context [None req-e0424289-19c2-4bb4-873c-aec3fa2a9b30 2ccc00b40d4942da8b1919cde4b4f620 f8cbe72fa6db479eb7cc816f6ddbfbde - - default default] Method 'is_advsvc' is deprecated since 2023.2 release (neutron-lib 3.8.0) and will be removed once support for the old RBAC API policies will be removed from Neutron. Please use method 'is_service_role' instead.
2026-05-30 06:24:06.616 9 INFO neutron.db.securitygroups_db [None req-e0424289-19c2-4bb4-873c-aec3fa2a9b30 2ccc00b40d4942da8b1919cde4b4f620 f8cbe72fa6db479eb7cc816f6ddbfbde - - default default] Project f8cbe72fa6db479eb7cc816f6ddbfbde added a security group rule with legacy IPv6 ICMP protocol name icmp, ipv6-icmp should be used instead. It was automatically converted.
2026-05-30 06:24:06.670 10 INFO neutron.plugins.ml2.drivers.ovn.mech_driver.mech_driver [None req-63e0e90d-16ac-4ee9-8703-71e66a698c84 - - - - - -] OVN reports status up for port: 27863a3e-9932-4888-a7c5-42cfc23f94d1
2026-05-30 06:24:06.683 9 INFO neutron.wsgi [None req-eafabc0f-b91c-4318-971d-41e3f51a0a5d fa9ca9eda4724365ad319b81ddc79576 604cbe8fbcb44e7bb365d0755c5a9367 - - default default] 10.0.0.233 "DELETE /v2.0/security-groups/3fcff402-ff57-450d-b167-99230b97e1ff HTTP/1.1" status: 204 len: 168 time: 0.4706969
2026-05-30 06:24:06.699 10 INFO neutron.plugins.ml2.drivers.ovn.mech_driver.ovsdb.ovsdb_monitor [None req-86467ec7-9273-43d5-9753-1399d7a22aed - - - - - -] Router 0f5b29be-a5a8-406e-acc6-d33ab2c1eeac is bound to host instance
2026-05-30 06:24:06.712 10 INFO neutron.plugins.ml2.plugin [None req-63e0e90d-16ac-4ee9-8703-71e66a698c84 - - - - - -] Attempt 1 to provision port 27863a3e-9932-4888-a7c5-42cfc23f94d1
2026-05-30 06:24:06.742 9 INFO neutron.db.ovn_revision_numbers_db [None req-e0424289-19c2-4bb4-873c-aec3fa2a9b30 2ccc00b40d4942da8b1919cde4b4f620 f8cbe72fa6db479eb7cc816f6ddbfbde - - default default] Successfully bumped revision number for resource 1148ec19-4aa5-40ec-b1a0-b86f88dbf2f4 (type: security_group_rules) to 0
2026-05-30 06:24:06.752 10 INFO neutron.db.ovn_revision_numbers_db [None req-a63a1632-feb7-4012-a552-09926458dc0d a184890562914b0f803724249bf9e123 352edd04f8034836b0b476e2133cf3a3 - - default default] Successfully bumped revision number for resource 27863a3e-9932-4888-a7c5-42cfc23f94d1 (type: router_ports) to 1
2026-05-30 06:24:06.768 9 INFO neutron.wsgi [None req-e0424289-19c2-4bb4-873c-aec3fa2a9b30 2ccc00b40d4942da8b1919cde4b4f620 f8cbe72fa6db479eb7cc816f6ddbfbde - - default default] 10.0.0.233 "POST /v2.0/security-group-rules HTTP/1.1" status: 201 len: 774 time: 0.1774666
2026-05-30 06:24:06.779 9 WARNING neutron_lib.context [None req-770d60e7-5d58-4af5-bfd1-6c882ac2492a 2ccc00b40d4942da8b1919cde4b4f620 f8cbe72fa6db479eb7cc816f6ddbfbde - - default default] Method 'is_advsvc' is deprecated since 2023.2 release (neutron-lib 3.8.0) and will be removed once support for the old RBAC API policies will be removed from Neutron. Please use method 'is_service_role' instead.
2026-05-30 06:24:06.794 9 INFO neutron.db.securitygroups_db [None req-770d60e7-5d58-4af5-bfd1-6c882ac2492a 2ccc00b40d4942da8b1919cde4b4f620 f8cbe72fa6db479eb7cc816f6ddbfbde - - default default] Project f8cbe72fa6db479eb7cc816f6ddbfbde added a security group rule with legacy IPv6 ICMP protocol name icmp, ipv6-icmp should be used instead. It was automatically converted.
2026-05-30 06:24:06.898 9 INFO neutron.db.ovn_revision_numbers_db [None req-770d60e7-5d58-4af5-bfd1-6c882ac2492a 2ccc00b40d4942da8b1919cde4b4f620 f8cbe72fa6db479eb7cc816f6ddbfbde - - default default] Successfully bumped revision number for resource bcc622a1-5567-4bde-8db6-2923f1c8ca3d (type: security_group_rules) to 0
2026-05-30 06:24:06.904 10 INFO neutron.db.ovn_revision_numbers_db [None req-a63a1632-feb7-4012-a552-09926458dc0d a184890562914b0f803724249bf9e123 352edd04f8034836b0b476e2133cf3a3 - - default default] Successfully bumped revision number for resource 0f5b29be-a5a8-406e-acc6-d33ab2c1eeac (type: routers) to 2
2026-05-30 06:24:06.922 9 INFO neutron.wsgi [None req-770d60e7-5d58-4af5-bfd1-6c882ac2492a 2ccc00b40d4942da8b1919cde4b4f620 f8cbe72fa6db479eb7cc816f6ddbfbde - - default default] 10.0.0.233 "POST /v2.0/security-group-rules HTTP/1.1" status: 201 len: 773 time: 0.1478860
2026-05-30 06:24:06.936 10 INFO neutron.wsgi [None req-a63a1632-feb7-4012-a552-09926458dc0d a184890562914b0f803724249bf9e123 352edd04f8034836b0b476e2133cf3a3 - - default default] 10.0.0.233 "POST /v2.0/routers HTTP/1.1" status: 201 len: 865 time: 1.4622056
2026-05-30 06:24:07.142 10 INFO neutron.db.ovn_revision_numbers_db [None req-241ce637-be35-49a7-a5df-e699dec9aa4b 16524305d18546e49565caef59c24b91 d342d3a807644b99aa7c5484deb3af0f - - default default] Successfully bumped revision number for resource c7d2acd0-8cb1-4435-9617-45e505b286df (type: subnets) to 1
2026-05-30 06:24:07.145 10 INFO neutron.wsgi [None req-241ce637-be35-49a7-a5df-e699dec9aa4b 16524305d18546e49565caef59c24b91 d342d3a807644b99aa7c5484deb3af0f - - default default] 10.0.0.233 "PUT /v2.0/subnets/c7d2acd0-8cb1-4435-9617-45e505b286df HTTP/1.1" status: 200 len: 806 time: 0.5790527
2026-05-30 06:24:07.653 10 INFO neutron.wsgi [None req-175a9eab-95df-410b-90b1-10542f1d856b 2ccc00b40d4942da8b1919cde4b4f620 f8cbe72fa6db479eb7cc816f6ddbfbde - - default default] 10.0.0.233 "GET /v2.0/networks HTTP/1.1" status: 200 len: 1492 time: 0.3619955
2026-05-30 06:24:07.730 9 INFO neutron.services.segments.plugin [-] Segment 8ff15078-bfcf-4c68-a4df-ddc349939781 resource provider aggregate not found
2026-05-30 06:24:07.735 9 INFO neutron.services.segments.plugin [-] Segment 8ff15078-bfcf-4c68-a4df-ddc349939781 resource provider aggregate not found
2026-05-30 06:24:07.747 9 INFO neutron.services.segments.plugin [-] Segment 8ff15078-bfcf-4c68-a4df-ddc349939781 resource provider not found; error: Placement Client Error (4xx): {"errors": [{"status": 404, "title": "Not Found", "detail": "The resource could not be found.\n\n No resource provider with uuid 8ff15078-bfcf-4c68-a4df-ddc349939781 found for delete ", "request_id": "req-d2fe5d2c-6a0f-4a2e-b6f9-23c7575748d8"}]}
2026-05-30 06:24:07.759 10 INFO neutron.db.ovn_revision_numbers_db [None req-86467ec7-9273-43d5-9753-1399d7a22aed - - - - - -] Successfully bumped revision number for resource 27863a3e-9932-4888-a7c5-42cfc23f94d1 (type: ports) to 1
2026-05-30 06:24:07.769 9 INFO neutron.services.segments.plugin [-] Segment 8ff15078-bfcf-4c68-a4df-ddc349939781 resource provider not found; error: Placement Client Error (4xx): {"errors": [{"status": 404, "title": "Not Found", "detail": "The resource could not be found.\n\n No resource provider with uuid 8ff15078-bfcf-4c68-a4df-ddc349939781 found for delete ", "request_id": "req-ab3aa523-545d-4090-90f9-9c071b04025e"}]}
2026-05-30 06:24:07.778 9 INFO neutron.wsgi [None req-7b93528c-9bf8-4584-8cf6-fa637ad3d6bb 16524305d18546e49565caef59c24b91 d342d3a807644b99aa7c5484deb3af0f - - default default] 10.0.0.233 "DELETE /v2.0/networks/0904ef50-e47e-4483-95d1-6830ccc07b48 HTTP/1.1" status: 204 len: 168 time: 0.6263168
2026-05-30 06:24:07.794 9 INFO neutron.pecan_wsgi.hooks.translation [None req-ffee636e-4447-4857-8742-f550a4525312 16524305d18546e49565caef59c24b91 d342d3a807644b99aa7c5484deb3af0f - - default default] DELETE failed (client error): The resource could not be found.
2026-05-30 06:24:07.796 9 INFO neutron.wsgi [None req-ffee636e-4447-4857-8742-f550a4525312 16524305d18546e49565caef59c24b91 d342d3a807644b99aa7c5484deb3af0f - - default default] 10.0.0.233 "DELETE /v2.0/networks/0904ef50-e47e-4483-95d1-6830ccc07b48 HTTP/1.1" status: 404 len: 339 time: 0.0127177
2026-05-30 06:24:07.820 10 INFO neutron.wsgi [req-f770aafe-7cde-4d1d-9267-787e44c29ea8 req-b79a34ae-13aa-4dd0-855e-4d0f0f5ca8f8 2ccc00b40d4942da8b1919cde4b4f620 f8cbe72fa6db479eb7cc816f6ddbfbde - - default default] 10.0.0.113 "GET /v2.0/security-groups?name=tempest-secgroup-smoke-651147048&fields=id&tenant_id=f8cbe72fa6db479eb7cc816f6ddbfbde HTTP/1.1" status: 200 len: 267 time: 0.0584009
2026-05-30 06:24:07.894 9 INFO neutron.wsgi [None req-b659825d-f8aa-4ef2-bd4a-4a4b5069649d 16524305d18546e49565caef59c24b91 d342d3a807644b99aa7c5484deb3af0f - - default default] 10.0.0.233 "GET /v2.0/networks?router%3Aexternal=True HTTP/1.1" status: 200 len: 845 time: 0.0902212
2026-05-30 06:24:07.940 9 INFO neutron.wsgi [None req-348c3d35-c921-47db-b661-1d701e8c7a8d 16524305d18546e49565caef59c24b91 d342d3a807644b99aa7c5484deb3af0f - - default default] 10.0.0.233 "GET /v2.0/subnets?network_id=11b4d999-c9b7-4826-92f7-6abe7fd0399f HTTP/1.1" status: 200 len: 820 time: 0.0412948
2026-05-30 06:24:07.943 10 INFO neutron.wsgi [req-f770aafe-7cde-4d1d-9267-787e44c29ea8 req-8cfe1bd9-d2d7-4f49-90f0-378e3446337b 2ccc00b40d4942da8b1919cde4b4f620 f8cbe72fa6db479eb7cc816f6ddbfbde - - default default] 10.0.0.113 "GET /v2.0/networks?id=0e74eba0-01c1-415e-95e1-73de499c8a99 HTTP/1.1" status: 200 len: 859 time: 0.1084890
2026-05-30 06:24:07.952 10 WARNING neutron.scheduler.dhcp_agent_scheduler [None req-434f9fd6-a2e2-4718-aa63-fba3cff85b8d a184890562914b0f803724249bf9e123 352edd04f8034836b0b476e2133cf3a3 - - default default] No more DHCP agents
2026-05-30 06:24:07.957 9 INFO neutron.wsgi [None req-8364ebc7-2f00-4325-8826-9fca60260120 16524305d18546e49565caef59c24b91 d342d3a807644b99aa7c5484deb3af0f - - default default] 10.0.0.233 "GET /v2.0/extensions HTTP/1.1" status: 200 len: 16975 time: 0.0085084
2026-05-30 06:24:07.962 10 WARNING neutron.api.rpc.agentnotifiers.dhcp_rpc_agent_api [None req-434f9fd6-a2e2-4718-aa63-fba3cff85b8d a184890562914b0f803724249bf9e123 352edd04f8034836b0b476e2133cf3a3 - - default default] Unable to schedule network 1f15a16f-d408-4418-8fd4-c84f4cffbc5c: no agents available; will retry on subsequent port and subnet creation events.
2026-05-30 06:24:07.996 10 INFO neutron.wsgi [req-f770aafe-7cde-4d1d-9267-787e44c29ea8 req-2915533b-04ec-46ba-b9eb-b67d4706fd66 2ccc00b40d4942da8b1919cde4b4f620 f8cbe72fa6db479eb7cc816f6ddbfbde - - default default] 10.0.0.113 "GET /v2.0/quotas/f8cbe72fa6db479eb7cc816f6ddbfbde HTTP/1.1" status: 200 len: 386 time: 0.0414765
2026-05-30 06:24:08.033 9 INFO neutron.wsgi [None req-dd6022af-c4ec-463c-8662-53eba86365bb 16524305d18546e49565caef59c24b91 d342d3a807644b99aa7c5484deb3af0f - - default default] 10.0.0.233 "GET /v2.0/networks HTTP/1.1" status: 200 len: 1504 time: 0.0724297
2026-05-30 06:24:08.073 9 INFO neutron.wsgi [None req-c76eb0b5-9f25-4612-9dff-c91fd5a8f009 16524305d18546e49565caef59c24b91 d342d3a807644b99aa7c5484deb3af0f - - default default] 10.0.0.233 "GET /v2.0/subnets HTTP/1.1" status: 200 len: 1428 time: 0.0348816
2026-05-30 06:24:08.153 9 INFO neutron.wsgi [None req-e7b8ea54-2e34-46a8-9a9c-d1a12159476c 16524305d18546e49565caef59c24b91 d342d3a807644b99aa7c5484deb3af0f - - default default] 10.0.0.233 "GET /v2.0/networks/cc0c8848-34d3-4448-8b12-2779d6c331ad HTTP/1.1" status: 200 len: 863 time: 0.0742123
2026-05-30 06:24:08.158 10 INFO neutron.wsgi [req-f770aafe-7cde-4d1d-9267-787e44c29ea8 req-b8a406dc-59df-4bee-8911-92f1cf8dc3a1 2ccc00b40d4942da8b1919cde4b4f620 f8cbe72fa6db479eb7cc816f6ddbfbde - - default default] 10.0.0.113 "GET /v2.0/ports?tenant_id=f8cbe72fa6db479eb7cc816f6ddbfbde&fields=id HTTP/1.1" status: 200 len: 348 time: 0.1430776
2026-05-30 06:24:08.194 9 INFO neutron.wsgi [None req-b1b67cef-79c0-4fc7-83b1-f0f72a32f54c 16524305d18546e49565caef59c24b91 d342d3a807644b99aa7c5484deb3af0f - - default default] 10.0.0.233 "GET /v2.0/subnets/28dd91e2-39d9-416b-b2a2-2ac3d2385c65 HTTP/1.1" status: 200 len: 811 time: 0.0350249
2026-05-30 06:24:08.202 10 INFO neutron.db.ovn_revision_numbers_db [None req-86467ec7-9273-43d5-9753-1399d7a22aed - - - - - -] Successfully bumped revision number for resource 27863a3e-9932-4888-a7c5-42cfc23f94d1 (type: router_ports) to 3
2026-05-30 06:24:08.219 9 INFO neutron.pecan_wsgi.hooks.translation [None req-ad8648b5-50f0-4735-ba0a-46e2b3ff3162 16524305d18546e49565caef59c24b91 d342d3a807644b99aa7c5484deb3af0f - - default default] DELETE failed (client error): The resource could not be found.
2026-05-30 06:24:08.221 9 INFO neutron.wsgi [None req-ad8648b5-50f0-4735-ba0a-46e2b3ff3162 16524305d18546e49565caef59c24b91 d342d3a807644b99aa7c5484deb3af0f - - default default] 10.0.0.233 "DELETE /v2.0/subnets/c7d2acd0-8cb1-4435-9617-45e505b286df HTTP/1.1" status: 404 len: 337 time: 0.0204759
2026-05-30 06:24:08.245 9 INFO neutron.pecan_wsgi.hooks.translation [None req-59d40acc-001a-4c0e-90f2-0d049020c30a 16524305d18546e49565caef59c24b91 d342d3a807644b99aa7c5484deb3af0f - - default default] DELETE failed (client error): The resource could not be found.
2026-05-30 06:24:08.247 9 INFO neutron.wsgi [None req-59d40acc-001a-4c0e-90f2-0d049020c30a 16524305d18546e49565caef59c24b91 d342d3a807644b99aa7c5484deb3af0f - - default default] 10.0.0.233 "DELETE /v2.0/networks/0904ef50-e47e-4483-95d1-6830ccc07b48 HTTP/1.1" status: 404 len: 339 time: 0.0213099
2026-05-30 06:24:08.268 10 INFO neutron.wsgi [req-f770aafe-7cde-4d1d-9267-787e44c29ea8 req-ee8db782-6180-4e2f-bc7d-213eda8792aa c8778c66d7644976a19bcfcf035beb3c badad4dc82a74e2788062edc3925de7d - - 5a1a72e7a3ec4b3e8f405893aa045520 5a1a72e7a3ec4b3e8f405893aa045520] 10.0.0.113 "GET /v2.0/networks/0e74eba0-01c1-415e-95e1-73de499c8a99?fields=segments HTTP/1.1" status: 200 len: 212 time: 0.0935473
2026-05-30 06:24:08.299 10 INFO neutron.db.ovn_revision_numbers_db [None req-434f9fd6-a2e2-4718-aa63-fba3cff85b8d a184890562914b0f803724249bf9e123 352edd04f8034836b0b476e2133cf3a3 - - default default] Successfully bumped revision number for resource ff31fe09-2ffd-4495-ade5-fe28125fe75f (type: ports) to 1
2026-05-30 06:24:08.374 10 INFO neutron.wsgi [req-f770aafe-7cde-4d1d-9267-787e44c29ea8 req-a6037ab4-7952-4fb5-87c2-c5070c1797b5 c8778c66d7644976a19bcfcf035beb3c badad4dc82a74e2788062edc3925de7d - - 5a1a72e7a3ec4b3e8f405893aa045520 5a1a72e7a3ec4b3e8f405893aa045520] 10.0.0.113 "GET /v2.0/networks/0e74eba0-01c1-415e-95e1-73de499c8a99?fields=provider%3Aphysical_network&fields=provider%3Anetwork_type HTTP/1.1" status: 200 len: 277 time: 0.1003969
2026-05-30 06:24:08.457 10 INFO neutron.db.ovn_revision_numbers_db [None req-86467ec7-9273-43d5-9753-1399d7a22aed - - - - - -] Successfully bumped revision number for resource 27863a3e-9932-4888-a7c5-42cfc23f94d1 (type: ports) to 2
2026-05-30 06:24:08.477 9 INFO neutron.wsgi [None req-57d88807-6466-4c98-be4d-9e88c509f648 16524305d18546e49565caef59c24b91 d342d3a807644b99aa7c5484deb3af0f - - default default] 10.0.0.233 "DELETE /v2.0/subnets/28dd91e2-39d9-416b-b2a2-2ac3d2385c65 HTTP/1.1" status: 204 len: 168 time: 0.2265751
2026-05-30 06:24:08.549 10 INFO neutron.wsgi [req-970f0401-221c-4f65-a83a-2b924b09c89d req-a600df78-6269-44ba-8e76-8d8ce91c9c4a 2ccc00b40d4942da8b1919cde4b4f620 f8cbe72fa6db479eb7cc816f6ddbfbde - - default default] 10.0.0.113 "GET /v2.0/ports?device_id=298055d6-af36-4216-b453-547095c65887 HTTP/1.1" status: 200 len: 210 time: 0.0200632
2026-05-30 06:24:08.782 10 INFO neutron.db.ovn_revision_numbers_db [None req-86467ec7-9273-43d5-9753-1399d7a22aed - - - - - -] Successfully bumped revision number for resource 27863a3e-9932-4888-a7c5-42cfc23f94d1 (type: ports) to 4
2026-05-30 06:24:08.870 9 INFO neutron.wsgi [None req-d2755ef3-1da5-4d53-bbf6-9053b8be4319 16524305d18546e49565caef59c24b91 d342d3a807644b99aa7c5484deb3af0f - - default default] 10.0.0.233 "DELETE /v2.0/networks/cc0c8848-34d3-4448-8b12-2779d6c331ad HTTP/1.1" status: 204 len: 168 time: 0.3879471
2026-05-30 06:24:08.946 10 INFO neutron.db.ovn_revision_numbers_db [None req-434f9fd6-a2e2-4718-aa63-fba3cff85b8d a184890562914b0f803724249bf9e123 352edd04f8034836b0b476e2133cf3a3 - - default default] Successfully bumped revision number for resource ff31fe09-2ffd-4495-ade5-fe28125fe75f (type: router_ports) to 1
2026-05-30 06:24:09.099 10 INFO neutron.db.ovn_revision_numbers_db [None req-86467ec7-9273-43d5-9753-1399d7a22aed - - - - - -] Successfully bumped revision number for resource 27863a3e-9932-4888-a7c5-42cfc23f94d1 (type: router_ports) to 4
2026-05-30 06:24:09.168 10 INFO neutron.plugins.ml2.drivers.ovn.mech_driver.mech_driver [None req-63e0e90d-16ac-4ee9-8703-71e66a698c84 - - - - - -] OVN reports status up for port: ff31fe09-2ffd-4495-ade5-fe28125fe75f
2026-05-30 06:24:09.179 10 INFO neutron.plugins.ml2.plugin [None req-63e0e90d-16ac-4ee9-8703-71e66a698c84 - - - - - -] Attempt 1 to provision port ff31fe09-2ffd-4495-ade5-fe28125fe75f
2026-05-30 06:24:09.180 10 INFO neutron.db.ovn_revision_numbers_db [None req-434f9fd6-a2e2-4718-aa63-fba3cff85b8d a184890562914b0f803724249bf9e123 352edd04f8034836b0b476e2133cf3a3 - - default default] Successfully bumped revision number for resource ff31fe09-2ffd-4495-ade5-fe28125fe75f (type: ports) to 1
2026-05-30 06:24:09.570 10 WARNING neutron.scheduler.dhcp_agent_scheduler [None req-434f9fd6-a2e2-4718-aa63-fba3cff85b8d a184890562914b0f803724249bf9e123 352edd04f8034836b0b476e2133cf3a3 - - default default] No more DHCP agents
2026-05-30 06:24:09.578 10 INFO neutron.wsgi [req-f770aafe-7cde-4d1d-9267-787e44c29ea8 req-bca5fddf-f51f-4a04-bdcc-2f447da3ba88 2ccc00b40d4942da8b1919cde4b4f620 f8cbe72fa6db479eb7cc816f6ddbfbde - - default default] 199.204.45.30 "GET /v2.0/networks?id=0e74eba0-01c1-415e-95e1-73de499c8a99 HTTP/1.1" status: 200 len: 859 time: 0.1036122
2026-05-30 06:24:09.581 10 WARNING neutron.api.rpc.agentnotifiers.dhcp_rpc_agent_api [None req-434f9fd6-a2e2-4718-aa63-fba3cff85b8d a184890562914b0f803724249bf9e123 352edd04f8034836b0b476e2133cf3a3 - - default default] Unable to schedule network 1f15a16f-d408-4418-8fd4-c84f4cffbc5c: no agents available; will retry on subsequent port and subnet creation events.
2026-05-30 06:24:09.650 10 INFO neutron.wsgi [req-f1effde9-b591-4e92-bb47-ce378839ded0 req-520ea6cd-6e26-44c1-87a5-3435ef7d6441 2ccc00b40d4942da8b1919cde4b4f620 f8cbe72fa6db479eb7cc816f6ddbfbde - - default default] 10.0.0.113 "GET /v2.0/ports?device_id=298055d6-af36-4216-b453-547095c65887 HTTP/1.1" status: 200 len: 210 time: 0.0325911
2026-05-30 06:24:09.683 9 INFO neutron.wsgi [None req-0d31ca18-02b8-4419-b4d6-aabaf3358208 fa9ca9eda4724365ad319b81ddc79576 604cbe8fbcb44e7bb365d0755c5a9367 - - default default] 10.0.0.233 "GET /v2.0/security-groups?tenant_id=d342d3a807644b99aa7c5484deb3af0f&name=default HTTP/1.1" status: 200 len: 2996 time: 0.2302263
2026-05-30 06:24:09.700 10 INFO neutron.wsgi [req-f770aafe-7cde-4d1d-9267-787e44c29ea8 req-53126ae9-e0fc-4f8a-9d4b-369464144625 2ccc00b40d4942da8b1919cde4b4f620 f8cbe72fa6db479eb7cc816f6ddbfbde - - default default] 199.204.45.30 "GET /v2.0/security-groups?fields=id&fields=name&tenant_id=f8cbe72fa6db479eb7cc816f6ddbfbde HTTP/1.1" status: 200 len: 471 time: 0.1137927
2026-05-30 06:24:09.728 10 WARNING neutron_lib.context [req-f770aafe-7cde-4d1d-9267-787e44c29ea8 req-f93bcd6c-9e79-47c4-9c25-b17c156f23de 2ccc00b40d4942da8b1919cde4b4f620 f8cbe72fa6db479eb7cc816f6ddbfbde - - default default] Method 'is_advsvc' is deprecated since 2023.2 release (neutron-lib 3.8.0) and will be removed once support for the old RBAC API policies will be removed from Neutron. Please use method 'is_service_role' instead.
2026-05-30 06:24:09.768 9 INFO neutron.services.segments.plugin [-] Segment e5790397-5af7-418f-8c93-5a1b4c626353 resource provider aggregate not found
2026-05-30 06:24:09.791 9 INFO neutron.services.segments.plugin [-] Segment e5790397-5af7-418f-8c93-5a1b4c626353 resource provider aggregate not found
2026-05-30 06:24:09.799 9 INFO neutron.services.segments.plugin [-] Segment e5790397-5af7-418f-8c93-5a1b4c626353 resource provider not found; error: Placement Client Error (4xx): {"errors": [{"status": 404, "title": "Not Found", "detail": "The resource could not be found.\n\n No resource provider with uuid e5790397-5af7-418f-8c93-5a1b4c626353 found for delete ", "request_id": "req-b1c9fc5e-f315-48ed-a35b-efa5ea078be3"}]}
2026-05-30 06:24:09.804 9 INFO neutron.services.segments.plugin [-] Segment e5790397-5af7-418f-8c93-5a1b4c626353 resource provider not found; error: Placement Client Error (4xx): {"errors": [{"status": 404, "title": "Not Found", "detail": "The resource could not be found.\n\n No resource provider with uuid e5790397-5af7-418f-8c93-5a1b4c626353 found for delete ", "request_id": "req-0c42ba3a-ed19-4a6f-8320-4464290b4dcd"}]}
2026-05-30 06:24:09.926 9 INFO neutron.wsgi [None req-7205611a-ea69-49c8-a76d-e7324b2e566e fa9ca9eda4724365ad319b81ddc79576 604cbe8fbcb44e7bb365d0755c5a9367 - - default default] 10.0.0.233 "DELETE /v2.0/security-groups/474c13cf-c1a8-408f-9a72-6379fa03dcf1 HTTP/1.1" status: 204 len: 168 time: 0.2378440
2026-05-30 06:24:10.028 10 INFO neutron.db.ovn_revision_numbers_db [None req-63e0e90d-16ac-4ee9-8703-71e66a698c84 - - - - - -] Successfully bumped revision number for resource ff31fe09-2ffd-4495-ade5-fe28125fe75f (type: ports) to 2
2026-05-30 06:24:10.174 10 INFO neutron.db.ovn_revision_numbers_db [None req-434f9fd6-a2e2-4718-aa63-fba3cff85b8d a184890562914b0f803724249bf9e123 352edd04f8034836b0b476e2133cf3a3 - - default default] Successfully bumped revision number for resource ff31fe09-2ffd-4495-ade5-fe28125fe75f (type: router_ports) to 1
2026-05-30 06:24:10.176 10 INFO neutron.wsgi [None req-434f9fd6-a2e2-4718-aa63-fba3cff85b8d a184890562914b0f803724249bf9e123 352edd04f8034836b0b476e2133cf3a3 - - default default] 10.0.0.233 "PUT /v2.0/routers/0f5b29be-a5a8-406e-acc6-d33ab2c1eeac/add_router_interface HTTP/1.1" status: 200 len: 503 time: 3.2340050
2026-05-30 06:24:10.200 10 INFO neutron.db.ovn_revision_numbers_db [None req-63e0e90d-16ac-4ee9-8703-71e66a698c84 - - - - - -] Successfully bumped revision number for resource ff31fe09-2ffd-4495-ade5-fe28125fe75f (type: router_ports) to 2
2026-05-30 06:24:10.298 10 WARNING neutron.scheduler.dhcp_agent_scheduler [req-f770aafe-7cde-4d1d-9267-787e44c29ea8 req-f93bcd6c-9e79-47c4-9c25-b17c156f23de 2ccc00b40d4942da8b1919cde4b4f620 f8cbe72fa6db479eb7cc816f6ddbfbde - - default default] No more DHCP agents
2026-05-30 06:24:10.302 10 WARNING neutron.api.rpc.agentnotifiers.dhcp_rpc_agent_api [req-f770aafe-7cde-4d1d-9267-787e44c29ea8 req-f93bcd6c-9e79-47c4-9c25-b17c156f23de 2ccc00b40d4942da8b1919cde4b4f620 f8cbe72fa6db479eb7cc816f6ddbfbde - - default default] Unable to schedule network 0e74eba0-01c1-415e-95e1-73de499c8a99: no agents available; will retry on subsequent port and subnet creation events.
2026-05-30 06:24:10.510 10 INFO neutron.db.ovn_revision_numbers_db [req-f770aafe-7cde-4d1d-9267-787e44c29ea8 req-f93bcd6c-9e79-47c4-9c25-b17c156f23de 2ccc00b40d4942da8b1919cde4b4f620 f8cbe72fa6db479eb7cc816f6ddbfbde - - default default] Successfully bumped revision number for resource 8be724fa-b98c-41e7-b8ed-39eede381413 (type: ports) to 1
2026-05-30 06:24:10.531 10 INFO neutron.wsgi [req-f770aafe-7cde-4d1d-9267-787e44c29ea8 req-f93bcd6c-9e79-47c4-9c25-b17c156f23de 2ccc00b40d4942da8b1919cde4b4f620 f8cbe72fa6db479eb7cc816f6ddbfbde - - default default] 199.204.45.30 "POST /v2.0/ports HTTP/1.1" status: 201 len: 1162 time: 0.8121607 /var/lib/openstack/lib/python3.10/site-packages/pycadf/identifier.py:71: UserWarning: Invalid uuid: neutron. To ensure interoperability, identifiers should be a valid uuid. warnings.warn(('Invalid uuid: %s. To ensure interoperability, '
2026-05-30 06:24:10.661 9 INFO neutron.wsgi [-] 10.0.0.111 "GET / HTTP/1.1" status: 200 len: 247 time: 0.0012095
2026-05-30 06:24:10.662 9 INFO neutron.wsgi [-] 10.0.0.111 "GET / HTTP/1.1" status: 200 len: 247 time: 0.0008571
2026-05-30 06:24:10.703 9 WARNING neutron.scheduler.dhcp_agent_scheduler [None req-e0657b02-6f1a-4661-a17a-35a88d306c67 a184890562914b0f803724249bf9e123 352edd04f8034836b0b476e2133cf3a3 - - default default] No more DHCP agents
2026-05-30 06:24:10.705 9 WARNING neutron.api.rpc.agentnotifiers.dhcp_rpc_agent_api [None req-e0657b02-6f1a-4661-a17a-35a88d306c67 a184890562914b0f803724249bf9e123 352edd04f8034836b0b476e2133cf3a3 - - default default] Unable to schedule network 6f903608-6d0f-40c3-bb61-38ea0c99e995: no agents available; will retry on subsequent port and subnet creation events.
2026-05-30 06:24:10.763 10 INFO neutron.wsgi [req-4939c339-10a3-46e5-b823-4e82b189948d req-f652b264-490c-4b1a-be7a-3c55842561f1 2ccc00b40d4942da8b1919cde4b4f620 f8cbe72fa6db479eb7cc816f6ddbfbde - - default default] 10.0.0.113 "GET /v2.0/ports?device_id=298055d6-af36-4216-b453-547095c65887 HTTP/1.1" status: 200 len: 1160 time: 0.0389023
2026-05-30 06:24:10.831 10 INFO neutron.wsgi [req-4939c339-10a3-46e5-b823-4e82b189948d req-74a4f3bd-58b6-4bda-81a6-4e5f86bfdf02 2ccc00b40d4942da8b1919cde4b4f620 f8cbe72fa6db479eb7cc816f6ddbfbde - - default default] 10.0.0.113 "GET /v2.0/security-groups?id=eacc9e26-0fa0-47da-803e-532ab894e4d4&fields=id&fields=name HTTP/1.1" status: 200 len: 312 time: 0.0624065
2026-05-30 06:24:10.855 9 INFO neutron.db.ovn_revision_numbers_db [None req-e0657b02-6f1a-4661-a17a-35a88d306c67 a184890562914b0f803724249bf9e123 352edd04f8034836b0b476e2133cf3a3 - - default default] Successfully bumped revision number for resource d70c2340-a0a4-477f-828f-cd9ef421fa74 (type: ports) to 1
2026-05-30 06:24:10.991 10 INFO neutron.db.ovn_revision_numbers_db [req-f770aafe-7cde-4d1d-9267-787e44c29ea8 req-b4ce4796-dd51-4d38-b542-9fc6b0c5bcb3 c8778c66d7644976a19bcfcf035beb3c badad4dc82a74e2788062edc3925de7d - - 5a1a72e7a3ec4b3e8f405893aa045520 5a1a72e7a3ec4b3e8f405893aa045520] Successfully bumped revision number for resource 8be724fa-b98c-41e7-b8ed-39eede381413 (type: ports) to 2
2026-05-30 06:24:11.170 10 INFO neutron.db.ovn_revision_numbers_db [req-f770aafe-7cde-4d1d-9267-787e44c29ea8 req-b4ce4796-dd51-4d38-b542-9fc6b0c5bcb3 c8778c66d7644976a19bcfcf035beb3c badad4dc82a74e2788062edc3925de7d - - 5a1a72e7a3ec4b3e8f405893aa045520 5a1a72e7a3ec4b3e8f405893aa045520] Successfully bumped revision number for resource 8be724fa-b98c-41e7-b8ed-39eede381413 (type: ports) to 2
2026-05-30 06:24:11.185 10 INFO neutron.wsgi [req-f770aafe-7cde-4d1d-9267-787e44c29ea8 req-b4ce4796-dd51-4d38-b542-9fc6b0c5bcb3 c8778c66d7644976a19bcfcf035beb3c badad4dc82a74e2788062edc3925de7d - - 5a1a72e7a3ec4b3e8f405893aa045520 5a1a72e7a3ec4b3e8f405893aa045520] 199.204.45.30 "PUT /v2.0/ports/8be724fa-b98c-41e7-b8ed-39eede381413 HTTP/1.1" status: 200 len: 1380 time: 0.6467323 /var/lib/openstack/lib/python3.10/site-packages/pycadf/identifier.py:71: UserWarning: Invalid uuid: neutron. To ensure interoperability, identifiers should be a valid uuid. warnings.warn(('Invalid uuid: %s. To ensure interoperability, '
2026-05-30 06:24:11.227 10 INFO neutron.notifiers.nova [-] Nova event matching ['req-5881e56f-1fce-4ea2-8bef-0be2c3709893'] response: {'name': 'network-changed', 'server_uuid': '298055d6-af36-4216-b453-547095c65887', 'tag': '8be724fa-b98c-41e7-b8ed-39eede381413', 'status': 'completed', 'code': 200}
2026-05-30 06:24:11.253 10 INFO neutron.wsgi [req-f770aafe-7cde-4d1d-9267-787e44c29ea8 req-46b6eec5-e6a5-41f1-9489-8a8a6dde8453 c8778c66d7644976a19bcfcf035beb3c badad4dc82a74e2788062edc3925de7d - - 5a1a72e7a3ec4b3e8f405893aa045520 5a1a72e7a3ec4b3e8f405893aa045520] 199.204.45.30 "GET /v2.0/ports?tenant_id=f8cbe72fa6db479eb7cc816f6ddbfbde&device_id=298055d6-af36-4216-b453-547095c65887 HTTP/1.1" status: 200 len: 1411 time: 0.0348170
2026-05-30 06:24:11.277 10 INFO neutron.wsgi [req-f770aafe-7cde-4d1d-9267-787e44c29ea8 req-24b82b9e-119f-4e8b-a8ed-d483cb12d42a c8778c66d7644976a19bcfcf035beb3c badad4dc82a74e2788062edc3925de7d - - 5a1a72e7a3ec4b3e8f405893aa045520 5a1a72e7a3ec4b3e8f405893aa045520] 199.204.45.30 "GET /v2.0/floatingips?fixed_ip_address=10.100.0.13&port_id=8be724fa-b98c-41e7-b8ed-39eede381413 HTTP/1.1" status: 200 len: 217 time: 0.0181119
2026-05-30 06:24:11.321 10 INFO neutron.wsgi [req-f770aafe-7cde-4d1d-9267-787e44c29ea8 req-66204b4e-ef2e-45a6-9c97-13ffd3b35f7f c8778c66d7644976a19bcfcf035beb3c badad4dc82a74e2788062edc3925de7d - - 5a1a72e7a3ec4b3e8f405893aa045520 5a1a72e7a3ec4b3e8f405893aa045520] 199.204.45.30 "GET /v2.0/subnets?id=ed112007-1e94-4608-a95a-35c1b6929369 HTTP/1.1" status: 200 len: 852 time: 0.0372870
2026-05-30 06:24:11.337 9 INFO neutron.db.ovn_revision_numbers_db [None req-e0657b02-6f1a-4661-a17a-35a88d306c67 a184890562914b0f803724249bf9e123 352edd04f8034836b0b476e2133cf3a3 - - default default] Successfully bumped revision number for resource d70c2340-a0a4-477f-828f-cd9ef421fa74 (type: router_ports) to 1
2026-05-30 06:24:11.353 10 INFO neutron.wsgi [req-f770aafe-7cde-4d1d-9267-787e44c29ea8 req-faecbcba-1c17-46f6-a1fa-75f005ce9322 c8778c66d7644976a19bcfcf035beb3c badad4dc82a74e2788062edc3925de7d - - 5a1a72e7a3ec4b3e8f405893aa045520 5a1a72e7a3ec4b3e8f405893aa045520] 199.204.45.30 "GET /v2.0/ports?network_id=0e74eba0-01c1-415e-95e1-73de499c8a99&device_owner=network%3Adhcp HTTP/1.1" status: 200 len: 210 time: 0.0240457
2026-05-30 06:24:11.418 10 INFO neutron.wsgi [req-f770aafe-7cde-4d1d-9267-787e44c29ea8 req-54769eee-bccb-4555-b650-5623c84d28c2 c8778c66d7644976a19bcfcf035beb3c badad4dc82a74e2788062edc3925de7d - - 5a1a72e7a3ec4b3e8f405893aa045520 5a1a72e7a3ec4b3e8f405893aa045520] 199.204.45.30 "GET /v2.0/networks/0e74eba0-01c1-415e-95e1-73de499c8a99?fields=segments HTTP/1.1" status: 200 len: 212 time: 0.0579221
2026-05-30 06:24:11.480 10 INFO neutron.wsgi [req-f770aafe-7cde-4d1d-9267-787e44c29ea8 req-446f605e-136f-4317-aa6c-0934496bcbfc c8778c66d7644976a19bcfcf035beb3c badad4dc82a74e2788062edc3925de7d - - 5a1a72e7a3ec4b3e8f405893aa045520 5a1a72e7a3ec4b3e8f405893aa045520] 199.204.45.30 "GET /v2.0/networks/0e74eba0-01c1-415e-95e1-73de499c8a99?fields=provider%3Aphysical_network&fields=provider%3Anetwork_type HTTP/1.1" status: 200 len: 277 time: 0.0559142
2026-05-30 06:24:11.545 9 INFO neutron.db.ovn_revision_numbers_db [None req-e0657b02-6f1a-4661-a17a-35a88d306c67 a184890562914b0f803724249bf9e123 352edd04f8034836b0b476e2133cf3a3 - - default default] Successfully bumped revision number for resource d70c2340-a0a4-477f-828f-cd9ef421fa74 (type: ports) to 1
2026-05-30 06:24:11.567 10 INFO neutron.wsgi [req-2fbcd9e0-9337-4b2d-904c-60ebc7e5b529 req-62fefb69-3c89-4bd8-a3ad-bf92da222755 c8778c66d7644976a19bcfcf035beb3c badad4dc82a74e2788062edc3925de7d - - 5a1a72e7a3ec4b3e8f405893aa045520 5a1a72e7a3ec4b3e8f405893aa045520] 199.204.45.30 "GET /v2.0/ports?tenant_id=f8cbe72fa6db479eb7cc816f6ddbfbde&device_id=298055d6-af36-4216-b453-547095c65887 HTTP/1.1" status: 200 len: 1411 time: 0.0435619
2026-05-30 06:24:11.610 9 WARNING neutron.scheduler.dhcp_agent_scheduler [None req-e0657b02-6f1a-4661-a17a-35a88d306c67 a184890562914b0f803724249bf9e123 352edd04f8034836b0b476e2133cf3a3 - - default default] No more DHCP agents
2026-05-30 06:24:11.612 9 WARNING neutron.api.rpc.agentnotifiers.dhcp_rpc_agent_api [None req-e0657b02-6f1a-4661-a17a-35a88d306c67 a184890562914b0f803724249bf9e123 352edd04f8034836b0b476e2133cf3a3 - - default default] Unable to schedule network 6f903608-6d0f-40c3-bb61-38ea0c99e995: no agents available; will retry on subsequent port and subnet creation events.
2026-05-30 06:24:11.634 10 INFO neutron.wsgi [req-2fbcd9e0-9337-4b2d-904c-60ebc7e5b529 req-c415fd4e-7f36-415a-ada3-555ec9f06f76 c8778c66d7644976a19bcfcf035beb3c badad4dc82a74e2788062edc3925de7d - - 5a1a72e7a3ec4b3e8f405893aa045520 5a1a72e7a3ec4b3e8f405893aa045520] 199.204.45.30 "GET /v2.0/networks?id=0e74eba0-01c1-415e-95e1-73de499c8a99 HTTP/1.1" status: 200 len: 958 time: 0.0622203
