2026-05-30 06:22:01.283 10 INFO neutron.db.ovn_revision_numbers_db [None req-cc738e7a-3b2e-46e6-8e71-0582e6f7f7a2 d4a32f035e9f4434a4c3fe8f2eeb6a79 41bdb2ffb5744ed2935b331c39a99cdf - - default default] Successfully bumped revision number for resource 8d402c96-0bb2-43be-b851-1824f8f5c624 (type: security_group_rules) to 0
2026-05-30 06:22:01.299 10 INFO neutron.db.ovn_revision_numbers_db [None req-cc738e7a-3b2e-46e6-8e71-0582e6f7f7a2 d4a32f035e9f4434a4c3fe8f2eeb6a79 41bdb2ffb5744ed2935b331c39a99cdf - - default default] Successfully bumped revision number for resource af35a688-49ff-4093-a6d1-b70a34a4f218 (type: security_group_rules) to 0
2026-05-30 06:22:01.398 9 INFO neutron.db.ovn_revision_numbers_db [None req-05499566-8dfc-4773-a427-3a87a3752920 d3e8b099554f4242991dffe00082cc2c 16f1f42b73914be4a2f726753be4c11f - - default default] Successfully bumped revision number for resource 7e411402-2f70-4064-8740-892341fbfa0a (type: security_group_rules) to 0
2026-05-30 06:22:01.404 10 INFO neutron.db.ovn_revision_numbers_db [None req-cc738e7a-3b2e-46e6-8e71-0582e6f7f7a2 d4a32f035e9f4434a4c3fe8f2eeb6a79 41bdb2ffb5744ed2935b331c39a99cdf - - default default] Successfully bumped revision number for resource 944649ef-42a0-46cd-9941-6f43146d5574 (type: security_groups) to 1
2026-05-30 06:22:01.422 9 INFO neutron.wsgi [None req-05499566-8dfc-4773-a427-3a87a3752920 d3e8b099554f4242991dffe00082cc2c 16f1f42b73914be4a2f726753be4c11f - - default default] 10.0.0.233 "POST /v2.0/security-group-rules HTTP/1.1" status: 201 len: 769 time: 0.1485560
2026-05-30 06:22:01.425 10 INFO neutron.db.ovn_revision_numbers_db [None req-cc738e7a-3b2e-46e6-8e71-0582e6f7f7a2 d4a32f035e9f4434a4c3fe8f2eeb6a79 41bdb2ffb5744ed2935b331c39a99cdf - - default default] Successfully bumped revision number for resource 4585ef08-dfc2-4d83-ad54-23c2be48e97b (type: security_group_rules) to 0
2026-05-30 06:22:01.432 9 WARNING neutron_lib.context [None req-5430dc48-c0ee-4259-bbed-30d5daa2bbd3 d3e8b099554f4242991dffe00082cc2c 16f1f42b73914be4a2f726753be4c11f - - default default] Method 'is_advsvc' is deprecated since 2023.2 release (neutron-lib 3.8.0) and will be removed once support for the old RBAC API policies will be removed from Neutron. Please use method 'is_service_role' instead.
2026-05-30 06:22:01.442 10 INFO neutron.db.ovn_revision_numbers_db [None req-cc738e7a-3b2e-46e6-8e71-0582e6f7f7a2 d4a32f035e9f4434a4c3fe8f2eeb6a79 41bdb2ffb5744ed2935b331c39a99cdf - - default default] Successfully bumped revision number for resource df9f6b61-aac3-44ac-89d3-75f1af328300 (type: security_group_rules) to 0
2026-05-30 06:22:01.462 10 INFO neutron.wsgi [None req-cc738e7a-3b2e-46e6-8e71-0582e6f7f7a2 d4a32f035e9f4434a4c3fe8f2eeb6a79 41bdb2ffb5744ed2935b331c39a99cdf - - default default] 10.0.0.233 "POST /v2.0/security-groups HTTP/1.1" status: 201 len: 1760 time: 0.4780216
2026-05-30 06:22:01.506 10 INFO neutron.wsgi [None req-a393454c-ff7b-4bf7-ab7b-4883fbbb4d7f d4a32f035e9f4434a4c3fe8f2eeb6a79 41bdb2ffb5744ed2935b331c39a99cdf - - default default] 10.0.0.233 "GET /v2.0/security-groups HTTP/1.1" status: 200 len: 4538 time: 0.0381174
2026-05-30 06:22:01.630 9 INFO neutron.db.ovn_revision_numbers_db [None req-7da7adcf-b1ed-4851-9c80-a46b9bdc56fa d4a32f035e9f4434a4c3fe8f2eeb6a79 41bdb2ffb5744ed2935b331c39a99cdf - - default default] Successfully bumped revision number for resource 944649ef-42a0-46cd-9941-6f43146d5574 (type: security_groups) to 2
2026-05-30 06:22:01.633 9 INFO neutron.wsgi [None req-7da7adcf-b1ed-4851-9c80-a46b9bdc56fa d4a32f035e9f4434a4c3fe8f2eeb6a79 41bdb2ffb5744ed2935b331c39a99cdf - - default default] 10.0.0.233 "PUT /v2.0/security-groups/944649ef-42a0-46cd-9941-6f43146d5574 HTTP/1.1" status: 200 len: 1793 time: 0.1183422
2026-05-30 06:22:01.669 9 INFO neutron.wsgi [req-7d680f31-7523-4574-a700-9fb814c13c73 req-311c3aa1-1a0e-4c0e-a6b6-2241cc479900 c8778c66d7644976a19bcfcf035beb3c badad4dc82a74e2788062edc3925de7d - - 5a1a72e7a3ec4b3e8f405893aa045520 5a1a72e7a3ec4b3e8f405893aa045520] 10.0.0.132 "GET /v2.0/ports?device_id=d76e52a1-590c-4048-a1a4-926964e73d1f HTTP/1.1" status: 200 len: 1409 time: 0.2210441
2026-05-30 06:22:01.674 10 INFO neutron.wsgi [None req-0a536d51-b055-47db-bb19-b9b417b633e2 d4a32f035e9f4434a4c3fe8f2eeb6a79 41bdb2ffb5744ed2935b331c39a99cdf - - default default] 10.0.0.233 "GET /v2.0/security-groups/944649ef-42a0-46cd-9941-6f43146d5574 HTTP/1.1" status: 200 len: 1793 time: 0.0354099
2026-05-30 06:22:01.736 9 INFO neutron.wsgi [req-7d680f31-7523-4574-a700-9fb814c13c73 req-a1d7b8ea-70bc-4c80-8403-16bd738fdaed c8778c66d7644976a19bcfcf035beb3c badad4dc82a74e2788062edc3925de7d - - 5a1a72e7a3ec4b3e8f405893aa045520 5a1a72e7a3ec4b3e8f405893aa045520] 10.0.0.132 "GET /v2.0/security-groups?id=b55d1791-46ea-4429-a047-3147986b5a32&fields=id&fields=name HTTP/1.1" status: 200 len: 313 time: 0.0578320
2026-05-30 06:22:01.765 9 WARNING neutron.scheduler.dhcp_agent_scheduler [None req-5430dc48-c0ee-4259-bbed-30d5daa2bbd3 d3e8b099554f4242991dffe00082cc2c 16f1f42b73914be4a2f726753be4c11f - - default default] No more DHCP agents
2026-05-30 06:22:01.767 9 WARNING neutron.api.rpc.agentnotifiers.dhcp_rpc_agent_api [None req-5430dc48-c0ee-4259-bbed-30d5daa2bbd3 d3e8b099554f4242991dffe00082cc2c 16f1f42b73914be4a2f726753be4c11f - - default default] Unable to schedule network 11b4d999-c9b7-4826-92f7-6abe7fd0399f: no agents available; will retry on subsequent port and subnet creation events.
2026-05-30 06:22:01.802 10 INFO neutron.wsgi [None req-1d2812ea-1e1e-4914-b1af-f0f240b2f41f d4a32f035e9f4434a4c3fe8f2eeb6a79 41bdb2ffb5744ed2935b331c39a99cdf - - default default] 10.0.0.233 "DELETE /v2.0/security-groups/944649ef-42a0-46cd-9941-6f43146d5574 HTTP/1.1" status: 204 len: 168 time: 0.1235611
2026-05-30 06:22:01.845 10 INFO neutron.wsgi [None req-d256733b-9e8f-4579-945b-9de0dfecaaa1 d4a32f035e9f4434a4c3fe8f2eeb6a79 41bdb2ffb5744ed2935b331c39a99cdf - - default default] 10.0.0.233 "GET /v2.0/security-groups HTTP/1.1" status: 200 len: 2996 time: 0.0373645
2026-05-30 06:22:01.860 10 INFO neutron.api.v2.resource [None req-f735b7c3-2232-4ed2-aef7-1b6febeee39f d4a32f035e9f4434a4c3fe8f2eeb6a79 41bdb2ffb5744ed2935b331c39a99cdf - - default default] delete failed (client error): The resource could not be found.
2026-05-30 06:22:01.861 10 INFO neutron.wsgi [None req-f735b7c3-2232-4ed2-aef7-1b6febeee39f d4a32f035e9f4434a4c3fe8f2eeb6a79 41bdb2ffb5744ed2935b331c39a99cdf - - default default] 10.0.0.233 "DELETE /v2.0/security-groups/944649ef-42a0-46cd-9941-6f43146d5574 HTTP/1.1" status: 404 len: 347 time: 0.0115376
2026-05-30 06:22:01.871 10 WARNING neutron_lib.context [None req-c9136ddb-9e46-4da7-aa7a-a07965e5a773 d4a32f035e9f4434a4c3fe8f2eeb6a79 41bdb2ffb5744ed2935b331c39a99cdf - - default default] Method 'is_advsvc' is deprecated since 2023.2 release (neutron-lib 3.8.0) and will be removed once support for the old RBAC API policies will be removed from Neutron. Please use method 'is_service_role' instead.
2026-05-30 06:22:01.980 10 INFO neutron.db.ovn_revision_numbers_db [None req-c9136ddb-9e46-4da7-aa7a-a07965e5a773 d4a32f035e9f4434a4c3fe8f2eeb6a79 41bdb2ffb5744ed2935b331c39a99cdf - - default default] Successfully bumped revision number for resource 6e724c7e-4f8e-4b84-b8d5-bb3dd7acd307 (type: security_groups) to 1
2026-05-30 06:22:01.996 10 INFO neutron.db.ovn_revision_numbers_db [None req-c9136ddb-9e46-4da7-aa7a-a07965e5a773 d4a32f035e9f4434a4c3fe8f2eeb6a79 41bdb2ffb5744ed2935b331c39a99cdf - - default default] Successfully bumped revision number for resource a34aa9f9-6393-4574-8be7-e8027c3f65d7 (type: security_group_rules) to 0
2026-05-30 06:22:02.012 10 INFO neutron.db.ovn_revision_numbers_db [None req-c9136ddb-9e46-4da7-aa7a-a07965e5a773 d4a32f035e9f4434a4c3fe8f2eeb6a79 41bdb2ffb5744ed2935b331c39a99cdf - - default default] Successfully bumped revision number for resource e0c474bd-aa14-4dd9-8d93-78df77bb4089 (type: security_group_rules) to 0
2026-05-30 06:22:02.032 10 INFO neutron.wsgi [None req-c9136ddb-9e46-4da7-aa7a-a07965e5a773 d4a32f035e9f4434a4c3fe8f2eeb6a79 41bdb2ffb5744ed2935b331c39a99cdf - - default default] 10.0.0.233 "POST /v2.0/security-groups HTTP/1.1" status: 201 len: 1761 time: 0.1668193
2026-05-30 06:22:02.043 10 WARNING neutron_lib.context [None req-41e18bbc-7026-4789-b4ca-00523762350f d4a32f035e9f4434a4c3fe8f2eeb6a79 41bdb2ffb5744ed2935b331c39a99cdf - - default default] Method 'is_advsvc' is deprecated since 2023.2 release (neutron-lib 3.8.0) and will be removed once support for the old RBAC API policies will be removed from Neutron. Please use method 'is_service_role' instead.
2026-05-30 06:22:02.102 9 INFO neutron.db.ovn_revision_numbers_db [None req-5430dc48-c0ee-4259-bbed-30d5daa2bbd3 d3e8b099554f4242991dffe00082cc2c 16f1f42b73914be4a2f726753be4c11f - - default default] Successfully bumped revision number for resource a8fef8d4-ac6b-4acd-a7ff-0161fe1e0ba8 (type: floatingips) to 0
2026-05-30 06:22:02.120 9 INFO neutron.wsgi [None req-5430dc48-c0ee-4259-bbed-30d5daa2bbd3 d3e8b099554f4242991dffe00082cc2c 16f1f42b73914be4a2f726753be4c11f - - default default] 10.0.0.233 "POST /v2.0/floatingips HTTP/1.1" status: 201 len: 751 time: 0.6925690
2026-05-30 06:22:02.156 10 INFO neutron.db.ovn_revision_numbers_db [None req-41e18bbc-7026-4789-b4ca-00523762350f d4a32f035e9f4434a4c3fe8f2eeb6a79 41bdb2ffb5744ed2935b331c39a99cdf - - default default] Successfully bumped revision number for resource 0bba2dff-a6ac-4b22-88c8-d712c7e8d586 (type: security_group_rules) to 0
2026-05-30 06:22:02.181 10 INFO neutron.wsgi [None req-41e18bbc-7026-4789-b4ca-00523762350f d4a32f035e9f4434a4c3fe8f2eeb6a79 41bdb2ffb5744ed2935b331c39a99cdf - - default default] 10.0.0.233 "POST /v2.0/security-group-rules HTTP/1.1" status: 201 len: 768 time: 0.1440141
2026-05-30 06:22:02.201 10 INFO neutron.wsgi [None req-07938d1b-7d06-4b7b-9090-711edbdf5561 d4a32f035e9f4434a4c3fe8f2eeb6a79 41bdb2ffb5744ed2935b331c39a99cdf - - default default] 10.0.0.233 "GET /v2.0/security-group-rules/0bba2dff-a6ac-4b22-88c8-d712c7e8d586 HTTP/1.1" status: 200 len: 763 time: 0.0143521
2026-05-30 06:22:02.258 10 INFO neutron.wsgi [None req-be4a3b24-d85c-4ebf-b778-858b17b6a288 d4a32f035e9f4434a4c3fe8f2eeb6a79 41bdb2ffb5744ed2935b331c39a99cdf - - default default] 10.0.0.233 "GET /v2.0/security-group-rules HTTP/1.1" status: 200 len: 4113 time: 0.0528429
2026-05-30 06:22:02.365 10 INFO neutron.wsgi [None req-a2e1a3da-3584-4d17-b0f0-a3ff5b543b4f d4a32f035e9f4434a4c3fe8f2eeb6a79 41bdb2ffb5744ed2935b331c39a99cdf - - default default] 10.0.0.233 "DELETE /v2.0/security-group-rules/0bba2dff-a6ac-4b22-88c8-d712c7e8d586 HTTP/1.1" status: 204 len: 168 time: 0.1028697
2026-05-30 06:22:02.425 10 INFO neutron.wsgi [None req-65a58bd4-405f-4819-b31a-62f7c7162b62 d4a32f035e9f4434a4c3fe8f2eeb6a79 41bdb2ffb5744ed2935b331c39a99cdf - - default default] 10.0.0.233 "GET /v2.0/security-group-rules HTTP/1.1" status: 200 len: 3567 time: 0.0552652
2026-05-30 06:22:02.437 9 WARNING neutron_lib.context [None req-14ea12c1-25c8-445f-9b04-685e4d4104f4 d4a32f035e9f4434a4c3fe8f2eeb6a79 41bdb2ffb5744ed2935b331c39a99cdf - - default default] Method 'is_advsvc' is deprecated since 2023.2 release (neutron-lib 3.8.0) and will be removed once support for the old RBAC API policies will be removed from Neutron. Please use method 'is_service_role' instead.
2026-05-30 06:22:02.572 9 INFO neutron.db.ovn_revision_numbers_db [None req-14ea12c1-25c8-445f-9b04-685e4d4104f4 d4a32f035e9f4434a4c3fe8f2eeb6a79 41bdb2ffb5744ed2935b331c39a99cdf - - default default] Successfully bumped revision number for resource 6c7a96fe-3f38-4a22-8a5b-26ed9ca520b2 (type: security_group_rules) to 0
2026-05-30 06:22:02.598 9 INFO neutron.wsgi [None req-14ea12c1-25c8-445f-9b04-685e4d4104f4 d4a32f035e9f4434a4c3fe8f2eeb6a79 41bdb2ffb5744ed2935b331c39a99cdf - - default default] 10.0.0.233 "POST /v2.0/security-group-rules HTTP/1.1" status: 201 len: 768 time: 0.1680977
2026-05-30 06:22:02.619 9 INFO neutron.wsgi [None req-8561840b-2e22-4255-bd06-52a80765b286 d4a32f035e9f4434a4c3fe8f2eeb6a79 41bdb2ffb5744ed2935b331c39a99cdf - - default default] 10.0.0.233 "GET /v2.0/security-group-rules/6c7a96fe-3f38-4a22-8a5b-26ed9ca520b2 HTTP/1.1" status: 200 len: 763 time: 0.0158222
2026-05-30 06:22:02.620 10 INFO neutron.wsgi [req-da91ae1d-9819-43e9-a49f-3835079e4d20 req-c8233a30-f64a-4200-ac68-328dc689de77 d3e8b099554f4242991dffe00082cc2c 16f1f42b73914be4a2f726753be4c11f - - default default] 10.0.0.113 "GET /v2.0/security-groups?name=tempest-securitygroup--2089320901&fields=id&tenant_id=16f1f42b73914be4a2f726753be4c11f HTTP/1.1" status: 200 len: 267 time: 0.0434263
2026-05-30 06:22:02.670 9 INFO neutron.wsgi [None req-69292b9d-0ad9-4848-893b-92f43520b479 d4a32f035e9f4434a4c3fe8f2eeb6a79 41bdb2ffb5744ed2935b331c39a99cdf - - default default] 10.0.0.233 "GET /v2.0/security-group-rules HTTP/1.1" status: 200 len: 4113 time: 0.0474973
2026-05-30 06:22:02.709 10 INFO neutron.wsgi [req-da91ae1d-9819-43e9-a49f-3835079e4d20 req-00996f00-8575-45cc-9d25-caacabde49db d3e8b099554f4242991dffe00082cc2c 16f1f42b73914be4a2f726753be4c11f - - default default] 10.0.0.113 "GET /v2.0/networks?id=ab8aed88-2267-421f-b0b2-7631b7e978e2 HTTP/1.1" status: 200 len: 869 time: 0.0806890
2026-05-30 06:22:02.731 10 INFO neutron.wsgi [req-da91ae1d-9819-43e9-a49f-3835079e4d20 req-f26ef46e-75de-4e34-bf9e-be3846c09c2b d3e8b099554f4242991dffe00082cc2c 16f1f42b73914be4a2f726753be4c11f - - default default] 10.0.0.113 "GET /v2.0/quotas/16f1f42b73914be4a2f726753be4c11f HTTP/1.1" status: 200 len: 386 time: 0.0141885
2026-05-30 06:22:02.792 9 INFO neutron.wsgi [None req-6364f741-264e-4ef8-b4e3-4f3ba70bc42b d4a32f035e9f4434a4c3fe8f2eeb6a79 41bdb2ffb5744ed2935b331c39a99cdf - - default default] 10.0.0.233 "DELETE /v2.0/security-group-rules/6c7a96fe-3f38-4a22-8a5b-26ed9ca520b2 HTTP/1.1" status: 204 len: 168 time: 0.1179333
2026-05-30 06:22:02.832 10 INFO neutron.wsgi [req-da91ae1d-9819-43e9-a49f-3835079e4d20 req-74b0c459-df88-4a22-b568-a4146f9b308d d3e8b099554f4242991dffe00082cc2c 16f1f42b73914be4a2f726753be4c11f - - default default] 10.0.0.113 "GET /v2.0/ports?tenant_id=16f1f42b73914be4a2f726753be4c11f&fields=id HTTP/1.1" status: 200 len: 302 time: 0.0935843
2026-05-30 06:22:02.834 9 INFO neutron.wsgi [None req-adf3ef24-f606-4b55-a137-58a00d09d6e2 d4a32f035e9f4434a4c3fe8f2eeb6a79 41bdb2ffb5744ed2935b331c39a99cdf - - default default] 10.0.0.233 "GET /v2.0/security-group-rules HTTP/1.1" status: 200 len: 3567 time: 0.0344150
2026-05-30 06:22:02.846 9 WARNING neutron_lib.context [None req-e924ee91-4e53-42eb-8a16-919dd0eb885a d4a32f035e9f4434a4c3fe8f2eeb6a79 41bdb2ffb5744ed2935b331c39a99cdf - - default default] Method 'is_advsvc' is deprecated since 2023.2 release (neutron-lib 3.8.0) and will be removed once support for the old RBAC API policies will be removed from Neutron. Please use method 'is_service_role' instead.
2026-05-30 06:22:02.863 9 INFO neutron.db.securitygroups_db [None req-e924ee91-4e53-42eb-8a16-919dd0eb885a d4a32f035e9f4434a4c3fe8f2eeb6a79 41bdb2ffb5744ed2935b331c39a99cdf - - default default] Project 41bdb2ffb5744ed2935b331c39a99cdf added a security group rule with legacy IPv6 ICMP protocol name icmp, ipv6-icmp should be used instead. It was automatically converted.
2026-05-30 06:22:02.930 10 INFO neutron.wsgi [req-da91ae1d-9819-43e9-a49f-3835079e4d20 req-4f6a0b25-f463-4c92-920a-2dcec569db20 c8778c66d7644976a19bcfcf035beb3c badad4dc82a74e2788062edc3925de7d - - 5a1a72e7a3ec4b3e8f405893aa045520 5a1a72e7a3ec4b3e8f405893aa045520] 10.0.0.113 "GET /v2.0/networks/ab8aed88-2267-421f-b0b2-7631b7e978e2?fields=segments HTTP/1.1" status: 200 len: 212 time: 0.0816865
2026-05-30 06:22:02.953 9 INFO neutron.db.ovn_revision_numbers_db [None req-e924ee91-4e53-42eb-8a16-919dd0eb885a d4a32f035e9f4434a4c3fe8f2eeb6a79 41bdb2ffb5744ed2935b331c39a99cdf - - default default] Successfully bumped revision number for resource c8ca1df7-6dd6-4ee3-bcc0-827827b0da01 (type: security_group_rules) to 0
2026-05-30 06:22:02.973 9 INFO neutron.wsgi [None req-e924ee91-4e53-42eb-8a16-919dd0eb885a d4a32f035e9f4434a4c3fe8f2eeb6a79 41bdb2ffb5744ed2935b331c39a99cdf - - default default] 10.0.0.233 "POST /v2.0/security-group-rules HTTP/1.1" status: 201 len: 774 time: 0.1311846
2026-05-30 06:22:02.992 9 INFO neutron.wsgi [None req-06ea6007-37fe-4add-9535-ca9443d969af d4a32f035e9f4434a4c3fe8f2eeb6a79 41bdb2ffb5744ed2935b331c39a99cdf - - default default] 10.0.0.233 "GET /v2.0/security-group-rules/c8ca1df7-6dd6-4ee3-bcc0-827827b0da01 HTTP/1.1" status: 200 len: 769 time: 0.0128741
2026-05-30 06:22:02.998 10 INFO neutron.wsgi [req-df6b2b42-90b7-4e2e-b4a7-294ae5849e03 req-3d7aa86b-3a0a-4c6a-a43b-3cf73f7d3628 5aeb07fcbb5d42bca7202fe5546ac47a 40314c816c714f23b2f3e957621513cb - - default default] 10.0.0.113 "GET /v2.0/ports?device_id=d76e52a1-590c-4048-a1a4-926964e73d1f HTTP/1.1" status: 200 len: 1170 time: 0.1038735
2026-05-30 06:22:03.033 10 INFO neutron.wsgi [req-da91ae1d-9819-43e9-a49f-3835079e4d20 req-a56e6028-2e14-49f7-a3f0-4f9805e60e30 c8778c66d7644976a19bcfcf035beb3c badad4dc82a74e2788062edc3925de7d - - 5a1a72e7a3ec4b3e8f405893aa045520 5a1a72e7a3ec4b3e8f405893aa045520] 10.0.0.113 "GET /v2.0/networks/ab8aed88-2267-421f-b0b2-7631b7e978e2?fields=provider%3Aphysical_network&fields=provider%3Anetwork_type HTTP/1.1" status: 200 len: 277 time: 0.0948195
2026-05-30 06:22:03.040 9 INFO neutron.wsgi [None req-413a81fc-78a6-46b6-9daf-697763dfc40c d4a32f035e9f4434a4c3fe8f2eeb6a79 41bdb2ffb5744ed2935b331c39a99cdf - - default default] 10.0.0.233 "GET /v2.0/security-group-rules HTTP/1.1" status: 200 len: 4119 time: 0.0426815
2026-05-30 06:22:03.081 10 INFO neutron.wsgi [req-bd6c6ff0-ad83-429e-be4b-f47cb7434af8 req-7f894659-24d2-4d2e-96c1-644c694444f9 5aeb07fcbb5d42bca7202fe5546ac47a 40314c816c714f23b2f3e957621513cb - - default default] 10.0.0.113 "GET /v2.0/ports/21b209e4-27a8-477a-94fc-d3ce99c93d34 HTTP/1.1" status: 200 len: 1167 time: 0.0433414
2026-05-30 06:22:03.173 9 INFO neutron.wsgi [None req-55be7e47-12dc-44e3-b505-62cd4aa746f5 d4a32f035e9f4434a4c3fe8f2eeb6a79 41bdb2ffb5744ed2935b331c39a99cdf - - default default] 10.0.0.233 "DELETE /v2.0/security-group-rules/c8ca1df7-6dd6-4ee3-bcc0-827827b0da01 HTTP/1.1" status: 204 len: 168 time: 0.1284549
2026-05-30 06:22:03.199 10 INFO neutron.wsgi [req-65339941-a31b-42fd-87fd-e60ba15d6458 req-68e1125d-538b-4fbe-889d-bc650cc1f794 d3e8b099554f4242991dffe00082cc2c 16f1f42b73914be4a2f726753be4c11f - - default default] 10.0.0.113 "GET /v2.0/ports?device_id=076c1030-2f44-4c9d-8c2f-b895737abb6a HTTP/1.1" status: 200 len: 210 time: 0.0302532
2026-05-30 06:22:03.222 10 INFO neutron.wsgi [None req-08741c1b-6142-48e4-884f-fd95df1998bb d4a32f035e9f4434a4c3fe8f2eeb6a79 41bdb2ffb5744ed2935b331c39a99cdf - - default default] 10.0.0.233 "GET /v2.0/security-group-rules HTTP/1.1" status: 200 len: 3567 time: 0.0393453
2026-05-30 06:22:03.266 9 INFO neutron.wsgi [req-eb66c8aa-35f7-474f-8407-5aefdca087f2 req-1c49a7d9-33f1-4f32-a876-9232b35e18ba 5aeb07fcbb5d42bca7202fe5546ac47a 40314c816c714f23b2f3e957621513cb - - default default] 199.204.45.30 "GET /v2.0/subnets?network_id=2f07f98a-5d6e-48a7-b424-c82f518a2ab8 HTTP/1.1" status: 200 len: 858 time: 0.0489485
2026-05-30 06:22:03.334 10 INFO neutron.wsgi [None req-b8d9b5ea-0dd5-4410-a094-dade3981f5de d4a32f035e9f4434a4c3fe8f2eeb6a79 41bdb2ffb5744ed2935b331c39a99cdf - - default default] 10.0.0.233 "DELETE /v2.0/security-groups/6e724c7e-4f8e-4b84-b8d5-bb3dd7acd307 HTTP/1.1" status: 204 len: 168 time: 0.1073732
2026-05-30 06:22:03.379 10 INFO neutron.wsgi [None req-eb35a141-f4a8-448b-bda8-65a36f5387a3 d4a32f035e9f4434a4c3fe8f2eeb6a79 41bdb2ffb5744ed2935b331c39a99cdf - - default default] 10.0.0.233 "GET /v2.0/security-groups HTTP/1.1" status: 200 len: 2996 time: 0.0397565
2026-05-30 06:22:03.394 9 INFO neutron.wsgi [req-eb66c8aa-35f7-474f-8407-5aefdca087f2 req-916c8f45-55b3-466b-bec9-a9d45e909495 5aeb07fcbb5d42bca7202fe5546ac47a 40314c816c714f23b2f3e957621513cb - - default default] 199.204.45.30 "GET /v2.0/ports?device_id=d76e52a1-590c-4048-a1a4-926964e73d1f&device_owner=compute%3Anova&network_id=2f07f98a-5d6e-48a7-b424-c82f518a2ab8 HTTP/1.1" status: 200 len: 1170 time: 0.1248553
2026-05-30 06:22:03.420 10 INFO neutron.wsgi [None req-0b5d449e-91d4-42df-92c2-178ed0f4c02b d4a32f035e9f4434a4c3fe8f2eeb6a79 41bdb2ffb5744ed2935b331c39a99cdf - - default default] 10.0.0.233 "GET /v2.0/security-groups HTTP/1.1" status: 200 len: 2996 time: 0.0351915
2026-05-30 06:22:03.916 10 INFO neutron.wsgi [req-da91ae1d-9819-43e9-a49f-3835079e4d20 req-8487dcd1-7e3f-4ed5-8aa6-0e88cba460ee d3e8b099554f4242991dffe00082cc2c 16f1f42b73914be4a2f726753be4c11f - - default default] 199.204.45.30 "GET /v2.0/networks?id=ab8aed88-2267-421f-b0b2-7631b7e978e2 HTTP/1.1" status: 200 len: 869 time: 0.0801983
2026-05-30 06:22:03.964 9 INFO neutron.db.ovn_revision_numbers_db [req-eb66c8aa-35f7-474f-8407-5aefdca087f2 req-906ec9e9-cde9-410e-b1cf-dd29bfadbbca 5aeb07fcbb5d42bca7202fe5546ac47a 40314c816c714f23b2f3e957621513cb - - default default] Successfully bumped revision number for resource 21b209e4-27a8-477a-94fc-d3ce99c93d34 (type: ports) to 5
2026-05-30 06:22:03.969 10 INFO neutron.wsgi [req-da91ae1d-9819-43e9-a49f-3835079e4d20 req-65c0a6b5-75aa-4274-aa92-53d3bfc12ec6 d3e8b099554f4242991dffe00082cc2c 16f1f42b73914be4a2f726753be4c11f - - default default] 199.204.45.30 "GET /v2.0/security-groups?fields=id&fields=name&tenant_id=16f1f42b73914be4a2f726753be4c11f HTTP/1.1" status: 200 len: 380 time: 0.0484951
2026-05-30 06:22:03.976 9 INFO neutron.wsgi [req-eb66c8aa-35f7-474f-8407-5aefdca087f2 req-906ec9e9-cde9-410e-b1cf-dd29bfadbbca 5aeb07fcbb5d42bca7202fe5546ac47a 40314c816c714f23b2f3e957621513cb - - default default] 199.204.45.30 "PUT /v2.0/ports/21b209e4-27a8-477a-94fc-d3ce99c93d34 HTTP/1.1" status: 200 len: 1345 time: 0.5778897
2026-05-30 06:22:03.982 10 WARNING neutron_lib.context [req-da91ae1d-9819-43e9-a49f-3835079e4d20 req-5b22cc97-2ea5-4f72-bc57-47e3120669d9 d3e8b099554f4242991dffe00082cc2c 16f1f42b73914be4a2f726753be4c11f - - default default] Method 'is_advsvc' is deprecated since 2023.2 release (neutron-lib 3.8.0) and will be removed once support for the old RBAC API policies will be removed from Neutron. Please use method 'is_service_role' instead. /var/lib/openstack/lib/python3.10/site-packages/pycadf/identifier.py:71: UserWarning: Invalid uuid: neutron. To ensure interoperability, identifiers should be a valid uuid. warnings.warn(('Invalid uuid: %s. To ensure interoperability, '
2026-05-30 06:22:04.014 9 INFO neutron.notifiers.nova [-] Nova event matching ['req-794cb8ef-d594-4794-aaa7-27fa0be93cbf'] response: {'name': 'network-changed', 'server_uuid': 'd76e52a1-590c-4048-a1a4-926964e73d1f', 'tag': '21b209e4-27a8-477a-94fc-d3ce99c93d34', 'status': 'completed', 'code': 200}
2026-05-30 06:22:04.030 9 INFO neutron.wsgi [req-eb66c8aa-35f7-474f-8407-5aefdca087f2 req-e974aa00-eb12-4c62-aa4a-60fccfa5f5c3 c8778c66d7644976a19bcfcf035beb3c badad4dc82a74e2788062edc3925de7d - - 5a1a72e7a3ec4b3e8f405893aa045520 5a1a72e7a3ec4b3e8f405893aa045520] 199.204.45.30 "GET /v2.0/ports?tenant_id=40314c816c714f23b2f3e957621513cb&device_id=d76e52a1-590c-4048-a1a4-926964e73d1f HTTP/1.1" status: 200 len: 1586 time: 0.0380938
2026-05-30 06:22:04.106 9 INFO neutron.wsgi [req-eb66c8aa-35f7-474f-8407-5aefdca087f2 req-866104bd-b86a-4bbf-bcaa-44852037264f c8778c66d7644976a19bcfcf035beb3c badad4dc82a74e2788062edc3925de7d - - 5a1a72e7a3ec4b3e8f405893aa045520 5a1a72e7a3ec4b3e8f405893aa045520] 199.204.45.30 "GET /v2.0/networks?id=2f07f98a-5d6e-48a7-b424-c82f518a2ab8 HTTP/1.1" status: 200 len: 981 time: 0.0589404
2026-05-30 06:22:04.164 9 INFO neutron.wsgi [req-eb66c8aa-35f7-474f-8407-5aefdca087f2 req-41b22a21-79e7-4c86-ab1e-c23df519a925 c8778c66d7644976a19bcfcf035beb3c badad4dc82a74e2788062edc3925de7d - - 5a1a72e7a3ec4b3e8f405893aa045520 5a1a72e7a3ec4b3e8f405893aa045520] 199.204.45.30 "GET /v2.0/floatingips?fixed_ip_address=10.100.0.5&port_id=21b209e4-27a8-477a-94fc-d3ce99c93d34 HTTP/1.1" status: 200 len: 1059 time: 0.0497451
2026-05-30 06:22:04.170 10 INFO neutron.wsgi [None req-eb35bc1d-4d69-4d0d-a26e-df52de50364c fa9ca9eda4724365ad319b81ddc79576 604cbe8fbcb44e7bb365d0755c5a9367 - - default default] 10.0.0.233 "GET /v2.0/security-groups?tenant_id=41bdb2ffb5744ed2935b331c39a99cdf&name=default HTTP/1.1" status: 200 len: 2996 time: 0.1716695
2026-05-30 06:22:04.198 9 INFO neutron.wsgi [req-eb66c8aa-35f7-474f-8407-5aefdca087f2 req-a53e2cf1-bc64-46ff-8f49-908adce15864 c8778c66d7644976a19bcfcf035beb3c badad4dc82a74e2788062edc3925de7d - - 5a1a72e7a3ec4b3e8f405893aa045520 5a1a72e7a3ec4b3e8f405893aa045520] 199.204.45.30 "GET /v2.0/floatingips?fixed_ip_address=10.100.0.7&port_id=21b209e4-27a8-477a-94fc-d3ce99c93d34 HTTP/1.1" status: 200 len: 217 time: 0.0249524
2026-05-30 06:22:04.260 9 INFO neutron.wsgi [req-eb66c8aa-35f7-474f-8407-5aefdca087f2 req-19e4ce2d-ef7c-441d-b4e3-912ca35acfb1 c8778c66d7644976a19bcfcf035beb3c badad4dc82a74e2788062edc3925de7d - - 5a1a72e7a3ec4b3e8f405893aa045520 5a1a72e7a3ec4b3e8f405893aa045520] 199.204.45.30 "GET /v2.0/subnets?id=328acb6c-c7a3-4b81-aa39-1001b0939e35 HTTP/1.1" status: 200 len: 876 time: 0.0524993
2026-05-30 06:22:04.301 10 INFO neutron.wsgi [req-95605809-ab48-416f-89e8-38c94eaf4f04 req-50cadc20-49fe-4f6f-ae25-9ce3167ec907 d3e8b099554f4242991dffe00082cc2c 16f1f42b73914be4a2f726753be4c11f - - default default] 10.0.0.113 "GET /v2.0/ports?device_id=076c1030-2f44-4c9d-8c2f-b895737abb6a HTTP/1.1" status: 200 len: 210 time: 0.0364876
2026-05-30 06:22:04.355 10 WARNING neutron.scheduler.dhcp_agent_scheduler [req-da91ae1d-9819-43e9-a49f-3835079e4d20 req-5b22cc97-2ea5-4f72-bc57-47e3120669d9 d3e8b099554f4242991dffe00082cc2c 16f1f42b73914be4a2f726753be4c11f - - default default] No more DHCP agents
2026-05-30 06:22:04.357 10 WARNING neutron.api.rpc.agentnotifiers.dhcp_rpc_agent_api [req-da91ae1d-9819-43e9-a49f-3835079e4d20 req-5b22cc97-2ea5-4f72-bc57-47e3120669d9 d3e8b099554f4242991dffe00082cc2c 16f1f42b73914be4a2f726753be4c11f - - default default] Unable to schedule network ab8aed88-2267-421f-b0b2-7631b7e978e2: no agents available; will retry on subsequent port and subnet creation events.
2026-05-30 06:22:04.469 9 INFO neutron.wsgi [req-eb66c8aa-35f7-474f-8407-5aefdca087f2 req-9ffaa22a-3540-4731-b99e-2274c3642588 c8778c66d7644976a19bcfcf035beb3c badad4dc82a74e2788062edc3925de7d - - 5a1a72e7a3ec4b3e8f405893aa045520 5a1a72e7a3ec4b3e8f405893aa045520] 199.204.45.30 "GET /v2.0/ports?network_id=2f07f98a-5d6e-48a7-b424-c82f518a2ab8&device_owner=network%3Adhcp HTTP/1.1" status: 200 len: 210 time: 0.2006316
2026-05-30 06:22:04.492 10 INFO neutron.db.ovn_revision_numbers_db [req-da91ae1d-9819-43e9-a49f-3835079e4d20 req-5b22cc97-2ea5-4f72-bc57-47e3120669d9 d3e8b099554f4242991dffe00082cc2c 16f1f42b73914be4a2f726753be4c11f - - default default] Successfully bumped revision number for resource c2b43561-7b08-43e8-b90e-6e43c92de245 (type: ports) to 1
2026-05-30 06:22:04.495 10 INFO neutron.wsgi [None req-a032fc82-7314-4905-ac15-6d197a1d3ad2 fa9ca9eda4724365ad319b81ddc79576 604cbe8fbcb44e7bb365d0755c5a9367 - - default default] 10.0.0.233 "DELETE /v2.0/security-groups/7fea0b60-9363-40c7-8d5d-9a9030c7bc2f HTTP/1.1" status: 204 len: 168 time: 0.3194742
2026-05-30 06:22:04.519 10 INFO neutron.wsgi [req-da91ae1d-9819-43e9-a49f-3835079e4d20 req-5b22cc97-2ea5-4f72-bc57-47e3120669d9 d3e8b099554f4242991dffe00082cc2c 16f1f42b73914be4a2f726753be4c11f - - default default] 199.204.45.30 "POST /v2.0/ports HTTP/1.1" status: 201 len: 1162 time: 0.5453961 /var/lib/openstack/lib/python3.10/site-packages/pycadf/identifier.py:71: UserWarning: Invalid uuid: neutron. To ensure interoperability, identifiers should be a valid uuid. warnings.warn(('Invalid uuid: %s. To ensure interoperability, '
2026-05-30 06:22:04.529 9 INFO neutron.wsgi [req-eb66c8aa-35f7-474f-8407-5aefdca087f2 req-7129eba8-b07b-44d0-8663-4a70e71e90e0 c8778c66d7644976a19bcfcf035beb3c badad4dc82a74e2788062edc3925de7d - - 5a1a72e7a3ec4b3e8f405893aa045520 5a1a72e7a3ec4b3e8f405893aa045520] 199.204.45.30 "GET /v2.0/networks/2f07f98a-5d6e-48a7-b424-c82f518a2ab8?fields=segments HTTP/1.1" status: 200 len: 212 time: 0.0526061
2026-05-30 06:22:04.599 9 INFO neutron.wsgi [req-eb66c8aa-35f7-474f-8407-5aefdca087f2 req-4a2c115a-6e37-448d-a8d2-11f3bed94d9e c8778c66d7644976a19bcfcf035beb3c badad4dc82a74e2788062edc3925de7d - - 5a1a72e7a3ec4b3e8f405893aa045520 5a1a72e7a3ec4b3e8f405893aa045520] 199.204.45.30 "GET /v2.0/networks/2f07f98a-5d6e-48a7-b424-c82f518a2ab8?fields=provider%3Aphysical_network&fields=provider%3Anetwork_type HTTP/1.1" status: 200 len: 277 time: 0.0653341
2026-05-30 06:22:04.692 9 INFO neutron.wsgi [req-b032c67a-87c1-4cc5-b3d1-3ad62d724c17 req-b9101155-6521-4798-b478-c75412570cb0 c8778c66d7644976a19bcfcf035beb3c badad4dc82a74e2788062edc3925de7d - - 5a1a72e7a3ec4b3e8f405893aa045520 5a1a72e7a3ec4b3e8f405893aa045520] 199.204.45.30 "GET /v2.0/ports?tenant_id=40314c816c714f23b2f3e957621513cb&device_id=d76e52a1-590c-4048-a1a4-926964e73d1f HTTP/1.1" status: 200 len: 1586 time: 0.0385721
2026-05-30 06:22:04.763 9 INFO neutron.wsgi [req-b032c67a-87c1-4cc5-b3d1-3ad62d724c17 req-f0cac569-b709-4838-8d31-39273395540e c8778c66d7644976a19bcfcf035beb3c badad4dc82a74e2788062edc3925de7d - - 5a1a72e7a3ec4b3e8f405893aa045520 5a1a72e7a3ec4b3e8f405893aa045520] 199.204.45.30 "GET /v2.0/networks?id=2f07f98a-5d6e-48a7-b424-c82f518a2ab8 HTTP/1.1" status: 200 len: 981 time: 0.0647023
2026-05-30 06:22:04.821 9 INFO neutron.wsgi [req-b032c67a-87c1-4cc5-b3d1-3ad62d724c17 req-fe8b6e7c-bb37-4580-bd2f-11804d8cbcf9 c8778c66d7644976a19bcfcf035beb3c badad4dc82a74e2788062edc3925de7d - - 5a1a72e7a3ec4b3e8f405893aa045520 5a1a72e7a3ec4b3e8f405893aa045520] 199.204.45.30 "GET /v2.0/floatingips?fixed_ip_address=10.100.0.5&port_id=21b209e4-27a8-477a-94fc-d3ce99c93d34 HTTP/1.1" status: 200 len: 1059 time: 0.0519416
2026-05-30 06:22:04.849 9 INFO neutron.wsgi [req-b032c67a-87c1-4cc5-b3d1-3ad62d724c17 req-9738d25d-5e66-47be-9421-f2db03e3e999 c8778c66d7644976a19bcfcf035beb3c badad4dc82a74e2788062edc3925de7d - - 5a1a72e7a3ec4b3e8f405893aa045520 5a1a72e7a3ec4b3e8f405893aa045520] 199.204.45.30 "GET /v2.0/floatingips?fixed_ip_address=10.100.0.7&port_id=21b209e4-27a8-477a-94fc-d3ce99c93d34 HTTP/1.1" status: 200 len: 217 time: 0.0220535
2026-05-30 06:22:04.886 9 INFO neutron.wsgi [req-b032c67a-87c1-4cc5-b3d1-3ad62d724c17 req-05469fe6-336a-4fe3-a555-b9e088cb3908 c8778c66d7644976a19bcfcf035beb3c badad4dc82a74e2788062edc3925de7d - - 5a1a72e7a3ec4b3e8f405893aa045520 5a1a72e7a3ec4b3e8f405893aa045520] 199.204.45.30 "GET /v2.0/subnets?id=328acb6c-c7a3-4b81-aa39-1001b0939e35 HTTP/1.1" status: 200 len: 876 time: 0.0312500
2026-05-30 06:22:04.921 9 INFO neutron.wsgi [req-b032c67a-87c1-4cc5-b3d1-3ad62d724c17 req-4e7c661b-8313-40e9-8d88-6aa46e4fad9c c8778c66d7644976a19bcfcf035beb3c badad4dc82a74e2788062edc3925de7d - - 5a1a72e7a3ec4b3e8f405893aa045520 5a1a72e7a3ec4b3e8f405893aa045520] 199.204.45.30 "GET /v2.0/ports?network_id=2f07f98a-5d6e-48a7-b424-c82f518a2ab8&device_owner=network%3Adhcp HTTP/1.1" status: 200 len: 210 time: 0.0261905
2026-05-30 06:22:04.949 10 INFO neutron.db.ovn_revision_numbers_db [req-da91ae1d-9819-43e9-a49f-3835079e4d20 req-e1574bc3-5296-4930-a493-4e1ff27f1fcf c8778c66d7644976a19bcfcf035beb3c badad4dc82a74e2788062edc3925de7d - - 5a1a72e7a3ec4b3e8f405893aa045520 5a1a72e7a3ec4b3e8f405893aa045520] Successfully bumped revision number for resource c2b43561-7b08-43e8-b90e-6e43c92de245 (type: ports) to 2
2026-05-30 06:22:04.982 9 INFO neutron.wsgi [req-b032c67a-87c1-4cc5-b3d1-3ad62d724c17 req-cdce8f41-cec4-4cc2-bd7e-86cd914a99c0 c8778c66d7644976a19bcfcf035beb3c badad4dc82a74e2788062edc3925de7d - - 5a1a72e7a3ec4b3e8f405893aa045520 5a1a72e7a3ec4b3e8f405893aa045520] 199.204.45.30 "GET /v2.0/networks/2f07f98a-5d6e-48a7-b424-c82f518a2ab8?fields=segments HTTP/1.1" status: 200 len: 212 time: 0.0549972 /var/lib/openstack/lib/python3.10/site-packages/pycadf/identifier.py:71: UserWarning: Invalid uuid: neutron. To ensure interoperability, identifiers should be a valid uuid. warnings.warn(('Invalid uuid: %s. To ensure interoperability, '
2026-05-30 06:22:05.058 9 INFO neutron.wsgi [req-b032c67a-87c1-4cc5-b3d1-3ad62d724c17 req-99dd42d2-2188-4b6f-9863-bbf0de86f9fe c8778c66d7644976a19bcfcf035beb3c badad4dc82a74e2788062edc3925de7d - - 5a1a72e7a3ec4b3e8f405893aa045520 5a1a72e7a3ec4b3e8f405893aa045520] 199.204.45.30 "GET /v2.0/networks/2f07f98a-5d6e-48a7-b424-c82f518a2ab8?fields=provider%3Aphysical_network&fields=provider%3Anetwork_type HTTP/1.1" status: 200 len: 277 time: 0.0696471
2026-05-30 06:22:05.191 10 INFO neutron.db.ovn_revision_numbers_db [req-da91ae1d-9819-43e9-a49f-3835079e4d20 req-e1574bc3-5296-4930-a493-4e1ff27f1fcf c8778c66d7644976a19bcfcf035beb3c badad4dc82a74e2788062edc3925de7d - - 5a1a72e7a3ec4b3e8f405893aa045520 5a1a72e7a3ec4b3e8f405893aa045520] Successfully bumped revision number for resource c2b43561-7b08-43e8-b90e-6e43c92de245 (type: ports) to 2
2026-05-30 06:22:05.193 10 INFO neutron.db.ovn_revision_numbers_db [None req-54dda631-f5a3-488f-b251-2f5d11b617a0 fa9ca9eda4724365ad319b81ddc79576 604cbe8fbcb44e7bb365d0755c5a9367 - - default default] Successfully bumped revision number for resource 0881cade-3e5a-4abe-b567-8a52eb158d06 (type: security_groups) to 1
2026-05-30 06:22:05.207 10 INFO neutron.db.ovn_revision_numbers_db [None req-54dda631-f5a3-488f-b251-2f5d11b617a0 fa9ca9eda4724365ad319b81ddc79576 604cbe8fbcb44e7bb365d0755c5a9367 - - default default] Successfully bumped revision number for resource 27b68f30-9a13-4178-8dcf-73912bc29625 (type: security_group_rules) to 0
2026-05-30 06:22:05.218 10 INFO neutron.wsgi [req-da91ae1d-9819-43e9-a49f-3835079e4d20 req-e1574bc3-5296-4930-a493-4e1ff27f1fcf c8778c66d7644976a19bcfcf035beb3c badad4dc82a74e2788062edc3925de7d - - 5a1a72e7a3ec4b3e8f405893aa045520 5a1a72e7a3ec4b3e8f405893aa045520] 199.204.45.30 "PUT /v2.0/ports/c2b43561-7b08-43e8-b90e-6e43c92de245 HTTP/1.1" status: 200 len: 1380 time: 0.6910193
2026-05-30 06:22:05.239 10 INFO neutron.db.ovn_revision_numbers_db [None req-54dda631-f5a3-488f-b251-2f5d11b617a0 fa9ca9eda4724365ad319b81ddc79576 604cbe8fbcb44e7bb365d0755c5a9367 - - default default] Successfully bumped revision number for resource 85aa86ba-2139-4a35-9ead-9b887bfcb4a5 (type: security_group_rules) to 0 /var/lib/openstack/lib/python3.10/site-packages/pycadf/identifier.py:71: UserWarning: Invalid uuid: neutron. To ensure interoperability, identifiers should be a valid uuid. warnings.warn(('Invalid uuid: %s. To ensure interoperability, '
2026-05-30 06:22:05.260 10 INFO neutron.notifiers.nova [-] Nova event matching ['req-226a8fc6-4d26-4a56-b192-9f554ef455c7'] response: {'name': 'network-changed', 'server_uuid': '076c1030-2f44-4c9d-8c2f-b895737abb6a', 'tag': 'c2b43561-7b08-43e8-b90e-6e43c92de245', 'status': 'completed', 'code': 200}
2026-05-30 06:22:05.274 10 INFO neutron.db.ovn_revision_numbers_db [None req-54dda631-f5a3-488f-b251-2f5d11b617a0 fa9ca9eda4724365ad319b81ddc79576 604cbe8fbcb44e7bb365d0755c5a9367 - - default default] Successfully bumped revision number for resource d2b27880-3915-43d9-b2ad-086ac666c582 (type: security_group_rules) to 0
2026-05-30 06:22:05.293 10 INFO neutron.wsgi [req-da91ae1d-9819-43e9-a49f-3835079e4d20 req-b1efe8cb-3ab7-4450-9f61-1d953ea547cd c8778c66d7644976a19bcfcf035beb3c badad4dc82a74e2788062edc3925de7d - - 5a1a72e7a3ec4b3e8f405893aa045520 5a1a72e7a3ec4b3e8f405893aa045520] 199.204.45.30 "GET /v2.0/ports?tenant_id=16f1f42b73914be4a2f726753be4c11f&device_id=076c1030-2f44-4c9d-8c2f-b895737abb6a HTTP/1.1" status: 200 len: 1411 time: 0.0431659
2026-05-30 06:22:05.306 10 INFO neutron.db.ovn_revision_numbers_db [None req-54dda631-f5a3-488f-b251-2f5d11b617a0 fa9ca9eda4724365ad319b81ddc79576 604cbe8fbcb44e7bb365d0755c5a9367 - - default default] Successfully bumped revision number for resource fb69fc8e-6e3b-4a30-80cc-dc5835cfb684 (type: security_group_rules) to 0
2026-05-30 06:22:05.327 10 INFO neutron.wsgi [req-da91ae1d-9819-43e9-a49f-3835079e4d20 req-d90f33d3-566a-4b7b-a1d0-3d3027fe0a4a c8778c66d7644976a19bcfcf035beb3c badad4dc82a74e2788062edc3925de7d - - 5a1a72e7a3ec4b3e8f405893aa045520 5a1a72e7a3ec4b3e8f405893aa045520] 199.204.45.30 "GET /v2.0/floatingips?fixed_ip_address=10.100.0.14&port_id=c2b43561-7b08-43e8-b90e-6e43c92de245 HTTP/1.1" status: 200 len: 217 time: 0.0284200
2026-05-30 06:22:05.350 10 INFO neutron.wsgi [None req-54dda631-f5a3-488f-b251-2f5d11b617a0 fa9ca9eda4724365ad319b81ddc79576 604cbe8fbcb44e7bb365d0755c5a9367 - - default default] 10.0.0.233 "GET /v2.0/security-groups?tenant_id=5f1e9148fede4d2fb71c74dec2916189&name=default HTTP/1.1" status: 200 len: 2996 time: 0.5173492
2026-05-30 06:22:05.434 10 INFO neutron.wsgi [req-da91ae1d-9819-43e9-a49f-3835079e4d20 req-09bdcf06-5cb3-4267-9cc8-45c324af6c28 c8778c66d7644976a19bcfcf035beb3c badad4dc82a74e2788062edc3925de7d - - 5a1a72e7a3ec4b3e8f405893aa045520 5a1a72e7a3ec4b3e8f405893aa045520] 199.204.45.30 "GET /v2.0/subnets?id=7391111e-538c-48da-97f5-09c967d4bb9e HTTP/1.1" status: 200 len: 863 time: 0.1010413
2026-05-30 06:22:05.447 10 INFO neutron.wsgi [req-363977cb-e769-4edf-b96d-64e3d022960a req-e180d85f-acd2-4974-9a88-6012221751f3 5aeb07fcbb5d42bca7202fe5546ac47a 40314c816c714f23b2f3e957621513cb - - default default] 10.0.0.113 "GET /v2.0/ports?device_id=d76e52a1-590c-4048-a1a4-926964e73d1f HTTP/1.1" status: 200 len: 1348 time: 0.1034794
2026-05-30 06:22:05.453 10 INFO neutron.wsgi [req-be1b54d9-71b0-4844-9ea8-5b1c68d76f4f req-35201bc3-4a5d-4c59-a444-d0802c555871 d3e8b099554f4242991dffe00082cc2c 16f1f42b73914be4a2f726753be4c11f - - default default] 10.0.0.113 "GET /v2.0/ports?device_id=076c1030-2f44-4c9d-8c2f-b895737abb6a HTTP/1.1" status: 200 len: 1172 time: 0.0865884
2026-05-30 06:22:05.486 10 INFO neutron.wsgi [req-da91ae1d-9819-43e9-a49f-3835079e4d20 req-7b1cbb9c-42b2-4ee7-b306-3c43e48edebc c8778c66d7644976a19bcfcf035beb3c badad4dc82a74e2788062edc3925de7d - - 5a1a72e7a3ec4b3e8f405893aa045520 5a1a72e7a3ec4b3e8f405893aa045520] 199.204.45.30 "GET /v2.0/ports?network_id=ab8aed88-2267-421f-b0b2-7631b7e978e2&device_owner=network%3Adhcp HTTP/1.1" status: 200 len: 210 time: 0.0372128
2026-05-30 06:22:05.539 10 INFO neutron.wsgi [req-363977cb-e769-4edf-b96d-64e3d022960a req-7c1f29d1-abfd-47c5-9fd1-c9d99479f24d 5aeb07fcbb5d42bca7202fe5546ac47a 40314c816c714f23b2f3e957621513cb - - default default] 10.0.0.113 "GET /v2.0/security-groups?id=b55d1791-46ea-4429-a047-3147986b5a32&fields=id&fields=name HTTP/1.1" status: 200 len: 313 time: 0.0840142
2026-05-30 06:22:05.545 10 INFO neutron.wsgi [req-be1b54d9-71b0-4844-9ea8-5b1c68d76f4f req-1860f244-25e0-49d8-9c09-e0871743977b d3e8b099554f4242991dffe00082cc2c 16f1f42b73914be4a2f726753be4c11f - - default default] 10.0.0.113 "GET /v2.0/security-groups?id=e0af50d2-67c4-48d3-b659-96ce83efbf77&fields=id&fields=name HTTP/1.1" status: 200 len: 313 time: 0.0815241
2026-05-30 06:22:05.565 10 INFO neutron.wsgi [req-da91ae1d-9819-43e9-a49f-3835079e4d20 req-160711c4-a909-4d57-8023-6d0c5a55b122 c8778c66d7644976a19bcfcf035beb3c badad4dc82a74e2788062edc3925de7d - - 5a1a72e7a3ec4b3e8f405893aa045520 5a1a72e7a3ec4b3e8f405893aa045520] 199.204.45.30 "GET /v2.0/networks/ab8aed88-2267-421f-b0b2-7631b7e978e2?fields=segments HTTP/1.1" status: 200 len: 212 time: 0.0742612
2026-05-30 06:22:05.566 9 INFO neutron.wsgi [None req-edd90622-1ea1-4a3b-a848-df9becc08095 fa9ca9eda4724365ad319b81ddc79576 604cbe8fbcb44e7bb365d0755c5a9367 - - default default] 10.0.0.233 "DELETE /v2.0/security-groups/0881cade-3e5a-4abe-b567-8a52eb158d06 HTTP/1.1" status: 204 len: 168 time: 0.2108874
2026-05-30 06:22:05.629 10 INFO neutron.wsgi [req-da91ae1d-9819-43e9-a49f-3835079e4d20 req-3b230647-af23-41dd-a303-c9ba32c08aec c8778c66d7644976a19bcfcf035beb3c badad4dc82a74e2788062edc3925de7d - - 5a1a72e7a3ec4b3e8f405893aa045520 5a1a72e7a3ec4b3e8f405893aa045520] 199.204.45.30 "GET /v2.0/networks/ab8aed88-2267-421f-b0b2-7631b7e978e2?fields=provider%3Aphysical_network&fields=provider%3Anetwork_type HTTP/1.1" status: 200 len: 277 time: 0.0574548
2026-05-30 06:22:05.652 9 WARNING neutron.plugins.ml2.drivers.ovn.mech_driver.ovsdb.ovn_client [None req-7984f437-2146-44b6-8ddc-5f6897636561 - - - - - -] No hosting information found for port 95d3ede6-3a21-4fd0-86e4-1424958b746a: RuntimeError: No hosting information found for port 95d3ede6-3a21-4fd0-86e4-1424958b746a
2026-05-30 06:22:05.705 10 INFO neutron.wsgi [req-87c02bcf-a418-4972-9b5c-6a621b02d36d req-eae622cd-491a-494e-bacb-7486d4256554 5aeb07fcbb5d42bca7202fe5546ac47a 40314c816c714f23b2f3e957621513cb - - default default] 199.204.45.30 "GET /v2.0/ports?device_id=d76e52a1-590c-4048-a1a4-926964e73d1f&device_owner=compute%3Anova&fixed_ips=ip_address%3D10.100.0.7 HTTP/1.1" status: 200 len: 1348 time: 0.0559964
2026-05-30 06:22:05.726 9 INFO neutron.wsgi [req-37363ce0-a5e6-4ae2-b8f2-f688cc86c2af req-070446a4-8483-41d2-be60-7c7b2319838c c8778c66d7644976a19bcfcf035beb3c badad4dc82a74e2788062edc3925de7d - - 5a1a72e7a3ec4b3e8f405893aa045520 5a1a72e7a3ec4b3e8f405893aa045520] 199.204.45.30 "GET /v2.0/ports?tenant_id=16f1f42b73914be4a2f726753be4c11f&device_id=076c1030-2f44-4c9d-8c2f-b895737abb6a HTTP/1.1" status: 200 len: 1411 time: 0.0464628
2026-05-30 06:22:05.800 9 INFO neutron.wsgi [req-37363ce0-a5e6-4ae2-b8f2-f688cc86c2af req-ba419756-9a4f-410e-9d67-7fd4c7c24520 c8778c66d7644976a19bcfcf035beb3c badad4dc82a74e2788062edc3925de7d - - 5a1a72e7a3ec4b3e8f405893aa045520 5a1a72e7a3ec4b3e8f405893aa045520] 199.204.45.30 "GET /v2.0/networks?id=ab8aed88-2267-421f-b0b2-7631b7e978e2 HTTP/1.1" status: 200 len: 968 time: 0.0696814
2026-05-30 06:22:05.836 10 INFO neutron.plugins.ml2.drivers.ovn.mech_driver.mech_driver [None req-63e0e90d-16ac-4ee9-8703-71e66a698c84 - - - - - -] OVN reports status up for port: c2b43561-7b08-43e8-b90e-6e43c92de245
2026-05-30 06:22:05.837 9 INFO neutron.wsgi [req-37363ce0-a5e6-4ae2-b8f2-f688cc86c2af req-cfe199bb-8c04-4767-9da7-c3a1a940ce4b c8778c66d7644976a19bcfcf035beb3c badad4dc82a74e2788062edc3925de7d - - 5a1a72e7a3ec4b3e8f405893aa045520 5a1a72e7a3ec4b3e8f405893aa045520] 199.204.45.30 "GET /v2.0/floatingips?fixed_ip_address=10.100.0.14&port_id=c2b43561-7b08-43e8-b90e-6e43c92de245 HTTP/1.1" status: 200 len: 217 time: 0.0301988
2026-05-30 06:22:05.865 10 INFO neutron.plugins.ml2.plugin [None req-63e0e90d-16ac-4ee9-8703-71e66a698c84 - - - - - -] Attempt 1 to provision port c2b43561-7b08-43e8-b90e-6e43c92de245
2026-05-30 06:22:05.866 10 INFO neutron.db.ovn_revision_numbers_db [None req-0b3d8080-ac64-4ee5-ad27-5cc8f77fba50 fa9ca9eda4724365ad319b81ddc79576 604cbe8fbcb44e7bb365d0755c5a9367 - - default default] Successfully bumped revision number for resource ed663c91-b14e-48b3-b852-ab057a0ed013 (type: security_groups) to 1
2026-05-30 06:22:05.882 9 INFO neutron.wsgi [req-37363ce0-a5e6-4ae2-b8f2-f688cc86c2af req-819366b3-dd7d-44fe-9b3c-129c70574adc c8778c66d7644976a19bcfcf035beb3c badad4dc82a74e2788062edc3925de7d - - 5a1a72e7a3ec4b3e8f405893aa045520 5a1a72e7a3ec4b3e8f405893aa045520] 199.204.45.30 "GET /v2.0/subnets?id=7391111e-538c-48da-97f5-09c967d4bb9e HTTP/1.1" status: 200 len: 863 time: 0.0375187
2026-05-30 06:22:05.904 10 INFO neutron.db.ovn_revision_numbers_db [None req-0b3d8080-ac64-4ee5-ad27-5cc8f77fba50 fa9ca9eda4724365ad319b81ddc79576 604cbe8fbcb44e7bb365d0755c5a9367 - - default default] Successfully bumped revision number for resource 2fa34790-57fd-4ab1-a4c1-04b82fb6a41c (type: security_group_rules) to 0
2026-05-30 06:22:05.908 9 INFO neutron.wsgi [req-37363ce0-a5e6-4ae2-b8f2-f688cc86c2af req-ccc4cf86-0cc0-4a25-9230-f85638c21d93 c8778c66d7644976a19bcfcf035beb3c badad4dc82a74e2788062edc3925de7d - - 5a1a72e7a3ec4b3e8f405893aa045520 5a1a72e7a3ec4b3e8f405893aa045520] 199.204.45.30 "GET /v2.0/ports?network_id=ab8aed88-2267-421f-b0b2-7631b7e978e2&device_owner=network%3Adhcp HTTP/1.1" status: 200 len: 210 time: 0.0201936
2026-05-30 06:22:05.950 10 INFO neutron.db.ovn_revision_numbers_db [None req-0b3d8080-ac64-4ee5-ad27-5cc8f77fba50 fa9ca9eda4724365ad319b81ddc79576 604cbe8fbcb44e7bb365d0755c5a9367 - - default default] Successfully bumped revision number for resource 3f40df0d-3756-45ac-85c6-35d91c5b60f9 (type: security_group_rules) to 0
2026-05-30 06:22:05.975 9 INFO neutron.wsgi [req-37363ce0-a5e6-4ae2-b8f2-f688cc86c2af req-42e9e2a1-9bb7-4060-ba9c-14769624c221 c8778c66d7644976a19bcfcf035beb3c badad4dc82a74e2788062edc3925de7d - - 5a1a72e7a3ec4b3e8f405893aa045520 5a1a72e7a3ec4b3e8f405893aa045520] 199.204.45.30 "GET /v2.0/networks/ab8aed88-2267-421f-b0b2-7631b7e978e2?fields=segments HTTP/1.1" status: 200 len: 212 time: 0.0612237
2026-05-30 06:22:05.975 10 INFO neutron.db.ovn_revision_numbers_db [None req-0b3d8080-ac64-4ee5-ad27-5cc8f77fba50 fa9ca9eda4724365ad319b81ddc79576 604cbe8fbcb44e7bb365d0755c5a9367 - - default default] Successfully bumped revision number for resource 47d6379a-9fe6-461f-ac3d-5176d6921b49 (type: security_group_rules) to 0
2026-05-30 06:22:06.026 10 INFO neutron.db.ovn_revision_numbers_db [None req-0b3d8080-ac64-4ee5-ad27-5cc8f77fba50 fa9ca9eda4724365ad319b81ddc79576 604cbe8fbcb44e7bb365d0755c5a9367 - - default default] Successfully bumped revision number for resource b6048885-e0fb-4406-be45-f200e903c499 (type: security_group_rules) to 0
2026-05-30 06:22:06.066 9 INFO neutron.wsgi [req-37363ce0-a5e6-4ae2-b8f2-f688cc86c2af req-b5cf860f-bc6a-4b11-9bf1-eadcafa95033 c8778c66d7644976a19bcfcf035beb3c badad4dc82a74e2788062edc3925de7d - - 5a1a72e7a3ec4b3e8f405893aa045520 5a1a72e7a3ec4b3e8f405893aa045520] 199.204.45.30 "GET /v2.0/networks/ab8aed88-2267-421f-b0b2-7631b7e978e2?fields=provider%3Aphysical_network&fields=provider%3Anetwork_type HTTP/1.1" status: 200 len: 277 time: 0.0855649
2026-05-30 06:22:06.095 10 INFO neutron.wsgi [None req-0b3d8080-ac64-4ee5-ad27-5cc8f77fba50 fa9ca9eda4724365ad319b81ddc79576 604cbe8fbcb44e7bb365d0755c5a9367 - - default default] 10.0.0.233 "GET /v2.0/security-groups?tenant_id=abfedad783ce4b99be419e85a7ef9147&name=default HTTP/1.1" status: 200 len: 2996 time: 0.3853474
2026-05-30 06:22:06.301 9 INFO neutron.wsgi [None req-3909aec7-9182-465a-a068-c1cf8fc23e03 fa9ca9eda4724365ad319b81ddc79576 604cbe8fbcb44e7bb365d0755c5a9367 - - default default] 10.0.0.233 "DELETE /v2.0/security-groups/ed663c91-b14e-48b3-b852-ab057a0ed013 HTTP/1.1" status: 204 len: 168 time: 0.1999538
2026-05-30 06:22:06.498 9 WARNING neutron_lib.context [None req-1155d60a-e073-46de-9462-af62c97d331d 0315cfb7c448407087b408730fabbb03 f64eb8eb06374247b92afa596e753b6f - - default default] Method 'is_advsvc' is deprecated since 2023.2 release (neutron-lib 3.8.0) and will be removed once support for the old RBAC API policies will be removed from Neutron. Please use method 'is_service_role' instead.
2026-05-30 06:22:06.615 10 INFO neutron.db.ovn_revision_numbers_db [None req-63e0e90d-16ac-4ee9-8703-71e66a698c84 - - - - - -] Successfully bumped revision number for resource c2b43561-7b08-43e8-b90e-6e43c92de245 (type: ports) to 4
2026-05-30 06:22:06.623 9 INFO neutron.db.ovn_revision_numbers_db [None req-1155d60a-e073-46de-9462-af62c97d331d 0315cfb7c448407087b408730fabbb03 f64eb8eb06374247b92afa596e753b6f - - default default] Successfully bumped revision number for resource 7980dae6-956a-407d-81cb-bd85577a6553 (type: security_groups) to 1 /var/lib/openstack/lib/python3.10/site-packages/pycadf/identifier.py:71: UserWarning: Invalid uuid: neutron. To ensure interoperability, identifiers should be a valid uuid. warnings.warn(('Invalid uuid: %s. To ensure interoperability, '
2026-05-30 06:22:06.637 9 INFO neutron.db.ovn_revision_numbers_db [None req-1155d60a-e073-46de-9462-af62c97d331d 0315cfb7c448407087b408730fabbb03 f64eb8eb06374247b92afa596e753b6f - - default default] Successfully bumped revision number for resource 190b61a5-8d66-4745-8b97-d6bbea8bbe29 (type: security_group_rules) to 0
2026-05-30 06:22:06.649 9 INFO neutron.db.ovn_revision_numbers_db [None req-1155d60a-e073-46de-9462-af62c97d331d 0315cfb7c448407087b408730fabbb03 f64eb8eb06374247b92afa596e753b6f - - default default] Successfully bumped revision number for resource 286c81d4-d5a4-49ec-afee-fbd53026da40 (type: security_group_rules) to 0
2026-05-30 06:22:06.665 9 INFO neutron.db.ovn_revision_numbers_db [None req-1155d60a-e073-46de-9462-af62c97d331d 0315cfb7c448407087b408730fabbb03 f64eb8eb06374247b92afa596e753b6f - - default default] Successfully bumped revision number for resource 2a59e042-a6fe-4d35-9893-bba9021ea365 (type: security_group_rules) to 0
2026-05-30 06:22:06.678 9 INFO neutron.db.ovn_revision_numbers_db [None req-1155d60a-e073-46de-9462-af62c97d331d 0315cfb7c448407087b408730fabbb03 f64eb8eb06374247b92afa596e753b6f - - default default] Successfully bumped revision number for resource f316b803-38f7-4d49-baa8-d58be3771912 (type: security_group_rules) to 0
2026-05-30 06:22:06.690 10 INFO neutron.wsgi [req-727512a9-462c-434a-8a8f-1e0df081c984 req-9526f1af-1323-441a-9e32-9cf4e447fe21 d3e8b099554f4242991dffe00082cc2c 16f1f42b73914be4a2f726753be4c11f - - default default] 10.0.0.113 "GET /v2.0/ports?device_id=076c1030-2f44-4c9d-8c2f-b895737abb6a HTTP/1.1" status: 200 len: 1174 time: 0.0684261
2026-05-30 06:22:06.761 10 INFO neutron.wsgi [req-727512a9-462c-434a-8a8f-1e0df081c984 req-2f47cb33-d5b8-416d-b718-a5cb315375c4 d3e8b099554f4242991dffe00082cc2c 16f1f42b73914be4a2f726753be4c11f - - default default] 10.0.0.113 "GET /v2.0/security-groups?id=e0af50d2-67c4-48d3-b659-96ce83efbf77&fields=id&fields=name HTTP/1.1" status: 200 len: 313 time: 0.0621729
2026-05-30 06:22:06.765 10 INFO neutron.db.ovn_revision_numbers_db [req-87c02bcf-a418-4972-9b5c-6a621b02d36d req-e9620b79-d6bb-4a09-9a05-6617c76710a2 5aeb07fcbb5d42bca7202fe5546ac47a 40314c816c714f23b2f3e957621513cb - - default default] Successfully bumped revision number for resource 21b209e4-27a8-477a-94fc-d3ce99c93d34 (type: ports) to 6
2026-05-30 06:22:06.781 10 INFO neutron.wsgi [req-87c02bcf-a418-4972-9b5c-6a621b02d36d req-e9620b79-d6bb-4a09-9a05-6617c76710a2 5aeb07fcbb5d42bca7202fe5546ac47a 40314c816c714f23b2f3e957621513cb - - default default] 199.204.45.30 "PUT /v2.0/ports/21b209e4-27a8-477a-94fc-d3ce99c93d34 HTTP/1.1" status: 200 len: 1167 time: 1.0667365
