2026-05-30 06:21:41.454 10 INFO neutron.wsgi [req-2eb8c6f7-0087-448a-890e-64a7b5775e01 req-9d1341ea-8b48-4e36-80cf-9652d044d8bc c8778c66d7644976a19bcfcf035beb3c badad4dc82a74e2788062edc3925de7d - - 5a1a72e7a3ec4b3e8f405893aa045520 5a1a72e7a3ec4b3e8f405893aa045520] 199.204.45.30 "GET /v2.0/subnets?id=64809308-da0e-402e-b0d8-2bf039f7bd5a HTTP/1.1" status: 200 len: 869 time: 0.2439325
2026-05-30 06:21:41.487 10 INFO neutron.wsgi [req-9a079752-952a-4100-9ae0-df86f13684cd req-72e215c3-780d-4b5d-bbca-852fa1a4472f 8eb12f1fa98b4d2d9ba1dba5de6107ea cb15b79d66c546098faa1dc8806f9bcc - - default default] 10.0.0.113 "GET /v2.0/ports?device_id=f58dc444-c46e-494b-b416-1c8458f26b7a HTTP/1.1" status: 200 len: 1172 time: 0.2486737
2026-05-30 06:21:41.492 10 INFO neutron.wsgi [req-2eb8c6f7-0087-448a-890e-64a7b5775e01 req-93c7ad1d-4ecd-45f2-bfc4-648f6c8a44df c8778c66d7644976a19bcfcf035beb3c badad4dc82a74e2788062edc3925de7d - - 5a1a72e7a3ec4b3e8f405893aa045520 5a1a72e7a3ec4b3e8f405893aa045520] 199.204.45.30 "GET /v2.0/ports?network_id=3b9e67e1-699d-4e90-9cad-903b3028ff85&device_owner=network%3Adhcp HTTP/1.1" status: 200 len: 210 time: 0.0319767
2026-05-30 06:21:41.510 10 INFO neutron.db.ovn_revision_numbers_db [None req-86467ec7-9273-43d5-9753-1399d7a22aed - - - - - -] Successfully bumped revision number for resource 89c40542-842a-42f8-b68e-972d2ae5fe7d (type: router_ports) to 3
2026-05-30 06:21:41.587 10 INFO neutron.wsgi [req-9a079752-952a-4100-9ae0-df86f13684cd req-46ce18dc-6e6a-4803-905c-a2efec6f95b4 8eb12f1fa98b4d2d9ba1dba5de6107ea cb15b79d66c546098faa1dc8806f9bcc - - default default] 10.0.0.113 "GET /v2.0/security-groups?id=3f59366c-0c0d-4859-a463-41d66ace99b4&fields=id&fields=name HTTP/1.1" status: 200 len: 312 time: 0.0928295
2026-05-30 06:21:41.607 10 INFO neutron.wsgi [req-2eb8c6f7-0087-448a-890e-64a7b5775e01 req-ba5030f1-b191-455e-a60b-ae328b854b0b c8778c66d7644976a19bcfcf035beb3c badad4dc82a74e2788062edc3925de7d - - 5a1a72e7a3ec4b3e8f405893aa045520 5a1a72e7a3ec4b3e8f405893aa045520] 199.204.45.30 "GET /v2.0/networks/3b9e67e1-699d-4e90-9cad-903b3028ff85?fields=segments HTTP/1.1" status: 200 len: 212 time: 0.1088116
2026-05-30 06:21:41.739 10 INFO neutron.wsgi [req-2eb8c6f7-0087-448a-890e-64a7b5775e01 req-a9995832-a40e-4303-a05a-0c2bf37fdacb c8778c66d7644976a19bcfcf035beb3c badad4dc82a74e2788062edc3925de7d - - 5a1a72e7a3ec4b3e8f405893aa045520 5a1a72e7a3ec4b3e8f405893aa045520] 199.204.45.30 "GET /v2.0/networks/3b9e67e1-699d-4e90-9cad-903b3028ff85?fields=provider%3Aphysical_network&fields=provider%3Anetwork_type HTTP/1.1" status: 200 len: 277 time: 0.1255667
2026-05-30 06:21:41.747 10 INFO neutron.notifiers.nova [-] Nova event matching ['req-f51910e4-ae41-4f83-8bd8-a3db2a80e199'] response: {'name': 'network-changed', 'server_uuid': 'f58dc444-c46e-494b-b416-1c8458f26b7a', 'tag': '5a57a1c5-fe07-434e-8edb-ff66ab8206b2', 'status': 'completed', 'code': 200}
2026-05-30 06:21:41.748 10 INFO neutron.notifiers.nova [-] Nova event matching ['req-f51910e4-ae41-4f83-8bd8-a3db2a80e199'] response: {'server_uuid': 'e1b4f10f-9546-400f-a864-ce6676c512f8', 'name': 'network-vif-unplugged', 'status': 'completed', 'tag': '17865cae-57f9-47af-b0c5-eb5ef867b647', 'code': 200}
2026-05-30 06:21:41.771 10 INFO neutron.db.ovn_revision_numbers_db [None req-63e0e90d-16ac-4ee9-8703-71e66a698c84 - - - - - -] Successfully bumped revision number for resource 17865cae-57f9-47af-b0c5-eb5ef867b647 (type: ports) to 5
2026-05-30 06:21:41.774 10 INFO neutron.db.ovn_revision_numbers_db [None req-86467ec7-9273-43d5-9753-1399d7a22aed - - - - - -] Successfully bumped revision number for resource 89c40542-842a-42f8-b68e-972d2ae5fe7d (type: ports) to 2
2026-05-30 06:21:41.806 10 INFO neutron.wsgi [req-e389fe0d-baaa-4b8d-bb48-272fbfac6a8b req-fd611a95-1cf6-4aae-af83-f75fc66e8cd8 c8778c66d7644976a19bcfcf035beb3c badad4dc82a74e2788062edc3925de7d - - 5a1a72e7a3ec4b3e8f405893aa045520 5a1a72e7a3ec4b3e8f405893aa045520] 199.204.45.30 "GET /v2.0/ports?tenant_id=cb15b79d66c546098faa1dc8806f9bcc&device_id=f58dc444-c46e-494b-b416-1c8458f26b7a HTTP/1.1" status: 200 len: 1411 time: 0.0441401
2026-05-30 06:21:41.853 10 INFO neutron.plugins.ml2.drivers.ovn.mech_driver.mech_driver [None req-63e0e90d-16ac-4ee9-8703-71e66a698c84 - - - - - -] OVN reports status up for port: 5a57a1c5-fe07-434e-8edb-ff66ab8206b2
2026-05-30 06:21:41.899 10 INFO neutron.plugins.ml2.plugin [None req-63e0e90d-16ac-4ee9-8703-71e66a698c84 - - - - - -] Attempt 1 to provision port 5a57a1c5-fe07-434e-8edb-ff66ab8206b2
2026-05-30 06:21:41.929 10 INFO neutron.wsgi [req-e389fe0d-baaa-4b8d-bb48-272fbfac6a8b req-b9844cde-39b7-4cd3-8d83-582f48a19bff c8778c66d7644976a19bcfcf035beb3c badad4dc82a74e2788062edc3925de7d - - 5a1a72e7a3ec4b3e8f405893aa045520 5a1a72e7a3ec4b3e8f405893aa045520] 199.204.45.30 "GET /v2.0/networks?id=859116b0-ba2a-4d0d-820c-824aba76426f HTTP/1.1" status: 200 len: 977 time: 0.1063018 /var/lib/openstack/lib/python3.10/site-packages/pycadf/identifier.py:71: UserWarning: Invalid uuid: neutron. To ensure interoperability, identifiers should be a valid uuid. warnings.warn(('Invalid uuid: %s. To ensure interoperability, '
2026-05-30 06:21:41.980 10 INFO neutron.wsgi [req-e389fe0d-baaa-4b8d-bb48-272fbfac6a8b req-238e8956-c6a7-4294-87dc-2096972cf0fa c8778c66d7644976a19bcfcf035beb3c badad4dc82a74e2788062edc3925de7d - - 5a1a72e7a3ec4b3e8f405893aa045520 5a1a72e7a3ec4b3e8f405893aa045520] 199.204.45.30 "GET /v2.0/floatingips?fixed_ip_address=10.100.0.10&port_id=5a57a1c5-fe07-434e-8edb-ff66ab8206b2 HTTP/1.1" status: 200 len: 217 time: 0.0446301
2026-05-30 06:21:41.999 9 INFO neutron.db.l3_db [req-ba82e424-6131-4c40-a458-a0bf02934b57 req-f192e70a-b221-4b7a-800a-85e70331df2f e5b1fb789ffa4b17aa72b14b0c1079f8 b60b33f15a3f4259ab00829721e389eb - - default default] Floating IP 4c11f528-23b0-4ab4-9c5f-aeda71c756d2 disassociated. External IP: 10.96.250.207, port: 17865cae-57f9-47af-b0c5-eb5ef867b647.
2026-05-30 06:21:42.040 10 INFO neutron.wsgi [req-e389fe0d-baaa-4b8d-bb48-272fbfac6a8b req-53c8a191-553f-4ed0-beb5-bcaf4ea6ee1d c8778c66d7644976a19bcfcf035beb3c badad4dc82a74e2788062edc3925de7d - - 5a1a72e7a3ec4b3e8f405893aa045520 5a1a72e7a3ec4b3e8f405893aa045520] 199.204.45.30 "GET /v2.0/subnets?id=3d6dde6f-b178-4f98-a182-6904ea999ab2 HTTP/1.1" status: 200 len: 872 time: 0.0561824
2026-05-30 06:21:42.049 9 INFO neutron.plugins.ml2.drivers.ovn.mech_driver.mech_driver [None req-7984f437-2146-44b6-8ddc-5f6897636561 - - - - - -] OVN reports status up for port: d6b0e3d7-869d-4dba-bcff-fb2188614a0c
2026-05-30 06:21:42.075 9 INFO neutron.plugins.ml2.plugin [None req-7984f437-2146-44b6-8ddc-5f6897636561 - - - - - -] Attempt 1 to provision port d6b0e3d7-869d-4dba-bcff-fb2188614a0c
2026-05-30 06:21:42.084 10 INFO neutron.wsgi [req-e389fe0d-baaa-4b8d-bb48-272fbfac6a8b req-981220b4-e948-4285-914b-81732f95dfa2 c8778c66d7644976a19bcfcf035beb3c badad4dc82a74e2788062edc3925de7d - - 5a1a72e7a3ec4b3e8f405893aa045520 5a1a72e7a3ec4b3e8f405893aa045520] 199.204.45.30 "GET /v2.0/ports?network_id=859116b0-ba2a-4d0d-820c-824aba76426f&device_owner=network%3Adhcp HTTP/1.1" status: 200 len: 210 time: 0.0374453
2026-05-30 06:21:42.217 10 INFO neutron.wsgi [req-e389fe0d-baaa-4b8d-bb48-272fbfac6a8b req-062a950c-7167-49e6-a6be-012501a12948 c8778c66d7644976a19bcfcf035beb3c badad4dc82a74e2788062edc3925de7d - - 5a1a72e7a3ec4b3e8f405893aa045520 5a1a72e7a3ec4b3e8f405893aa045520] 199.204.45.30 "GET /v2.0/networks/859116b0-ba2a-4d0d-820c-824aba76426f?fields=segments HTTP/1.1" status: 200 len: 212 time: 0.1259418
2026-05-30 06:21:42.247 10 INFO neutron.wsgi [req-2d2d94ba-bfd6-45f1-979c-50c1a338648d req-ffab3d0e-1269-4ff8-9c70-3717cc897eb2 e5b1fb789ffa4b17aa72b14b0c1079f8 b60b33f15a3f4259ab00829721e389eb - - default default] 10.0.0.113 "GET /v2.0/ports?device_id=e1b4f10f-9546-400f-a864-ce6676c512f8 HTTP/1.1" status: 200 len: 1172 time: 0.0685711
2026-05-30 06:21:42.338 10 INFO neutron.db.ovn_revision_numbers_db [None req-86467ec7-9273-43d5-9753-1399d7a22aed - - - - - -] Successfully bumped revision number for resource 89c40542-842a-42f8-b68e-972d2ae5fe7d (type: ports) to 4
2026-05-30 06:21:42.345 9 INFO neutron.wsgi [req-ba82e424-6131-4c40-a458-a0bf02934b57 req-f192e70a-b221-4b7a-800a-85e70331df2f e5b1fb789ffa4b17aa72b14b0c1079f8 b60b33f15a3f4259ab00829721e389eb - - default default] 199.204.45.30 "DELETE /v2.0/ports/17865cae-57f9-47af-b0c5-eb5ef867b647 HTTP/1.1" status: 204 len: 173 time: 1.0246973
2026-05-30 06:21:42.346 10 INFO neutron.wsgi [req-2d2d94ba-bfd6-45f1-979c-50c1a338648d req-08f258ed-31d2-4989-9dbf-2edf2ccd424c e5b1fb789ffa4b17aa72b14b0c1079f8 b60b33f15a3f4259ab00829721e389eb - - default default] 10.0.0.113 "GET /v2.0/security-groups?id=d1bacb90-4d4d-45b9-a91f-2368b81d50a7&fields=id&fields=name HTTP/1.1" status: 200 len: 313 time: 0.0914953
2026-05-30 06:21:42.353 10 INFO neutron.wsgi [req-e389fe0d-baaa-4b8d-bb48-272fbfac6a8b req-9eb8003c-8bc6-4f4e-b527-3530e81dea45 c8778c66d7644976a19bcfcf035beb3c badad4dc82a74e2788062edc3925de7d - - 5a1a72e7a3ec4b3e8f405893aa045520 5a1a72e7a3ec4b3e8f405893aa045520] 199.204.45.30 "GET /v2.0/networks/859116b0-ba2a-4d0d-820c-824aba76426f?fields=provider%3Aphysical_network&fields=provider%3Anetwork_type HTTP/1.1" status: 200 len: 277 time: 0.1284297
2026-05-30 06:21:42.531 10 INFO neutron.db.ovn_revision_numbers_db [None req-63e0e90d-16ac-4ee9-8703-71e66a698c84 - - - - - -] Successfully bumped revision number for resource 5a57a1c5-fe07-434e-8edb-ff66ab8206b2 (type: ports) to 4
2026-05-30 06:21:42.531 9 INFO neutron.db.ovn_revision_numbers_db [None req-12693122-eee5-452a-9a08-77d5a249cfb0 fa9ca9eda4724365ad319b81ddc79576 604cbe8fbcb44e7bb365d0755c5a9367 - - default default] Successfully bumped revision number for resource d6b0e3d7-869d-4dba-bcff-fb2188614a0c (type: router_ports) to 1
2026-05-30 06:21:42.534 9 INFO neutron.wsgi [None req-12693122-eee5-452a-9a08-77d5a249cfb0 fa9ca9eda4724365ad319b81ddc79576 604cbe8fbcb44e7bb365d0755c5a9367 - - default default] 10.0.0.233 "PUT /v2.0/routers/cde50c0d-b9cc-4893-829d-f30fd1958b2b/add_router_interface HTTP/1.1" status: 200 len: 503 time: 2.6799428
2026-05-30 06:21:42.540 9 INFO neutron.db.ovn_revision_numbers_db [None req-7984f437-2146-44b6-8ddc-5f6897636561 - - - - - -] Successfully bumped revision number for resource d6b0e3d7-869d-4dba-bcff-fb2188614a0c (type: ports) to 2
2026-05-30 06:21:42.649 9 INFO neutron.db.ovn_revision_numbers_db [None req-7984f437-2146-44b6-8ddc-5f6897636561 - - - - - -] Successfully bumped revision number for resource d6b0e3d7-869d-4dba-bcff-fb2188614a0c (type: router_ports) to 2 /var/lib/openstack/lib/python3.10/site-packages/pycadf/identifier.py:71: UserWarning: Invalid uuid: neutron. To ensure interoperability, identifiers should be a valid uuid. warnings.warn(('Invalid uuid: %s. To ensure interoperability, '
2026-05-30 06:21:42.764 9 INFO neutron.notifiers.nova [-] Nova event matching ['req-138d77b4-8d0c-4ef7-8693-925bc73f03d3'] response: {'server_uuid': 'e1b4f10f-9546-400f-a864-ce6676c512f8', 'name': 'network-vif-deleted', 'tag': '17865cae-57f9-47af-b0c5-eb5ef867b647', 'status': 'completed', 'code': 200}
2026-05-30 06:21:42.780 10 INFO neutron.db.ovn_revision_numbers_db [None req-86467ec7-9273-43d5-9753-1399d7a22aed - - - - - -] Successfully bumped revision number for resource 89c40542-842a-42f8-b68e-972d2ae5fe7d (type: router_ports) to 4
2026-05-30 06:21:42.822 10 INFO neutron.wsgi [req-445dda33-155d-4904-9b4c-c4f6019d02d9 req-192edfd1-7ede-4a6b-9ea1-020977c3b42e 8eb12f1fa98b4d2d9ba1dba5de6107ea cb15b79d66c546098faa1dc8806f9bcc - - default default] 10.0.0.113 "GET /v2.0/ports?device_id=f58dc444-c46e-494b-b416-1c8458f26b7a HTTP/1.1" status: 200 len: 1174 time: 0.1569276
2026-05-30 06:21:42.873 10 INFO neutron.wsgi [req-445dda33-155d-4904-9b4c-c4f6019d02d9 req-5f28eaaf-578d-4162-820a-7c55baf9297d 8eb12f1fa98b4d2d9ba1dba5de6107ea cb15b79d66c546098faa1dc8806f9bcc - - default default] 10.0.0.113 "GET /v2.0/security-groups?id=3f59366c-0c0d-4859-a463-41d66ace99b4&fields=id&fields=name HTTP/1.1" status: 200 len: 312 time: 0.0438349
2026-05-30 06:21:43.177 9 WARNING neutron_lib.context [None req-17ff9b73-9557-4ea5-a603-5d030ee8d675 5aeb07fcbb5d42bca7202fe5546ac47a 40314c816c714f23b2f3e957621513cb - - default default] Method 'is_advsvc' is deprecated since 2023.2 release (neutron-lib 3.8.0) and will be removed once support for the old RBAC API policies will be removed from Neutron. Please use method 'is_service_role' instead.
2026-05-30 06:21:43.285 9 INFO neutron.db.ovn_revision_numbers_db [None req-17ff9b73-9557-4ea5-a603-5d030ee8d675 5aeb07fcbb5d42bca7202fe5546ac47a 40314c816c714f23b2f3e957621513cb - - default default] Successfully bumped revision number for resource b55d1791-46ea-4429-a047-3147986b5a32 (type: security_groups) to 1
2026-05-30 06:21:43.299 9 INFO neutron.db.ovn_revision_numbers_db [None req-17ff9b73-9557-4ea5-a603-5d030ee8d675 5aeb07fcbb5d42bca7202fe5546ac47a 40314c816c714f23b2f3e957621513cb - - default default] Successfully bumped revision number for resource bfeae505-4c20-4edc-9cec-88c20889d5c2 (type: security_group_rules) to 0
2026-05-30 06:21:43.313 9 INFO neutron.db.ovn_revision_numbers_db [None req-17ff9b73-9557-4ea5-a603-5d030ee8d675 5aeb07fcbb5d42bca7202fe5546ac47a 40314c816c714f23b2f3e957621513cb - - default default] Successfully bumped revision number for resource e34fe125-9810-487b-80db-c1635bca5b15 (type: security_group_rules) to 0
2026-05-30 06:21:43.333 9 INFO neutron.wsgi [None req-17ff9b73-9557-4ea5-a603-5d030ee8d675 5aeb07fcbb5d42bca7202fe5546ac47a 40314c816c714f23b2f3e957621513cb - - default default] 10.0.0.233 "POST /v2.0/security-groups HTTP/1.1" status: 201 len: 1797 time: 0.1640291
2026-05-30 06:21:43.341 9 WARNING neutron_lib.context [None req-6f6d4267-2084-495c-96c4-aeed4deaa3e0 5aeb07fcbb5d42bca7202fe5546ac47a 40314c816c714f23b2f3e957621513cb - - default default] Method 'is_advsvc' is deprecated since 2023.2 release (neutron-lib 3.8.0) and will be removed once support for the old RBAC API policies will be removed from Neutron. Please use method 'is_service_role' instead.
2026-05-30 06:21:43.426 10 INFO neutron.db.ovn_revision_numbers_db [None req-9b08850c-c5c2-406f-ba79-ef7aed4a5499 fa9ca9eda4724365ad319b81ddc79576 604cbe8fbcb44e7bb365d0755c5a9367 - - default default] Successfully bumped revision number for resource e1da51e6-bce1-4967-a400-07db84904547 (type: security_groups) to 1
2026-05-30 06:21:43.466 10 INFO neutron.db.ovn_revision_numbers_db [None req-9b08850c-c5c2-406f-ba79-ef7aed4a5499 fa9ca9eda4724365ad319b81ddc79576 604cbe8fbcb44e7bb365d0755c5a9367 - - default default] Successfully bumped revision number for resource 41475eba-0244-4fd1-8501-691331bacad3 (type: security_group_rules) to 0
2026-05-30 06:21:43.477 9 INFO neutron.db.ovn_revision_numbers_db [None req-6f6d4267-2084-495c-96c4-aeed4deaa3e0 5aeb07fcbb5d42bca7202fe5546ac47a 40314c816c714f23b2f3e957621513cb - - default default] Successfully bumped revision number for resource da310fd6-1f5e-467a-b6ba-4257c5bbf0aa (type: security_group_rules) to 0
2026-05-30 06:21:43.483 10 INFO neutron.db.ovn_revision_numbers_db [None req-9b08850c-c5c2-406f-ba79-ef7aed4a5499 fa9ca9eda4724365ad319b81ddc79576 604cbe8fbcb44e7bb365d0755c5a9367 - - default default] Successfully bumped revision number for resource 644aafb6-89fa-451f-8664-70ade4888a27 (type: security_group_rules) to 0
2026-05-30 06:21:43.500 10 INFO neutron.db.ovn_revision_numbers_db [None req-9b08850c-c5c2-406f-ba79-ef7aed4a5499 fa9ca9eda4724365ad319b81ddc79576 604cbe8fbcb44e7bb365d0755c5a9367 - - default default] Successfully bumped revision number for resource 7d050e2c-6b4c-41a9-886b-e9b659178dd0 (type: security_group_rules) to 0
2026-05-30 06:21:43.503 9 INFO neutron.wsgi [None req-6f6d4267-2084-495c-96c4-aeed4deaa3e0 5aeb07fcbb5d42bca7202fe5546ac47a 40314c816c714f23b2f3e957621513cb - - default default] 10.0.0.233 "POST /v2.0/security-group-rules HTTP/1.1" status: 201 len: 764 time: 0.1650543
2026-05-30 06:21:43.513 9 WARNING neutron_lib.context [None req-aa25149c-66d2-4047-a724-74073c2a7dd5 5aeb07fcbb5d42bca7202fe5546ac47a 40314c816c714f23b2f3e957621513cb - - default default] Method 'is_advsvc' is deprecated since 2023.2 release (neutron-lib 3.8.0) and will be removed once support for the old RBAC API policies will be removed from Neutron. Please use method 'is_service_role' instead.
2026-05-30 06:21:43.521 10 INFO neutron.db.ovn_revision_numbers_db [None req-9b08850c-c5c2-406f-ba79-ef7aed4a5499 fa9ca9eda4724365ad319b81ddc79576 604cbe8fbcb44e7bb365d0755c5a9367 - - default default] Successfully bumped revision number for resource 9ddd4fca-cd92-4d43-bc0d-be64ff2f5fe9 (type: security_group_rules) to 0
2026-05-30 06:21:43.547 10 INFO neutron.wsgi [None req-9b08850c-c5c2-406f-ba79-ef7aed4a5499 fa9ca9eda4724365ad319b81ddc79576 604cbe8fbcb44e7bb365d0755c5a9367 - - default default] 10.0.0.233 "GET /v2.0/security-groups?tenant_id=566a4c5c0a0b4840a4e04fe279dc20eb&name=default HTTP/1.1" status: 200 len: 2996 time: 0.3419397
2026-05-30 06:21:43.598 10 INFO neutron.wsgi [None req-17ee3ca0-4dcb-45b8-a2f1-395578c57bf8 e5b1fb789ffa4b17aa72b14b0c1079f8 b60b33f15a3f4259ab00829721e389eb - - default default] 10.0.0.233 "DELETE /v2.0/security-groups/d1bacb90-4d4d-45b9-a91f-2368b81d50a7 HTTP/1.1" status: 204 len: 168 time: 0.1606495
2026-05-30 06:21:43.617 9 INFO neutron.api.v2.resource [None req-a4b50803-acd3-4fa2-90c2-43527a6e0854 e5b1fb789ffa4b17aa72b14b0c1079f8 b60b33f15a3f4259ab00829721e389eb - - default default] show failed (client error): The resource could not be found.
2026-05-30 06:21:43.618 9 INFO neutron.wsgi [None req-a4b50803-acd3-4fa2-90c2-43527a6e0854 e5b1fb789ffa4b17aa72b14b0c1079f8 b60b33f15a3f4259ab00829721e389eb - - default default] 10.0.0.233 "GET /v2.0/security-groups/d1bacb90-4d4d-45b9-a91f-2368b81d50a7 HTTP/1.1" status: 404 len: 347 time: 0.0126190
2026-05-30 06:21:43.627 9 INFO neutron.db.ovn_revision_numbers_db [None req-aa25149c-66d2-4047-a724-74073c2a7dd5 5aeb07fcbb5d42bca7202fe5546ac47a 40314c816c714f23b2f3e957621513cb - - default default] Successfully bumped revision number for resource 7f80c3fa-4e96-46a4-8392-1eed64e23883 (type: security_group_rules) to 0
2026-05-30 06:21:43.649 9 INFO neutron.wsgi [None req-aa25149c-66d2-4047-a724-74073c2a7dd5 5aeb07fcbb5d42bca7202fe5546ac47a 40314c816c714f23b2f3e957621513cb - - default default] 10.0.0.233 "POST /v2.0/security-group-rules HTTP/1.1" status: 201 len: 769 time: 0.1405401
2026-05-30 06:21:43.659 9 WARNING neutron_lib.context [None req-371a8775-3348-4475-bef0-9f2db3935c9f 5aeb07fcbb5d42bca7202fe5546ac47a 40314c816c714f23b2f3e957621513cb - - default default] Method 'is_advsvc' is deprecated since 2023.2 release (neutron-lib 3.8.0) and will be removed once support for the old RBAC API policies will be removed from Neutron. Please use method 'is_service_role' instead.
2026-05-30 06:21:43.792 10 INFO neutron.notifiers.nova [-] Nova event matching ['req-9c4c3f52-0240-4655-a9e5-906353a75e85'] response: {'server_uuid': 'e1b4f10f-9546-400f-a864-ce6676c512f8', 'name': 'network-vif-plugged', 'status': 'completed', 'tag': '17865cae-57f9-47af-b0c5-eb5ef867b647', 'code': 200}
2026-05-30 06:21:43.792 10 INFO neutron.notifiers.nova [-] Nova event matching ['req-9c4c3f52-0240-4655-a9e5-906353a75e85'] response: {'server_uuid': 'f58dc444-c46e-494b-b416-1c8458f26b7a', 'name': 'network-vif-plugged', 'status': 'completed', 'tag': '5a57a1c5-fe07-434e-8edb-ff66ab8206b2', 'code': 200}
2026-05-30 06:21:43.792 10 INFO neutron.notifiers.nova [-] Nova event matching ['req-9c4c3f52-0240-4655-a9e5-906353a75e85'] response: {'server_uuid': 'f58dc444-c46e-494b-b416-1c8458f26b7a', 'name': 'network-vif-plugged', 'status': 'completed', 'tag': '5a57a1c5-fe07-434e-8edb-ff66ab8206b2', 'code': 200}
2026-05-30 06:21:43.851 10 INFO neutron.wsgi [None req-6de4b0af-07ad-4dc5-b05e-11752e7773f4 fa9ca9eda4724365ad319b81ddc79576 604cbe8fbcb44e7bb365d0755c5a9367 - - default default] 10.0.0.233 "DELETE /v2.0/security-groups/e1da51e6-bce1-4967-a400-07db84904547 HTTP/1.1" status: 204 len: 168 time: 0.2990777
2026-05-30 06:21:43.944 9 WARNING neutron.scheduler.dhcp_agent_scheduler [None req-371a8775-3348-4475-bef0-9f2db3935c9f 5aeb07fcbb5d42bca7202fe5546ac47a 40314c816c714f23b2f3e957621513cb - - default default] No more DHCP agents
2026-05-30 06:21:43.949 9 WARNING neutron.api.rpc.agentnotifiers.dhcp_rpc_agent_api [None req-371a8775-3348-4475-bef0-9f2db3935c9f 5aeb07fcbb5d42bca7202fe5546ac47a 40314c816c714f23b2f3e957621513cb - - default default] Unable to schedule network 11b4d999-c9b7-4826-92f7-6abe7fd0399f: no agents available; will retry on subsequent port and subnet creation events.
2026-05-30 06:21:43.994 10 INFO neutron.wsgi [None req-562f587f-75f2-4cce-8cb7-0cc70470948e e5b1fb789ffa4b17aa72b14b0c1079f8 b60b33f15a3f4259ab00829721e389eb - - default default] 10.0.0.233 "DELETE /v2.0/floatingips/4c11f528-23b0-4ab4-9c5f-aeda71c756d2 HTTP/1.1" status: 204 len: 168 time: 0.3723633
2026-05-30 06:21:44.002 10 INFO neutron.wsgi [req-2e34e9ed-d160-4649-b7c5-e98f8eb03159 req-8bc8304e-91c7-43f8-a94b-c1583be84554 8eb12f1fa98b4d2d9ba1dba5de6107ea cb15b79d66c546098faa1dc8806f9bcc - - default default] 10.0.0.113 "GET /v2.0/ports?device_id=f58dc444-c46e-494b-b416-1c8458f26b7a HTTP/1.1" status: 200 len: 1174 time: 0.0473516
2026-05-30 06:21:44.268 10 INFO neutron.wsgi [req-2e34e9ed-d160-4649-b7c5-e98f8eb03159 req-c6cc496f-1df9-4599-bc08-7539e1ce56a8 8eb12f1fa98b4d2d9ba1dba5de6107ea cb15b79d66c546098faa1dc8806f9bcc - - default default] 10.0.0.113 "GET /v2.0/security-groups?id=3f59366c-0c0d-4859-a463-41d66ace99b4&fields=id&fields=name HTTP/1.1" status: 200 len: 312 time: 0.2557251
2026-05-30 06:21:44.353 9 INFO neutron.db.ovn_revision_numbers_db [None req-8ba5aed7-ef8c-4f03-a67d-843d79616e40 fa9ca9eda4724365ad319b81ddc79576 604cbe8fbcb44e7bb365d0755c5a9367 - - default default] Successfully bumped revision number for resource 38caf342-d283-4e52-a016-75d0e3f72b12 (type: security_groups) to 1
2026-05-30 06:21:44.391 9 INFO neutron.db.ovn_revision_numbers_db [None req-8ba5aed7-ef8c-4f03-a67d-843d79616e40 fa9ca9eda4724365ad319b81ddc79576 604cbe8fbcb44e7bb365d0755c5a9367 - - default default] Successfully bumped revision number for resource 1c45044f-1cfc-4221-8102-8242334b7dba (type: security_group_rules) to 0
2026-05-30 06:21:44.418 9 INFO neutron.db.ovn_revision_numbers_db [None req-8ba5aed7-ef8c-4f03-a67d-843d79616e40 fa9ca9eda4724365ad319b81ddc79576 604cbe8fbcb44e7bb365d0755c5a9367 - - default default] Successfully bumped revision number for resource a109e04c-0ebe-494a-b673-a2e34e50db39 (type: security_group_rules) to 0
2026-05-30 06:21:44.444 9 INFO neutron.db.ovn_revision_numbers_db [None req-8ba5aed7-ef8c-4f03-a67d-843d79616e40 fa9ca9eda4724365ad319b81ddc79576 604cbe8fbcb44e7bb365d0755c5a9367 - - default default] Successfully bumped revision number for resource f5bd2962-d19d-4479-ba5e-55b55f5d6f92 (type: security_group_rules) to 0
2026-05-30 06:21:44.469 9 INFO neutron.db.ovn_revision_numbers_db [None req-8ba5aed7-ef8c-4f03-a67d-843d79616e40 fa9ca9eda4724365ad319b81ddc79576 604cbe8fbcb44e7bb365d0755c5a9367 - - default default] Successfully bumped revision number for resource fa0e0777-4a75-4de6-bf45-3782e5e386be (type: security_group_rules) to 0
2026-05-30 06:21:44.506 9 INFO neutron.wsgi [None req-8ba5aed7-ef8c-4f03-a67d-843d79616e40 fa9ca9eda4724365ad319b81ddc79576 604cbe8fbcb44e7bb365d0755c5a9367 - - default default] 10.0.0.233 "GET /v2.0/security-groups?tenant_id=9fcd4007c31c41d39f732e12776a5760&name=default HTTP/1.1" status: 200 len: 2996 time: 0.4806330
2026-05-30 06:21:44.516 9 INFO neutron.db.ovn_revision_numbers_db [None req-371a8775-3348-4475-bef0-9f2db3935c9f 5aeb07fcbb5d42bca7202fe5546ac47a 40314c816c714f23b2f3e957621513cb - - default default] Successfully bumped revision number for resource e333f2a4-cdc5-414d-b21b-5b4b0b2f5c23 (type: floatingips) to 0
2026-05-30 06:21:44.543 9 INFO neutron.wsgi [None req-371a8775-3348-4475-bef0-9f2db3935c9f 5aeb07fcbb5d42bca7202fe5546ac47a 40314c816c714f23b2f3e957621513cb - - default default] 10.0.0.233 "POST /v2.0/floatingips HTTP/1.1" status: 201 len: 751 time: 0.8891492
2026-05-30 06:21:44.956 10 INFO neutron.wsgi [None req-a604a625-7ac0-463d-905d-d8d6b918f2ad fa9ca9eda4724365ad319b81ddc79576 604cbe8fbcb44e7bb365d0755c5a9367 - - default default] 10.0.0.233 "DELETE /v2.0/security-groups/38caf342-d283-4e52-a016-75d0e3f72b12 HTTP/1.1" status: 204 len: 168 time: 0.4447739
2026-05-30 06:21:45.072 10 INFO neutron.wsgi [req-2e2fb041-178b-452b-b39b-5b335106b391 req-fe730963-3d26-4d3f-b657-9c9138005d9e 5aeb07fcbb5d42bca7202fe5546ac47a 40314c816c714f23b2f3e957621513cb - - default default] 10.0.0.113 "GET /v2.0/security-groups?name=tempest-securitygroup--1830082773&fields=id&tenant_id=40314c816c714f23b2f3e957621513cb HTTP/1.1" status: 200 len: 267 time: 0.0436361
2026-05-30 06:21:45.187 10 INFO neutron.wsgi [req-2e2fb041-178b-452b-b39b-5b335106b391 req-9d9b3180-f87e-4a80-a8ea-1462980d6b3d 5aeb07fcbb5d42bca7202fe5546ac47a 40314c816c714f23b2f3e957621513cb - - default default] 10.0.0.113 "GET /v2.0/networks?id=2f07f98a-5d6e-48a7-b424-c82f518a2ab8 HTTP/1.1" status: 200 len: 882 time: 0.1020730
2026-05-30 06:21:45.220 10 INFO neutron.wsgi [req-2e2fb041-178b-452b-b39b-5b335106b391 req-a345ea74-e076-42bb-b437-8583b714891f 5aeb07fcbb5d42bca7202fe5546ac47a 40314c816c714f23b2f3e957621513cb - - default default] 10.0.0.113 "GET /v2.0/quotas/40314c816c714f23b2f3e957621513cb HTTP/1.1" status: 200 len: 386 time: 0.0265367
2026-05-30 06:21:45.373 10 INFO neutron.wsgi [req-2e2fb041-178b-452b-b39b-5b335106b391 req-33d24dd5-7963-4f20-b365-bbd067367c8c 5aeb07fcbb5d42bca7202fe5546ac47a 40314c816c714f23b2f3e957621513cb - - default default] 10.0.0.113 "GET /v2.0/ports?tenant_id=40314c816c714f23b2f3e957621513cb&fields=id HTTP/1.1" status: 200 len: 302 time: 0.1473801
2026-05-30 06:21:45.384 10 INFO neutron.wsgi [req-d69e7dac-089e-4e06-aae4-f4410c37357a req-1b0ccb56-c501-4740-9af7-8a930af612a7 8eb12f1fa98b4d2d9ba1dba5de6107ea cb15b79d66c546098faa1dc8806f9bcc - - default default] 10.0.0.113 "GET /v2.0/ports?device_id=f58dc444-c46e-494b-b416-1c8458f26b7a HTTP/1.1" status: 200 len: 1174 time: 0.0554321
2026-05-30 06:21:45.480 10 INFO neutron.wsgi [req-d69e7dac-089e-4e06-aae4-f4410c37357a req-8d36e3ee-ce57-41e8-a0b4-268ed7767a2a 8eb12f1fa98b4d2d9ba1dba5de6107ea cb15b79d66c546098faa1dc8806f9bcc - - default default] 10.0.0.113 "GET /v2.0/security-groups?id=3f59366c-0c0d-4859-a463-41d66ace99b4&fields=id&fields=name HTTP/1.1" status: 200 len: 312 time: 0.0872543
2026-05-30 06:21:45.488 10 INFO neutron.wsgi [req-2e2fb041-178b-452b-b39b-5b335106b391 req-8e66d19d-f624-4970-b29c-7bf370964390 c8778c66d7644976a19bcfcf035beb3c badad4dc82a74e2788062edc3925de7d - - 5a1a72e7a3ec4b3e8f405893aa045520 5a1a72e7a3ec4b3e8f405893aa045520] 10.0.0.113 "GET /v2.0/networks/2f07f98a-5d6e-48a7-b424-c82f518a2ab8?fields=segments HTTP/1.1" status: 200 len: 212 time: 0.1021812
2026-05-30 06:21:45.598 10 INFO neutron.wsgi [req-a2aa69dd-a959-4149-950f-20ed7c2803ff req-eba0d9e4-c219-4860-acd5-1de4b5b44ec3 8eb12f1fa98b4d2d9ba1dba5de6107ea cb15b79d66c546098faa1dc8806f9bcc - - default default] 10.0.0.113 "GET /v2.0/ports?device_id=f58dc444-c46e-494b-b416-1c8458f26b7a HTTP/1.1" status: 200 len: 1174 time: 0.0555675
2026-05-30 06:21:45.616 10 INFO neutron.wsgi [req-2e2fb041-178b-452b-b39b-5b335106b391 req-2274d4eb-607a-4148-b0e8-67194eb523d9 c8778c66d7644976a19bcfcf035beb3c badad4dc82a74e2788062edc3925de7d - - 5a1a72e7a3ec4b3e8f405893aa045520 5a1a72e7a3ec4b3e8f405893aa045520] 10.0.0.113 "GET /v2.0/networks/2f07f98a-5d6e-48a7-b424-c82f518a2ab8?fields=provider%3Aphysical_network&fields=provider%3Anetwork_type HTTP/1.1" status: 200 len: 277 time: 0.1201646
2026-05-30 06:21:45.763 10 INFO neutron.wsgi [req-2c96b62b-312e-4334-92fc-1e7e3ea815a1 req-e7009fb6-5c78-4f6c-8b4e-c0000931af3d 5aeb07fcbb5d42bca7202fe5546ac47a 40314c816c714f23b2f3e957621513cb - - default default] 10.0.0.113 "GET /v2.0/ports?device_id=d76e52a1-590c-4048-a1a4-926964e73d1f HTTP/1.1" status: 200 len: 210 time: 0.0206885
2026-05-30 06:21:45.801 10 INFO neutron.wsgi [None req-715bcaff-0d1c-404e-a2ac-3e2ed98625a1 fa9ca9eda4724365ad319b81ddc79576 604cbe8fbcb44e7bb365d0755c5a9367 - - default default] 10.0.0.233 "PUT /v2.0/routers/7eec4c42-dc9a-49d5-a4e8-f4daa578241a/remove_router_interface HTTP/1.1" status: 200 len: 503 time: 1.7950888 /var/lib/openstack/lib/python3.10/site-packages/pycadf/identifier.py:71: UserWarning: Invalid uuid: neutron. To ensure interoperability, identifiers should be a valid uuid. warnings.warn(('Invalid uuid: %s. To ensure interoperability, '
2026-05-30 06:21:45.863 9 INFO neutron.db.l3_db [None req-5ddae800-4e4f-4d31-a44b-7224ec0c4858 8eb12f1fa98b4d2d9ba1dba5de6107ea cb15b79d66c546098faa1dc8806f9bcc - - default default] Floating IP 4253abab-b8e2-4ac9-9a1a-0b0a1780d76d associated. External IP: 10.96.250.220, port: 5a57a1c5-fe07-434e-8edb-ff66ab8206b2.
2026-05-30 06:21:46.097 9 INFO neutron.db.ovn_revision_numbers_db [None req-5ddae800-4e4f-4d31-a44b-7224ec0c4858 8eb12f1fa98b4d2d9ba1dba5de6107ea cb15b79d66c546098faa1dc8806f9bcc - - default default] Successfully bumped revision number for resource 4253abab-b8e2-4ac9-9a1a-0b0a1780d76d (type: floatingips) to 1
2026-05-30 06:21:46.220 9 INFO neutron.db.ovn_revision_numbers_db [None req-5ddae800-4e4f-4d31-a44b-7224ec0c4858 8eb12f1fa98b4d2d9ba1dba5de6107ea cb15b79d66c546098faa1dc8806f9bcc - - default default] Successfully bumped revision number for resource 4253abab-b8e2-4ac9-9a1a-0b0a1780d76d (type: floatingips) to 2
2026-05-30 06:21:46.259 9 INFO neutron.wsgi [None req-5ddae800-4e4f-4d31-a44b-7224ec0c4858 8eb12f1fa98b4d2d9ba1dba5de6107ea cb15b79d66c546098faa1dc8806f9bcc - - default default] 10.0.0.233 "PUT /v2.0/floatingips/4253abab-b8e2-4ac9-9a1a-0b0a1780d76d HTTP/1.1" status: 200 len: 1050 time: 0.6465297
2026-05-30 06:21:46.304 9 INFO neutron.notifiers.nova [-] Nova event matching ['req-dc2787e8-845d-4db3-b8b1-b16681d390e8'] response: {'name': 'network-changed', 'server_uuid': 'f58dc444-c46e-494b-b416-1c8458f26b7a', 'tag': '5a57a1c5-fe07-434e-8edb-ff66ab8206b2', 'status': 'completed', 'code': 200} /var/lib/openstack/lib/python3.10/site-packages/pycadf/identifier.py:71: UserWarning: Invalid uuid: neutron. To ensure interoperability, identifiers should be a valid uuid. warnings.warn(('Invalid uuid: %s. To ensure interoperability, '
2026-05-30 06:21:46.379 10 INFO neutron.wsgi [req-bda8d2b8-f84c-49a2-a348-54afd3bbbce9 req-132a9afd-8abb-4565-b160-461dca7d6ca3 c8778c66d7644976a19bcfcf035beb3c badad4dc82a74e2788062edc3925de7d - - 5a1a72e7a3ec4b3e8f405893aa045520 5a1a72e7a3ec4b3e8f405893aa045520] 199.204.45.30 "GET /v2.0/ports?tenant_id=cb15b79d66c546098faa1dc8806f9bcc&device_id=f58dc444-c46e-494b-b416-1c8458f26b7a HTTP/1.1" status: 200 len: 1413 time: 0.0554831
2026-05-30 06:21:46.396 10 INFO neutron.wsgi [req-c6508f3e-5223-4d4b-b789-bab38376940f req-be661de2-98d7-4f57-a2a5-dd364cb1c604 8eb12f1fa98b4d2d9ba1dba5de6107ea cb15b79d66c546098faa1dc8806f9bcc - - default default] 10.0.0.113 "GET /v2.0/ports?device_id=f58dc444-c46e-494b-b416-1c8458f26b7a HTTP/1.1" status: 200 len: 1174 time: 0.0726449
2026-05-30 06:21:46.683 10 INFO neutron.wsgi [req-c6508f3e-5223-4d4b-b789-bab38376940f req-31c308de-1897-44de-aea2-fec5b945f345 8eb12f1fa98b4d2d9ba1dba5de6107ea cb15b79d66c546098faa1dc8806f9bcc - - default default] 10.0.0.113 "GET /v2.0/security-groups?id=3f59366c-0c0d-4859-a463-41d66ace99b4&fields=id&fields=name HTTP/1.1" status: 200 len: 312 time: 0.2742789
2026-05-30 06:21:46.687 10 INFO neutron.wsgi [req-bda8d2b8-f84c-49a2-a348-54afd3bbbce9 req-58022300-400e-4875-9b94-aa64250a3b43 c8778c66d7644976a19bcfcf035beb3c badad4dc82a74e2788062edc3925de7d - - 5a1a72e7a3ec4b3e8f405893aa045520 5a1a72e7a3ec4b3e8f405893aa045520] 199.204.45.30 "GET /v2.0/networks?id=859116b0-ba2a-4d0d-820c-824aba76426f HTTP/1.1" status: 200 len: 977 time: 0.2970817
2026-05-30 06:21:46.740 10 INFO neutron.wsgi [req-bda8d2b8-f84c-49a2-a348-54afd3bbbce9 req-0571d971-8538-4bd5-a5f9-4e48466e448a c8778c66d7644976a19bcfcf035beb3c badad4dc82a74e2788062edc3925de7d - - 5a1a72e7a3ec4b3e8f405893aa045520 5a1a72e7a3ec4b3e8f405893aa045520] 199.204.45.30 "GET /v2.0/floatingips?fixed_ip_address=10.100.0.10&port_id=5a57a1c5-fe07-434e-8edb-ff66ab8206b2 HTTP/1.1" status: 200 len: 1060 time: 0.0484126
2026-05-30 06:21:46.800 10 INFO neutron.wsgi [req-bda8d2b8-f84c-49a2-a348-54afd3bbbce9 req-571e4d68-caf4-41a8-8ec0-0e2cacd97492 c8778c66d7644976a19bcfcf035beb3c badad4dc82a74e2788062edc3925de7d - - 5a1a72e7a3ec4b3e8f405893aa045520 5a1a72e7a3ec4b3e8f405893aa045520] 199.204.45.30 "GET /v2.0/subnets?id=3d6dde6f-b178-4f98-a182-6904ea999ab2 HTTP/1.1" status: 200 len: 872 time: 0.0554676
2026-05-30 06:21:46.805 9 INFO neutron.wsgi [req-2e2fb041-178b-452b-b39b-5b335106b391 req-23cf5474-d5d1-4be6-b1a5-538fc3b1cfc3 5aeb07fcbb5d42bca7202fe5546ac47a 40314c816c714f23b2f3e957621513cb - - default default] 199.204.45.30 "GET /v2.0/networks?id=2f07f98a-5d6e-48a7-b424-c82f518a2ab8 HTTP/1.1" status: 200 len: 882 time: 0.1202552
2026-05-30 06:21:46.827 10 INFO neutron.wsgi [req-bda8d2b8-f84c-49a2-a348-54afd3bbbce9 req-f58f76b3-59c8-420e-bb0f-e08c7f06901a c8778c66d7644976a19bcfcf035beb3c badad4dc82a74e2788062edc3925de7d - - 5a1a72e7a3ec4b3e8f405893aa045520 5a1a72e7a3ec4b3e8f405893aa045520] 199.204.45.30 "GET /v2.0/ports?network_id=859116b0-ba2a-4d0d-820c-824aba76426f&device_owner=network%3Adhcp HTTP/1.1" status: 200 len: 210 time: 0.0225437
2026-05-30 06:21:46.852 9 INFO neutron.wsgi [req-2e2fb041-178b-452b-b39b-5b335106b391 req-72cb3d1b-7e7e-44c3-98ad-6ea9fafb349c 5aeb07fcbb5d42bca7202fe5546ac47a 40314c816c714f23b2f3e957621513cb - - default default] 199.204.45.30 "GET /v2.0/security-groups?fields=id&fields=name&tenant_id=40314c816c714f23b2f3e957621513cb HTTP/1.1" status: 200 len: 380 time: 0.0434983
2026-05-30 06:21:46.877 9 WARNING neutron_lib.context [req-2e2fb041-178b-452b-b39b-5b335106b391 req-a86806c5-55f5-4fe1-9968-501e18419ebf 5aeb07fcbb5d42bca7202fe5546ac47a 40314c816c714f23b2f3e957621513cb - - default default] Method 'is_advsvc' is deprecated since 2023.2 release (neutron-lib 3.8.0) and will be removed once support for the old RBAC API policies will be removed from Neutron. Please use method 'is_service_role' instead.
2026-05-30 06:21:46.886 10 INFO neutron.wsgi [req-d015246d-367d-4ab8-9dc7-9d5305c0d5fb req-8c8c2953-075a-46c5-baa3-f7e7fc57ca60 5aeb07fcbb5d42bca7202fe5546ac47a 40314c816c714f23b2f3e957621513cb - - default default] 10.0.0.113 "GET /v2.0/ports?device_id=d76e52a1-590c-4048-a1a4-926964e73d1f HTTP/1.1" status: 200 len: 210 time: 0.0427601
2026-05-30 06:21:47.010 10 INFO neutron.wsgi [req-bda8d2b8-f84c-49a2-a348-54afd3bbbce9 req-90d0b93f-e1a2-44b9-8cf5-986f8b11aed2 c8778c66d7644976a19bcfcf035beb3c badad4dc82a74e2788062edc3925de7d - - 5a1a72e7a3ec4b3e8f405893aa045520 5a1a72e7a3ec4b3e8f405893aa045520] 199.204.45.30 "GET /v2.0/networks/859116b0-ba2a-4d0d-820c-824aba76426f?fields=segments HTTP/1.1" status: 200 len: 212 time: 0.1758304
2026-05-30 06:21:47.087 10 INFO neutron.plugins.ml2.drivers.ovn.mech_driver.mech_driver [None req-63e0e90d-16ac-4ee9-8703-71e66a698c84 - - - - - -] OVN reports status down for port: 5a57a1c5-fe07-434e-8edb-ff66ab8206b2
2026-05-30 06:21:47.137 10 INFO neutron.wsgi [req-657bd6d9-bb3f-4a70-865d-147520ea6dcd req-4371a7a5-f864-4c5c-94aa-6858bad70000 8eb12f1fa98b4d2d9ba1dba5de6107ea cb15b79d66c546098faa1dc8806f9bcc - - default default] 10.0.0.113 "GET /v2.0/ports?device_id=f58dc444-c46e-494b-b416-1c8458f26b7a HTTP/1.1" status: 200 len: 1174 time: 0.1106279
2026-05-30 06:21:47.201 10 INFO neutron.wsgi [req-bda8d2b8-f84c-49a2-a348-54afd3bbbce9 req-2199b88a-7d8d-46ff-9976-41787372d218 c8778c66d7644976a19bcfcf035beb3c badad4dc82a74e2788062edc3925de7d - - 5a1a72e7a3ec4b3e8f405893aa045520 5a1a72e7a3ec4b3e8f405893aa045520] 199.204.45.30 "GET /v2.0/networks/859116b0-ba2a-4d0d-820c-824aba76426f?fields=provider%3Aphysical_network&fields=provider%3Anetwork_type HTTP/1.1" status: 200 len: 277 time: 0.1752908
2026-05-30 06:21:47.213 10 INFO neutron.wsgi [req-657bd6d9-bb3f-4a70-865d-147520ea6dcd req-e1d2cca5-9e38-4cad-9320-654e7b922496 8eb12f1fa98b4d2d9ba1dba5de6107ea cb15b79d66c546098faa1dc8806f9bcc - - default default] 10.0.0.113 "GET /v2.0/security-groups?id=3f59366c-0c0d-4859-a463-41d66ace99b4&fields=id&fields=name HTTP/1.1" status: 200 len: 312 time: 0.0694916
2026-05-30 06:21:47.229 10 INFO neutron.wsgi [None req-c1f50685-da33-4155-8009-554f777e5ab8 fa9ca9eda4724365ad319b81ddc79576 604cbe8fbcb44e7bb365d0755c5a9367 - - default default] 10.0.0.233 "DELETE /v2.0/routers/7eec4c42-dc9a-49d5-a4e8-f4daa578241a HTTP/1.1" status: 204 len: 168 time: 1.4233470
2026-05-30 06:21:47.277 9 WARNING neutron.scheduler.dhcp_agent_scheduler [req-2e2fb041-178b-452b-b39b-5b335106b391 req-a86806c5-55f5-4fe1-9968-501e18419ebf 5aeb07fcbb5d42bca7202fe5546ac47a 40314c816c714f23b2f3e957621513cb - - default default] No more DHCP agents
2026-05-30 06:21:47.281 9 WARNING neutron.api.rpc.agentnotifiers.dhcp_rpc_agent_api [req-2e2fb041-178b-452b-b39b-5b335106b391 req-a86806c5-55f5-4fe1-9968-501e18419ebf 5aeb07fcbb5d42bca7202fe5546ac47a 40314c816c714f23b2f3e957621513cb - - default default] Unable to schedule network 2f07f98a-5d6e-48a7-b424-c82f518a2ab8: no agents available; will retry on subsequent port and subnet creation events.
2026-05-30 06:21:47.328 10 INFO neutron.notifiers.nova [-] Nova event matching ['req-064b2903-14ce-4be4-80b1-2fa7e6fc95a8'] response: {'server_uuid': 'f58dc444-c46e-494b-b416-1c8458f26b7a', 'name': 'network-vif-unplugged', 'status': 'completed', 'tag': '5a57a1c5-fe07-434e-8edb-ff66ab8206b2', 'code': 200}
2026-05-30 06:21:47.398 10 INFO neutron.wsgi [req-83da3693-58ac-47ce-bb07-47828797634a req-9be0e40f-b6c8-4e16-8a19-8a131e759a02 8eb12f1fa98b4d2d9ba1dba5de6107ea cb15b79d66c546098faa1dc8806f9bcc - - default default] 199.204.45.30 "GET /v2.0/ports?device_id=f58dc444-c46e-494b-b416-1c8458f26b7a HTTP/1.1" status: 200 len: 1172 time: 0.0513382
2026-05-30 06:21:47.461 9 INFO neutron.db.ovn_revision_numbers_db [req-2e2fb041-178b-452b-b39b-5b335106b391 req-a86806c5-55f5-4fe1-9968-501e18419ebf 5aeb07fcbb5d42bca7202fe5546ac47a 40314c816c714f23b2f3e957621513cb - - default default] Successfully bumped revision number for resource 21b209e4-27a8-477a-94fc-d3ce99c93d34 (type: ports) to 1
2026-05-30 06:21:47.487 9 INFO neutron.wsgi [req-2e2fb041-178b-452b-b39b-5b335106b391 req-a86806c5-55f5-4fe1-9968-501e18419ebf 5aeb07fcbb5d42bca7202fe5546ac47a 40314c816c714f23b2f3e957621513cb - - default default] 199.204.45.30 "POST /v2.0/ports HTTP/1.1" status: 201 len: 1158 time: 0.6177409 /var/lib/openstack/lib/python3.10/site-packages/pycadf/identifier.py:71: UserWarning: Invalid uuid: neutron. To ensure interoperability, identifiers should be a valid uuid. warnings.warn(('Invalid uuid: %s. To ensure interoperability, '
2026-05-30 06:21:47.561 10 INFO neutron.wsgi [None req-13cb670c-2c08-4172-b448-85cebc386561 fa9ca9eda4724365ad319b81ddc79576 604cbe8fbcb44e7bb365d0755c5a9367 - - default default] 10.0.0.233 "DELETE /v2.0/subnets/64809308-da0e-402e-b0d8-2bf039f7bd5a HTTP/1.1" status: 204 len: 168 time: 0.3252552
2026-05-30 06:21:47.598 10 INFO neutron.db.ovn_revision_numbers_db [None req-63e0e90d-16ac-4ee9-8703-71e66a698c84 - - - - - -] Successfully bumped revision number for resource 5a57a1c5-fe07-434e-8edb-ff66ab8206b2 (type: ports) to 5
2026-05-30 06:21:47.718 9 WARNING neutron.plugins.ml2.drivers.ovn.mech_driver.ovsdb.ovn_client [None req-7984f437-2146-44b6-8ddc-5f6897636561 - - - - - -] No hosting information found for port d6b0e3d7-869d-4dba-bcff-fb2188614a0c: RuntimeError: No hosting information found for port d6b0e3d7-869d-4dba-bcff-fb2188614a0c
2026-05-30 06:21:47.830 10 INFO neutron.db.l3_db [req-83da3693-58ac-47ce-bb07-47828797634a req-890a9a09-c002-4155-833f-1bddbb82c73f 8eb12f1fa98b4d2d9ba1dba5de6107ea cb15b79d66c546098faa1dc8806f9bcc - - default default] Floating IP 4253abab-b8e2-4ac9-9a1a-0b0a1780d76d disassociated. External IP: 10.96.250.220, port: 5a57a1c5-fe07-434e-8edb-ff66ab8206b2. /var/lib/openstack/lib/python3.10/site-packages/pycadf/identifier.py:71: UserWarning: Invalid uuid: neutron. To ensure interoperability, identifiers should be a valid uuid. warnings.warn(('Invalid uuid: %s. To ensure interoperability, '
2026-05-30 06:21:47.992 10 INFO neutron.wsgi [req-24e3a3d1-0685-4c96-971a-25599188b9f7 req-4a7659f1-f679-43fd-8e39-d1f2136aceb1 5aeb07fcbb5d42bca7202fe5546ac47a 40314c816c714f23b2f3e957621513cb - - default default] 10.0.0.113 "GET /v2.0/ports?device_id=d76e52a1-590c-4048-a1a4-926964e73d1f HTTP/1.1" status: 200 len: 1168 time: 0.0392957
2026-05-30 06:21:48.037 10 INFO neutron.wsgi [req-24e3a3d1-0685-4c96-971a-25599188b9f7 req-e181b4e9-3c97-4992-a7fd-0403c2861f2c 5aeb07fcbb5d42bca7202fe5546ac47a 40314c816c714f23b2f3e957621513cb - - default default] 10.0.0.113 "GET /v2.0/security-groups?id=b55d1791-46ea-4429-a047-3147986b5a32&fields=id&fields=name HTTP/1.1" status: 200 len: 313 time: 0.0390909
2026-05-30 06:21:48.039 9 INFO neutron.services.segments.plugin [-] Segment 38a8f01e-0700-4dbf-a4c7-30fc6983f0d0 resource provider aggregate not found
2026-05-30 06:21:48.044 9 INFO neutron.services.segments.plugin [-] Segment 38a8f01e-0700-4dbf-a4c7-30fc6983f0d0 resource provider aggregate not found
2026-05-30 06:21:48.045 10 INFO neutron.wsgi [req-83da3693-58ac-47ce-bb07-47828797634a req-890a9a09-c002-4155-833f-1bddbb82c73f 8eb12f1fa98b4d2d9ba1dba5de6107ea cb15b79d66c546098faa1dc8806f9bcc - - default default] 199.204.45.30 "DELETE /v2.0/ports/5a57a1c5-fe07-434e-8edb-ff66ab8206b2 HTTP/1.1" status: 204 len: 173 time: 0.6408327
2026-05-30 06:21:48.065 9 INFO neutron.services.segments.plugin [-] Segment 38a8f01e-0700-4dbf-a4c7-30fc6983f0d0 resource provider not found; error: Placement Client Error (4xx): {"errors": [{"status": 404, "title": "Not Found", "detail": "The resource could not be found.\n\n No resource provider with uuid 38a8f01e-0700-4dbf-a4c7-30fc6983f0d0 found for delete ", "request_id": "req-a870a8fb-84bd-4914-af19-05fdbf95da4b"}]}
2026-05-30 06:21:48.066 9 INFO neutron.services.segments.plugin [-] Segment 38a8f01e-0700-4dbf-a4c7-30fc6983f0d0 resource provider not found; error: Placement Client Error (4xx): {"errors": [{"status": 404, "title": "Not Found", "detail": "The resource could not be found.\n\n No resource provider with uuid 38a8f01e-0700-4dbf-a4c7-30fc6983f0d0 found for delete ", "request_id": "req-7e2d21f8-582e-4001-af05-2ab8cc01dbd0"}]}
2026-05-30 06:21:48.086 9 INFO neutron.db.ovn_revision_numbers_db [req-2e2fb041-178b-452b-b39b-5b335106b391 req-1b298eb7-60a1-45f3-9fee-43ff4f6571c4 c8778c66d7644976a19bcfcf035beb3c badad4dc82a74e2788062edc3925de7d - - 5a1a72e7a3ec4b3e8f405893aa045520 5a1a72e7a3ec4b3e8f405893aa045520] Successfully bumped revision number for resource 21b209e4-27a8-477a-94fc-d3ce99c93d34 (type: ports) to 2
2026-05-30 06:21:48.096 9 INFO neutron.wsgi [None req-53448c71-c7c6-47c4-909b-bf0cc930a8e6 fa9ca9eda4724365ad319b81ddc79576 604cbe8fbcb44e7bb365d0755c5a9367 - - default default] 10.0.0.233 "DELETE /v2.0/networks/3b9e67e1-699d-4e90-9cad-903b3028ff85 HTTP/1.1" status: 204 len: 168 time: 0.5277896
2026-05-30 06:21:48.293 9 INFO neutron.db.ovn_revision_numbers_db [req-2e2fb041-178b-452b-b39b-5b335106b391 req-1b298eb7-60a1-45f3-9fee-43ff4f6571c4 c8778c66d7644976a19bcfcf035beb3c badad4dc82a74e2788062edc3925de7d - - 5a1a72e7a3ec4b3e8f405893aa045520 5a1a72e7a3ec4b3e8f405893aa045520] Successfully bumped revision number for resource 21b209e4-27a8-477a-94fc-d3ce99c93d34 (type: ports) to 2
2026-05-30 06:21:48.311 9 INFO neutron.wsgi [req-2e2fb041-178b-452b-b39b-5b335106b391 req-1b298eb7-60a1-45f3-9fee-43ff4f6571c4 c8778c66d7644976a19bcfcf035beb3c badad4dc82a74e2788062edc3925de7d - - 5a1a72e7a3ec4b3e8f405893aa045520 5a1a72e7a3ec4b3e8f405893aa045520] 199.204.45.30 "PUT /v2.0/ports/21b209e4-27a8-477a-94fc-d3ce99c93d34 HTTP/1.1" status: 200 len: 1376 time: 0.8178220
2026-05-30 06:21:48.318 10 INFO neutron.wsgi [req-497c1ddb-f9c0-4680-816c-2fff5b3e032d req-7c00bb2a-cf23-4775-82d0-144d4603dbd5 8eb12f1fa98b4d2d9ba1dba5de6107ea cb15b79d66c546098faa1dc8806f9bcc - - default default] 10.0.0.113 "GET /v2.0/ports?device_id=f58dc444-c46e-494b-b416-1c8458f26b7a HTTP/1.1" status: 200 len: 210 time: 0.0302491
2026-05-30 06:21:48.337 10 INFO neutron.wsgi [None req-aafff916-ed08-4dcf-94e6-8e946cd9a70a fa9ca9eda4724365ad319b81ddc79576 604cbe8fbcb44e7bb365d0755c5a9367 - - default default] 10.0.0.233 "GET /v2.0/security-groups?tenant_id=b60b33f15a3f4259ab00829721e389eb&name=default HTTP/1.1" status: 200 len: 2992 time: 0.0501580 /var/lib/openstack/lib/python3.10/site-packages/pycadf/identifier.py:71: UserWarning: Invalid uuid: neutron. To ensure interoperability, identifiers should be a valid uuid. warnings.warn(('Invalid uuid: %s. To ensure interoperability, '
2026-05-30 06:21:48.353 9 INFO neutron.notifiers.nova [-] Nova event matching ['req-f8ef47b3-056e-48f9-bda1-840e632bf7e6'] response: {'name': 'network-changed', 'server_uuid': 'd76e52a1-590c-4048-a1a4-926964e73d1f', 'tag': '21b209e4-27a8-477a-94fc-d3ce99c93d34', 'status': 'completed', 'code': 200}
2026-05-30 06:21:48.581 10 INFO neutron.wsgi [None req-f853321a-7b58-4cf9-8366-7ec495a32e51 fa9ca9eda4724365ad319b81ddc79576 604cbe8fbcb44e7bb365d0755c5a9367 - - default default] 10.0.0.233 "DELETE /v2.0/security-groups/8ce7508e-063a-4e69-b58a-0c92d40bd5f5 HTTP/1.1" status: 204 len: 168 time: 0.2361231
2026-05-30 06:21:48.600 9 INFO neutron.wsgi [req-2e2fb041-178b-452b-b39b-5b335106b391 req-0231d9bd-4073-4e00-85eb-8662e2d1855f c8778c66d7644976a19bcfcf035beb3c badad4dc82a74e2788062edc3925de7d - - 5a1a72e7a3ec4b3e8f405893aa045520 5a1a72e7a3ec4b3e8f405893aa045520] 199.204.45.30 "GET /v2.0/ports?tenant_id=40314c816c714f23b2f3e957621513cb&device_id=d76e52a1-590c-4048-a1a4-926964e73d1f HTTP/1.1" status: 200 len: 1407 time: 0.2574828
2026-05-30 06:21:48.639 9 INFO neutron.wsgi [req-2e2fb041-178b-452b-b39b-5b335106b391 req-8843e22c-2439-4827-b5a5-5cc75322abfd c8778c66d7644976a19bcfcf035beb3c badad4dc82a74e2788062edc3925de7d - - 5a1a72e7a3ec4b3e8f405893aa045520 5a1a72e7a3ec4b3e8f405893aa045520] 199.204.45.30 "GET /v2.0/floatingips?fixed_ip_address=10.100.0.5&port_id=21b209e4-27a8-477a-94fc-d3ce99c93d34 HTTP/1.1" status: 200 len: 217 time: 0.0299227
2026-05-30 06:21:48.684 9 INFO neutron.wsgi [req-2e2fb041-178b-452b-b39b-5b335106b391 req-44a60b0a-83ac-46ac-880e-bb7a96902714 c8778c66d7644976a19bcfcf035beb3c badad4dc82a74e2788062edc3925de7d - - 5a1a72e7a3ec4b3e8f405893aa045520 5a1a72e7a3ec4b3e8f405893aa045520] 199.204.45.30 "GET /v2.0/subnets?id=328acb6c-c7a3-4b81-aa39-1001b0939e35 HTTP/1.1" status: 200 len: 876 time: 0.0400171
2026-05-30 06:21:48.723 9 INFO neutron.wsgi [req-2e2fb041-178b-452b-b39b-5b335106b391 req-34827b67-8e58-4853-8796-0db1d1210a75 c8778c66d7644976a19bcfcf035beb3c badad4dc82a74e2788062edc3925de7d - - 5a1a72e7a3ec4b3e8f405893aa045520 5a1a72e7a3ec4b3e8f405893aa045520] 199.204.45.30 "GET /v2.0/ports?network_id=2f07f98a-5d6e-48a7-b424-c82f518a2ab8&device_owner=network%3Adhcp HTTP/1.1" status: 200 len: 210 time: 0.0341249
2026-05-30 06:21:48.794 9 INFO neutron.wsgi [req-2e2fb041-178b-452b-b39b-5b335106b391 req-aa8b416d-3faa-4ad9-9338-ad64ec8a4389 c8778c66d7644976a19bcfcf035beb3c badad4dc82a74e2788062edc3925de7d - - 5a1a72e7a3ec4b3e8f405893aa045520 5a1a72e7a3ec4b3e8f405893aa045520] 199.204.45.30 "GET /v2.0/networks/2f07f98a-5d6e-48a7-b424-c82f518a2ab8?fields=segments HTTP/1.1" status: 200 len: 212 time: 0.0630229
2026-05-30 06:21:48.868 9 INFO neutron.wsgi [req-2e2fb041-178b-452b-b39b-5b335106b391 req-6269e17f-387b-4055-b6ca-0cb0bae3d24a c8778c66d7644976a19bcfcf035beb3c badad4dc82a74e2788062edc3925de7d - - 5a1a72e7a3ec4b3e8f405893aa045520 5a1a72e7a3ec4b3e8f405893aa045520] 199.204.45.30 "GET /v2.0/networks/2f07f98a-5d6e-48a7-b424-c82f518a2ab8?fields=provider%3Aphysical_network&fields=provider%3Anetwork_type HTTP/1.1" status: 200 len: 277 time: 0.0654724
2026-05-30 06:21:48.948 9 INFO neutron.wsgi [req-97ae2a48-44e4-4d92-b894-2718567f6b41 req-cf3b5a94-bef6-4f35-8255-d24498add3e9 c8778c66d7644976a19bcfcf035beb3c badad4dc82a74e2788062edc3925de7d - - 5a1a72e7a3ec4b3e8f405893aa045520 5a1a72e7a3ec4b3e8f405893aa045520] 199.204.45.30 "GET /v2.0/ports?tenant_id=40314c816c714f23b2f3e957621513cb&device_id=d76e52a1-590c-4048-a1a4-926964e73d1f HTTP/1.1" status: 200 len: 1407 time: 0.0455613
2026-05-30 06:21:49.018 9 INFO neutron.wsgi [req-97ae2a48-44e4-4d92-b894-2718567f6b41 req-8403ba48-cfe5-4711-bbf6-dd3ab89566e1 c8778c66d7644976a19bcfcf035beb3c badad4dc82a74e2788062edc3925de7d - - 5a1a72e7a3ec4b3e8f405893aa045520 5a1a72e7a3ec4b3e8f405893aa045520] 199.204.45.30 "GET /v2.0/networks?id=2f07f98a-5d6e-48a7-b424-c82f518a2ab8 HTTP/1.1" status: 200 len: 981 time: 0.0645275
2026-05-30 06:21:49.058 9 INFO neutron.plugins.ml2.drivers.ovn.mech_driver.mech_driver [None req-7984f437-2146-44b6-8ddc-5f6897636561 - - - - - -] OVN reports status up for port: 21b209e4-27a8-477a-94fc-d3ce99c93d34
2026-05-30 06:21:49.061 9 INFO neutron.wsgi [req-97ae2a48-44e4-4d92-b894-2718567f6b41 req-a4016f92-0463-4b17-a6e9-ecb68701c3e8 c8778c66d7644976a19bcfcf035beb3c badad4dc82a74e2788062edc3925de7d - - 5a1a72e7a3ec4b3e8f405893aa045520 5a1a72e7a3ec4b3e8f405893aa045520] 199.204.45.30 "GET /v2.0/floatingips?fixed_ip_address=10.100.0.5&port_id=21b209e4-27a8-477a-94fc-d3ce99c93d34 HTTP/1.1" status: 200 len: 217 time: 0.0338686
2026-05-30 06:21:49.090 9 INFO neutron.plugins.ml2.plugin [None req-7984f437-2146-44b6-8ddc-5f6897636561 - - - - - -] Attempt 1 to provision port 21b209e4-27a8-477a-94fc-d3ce99c93d34
2026-05-30 06:21:49.111 9 INFO neutron.wsgi [req-97ae2a48-44e4-4d92-b894-2718567f6b41 req-2da99900-1fe6-4543-9e05-8bcf51156724 c8778c66d7644976a19bcfcf035beb3c badad4dc82a74e2788062edc3925de7d - - 5a1a72e7a3ec4b3e8f405893aa045520 5a1a72e7a3ec4b3e8f405893aa045520] 199.204.45.30 "GET /v2.0/subnets?id=328acb6c-c7a3-4b81-aa39-1001b0939e35 HTTP/1.1" status: 200 len: 876 time: 0.0435846
