2026-05-30 06:21:32.854 10 INFO neutron.wsgi [None req-1fc60305-133d-48e1-b404-15bef38c3549 fa9ca9eda4724365ad319b81ddc79576 604cbe8fbcb44e7bb365d0755c5a9367 - - default default] 10.0.0.233 "PUT /v2.0/routers/9d6cbe7f-aa39-4d9e-b61b-d0b36ad7d296/remove_router_interface HTTP/1.1" status: 200 len: 503 time: 2.7331936 /var/lib/openstack/lib/python3.10/site-packages/pycadf/identifier.py:71: UserWarning: Invalid uuid: neutron. To ensure interoperability, identifiers should be a valid uuid. warnings.warn(('Invalid uuid: %s. To ensure interoperability, '
2026-05-30 06:21:33.116 9 INFO neutron.wsgi [None req-b34f4eef-34f9-496a-b801-bd1d9833dbc1 fa9ca9eda4724365ad319b81ddc79576 604cbe8fbcb44e7bb365d0755c5a9367 - - default default] 10.0.0.233 "DELETE /v2.0/routers/d2002b4d-667b-4d07-926b-57985f36a2e9 HTTP/1.1" status: 204 len: 168 time: 1.0038242
2026-05-30 06:21:33.193 10 INFO neutron.db.ovn_revision_numbers_db [req-fa058017-eb1b-41e7-9558-f397476a976d req-34403c35-af16-491d-b4dd-ed9f1aecb2ec c8778c66d7644976a19bcfcf035beb3c badad4dc82a74e2788062edc3925de7d - - 5a1a72e7a3ec4b3e8f405893aa045520 5a1a72e7a3ec4b3e8f405893aa045520] Successfully bumped revision number for resource 17865cae-57f9-47af-b0c5-eb5ef867b647 (type: ports) to 2
2026-05-30 06:21:33.324 9 INFO neutron.wsgi [None req-2d2d9f24-35c5-4fae-9995-8b45ff0014e9 fa9ca9eda4724365ad319b81ddc79576 604cbe8fbcb44e7bb365d0755c5a9367 - - default default] 10.0.0.233 "DELETE /v2.0/subnets/496b077d-4896-42fe-ad4a-e10d8a8c1ae4 HTTP/1.1" status: 204 len: 168 time: 0.1955481
2026-05-30 06:21:33.510 10 INFO neutron.db.ovn_revision_numbers_db [req-fa058017-eb1b-41e7-9558-f397476a976d req-34403c35-af16-491d-b4dd-ed9f1aecb2ec c8778c66d7644976a19bcfcf035beb3c badad4dc82a74e2788062edc3925de7d - - 5a1a72e7a3ec4b3e8f405893aa045520 5a1a72e7a3ec4b3e8f405893aa045520] Successfully bumped revision number for resource 17865cae-57f9-47af-b0c5-eb5ef867b647 (type: ports) to 2
2026-05-30 06:21:33.533 10 INFO neutron.wsgi [req-fa058017-eb1b-41e7-9558-f397476a976d req-34403c35-af16-491d-b4dd-ed9f1aecb2ec c8778c66d7644976a19bcfcf035beb3c badad4dc82a74e2788062edc3925de7d - - 5a1a72e7a3ec4b3e8f405893aa045520 5a1a72e7a3ec4b3e8f405893aa045520] 199.204.45.30 "PUT /v2.0/ports/17865cae-57f9-47af-b0c5-eb5ef867b647 HTTP/1.1" status: 200 len: 1380 time: 1.2185626 /var/lib/openstack/lib/python3.10/site-packages/pycadf/identifier.py:71: UserWarning: Invalid uuid: neutron. To ensure interoperability, identifiers should be a valid uuid. warnings.warn(('Invalid uuid: %s. To ensure interoperability, '
2026-05-30 06:21:33.645 10 INFO neutron.wsgi [req-fa058017-eb1b-41e7-9558-f397476a976d req-2975ff97-58c2-453f-9caa-108384dcee9d c8778c66d7644976a19bcfcf035beb3c badad4dc82a74e2788062edc3925de7d - - 5a1a72e7a3ec4b3e8f405893aa045520 5a1a72e7a3ec4b3e8f405893aa045520] 199.204.45.30 "GET /v2.0/ports?tenant_id=b60b33f15a3f4259ab00829721e389eb&device_id=e1b4f10f-9546-400f-a864-ce6676c512f8 HTTP/1.1" status: 200 len: 1411 time: 0.0660148
2026-05-30 06:21:33.687 10 INFO neutron.wsgi [req-fa058017-eb1b-41e7-9558-f397476a976d req-8aa88edf-de27-46f6-83df-5c8cea105ee1 c8778c66d7644976a19bcfcf035beb3c badad4dc82a74e2788062edc3925de7d - - 5a1a72e7a3ec4b3e8f405893aa045520 5a1a72e7a3ec4b3e8f405893aa045520] 199.204.45.30 "GET /v2.0/floatingips?fixed_ip_address=10.100.0.13&port_id=17865cae-57f9-47af-b0c5-eb5ef867b647 HTTP/1.1" status: 200 len: 217 time: 0.0325031
2026-05-30 06:21:33.737 10 INFO neutron.wsgi [req-fa058017-eb1b-41e7-9558-f397476a976d req-a8349a34-f70c-43c8-a181-b6eada6eb6f5 c8778c66d7644976a19bcfcf035beb3c badad4dc82a74e2788062edc3925de7d - - 5a1a72e7a3ec4b3e8f405893aa045520 5a1a72e7a3ec4b3e8f405893aa045520] 199.204.45.30 "GET /v2.0/subnets?id=64809308-da0e-402e-b0d8-2bf039f7bd5a HTTP/1.1" status: 200 len: 869 time: 0.0455863
2026-05-30 06:21:33.782 9 INFO neutron.wsgi [None req-76e62253-5558-49c0-858e-6e4651e1f1cc fa9ca9eda4724365ad319b81ddc79576 604cbe8fbcb44e7bb365d0755c5a9367 - - default default] 10.0.0.233 "DELETE /v2.0/networks/f6b2610f-ddfc-4b25-8580-c45eb7a2c168 HTTP/1.1" status: 204 len: 168 time: 0.4514656
2026-05-30 06:21:33.803 10 INFO neutron.wsgi [req-fa058017-eb1b-41e7-9558-f397476a976d req-5432bcfd-7fb2-4863-ac0a-498868c4ffe2 c8778c66d7644976a19bcfcf035beb3c badad4dc82a74e2788062edc3925de7d - - 5a1a72e7a3ec4b3e8f405893aa045520 5a1a72e7a3ec4b3e8f405893aa045520] 199.204.45.30 "GET /v2.0/ports?network_id=3b9e67e1-699d-4e90-9cad-903b3028ff85&device_owner=network%3Adhcp HTTP/1.1" status: 200 len: 210 time: 0.0470173
2026-05-30 06:21:33.959 9 INFO neutron.wsgi [None req-c39b7a32-e1dc-4c73-abca-7f06914d1592 fa9ca9eda4724365ad319b81ddc79576 604cbe8fbcb44e7bb365d0755c5a9367 - - default default] 10.0.0.233 "GET /v2.0/security-groups?tenant_id=89657282b729438caa4723c5dcc3eb08&name=default HTTP/1.1" status: 200 len: 2992 time: 0.0340478
2026-05-30 06:21:34.139 10 INFO neutron.wsgi [req-fa058017-eb1b-41e7-9558-f397476a976d req-43f1bd3a-d996-4334-82f3-59fe771995e3 c8778c66d7644976a19bcfcf035beb3c badad4dc82a74e2788062edc3925de7d - - 5a1a72e7a3ec4b3e8f405893aa045520 5a1a72e7a3ec4b3e8f405893aa045520] 199.204.45.30 "GET /v2.0/networks/3b9e67e1-699d-4e90-9cad-903b3028ff85?fields=segments HTTP/1.1" status: 200 len: 212 time: 0.3154700
2026-05-30 06:21:34.199 9 INFO neutron.wsgi [None req-8a961dd5-d853-4154-a475-e73a96ba0956 fa9ca9eda4724365ad319b81ddc79576 604cbe8fbcb44e7bb365d0755c5a9367 - - default default] 10.0.0.233 "DELETE /v2.0/security-groups/ce4f8f57-44f5-4763-8a41-d446f4cc8c25 HTTP/1.1" status: 204 len: 168 time: 0.2354398
2026-05-30 06:21:34.205 10 INFO neutron.wsgi [req-2e620370-fdb7-4086-aa77-0e2e5b0917fe req-c8dd5668-9c3f-422c-adbe-53b520fb2e92 e5b1fb789ffa4b17aa72b14b0c1079f8 b60b33f15a3f4259ab00829721e389eb - - default default] 10.0.0.113 "GET /v2.0/ports?device_id=e1b4f10f-9546-400f-a864-ce6676c512f8 HTTP/1.1" status: 200 len: 1172 time: 0.3822365
2026-05-30 06:21:34.255 9 INFO neutron.services.segments.plugin [-] Segment 483cbfd3-3ae5-4a4a-b596-9686e30a1e09 resource provider aggregate not found
2026-05-30 06:21:34.285 9 INFO neutron.services.segments.plugin [-] Segment 483cbfd3-3ae5-4a4a-b596-9686e30a1e09 resource provider aggregate not found
2026-05-30 06:21:34.288 10 INFO neutron.wsgi [req-2e620370-fdb7-4086-aa77-0e2e5b0917fe req-7eef5c19-5986-4df4-8751-6c06e7da7a88 e5b1fb789ffa4b17aa72b14b0c1079f8 b60b33f15a3f4259ab00829721e389eb - - default default] 10.0.0.113 "GET /v2.0/security-groups?id=d1bacb90-4d4d-45b9-a91f-2368b81d50a7&fields=id&fields=name HTTP/1.1" status: 200 len: 313 time: 0.0712209
2026-05-30 06:21:34.291 10 INFO neutron.wsgi [None req-c42b5be5-02ab-4e5b-b907-acfc2c7c2bf6 fa9ca9eda4724365ad319b81ddc79576 604cbe8fbcb44e7bb365d0755c5a9367 - - default default] 10.0.0.233 "DELETE /v2.0/routers/9d6cbe7f-aa39-4d9e-b61b-d0b36ad7d296 HTTP/1.1" status: 204 len: 168 time: 1.4323897
2026-05-30 06:21:34.294 9 INFO neutron.services.segments.plugin [-] Segment 483cbfd3-3ae5-4a4a-b596-9686e30a1e09 resource provider not found; error: Placement Client Error (4xx): {"errors": [{"status": 404, "title": "Not Found", "detail": "The resource could not be found.\n\n No resource provider with uuid 483cbfd3-3ae5-4a4a-b596-9686e30a1e09 found for delete ", "request_id": "req-d601f2cc-070f-477d-890e-e5ac8161b2d9"}]}
2026-05-30 06:21:34.295 10 INFO neutron.wsgi [req-fa058017-eb1b-41e7-9558-f397476a976d req-5c4167d5-28a3-48f5-b395-53e1e1e534d9 c8778c66d7644976a19bcfcf035beb3c badad4dc82a74e2788062edc3925de7d - - 5a1a72e7a3ec4b3e8f405893aa045520 5a1a72e7a3ec4b3e8f405893aa045520] 199.204.45.30 "GET /v2.0/networks/3b9e67e1-699d-4e90-9cad-903b3028ff85?fields=provider%3Aphysical_network&fields=provider%3Anetwork_type HTTP/1.1" status: 200 len: 277 time: 0.1504250
2026-05-30 06:21:34.309 9 INFO neutron.services.segments.plugin [-] Segment 483cbfd3-3ae5-4a4a-b596-9686e30a1e09 resource provider not found; error: Placement Client Error (4xx): {"errors": [{"status": 404, "title": "Not Found", "detail": "The resource could not be found.\n\n No resource provider with uuid 483cbfd3-3ae5-4a4a-b596-9686e30a1e09 found for delete ", "request_id": "req-f4483c86-77e8-4bbb-a4bf-1919d7e185d3"}]}
2026-05-30 06:21:34.337 10 INFO neutron.notifiers.nova [-] Nova event matching ['req-e06ef05e-dda8-4cf1-916e-127439a99837'] response: {'name': 'network-changed', 'server_uuid': 'e1b4f10f-9546-400f-a864-ce6676c512f8', 'tag': '17865cae-57f9-47af-b0c5-eb5ef867b647', 'status': 'completed', 'code': 200}
2026-05-30 06:21:34.416 10 INFO neutron.wsgi [req-c5a90366-d124-473a-9cc3-e5eec47f1c94 req-636fa259-fdf0-475e-96a0-50915bc24321 c8778c66d7644976a19bcfcf035beb3c badad4dc82a74e2788062edc3925de7d - - 5a1a72e7a3ec4b3e8f405893aa045520 5a1a72e7a3ec4b3e8f405893aa045520] 199.204.45.30 "GET /v2.0/ports?tenant_id=b60b33f15a3f4259ab00829721e389eb&device_id=e1b4f10f-9546-400f-a864-ce6676c512f8 HTTP/1.1" status: 200 len: 1411 time: 0.0537083
2026-05-30 06:21:34.475 10 INFO neutron.wsgi [None req-e134fa2e-fe7f-4b7b-a113-bda4f26c5f68 fa9ca9eda4724365ad319b81ddc79576 604cbe8fbcb44e7bb365d0755c5a9367 - - default default] 10.0.0.233 "DELETE /v2.0/subnets/efd6f03c-cb3e-4267-b552-7fcac12fb9af HTTP/1.1" status: 204 len: 168 time: 0.1775687
2026-05-30 06:21:34.543 10 INFO neutron.wsgi [req-c5a90366-d124-473a-9cc3-e5eec47f1c94 req-8d6e2e28-4a85-4c89-b2db-6ac0077da80b c8778c66d7644976a19bcfcf035beb3c badad4dc82a74e2788062edc3925de7d - - 5a1a72e7a3ec4b3e8f405893aa045520 5a1a72e7a3ec4b3e8f405893aa045520] 199.204.45.30 "GET /v2.0/networks?id=3b9e67e1-699d-4e90-9cad-903b3028ff85 HTTP/1.1" status: 200 len: 974 time: 0.0630310
2026-05-30 06:21:34.586 10 INFO neutron.wsgi [req-c5a90366-d124-473a-9cc3-e5eec47f1c94 req-8fbd2484-cd80-4d16-b471-f3a98a2f3496 c8778c66d7644976a19bcfcf035beb3c badad4dc82a74e2788062edc3925de7d - - 5a1a72e7a3ec4b3e8f405893aa045520 5a1a72e7a3ec4b3e8f405893aa045520] 199.204.45.30 "GET /v2.0/floatingips?fixed_ip_address=10.100.0.13&port_id=17865cae-57f9-47af-b0c5-eb5ef867b647 HTTP/1.1" status: 200 len: 217 time: 0.0276382
2026-05-30 06:21:34.623 10 INFO neutron.wsgi [req-c5a90366-d124-473a-9cc3-e5eec47f1c94 req-bba111d6-ff7a-4cb0-b4a2-d5d8abc95863 c8778c66d7644976a19bcfcf035beb3c badad4dc82a74e2788062edc3925de7d - - 5a1a72e7a3ec4b3e8f405893aa045520 5a1a72e7a3ec4b3e8f405893aa045520] 199.204.45.30 "GET /v2.0/subnets?id=64809308-da0e-402e-b0d8-2bf039f7bd5a HTTP/1.1" status: 200 len: 869 time: 0.0323236
2026-05-30 06:21:34.649 10 INFO neutron.wsgi [req-c5a90366-d124-473a-9cc3-e5eec47f1c94 req-5ba110c2-c61a-491a-8dd1-c582a12b86fc c8778c66d7644976a19bcfcf035beb3c badad4dc82a74e2788062edc3925de7d - - 5a1a72e7a3ec4b3e8f405893aa045520 5a1a72e7a3ec4b3e8f405893aa045520] 199.204.45.30 "GET /v2.0/ports?network_id=3b9e67e1-699d-4e90-9cad-903b3028ff85&device_owner=network%3Adhcp HTTP/1.1" status: 200 len: 210 time: 0.0207062
2026-05-30 06:21:34.719 10 INFO neutron.wsgi [req-c5a90366-d124-473a-9cc3-e5eec47f1c94 req-216d3d9e-639e-4d6f-acb7-4eb32c1c8c2c c8778c66d7644976a19bcfcf035beb3c badad4dc82a74e2788062edc3925de7d - - 5a1a72e7a3ec4b3e8f405893aa045520 5a1a72e7a3ec4b3e8f405893aa045520] 199.204.45.30 "GET /v2.0/networks/3b9e67e1-699d-4e90-9cad-903b3028ff85?fields=segments HTTP/1.1" status: 200 len: 212 time: 0.0651555
2026-05-30 06:21:34.811 10 INFO neutron.wsgi [req-c5a90366-d124-473a-9cc3-e5eec47f1c94 req-2058a18e-7913-419a-b361-358626d65866 c8778c66d7644976a19bcfcf035beb3c badad4dc82a74e2788062edc3925de7d - - 5a1a72e7a3ec4b3e8f405893aa045520 5a1a72e7a3ec4b3e8f405893aa045520] 199.204.45.30 "GET /v2.0/networks/3b9e67e1-699d-4e90-9cad-903b3028ff85?fields=provider%3Aphysical_network&fields=provider%3Anetwork_type HTTP/1.1" status: 200 len: 277 time: 0.0865047
2026-05-30 06:21:34.884 9 INFO neutron.wsgi [None req-7dd544cf-a9fb-405d-918c-844df8ecd762 fa9ca9eda4724365ad319b81ddc79576 604cbe8fbcb44e7bb365d0755c5a9367 - - default default] 10.0.0.233 "DELETE /v2.0/networks/c0db8560-cd2d-40f9-bd01-01e467671fda HTTP/1.1" status: 204 len: 168 time: 0.4030263
2026-05-30 06:21:35.017 9 INFO neutron.wsgi [None req-4394e448-03b6-4ff7-b3db-cdcddecffc7d fa9ca9eda4724365ad319b81ddc79576 604cbe8fbcb44e7bb365d0755c5a9367 - - default default] 10.0.0.233 "GET /v2.0/security-groups?tenant_id=ce0656d0c0844281a5fa533e00fd7a6f&name=default HTTP/1.1" status: 200 len: 2992 time: 0.0528941
2026-05-30 06:21:35.246 10 INFO neutron.wsgi [None req-cedcc1f8-504c-49a7-8de5-1f2e7e763b18 fa9ca9eda4724365ad319b81ddc79576 604cbe8fbcb44e7bb365d0755c5a9367 - - default default] 10.0.0.233 "DELETE /v2.0/security-groups/cf6785da-7d45-451c-b8a1-5e650d529dc4 HTTP/1.1" status: 204 len: 168 time: 0.2228785
2026-05-30 06:21:35.402 10 INFO neutron.wsgi [req-301acc32-20cd-420c-9137-820071cb17f4 req-b6ab14b6-e9ba-47c3-9e19-99a285ee641c e5b1fb789ffa4b17aa72b14b0c1079f8 b60b33f15a3f4259ab00829721e389eb - - default default] 10.0.0.113 "GET /v2.0/ports?device_id=e1b4f10f-9546-400f-a864-ce6676c512f8 HTTP/1.1" status: 200 len: 1172 time: 0.0441458
2026-05-30 06:21:35.463 10 INFO neutron.wsgi [req-301acc32-20cd-420c-9137-820071cb17f4 req-761d2f16-00e1-41cb-82e8-6304f7d6e3d4 e5b1fb789ffa4b17aa72b14b0c1079f8 b60b33f15a3f4259ab00829721e389eb - - default default] 10.0.0.113 "GET /v2.0/security-groups?id=d1bacb90-4d4d-45b9-a91f-2368b81d50a7&fields=id&fields=name HTTP/1.1" status: 200 len: 313 time: 0.0494111
2026-05-30 06:21:35.970 10 WARNING neutron.plugins.ml2.drivers.ovn.mech_driver.ovsdb.ovn_client [None req-63e0e90d-16ac-4ee9-8703-71e66a698c84 - - - - - -] No hosting information found for port 5dfb7ccb-5a38-46c1-95a4-25adf502f53e: RuntimeError: No hosting information found for port 5dfb7ccb-5a38-46c1-95a4-25adf502f53e
2026-05-30 06:21:36.315 9 INFO neutron.services.segments.plugin [-] Segment ca38aca8-4d5a-41d6-acb3-96269effdb76 resource provider aggregate not found
2026-05-30 06:21:36.331 9 INFO neutron.services.segments.plugin [-] Segment ca38aca8-4d5a-41d6-acb3-96269effdb76 resource provider not found; error: Placement Client Error (4xx): {"errors": [{"status": 404, "title": "Not Found", "detail": "The resource could not be found.\n\n No resource provider with uuid ca38aca8-4d5a-41d6-acb3-96269effdb76 found for delete ", "request_id": "req-e447947c-2ad6-4f29-a2e0-ca5248d45a9f"}]}
2026-05-30 06:21:36.351 9 INFO neutron.services.segments.plugin [-] Segment ca38aca8-4d5a-41d6-acb3-96269effdb76 resource provider aggregate not found
2026-05-30 06:21:36.372 9 INFO neutron.services.segments.plugin [-] Segment ca38aca8-4d5a-41d6-acb3-96269effdb76 resource provider not found; error: Placement Client Error (4xx): {"errors": [{"status": 404, "title": "Not Found", "detail": "The resource could not be found.\n\n No resource provider with uuid ca38aca8-4d5a-41d6-acb3-96269effdb76 found for delete ", "request_id": "req-f85cfe95-a9bb-4754-bd63-d8c09acd9fc9"}]}
2026-05-30 06:21:36.435 10 INFO neutron.wsgi [req-e99d3e5d-8738-4407-9ce3-cbe766dacc67 req-76691b61-178e-411b-99d4-803650be2d9f 8eb12f1fa98b4d2d9ba1dba5de6107ea cb15b79d66c546098faa1dc8806f9bcc - - default default] 10.0.0.113 "GET /v2.0/security-groups?name=tempest-securitygroup--350054884&fields=id&tenant_id=cb15b79d66c546098faa1dc8806f9bcc HTTP/1.1" status: 200 len: 267 time: 0.0496085
2026-05-30 06:21:36.530 10 INFO neutron.wsgi [req-e99d3e5d-8738-4407-9ce3-cbe766dacc67 req-77b092d4-8231-4f25-b73f-e46fc3633ea5 8eb12f1fa98b4d2d9ba1dba5de6107ea cb15b79d66c546098faa1dc8806f9bcc - - default default] 10.0.0.113 "GET /v2.0/networks?id=859116b0-ba2a-4d0d-820c-824aba76426f HTTP/1.1" status: 200 len: 878 time: 0.0859866
2026-05-30 06:21:36.563 10 INFO neutron.wsgi [req-e99d3e5d-8738-4407-9ce3-cbe766dacc67 req-9946b809-11e2-4b4f-a63e-ce68c2dab1e3 8eb12f1fa98b4d2d9ba1dba5de6107ea cb15b79d66c546098faa1dc8806f9bcc - - default default] 10.0.0.113 "GET /v2.0/quotas/cb15b79d66c546098faa1dc8806f9bcc HTTP/1.1" status: 200 len: 386 time: 0.0269523
2026-05-30 06:21:36.569 9 INFO neutron.db.ovn_revision_numbers_db [None req-dff532cf-ac07-4582-96c1-a0fa927b1c40 fa9ca9eda4724365ad319b81ddc79576 604cbe8fbcb44e7bb365d0755c5a9367 - - default default] Successfully bumped revision number for resource 756b5360-ed80-4853-b215-5bb3fd6430c6 (type: security_groups) to 1
2026-05-30 06:21:36.584 9 INFO neutron.db.ovn_revision_numbers_db [None req-dff532cf-ac07-4582-96c1-a0fa927b1c40 fa9ca9eda4724365ad319b81ddc79576 604cbe8fbcb44e7bb365d0755c5a9367 - - default default] Successfully bumped revision number for resource 31cb00bc-45e6-44c9-85f8-8086e6d72ccd (type: security_group_rules) to 0
2026-05-30 06:21:36.600 10 INFO neutron.wsgi [req-a1269173-496b-4dff-ba17-33e99a1f0158 req-5b94363e-f6be-4b44-902e-07f2aba02b8c e5b1fb789ffa4b17aa72b14b0c1079f8 b60b33f15a3f4259ab00829721e389eb - - default default] 10.0.0.113 "GET /v2.0/ports?device_id=e1b4f10f-9546-400f-a864-ce6676c512f8 HTTP/1.1" status: 200 len: 1172 time: 0.0513709
2026-05-30 06:21:36.600 9 INFO neutron.db.ovn_revision_numbers_db [None req-dff532cf-ac07-4582-96c1-a0fa927b1c40 fa9ca9eda4724365ad319b81ddc79576 604cbe8fbcb44e7bb365d0755c5a9367 - - default default] Successfully bumped revision number for resource 60778223-bfe5-4c6c-8cda-c74d0ac2a338 (type: security_group_rules) to 0
2026-05-30 06:21:36.619 9 INFO neutron.db.ovn_revision_numbers_db [None req-dff532cf-ac07-4582-96c1-a0fa927b1c40 fa9ca9eda4724365ad319b81ddc79576 604cbe8fbcb44e7bb365d0755c5a9367 - - default default] Successfully bumped revision number for resource 61e0bdd3-55fe-4e02-bec1-71c43a153ca3 (type: security_group_rules) to 0
2026-05-30 06:21:36.636 9 INFO neutron.db.ovn_revision_numbers_db [None req-dff532cf-ac07-4582-96c1-a0fa927b1c40 fa9ca9eda4724365ad319b81ddc79576 604cbe8fbcb44e7bb365d0755c5a9367 - - default default] Successfully bumped revision number for resource c9b36658-4fd9-46a5-a13e-1368be0341b3 (type: security_group_rules) to 0
2026-05-30 06:21:36.653 10 INFO neutron.wsgi [req-a1269173-496b-4dff-ba17-33e99a1f0158 req-83708595-d4eb-4f60-b2f8-f2d305e0518c e5b1fb789ffa4b17aa72b14b0c1079f8 b60b33f15a3f4259ab00829721e389eb - - default default] 10.0.0.113 "GET /v2.0/security-groups?id=d1bacb90-4d4d-45b9-a91f-2368b81d50a7&fields=id&fields=name HTTP/1.1" status: 200 len: 313 time: 0.0486205
2026-05-30 06:21:36.666 10 INFO neutron.wsgi [req-e99d3e5d-8738-4407-9ce3-cbe766dacc67 req-df228ff0-5d3f-48e7-9be7-9309e996f10b 8eb12f1fa98b4d2d9ba1dba5de6107ea cb15b79d66c546098faa1dc8806f9bcc - - default default] 10.0.0.113 "GET /v2.0/ports?tenant_id=cb15b79d66c546098faa1dc8806f9bcc&fields=id HTTP/1.1" status: 200 len: 302 time: 0.0954542
2026-05-30 06:21:36.695 9 INFO neutron.db.segments_db [None req-dff532cf-ac07-4582-96c1-a0fa927b1c40 fa9ca9eda4724365ad319b81ddc79576 604cbe8fbcb44e7bb365d0755c5a9367 - - default default] Added segment f87d0744-9e4e-4c4f-92a2-b31dbed43ad3 of type geneve for network 2f07f98a-5d6e-48a7-b424-c82f518a2ab8
2026-05-30 06:21:36.812 9 INFO neutron.db.ovn_revision_numbers_db [None req-dff532cf-ac07-4582-96c1-a0fa927b1c40 fa9ca9eda4724365ad319b81ddc79576 604cbe8fbcb44e7bb365d0755c5a9367 - - default default] Successfully bumped revision number for resource 2f07f98a-5d6e-48a7-b424-c82f518a2ab8 (type: networks) to 1
2026-05-30 06:21:36.993 9 WARNING neutron.scheduler.dhcp_agent_scheduler [None req-dff532cf-ac07-4582-96c1-a0fa927b1c40 fa9ca9eda4724365ad319b81ddc79576 604cbe8fbcb44e7bb365d0755c5a9367 - - default default] No more DHCP agents
2026-05-30 06:21:36.995 9 WARNING neutron.api.rpc.agentnotifiers.dhcp_rpc_agent_api [None req-dff532cf-ac07-4582-96c1-a0fa927b1c40 fa9ca9eda4724365ad319b81ddc79576 604cbe8fbcb44e7bb365d0755c5a9367 - - default default] Unable to schedule network 2f07f98a-5d6e-48a7-b424-c82f518a2ab8: no agents available; will retry on subsequent port and subnet creation events.
2026-05-30 06:21:37.092 9 INFO neutron.db.ovn_revision_numbers_db [None req-dff532cf-ac07-4582-96c1-a0fa927b1c40 fa9ca9eda4724365ad319b81ddc79576 604cbe8fbcb44e7bb365d0755c5a9367 - - default default] Successfully bumped revision number for resource 8e52e459-7dee-4636-a70c-6a3b25bee45c (type: ports) to 1
2026-05-30 06:21:37.101 10 INFO neutron.wsgi [req-e99d3e5d-8738-4407-9ce3-cbe766dacc67 req-8c8f8b8e-9c37-4f7c-a413-5ca06dbee72d c8778c66d7644976a19bcfcf035beb3c badad4dc82a74e2788062edc3925de7d - - 5a1a72e7a3ec4b3e8f405893aa045520 5a1a72e7a3ec4b3e8f405893aa045520] 10.0.0.113 "GET /v2.0/extensions HTTP/1.1" status: 200 len: 16980 time: 0.0593145
2026-05-30 06:21:37.118 9 INFO neutron.wsgi [None req-dff532cf-ac07-4582-96c1-a0fa927b1c40 fa9ca9eda4724365ad319b81ddc79576 604cbe8fbcb44e7bb365d0755c5a9367 - - default default] 10.0.0.233 "POST /v2.0/networks HTTP/1.1" status: 201 len: 953 time: 0.9127405
2026-05-30 06:21:37.185 10 INFO neutron.plugins.ml2.drivers.ovn.mech_driver.mech_driver [None req-63e0e90d-16ac-4ee9-8703-71e66a698c84 - - - - - -] OVN reports status up for port: 17865cae-57f9-47af-b0c5-eb5ef867b647
2026-05-30 06:21:37.196 10 INFO neutron.plugins.ml2.plugin [None req-63e0e90d-16ac-4ee9-8703-71e66a698c84 - - - - - -] Attempt 1 to provision port 17865cae-57f9-47af-b0c5-eb5ef867b647
2026-05-30 06:21:37.224 10 INFO neutron.wsgi [req-e99d3e5d-8738-4407-9ce3-cbe766dacc67 req-8588d0f2-81b2-4323-a96c-9c5451f71a63 c8778c66d7644976a19bcfcf035beb3c badad4dc82a74e2788062edc3925de7d - - 5a1a72e7a3ec4b3e8f405893aa045520 5a1a72e7a3ec4b3e8f405893aa045520] 10.0.0.113 "GET /v2.0/networks/859116b0-ba2a-4d0d-820c-824aba76426f?fields=segments HTTP/1.1" status: 200 len: 212 time: 0.1156318
2026-05-30 06:21:37.306 10 INFO neutron.wsgi [req-e99d3e5d-8738-4407-9ce3-cbe766dacc67 req-eeda2316-7c4e-4ee4-aaa2-38e8cfe86974 c8778c66d7644976a19bcfcf035beb3c badad4dc82a74e2788062edc3925de7d - - 5a1a72e7a3ec4b3e8f405893aa045520 5a1a72e7a3ec4b3e8f405893aa045520] 10.0.0.113 "GET /v2.0/networks/859116b0-ba2a-4d0d-820c-824aba76426f?fields=provider%3Aphysical_network&fields=provider%3Anetwork_type HTTP/1.1" status: 200 len: 277 time: 0.0749414
2026-05-30 06:21:37.307 9 WARNING neutron.scheduler.dhcp_agent_scheduler [None req-5960f1bb-7fb4-49c4-a5cf-518fcec85be1 fa9ca9eda4724365ad319b81ddc79576 604cbe8fbcb44e7bb365d0755c5a9367 - - default default] No more DHCP agents
2026-05-30 06:21:37.311 9 WARNING neutron.api.rpc.agentnotifiers.dhcp_rpc_agent_api [None req-5960f1bb-7fb4-49c4-a5cf-518fcec85be1 fa9ca9eda4724365ad319b81ddc79576 604cbe8fbcb44e7bb365d0755c5a9367 - - default default] Unable to schedule network 2f07f98a-5d6e-48a7-b424-c82f518a2ab8: no agents available; will retry on subsequent port and subnet creation events.
2026-05-30 06:21:37.571 10 INFO neutron.db.ovn_revision_numbers_db [None req-63e0e90d-16ac-4ee9-8703-71e66a698c84 - - - - - -] Successfully bumped revision number for resource 17865cae-57f9-47af-b0c5-eb5ef867b647 (type: ports) to 4
2026-05-30 06:21:37.663 10 INFO neutron.notifiers.nova [-] Nova event matching ['req-206e0124-583f-4fb9-9a90-99ed38c2665a'] response: {'server_uuid': 'e1b4f10f-9546-400f-a864-ce6676c512f8', 'name': 'network-vif-plugged', 'status': 'completed', 'tag': '17865cae-57f9-47af-b0c5-eb5ef867b647', 'code': 200} /var/lib/openstack/lib/python3.10/site-packages/pycadf/identifier.py:71: UserWarning: Invalid uuid: neutron. To ensure interoperability, identifiers should be a valid uuid. warnings.warn(('Invalid uuid: %s. To ensure interoperability, '
2026-05-30 06:21:37.690 10 INFO neutron.wsgi [req-b5d58692-6fdf-458d-b882-f4a705127dc1 req-6c572772-5769-4a72-9a77-253ff1ec7a7c 8eb12f1fa98b4d2d9ba1dba5de6107ea cb15b79d66c546098faa1dc8806f9bcc - - default default] 10.0.0.113 "GET /v2.0/ports?device_id=f58dc444-c46e-494b-b416-1c8458f26b7a HTTP/1.1" status: 200 len: 210 time: 0.0263784
2026-05-30 06:21:37.774 10 INFO neutron.wsgi [req-3ce10875-bd34-453b-bd01-dd67c47827d8 req-1b365e42-d61d-4d46-b811-ef6792fdb6a7 e5b1fb789ffa4b17aa72b14b0c1079f8 b60b33f15a3f4259ab00829721e389eb - - default default] 10.0.0.113 "GET /v2.0/ports?device_id=e1b4f10f-9546-400f-a864-ce6676c512f8 HTTP/1.1" status: 200 len: 1174 time: 0.0434074
2026-05-30 06:21:37.830 10 INFO neutron.wsgi [req-3ce10875-bd34-453b-bd01-dd67c47827d8 req-21533cba-58ac-412f-b5ca-0ed5b1ba8942 e5b1fb789ffa4b17aa72b14b0c1079f8 b60b33f15a3f4259ab00829721e389eb - - default default] 10.0.0.113 "GET /v2.0/security-groups?id=d1bacb90-4d4d-45b9-a91f-2368b81d50a7&fields=id&fields=name HTTP/1.1" status: 200 len: 313 time: 0.0479774
2026-05-30 06:21:37.854 9 INFO neutron.db.ovn_revision_numbers_db [None req-5960f1bb-7fb4-49c4-a5cf-518fcec85be1 fa9ca9eda4724365ad319b81ddc79576 604cbe8fbcb44e7bb365d0755c5a9367 - - default default] Successfully bumped revision number for resource 8e52e459-7dee-4636-a70c-6a3b25bee45c (type: ports) to 2
2026-05-30 06:21:37.890 9 INFO neutron.db.ovn_revision_numbers_db [None req-5960f1bb-7fb4-49c4-a5cf-518fcec85be1 fa9ca9eda4724365ad319b81ddc79576 604cbe8fbcb44e7bb365d0755c5a9367 - - default default] Successfully bumped revision number for resource 328acb6c-c7a3-4b81-aa39-1001b0939e35 (type: subnets) to 0
2026-05-30 06:21:37.907 9 INFO neutron.wsgi [None req-5960f1bb-7fb4-49c4-a5cf-518fcec85be1 fa9ca9eda4724365ad319b81ddc79576 604cbe8fbcb44e7bb365d0755c5a9367 - - default default] 10.0.0.233 "POST /v2.0/subnets HTTP/1.1" status: 201 len: 873 time: 0.7832587
2026-05-30 06:21:38.436 9 WARNING neutron.scheduler.dhcp_agent_scheduler [None req-39baa9ee-676b-4833-b4d5-e39d05c788bf fa9ca9eda4724365ad319b81ddc79576 604cbe8fbcb44e7bb365d0755c5a9367 - - default default] No more DHCP agents
2026-05-30 06:21:38.438 9 WARNING neutron.api.rpc.agentnotifiers.dhcp_rpc_agent_api [None req-39baa9ee-676b-4833-b4d5-e39d05c788bf fa9ca9eda4724365ad319b81ddc79576 604cbe8fbcb44e7bb365d0755c5a9367 - - default default] Unable to schedule network 11b4d999-c9b7-4826-92f7-6abe7fd0399f: no agents available; will retry on subsequent port and subnet creation events.
2026-05-30 06:21:38.507 10 INFO neutron.db.ovn_revision_numbers_db [None req-b0a514c2-1c91-4ed6-91a0-a08fef782527 fa9ca9eda4724365ad319b81ddc79576 604cbe8fbcb44e7bb365d0755c5a9367 - - default default] Successfully bumped revision number for resource 91e9ce4a-7890-4a50-9c63-d229739a71da (type: security_groups) to 1
2026-05-30 06:21:38.532 10 INFO neutron.wsgi [req-e99d3e5d-8738-4407-9ce3-cbe766dacc67 req-44f2004c-09a7-4ccb-958a-770267e538ff 8eb12f1fa98b4d2d9ba1dba5de6107ea cb15b79d66c546098faa1dc8806f9bcc - - default default] 199.204.45.30 "GET /v2.0/networks?id=859116b0-ba2a-4d0d-820c-824aba76426f HTTP/1.1" status: 200 len: 878 time: 0.1038687
2026-05-30 06:21:38.534 10 INFO neutron.db.ovn_revision_numbers_db [None req-b0a514c2-1c91-4ed6-91a0-a08fef782527 fa9ca9eda4724365ad319b81ddc79576 604cbe8fbcb44e7bb365d0755c5a9367 - - default default] Successfully bumped revision number for resource 79305228-c8c1-41dd-af71-8c24fb59ddd3 (type: security_group_rules) to 0
2026-05-30 06:21:38.561 10 INFO neutron.db.ovn_revision_numbers_db [None req-b0a514c2-1c91-4ed6-91a0-a08fef782527 fa9ca9eda4724365ad319b81ddc79576 604cbe8fbcb44e7bb365d0755c5a9367 - - default default] Successfully bumped revision number for resource 7bb654ee-aa4e-4419-99ee-805e90ea8258 (type: security_group_rules) to 0
2026-05-30 06:21:38.589 10 INFO neutron.wsgi [req-e99d3e5d-8738-4407-9ce3-cbe766dacc67 req-81a91871-69a0-4b22-9ca4-0210aee3bd20 8eb12f1fa98b4d2d9ba1dba5de6107ea cb15b79d66c546098faa1dc8806f9bcc - - default default] 199.204.45.30 "GET /v2.0/security-groups?fields=id&fields=name&tenant_id=cb15b79d66c546098faa1dc8806f9bcc HTTP/1.1" status: 200 len: 379 time: 0.0480847
2026-05-30 06:21:38.589 10 INFO neutron.db.ovn_revision_numbers_db [None req-b0a514c2-1c91-4ed6-91a0-a08fef782527 fa9ca9eda4724365ad319b81ddc79576 604cbe8fbcb44e7bb365d0755c5a9367 - - default default] Successfully bumped revision number for resource b6dfddfd-a06f-4f17-a19a-4734dd843076 (type: security_group_rules) to 0
2026-05-30 06:21:38.601 10 INFO neutron.db.ovn_revision_numbers_db [None req-b0a514c2-1c91-4ed6-91a0-a08fef782527 fa9ca9eda4724365ad319b81ddc79576 604cbe8fbcb44e7bb365d0755c5a9367 - - default default] Successfully bumped revision number for resource ce59e5bc-80d4-4b7c-b4df-5d9124be5056 (type: security_group_rules) to 0
2026-05-30 06:21:38.624 9 INFO neutron.db.ovn_revision_numbers_db [None req-39baa9ee-676b-4833-b4d5-e39d05c788bf fa9ca9eda4724365ad319b81ddc79576 604cbe8fbcb44e7bb365d0755c5a9367 - - default default] Successfully bumped revision number for resource 89c40542-842a-42f8-b68e-972d2ae5fe7d (type: ports) to 1
2026-05-30 06:21:38.630 10 INFO neutron.wsgi [None req-b0a514c2-1c91-4ed6-91a0-a08fef782527 fa9ca9eda4724365ad319b81ddc79576 604cbe8fbcb44e7bb365d0755c5a9367 - - default default] 10.0.0.233 "GET /v2.0/security-groups?tenant_id=3fc27702aaca4fd093f3a5488d3026c3&name=default HTTP/1.1" status: 200 len: 2996 time: 0.3904753
2026-05-30 06:21:38.635 10 WARNING neutron_lib.context [req-e99d3e5d-8738-4407-9ce3-cbe766dacc67 req-4b4794fa-9814-4147-96a7-4592570d9ad7 8eb12f1fa98b4d2d9ba1dba5de6107ea cb15b79d66c546098faa1dc8806f9bcc - - default default] Method 'is_advsvc' is deprecated since 2023.2 release (neutron-lib 3.8.0) and will be removed once support for the old RBAC API policies will be removed from Neutron. Please use method 'is_service_role' instead.
2026-05-30 06:21:38.819 10 INFO neutron.wsgi [req-9944c07a-37db-4aca-9d96-24aa951e94c0 req-24e085df-26e0-472b-918a-2d0f1a939fda 8eb12f1fa98b4d2d9ba1dba5de6107ea cb15b79d66c546098faa1dc8806f9bcc - - default default] 10.0.0.113 "GET /v2.0/ports?device_id=f58dc444-c46e-494b-b416-1c8458f26b7a HTTP/1.1" status: 200 len: 210 time: 0.0202353
2026-05-30 06:21:38.942 10 INFO neutron.wsgi [req-694972f2-d6e7-4a00-a2ad-3d234c87eccd req-50488f4b-6f16-462b-85d0-79473b197a0b e5b1fb789ffa4b17aa72b14b0c1079f8 b60b33f15a3f4259ab00829721e389eb - - default default] 10.0.0.113 "GET /v2.0/ports?device_id=e1b4f10f-9546-400f-a864-ce6676c512f8 HTTP/1.1" status: 200 len: 1174 time: 0.0389669
2026-05-30 06:21:39.000 10 INFO neutron.wsgi [req-694972f2-d6e7-4a00-a2ad-3d234c87eccd req-c6c6e3b5-9932-4f0e-8055-91fddc368a20 e5b1fb789ffa4b17aa72b14b0c1079f8 b60b33f15a3f4259ab00829721e389eb - - default default] 10.0.0.113 "GET /v2.0/security-groups?id=d1bacb90-4d4d-45b9-a91f-2368b81d50a7&fields=id&fields=name HTTP/1.1" status: 200 len: 313 time: 0.0496087
2026-05-30 06:21:39.024 10 WARNING neutron.scheduler.dhcp_agent_scheduler [req-e99d3e5d-8738-4407-9ce3-cbe766dacc67 req-4b4794fa-9814-4147-96a7-4592570d9ad7 8eb12f1fa98b4d2d9ba1dba5de6107ea cb15b79d66c546098faa1dc8806f9bcc - - default default] No more DHCP agents
2026-05-30 06:21:39.026 10 WARNING neutron.api.rpc.agentnotifiers.dhcp_rpc_agent_api [req-e99d3e5d-8738-4407-9ce3-cbe766dacc67 req-4b4794fa-9814-4147-96a7-4592570d9ad7 8eb12f1fa98b4d2d9ba1dba5de6107ea cb15b79d66c546098faa1dc8806f9bcc - - default default] Unable to schedule network 859116b0-ba2a-4d0d-820c-824aba76426f: no agents available; will retry on subsequent port and subnet creation events.
2026-05-30 06:21:39.071 9 INFO neutron.wsgi [None req-99d3789e-522e-4d18-b044-90b0d3a1bd97 fa9ca9eda4724365ad319b81ddc79576 604cbe8fbcb44e7bb365d0755c5a9367 - - default default] 10.0.0.233 "DELETE /v2.0/security-groups/91e9ce4a-7890-4a50-9c63-d229739a71da HTTP/1.1" status: 204 len: 168 time: 0.4355052 /var/lib/openstack/lib/python3.10/site-packages/pycadf/identifier.py:71: UserWarning: Invalid uuid: neutron. To ensure interoperability, identifiers should be a valid uuid. warnings.warn(('Invalid uuid: %s. To ensure interoperability, '
2026-05-30 06:21:39.135 10 INFO neutron.wsgi [req-3d3e8ec1-f1d5-4e91-944a-a1426cc09c3c req-cb00c3a6-a9d5-4c8c-a3c9-2217f0dfbcaa e5b1fb789ffa4b17aa72b14b0c1079f8 b60b33f15a3f4259ab00829721e389eb - - default default] 10.0.0.113 "GET /v2.0/ports?device_id=e1b4f10f-9546-400f-a864-ce6676c512f8 HTTP/1.1" status: 200 len: 1174 time: 0.0371001
2026-05-30 06:21:39.184 10 INFO neutron.db.ovn_revision_numbers_db [req-e99d3e5d-8738-4407-9ce3-cbe766dacc67 req-4b4794fa-9814-4147-96a7-4592570d9ad7 8eb12f1fa98b4d2d9ba1dba5de6107ea cb15b79d66c546098faa1dc8806f9bcc - - default default] Successfully bumped revision number for resource 5a57a1c5-fe07-434e-8edb-ff66ab8206b2 (type: ports) to 1
2026-05-30 06:21:39.219 10 INFO neutron.wsgi [req-e99d3e5d-8738-4407-9ce3-cbe766dacc67 req-4b4794fa-9814-4147-96a7-4592570d9ad7 8eb12f1fa98b4d2d9ba1dba5de6107ea cb15b79d66c546098faa1dc8806f9bcc - - default default] 199.204.45.30 "POST /v2.0/ports HTTP/1.1" status: 201 len: 1162 time: 0.5881393
2026-05-30 06:21:39.341 10 INFO neutron.wsgi [req-57f517ea-c194-4019-a3d5-55615f18d96b req-c6e9c632-8c8b-46eb-a7eb-5c7d42fc4214 c8778c66d7644976a19bcfcf035beb3c badad4dc82a74e2788062edc3925de7d - - 5a1a72e7a3ec4b3e8f405893aa045520 5a1a72e7a3ec4b3e8f405893aa045520] 199.204.45.30 "GET /v2.0/ports?device_id=e1b4f10f-9546-400f-a864-ce6676c512f8&fields=binding%3Ahost_id&fields=binding%3Avif_type HTTP/1.1" status: 200 len: 265 time: 0.0562291
2026-05-30 06:21:39.444 10 INFO neutron.wsgi [req-57f517ea-c194-4019-a3d5-55615f18d96b req-f4dea3d4-2df1-4dc9-b3da-43904bf598fc c8778c66d7644976a19bcfcf035beb3c badad4dc82a74e2788062edc3925de7d - - 5a1a72e7a3ec4b3e8f405893aa045520 5a1a72e7a3ec4b3e8f405893aa045520] 199.204.45.30 "GET /v2.0/ports?tenant_id=b60b33f15a3f4259ab00829721e389eb&device_id=e1b4f10f-9546-400f-a864-ce6676c512f8 HTTP/1.1" status: 200 len: 1413 time: 0.0642455
2026-05-30 06:21:39.564 10 INFO neutron.wsgi [req-57f517ea-c194-4019-a3d5-55615f18d96b req-dda583fa-93c4-4c75-b30a-e48c809e8798 c8778c66d7644976a19bcfcf035beb3c badad4dc82a74e2788062edc3925de7d - - 5a1a72e7a3ec4b3e8f405893aa045520 5a1a72e7a3ec4b3e8f405893aa045520] 199.204.45.30 "GET /v2.0/networks?id=3b9e67e1-699d-4e90-9cad-903b3028ff85 HTTP/1.1" status: 200 len: 974 time: 0.1003392
2026-05-30 06:21:39.609 10 INFO neutron.wsgi [req-57f517ea-c194-4019-a3d5-55615f18d96b req-09e3eb8f-5f7e-407c-b5d9-4d9e34484dd8 c8778c66d7644976a19bcfcf035beb3c badad4dc82a74e2788062edc3925de7d - - 5a1a72e7a3ec4b3e8f405893aa045520 5a1a72e7a3ec4b3e8f405893aa045520] 199.204.45.30 "GET /v2.0/floatingips?fixed_ip_address=10.100.0.13&port_id=17865cae-57f9-47af-b0c5-eb5ef867b647 HTTP/1.1" status: 200 len: 217 time: 0.0255699 /var/lib/openstack/lib/python3.10/site-packages/pycadf/identifier.py:71: UserWarning: Invalid uuid: neutron. To ensure interoperability, identifiers should be a valid uuid. warnings.warn(('Invalid uuid: %s. To ensure interoperability, '
2026-05-30 06:21:39.646 9 INFO neutron.plugins.ml2.drivers.ovn.mech_driver.mech_driver [None req-7984f437-2146-44b6-8ddc-5f6897636561 - - - - - -] OVN reports status up for port: 89c40542-842a-42f8-b68e-972d2ae5fe7d
2026-05-30 06:21:39.651 9 INFO neutron.db.l3_db [None req-b34152f7-db90-4620-a18a-1070b7e6b027 e5b1fb789ffa4b17aa72b14b0c1079f8 b60b33f15a3f4259ab00829721e389eb - - default default] Floating IP 4c11f528-23b0-4ab4-9c5f-aeda71c756d2 associated. External IP: 10.96.250.207, port: 17865cae-57f9-47af-b0c5-eb5ef867b647.
2026-05-30 06:21:39.665 10 INFO neutron.plugins.ml2.drivers.ovn.mech_driver.ovsdb.ovsdb_monitor [None req-86467ec7-9273-43d5-9753-1399d7a22aed - - - - - -] Router cde50c0d-b9cc-4893-829d-f30fd1958b2b is bound to host instance
2026-05-30 06:21:39.692 10 INFO neutron.wsgi [req-57f517ea-c194-4019-a3d5-55615f18d96b req-4e6f5495-ac4e-45b9-aad9-0ed696b4b190 c8778c66d7644976a19bcfcf035beb3c badad4dc82a74e2788062edc3925de7d - - 5a1a72e7a3ec4b3e8f405893aa045520 5a1a72e7a3ec4b3e8f405893aa045520] 199.204.45.30 "GET /v2.0/subnets?id=64809308-da0e-402e-b0d8-2bf039f7bd5a HTTP/1.1" status: 200 len: 869 time: 0.0751224
2026-05-30 06:21:39.698 9 INFO neutron.plugins.ml2.plugin [None req-7984f437-2146-44b6-8ddc-5f6897636561 - - - - - -] Attempt 1 to provision port 89c40542-842a-42f8-b68e-972d2ae5fe7d
2026-05-30 06:21:39.700 10 INFO neutron.notifiers.nova [-] Nova event matching ['req-30abb510-c8e3-48d8-b1be-913923fd15c3'] response: {'server_uuid': 'e1b4f10f-9546-400f-a864-ce6676c512f8', 'name': 'network-vif-plugged', 'status': 'completed', 'tag': '17865cae-57f9-47af-b0c5-eb5ef867b647', 'code': 200}
2026-05-30 06:21:39.724 9 INFO neutron.db.ovn_revision_numbers_db [None req-39baa9ee-676b-4833-b4d5-e39d05c788bf fa9ca9eda4724365ad319b81ddc79576 604cbe8fbcb44e7bb365d0755c5a9367 - - default default] Successfully bumped revision number for resource 89c40542-842a-42f8-b68e-972d2ae5fe7d (type: router_ports) to 1
2026-05-30 06:21:39.734 10 INFO neutron.wsgi [req-57f517ea-c194-4019-a3d5-55615f18d96b req-c5c073d8-dc1a-46ff-bc8d-bc38f3cf10b3 c8778c66d7644976a19bcfcf035beb3c badad4dc82a74e2788062edc3925de7d - - 5a1a72e7a3ec4b3e8f405893aa045520 5a1a72e7a3ec4b3e8f405893aa045520] 199.204.45.30 "GET /v2.0/ports?network_id=3b9e67e1-699d-4e90-9cad-903b3028ff85&device_owner=network%3Adhcp HTTP/1.1" status: 200 len: 210 time: 0.0303802
2026-05-30 06:21:39.836 9 INFO neutron.db.ovn_revision_numbers_db [None req-39baa9ee-676b-4833-b4d5-e39d05c788bf fa9ca9eda4724365ad319b81ddc79576 604cbe8fbcb44e7bb365d0755c5a9367 - - default default] Successfully bumped revision number for resource cde50c0d-b9cc-4893-829d-f30fd1958b2b (type: routers) to 2
2026-05-30 06:21:39.850 9 INFO neutron.wsgi [None req-39baa9ee-676b-4833-b4d5-e39d05c788bf fa9ca9eda4724365ad319b81ddc79576 604cbe8fbcb44e7bb365d0755c5a9367 - - default default] 10.0.0.233 "POST /v2.0/routers HTTP/1.1" status: 201 len: 884 time: 1.9364221
2026-05-30 06:21:39.984 9 INFO neutron.db.ovn_revision_numbers_db [None req-b34152f7-db90-4620-a18a-1070b7e6b027 e5b1fb789ffa4b17aa72b14b0c1079f8 b60b33f15a3f4259ab00829721e389eb - - default default] Successfully bumped revision number for resource 4c11f528-23b0-4ab4-9c5f-aeda71c756d2 (type: floatingips) to 1
2026-05-30 06:21:40.068 10 INFO neutron.wsgi [req-3ce44d9e-0cbf-42fa-8071-9995f4f480e6 req-d160b98b-d081-460d-bc15-c7c77f56b7fc 8eb12f1fa98b4d2d9ba1dba5de6107ea cb15b79d66c546098faa1dc8806f9bcc - - default default] 10.0.0.113 "GET /v2.0/ports?device_id=f58dc444-c46e-494b-b416-1c8458f26b7a HTTP/1.1" status: 200 len: 1172 time: 0.1227715
2026-05-30 06:21:40.080 10 INFO neutron.wsgi [req-57f517ea-c194-4019-a3d5-55615f18d96b req-d3cb236f-7df5-48c1-9d19-b35e33e371c2 c8778c66d7644976a19bcfcf035beb3c badad4dc82a74e2788062edc3925de7d - - 5a1a72e7a3ec4b3e8f405893aa045520 5a1a72e7a3ec4b3e8f405893aa045520] 199.204.45.30 "GET /v2.0/networks/3b9e67e1-699d-4e90-9cad-903b3028ff85?fields=segments HTTP/1.1" status: 200 len: 212 time: 0.3383217 /var/lib/openstack/lib/python3.10/site-packages/pycadf/identifier.py:71: UserWarning: Invalid uuid: neutron. To ensure interoperability, identifiers should be a valid uuid. warnings.warn(('Invalid uuid: %s. To ensure interoperability, '
2026-05-30 06:21:40.100 10 INFO neutron.db.ovn_revision_numbers_db [req-e99d3e5d-8738-4407-9ce3-cbe766dacc67 req-915c1d6d-4dcc-4bd2-9191-817fe2e55511 c8778c66d7644976a19bcfcf035beb3c badad4dc82a74e2788062edc3925de7d - - 5a1a72e7a3ec4b3e8f405893aa045520 5a1a72e7a3ec4b3e8f405893aa045520] Successfully bumped revision number for resource 5a57a1c5-fe07-434e-8edb-ff66ab8206b2 (type: ports) to 2
2026-05-30 06:21:40.117 9 INFO neutron.db.ovn_revision_numbers_db [None req-b34152f7-db90-4620-a18a-1070b7e6b027 e5b1fb789ffa4b17aa72b14b0c1079f8 b60b33f15a3f4259ab00829721e389eb - - default default] Successfully bumped revision number for resource 4c11f528-23b0-4ab4-9c5f-aeda71c756d2 (type: floatingips) to 2
2026-05-30 06:21:40.148 9 INFO neutron.wsgi [None req-b34152f7-db90-4620-a18a-1070b7e6b027 e5b1fb789ffa4b17aa72b14b0c1079f8 b60b33f15a3f4259ab00829721e389eb - - default default] 10.0.0.233 "PUT /v2.0/floatingips/4c11f528-23b0-4ab4-9c5f-aeda71c756d2 HTTP/1.1" status: 200 len: 1050 time: 0.9942172
2026-05-30 06:21:40.159 10 INFO neutron.wsgi [req-3ce44d9e-0cbf-42fa-8071-9995f4f480e6 req-a67bfb0f-c66f-40b7-bd8e-042c90e4c90f 8eb12f1fa98b4d2d9ba1dba5de6107ea cb15b79d66c546098faa1dc8806f9bcc - - default default] 10.0.0.113 "GET /v2.0/security-groups?id=3f59366c-0c0d-4859-a463-41d66ace99b4&fields=id&fields=name HTTP/1.1" status: 200 len: 312 time: 0.0823798
2026-05-30 06:21:40.196 10 INFO neutron.wsgi [req-57f517ea-c194-4019-a3d5-55615f18d96b req-6c33731d-fb49-43fc-9dde-aadc1a911dc6 c8778c66d7644976a19bcfcf035beb3c badad4dc82a74e2788062edc3925de7d - - 5a1a72e7a3ec4b3e8f405893aa045520 5a1a72e7a3ec4b3e8f405893aa045520] 199.204.45.30 "GET /v2.0/networks/3b9e67e1-699d-4e90-9cad-903b3028ff85?fields=provider%3Aphysical_network&fields=provider%3Anetwork_type HTTP/1.1" status: 200 len: 277 time: 0.1064348
2026-05-30 06:21:40.325 9 WARNING neutron.scheduler.dhcp_agent_scheduler [None req-12693122-eee5-452a-9a08-77d5a249cfb0 fa9ca9eda4724365ad319b81ddc79576 604cbe8fbcb44e7bb365d0755c5a9367 - - default default] No more DHCP agents
2026-05-30 06:21:40.327 9 WARNING neutron.api.rpc.agentnotifiers.dhcp_rpc_agent_api [None req-12693122-eee5-452a-9a08-77d5a249cfb0 fa9ca9eda4724365ad319b81ddc79576 604cbe8fbcb44e7bb365d0755c5a9367 - - default default] Unable to schedule network 2f07f98a-5d6e-48a7-b424-c82f518a2ab8: no agents available; will retry on subsequent port and subnet creation events.
2026-05-30 06:21:40.351 10 INFO neutron.wsgi [req-25ac5e44-7732-4b3d-af53-caf7b78db915 req-af47dc90-39b0-48fe-b3cb-62eb6aede96d e5b1fb789ffa4b17aa72b14b0c1079f8 b60b33f15a3f4259ab00829721e389eb - - default default] 10.0.0.113 "GET /v2.0/ports?device_id=e1b4f10f-9546-400f-a864-ce6676c512f8 HTTP/1.1" status: 200 len: 1174 time: 0.1437922 /var/lib/openstack/lib/python3.10/site-packages/pycadf/identifier.py:71: UserWarning: Invalid uuid: neutron. To ensure interoperability, identifiers should be a valid uuid. warnings.warn(('Invalid uuid: %s. To ensure interoperability, '
2026-05-30 06:21:40.473 9 INFO neutron.db.ovn_revision_numbers_db [None req-12693122-eee5-452a-9a08-77d5a249cfb0 fa9ca9eda4724365ad319b81ddc79576 604cbe8fbcb44e7bb365d0755c5a9367 - - default default] Successfully bumped revision number for resource d6b0e3d7-869d-4dba-bcff-fb2188614a0c (type: ports) to 1
2026-05-30 06:21:40.478 10 INFO neutron.wsgi [req-25ac5e44-7732-4b3d-af53-caf7b78db915 req-204b7fef-9186-49bc-8a92-de7e04b06a7b e5b1fb789ffa4b17aa72b14b0c1079f8 b60b33f15a3f4259ab00829721e389eb - - default default] 10.0.0.113 "GET /v2.0/security-groups?id=d1bacb90-4d4d-45b9-a91f-2368b81d50a7&fields=id&fields=name HTTP/1.1" status: 200 len: 313 time: 0.1197367
2026-05-30 06:21:40.538 10 INFO neutron.db.ovn_revision_numbers_db [req-e99d3e5d-8738-4407-9ce3-cbe766dacc67 req-915c1d6d-4dcc-4bd2-9191-817fe2e55511 c8778c66d7644976a19bcfcf035beb3c badad4dc82a74e2788062edc3925de7d - - 5a1a72e7a3ec4b3e8f405893aa045520 5a1a72e7a3ec4b3e8f405893aa045520] Successfully bumped revision number for resource 5a57a1c5-fe07-434e-8edb-ff66ab8206b2 (type: ports) to 2
2026-05-30 06:21:40.576 10 INFO neutron.wsgi [req-e99d3e5d-8738-4407-9ce3-cbe766dacc67 req-915c1d6d-4dcc-4bd2-9191-817fe2e55511 c8778c66d7644976a19bcfcf035beb3c badad4dc82a74e2788062edc3925de7d - - 5a1a72e7a3ec4b3e8f405893aa045520 5a1a72e7a3ec4b3e8f405893aa045520] 199.204.45.30 "PUT /v2.0/ports/5a57a1c5-fe07-434e-8edb-ff66ab8206b2 HTTP/1.1" status: 200 len: 1380 time: 1.3522820
2026-05-30 06:21:40.661 9 INFO neutron.wsgi [-] 10.0.0.111 "GET / HTTP/1.1" status: 200 len: 247 time: 0.0013218
2026-05-30 06:21:40.664 10 INFO neutron.wsgi [-] 10.0.0.111 "GET / HTTP/1.1" status: 200 len: 247 time: 0.0021667
2026-05-30 06:21:40.674 10 INFO neutron.db.ovn_revision_numbers_db [None req-86467ec7-9273-43d5-9753-1399d7a22aed - - - - - -] Successfully bumped revision number for resource 89c40542-842a-42f8-b68e-972d2ae5fe7d (type: ports) to 1
2026-05-30 06:21:40.679 10 INFO neutron.wsgi [req-e99d3e5d-8738-4407-9ce3-cbe766dacc67 req-9484b65a-a87d-4628-b52a-d6a74a8f4588 c8778c66d7644976a19bcfcf035beb3c badad4dc82a74e2788062edc3925de7d - - 5a1a72e7a3ec4b3e8f405893aa045520 5a1a72e7a3ec4b3e8f405893aa045520] 199.204.45.30 "GET /v2.0/ports?tenant_id=cb15b79d66c546098faa1dc8806f9bcc&device_id=f58dc444-c46e-494b-b416-1c8458f26b7a HTTP/1.1" status: 200 len: 1411 time: 0.0572109
2026-05-30 06:21:40.709 10 INFO neutron.wsgi [req-e99d3e5d-8738-4407-9ce3-cbe766dacc67 req-b7c807e2-13c8-4760-9e34-5195eab03dc0 c8778c66d7644976a19bcfcf035beb3c badad4dc82a74e2788062edc3925de7d - - 5a1a72e7a3ec4b3e8f405893aa045520 5a1a72e7a3ec4b3e8f405893aa045520] 199.204.45.30 "GET /v2.0/floatingips?fixed_ip_address=10.100.0.10&port_id=5a57a1c5-fe07-434e-8edb-ff66ab8206b2 HTTP/1.1" status: 200 len: 217 time: 0.0244899
2026-05-30 06:21:40.716 9 INFO neutron.notifiers.nova [-] Nova event matching ['req-aa71410f-4ebe-435f-96a7-19763c51cab1'] response: {'name': 'network-changed', 'server_uuid': 'e1b4f10f-9546-400f-a864-ce6676c512f8', 'tag': '17865cae-57f9-47af-b0c5-eb5ef867b647', 'status': 'completed', 'code': 200}
2026-05-30 06:21:40.767 10 INFO neutron.wsgi [req-e99d3e5d-8738-4407-9ce3-cbe766dacc67 req-a751fda3-c332-4e74-8118-f39102e04f42 c8778c66d7644976a19bcfcf035beb3c badad4dc82a74e2788062edc3925de7d - - 5a1a72e7a3ec4b3e8f405893aa045520 5a1a72e7a3ec4b3e8f405893aa045520] 199.204.45.30 "GET /v2.0/subnets?id=3d6dde6f-b178-4f98-a182-6904ea999ab2 HTTP/1.1" status: 200 len: 872 time: 0.0509121
2026-05-30 06:21:40.814 10 INFO neutron.wsgi [req-e99d3e5d-8738-4407-9ce3-cbe766dacc67 req-387ad50b-45d9-410e-9ae4-4406bc537991 c8778c66d7644976a19bcfcf035beb3c badad4dc82a74e2788062edc3925de7d - - 5a1a72e7a3ec4b3e8f405893aa045520 5a1a72e7a3ec4b3e8f405893aa045520] 199.204.45.30 "GET /v2.0/ports?network_id=859116b0-ba2a-4d0d-820c-824aba76426f&device_owner=network%3Adhcp HTTP/1.1" status: 200 len: 210 time: 0.0381279
2026-05-30 06:21:40.838 10 INFO neutron.wsgi [req-2eb8c6f7-0087-448a-890e-64a7b5775e01 req-325f1b2a-5ab1-445c-81eb-859200313014 c8778c66d7644976a19bcfcf035beb3c badad4dc82a74e2788062edc3925de7d - - 5a1a72e7a3ec4b3e8f405893aa045520 5a1a72e7a3ec4b3e8f405893aa045520] 199.204.45.30 "GET /v2.0/ports?tenant_id=b60b33f15a3f4259ab00829721e389eb&device_id=e1b4f10f-9546-400f-a864-ce6676c512f8 HTTP/1.1" status: 200 len: 1413 time: 0.0931978
2026-05-30 06:21:40.869 10 INFO neutron.plugins.ml2.drivers.ovn.mech_driver.mech_driver [None req-63e0e90d-16ac-4ee9-8703-71e66a698c84 - - - - - -] OVN reports status down for port: 17865cae-57f9-47af-b0c5-eb5ef867b647
2026-05-30 06:21:40.915 10 INFO neutron.wsgi [req-eaecc731-c2cd-4428-aa76-c9c73ddeefd6 req-4a64d070-8be0-4e18-932d-4c56517bf3f6 e5b1fb789ffa4b17aa72b14b0c1079f8 b60b33f15a3f4259ab00829721e389eb - - default default] 10.0.0.113 "GET /v2.0/ports?device_id=e1b4f10f-9546-400f-a864-ce6676c512f8 HTTP/1.1" status: 200 len: 1174 time: 0.0956905
2026-05-30 06:21:40.925 9 INFO neutron.db.ovn_revision_numbers_db [None req-12693122-eee5-452a-9a08-77d5a249cfb0 fa9ca9eda4724365ad319b81ddc79576 604cbe8fbcb44e7bb365d0755c5a9367 - - default default] Successfully bumped revision number for resource d6b0e3d7-869d-4dba-bcff-fb2188614a0c (type: router_ports) to 1
2026-05-30 06:21:41.026 10 INFO neutron.wsgi [req-e99d3e5d-8738-4407-9ce3-cbe766dacc67 req-c1aaeac7-0ed1-4390-bd91-466a408db6f0 c8778c66d7644976a19bcfcf035beb3c badad4dc82a74e2788062edc3925de7d - - 5a1a72e7a3ec4b3e8f405893aa045520 5a1a72e7a3ec4b3e8f405893aa045520] 199.204.45.30 "GET /v2.0/networks/859116b0-ba2a-4d0d-820c-824aba76426f?fields=segments HTTP/1.1" status: 200 len: 212 time: 0.2037497
2026-05-30 06:21:41.067 10 INFO neutron.wsgi [req-2eb8c6f7-0087-448a-890e-64a7b5775e01 req-cb1be322-2f55-401f-8e1c-26622e8d8d9b c8778c66d7644976a19bcfcf035beb3c badad4dc82a74e2788062edc3925de7d - - 5a1a72e7a3ec4b3e8f405893aa045520 5a1a72e7a3ec4b3e8f405893aa045520] 199.204.45.30 "GET /v2.0/networks?id=3b9e67e1-699d-4e90-9cad-903b3028ff85 HTTP/1.1" status: 200 len: 974 time: 0.2198036
2026-05-30 06:21:41.096 10 INFO neutron.wsgi [req-eaecc731-c2cd-4428-aa76-c9c73ddeefd6 req-d9b2e1ad-d6b8-4c7b-835c-e76fc1b25906 e5b1fb789ffa4b17aa72b14b0c1079f8 b60b33f15a3f4259ab00829721e389eb - - default default] 10.0.0.113 "GET /v2.0/security-groups?id=d1bacb90-4d4d-45b9-a91f-2368b81d50a7&fields=id&fields=name HTTP/1.1" status: 200 len: 313 time: 0.1632581
2026-05-30 06:21:41.126 9 INFO neutron.db.ovn_revision_numbers_db [None req-12693122-eee5-452a-9a08-77d5a249cfb0 fa9ca9eda4724365ad319b81ddc79576 604cbe8fbcb44e7bb365d0755c5a9367 - - default default] Successfully bumped revision number for resource d6b0e3d7-869d-4dba-bcff-fb2188614a0c (type: ports) to 1
2026-05-30 06:21:41.197 10 INFO neutron.wsgi [req-e99d3e5d-8738-4407-9ce3-cbe766dacc67 req-9c6a625f-544e-475c-b75f-a52b5ce237aa c8778c66d7644976a19bcfcf035beb3c badad4dc82a74e2788062edc3925de7d - - 5a1a72e7a3ec4b3e8f405893aa045520 5a1a72e7a3ec4b3e8f405893aa045520] 199.204.45.30 "GET /v2.0/networks/859116b0-ba2a-4d0d-820c-824aba76426f?fields=provider%3Aphysical_network&fields=provider%3Anetwork_type HTTP/1.1" status: 200 len: 277 time: 0.1558354
2026-05-30 06:21:41.205 10 INFO neutron.wsgi [req-2eb8c6f7-0087-448a-890e-64a7b5775e01 req-7ff968be-ad22-40a0-9ba1-d3d3d6e0fa71 c8778c66d7644976a19bcfcf035beb3c badad4dc82a74e2788062edc3925de7d - - 5a1a72e7a3ec4b3e8f405893aa045520 5a1a72e7a3ec4b3e8f405893aa045520] 199.204.45.30 "GET /v2.0/floatingips?fixed_ip_address=10.100.0.13&port_id=17865cae-57f9-47af-b0c5-eb5ef867b647 HTTP/1.1" status: 200 len: 1060 time: 0.1234341
2026-05-30 06:21:41.247 9 WARNING neutron.scheduler.dhcp_agent_scheduler [None req-12693122-eee5-452a-9a08-77d5a249cfb0 fa9ca9eda4724365ad319b81ddc79576 604cbe8fbcb44e7bb365d0755c5a9367 - - default default] No more DHCP agents
2026-05-30 06:21:41.249 9 WARNING neutron.api.rpc.agentnotifiers.dhcp_rpc_agent_api [None req-12693122-eee5-452a-9a08-77d5a249cfb0 fa9ca9eda4724365ad319b81ddc79576 604cbe8fbcb44e7bb365d0755c5a9367 - - default default] Unable to schedule network 2f07f98a-5d6e-48a7-b424-c82f518a2ab8: no agents available; will retry on subsequent port and subnet creation events.
2026-05-30 06:21:41.315 9 INFO neutron.wsgi [req-ba82e424-6131-4c40-a458-a0bf02934b57 req-11cf57ce-e1ce-4506-9139-be2f116d481e e5b1fb789ffa4b17aa72b14b0c1079f8 b60b33f15a3f4259ab00829721e389eb - - default default] 199.204.45.30 "GET /v2.0/ports?device_id=e1b4f10f-9546-400f-a864-ce6676c512f8 HTTP/1.1" status: 200 len: 1174 time: 0.1318991
