2026-05-30 06:24:20.789 9 INFO neutron.db.ovn_revision_numbers_db [None req-e61e96fd-ba9d-403b-bf6e-0f922a9f159e fa9ca9eda4724365ad319b81ddc79576 604cbe8fbcb44e7bb365d0755c5a9367 - - default default] Successfully bumped revision number for resource 742c5c16-2171-4b3a-94bb-7039e7e6a133 (type: security_group_rules) to 0
2026-05-30 06:24:20.802 9 INFO neutron.db.ovn_revision_numbers_db [None req-e61e96fd-ba9d-403b-bf6e-0f922a9f159e fa9ca9eda4724365ad319b81ddc79576 604cbe8fbcb44e7bb365d0755c5a9367 - - default default] Successfully bumped revision number for resource aff6c051-84fe-4c9c-96f4-f125ffbca2db (type: security_group_rules) to 0
2026-05-30 06:24:20.815 9 INFO neutron.db.ovn_revision_numbers_db [None req-e61e96fd-ba9d-403b-bf6e-0f922a9f159e fa9ca9eda4724365ad319b81ddc79576 604cbe8fbcb44e7bb365d0755c5a9367 - - default default] Successfully bumped revision number for resource d8c4d74d-5e9d-4e90-b8c9-dd04ba507b56 (type: security_group_rules) to 0
2026-05-30 06:24:20.837 9 INFO neutron.wsgi [None req-e61e96fd-ba9d-403b-bf6e-0f922a9f159e fa9ca9eda4724365ad319b81ddc79576 604cbe8fbcb44e7bb365d0755c5a9367 - - default default] 10.0.0.233 "GET /v2.0/security-groups?tenant_id=cfaa3af58df241ff9f0123dc46a54bc9&name=default HTTP/1.1" status: 200 len: 2996 time: 0.4268644
2026-05-30 06:24:20.886 10 INFO neutron.notifiers.nova [-] Nova event matching ['req-dbd1eba8-6d28-426a-b609-b3f51367574c'] response: {'server_uuid': '298055d6-af36-4216-b453-547095c65887', 'name': 'network-vif-plugged', 'status': 'completed', 'tag': '8be724fa-b98c-41e7-b8ed-39eede381413', 'code': 200}
2026-05-30 06:24:20.887 10 INFO neutron.notifiers.nova [-] Nova event matching ['req-dbd1eba8-6d28-426a-b609-b3f51367574c'] response: {'server_uuid': '298055d6-af36-4216-b453-547095c65887', 'name': 'network-vif-plugged', 'status': 'completed', 'tag': '8be724fa-b98c-41e7-b8ed-39eede381413', 'code': 200}
2026-05-30 06:24:21.056 10 INFO neutron.wsgi [None req-d519ffbb-22c9-42a6-b750-f2513f64d652 fa9ca9eda4724365ad319b81ddc79576 604cbe8fbcb44e7bb365d0755c5a9367 - - default default] 10.0.0.233 "DELETE /v2.0/security-groups/9e0ad87f-4199-4c7c-bc70-35eebf57c72e HTTP/1.1" status: 204 len: 168 time: 0.2140718
2026-05-30 06:24:21.301 10 INFO neutron.db.ovn_revision_numbers_db [None req-745c19c0-caf8-4f42-86d1-f6c4dca4f0be fa9ca9eda4724365ad319b81ddc79576 604cbe8fbcb44e7bb365d0755c5a9367 - - default default] Successfully bumped revision number for resource 84299c46-e492-4518-bba7-2bbe2c76d5e6 (type: security_groups) to 1
2026-05-30 06:24:21.315 10 INFO neutron.db.ovn_revision_numbers_db [None req-745c19c0-caf8-4f42-86d1-f6c4dca4f0be fa9ca9eda4724365ad319b81ddc79576 604cbe8fbcb44e7bb365d0755c5a9367 - - default default] Successfully bumped revision number for resource 03265fdf-8920-4222-bd2d-10c3b29a0893 (type: security_group_rules) to 0
2026-05-30 06:24:21.330 10 INFO neutron.db.ovn_revision_numbers_db [None req-745c19c0-caf8-4f42-86d1-f6c4dca4f0be fa9ca9eda4724365ad319b81ddc79576 604cbe8fbcb44e7bb365d0755c5a9367 - - default default] Successfully bumped revision number for resource 886fb059-9166-46af-8b8f-dda54a515a3b (type: security_group_rules) to 0
2026-05-30 06:24:21.349 10 INFO neutron.db.ovn_revision_numbers_db [None req-745c19c0-caf8-4f42-86d1-f6c4dca4f0be fa9ca9eda4724365ad319b81ddc79576 604cbe8fbcb44e7bb365d0755c5a9367 - - default default] Successfully bumped revision number for resource b63c41a4-044f-44b1-a703-b462ee2e6d53 (type: security_group_rules) to 0
2026-05-30 06:24:21.364 10 INFO neutron.db.ovn_revision_numbers_db [None req-745c19c0-caf8-4f42-86d1-f6c4dca4f0be fa9ca9eda4724365ad319b81ddc79576 604cbe8fbcb44e7bb365d0755c5a9367 - - default default] Successfully bumped revision number for resource fc1c4cd8-68e5-48a1-9721-b12b311c0e49 (type: security_group_rules) to 0
2026-05-30 06:24:21.391 10 INFO neutron.wsgi [None req-745c19c0-caf8-4f42-86d1-f6c4dca4f0be fa9ca9eda4724365ad319b81ddc79576 604cbe8fbcb44e7bb365d0755c5a9367 - - default default] 10.0.0.233 "GET /v2.0/security-groups?tenant_id=91825c60c614448c8ca7ba0d6cc620e8&name=default HTTP/1.1" status: 200 len: 2996 time: 0.2284663
2026-05-30 06:24:21.593 9 INFO neutron.wsgi [None req-77cf15a5-fa2c-445d-bedf-000ba38346e8 fa9ca9eda4724365ad319b81ddc79576 604cbe8fbcb44e7bb365d0755c5a9367 - - default default] 10.0.0.233 "DELETE /v2.0/security-groups/84299c46-e492-4518-bba7-2bbe2c76d5e6 HTTP/1.1" status: 204 len: 168 time: 0.1963477
2026-05-30 06:24:21.704 9 INFO neutron.notifiers.nova [-] Nova event matching ['req-25396d0c-a34d-4899-8107-27a85b10c705'] response: {'server_uuid': '6f1922df-79bb-4aa8-aa7a-904809d271eb', 'name': 'network-vif-plugged', 'status': 'completed', 'tag': 'fcaba19e-ca54-4066-9f90-128c95bd54d2', 'code': 200}
2026-05-30 06:24:21.764 10 INFO neutron.wsgi [req-bed974ee-7c30-49dd-923d-3211280bfbe5 req-ab148760-e1ba-4a9d-bb4c-cd22838e0b37 2ccc00b40d4942da8b1919cde4b4f620 f8cbe72fa6db479eb7cc816f6ddbfbde - - default default] 10.0.0.113 "GET /v2.0/ports?device_id=298055d6-af36-4216-b453-547095c65887 HTTP/1.1" status: 200 len: 1174 time: 0.0507934
2026-05-30 06:24:21.826 10 INFO neutron.wsgi [req-bed974ee-7c30-49dd-923d-3211280bfbe5 req-aeb51f02-6e99-48d8-92e7-75c05d9a6a35 2ccc00b40d4942da8b1919cde4b4f620 f8cbe72fa6db479eb7cc816f6ddbfbde - - default default] 10.0.0.113 "GET /v2.0/security-groups?id=eacc9e26-0fa0-47da-803e-532ab894e4d4&fields=id&fields=name HTTP/1.1" status: 200 len: 312 time: 0.0537548
2026-05-30 06:24:21.943 10 INFO neutron.wsgi [req-13daaa8f-357a-4702-8452-acaf189cd069 req-dcde7c82-4af4-4741-8c9d-9c0291970a72 2ccc00b40d4942da8b1919cde4b4f620 f8cbe72fa6db479eb7cc816f6ddbfbde - - default default] 10.0.0.113 "GET /v2.0/ports?device_id=298055d6-af36-4216-b453-547095c65887 HTTP/1.1" status: 200 len: 1174 time: 0.0525675
2026-05-30 06:24:21.992 10 INFO neutron.wsgi [req-ee36b4b1-cbc9-4dca-af51-341f440e8dff req-ff72835f-52cf-43ab-b63a-55eadf766e02 a184890562914b0f803724249bf9e123 352edd04f8034836b0b476e2133cf3a3 - - default default] 10.0.0.113 "GET /v2.0/ports?device_id=6f1922df-79bb-4aa8-aa7a-904809d271eb HTTP/1.1" status: 200 len: 1396 time: 0.1182189
2026-05-30 06:24:21.998 10 INFO neutron.wsgi [req-13daaa8f-357a-4702-8452-acaf189cd069 req-729c8b99-a25d-4fa8-8c1a-02ba2a77e80c 2ccc00b40d4942da8b1919cde4b4f620 f8cbe72fa6db479eb7cc816f6ddbfbde - - default default] 10.0.0.113 "GET /v2.0/security-groups?id=eacc9e26-0fa0-47da-803e-532ab894e4d4&fields=id&fields=name HTTP/1.1" status: 200 len: 312 time: 0.0433056
2026-05-30 06:24:22.041 10 INFO neutron.wsgi [req-ee36b4b1-cbc9-4dca-af51-341f440e8dff req-9b728a2c-3b17-4dd4-a7f0-3b26f8b352ef a184890562914b0f803724249bf9e123 352edd04f8034836b0b476e2133cf3a3 - - default default] 10.0.0.113 "GET /v2.0/security-groups?id=04e36e24-e3cd-4a5b-8bee-43a9af330cea&fields=id&fields=name HTTP/1.1" status: 200 len: 310 time: 0.0402315
2026-05-30 06:24:22.064 9 INFO neutron.wsgi [None req-45979793-7256-493f-843d-a87583ff56c3 536e853a175a4754891c875899891a56 3cd4791a7b0a41aca33de62155e261a0 - - default default] 10.0.0.233 "GET /v2.0/ports?device_id=298055d6-af36-4216-b453-547095c65887 HTTP/1.1" status: 200 len: 1408 time: 0.0345101
2026-05-30 06:24:22.175 9 INFO neutron.wsgi [None req-6c974cd0-61a8-4a9c-a4d3-b81fb2b1d0b9 a184890562914b0f803724249bf9e123 352edd04f8034836b0b476e2133cf3a3 - - default default] 10.0.0.233 "GET /v2.0/ports?network_id=6f903608-6d0f-40c3-bb61-38ea0c99e995&mac_address=fa%3A16%3A3e%3Ad8%3A6b%3A0f HTTP/1.1" status: 200 len: 1391 time: 0.1079333
2026-05-30 06:24:22.186 9 WARNING neutron_lib.context [None req-ffeedd1e-955d-422e-9f10-3c3a91d0d63e a184890562914b0f803724249bf9e123 352edd04f8034836b0b476e2133cf3a3 - - default default] Method 'is_advsvc' is deprecated since 2023.2 release (neutron-lib 3.8.0) and will be removed once support for the old RBAC API policies will be removed from Neutron. Please use method 'is_service_role' instead.
2026-05-30 06:24:22.359 10 INFO neutron.db.l3_db [None req-6724e73e-faa2-4d9b-8d66-914f31af08b4 2ccc00b40d4942da8b1919cde4b4f620 f8cbe72fa6db479eb7cc816f6ddbfbde - - default default] Floating IP bad18b51-0804-4be9-8ab2-9fa81860bd1c associated. External IP: 10.96.250.215, port: 8be724fa-b98c-41e7-b8ed-39eede381413.
2026-05-30 06:24:22.449 9 WARNING neutron.scheduler.dhcp_agent_scheduler [None req-ffeedd1e-955d-422e-9f10-3c3a91d0d63e a184890562914b0f803724249bf9e123 352edd04f8034836b0b476e2133cf3a3 - - default default] No more DHCP agents
2026-05-30 06:24:22.450 9 WARNING neutron.api.rpc.agentnotifiers.dhcp_rpc_agent_api [None req-ffeedd1e-955d-422e-9f10-3c3a91d0d63e a184890562914b0f803724249bf9e123 352edd04f8034836b0b476e2133cf3a3 - - default default] Unable to schedule network 11b4d999-c9b7-4826-92f7-6abe7fd0399f: no agents available; will retry on subsequent port and subnet creation events.
2026-05-30 06:24:22.902 10 INFO neutron.db.ovn_revision_numbers_db [None req-6724e73e-faa2-4d9b-8d66-914f31af08b4 2ccc00b40d4942da8b1919cde4b4f620 f8cbe72fa6db479eb7cc816f6ddbfbde - - default default] Successfully bumped revision number for resource bad18b51-0804-4be9-8ab2-9fa81860bd1c (type: floatingips) to 4
2026-05-30 06:24:23.051 9 INFO neutron.db.l3_db [None req-ffeedd1e-955d-422e-9f10-3c3a91d0d63e a184890562914b0f803724249bf9e123 352edd04f8034836b0b476e2133cf3a3 - - default default] Floating IP 350a9117-ea83-4fe9-be8d-1b166e1dc465 associated. External IP: 10.96.250.212, port: fcaba19e-ca54-4066-9f90-128c95bd54d2.
2026-05-30 06:24:23.053 10 INFO neutron.db.ovn_revision_numbers_db [None req-6724e73e-faa2-4d9b-8d66-914f31af08b4 2ccc00b40d4942da8b1919cde4b4f620 f8cbe72fa6db479eb7cc816f6ddbfbde - - default default] Successfully bumped revision number for resource bad18b51-0804-4be9-8ab2-9fa81860bd1c (type: floatingips) to 5
2026-05-30 06:24:23.083 10 INFO neutron.wsgi [None req-6724e73e-faa2-4d9b-8d66-914f31af08b4 2ccc00b40d4942da8b1919cde4b4f620 f8cbe72fa6db479eb7cc816f6ddbfbde - - default default] 10.0.0.233 "PUT /v2.0/floatingips/bad18b51-0804-4be9-8ab2-9fa81860bd1c HTTP/1.1" status: 200 len: 1050 time: 1.0144384
2026-05-30 06:24:23.124 10 INFO neutron.notifiers.nova [-] Nova event matching ['req-6ed5caee-dab8-4913-a928-5a021e414111'] response: {'name': 'network-changed', 'server_uuid': '298055d6-af36-4216-b453-547095c65887', 'tag': '8be724fa-b98c-41e7-b8ed-39eede381413', 'status': 'completed', 'code': 200}
2026-05-30 06:24:23.135 9 INFO neutron.wsgi [None req-406aa0a4-7f92-4ec6-8f7f-9817ea9a62fa 2ccc00b40d4942da8b1919cde4b4f620 f8cbe72fa6db479eb7cc816f6ddbfbde - - default default] 10.0.0.233 "GET /v2.0/floatingips/bad18b51-0804-4be9-8ab2-9fa81860bd1c HTTP/1.1" status: 200 len: 1052 time: 0.0477750 /var/lib/openstack/lib/python3.10/site-packages/pycadf/identifier.py:71: UserWarning: Invalid uuid: neutron. To ensure interoperability, identifiers should be a valid uuid. warnings.warn(('Invalid uuid: %s. To ensure interoperability, '
2026-05-30 06:24:23.189 10 INFO neutron.wsgi [req-abb34e10-2a1b-497b-a7b7-c040228ebff7 req-2855398b-e435-48c3-84c6-974d3f935a70 c8778c66d7644976a19bcfcf035beb3c badad4dc82a74e2788062edc3925de7d - - 5a1a72e7a3ec4b3e8f405893aa045520 5a1a72e7a3ec4b3e8f405893aa045520] 199.204.45.30 "GET /v2.0/ports?tenant_id=f8cbe72fa6db479eb7cc816f6ddbfbde&device_id=298055d6-af36-4216-b453-547095c65887 HTTP/1.1" status: 200 len: 1413 time: 0.0407474
2026-05-30 06:24:23.256 10 INFO neutron.wsgi [req-abb34e10-2a1b-497b-a7b7-c040228ebff7 req-c0ede8b7-ec34-4dea-85e1-9fe1bbe13fe1 c8778c66d7644976a19bcfcf035beb3c badad4dc82a74e2788062edc3925de7d - - 5a1a72e7a3ec4b3e8f405893aa045520 5a1a72e7a3ec4b3e8f405893aa045520] 199.204.45.30 "GET /v2.0/networks?id=0e74eba0-01c1-415e-95e1-73de499c8a99 HTTP/1.1" status: 200 len: 958 time: 0.0588195
2026-05-30 06:24:23.332 9 INFO neutron.db.ovn_revision_numbers_db [None req-ffeedd1e-955d-422e-9f10-3c3a91d0d63e a184890562914b0f803724249bf9e123 352edd04f8034836b0b476e2133cf3a3 - - default default] Successfully bumped revision number for resource 350a9117-ea83-4fe9-be8d-1b166e1dc465 (type: floatingips) to 0
2026-05-30 06:24:23.338 10 INFO neutron.wsgi [req-abb34e10-2a1b-497b-a7b7-c040228ebff7 req-814a301f-d0fd-493c-8877-2cc360da941e c8778c66d7644976a19bcfcf035beb3c badad4dc82a74e2788062edc3925de7d - - 5a1a72e7a3ec4b3e8f405893aa045520 5a1a72e7a3ec4b3e8f405893aa045520] 199.204.45.30 "GET /v2.0/floatingips?fixed_ip_address=10.100.0.13&port_id=8be724fa-b98c-41e7-b8ed-39eede381413 HTTP/1.1" status: 200 len: 1060 time: 0.0748229
2026-05-30 06:24:23.401 10 INFO neutron.wsgi [req-abb34e10-2a1b-497b-a7b7-c040228ebff7 req-22dd69d2-dde2-46f3-acc7-f72897fc49f2 c8778c66d7644976a19bcfcf035beb3c badad4dc82a74e2788062edc3925de7d - - 5a1a72e7a3ec4b3e8f405893aa045520 5a1a72e7a3ec4b3e8f405893aa045520] 199.204.45.30 "GET /v2.0/subnets?id=ed112007-1e94-4608-a95a-35c1b6929369 HTTP/1.1" status: 200 len: 852 time: 0.0544381
2026-05-30 06:24:23.430 10 INFO neutron.wsgi [req-abb34e10-2a1b-497b-a7b7-c040228ebff7 req-329b1d1a-de66-49f1-adfd-f0f75a353cfd c8778c66d7644976a19bcfcf035beb3c badad4dc82a74e2788062edc3925de7d - - 5a1a72e7a3ec4b3e8f405893aa045520 5a1a72e7a3ec4b3e8f405893aa045520] 199.204.45.30 "GET /v2.0/ports?network_id=0e74eba0-01c1-415e-95e1-73de499c8a99&device_owner=network%3Adhcp HTTP/1.1" status: 200 len: 210 time: 0.0236137
2026-05-30 06:24:23.461 9 INFO neutron.db.ovn_revision_numbers_db [None req-ffeedd1e-955d-422e-9f10-3c3a91d0d63e a184890562914b0f803724249bf9e123 352edd04f8034836b0b476e2133cf3a3 - - default default] Successfully bumped revision number for resource 350a9117-ea83-4fe9-be8d-1b166e1dc465 (type: floatingips) to 1
2026-05-30 06:24:23.506 9 INFO neutron.wsgi [None req-ffeedd1e-955d-422e-9f10-3c3a91d0d63e a184890562914b0f803724249bf9e123 352edd04f8034836b0b476e2133cf3a3 - - default default] 10.0.0.233 "POST /v2.0/floatingips HTTP/1.1" status: 201 len: 1053 time: 1.3250897
2026-05-30 06:24:23.512 10 INFO neutron.wsgi [req-abb34e10-2a1b-497b-a7b7-c040228ebff7 req-cd2267ba-adb9-4398-9601-83cd37169f1d c8778c66d7644976a19bcfcf035beb3c badad4dc82a74e2788062edc3925de7d - - 5a1a72e7a3ec4b3e8f405893aa045520 5a1a72e7a3ec4b3e8f405893aa045520] 199.204.45.30 "GET /v2.0/networks/0e74eba0-01c1-415e-95e1-73de499c8a99?fields=segments HTTP/1.1" status: 200 len: 212 time: 0.0737078
2026-05-30 06:24:23.614 10 INFO neutron.wsgi [req-abb34e10-2a1b-497b-a7b7-c040228ebff7 req-86955d4e-61ba-4979-9dd7-53af050eaa29 c8778c66d7644976a19bcfcf035beb3c badad4dc82a74e2788062edc3925de7d - - 5a1a72e7a3ec4b3e8f405893aa045520 5a1a72e7a3ec4b3e8f405893aa045520] 199.204.45.30 "GET /v2.0/networks/0e74eba0-01c1-415e-95e1-73de499c8a99?fields=provider%3Aphysical_network&fields=provider%3Anetwork_type HTTP/1.1" status: 200 len: 277 time: 0.0940490
2026-05-30 06:24:23.643 10 INFO neutron.wsgi [req-083c1cdd-ae1c-4abd-9913-9c84c1d9d0ee req-f597a7da-7103-44ff-8de0-c3be6b6044e0 a184890562914b0f803724249bf9e123 352edd04f8034836b0b476e2133cf3a3 - - default default] 10.0.0.113 "GET /v2.0/security-groups?name=tempest-lb_member_SG-121489550&fields=id&tenant_id=352edd04f8034836b0b476e2133cf3a3 HTTP/1.1" status: 200 len: 267 time: 0.0572968
2026-05-30 06:24:23.742 9 INFO neutron.notifiers.nova [-] Nova event matching ['req-a470c2f9-a843-4bfa-9aa7-1ddba1097a98'] response: {'name': 'network-changed', 'server_uuid': '6f1922df-79bb-4aa8-aa7a-904809d271eb', 'tag': 'fcaba19e-ca54-4066-9f90-128c95bd54d2', 'status': 'completed', 'code': 200}
2026-05-30 06:24:23.749 10 INFO neutron.wsgi [req-083c1cdd-ae1c-4abd-9913-9c84c1d9d0ee req-5dadd477-2aa2-441c-ae1e-220fa26ad1a7 a184890562914b0f803724249bf9e123 352edd04f8034836b0b476e2133cf3a3 - - default default] 10.0.0.113 "GET /v2.0/networks?id=945cd3f0-8db6-4926-9ffe-487eec0379e6 HTTP/1.1" status: 200 len: 903 time: 0.0996881
2026-05-30 06:24:23.797 10 INFO neutron.wsgi [req-083c1cdd-ae1c-4abd-9913-9c84c1d9d0ee req-8f4568cb-0cef-4b2c-a2de-49b04d89a661 a184890562914b0f803724249bf9e123 352edd04f8034836b0b476e2133cf3a3 - - default default] 10.0.0.113 "GET /v2.0/quotas/352edd04f8034836b0b476e2133cf3a3 HTTP/1.1" status: 200 len: 386 time: 0.0205481
2026-05-30 06:24:23.815 10 INFO neutron.wsgi [req-0c745f86-e955-4e72-99a8-440c6b06448d req-14067022-3a1c-40f5-997d-bb01b230ad96 c8778c66d7644976a19bcfcf035beb3c badad4dc82a74e2788062edc3925de7d - - 5a1a72e7a3ec4b3e8f405893aa045520 5a1a72e7a3ec4b3e8f405893aa045520] 199.204.45.30 "GET /v2.0/ports?tenant_id=352edd04f8034836b0b476e2133cf3a3&device_id=6f1922df-79bb-4aa8-aa7a-904809d271eb HTTP/1.1" status: 200 len: 1634 time: 0.0520542
2026-05-30 06:24:23.917 10 INFO neutron.wsgi [req-0c745f86-e955-4e72-99a8-440c6b06448d req-954787b3-e0db-4f95-9fb5-7e103ebb5485 c8778c66d7644976a19bcfcf035beb3c badad4dc82a74e2788062edc3925de7d - - 5a1a72e7a3ec4b3e8f405893aa045520 5a1a72e7a3ec4b3e8f405893aa045520] 199.204.45.30 "GET /v2.0/networks?id=6f903608-6d0f-40c3-bb61-38ea0c99e995 HTTP/1.1" status: 200 len: 1002 time: 0.0950437
2026-05-30 06:24:23.990 10 INFO neutron.wsgi [req-0c745f86-e955-4e72-99a8-440c6b06448d req-366523af-4514-43dc-975b-679e28449fb6 c8778c66d7644976a19bcfcf035beb3c badad4dc82a74e2788062edc3925de7d - - 5a1a72e7a3ec4b3e8f405893aa045520 5a1a72e7a3ec4b3e8f405893aa045520] 199.204.45.30 "GET /v2.0/floatingips?fixed_ip_address=10.2.1.93&port_id=fcaba19e-ca54-4066-9f90-128c95bd54d2 HTTP/1.1" status: 200 len: 1058 time: 0.0694208
2026-05-30 06:24:24.032 10 INFO neutron.wsgi [req-083c1cdd-ae1c-4abd-9913-9c84c1d9d0ee req-4ff70b02-ab3a-4777-8f85-6e3972701cbe a184890562914b0f803724249bf9e123 352edd04f8034836b0b476e2133cf3a3 - - default default] 10.0.0.113 "GET /v2.0/ports?tenant_id=352edd04f8034836b0b476e2133cf3a3&fields=id HTTP/1.1" status: 200 len: 532 time: 0.2293978
2026-05-30 06:24:24.034 10 INFO neutron.wsgi [req-0c745f86-e955-4e72-99a8-440c6b06448d req-bfd27cd9-95da-4671-8acd-2b5abc1c02c2 c8778c66d7644976a19bcfcf035beb3c badad4dc82a74e2788062edc3925de7d - - 5a1a72e7a3ec4b3e8f405893aa045520 5a1a72e7a3ec4b3e8f405893aa045520] 199.204.45.30 "GET /v2.0/floatingips?fixed_ip_address=fd7b%3Af9f7%3Afff%3A4eca%3A%3A35d&port_id=fcaba19e-ca54-4066-9f90-128c95bd54d2 HTTP/1.1" status: 200 len: 217 time: 0.0394375
2026-05-30 06:24:24.106 10 INFO neutron.wsgi [req-0c745f86-e955-4e72-99a8-440c6b06448d req-44f1585a-c47f-4221-b034-4fb6be5801b1 c8778c66d7644976a19bcfcf035beb3c badad4dc82a74e2788062edc3925de7d - - 5a1a72e7a3ec4b3e8f405893aa045520 5a1a72e7a3ec4b3e8f405893aa045520] 199.204.45.30 "GET /v2.0/subnets?id=7662c103-6d19-4073-aaa4-1cd4901d8d67&id=33a25093-bf88-4da3-825b-d445aa0978eb HTTP/1.1" status: 200 len: 1562 time: 0.0670254
2026-05-30 06:24:24.134 10 INFO neutron.wsgi [req-083c1cdd-ae1c-4abd-9913-9c84c1d9d0ee req-6abd544c-d6af-4fc2-a07c-abbc0cc7740a c8778c66d7644976a19bcfcf035beb3c badad4dc82a74e2788062edc3925de7d - - 5a1a72e7a3ec4b3e8f405893aa045520 5a1a72e7a3ec4b3e8f405893aa045520] 10.0.0.113 "GET /v2.0/networks/945cd3f0-8db6-4926-9ffe-487eec0379e6?fields=segments HTTP/1.1" status: 200 len: 212 time: 0.0870659
2026-05-30 06:24:24.135 10 INFO neutron.wsgi [req-0c745f86-e955-4e72-99a8-440c6b06448d req-b63e3578-f0b9-4bc5-b20c-280c482035f2 c8778c66d7644976a19bcfcf035beb3c badad4dc82a74e2788062edc3925de7d - - 5a1a72e7a3ec4b3e8f405893aa045520 5a1a72e7a3ec4b3e8f405893aa045520] 199.204.45.30 "GET /v2.0/ports?network_id=6f903608-6d0f-40c3-bb61-38ea0c99e995&device_owner=network%3Adhcp HTTP/1.1" status: 200 len: 210 time: 0.0214894
2026-05-30 06:24:24.168 10 INFO neutron.wsgi [req-0c745f86-e955-4e72-99a8-440c6b06448d req-5d064004-4036-4df1-b369-ed53fbba57ed c8778c66d7644976a19bcfcf035beb3c badad4dc82a74e2788062edc3925de7d - - 5a1a72e7a3ec4b3e8f405893aa045520 5a1a72e7a3ec4b3e8f405893aa045520] 199.204.45.30 "GET /v2.0/ports?network_id=6f903608-6d0f-40c3-bb61-38ea0c99e995&device_owner=network%3Adhcp HTTP/1.1" status: 200 len: 210 time: 0.0203087
2026-05-30 06:24:24.188 15 INFO neutron.plugins.ml2.drivers.ovn.mech_driver.ovsdb.maintenance [None req-45c9062e-8fc0-4dd6-9491-91c00fcadbb4 - - - - - -] Maintenance task: Synchronization finished (took 1.46 seconds)
2026-05-30 06:24:24.222 10 INFO neutron.wsgi [req-083c1cdd-ae1c-4abd-9913-9c84c1d9d0ee req-79401cd1-b02a-4bba-93b6-eefc69c37bea c8778c66d7644976a19bcfcf035beb3c badad4dc82a74e2788062edc3925de7d - - 5a1a72e7a3ec4b3e8f405893aa045520 5a1a72e7a3ec4b3e8f405893aa045520] 10.0.0.113 "GET /v2.0/networks/945cd3f0-8db6-4926-9ffe-487eec0379e6?fields=provider%3Aphysical_network&fields=provider%3Anetwork_type HTTP/1.1" status: 200 len: 277 time: 0.0820246
2026-05-30 06:24:24.237 10 INFO neutron.wsgi [req-0c745f86-e955-4e72-99a8-440c6b06448d req-ef44db9b-f37a-406d-9223-5a0ab2b9474e c8778c66d7644976a19bcfcf035beb3c badad4dc82a74e2788062edc3925de7d - - 5a1a72e7a3ec4b3e8f405893aa045520 5a1a72e7a3ec4b3e8f405893aa045520] 199.204.45.30 "GET /v2.0/networks/6f903608-6d0f-40c3-bb61-38ea0c99e995?fields=segments HTTP/1.1" status: 200 len: 212 time: 0.0574028
2026-05-30 06:24:24.307 10 INFO neutron.wsgi [req-0c745f86-e955-4e72-99a8-440c6b06448d req-d2a732ec-a747-4d88-b858-b045140de263 c8778c66d7644976a19bcfcf035beb3c badad4dc82a74e2788062edc3925de7d - - 5a1a72e7a3ec4b3e8f405893aa045520 5a1a72e7a3ec4b3e8f405893aa045520] 199.204.45.30 "GET /v2.0/networks/6f903608-6d0f-40c3-bb61-38ea0c99e995?fields=provider%3Aphysical_network&fields=provider%3Anetwork_type HTTP/1.1" status: 200 len: 277 time: 0.0625663
2026-05-30 06:24:24.421 10 INFO neutron.wsgi [req-93a027bc-db77-4a81-9e0e-9bf2feab32e6 req-cfc92762-d0b4-4c61-b297-3659a8f45aeb a184890562914b0f803724249bf9e123 352edd04f8034836b0b476e2133cf3a3 - - default default] 10.0.0.113 "GET /v2.0/ports?device_id=b965d13e-83f7-4700-a440-9a7f9b52e913 HTTP/1.1" status: 200 len: 210 time: 0.0249655
2026-05-30 06:24:25.136 10 INFO neutron.wsgi [req-083c1cdd-ae1c-4abd-9913-9c84c1d9d0ee req-f1738dea-0519-4307-8580-8393f1d90fdc a184890562914b0f803724249bf9e123 352edd04f8034836b0b476e2133cf3a3 - - default default] 199.204.45.30 "GET /v2.0/networks?id=945cd3f0-8db6-4926-9ffe-487eec0379e6 HTTP/1.1" status: 200 len: 903 time: 0.0630846
2026-05-30 06:24:25.185 10 INFO neutron.wsgi [req-083c1cdd-ae1c-4abd-9913-9c84c1d9d0ee req-008569c6-142b-4cee-a8f3-2e63d673ab1f a184890562914b0f803724249bf9e123 352edd04f8034836b0b476e2133cf3a3 - - default default] 199.204.45.30 "GET /v2.0/security-groups?fields=id&fields=name&tenant_id=352edd04f8034836b0b476e2133cf3a3 HTTP/1.1" status: 200 len: 377 time: 0.0428619
2026-05-30 06:24:25.196 10 WARNING neutron_lib.context [req-083c1cdd-ae1c-4abd-9913-9c84c1d9d0ee req-6bbbc4d5-45c9-45ae-a446-d638cb93059e a184890562914b0f803724249bf9e123 352edd04f8034836b0b476e2133cf3a3 - - default default] Method 'is_advsvc' is deprecated since 2023.2 release (neutron-lib 3.8.0) and will be removed once support for the old RBAC API policies will be removed from Neutron. Please use method 'is_service_role' instead.
2026-05-30 06:24:25.639 10 WARNING neutron.scheduler.dhcp_agent_scheduler [req-083c1cdd-ae1c-4abd-9913-9c84c1d9d0ee req-6bbbc4d5-45c9-45ae-a446-d638cb93059e a184890562914b0f803724249bf9e123 352edd04f8034836b0b476e2133cf3a3 - - default default] No more DHCP agents
2026-05-30 06:24:25.645 10 WARNING neutron.api.rpc.agentnotifiers.dhcp_rpc_agent_api [req-083c1cdd-ae1c-4abd-9913-9c84c1d9d0ee req-6bbbc4d5-45c9-45ae-a446-d638cb93059e a184890562914b0f803724249bf9e123 352edd04f8034836b0b476e2133cf3a3 - - default default] Unable to schedule network 945cd3f0-8db6-4926-9ffe-487eec0379e6: no agents available; will retry on subsequent port and subnet creation events.
2026-05-30 06:24:25.661 10 INFO neutron.wsgi [-] 10.0.0.111 "GET / HTTP/1.1" status: 200 len: 247 time: 0.0013211
2026-05-30 06:24:25.663 10 INFO neutron.wsgi [-] 10.0.0.111 "GET / HTTP/1.1" status: 200 len: 247 time: 0.0011137
2026-05-30 06:24:25.863 10 INFO neutron.db.ovn_revision_numbers_db [req-083c1cdd-ae1c-4abd-9913-9c84c1d9d0ee req-6bbbc4d5-45c9-45ae-a446-d638cb93059e a184890562914b0f803724249bf9e123 352edd04f8034836b0b476e2133cf3a3 - - default default] Successfully bumped revision number for resource a6750712-3cf2-4e2f-adf5-28a145a3b4b8 (type: ports) to 1
2026-05-30 06:24:25.885 10 INFO neutron.wsgi [req-083c1cdd-ae1c-4abd-9913-9c84c1d9d0ee req-6bbbc4d5-45c9-45ae-a446-d638cb93059e a184890562914b0f803724249bf9e123 352edd04f8034836b0b476e2133cf3a3 - - default default] 199.204.45.30 "POST /v2.0/ports HTTP/1.1" status: 201 len: 1388 time: 0.6945822 /var/lib/openstack/lib/python3.10/site-packages/pycadf/identifier.py:71: UserWarning: Invalid uuid: neutron. To ensure interoperability, identifiers should be a valid uuid. warnings.warn(('Invalid uuid: %s. To ensure interoperability, ' /var/lib/openstack/lib/python3.10/site-packages/pycadf/identifier.py:71: UserWarning: Invalid uuid: neutron. To ensure interoperability, identifiers should be a valid uuid. warnings.warn(('Invalid uuid: %s. To ensure interoperability, '
2026-05-30 06:24:26.068 9 WARNING neutron_lib.context [None req-d1bca26a-cb46-4baa-bce0-1bf203c3b9c2 b590d901cc174246991de5da49f60ae7 3a35c88e3d8746328cae0a486cfe647c - - default default] Method 'is_advsvc' is deprecated since 2023.2 release (neutron-lib 3.8.0) and will be removed once support for the old RBAC API policies will be removed from Neutron. Please use method 'is_service_role' instead.
2026-05-30 06:24:26.178 9 INFO neutron.db.ovn_revision_numbers_db [None req-d1bca26a-cb46-4baa-bce0-1bf203c3b9c2 b590d901cc174246991de5da49f60ae7 3a35c88e3d8746328cae0a486cfe647c - - default default] Successfully bumped revision number for resource f5524422-7ede-4cfa-a5a1-72ad1306f89a (type: security_groups) to 1
2026-05-30 06:24:26.192 9 INFO neutron.db.ovn_revision_numbers_db [None req-d1bca26a-cb46-4baa-bce0-1bf203c3b9c2 b590d901cc174246991de5da49f60ae7 3a35c88e3d8746328cae0a486cfe647c - - default default] Successfully bumped revision number for resource 41538fba-ba42-429f-9ea8-97ccedc12400 (type: security_group_rules) to 0
2026-05-30 06:24:26.205 9 INFO neutron.db.ovn_revision_numbers_db [None req-d1bca26a-cb46-4baa-bce0-1bf203c3b9c2 b590d901cc174246991de5da49f60ae7 3a35c88e3d8746328cae0a486cfe647c - - default default] Successfully bumped revision number for resource 7fadca26-a6f6-4930-83cc-57cb5ea15686 (type: security_group_rules) to 0
2026-05-30 06:24:26.222 9 INFO neutron.db.ovn_revision_numbers_db [None req-d1bca26a-cb46-4baa-bce0-1bf203c3b9c2 b590d901cc174246991de5da49f60ae7 3a35c88e3d8746328cae0a486cfe647c - - default default] Successfully bumped revision number for resource 8aff1ff9-bcac-4ab1-bdac-f180ccdcfac0 (type: security_group_rules) to 0
2026-05-30 06:24:26.235 9 INFO neutron.db.ovn_revision_numbers_db [None req-d1bca26a-cb46-4baa-bce0-1bf203c3b9c2 b590d901cc174246991de5da49f60ae7 3a35c88e3d8746328cae0a486cfe647c - - default default] Successfully bumped revision number for resource a3e5bfff-dc6a-470e-a02b-b9699c20d83a (type: security_group_rules) to 0
2026-05-30 06:24:26.287 9 INFO neutron.db.segments_db [None req-d1bca26a-cb46-4baa-bce0-1bf203c3b9c2 b590d901cc174246991de5da49f60ae7 3a35c88e3d8746328cae0a486cfe647c - - default default] Added segment 08b27f42-05e2-48d1-8f5c-cead5b0f2652 of type geneve for network f065cbec-5f51-4798-87af-1170ec1ce989
2026-05-30 06:24:26.303 10 INFO neutron.db.ovn_revision_numbers_db [req-083c1cdd-ae1c-4abd-9913-9c84c1d9d0ee req-62c5668d-37b2-46ed-b738-22577d7963ed c8778c66d7644976a19bcfcf035beb3c badad4dc82a74e2788062edc3925de7d - - 5a1a72e7a3ec4b3e8f405893aa045520 5a1a72e7a3ec4b3e8f405893aa045520] Successfully bumped revision number for resource a6750712-3cf2-4e2f-adf5-28a145a3b4b8 (type: ports) to 2
2026-05-30 06:24:26.457 9 INFO neutron.db.ovn_revision_numbers_db [None req-d1bca26a-cb46-4baa-bce0-1bf203c3b9c2 b590d901cc174246991de5da49f60ae7 3a35c88e3d8746328cae0a486cfe647c - - default default] Successfully bumped revision number for resource f065cbec-5f51-4798-87af-1170ec1ce989 (type: networks) to 1
2026-05-30 06:24:26.484 10 INFO neutron.db.ovn_revision_numbers_db [req-083c1cdd-ae1c-4abd-9913-9c84c1d9d0ee req-62c5668d-37b2-46ed-b738-22577d7963ed c8778c66d7644976a19bcfcf035beb3c badad4dc82a74e2788062edc3925de7d - - 5a1a72e7a3ec4b3e8f405893aa045520 5a1a72e7a3ec4b3e8f405893aa045520] Successfully bumped revision number for resource a6750712-3cf2-4e2f-adf5-28a145a3b4b8 (type: ports) to 2
2026-05-30 06:24:26.498 10 INFO neutron.wsgi [req-083c1cdd-ae1c-4abd-9913-9c84c1d9d0ee req-62c5668d-37b2-46ed-b738-22577d7963ed c8778c66d7644976a19bcfcf035beb3c badad4dc82a74e2788062edc3925de7d - - 5a1a72e7a3ec4b3e8f405893aa045520 5a1a72e7a3ec4b3e8f405893aa045520] 199.204.45.30 "PUT /v2.0/ports/a6750712-3cf2-4e2f-adf5-28a145a3b4b8 HTTP/1.1" status: 200 len: 1605 time: 0.6034522
2026-05-30 06:24:26.539 10 INFO neutron.notifiers.nova [-] Nova event matching ['req-2df40c64-fbe1-4bec-8486-617231de5dba'] response: {'name': 'network-changed', 'server_uuid': 'b965d13e-83f7-4700-a440-9a7f9b52e913', 'tag': 'a6750712-3cf2-4e2f-adf5-28a145a3b4b8', 'status': 'completed', 'code': 200} /var/lib/openstack/lib/python3.10/site-packages/pycadf/identifier.py:71: UserWarning: Invalid uuid: neutron. To ensure interoperability, identifiers should be a valid uuid. warnings.warn(('Invalid uuid: %s. To ensure interoperability, '
2026-05-30 06:24:26.583 10 INFO neutron.wsgi [req-083c1cdd-ae1c-4abd-9913-9c84c1d9d0ee req-1e875e30-3fdb-4aef-b748-a5f7e58737ad c8778c66d7644976a19bcfcf035beb3c badad4dc82a74e2788062edc3925de7d - - 5a1a72e7a3ec4b3e8f405893aa045520 5a1a72e7a3ec4b3e8f405893aa045520] 199.204.45.30 "GET /v2.0/ports?tenant_id=352edd04f8034836b0b476e2133cf3a3&device_id=b965d13e-83f7-4700-a440-9a7f9b52e913 HTTP/1.1" status: 200 len: 1636 time: 0.0398138
2026-05-30 06:24:26.613 10 INFO neutron.wsgi [req-083c1cdd-ae1c-4abd-9913-9c84c1d9d0ee req-e26b442e-4422-46c4-bc1d-f095bbd85c38 c8778c66d7644976a19bcfcf035beb3c badad4dc82a74e2788062edc3925de7d - - 5a1a72e7a3ec4b3e8f405893aa045520 5a1a72e7a3ec4b3e8f405893aa045520] 199.204.45.30 "GET /v2.0/floatingips?fixed_ip_address=10.2.2.40&port_id=a6750712-3cf2-4e2f-adf5-28a145a3b4b8 HTTP/1.1" status: 200 len: 217 time: 0.0232456
2026-05-30 06:24:26.622 9 WARNING neutron.scheduler.dhcp_agent_scheduler [None req-d1bca26a-cb46-4baa-bce0-1bf203c3b9c2 b590d901cc174246991de5da49f60ae7 3a35c88e3d8746328cae0a486cfe647c - - default default] No more DHCP agents
2026-05-30 06:24:26.627 9 WARNING neutron.api.rpc.agentnotifiers.dhcp_rpc_agent_api [None req-d1bca26a-cb46-4baa-bce0-1bf203c3b9c2 b590d901cc174246991de5da49f60ae7 3a35c88e3d8746328cae0a486cfe647c - - default default] Unable to schedule network f065cbec-5f51-4798-87af-1170ec1ce989: no agents available; will retry on subsequent port and subnet creation events.
2026-05-30 06:24:26.635 10 INFO neutron.wsgi [req-083c1cdd-ae1c-4abd-9913-9c84c1d9d0ee req-36fcb298-e381-4a38-99c6-272b45dd19ea c8778c66d7644976a19bcfcf035beb3c badad4dc82a74e2788062edc3925de7d - - 5a1a72e7a3ec4b3e8f405893aa045520 5a1a72e7a3ec4b3e8f405893aa045520] 199.204.45.30 "GET /v2.0/floatingips?fixed_ip_address=fd77%3A1457%3A4cf0%3A26a8%3A%3A2cd&port_id=a6750712-3cf2-4e2f-adf5-28a145a3b4b8 HTTP/1.1" status: 200 len: 217 time: 0.0176435
2026-05-30 06:24:26.668 10 INFO neutron.wsgi [req-083c1cdd-ae1c-4abd-9913-9c84c1d9d0ee req-30cfd33a-8d8f-4f54-8303-b45a86f22099 c8778c66d7644976a19bcfcf035beb3c badad4dc82a74e2788062edc3925de7d - - 5a1a72e7a3ec4b3e8f405893aa045520 5a1a72e7a3ec4b3e8f405893aa045520] 199.204.45.30 "GET /v2.0/subnets?id=d4b77ced-278a-41fb-b1a9-ec3be5ef15a3&id=eec24609-b58d-4bd0-ae39-f5d489b94ecb HTTP/1.1" status: 200 len: 1566 time: 0.0280421
2026-05-30 06:24:26.694 10 INFO neutron.wsgi [req-083c1cdd-ae1c-4abd-9913-9c84c1d9d0ee req-087c93c5-3e47-4053-92a6-595a665b72e2 c8778c66d7644976a19bcfcf035beb3c badad4dc82a74e2788062edc3925de7d - - 5a1a72e7a3ec4b3e8f405893aa045520 5a1a72e7a3ec4b3e8f405893aa045520] 199.204.45.30 "GET /v2.0/ports?network_id=945cd3f0-8db6-4926-9ffe-487eec0379e6&device_owner=network%3Adhcp HTTP/1.1" status: 200 len: 210 time: 0.0200253
2026-05-30 06:24:26.716 10 INFO neutron.wsgi [req-083c1cdd-ae1c-4abd-9913-9c84c1d9d0ee req-1b878220-7cbf-4735-a1e3-0166545a7aea c8778c66d7644976a19bcfcf035beb3c badad4dc82a74e2788062edc3925de7d - - 5a1a72e7a3ec4b3e8f405893aa045520 5a1a72e7a3ec4b3e8f405893aa045520] 199.204.45.30 "GET /v2.0/ports?network_id=945cd3f0-8db6-4926-9ffe-487eec0379e6&device_owner=network%3Adhcp HTTP/1.1" status: 200 len: 210 time: 0.0174387
2026-05-30 06:24:26.724 9 INFO neutron.db.ovn_revision_numbers_db [None req-d1bca26a-cb46-4baa-bce0-1bf203c3b9c2 b590d901cc174246991de5da49f60ae7 3a35c88e3d8746328cae0a486cfe647c - - default default] Successfully bumped revision number for resource eccb2d2a-2d81-4811-b58b-6a0dfadfb88d (type: ports) to 1
2026-05-30 06:24:26.744 9 INFO neutron.wsgi [None req-d1bca26a-cb46-4baa-bce0-1bf203c3b9c2 b590d901cc174246991de5da49f60ae7 3a35c88e3d8746328cae0a486cfe647c - - default default] 10.0.0.233 "POST /v2.0/networks HTTP/1.1" status: 201 len: 830 time: 0.8718252
2026-05-30 06:24:26.754 9 WARNING neutron_lib.context [None req-087e8a95-e83e-4c68-b9df-be99f4a5a87f b590d901cc174246991de5da49f60ae7 3a35c88e3d8746328cae0a486cfe647c - - default default] Method 'is_advsvc' is deprecated since 2023.2 release (neutron-lib 3.8.0) and will be removed once support for the old RBAC API policies will be removed from Neutron. Please use method 'is_service_role' instead.
2026-05-30 06:24:26.769 10 INFO neutron.wsgi [req-083c1cdd-ae1c-4abd-9913-9c84c1d9d0ee req-f726e429-56fa-4dde-8e3c-0f75574a1889 c8778c66d7644976a19bcfcf035beb3c badad4dc82a74e2788062edc3925de7d - - 5a1a72e7a3ec4b3e8f405893aa045520 5a1a72e7a3ec4b3e8f405893aa045520] 199.204.45.30 "GET /v2.0/networks/945cd3f0-8db6-4926-9ffe-487eec0379e6?fields=segments HTTP/1.1" status: 200 len: 212 time: 0.0484209
2026-05-30 06:24:26.834 10 INFO neutron.wsgi [req-083c1cdd-ae1c-4abd-9913-9c84c1d9d0ee req-920036d6-3f6f-4fc7-b036-4fa0e3e2dce7 c8778c66d7644976a19bcfcf035beb3c badad4dc82a74e2788062edc3925de7d - - 5a1a72e7a3ec4b3e8f405893aa045520 5a1a72e7a3ec4b3e8f405893aa045520] 199.204.45.30 "GET /v2.0/networks/945cd3f0-8db6-4926-9ffe-487eec0379e6?fields=provider%3Aphysical_network&fields=provider%3Anetwork_type HTTP/1.1" status: 200 len: 277 time: 0.0597272
2026-05-30 06:24:26.914 10 INFO neutron.wsgi [req-98c2faeb-b545-4fc4-b86a-ec5c620c1d81 req-e2b432f2-9466-4eef-bd12-6797a86d9320 c8778c66d7644976a19bcfcf035beb3c badad4dc82a74e2788062edc3925de7d - - 5a1a72e7a3ec4b3e8f405893aa045520 5a1a72e7a3ec4b3e8f405893aa045520] 199.204.45.30 "GET /v2.0/ports?tenant_id=352edd04f8034836b0b476e2133cf3a3&device_id=b965d13e-83f7-4700-a440-9a7f9b52e913 HTTP/1.1" status: 200 len: 1636 time: 0.0387335
2026-05-30 06:24:26.982 9 WARNING neutron.scheduler.dhcp_agent_scheduler [None req-087e8a95-e83e-4c68-b9df-be99f4a5a87f b590d901cc174246991de5da49f60ae7 3a35c88e3d8746328cae0a486cfe647c - - default default] No more DHCP agents
2026-05-30 06:24:26.988 9 WARNING neutron.api.rpc.agentnotifiers.dhcp_rpc_agent_api [None req-087e8a95-e83e-4c68-b9df-be99f4a5a87f b590d901cc174246991de5da49f60ae7 3a35c88e3d8746328cae0a486cfe647c - - default default] Unable to schedule network f065cbec-5f51-4798-87af-1170ec1ce989: no agents available; will retry on subsequent port and subnet creation events.
2026-05-30 06:24:27.014 10 INFO neutron.wsgi [req-98c2faeb-b545-4fc4-b86a-ec5c620c1d81 req-a770786f-b2da-4930-b51e-951844c94145 c8778c66d7644976a19bcfcf035beb3c badad4dc82a74e2788062edc3925de7d - - 5a1a72e7a3ec4b3e8f405893aa045520 5a1a72e7a3ec4b3e8f405893aa045520] 199.204.45.30 "GET /v2.0/networks?id=945cd3f0-8db6-4926-9ffe-487eec0379e6 HTTP/1.1" status: 200 len: 1001 time: 0.0947070
2026-05-30 06:24:27.051 10 INFO neutron.plugins.ml2.drivers.ovn.mech_driver.mech_driver [None req-63e0e90d-16ac-4ee9-8703-71e66a698c84 - - - - - -] OVN reports status up for port: a6750712-3cf2-4e2f-adf5-28a145a3b4b8
2026-05-30 06:24:27.054 10 INFO neutron.wsgi [req-98c2faeb-b545-4fc4-b86a-ec5c620c1d81 req-e2909613-87a6-4bcd-bb18-5882e5754aa3 c8778c66d7644976a19bcfcf035beb3c badad4dc82a74e2788062edc3925de7d - - 5a1a72e7a3ec4b3e8f405893aa045520 5a1a72e7a3ec4b3e8f405893aa045520] 199.204.45.30 "GET /v2.0/floatingips?fixed_ip_address=10.2.2.40&port_id=a6750712-3cf2-4e2f-adf5-28a145a3b4b8 HTTP/1.1" status: 200 len: 217 time: 0.0322776
2026-05-30 06:24:27.070 10 INFO neutron.plugins.ml2.plugin [None req-63e0e90d-16ac-4ee9-8703-71e66a698c84 - - - - - -] Attempt 1 to provision port a6750712-3cf2-4e2f-adf5-28a145a3b4b8
2026-05-30 06:24:27.092 10 INFO neutron.wsgi [req-98c2faeb-b545-4fc4-b86a-ec5c620c1d81 req-369f425e-128f-4ffb-a38c-b271cc595ea3 c8778c66d7644976a19bcfcf035beb3c badad4dc82a74e2788062edc3925de7d - - 5a1a72e7a3ec4b3e8f405893aa045520 5a1a72e7a3ec4b3e8f405893aa045520] 199.204.45.30 "GET /v2.0/floatingips?fixed_ip_address=fd77%3A1457%3A4cf0%3A26a8%3A%3A2cd&port_id=a6750712-3cf2-4e2f-adf5-28a145a3b4b8 HTTP/1.1" status: 200 len: 217 time: 0.0303156
2026-05-30 06:24:27.144 10 INFO neutron.wsgi [req-98c2faeb-b545-4fc4-b86a-ec5c620c1d81 req-a73b1a66-60d5-407a-950d-0031f38288c3 c8778c66d7644976a19bcfcf035beb3c badad4dc82a74e2788062edc3925de7d - - 5a1a72e7a3ec4b3e8f405893aa045520 5a1a72e7a3ec4b3e8f405893aa045520] 199.204.45.30 "GET /v2.0/subnets?id=d4b77ced-278a-41fb-b1a9-ec3be5ef15a3&id=eec24609-b58d-4bd0-ae39-f5d489b94ecb HTTP/1.1" status: 200 len: 1566 time: 0.0457175
2026-05-30 06:24:27.183 10 INFO neutron.wsgi [req-98c2faeb-b545-4fc4-b86a-ec5c620c1d81 req-6e44f0e5-0b03-4a59-a9f2-62a56912460b c8778c66d7644976a19bcfcf035beb3c badad4dc82a74e2788062edc3925de7d - - 5a1a72e7a3ec4b3e8f405893aa045520 5a1a72e7a3ec4b3e8f405893aa045520] 199.204.45.30 "GET /v2.0/ports?network_id=945cd3f0-8db6-4926-9ffe-487eec0379e6&device_owner=network%3Adhcp HTTP/1.1" status: 200 len: 210 time: 0.0307477
2026-05-30 06:24:27.215 10 INFO neutron.wsgi [req-98c2faeb-b545-4fc4-b86a-ec5c620c1d81 req-06ff5aee-fdd0-4a41-aace-6a4a57aad660 c8778c66d7644976a19bcfcf035beb3c badad4dc82a74e2788062edc3925de7d - - 5a1a72e7a3ec4b3e8f405893aa045520 5a1a72e7a3ec4b3e8f405893aa045520] 199.204.45.30 "GET /v2.0/ports?network_id=945cd3f0-8db6-4926-9ffe-487eec0379e6&device_owner=network%3Adhcp HTTP/1.1" status: 200 len: 210 time: 0.0209618
2026-05-30 06:24:27.288 10 INFO neutron.wsgi [req-98c2faeb-b545-4fc4-b86a-ec5c620c1d81 req-147dc959-a17c-4f20-8c2a-c9d27331e83b c8778c66d7644976a19bcfcf035beb3c badad4dc82a74e2788062edc3925de7d - - 5a1a72e7a3ec4b3e8f405893aa045520 5a1a72e7a3ec4b3e8f405893aa045520] 199.204.45.30 "GET /v2.0/networks/945cd3f0-8db6-4926-9ffe-487eec0379e6?fields=segments HTTP/1.1" status: 200 len: 212 time: 0.0663640
2026-05-30 06:24:27.364 10 INFO neutron.wsgi [req-98c2faeb-b545-4fc4-b86a-ec5c620c1d81 req-ac023ccd-aa34-4e7c-8bbe-be955131920d c8778c66d7644976a19bcfcf035beb3c badad4dc82a74e2788062edc3925de7d - - 5a1a72e7a3ec4b3e8f405893aa045520 5a1a72e7a3ec4b3e8f405893aa045520] 199.204.45.30 "GET /v2.0/networks/945cd3f0-8db6-4926-9ffe-487eec0379e6?fields=provider%3Aphysical_network&fields=provider%3Anetwork_type HTTP/1.1" status: 200 len: 277 time: 0.0703475
2026-05-30 06:24:27.432 10 INFO neutron.db.ovn_revision_numbers_db [None req-63e0e90d-16ac-4ee9-8703-71e66a698c84 - - - - - -] Successfully bumped revision number for resource a6750712-3cf2-4e2f-adf5-28a145a3b4b8 (type: ports) to 4
2026-05-30 06:24:27.551 9 INFO neutron.db.ovn_revision_numbers_db [None req-087e8a95-e83e-4c68-b9df-be99f4a5a87f b590d901cc174246991de5da49f60ae7 3a35c88e3d8746328cae0a486cfe647c - - default default] Successfully bumped revision number for resource eccb2d2a-2d81-4811-b58b-6a0dfadfb88d (type: ports) to 2
2026-05-30 06:24:27.581 9 INFO neutron.db.ovn_revision_numbers_db [None req-087e8a95-e83e-4c68-b9df-be99f4a5a87f b590d901cc174246991de5da49f60ae7 3a35c88e3d8746328cae0a486cfe647c - - default default] Successfully bumped revision number for resource d056a2dc-921f-4006-9ff5-02de6bc8f950 (type: subnets) to 0
2026-05-30 06:24:27.597 9 INFO neutron.wsgi [None req-087e8a95-e83e-4c68-b9df-be99f4a5a87f b590d901cc174246991de5da49f60ae7 3a35c88e3d8746328cae0a486cfe647c - - default default] 10.0.0.233 "POST /v2.0/subnets HTTP/1.1" status: 201 len: 801 time: 0.8483419
2026-05-30 06:24:27.606 9 WARNING neutron_lib.context [None req-580bc72b-549d-491d-a917-8c3366b7ecd1 b590d901cc174246991de5da49f60ae7 3a35c88e3d8746328cae0a486cfe647c - - default default] Method 'is_advsvc' is deprecated since 2023.2 release (neutron-lib 3.8.0) and will be removed once support for the old RBAC API policies will be removed from Neutron. Please use method 'is_service_role' instead.
2026-05-30 06:24:27.687 9 INFO neutron.db.segments_db [None req-580bc72b-549d-491d-a917-8c3366b7ecd1 b590d901cc174246991de5da49f60ae7 3a35c88e3d8746328cae0a486cfe647c - - default default] Added segment a7fff084-d26c-4910-ba67-66b3a357f1e2 of type geneve for network 993f3a65-42e6-4150-83e0-4f20280ea8be
2026-05-30 06:24:27.833 9 INFO neutron.db.ovn_revision_numbers_db [None req-580bc72b-549d-491d-a917-8c3366b7ecd1 b590d901cc174246991de5da49f60ae7 3a35c88e3d8746328cae0a486cfe647c - - default default] Successfully bumped revision number for resource 993f3a65-42e6-4150-83e0-4f20280ea8be (type: networks) to 1
2026-05-30 06:24:28.021 9 WARNING neutron.scheduler.dhcp_agent_scheduler [None req-580bc72b-549d-491d-a917-8c3366b7ecd1 b590d901cc174246991de5da49f60ae7 3a35c88e3d8746328cae0a486cfe647c - - default default] No more DHCP agents
2026-05-30 06:24:28.023 9 WARNING neutron.api.rpc.agentnotifiers.dhcp_rpc_agent_api [None req-580bc72b-549d-491d-a917-8c3366b7ecd1 b590d901cc174246991de5da49f60ae7 3a35c88e3d8746328cae0a486cfe647c - - default default] Unable to schedule network 993f3a65-42e6-4150-83e0-4f20280ea8be: no agents available; will retry on subsequent port and subnet creation events.
2026-05-30 06:24:28.109 9 INFO neutron.db.ovn_revision_numbers_db [None req-580bc72b-549d-491d-a917-8c3366b7ecd1 b590d901cc174246991de5da49f60ae7 3a35c88e3d8746328cae0a486cfe647c - - default default] Successfully bumped revision number for resource 263fb927-f3d1-4721-be31-fa9411c20b43 (type: ports) to 1
2026-05-30 06:24:28.131 9 INFO neutron.wsgi [None req-580bc72b-549d-491d-a917-8c3366b7ecd1 b590d901cc174246991de5da49f60ae7 3a35c88e3d8746328cae0a486cfe647c - - default default] 10.0.0.233 "POST /v2.0/networks HTTP/1.1" status: 201 len: 830 time: 0.5298867
2026-05-30 06:24:28.141 9 WARNING neutron_lib.context [None req-afdb4124-55a4-41a9-8d27-91b462cb38f0 b590d901cc174246991de5da49f60ae7 3a35c88e3d8746328cae0a486cfe647c - - default default] Method 'is_advsvc' is deprecated since 2023.2 release (neutron-lib 3.8.0) and will be removed once support for the old RBAC API policies will be removed from Neutron. Please use method 'is_service_role' instead.
2026-05-30 06:24:28.374 9 WARNING neutron.scheduler.dhcp_agent_scheduler [None req-afdb4124-55a4-41a9-8d27-91b462cb38f0 b590d901cc174246991de5da49f60ae7 3a35c88e3d8746328cae0a486cfe647c - - default default] No more DHCP agents
2026-05-30 06:24:28.377 9 WARNING neutron.api.rpc.agentnotifiers.dhcp_rpc_agent_api [None req-afdb4124-55a4-41a9-8d27-91b462cb38f0 b590d901cc174246991de5da49f60ae7 3a35c88e3d8746328cae0a486cfe647c - - default default] Unable to schedule network 993f3a65-42e6-4150-83e0-4f20280ea8be: no agents available; will retry on subsequent port and subnet creation events.
2026-05-30 06:24:28.577 10 INFO neutron.notifiers.nova [-] Nova event matching ['req-d64c8b1c-e155-4405-8e48-b5225168c254'] response: {'server_uuid': 'b965d13e-83f7-4700-a440-9a7f9b52e913', 'name': 'network-vif-plugged', 'status': 'completed', 'tag': 'a6750712-3cf2-4e2f-adf5-28a145a3b4b8', 'code': 200}
2026-05-30 06:24:28.578 10 INFO neutron.notifiers.nova [-] Nova event matching ['req-d64c8b1c-e155-4405-8e48-b5225168c254'] response: {'server_uuid': 'b965d13e-83f7-4700-a440-9a7f9b52e913', 'name': 'network-vif-plugged', 'status': 'completed', 'tag': 'a6750712-3cf2-4e2f-adf5-28a145a3b4b8', 'code': 200}
2026-05-30 06:24:28.852 9 INFO neutron.db.ovn_revision_numbers_db [None req-afdb4124-55a4-41a9-8d27-91b462cb38f0 b590d901cc174246991de5da49f60ae7 3a35c88e3d8746328cae0a486cfe647c - - default default] Successfully bumped revision number for resource 263fb927-f3d1-4721-be31-fa9411c20b43 (type: ports) to 2
2026-05-30 06:24:28.886 9 INFO neutron.db.ovn_revision_numbers_db [None req-afdb4124-55a4-41a9-8d27-91b462cb38f0 b590d901cc174246991de5da49f60ae7 3a35c88e3d8746328cae0a486cfe647c - - default default] Successfully bumped revision number for resource 8e43672b-b79d-493b-ae04-07a38b12a781 (type: subnets) to 0
2026-05-30 06:24:28.902 9 INFO neutron.wsgi [None req-afdb4124-55a4-41a9-8d27-91b462cb38f0 b590d901cc174246991de5da49f60ae7 3a35c88e3d8746328cae0a486cfe647c - - default default] 10.0.0.233 "POST /v2.0/subnets HTTP/1.1" status: 201 len: 804 time: 0.7659447
2026-05-30 06:24:28.914 9 WARNING neutron_lib.context [None req-1b71ef8c-63ec-46bf-82b6-832b6970ef2d b590d901cc174246991de5da49f60ae7 3a35c88e3d8746328cae0a486cfe647c - - default default] Method 'is_advsvc' is deprecated since 2023.2 release (neutron-lib 3.8.0) and will be removed once support for the old RBAC API policies will be removed from Neutron. Please use method 'is_service_role' instead.
2026-05-30 06:24:28.988 9 INFO neutron.db.segments_db [None req-1b71ef8c-63ec-46bf-82b6-832b6970ef2d b590d901cc174246991de5da49f60ae7 3a35c88e3d8746328cae0a486cfe647c - - default default] Added segment 6eeec1a6-fe1a-4684-b5eb-5ad183f2119f of type geneve for network 43650e8a-4815-4656-a686-280e2d05aeaf
2026-05-30 06:24:29.136 9 INFO neutron.db.ovn_revision_numbers_db [None req-1b71ef8c-63ec-46bf-82b6-832b6970ef2d b590d901cc174246991de5da49f60ae7 3a35c88e3d8746328cae0a486cfe647c - - default default] Successfully bumped revision number for resource 43650e8a-4815-4656-a686-280e2d05aeaf (type: networks) to 1
2026-05-30 06:24:29.347 9 WARNING neutron.scheduler.dhcp_agent_scheduler [None req-1b71ef8c-63ec-46bf-82b6-832b6970ef2d b590d901cc174246991de5da49f60ae7 3a35c88e3d8746328cae0a486cfe647c - - default default] No more DHCP agents
2026-05-30 06:24:29.349 9 WARNING neutron.api.rpc.agentnotifiers.dhcp_rpc_agent_api [None req-1b71ef8c-63ec-46bf-82b6-832b6970ef2d b590d901cc174246991de5da49f60ae7 3a35c88e3d8746328cae0a486cfe647c - - default default] Unable to schedule network 43650e8a-4815-4656-a686-280e2d05aeaf: no agents available; will retry on subsequent port and subnet creation events.
2026-05-30 06:24:29.435 9 INFO neutron.db.ovn_revision_numbers_db [None req-1b71ef8c-63ec-46bf-82b6-832b6970ef2d b590d901cc174246991de5da49f60ae7 3a35c88e3d8746328cae0a486cfe647c - - default default] Successfully bumped revision number for resource 8e19160e-ff70-4d87-9444-916153d69a1e (type: ports) to 1
2026-05-30 06:24:29.456 9 INFO neutron.wsgi [None req-1b71ef8c-63ec-46bf-82b6-832b6970ef2d b590d901cc174246991de5da49f60ae7 3a35c88e3d8746328cae0a486cfe647c - - default default] 10.0.0.233 "POST /v2.0/networks HTTP/1.1" status: 201 len: 830 time: 0.5472124
2026-05-30 06:24:29.468 9 WARNING neutron_lib.context [None req-0b6e2e43-b43d-48fd-a385-5cb6d66f09be b590d901cc174246991de5da49f60ae7 3a35c88e3d8746328cae0a486cfe647c - - default default] Method 'is_advsvc' is deprecated since 2023.2 release (neutron-lib 3.8.0) and will be removed once support for the old RBAC API policies will be removed from Neutron. Please use method 'is_service_role' instead. /var/lib/openstack/lib/python3.10/site-packages/pycadf/identifier.py:71: UserWarning: Invalid uuid: neutron. To ensure interoperability, identifiers should be a valid uuid. warnings.warn(('Invalid uuid: %s. To ensure interoperability, '
2026-05-30 06:24:29.595 10 INFO neutron.wsgi [req-56d59c73-d08c-4d5c-b4d7-35e4a2ede313 req-095a77db-c14c-4748-bb26-efdd1990ba86 a184890562914b0f803724249bf9e123 352edd04f8034836b0b476e2133cf3a3 - - default default] 10.0.0.113 "GET /v2.0/ports?device_id=b965d13e-83f7-4700-a440-9a7f9b52e913 HTTP/1.1" status: 200 len: 1400 time: 0.1142972
2026-05-30 06:24:29.643 10 INFO neutron.wsgi [req-56d59c73-d08c-4d5c-b4d7-35e4a2ede313 req-5ff6832f-e6a1-465a-a733-25fcd8c18758 a184890562914b0f803724249bf9e123 352edd04f8034836b0b476e2133cf3a3 - - default default] 10.0.0.113 "GET /v2.0/security-groups?id=04e36e24-e3cd-4a5b-8bee-43a9af330cea&fields=id&fields=name HTTP/1.1" status: 200 len: 310 time: 0.0411434
2026-05-30 06:24:29.787 9 WARNING neutron.scheduler.dhcp_agent_scheduler [None req-0b6e2e43-b43d-48fd-a385-5cb6d66f09be b590d901cc174246991de5da49f60ae7 3a35c88e3d8746328cae0a486cfe647c - - default default] No more DHCP agents
2026-05-30 06:24:29.791 9 WARNING neutron.api.rpc.agentnotifiers.dhcp_rpc_agent_api [None req-0b6e2e43-b43d-48fd-a385-5cb6d66f09be b590d901cc174246991de5da49f60ae7 3a35c88e3d8746328cae0a486cfe647c - - default default] Unable to schedule network 43650e8a-4815-4656-a686-280e2d05aeaf: no agents available; will retry on subsequent port and subnet creation events.
2026-05-30 06:24:29.802 9 INFO neutron.wsgi [None req-12b2f512-6335-4fbf-9eb0-88c4eb46438a a184890562914b0f803724249bf9e123 352edd04f8034836b0b476e2133cf3a3 - - default default] 10.0.0.233 "GET /v2.0/ports?network_id=945cd3f0-8db6-4926-9ffe-487eec0379e6&mac_address=fa%3A16%3A3e%3A62%3Ac3%3Ac9 HTTP/1.1" status: 200 len: 1395 time: 0.1342976
2026-05-30 06:24:29.814 10 WARNING neutron_lib.context [None req-c6e0ccd6-f691-446c-9cfc-322d35d9265c a184890562914b0f803724249bf9e123 352edd04f8034836b0b476e2133cf3a3 - - default default] Method 'is_advsvc' is deprecated since 2023.2 release (neutron-lib 3.8.0) and will be removed once support for the old RBAC API policies will be removed from Neutron. Please use method 'is_service_role' instead.
2026-05-30 06:24:30.104 10 WARNING neutron.scheduler.dhcp_agent_scheduler [None req-c6e0ccd6-f691-446c-9cfc-322d35d9265c a184890562914b0f803724249bf9e123 352edd04f8034836b0b476e2133cf3a3 - - default default] No more DHCP agents
2026-05-30 06:24:30.107 10 WARNING neutron.api.rpc.agentnotifiers.dhcp_rpc_agent_api [None req-c6e0ccd6-f691-446c-9cfc-322d35d9265c a184890562914b0f803724249bf9e123 352edd04f8034836b0b476e2133cf3a3 - - default default] Unable to schedule network 11b4d999-c9b7-4826-92f7-6abe7fd0399f: no agents available; will retry on subsequent port and subnet creation events.
