2026-05-30 06:25:42.754 10 INFO neutron.wsgi [req-b4b1943a-d3be-407a-9db6-5cd1abedbf6c req-359ecd85-06e0-45d5-b28c-a3d581e31045 c8778c66d7644976a19bcfcf035beb3c badad4dc82a74e2788062edc3925de7d - - 5a1a72e7a3ec4b3e8f405893aa045520 5a1a72e7a3ec4b3e8f405893aa045520] 199.204.45.30 "GET /v2.0/ports?device_id=b965d13e-83f7-4700-a440-9a7f9b52e913&fields=binding%3Ahost_id&fields=binding%3Avif_type HTTP/1.1" status: 200 len: 265 time: 0.0467842
2026-05-30 06:25:42.781 9 INFO neutron.wsgi [None req-8eb13ecd-9a78-4c78-9849-fbf6cc8a3c7e fa9ca9eda4724365ad319b81ddc79576 604cbe8fbcb44e7bb365d0755c5a9367 - - default default] 199.204.45.30 "GET /v2.0/ports/8b5eb163-2c8d-457d-ba5b-eae25ba30df0 HTTP/1.1" status: 200 len: 1519 time: 0.0363874
2026-05-30 06:25:42.816 10 INFO neutron.wsgi [req-b4b1943a-d3be-407a-9db6-5cd1abedbf6c req-75e16cf3-19af-4da4-a704-a59b92b1def8 c8778c66d7644976a19bcfcf035beb3c badad4dc82a74e2788062edc3925de7d - - 5a1a72e7a3ec4b3e8f405893aa045520 5a1a72e7a3ec4b3e8f405893aa045520] 199.204.45.30 "GET /v2.0/ports?tenant_id=352edd04f8034836b0b476e2133cf3a3&device_id=b965d13e-83f7-4700-a440-9a7f9b52e913 HTTP/1.1" status: 200 len: 1638 time: 0.0436220
2026-05-30 06:25:42.825 9 INFO neutron.wsgi [None req-0ad448ac-37a0-4ab2-96c9-aeff808f2e9e fa9ca9eda4724365ad319b81ddc79576 604cbe8fbcb44e7bb365d0755c5a9367 - - default default] 199.204.45.30 "GET /v2.0/subnets/91b21c53-0fbe-4422-af98-2853f2b04cf8 HTTP/1.1" status: 200 len: 851 time: 0.0345194
2026-05-30 06:25:42.889 9 INFO neutron.wsgi [None req-d04a3fb7-0f0e-47de-ad9c-79f5fe8af5f6 fa9ca9eda4724365ad319b81ddc79576 604cbe8fbcb44e7bb365d0755c5a9367 - - default default] 199.204.45.30 "GET /v2.0/networks/1f15a16f-d408-4418-8fd4-c84f4cffbc5c HTTP/1.1" status: 200 len: 1002 time: 0.0552125
2026-05-30 06:25:42.914 10 INFO neutron.wsgi [req-b4b1943a-d3be-407a-9db6-5cd1abedbf6c req-3b0a906d-82fd-49eb-b4ff-16d04eca54e8 c8778c66d7644976a19bcfcf035beb3c badad4dc82a74e2788062edc3925de7d - - 5a1a72e7a3ec4b3e8f405893aa045520 5a1a72e7a3ec4b3e8f405893aa045520] 199.204.45.30 "GET /v2.0/networks?id=945cd3f0-8db6-4926-9ffe-487eec0379e6 HTTP/1.1" status: 200 len: 1001 time: 0.0712667
2026-05-30 06:25:42.930 9 INFO neutron.wsgi [None req-5830082f-aab6-44d1-94d6-c832358ec946 fa9ca9eda4724365ad319b81ddc79576 604cbe8fbcb44e7bb365d0755c5a9367 - - default default] 199.204.45.30 "GET /v2.0/ports/39d704c4-9c11-4732-940f-906c5b2371f1 HTTP/1.1" status: 200 len: 1332 time: 0.0340953
2026-05-30 06:25:42.973 9 INFO neutron.wsgi [None req-9e2fb78d-d78e-4647-920e-5bffcd252fe0 fa9ca9eda4724365ad319b81ddc79576 604cbe8fbcb44e7bb365d0755c5a9367 - - default default] 199.204.45.30 "GET /v2.0/subnets/91b21c53-0fbe-4422-af98-2853f2b04cf8 HTTP/1.1" status: 200 len: 851 time: 0.0353501
2026-05-30 06:25:42.999 10 INFO neutron.wsgi [req-b4b1943a-d3be-407a-9db6-5cd1abedbf6c req-03af8cfc-775e-4a8b-97fa-286eb54930fa c8778c66d7644976a19bcfcf035beb3c badad4dc82a74e2788062edc3925de7d - - 5a1a72e7a3ec4b3e8f405893aa045520 5a1a72e7a3ec4b3e8f405893aa045520] 199.204.45.30 "GET /v2.0/floatingips?fixed_ip_address=10.2.2.40&port_id=a6750712-3cf2-4e2f-adf5-28a145a3b4b8 HTTP/1.1" status: 200 len: 1058 time: 0.0783556
2026-05-30 06:25:43.035 10 INFO neutron.wsgi [req-b4b1943a-d3be-407a-9db6-5cd1abedbf6c req-4477ea0a-f8fa-4e9f-b143-6cd3d8d8333f c8778c66d7644976a19bcfcf035beb3c badad4dc82a74e2788062edc3925de7d - - 5a1a72e7a3ec4b3e8f405893aa045520 5a1a72e7a3ec4b3e8f405893aa045520] 199.204.45.30 "GET /v2.0/floatingips?fixed_ip_address=fd77%3A1457%3A4cf0%3A26a8%3A%3A2cd&port_id=a6750712-3cf2-4e2f-adf5-28a145a3b4b8 HTTP/1.1" status: 200 len: 217 time: 0.0283241
2026-05-30 06:25:43.083 10 INFO neutron.wsgi [req-b4b1943a-d3be-407a-9db6-5cd1abedbf6c req-3ff2a21a-b573-4332-807c-875669faee7f c8778c66d7644976a19bcfcf035beb3c badad4dc82a74e2788062edc3925de7d - - 5a1a72e7a3ec4b3e8f405893aa045520 5a1a72e7a3ec4b3e8f405893aa045520] 199.204.45.30 "GET /v2.0/subnets?id=d4b77ced-278a-41fb-b1a9-ec3be5ef15a3&id=eec24609-b58d-4bd0-ae39-f5d489b94ecb HTTP/1.1" status: 200 len: 1566 time: 0.0405743
2026-05-30 06:25:43.112 10 INFO neutron.wsgi [req-b4b1943a-d3be-407a-9db6-5cd1abedbf6c req-8c65ccc5-a047-4ea1-9c9c-b7cfac68c635 c8778c66d7644976a19bcfcf035beb3c badad4dc82a74e2788062edc3925de7d - - 5a1a72e7a3ec4b3e8f405893aa045520 5a1a72e7a3ec4b3e8f405893aa045520] 199.204.45.30 "GET /v2.0/ports?network_id=945cd3f0-8db6-4926-9ffe-487eec0379e6&device_owner=network%3Adhcp HTTP/1.1" status: 200 len: 210 time: 0.0220804
2026-05-30 06:25:43.140 10 INFO neutron.wsgi [req-b4b1943a-d3be-407a-9db6-5cd1abedbf6c req-bdf0fab5-a743-4f00-a0fa-7143c0afc477 c8778c66d7644976a19bcfcf035beb3c badad4dc82a74e2788062edc3925de7d - - 5a1a72e7a3ec4b3e8f405893aa045520 5a1a72e7a3ec4b3e8f405893aa045520] 199.204.45.30 "GET /v2.0/ports?network_id=945cd3f0-8db6-4926-9ffe-487eec0379e6&device_owner=network%3Adhcp HTTP/1.1" status: 200 len: 210 time: 0.0207338
2026-05-30 06:25:43.204 10 INFO neutron.wsgi [req-b4b1943a-d3be-407a-9db6-5cd1abedbf6c req-dcba751f-a048-4841-83de-ae5bc5d0328d c8778c66d7644976a19bcfcf035beb3c badad4dc82a74e2788062edc3925de7d - - 5a1a72e7a3ec4b3e8f405893aa045520 5a1a72e7a3ec4b3e8f405893aa045520] 199.204.45.30 "GET /v2.0/networks/945cd3f0-8db6-4926-9ffe-487eec0379e6?fields=segments HTTP/1.1" status: 200 len: 212 time: 0.0573220
2026-05-30 06:25:43.267 10 WARNING neutron_lib.context [None req-d45c8fec-e871-4cf2-ba8f-283700c6008e 14652cbbbd7842c4961237eb7d54e2c6 e912f73ef7094088bcedca4664a7cd1b - - default default] Method 'is_advsvc' is deprecated since 2023.2 release (neutron-lib 3.8.0) and will be removed once support for the old RBAC API policies will be removed from Neutron. Please use method 'is_service_role' instead.
2026-05-30 06:25:43.301 10 INFO neutron.wsgi [req-b4b1943a-d3be-407a-9db6-5cd1abedbf6c req-336aa43d-7c5a-40ab-a6b3-264adb439ce9 c8778c66d7644976a19bcfcf035beb3c badad4dc82a74e2788062edc3925de7d - - 5a1a72e7a3ec4b3e8f405893aa045520 5a1a72e7a3ec4b3e8f405893aa045520] 199.204.45.30 "GET /v2.0/networks/945cd3f0-8db6-4926-9ffe-487eec0379e6?fields=provider%3Aphysical_network&fields=provider%3Anetwork_type HTTP/1.1" status: 200 len: 277 time: 0.0922084
2026-05-30 06:25:43.433 10 INFO neutron.db.ovn_revision_numbers_db [None req-d45c8fec-e871-4cf2-ba8f-283700c6008e 14652cbbbd7842c4961237eb7d54e2c6 e912f73ef7094088bcedca4664a7cd1b - - default default] Successfully bumped revision number for resource 033fe462-f5ff-4949-bdf2-2d45a487dfa1 (type: security_groups) to 1
2026-05-30 06:25:43.449 10 INFO neutron.db.ovn_revision_numbers_db [None req-d45c8fec-e871-4cf2-ba8f-283700c6008e 14652cbbbd7842c4961237eb7d54e2c6 e912f73ef7094088bcedca4664a7cd1b - - default default] Successfully bumped revision number for resource 6109b0e0-4388-4c16-9887-13430f696f8f (type: security_group_rules) to 0
2026-05-30 06:25:43.470 10 INFO neutron.db.ovn_revision_numbers_db [None req-d45c8fec-e871-4cf2-ba8f-283700c6008e 14652cbbbd7842c4961237eb7d54e2c6 e912f73ef7094088bcedca4664a7cd1b - - default default] Successfully bumped revision number for resource 61edd4f1-30af-4fdb-a95b-bb1286711212 (type: security_group_rules) to 0
2026-05-30 06:25:43.504 10 INFO neutron.db.ovn_revision_numbers_db [None req-d45c8fec-e871-4cf2-ba8f-283700c6008e 14652cbbbd7842c4961237eb7d54e2c6 e912f73ef7094088bcedca4664a7cd1b - - default default] Successfully bumped revision number for resource 7fb01374-74d6-4905-827d-cf28682040f1 (type: security_group_rules) to 0
2026-05-30 06:25:43.520 10 INFO neutron.db.ovn_revision_numbers_db [None req-d45c8fec-e871-4cf2-ba8f-283700c6008e 14652cbbbd7842c4961237eb7d54e2c6 e912f73ef7094088bcedca4664a7cd1b - - default default] Successfully bumped revision number for resource 844959b0-944b-45aa-a3cd-599214650cbd (type: security_group_rules) to 0
2026-05-30 06:25:43.581 10 INFO neutron.db.segments_db [None req-d45c8fec-e871-4cf2-ba8f-283700c6008e 14652cbbbd7842c4961237eb7d54e2c6 e912f73ef7094088bcedca4664a7cd1b - - default default] Added segment 147ebd8c-0217-43c9-b2b5-14b9522a76c4 of type geneve for network 5ef1ba7d-6783-4b44-ad76-5b27b39884fa
2026-05-30 06:25:43.738 10 INFO neutron.db.ovn_revision_numbers_db [None req-d45c8fec-e871-4cf2-ba8f-283700c6008e 14652cbbbd7842c4961237eb7d54e2c6 e912f73ef7094088bcedca4664a7cd1b - - default default] Successfully bumped revision number for resource 5ef1ba7d-6783-4b44-ad76-5b27b39884fa (type: networks) to 1
2026-05-30 06:25:43.917 10 WARNING neutron.scheduler.dhcp_agent_scheduler [None req-d45c8fec-e871-4cf2-ba8f-283700c6008e 14652cbbbd7842c4961237eb7d54e2c6 e912f73ef7094088bcedca4664a7cd1b - - default default] No more DHCP agents
2026-05-30 06:25:43.918 10 WARNING neutron.api.rpc.agentnotifiers.dhcp_rpc_agent_api [None req-d45c8fec-e871-4cf2-ba8f-283700c6008e 14652cbbbd7842c4961237eb7d54e2c6 e912f73ef7094088bcedca4664a7cd1b - - default default] Unable to schedule network 5ef1ba7d-6783-4b44-ad76-5b27b39884fa: no agents available; will retry on subsequent port and subnet creation events.
2026-05-30 06:25:44.005 10 INFO neutron.db.ovn_revision_numbers_db [None req-d45c8fec-e871-4cf2-ba8f-283700c6008e 14652cbbbd7842c4961237eb7d54e2c6 e912f73ef7094088bcedca4664a7cd1b - - default default] Successfully bumped revision number for resource 3ccbac51-70f4-4a8e-a566-01d7288d8410 (type: ports) to 1
2026-05-30 06:25:44.027 10 INFO neutron.wsgi [None req-d45c8fec-e871-4cf2-ba8f-283700c6008e 14652cbbbd7842c4961237eb7d54e2c6 e912f73ef7094088bcedca4664a7cd1b - - default default] 10.0.0.233 "POST /v2.0/networks HTTP/1.1" status: 201 len: 831 time: 0.9086058
2026-05-30 06:25:44.038 10 WARNING neutron_lib.context [None req-f3b5fec2-9003-47b0-ac58-c93c4d7ea00a 14652cbbbd7842c4961237eb7d54e2c6 e912f73ef7094088bcedca4664a7cd1b - - default default] Method 'is_advsvc' is deprecated since 2023.2 release (neutron-lib 3.8.0) and will be removed once support for the old RBAC API policies will be removed from Neutron. Please use method 'is_service_role' instead.
2026-05-30 06:25:44.068 9 INFO neutron.notifiers.nova [-] Nova event matching ['req-135ef060-63d6-48da-a1c6-a8de833b45b4'] response: {'name': 'network-changed', 'server_uuid': '3416107c-6a84-4fa8-8d1b-c331e92e7344', 'tag': '8b5eb163-2c8d-457d-ba5b-eae25ba30df0', 'status': 'completed', 'code': 200}
2026-05-30 06:25:44.152 10 INFO neutron.wsgi [req-4bc41471-78f5-4fff-8217-08a467f27a51 req-93a406e6-0d28-43d0-823f-8427b5866ba1 c8778c66d7644976a19bcfcf035beb3c badad4dc82a74e2788062edc3925de7d - - 5a1a72e7a3ec4b3e8f405893aa045520 5a1a72e7a3ec4b3e8f405893aa045520] 199.204.45.30 "GET /v2.0/ports?tenant_id=604cbe8fbcb44e7bb365d0755c5a9367&device_id=3416107c-6a84-4fa8-8d1b-c331e92e7344 HTTP/1.1" status: 200 len: 2728 time: 0.0599015
2026-05-30 06:25:44.540 10 INFO neutron.wsgi [req-4bc41471-78f5-4fff-8217-08a467f27a51 req-78f4c2ea-efc7-4ae7-9c3e-c04b809282c5 c8778c66d7644976a19bcfcf035beb3c badad4dc82a74e2788062edc3925de7d - - 5a1a72e7a3ec4b3e8f405893aa045520 5a1a72e7a3ec4b3e8f405893aa045520] 199.204.45.30 "GET /v2.0/networks?id=1f15a16f-d408-4418-8fd4-c84f4cffbc5c HTTP/1.1" status: 200 len: 1005 time: 0.3770192
2026-05-30 06:25:44.580 10 INFO neutron.wsgi [req-4bc41471-78f5-4fff-8217-08a467f27a51 req-76ff1ae5-653d-4afd-93b8-ee4ae35a6fb0 c8778c66d7644976a19bcfcf035beb3c badad4dc82a74e2788062edc3925de7d - - 5a1a72e7a3ec4b3e8f405893aa045520 5a1a72e7a3ec4b3e8f405893aa045520] 199.204.45.30 "GET /v2.0/floatingips?fixed_ip_address=10.1.1.125&port_id=8b5eb163-2c8d-457d-ba5b-eae25ba30df0 HTTP/1.1" status: 200 len: 217 time: 0.0349073
2026-05-30 06:25:44.629 10 INFO neutron.wsgi [req-4bc41471-78f5-4fff-8217-08a467f27a51 req-cb64e5f8-7605-4dae-8661-bf62263d6ae3 c8778c66d7644976a19bcfcf035beb3c badad4dc82a74e2788062edc3925de7d - - 5a1a72e7a3ec4b3e8f405893aa045520 5a1a72e7a3ec4b3e8f405893aa045520] 199.204.45.30 "GET /v2.0/subnets?id=91b21c53-0fbe-4422-af98-2853f2b04cf8 HTTP/1.1" status: 200 len: 854 time: 0.0441895
2026-05-30 06:25:44.663 10 INFO neutron.wsgi [req-4bc41471-78f5-4fff-8217-08a467f27a51 req-a85f1523-f412-4269-bd1a-aa4638c79fe4 c8778c66d7644976a19bcfcf035beb3c badad4dc82a74e2788062edc3925de7d - - 5a1a72e7a3ec4b3e8f405893aa045520 5a1a72e7a3ec4b3e8f405893aa045520] 199.204.45.30 "GET /v2.0/ports?network_id=1f15a16f-d408-4418-8fd4-c84f4cffbc5c&device_owner=network%3Adhcp HTTP/1.1" status: 200 len: 210 time: 0.0249603
2026-05-30 06:25:44.719 10 WARNING neutron.scheduler.dhcp_agent_scheduler [None req-f3b5fec2-9003-47b0-ac58-c93c4d7ea00a 14652cbbbd7842c4961237eb7d54e2c6 e912f73ef7094088bcedca4664a7cd1b - - default default] No more DHCP agents
2026-05-30 06:25:44.723 10 WARNING neutron.api.rpc.agentnotifiers.dhcp_rpc_agent_api [None req-f3b5fec2-9003-47b0-ac58-c93c4d7ea00a 14652cbbbd7842c4961237eb7d54e2c6 e912f73ef7094088bcedca4664a7cd1b - - default default] Unable to schedule network 5ef1ba7d-6783-4b44-ad76-5b27b39884fa: no agents available; will retry on subsequent port and subnet creation events.
2026-05-30 06:25:44.762 10 INFO neutron.wsgi [req-4bc41471-78f5-4fff-8217-08a467f27a51 req-ceebbd4c-577d-45d6-a094-b57ffea6d361 c8778c66d7644976a19bcfcf035beb3c badad4dc82a74e2788062edc3925de7d - - 5a1a72e7a3ec4b3e8f405893aa045520 5a1a72e7a3ec4b3e8f405893aa045520] 199.204.45.30 "GET /v2.0/networks/1f15a16f-d408-4418-8fd4-c84f4cffbc5c?fields=segments HTTP/1.1" status: 200 len: 212 time: 0.0905643
2026-05-30 06:25:44.858 10 INFO neutron.wsgi [req-4bc41471-78f5-4fff-8217-08a467f27a51 req-12f970aa-42ce-4417-8075-bc1b8ccdc31c c8778c66d7644976a19bcfcf035beb3c badad4dc82a74e2788062edc3925de7d - - 5a1a72e7a3ec4b3e8f405893aa045520 5a1a72e7a3ec4b3e8f405893aa045520] 199.204.45.30 "GET /v2.0/networks/1f15a16f-d408-4418-8fd4-c84f4cffbc5c?fields=provider%3Aphysical_network&fields=provider%3Anetwork_type HTTP/1.1" status: 200 len: 277 time: 0.0861921
2026-05-30 06:25:45.256 10 INFO neutron.db.ovn_revision_numbers_db [None req-f3b5fec2-9003-47b0-ac58-c93c4d7ea00a 14652cbbbd7842c4961237eb7d54e2c6 e912f73ef7094088bcedca4664a7cd1b - - default default] Successfully bumped revision number for resource 3ccbac51-70f4-4a8e-a566-01d7288d8410 (type: ports) to 2
2026-05-30 06:25:45.293 10 INFO neutron.db.ovn_revision_numbers_db [None req-f3b5fec2-9003-47b0-ac58-c93c4d7ea00a 14652cbbbd7842c4961237eb7d54e2c6 e912f73ef7094088bcedca4664a7cd1b - - default default] Successfully bumped revision number for resource 9a1b5902-842a-4dae-aa64-00263e55e29e (type: subnets) to 0
2026-05-30 06:25:45.312 10 INFO neutron.wsgi [None req-f3b5fec2-9003-47b0-ac58-c93c4d7ea00a 14652cbbbd7842c4961237eb7d54e2c6 e912f73ef7094088bcedca4664a7cd1b - - default default] 10.0.0.233 "POST /v2.0/subnets HTTP/1.1" status: 201 len: 801 time: 1.2797277
2026-05-30 06:25:45.369 10 INFO neutron.wsgi [None req-05db3eec-9caa-40b3-84ad-646955e95956 14652cbbbd7842c4961237eb7d54e2c6 e912f73ef7094088bcedca4664a7cd1b - - default default] 10.0.0.233 "PUT /v2.0/subnets/9a1b5902-842a-4dae-aa64-00263e55e29e/tags HTTP/1.1" status: 200 len: 218 time: 0.0508659
2026-05-30 06:25:45.411 10 INFO neutron.wsgi [None req-ec8d3c53-108a-4ee4-84dc-3df649bd087a 14652cbbbd7842c4961237eb7d54e2c6 e912f73ef7094088bcedca4664a7cd1b - - default default] 10.0.0.233 "GET /v2.0/subnets/9a1b5902-842a-4dae-aa64-00263e55e29e/tags HTTP/1.1" status: 200 len: 218 time: 0.0376596
2026-05-30 06:25:45.488 9 INFO neutron.wsgi [None req-9e164658-0b55-43ae-8b90-4040fba86226 14652cbbbd7842c4961237eb7d54e2c6 e912f73ef7094088bcedca4664a7cd1b - - default default] 10.0.0.233 "PUT /v2.0/subnets/9a1b5902-842a-4dae-aa64-00263e55e29e/tags/green HTTP/1.1" status: 201 len: 201 time: 0.0713630
2026-05-30 06:25:45.537 9 INFO neutron.wsgi [None req-328e241d-5afd-4d06-8a4b-678d3ee91477 14652cbbbd7842c4961237eb7d54e2c6 e912f73ef7094088bcedca4664a7cd1b - - default default] 10.0.0.233 "GET /v2.0/subnets/9a1b5902-842a-4dae-aa64-00263e55e29e/tags HTTP/1.1" status: 200 len: 227 time: 0.0444469
2026-05-30 06:25:45.580 9 INFO neutron.wsgi [None req-21dc009e-5cac-44c9-9407-9f9053c8be4d 14652cbbbd7842c4961237eb7d54e2c6 e912f73ef7094088bcedca4664a7cd1b - - default default] 10.0.0.233 "PUT /v2.0/subnets/9a1b5902-842a-4dae-aa64-00263e55e29e/tags/red HTTP/1.1" status: 201 len: 201 time: 0.0387731
2026-05-30 06:25:45.629 9 INFO neutron.wsgi [None req-abeaea66-584a-4bdc-b8ff-d0ec4829796d 14652cbbbd7842c4961237eb7d54e2c6 e912f73ef7094088bcedca4664a7cd1b - - default default] 10.0.0.233 "GET /v2.0/subnets/9a1b5902-842a-4dae-aa64-00263e55e29e/tags HTTP/1.1" status: 200 len: 227 time: 0.0446985
2026-05-30 06:25:45.696 9 INFO neutron.wsgi [None req-1e4609c0-3315-4b4c-875e-db86a69b73be 14652cbbbd7842c4961237eb7d54e2c6 e912f73ef7094088bcedca4664a7cd1b - - default default] 10.0.0.233 "PUT /v2.0/subnets/9a1b5902-842a-4dae-aa64-00263e55e29e/tags/black.or.white HTTP/1.1" status: 201 len: 201 time: 0.0624850
2026-05-30 06:25:45.747 9 INFO neutron.wsgi [None req-48c7c7fd-a40a-43ae-957a-1b8980cf2ca7 14652cbbbd7842c4961237eb7d54e2c6 e912f73ef7094088bcedca4664a7cd1b - - default default] 10.0.0.233 "GET /v2.0/subnets/9a1b5902-842a-4dae-aa64-00263e55e29e/tags HTTP/1.1" status: 200 len: 245 time: 0.0471611
2026-05-30 06:25:45.804 9 INFO neutron.wsgi [None req-fb251e32-d825-4b9a-876b-209b06af80bd 14652cbbbd7842c4961237eb7d54e2c6 e912f73ef7094088bcedca4664a7cd1b - - default default] 10.0.0.233 "PUT /v2.0/subnets/9a1b5902-842a-4dae-aa64-00263e55e29e/tags HTTP/1.1" status: 200 len: 230 time: 0.0509222
2026-05-30 06:25:45.853 9 INFO neutron.wsgi [None req-c019b3a7-6cc3-4062-aa9c-b886c4cb78be 14652cbbbd7842c4961237eb7d54e2c6 e912f73ef7094088bcedca4664a7cd1b - - default default] 10.0.0.233 "GET /v2.0/subnets/9a1b5902-842a-4dae-aa64-00263e55e29e/tags HTTP/1.1" status: 200 len: 230 time: 0.0449579
2026-05-30 06:25:45.897 9 INFO neutron.wsgi [None req-ba336b88-bdb7-4691-9a45-292446679b35 14652cbbbd7842c4961237eb7d54e2c6 e912f73ef7094088bcedca4664a7cd1b - - default default] 10.0.0.233 "GET /v2.0/subnets/9a1b5902-842a-4dae-aa64-00263e55e29e/tags/red HTTP/1.1" status: 204 len: 168 time: 0.0395129
2026-05-30 06:25:45.947 9 INFO neutron.api.v2.resource [None req-aaeb084f-9e97-46a3-b940-37501d954bee 14652cbbbd7842c4961237eb7d54e2c6 e912f73ef7094088bcedca4664a7cd1b - - default default] show failed (client error): The resource could not be found.
2026-05-30 06:25:45.950 9 INFO neutron.wsgi [None req-aaeb084f-9e97-46a3-b940-37501d954bee 14652cbbbd7842c4961237eb7d54e2c6 e912f73ef7094088bcedca4664a7cd1b - - default default] 10.0.0.233 "GET /v2.0/subnets/9a1b5902-842a-4dae-aa64-00263e55e29e/tags/green HTTP/1.1" status: 404 len: 299 time: 0.0476604
2026-05-30 06:25:46.021 9 INFO neutron.wsgi [None req-42298ffe-c56e-4567-9380-1568abf56c2b 14652cbbbd7842c4961237eb7d54e2c6 e912f73ef7094088bcedca4664a7cd1b - - default default] 10.0.0.233 "DELETE /v2.0/subnets/9a1b5902-842a-4dae-aa64-00263e55e29e/tags/red HTTP/1.1" status: 204 len: 168 time: 0.0656219
2026-05-30 06:25:46.085 9 INFO neutron.wsgi [None req-e449d263-6a6e-4c79-aa90-88a203d6edfe 14652cbbbd7842c4961237eb7d54e2c6 e912f73ef7094088bcedca4664a7cd1b - - default default] 10.0.0.233 "GET /v2.0/subnets/9a1b5902-842a-4dae-aa64-00263e55e29e/tags HTTP/1.1" status: 200 len: 223 time: 0.0572546
2026-05-30 06:25:46.152 10 INFO neutron.api.v2.resource [None req-f621e641-1f2d-4c56-a1b4-2cdb4538aa3a 14652cbbbd7842c4961237eb7d54e2c6 e912f73ef7094088bcedca4664a7cd1b - - default default] delete failed (client error): The resource could not be found.
2026-05-30 06:25:46.153 10 INFO neutron.wsgi [None req-f621e641-1f2d-4c56-a1b4-2cdb4538aa3a 14652cbbbd7842c4961237eb7d54e2c6 e912f73ef7094088bcedca4664a7cd1b - - default default] 10.0.0.233 "DELETE /v2.0/subnets/9a1b5902-842a-4dae-aa64-00263e55e29e/tags/green HTTP/1.1" status: 404 len: 299 time: 0.0614500
2026-05-30 06:25:46.208 10 INFO neutron.wsgi [None req-b388837d-5138-4e1d-8c0d-d8d7ed3fc839 14652cbbbd7842c4961237eb7d54e2c6 e912f73ef7094088bcedca4664a7cd1b - - default default] 10.0.0.233 "DELETE /v2.0/subnets/9a1b5902-842a-4dae-aa64-00263e55e29e/tags HTTP/1.1" status: 204 len: 168 time: 0.0494707
2026-05-30 06:25:46.246 10 INFO neutron.wsgi [None req-f25b3a5f-e708-4141-a26d-e05e1789a5a8 14652cbbbd7842c4961237eb7d54e2c6 e912f73ef7094088bcedca4664a7cd1b - - default default] 10.0.0.233 "GET /v2.0/subnets/9a1b5902-842a-4dae-aa64-00263e55e29e/tags HTTP/1.1" status: 200 len: 205 time: 0.0345218
2026-05-30 06:25:46.485 9 WARNING neutron_lib.context [None req-d07e36d1-13c6-48d6-9846-97f9e6b61858 a184890562914b0f803724249bf9e123 352edd04f8034836b0b476e2133cf3a3 - - default default] Method 'is_advsvc' is deprecated since 2023.2 release (neutron-lib 3.8.0) and will be removed once support for the old RBAC API policies will be removed from Neutron. Please use method 'is_service_role' instead.
2026-05-30 06:25:46.486 10 INFO neutron.wsgi [None req-f32b02bd-c3a6-4fc6-ab57-897789cafe59 14652cbbbd7842c4961237eb7d54e2c6 e912f73ef7094088bcedca4664a7cd1b - - default default] 10.0.0.233 "DELETE /v2.0/subnets/9a1b5902-842a-4dae-aa64-00263e55e29e HTTP/1.1" status: 204 len: 168 time: 0.2255690
2026-05-30 06:25:46.759 9 WARNING neutron.scheduler.dhcp_agent_scheduler [None req-d07e36d1-13c6-48d6-9846-97f9e6b61858 a184890562914b0f803724249bf9e123 352edd04f8034836b0b476e2133cf3a3 - - default default] No more DHCP agents
2026-05-30 06:25:46.763 9 WARNING neutron.api.rpc.agentnotifiers.dhcp_rpc_agent_api [None req-d07e36d1-13c6-48d6-9846-97f9e6b61858 a184890562914b0f803724249bf9e123 352edd04f8034836b0b476e2133cf3a3 - - default default] Unable to schedule network 11b4d999-c9b7-4826-92f7-6abe7fd0399f: no agents available; will retry on subsequent port and subnet creation events.
2026-05-30 06:25:46.847 10 INFO neutron.services.segments.plugin [-] Segment 147ebd8c-0217-43c9-b2b5-14b9522a76c4 resource provider aggregate not found
2026-05-30 06:25:46.851 10 INFO neutron.services.segments.plugin [-] Segment 147ebd8c-0217-43c9-b2b5-14b9522a76c4 resource provider aggregate not found
2026-05-30 06:25:46.870 10 INFO neutron.services.segments.plugin [-] Segment 147ebd8c-0217-43c9-b2b5-14b9522a76c4 resource provider not found; error: Placement Client Error (4xx): {"errors": [{"status": 404, "title": "Not Found", "detail": "The resource could not be found.\n\n No resource provider with uuid 147ebd8c-0217-43c9-b2b5-14b9522a76c4 found for delete ", "request_id": "req-bcb397bf-c635-4e75-a08b-589411ed5020"}]}
2026-05-30 06:25:46.873 10 INFO neutron.services.segments.plugin [-] Segment 147ebd8c-0217-43c9-b2b5-14b9522a76c4 resource provider not found; error: Placement Client Error (4xx): {"errors": [{"status": 404, "title": "Not Found", "detail": "The resource could not be found.\n\n No resource provider with uuid 147ebd8c-0217-43c9-b2b5-14b9522a76c4 found for delete ", "request_id": "req-a95cc46f-f67a-48c7-b52e-fe3c55854aaa"}]}
2026-05-30 06:25:46.887 10 INFO neutron.wsgi [None req-34656035-22f9-48f9-8f27-b30f474ec4ac 14652cbbbd7842c4961237eb7d54e2c6 e912f73ef7094088bcedca4664a7cd1b - - default default] 10.0.0.233 "DELETE /v2.0/networks/5ef1ba7d-6783-4b44-ad76-5b27b39884fa HTTP/1.1" status: 204 len: 168 time: 0.3975794
2026-05-30 06:25:47.383 9 INFO neutron.db.l3_db [None req-d07e36d1-13c6-48d6-9846-97f9e6b61858 a184890562914b0f803724249bf9e123 352edd04f8034836b0b476e2133cf3a3 - - default default] Floating IP 4c3366c0-5fd2-4b46-ba0f-3a8e70754709 associated. External IP: 10.96.250.201, port: 39d704c4-9c11-4732-940f-906c5b2371f1.
2026-05-30 06:25:47.603 9 INFO neutron.db.ovn_revision_numbers_db [None req-d07e36d1-13c6-48d6-9846-97f9e6b61858 a184890562914b0f803724249bf9e123 352edd04f8034836b0b476e2133cf3a3 - - default default] Successfully bumped revision number for resource 4c3366c0-5fd2-4b46-ba0f-3a8e70754709 (type: floatingips) to 0 /var/lib/openstack/lib/python3.10/site-packages/pycadf/identifier.py:71: UserWarning: Invalid uuid: neutron. To ensure interoperability, identifiers should be a valid uuid. warnings.warn(('Invalid uuid: %s. To ensure interoperability, '
2026-05-30 06:25:47.736 9 INFO neutron.db.ovn_revision_numbers_db [None req-d07e36d1-13c6-48d6-9846-97f9e6b61858 a184890562914b0f803724249bf9e123 352edd04f8034836b0b476e2133cf3a3 - - default default] Successfully bumped revision number for resource 4c3366c0-5fd2-4b46-ba0f-3a8e70754709 (type: floatingips) to 1
2026-05-30 06:25:47.772 9 INFO neutron.wsgi [None req-d07e36d1-13c6-48d6-9846-97f9e6b61858 a184890562914b0f803724249bf9e123 352edd04f8034836b0b476e2133cf3a3 - - default default] 10.0.0.233 "POST /v2.0/floatingips HTTP/1.1" status: 201 len: 1098 time: 1.2957842
2026-05-30 06:25:47.795 10 INFO neutron.db.ovn_revision_numbers_db [None req-ccbebece-62a4-47ed-8c41-fb59b7653121 fa9ca9eda4724365ad319b81ddc79576 604cbe8fbcb44e7bb365d0755c5a9367 - - default default] Successfully bumped revision number for resource d0714e7d-db7e-4fe8-8475-75a49f15e544 (type: security_groups) to 1
2026-05-30 06:25:47.807 10 INFO neutron.db.ovn_revision_numbers_db [None req-ccbebece-62a4-47ed-8c41-fb59b7653121 fa9ca9eda4724365ad319b81ddc79576 604cbe8fbcb44e7bb365d0755c5a9367 - - default default] Successfully bumped revision number for resource 2fab2beb-d4f1-4b37-a31d-4eb9e44a7141 (type: security_group_rules) to 0
2026-05-30 06:25:47.820 10 INFO neutron.db.ovn_revision_numbers_db [None req-ccbebece-62a4-47ed-8c41-fb59b7653121 fa9ca9eda4724365ad319b81ddc79576 604cbe8fbcb44e7bb365d0755c5a9367 - - default default] Successfully bumped revision number for resource 5a9a81e6-3792-4f3f-babe-b0a8ab67b609 (type: security_group_rules) to 0
2026-05-30 06:25:47.841 10 INFO neutron.db.ovn_revision_numbers_db [None req-ccbebece-62a4-47ed-8c41-fb59b7653121 fa9ca9eda4724365ad319b81ddc79576 604cbe8fbcb44e7bb365d0755c5a9367 - - default default] Successfully bumped revision number for resource 722fec2b-c2ac-42cf-86f4-135c23e2c2e1 (type: security_group_rules) to 0
2026-05-30 06:25:47.856 10 INFO neutron.db.ovn_revision_numbers_db [None req-ccbebece-62a4-47ed-8c41-fb59b7653121 fa9ca9eda4724365ad319b81ddc79576 604cbe8fbcb44e7bb365d0755c5a9367 - - default default] Successfully bumped revision number for resource 7cee10f9-f296-48c5-8bb3-0c1ef1e9b26a (type: security_group_rules) to 0
2026-05-30 06:25:47.877 10 INFO neutron.wsgi [None req-ccbebece-62a4-47ed-8c41-fb59b7653121 fa9ca9eda4724365ad319b81ddc79576 604cbe8fbcb44e7bb365d0755c5a9367 - - default default] 10.0.0.233 "GET /v2.0/security-groups?tenant_id=e21c2d0897d54edca68397b9d2a78447&name=default HTTP/1.1" status: 200 len: 3000 time: 0.2917461
2026-05-30 06:25:48.079 10 INFO neutron.wsgi [None req-690f08e0-4dd6-4810-899a-544c7d030868 fa9ca9eda4724365ad319b81ddc79576 604cbe8fbcb44e7bb365d0755c5a9367 - - default default] 10.0.0.233 "DELETE /v2.0/security-groups/d0714e7d-db7e-4fe8-8475-75a49f15e544 HTTP/1.1" status: 204 len: 168 time: 0.1970003
2026-05-30 06:25:48.212 9 INFO neutron.wsgi [None req-62dca874-d764-4699-ad78-17248fc7e17a fa9ca9eda4724365ad319b81ddc79576 604cbe8fbcb44e7bb365d0755c5a9367 - - default default] 10.0.0.233 "GET /v2.0/security-groups?tenant_id=e912f73ef7094088bcedca4664a7cd1b&name=default HTTP/1.1" status: 200 len: 3000 time: 0.0372267
2026-05-30 06:25:48.407 9 INFO neutron.wsgi [None req-d3ee66a1-3fb2-4e50-8865-523386b9580a fa9ca9eda4724365ad319b81ddc79576 604cbe8fbcb44e7bb365d0755c5a9367 - - default default] 10.0.0.233 "DELETE /v2.0/security-groups/033fe462-f5ff-4949-bdf2-2d45a487dfa1 HTTP/1.1" status: 204 len: 168 time: 0.1910543
2026-05-30 06:25:51.230 9 INFO neutron.db.ovn_revision_numbers_db [None req-022736b0-6da0-4409-a671-edd2feb8e77f - - - - - -] Successfully bumped revision number for resource 39d704c4-9c11-4732-940f-906c5b2371f1 (type: ports) to 4
2026-05-30 06:25:52.120 10 INFO neutron.wsgi [None req-b59b5f00-3e64-4651-a9c9-691cb5aa301f fa9ca9eda4724365ad319b81ddc79576 604cbe8fbcb44e7bb365d0755c5a9367 - - default default] 199.204.45.30 "GET /v2.0/extensions/security-group HTTP/1.1" status: 200 len: 369 time: 0.1868534
2026-05-30 06:25:52.135 10 INFO neutron.wsgi [None req-e3e074b2-fa63-4d2b-88c2-7538b29a5da1 fa9ca9eda4724365ad319b81ddc79576 604cbe8fbcb44e7bb365d0755c5a9367 - - default default] 199.204.45.30 "GET /v2.0/extensions/dns-integration HTTP/1.1" status: 200 len: 371 time: 0.0082929
2026-05-30 06:25:52.145 10 INFO neutron.wsgi [None req-7422776f-f7e8-4215-a3d9-42ec6a64a987 fa9ca9eda4724365ad319b81ddc79576 604cbe8fbcb44e7bb365d0755c5a9367 - - default default] 199.204.45.30 "GET /v2.0/extensions/qos HTTP/1.1" status: 200 len: 365 time: 0.0059409
2026-05-30 06:25:52.155 10 INFO neutron.wsgi [None req-db1cc26d-4a61-4455-a006-a28c88bdf51e fa9ca9eda4724365ad319b81ddc79576 604cbe8fbcb44e7bb365d0755c5a9367 - - default default] 199.204.45.30 "GET /v2.0/extensions/allowed-address-pairs HTTP/1.1" status: 200 len: 383 time: 0.0056877
2026-05-30 06:25:52.275 10 INFO neutron.api.v2.resource [None req-8629beeb-211c-4eb7-9256-29763e9f1ee1 fa9ca9eda4724365ad319b81ddc79576 604cbe8fbcb44e7bb365d0755c5a9367 - - default default] show failed (client error): The resource could not be found.
2026-05-30 06:25:52.276 10 INFO neutron.wsgi [None req-8629beeb-211c-4eb7-9256-29763e9f1ee1 fa9ca9eda4724365ad319b81ddc79576 604cbe8fbcb44e7bb365d0755c5a9367 - - default default] 199.204.45.30 "GET /v2.0/security-groups/lb-599ac917-a14e-40ec-930f-2351fd4341f8 HTTP/1.1" status: 404 len: 355 time: 0.0141840
2026-05-30 06:25:52.350 10 INFO neutron.wsgi [None req-b9e08ab7-9fde-4464-9c9e-5a32b3d4caf9 fa9ca9eda4724365ad319b81ddc79576 604cbe8fbcb44e7bb365d0755c5a9367 - - default default] 199.204.45.30 "GET /v2.0/security-groups?name=lb-599ac917-a14e-40ec-930f-2351fd4341f8 HTTP/1.1" status: 200 len: 1775 time: 0.0695930
2026-05-30 06:25:52.391 10 INFO neutron.wsgi [None req-814c21f2-6a13-405a-a7df-422b7418f6cc fa9ca9eda4724365ad319b81ddc79576 604cbe8fbcb44e7bb365d0755c5a9367 - - default default] 199.204.45.30 "GET /v2.0/security-group-rules?security_group_id=0c3d0cf4-f4c2-4770-92a8-461b41040a3e HTTP/1.1" status: 200 len: 1318 time: 0.0333028
2026-05-30 06:25:52.513 10 INFO neutron.db.ovn_revision_numbers_db [None req-e6eeb649-493f-4871-a1a5-f90591cdb99e fa9ca9eda4724365ad319b81ddc79576 604cbe8fbcb44e7bb365d0755c5a9367 - - default default] Successfully bumped revision number for resource b13ff841-30f2-491d-95a6-27a6453fd791 (type: security_group_rules) to 0
2026-05-30 06:25:52.538 10 INFO neutron.wsgi [None req-e6eeb649-493f-4871-a1a5-f90591cdb99e fa9ca9eda4724365ad319b81ddc79576 604cbe8fbcb44e7bb365d0755c5a9367 - - default default] 199.204.45.30 "POST /v2.0/security-group-rules HTTP/1.1" status: 201 len: 769 time: 0.1388025
2026-05-30 06:25:52.674 10 INFO neutron.db.ovn_revision_numbers_db [None req-c920d7fc-6651-4f07-8178-cdb1408c675c fa9ca9eda4724365ad319b81ddc79576 604cbe8fbcb44e7bb365d0755c5a9367 - - default default] Successfully bumped revision number for resource 240661d5-d23b-4f80-9c15-f1be1fd2a933 (type: security_group_rules) to 0
2026-05-30 06:25:52.704 10 INFO neutron.wsgi [None req-c920d7fc-6651-4f07-8178-cdb1408c675c fa9ca9eda4724365ad319b81ddc79576 604cbe8fbcb44e7bb365d0755c5a9367 - - default default] 199.204.45.30 "POST /v2.0/security-group-rules HTTP/1.1" status: 201 len: 773 time: 0.1572287
2026-05-30 06:25:55.662 10 INFO neutron.wsgi [-] 10.0.0.111 "GET / HTTP/1.1" status: 200 len: 247 time: 0.0021732
2026-05-30 06:25:55.663 9 INFO neutron.wsgi [-] 10.0.0.111 "GET / HTTP/1.1" status: 200 len: 247 time: 0.0027108
2026-05-30 06:25:59.419 10 INFO neutron.wsgi [None req-84afdab5-ef49-42c1-ad49-833f5087d1e5 fa9ca9eda4724365ad319b81ddc79576 604cbe8fbcb44e7bb365d0755c5a9367 - - default default] 10.0.0.141 "GET /v2.0/extensions/security-group HTTP/1.1" status: 200 len: 369 time: 0.0516670
2026-05-30 06:25:59.438 10 INFO neutron.wsgi [None req-b3125f32-a82b-4f91-ba87-8a554b2a7c80 fa9ca9eda4724365ad319b81ddc79576 604cbe8fbcb44e7bb365d0755c5a9367 - - default default] 10.0.0.141 "GET /v2.0/extensions/dns-integration HTTP/1.1" status: 200 len: 371 time: 0.0084820
2026-05-30 06:25:59.454 10 INFO neutron.wsgi [None req-a91b4eb3-0fac-4f19-963b-12be35c55ec9 fa9ca9eda4724365ad319b81ddc79576 604cbe8fbcb44e7bb365d0755c5a9367 - - default default] 10.0.0.141 "GET /v2.0/extensions/qos HTTP/1.1" status: 200 len: 365 time: 0.0083909
2026-05-30 06:25:59.466 10 INFO neutron.wsgi [None req-a5f51e09-73cc-4504-9719-e288bc140062 fa9ca9eda4724365ad319b81ddc79576 604cbe8fbcb44e7bb365d0755c5a9367 - - default default] 10.0.0.141 "GET /v2.0/extensions/allowed-address-pairs HTTP/1.1" status: 200 len: 383 time: 0.0059292
2026-05-30 06:26:00.022 10 INFO neutron.wsgi [-] 10.0.0.141 "GET / HTTP/1.1" status: 200 len: 284 time: 0.0030859
2026-05-30 06:26:00.085 10 INFO neutron.wsgi [None req-0c1cd714-1685-4f97-bfdd-587fe41b397c a184890562914b0f803724249bf9e123 352edd04f8034836b0b476e2133cf3a3 - - default default] 10.0.0.141 "GET /v2.0/subnets/7662c103-6d19-4073-aaa4-1cd4901d8d67 HTTP/1.1" status: 200 len: 830 time: 0.0430741
2026-05-30 06:26:00.946 9 INFO neutron.wsgi [None req-7a8be72f-c2bc-41f9-b546-035e6ddc12b3 fa9ca9eda4724365ad319b81ddc79576 604cbe8fbcb44e7bb365d0755c5a9367 - - default default] 199.204.45.30 "GET /v2.0/extensions/security-group HTTP/1.1" status: 200 len: 369 time: 0.0087748
2026-05-30 06:26:00.956 9 INFO neutron.wsgi [None req-ac37dabe-b65e-494a-82be-2b7e6e81b512 fa9ca9eda4724365ad319b81ddc79576 604cbe8fbcb44e7bb365d0755c5a9367 - - default default] 199.204.45.30 "GET /v2.0/extensions/dns-integration HTTP/1.1" status: 200 len: 371 time: 0.0039067
2026-05-30 06:26:00.964 9 INFO neutron.wsgi [None req-09dfda66-61ee-4b30-927d-e350839ac2d7 fa9ca9eda4724365ad319b81ddc79576 604cbe8fbcb44e7bb365d0755c5a9367 - - default default] 199.204.45.30 "GET /v2.0/extensions/qos HTTP/1.1" status: 200 len: 365 time: 0.0042474
2026-05-30 06:26:00.974 9 INFO neutron.wsgi [None req-b9088ac9-904c-4321-bfdd-0f3eabb1aed4 fa9ca9eda4724365ad319b81ddc79576 604cbe8fbcb44e7bb365d0755c5a9367 - - default default] 199.204.45.30 "GET /v2.0/extensions/allowed-address-pairs HTTP/1.1" status: 200 len: 383 time: 0.0048919
2026-05-30 06:26:01.014 9 INFO neutron.wsgi [None req-4041b45e-4b7a-409f-aadd-9ba31e83f226 fa9ca9eda4724365ad319b81ddc79576 604cbe8fbcb44e7bb365d0755c5a9367 - - default default] 199.204.45.30 "GET /v2.0/subnets/7662c103-6d19-4073-aaa4-1cd4901d8d67 HTTP/1.1" status: 200 len: 848 time: 0.0333624
2026-05-30 06:26:01.059 9 INFO neutron.wsgi [None req-016cbcf9-0105-42b7-b2e4-c07f8c090740 fa9ca9eda4724365ad319b81ddc79576 604cbe8fbcb44e7bb365d0755c5a9367 - - default default] 199.204.45.30 "GET /v2.0/ports?device_id=3416107c-6a84-4fa8-8d1b-c331e92e7344 HTTP/1.1" status: 200 len: 2728 time: 0.0383265
2026-05-30 06:26:01.213 9 INFO neutron.wsgi [None req-a613cbca-9db8-4cfa-b9da-c26c37bbd732 fa9ca9eda4724365ad319b81ddc79576 604cbe8fbcb44e7bb365d0755c5a9367 - - default default] 199.204.45.30 "GET /v2.0/extensions/security-group HTTP/1.1" status: 200 len: 369 time: 0.0054448
2026-05-30 06:26:01.227 9 INFO neutron.wsgi [None req-f8e09fb6-a574-4039-baa0-4155c2dccd62 fa9ca9eda4724365ad319b81ddc79576 604cbe8fbcb44e7bb365d0755c5a9367 - - default default] 199.204.45.30 "GET /v2.0/extensions/dns-integration HTTP/1.1" status: 200 len: 371 time: 0.0096703
2026-05-30 06:26:01.248 9 INFO neutron.wsgi [None req-366ebd63-1ef6-4744-9415-f4bc652a967d fa9ca9eda4724365ad319b81ddc79576 604cbe8fbcb44e7bb365d0755c5a9367 - - default default] 199.204.45.30 "GET /v2.0/extensions/qos HTTP/1.1" status: 200 len: 365 time: 0.0136073
2026-05-30 06:26:01.259 9 INFO neutron.wsgi [None req-028dcebb-7b56-4e06-9aaf-f623ad2fd2db fa9ca9eda4724365ad319b81ddc79576 604cbe8fbcb44e7bb365d0755c5a9367 - - default default] 199.204.45.30 "GET /v2.0/extensions/allowed-address-pairs HTTP/1.1" status: 200 len: 383 time: 0.0054402
2026-05-30 06:26:01.447 10 INFO neutron.wsgi [req-0e67072e-cd68-4ec3-9852-fb9f6e728474 req-896b2d02-b468-4ca8-b696-a422dbc822d1 c8778c66d7644976a19bcfcf035beb3c badad4dc82a74e2788062edc3925de7d - - 5a1a72e7a3ec4b3e8f405893aa045520 5a1a72e7a3ec4b3e8f405893aa045520] 199.204.45.30 "GET /v2.0/networks/6f903608-6d0f-40c3-bb61-38ea0c99e995?fields=segments HTTP/1.1" status: 200 len: 212 time: 0.0654714
2026-05-30 06:26:01.511 10 INFO neutron.wsgi [req-0e67072e-cd68-4ec3-9852-fb9f6e728474 req-7813be15-0180-4535-9775-3a8f25ddb84d c8778c66d7644976a19bcfcf035beb3c badad4dc82a74e2788062edc3925de7d - - 5a1a72e7a3ec4b3e8f405893aa045520 5a1a72e7a3ec4b3e8f405893aa045520] 199.204.45.30 "GET /v2.0/networks/6f903608-6d0f-40c3-bb61-38ea0c99e995?fields=provider%3Aphysical_network&fields=provider%3Anetwork_type HTTP/1.1" status: 200 len: 277 time: 0.0589862
2026-05-30 06:26:01.596 10 INFO neutron.wsgi [req-0e67072e-cd68-4ec3-9852-fb9f6e728474 req-b3193e03-d4de-4eb9-aaf1-9d6ae2885f9e fa9ca9eda4724365ad319b81ddc79576 604cbe8fbcb44e7bb365d0755c5a9367 - - default default] 199.204.45.30 "GET /v2.0/networks?id=6f903608-6d0f-40c3-bb61-38ea0c99e995 HTTP/1.1" status: 200 len: 1002 time: 0.0676949
2026-05-30 06:26:01.889 10 WARNING neutron.scheduler.dhcp_agent_scheduler [req-0e67072e-cd68-4ec3-9852-fb9f6e728474 req-90c1a348-ff43-418b-874c-d43998579212 fa9ca9eda4724365ad319b81ddc79576 604cbe8fbcb44e7bb365d0755c5a9367 - - default default] No more DHCP agents
2026-05-30 06:26:01.891 10 WARNING neutron.api.rpc.agentnotifiers.dhcp_rpc_agent_api [req-0e67072e-cd68-4ec3-9852-fb9f6e728474 req-90c1a348-ff43-418b-874c-d43998579212 fa9ca9eda4724365ad319b81ddc79576 604cbe8fbcb44e7bb365d0755c5a9367 - - default default] Unable to schedule network 6f903608-6d0f-40c3-bb61-38ea0c99e995: no agents available; will retry on subsequent port and subnet creation events.
2026-05-30 06:26:02.043 10 INFO neutron.db.ovn_revision_numbers_db [req-0e67072e-cd68-4ec3-9852-fb9f6e728474 req-90c1a348-ff43-418b-874c-d43998579212 fa9ca9eda4724365ad319b81ddc79576 604cbe8fbcb44e7bb365d0755c5a9367 - - default default] Successfully bumped revision number for resource 2310afcd-f478-4a7b-85e1-73a0f2af108a (type: ports) to 1
2026-05-30 06:26:02.067 10 INFO neutron.wsgi [req-0e67072e-cd68-4ec3-9852-fb9f6e728474 req-90c1a348-ff43-418b-874c-d43998579212 fa9ca9eda4724365ad319b81ddc79576 604cbe8fbcb44e7bb365d0755c5a9367 - - default default] 199.204.45.30 "POST /v2.0/ports HTTP/1.1" status: 201 len: 1508 time: 0.4667521 /var/lib/openstack/lib/python3.10/site-packages/pycadf/identifier.py:71: UserWarning: Invalid uuid: neutron. To ensure interoperability, identifiers should be a valid uuid. warnings.warn(('Invalid uuid: %s. To ensure interoperability, '
2026-05-30 06:26:02.522 10 INFO neutron.db.ovn_revision_numbers_db [req-0e67072e-cd68-4ec3-9852-fb9f6e728474 req-de993071-b55b-4061-85ec-749ee20cdb26 c8778c66d7644976a19bcfcf035beb3c badad4dc82a74e2788062edc3925de7d - - 5a1a72e7a3ec4b3e8f405893aa045520 5a1a72e7a3ec4b3e8f405893aa045520] Successfully bumped revision number for resource 2310afcd-f478-4a7b-85e1-73a0f2af108a (type: ports) to 2
2026-05-30 06:26:02.732 10 INFO neutron.db.ovn_revision_numbers_db [req-0e67072e-cd68-4ec3-9852-fb9f6e728474 req-de993071-b55b-4061-85ec-749ee20cdb26 c8778c66d7644976a19bcfcf035beb3c badad4dc82a74e2788062edc3925de7d - - 5a1a72e7a3ec4b3e8f405893aa045520 5a1a72e7a3ec4b3e8f405893aa045520] Successfully bumped revision number for resource 2310afcd-f478-4a7b-85e1-73a0f2af108a (type: ports) to 2
2026-05-30 06:26:02.751 10 INFO neutron.wsgi [req-0e67072e-cd68-4ec3-9852-fb9f6e728474 req-de993071-b55b-4061-85ec-749ee20cdb26 c8778c66d7644976a19bcfcf035beb3c badad4dc82a74e2788062edc3925de7d - - 5a1a72e7a3ec4b3e8f405893aa045520 5a1a72e7a3ec4b3e8f405893aa045520] 199.204.45.30 "PUT /v2.0/ports/2310afcd-f478-4a7b-85e1-73a0f2af108a HTTP/1.1" status: 200 len: 1605 time: 0.6770201
2026-05-30 06:26:02.784 10 INFO neutron.notifiers.nova [-] Nova event matching ['req-2c694865-5592-4038-9319-cde2d4959de7'] response: {'name': 'network-changed', 'server_uuid': '3416107c-6a84-4fa8-8d1b-c331e92e7344', 'tag': '2310afcd-f478-4a7b-85e1-73a0f2af108a', 'status': 'completed', 'code': 200} /var/lib/openstack/lib/python3.10/site-packages/pycadf/identifier.py:71: UserWarning: Invalid uuid: neutron. To ensure interoperability, identifiers should be a valid uuid. warnings.warn(('Invalid uuid: %s. To ensure interoperability, '
2026-05-30 06:26:02.830 10 INFO neutron.wsgi [req-0e67072e-cd68-4ec3-9852-fb9f6e728474 req-7ca19cdf-0442-49d6-84ae-edd140913ae5 c8778c66d7644976a19bcfcf035beb3c badad4dc82a74e2788062edc3925de7d - - 5a1a72e7a3ec4b3e8f405893aa045520 5a1a72e7a3ec4b3e8f405893aa045520] 199.204.45.30 "GET /v2.0/ports?tenant_id=604cbe8fbcb44e7bb365d0755c5a9367&device_id=3416107c-6a84-4fa8-8d1b-c331e92e7344 HTTP/1.1" status: 200 len: 4153 time: 0.0450351
2026-05-30 06:26:02.863 10 INFO neutron.wsgi [req-0e67072e-cd68-4ec3-9852-fb9f6e728474 req-bb4c41e7-998b-4566-ba82-6138d94281d4 c8778c66d7644976a19bcfcf035beb3c badad4dc82a74e2788062edc3925de7d - - 5a1a72e7a3ec4b3e8f405893aa045520 5a1a72e7a3ec4b3e8f405893aa045520] 199.204.45.30 "GET /v2.0/floatingips?fixed_ip_address=172.24.0.141&port_id=c98ba219-1f53-452a-8776-7a55aa61d589 HTTP/1.1" status: 200 len: 217 time: 0.0257630
2026-05-30 06:26:02.902 10 INFO neutron.wsgi [req-0e67072e-cd68-4ec3-9852-fb9f6e728474 req-b051342c-6365-4b3e-bed9-afc55fdaf1fc c8778c66d7644976a19bcfcf035beb3c badad4dc82a74e2788062edc3925de7d - - 5a1a72e7a3ec4b3e8f405893aa045520 5a1a72e7a3ec4b3e8f405893aa045520] 199.204.45.30 "GET /v2.0/subnets?id=eae025c5-9270-4e3d-a640-39fab496633d HTTP/1.1" status: 200 len: 829 time: 0.0335577
2026-05-30 06:26:02.932 10 INFO neutron.wsgi [req-0e67072e-cd68-4ec3-9852-fb9f6e728474 req-691d2d86-5e29-48e1-9bf9-a6e873c96081 c8778c66d7644976a19bcfcf035beb3c badad4dc82a74e2788062edc3925de7d - - 5a1a72e7a3ec4b3e8f405893aa045520 5a1a72e7a3ec4b3e8f405893aa045520] 199.204.45.30 "GET /v2.0/ports?network_id=70ff779c-0329-403f-8820-92d7c1c92de9&device_owner=network%3Adhcp HTTP/1.1" status: 200 len: 210 time: 0.0233607
2026-05-30 06:26:02.999 10 INFO neutron.wsgi [req-0e67072e-cd68-4ec3-9852-fb9f6e728474 req-ca804368-5c99-4202-a666-6206f4c77974 c8778c66d7644976a19bcfcf035beb3c badad4dc82a74e2788062edc3925de7d - - 5a1a72e7a3ec4b3e8f405893aa045520 5a1a72e7a3ec4b3e8f405893aa045520] 199.204.45.30 "GET /v2.0/networks/70ff779c-0329-403f-8820-92d7c1c92de9?fields=segments HTTP/1.1" status: 200 len: 212 time: 0.0600288
2026-05-30 06:26:03.067 10 INFO neutron.wsgi [req-0e67072e-cd68-4ec3-9852-fb9f6e728474 req-8a41bc2c-9022-4f03-ab0c-f4dd0a10c5f7 c8778c66d7644976a19bcfcf035beb3c badad4dc82a74e2788062edc3925de7d - - 5a1a72e7a3ec4b3e8f405893aa045520 5a1a72e7a3ec4b3e8f405893aa045520] 199.204.45.30 "GET /v2.0/networks/70ff779c-0329-403f-8820-92d7c1c92de9?fields=provider%3Aphysical_network&fields=provider%3Anetwork_type HTTP/1.1" status: 200 len: 277 time: 0.0624251
2026-05-30 06:26:03.098 10 INFO neutron.wsgi [req-0e67072e-cd68-4ec3-9852-fb9f6e728474 req-efc6999e-1a25-4af3-b6a1-490050099a72 c8778c66d7644976a19bcfcf035beb3c badad4dc82a74e2788062edc3925de7d - - 5a1a72e7a3ec4b3e8f405893aa045520 5a1a72e7a3ec4b3e8f405893aa045520] 199.204.45.30 "GET /v2.0/floatingips?fixed_ip_address=10.1.1.125&port_id=8b5eb163-2c8d-457d-ba5b-eae25ba30df0 HTTP/1.1" status: 200 len: 217 time: 0.0250001
2026-05-30 06:26:03.137 10 INFO neutron.wsgi [req-0e67072e-cd68-4ec3-9852-fb9f6e728474 req-3ed2d62b-ac2e-41ad-9f2b-ea263be2789a c8778c66d7644976a19bcfcf035beb3c badad4dc82a74e2788062edc3925de7d - - 5a1a72e7a3ec4b3e8f405893aa045520 5a1a72e7a3ec4b3e8f405893aa045520] 199.204.45.30 "GET /v2.0/subnets?id=91b21c53-0fbe-4422-af98-2853f2b04cf8 HTTP/1.1" status: 200 len: 854 time: 0.0319624
2026-05-30 06:26:03.170 10 INFO neutron.wsgi [req-0e67072e-cd68-4ec3-9852-fb9f6e728474 req-ce7bdb8b-6f55-49a1-a054-002c521e9c7a c8778c66d7644976a19bcfcf035beb3c badad4dc82a74e2788062edc3925de7d - - 5a1a72e7a3ec4b3e8f405893aa045520 5a1a72e7a3ec4b3e8f405893aa045520] 199.204.45.30 "GET /v2.0/ports?network_id=1f15a16f-d408-4418-8fd4-c84f4cffbc5c&device_owner=network%3Adhcp HTTP/1.1" status: 200 len: 210 time: 0.0265903
2026-05-30 06:26:03.238 10 INFO neutron.wsgi [req-0e67072e-cd68-4ec3-9852-fb9f6e728474 req-7f3d7284-7de2-4147-874d-16bd31b5c9fa c8778c66d7644976a19bcfcf035beb3c badad4dc82a74e2788062edc3925de7d - - 5a1a72e7a3ec4b3e8f405893aa045520 5a1a72e7a3ec4b3e8f405893aa045520] 199.204.45.30 "GET /v2.0/networks/1f15a16f-d408-4418-8fd4-c84f4cffbc5c?fields=segments HTTP/1.1" status: 200 len: 212 time: 0.0606389
2026-05-30 06:26:03.307 10 INFO neutron.wsgi [req-0e67072e-cd68-4ec3-9852-fb9f6e728474 req-41a06512-2458-494b-8d46-aa3a6d084b10 c8778c66d7644976a19bcfcf035beb3c badad4dc82a74e2788062edc3925de7d - - 5a1a72e7a3ec4b3e8f405893aa045520 5a1a72e7a3ec4b3e8f405893aa045520] 199.204.45.30 "GET /v2.0/networks/1f15a16f-d408-4418-8fd4-c84f4cffbc5c?fields=provider%3Aphysical_network&fields=provider%3Anetwork_type HTTP/1.1" status: 200 len: 277 time: 0.0611408
2026-05-30 06:26:03.337 10 INFO neutron.wsgi [req-0e67072e-cd68-4ec3-9852-fb9f6e728474 req-53f839cf-2509-423b-a9af-3b153e20f642 c8778c66d7644976a19bcfcf035beb3c badad4dc82a74e2788062edc3925de7d - - 5a1a72e7a3ec4b3e8f405893aa045520 5a1a72e7a3ec4b3e8f405893aa045520] 199.204.45.30 "GET /v2.0/floatingips?fixed_ip_address=10.2.1.115&port_id=2310afcd-f478-4a7b-85e1-73a0f2af108a HTTP/1.1" status: 200 len: 217 time: 0.0246997
2026-05-30 06:26:03.371 10 INFO neutron.wsgi [req-0e67072e-cd68-4ec3-9852-fb9f6e728474 req-67c58e56-9db1-40b5-b5bd-f0b353a04cd9 c8778c66d7644976a19bcfcf035beb3c badad4dc82a74e2788062edc3925de7d - - 5a1a72e7a3ec4b3e8f405893aa045520 5a1a72e7a3ec4b3e8f405893aa045520] 199.204.45.30 "GET /v2.0/floatingips?fixed_ip_address=fd7b%3Af9f7%3Afff%3A4eca%3A%3A353&port_id=2310afcd-f478-4a7b-85e1-73a0f2af108a HTTP/1.1" status: 200 len: 217 time: 0.0267808
2026-05-30 06:26:03.411 10 INFO neutron.wsgi [req-0e67072e-cd68-4ec3-9852-fb9f6e728474 req-a9345be9-73f6-4e40-aeb3-15979f97af88 c8778c66d7644976a19bcfcf035beb3c badad4dc82a74e2788062edc3925de7d - - 5a1a72e7a3ec4b3e8f405893aa045520 5a1a72e7a3ec4b3e8f405893aa045520] 199.204.45.30 "GET /v2.0/subnets?id=7662c103-6d19-4073-aaa4-1cd4901d8d67&id=33a25093-bf88-4da3-825b-d445aa0978eb HTTP/1.1" status: 200 len: 1562 time: 0.0352712
2026-05-30 06:26:03.441 10 INFO neutron.wsgi [req-0e67072e-cd68-4ec3-9852-fb9f6e728474 req-e3bc2511-44f7-4f38-b05d-73db2b814aa5 c8778c66d7644976a19bcfcf035beb3c badad4dc82a74e2788062edc3925de7d - - 5a1a72e7a3ec4b3e8f405893aa045520 5a1a72e7a3ec4b3e8f405893aa045520] 199.204.45.30 "GET /v2.0/ports?network_id=6f903608-6d0f-40c3-bb61-38ea0c99e995&device_owner=network%3Adhcp HTTP/1.1" status: 200 len: 210 time: 0.0230706
2026-05-30 06:26:03.467 10 INFO neutron.wsgi [req-0e67072e-cd68-4ec3-9852-fb9f6e728474 req-c8eebaa4-7945-4ad5-abad-9286636474c3 c8778c66d7644976a19bcfcf035beb3c badad4dc82a74e2788062edc3925de7d - - 5a1a72e7a3ec4b3e8f405893aa045520 5a1a72e7a3ec4b3e8f405893aa045520] 199.204.45.30 "GET /v2.0/ports?network_id=6f903608-6d0f-40c3-bb61-38ea0c99e995&device_owner=network%3Adhcp HTTP/1.1" status: 200 len: 210 time: 0.0194752
2026-05-30 06:26:03.539 10 INFO neutron.wsgi [req-0e67072e-cd68-4ec3-9852-fb9f6e728474 req-19f67a02-e9c2-44e9-ad20-bf53ae138c8c c8778c66d7644976a19bcfcf035beb3c badad4dc82a74e2788062edc3925de7d - - 5a1a72e7a3ec4b3e8f405893aa045520 5a1a72e7a3ec4b3e8f405893aa045520] 199.204.45.30 "GET /v2.0/networks/6f903608-6d0f-40c3-bb61-38ea0c99e995?fields=segments HTTP/1.1" status: 200 len: 212 time: 0.0639894
2026-05-30 06:26:03.615 10 INFO neutron.wsgi [req-0e67072e-cd68-4ec3-9852-fb9f6e728474 req-5f9429a4-9a50-47f2-a024-5d0c8120f42c c8778c66d7644976a19bcfcf035beb3c badad4dc82a74e2788062edc3925de7d - - 5a1a72e7a3ec4b3e8f405893aa045520 5a1a72e7a3ec4b3e8f405893aa045520] 199.204.45.30 "GET /v2.0/networks/6f903608-6d0f-40c3-bb61-38ea0c99e995?fields=provider%3Aphysical_network&fields=provider%3Anetwork_type HTTP/1.1" status: 200 len: 277 time: 0.0705409
2026-05-30 06:26:03.718 9 INFO neutron.plugins.ml2.drivers.ovn.mech_driver.mech_driver [None req-7984f437-2146-44b6-8ddc-5f6897636561 - - - - - -] OVN reports status up for port: 2310afcd-f478-4a7b-85e1-73a0f2af108a
2026-05-30 06:26:03.731 9 INFO neutron.plugins.ml2.plugin [None req-7984f437-2146-44b6-8ddc-5f6897636561 - - - - - -] Attempt 1 to provision port 2310afcd-f478-4a7b-85e1-73a0f2af108a
2026-05-30 06:26:03.742 10 INFO neutron.wsgi [req-1641709e-46f1-4930-ae27-bc20e5217413 req-407fe596-09ed-4742-99bc-cd602121df0a c8778c66d7644976a19bcfcf035beb3c badad4dc82a74e2788062edc3925de7d - - 5a1a72e7a3ec4b3e8f405893aa045520 5a1a72e7a3ec4b3e8f405893aa045520] 199.204.45.30 "GET /v2.0/ports?tenant_id=604cbe8fbcb44e7bb365d0755c5a9367&device_id=3416107c-6a84-4fa8-8d1b-c331e92e7344 HTTP/1.1" status: 200 len: 4153 time: 0.0832338
2026-05-30 06:26:03.845 10 INFO neutron.wsgi [req-1641709e-46f1-4930-ae27-bc20e5217413 req-7377092a-2434-4533-a5df-f8d0f1497300 c8778c66d7644976a19bcfcf035beb3c badad4dc82a74e2788062edc3925de7d - - 5a1a72e7a3ec4b3e8f405893aa045520 5a1a72e7a3ec4b3e8f405893aa045520] 199.204.45.30 "GET /v2.0/networks?id=6f903608-6d0f-40c3-bb61-38ea0c99e995 HTTP/1.1" status: 200 len: 1002 time: 0.0981839
2026-05-30 06:26:03.884 10 INFO neutron.wsgi [req-1641709e-46f1-4930-ae27-bc20e5217413 req-03ea2be9-de65-4b58-bd24-af78d5741b8d c8778c66d7644976a19bcfcf035beb3c badad4dc82a74e2788062edc3925de7d - - 5a1a72e7a3ec4b3e8f405893aa045520 5a1a72e7a3ec4b3e8f405893aa045520] 199.204.45.30 "GET /v2.0/floatingips?fixed_ip_address=10.2.1.115&port_id=2310afcd-f478-4a7b-85e1-73a0f2af108a HTTP/1.1" status: 200 len: 217 time: 0.0299652
2026-05-30 06:26:03.889 9 INFO neutron.notifiers.nova [-] Nova event matching ['req-35708ed2-048a-4456-9a62-b3cb4b790125'] response: {'server_uuid': '3416107c-6a84-4fa8-8d1b-c331e92e7344', 'name': 'network-vif-plugged', 'status': 'completed', 'tag': '2310afcd-f478-4a7b-85e1-73a0f2af108a', 'code': 200}
2026-05-30 06:26:03.919 10 INFO neutron.wsgi [req-1641709e-46f1-4930-ae27-bc20e5217413 req-49eebfd1-663e-4152-95a1-65be033a6c07 c8778c66d7644976a19bcfcf035beb3c badad4dc82a74e2788062edc3925de7d - - 5a1a72e7a3ec4b3e8f405893aa045520 5a1a72e7a3ec4b3e8f405893aa045520] 199.204.45.30 "GET /v2.0/floatingips?fixed_ip_address=fd7b%3Af9f7%3Afff%3A4eca%3A%3A353&port_id=2310afcd-f478-4a7b-85e1-73a0f2af108a HTTP/1.1" status: 200 len: 217 time: 0.0281653
