Apr 02 12:58:13.086961 np0000162932 systemd[1]: Starting devstack@n-api.service - Devstack devstack@n-api.service...
Apr 02 12:58:13.095909 np0000162932 devstack@n-api.service[98628]: [uWSGI] getting INI configuration from /etc/nova/nova-api-uwsgi.ini
Apr 02 12:58:13.096705 np0000162932 devstack@n-api.service[98628]: open("./http_plugin.so"): No such file or directory [core/utils.c line 3709]
Apr 02 12:58:13.096705 np0000162932 devstack@n-api.service[98628]: !!! UNABLE to load uWSGI plugin: ./http_plugin.so: cannot open shared object file: No such file or directory !!!
Apr 02 12:58:13.096705 np0000162932 devstack@n-api.service[98628]: open("./python3_plugin.so"): No such file or directory [core/utils.c line 3709]
Apr 02 12:58:13.096705 np0000162932 devstack@n-api.service[98628]: !!! UNABLE to load uWSGI plugin: ./python3_plugin.so: cannot open shared object file: No such file or directory !!!
Apr 02 12:58:13.096705 np0000162932 devstack@n-api.service[98628]: *** Starting uWSGI 2.0.31 (64bit) on [Thu Apr 2 12:58:13 2026] ***
Apr 02 12:58:13.096705 np0000162932 devstack@n-api.service[98628]: compiled with version: 13.3.0 on 02 April 2026 12:49:30
Apr 02 12:58:13.096705 np0000162932 devstack@n-api.service[98628]: os: Linux-6.8.0-107-generic #107-Ubuntu SMP PREEMPT_DYNAMIC Fri Mar 13 19:51:50 UTC 2026
Apr 02 12:58:13.096705 np0000162932 devstack@n-api.service[98628]: nodename: np0000162932
Apr 02 12:58:13.096705 np0000162932 devstack@n-api.service[98628]: machine: x86_64
Apr 02 12:58:13.096705 np0000162932 devstack@n-api.service[98628]: clock source: unix
Apr 02 12:58:13.096705 np0000162932 devstack@n-api.service[98628]: pcre jit disabled
Apr 02 12:58:13.096705 np0000162932 devstack@n-api.service[98628]: detected number of CPU cores: 16
Apr 02 12:58:13.096705 np0000162932 devstack@n-api.service[98628]: current working directory: /
Apr 02 12:58:13.096705 np0000162932 devstack@n-api.service[98628]: detected binary path: /opt/stack/data/venv/bin/uwsgi
Apr 02 12:58:13.096705 np0000162932 devstack@n-api.service[98628]: your processes number limit is 256917
Apr 02 12:58:13.096705 np0000162932 devstack@n-api.service[98628]: your memory page size is 4096 bytes
Apr 02 12:58:13.096705 np0000162932 devstack@n-api.service[98628]: detected max file descriptor number: 2048
Apr 02 12:58:13.096705 np0000162932 devstack@n-api.service[98628]: lock engine: pthread robust mutexes
Apr 02 12:58:13.097315 np0000162932 devstack@n-api.service[98628]: thunder lock: enabled
Apr 02 12:58:13.097315 np0000162932 devstack@n-api.service[98628]: uwsgi socket 0 bound to UNIX address /var/run/uwsgi/nova-api.socket fd 4
Apr 02 12:58:13.097375 np0000162932 devstack@n-api.service[98628]: Python version: 3.12.3 (main, Mar 3 2026, 12:15:18) [GCC 13.3.0]
Apr 02 12:58:13.097375 np0000162932 devstack@n-api.service[98628]: PEP 405 virtualenv detected: /opt/stack/data/venv
Apr 02 12:58:13.097375 np0000162932 devstack@n-api.service[98628]: Set PythonHome to /opt/stack/data/venv
Apr 02 12:58:13.137062 np0000162932 devstack@n-api.service[98628]: Python main interpreter initialized at 0x7a67bb0a3668
Apr 02 12:58:13.137062 np0000162932 devstack@n-api.service[98628]: python threads support enabled
Apr 02 12:58:13.137062 np0000162932 devstack@n-api.service[98628]: your server socket listen backlog is limited to 100 connections
Apr 02 12:58:13.137062 np0000162932 devstack@n-api.service[98628]: your mercy for graceful operations on workers is 80 seconds
Apr 02 12:58:13.137649 np0000162932 devstack@n-api.service[98628]: mapped 671795 bytes (656 KB) for 4 cores
Apr 02 12:58:13.137792 np0000162932 devstack@n-api.service[98628]: *** Operational MODE: preforking ***
Apr 02 12:58:13.138078 np0000162932 devstack@n-api.service[98628]: *** uWSGI is running in multiple interpreter mode ***
Apr 02 12:58:13.138078 np0000162932 devstack@n-api.service[98628]: spawned uWSGI master process (pid: 98628)
Apr 02 12:58:13.138213 np0000162932 systemd[1]: Started devstack@n-api.service - Devstack devstack@n-api.service.
Apr 02 12:58:13.138804 np0000162932 devstack@n-api.service[98628]: spawned uWSGI worker 1 (pid: 98629, cores: 1)
Apr 02 12:58:13.139231 np0000162932 devstack@n-api.service[98628]: spawned uWSGI worker 2 (pid: 98630, cores: 1)
Apr 02 12:58:13.139673 np0000162932 devstack@n-api.service[98628]: spawned uWSGI worker 3 (pid: 98631, cores: 1)
Apr 02 12:58:13.140083 np0000162932 devstack@n-api.service[98628]: spawned uWSGI worker 4 (pid: 98632, cores: 1)
Apr 02 12:58:13.140215 np0000162932 devstack@n-api.service[98628]: running "unix_signal:15 gracefully_kill_them_all" (master-start)...
Apr 02 12:58:13.481557 np0000162932 devstack@n-api.service[98629]: Service is starting with native threading. This is currently experimental. Do not use it in production without first testing it in pre-production.
Apr 02 12:58:13.485690 np0000162932 devstack@n-api.service[98631]: Service is starting with native threading. This is currently experimental. Do not use it in production without first testing it in pre-production.
Apr 02 12:58:13.487238 np0000162932 devstack@n-api.service[98630]: Service is starting with native threading. This is currently experimental. Do not use it in production without first testing it in pre-production.
Apr 02 12:58:13.495837 np0000162932 devstack@n-api.service[98632]: Service is starting with native threading. This is currently experimental. Do not use it in production without first testing it in pre-production.
Apr 02 12:58:15.466381 np0000162932 devstack@n-api.service[98632]: INFO dbcounter [None req-af1e8cd8-b482-4ae1-a96f-8f360d1f62d0 None None] Registered counter for database nova_api
Apr 02 12:58:15.481381 np0000162932 devstack@n-api.service[98632]: DEBUG oslo_db.sqlalchemy.engines [None req-af1e8cd8-b482-4ae1-a96f-8f360d1f62d0 None None] MySQL server mode set to STRICT_TRANS_TABLES,STRICT_ALL_TABLES,NO_ZERO_IN_DATE,NO_ZERO_DATE,ERROR_FOR_DIVISION_BY_ZERO,TRADITIONAL,NO_ENGINE_SUBSTITUTION {{(pid=98632) _check_effective_sql_mode /opt/stack/data/venv/lib/python3.12/site-packages/oslo_db/sqlalchemy/engines.py:325}}
Apr 02 12:58:15.497268 np0000162932 devstack@n-api.service[98631]: INFO dbcounter [None req-cf368d6c-f04f-46d2-b5b1-d399b14a3147 None None] Registered counter for database nova_api
Apr 02 12:58:15.509027 np0000162932 devstack@n-api.service[98631]: DEBUG oslo_db.sqlalchemy.engines [None req-cf368d6c-f04f-46d2-b5b1-d399b14a3147 None None] MySQL server mode set to STRICT_TRANS_TABLES,STRICT_ALL_TABLES,NO_ZERO_IN_DATE,NO_ZERO_DATE,ERROR_FOR_DIVISION_BY_ZERO,TRADITIONAL,NO_ENGINE_SUBSTITUTION {{(pid=98631) _check_effective_sql_mode /opt/stack/data/venv/lib/python3.12/site-packages/oslo_db/sqlalchemy/engines.py:325}}
Apr 02 12:58:15.513500 np0000162932 devstack@n-api.service[98629]: INFO dbcounter [None req-ed16f81b-df5d-4594-b9e0-bc8949f369b2 None None] Registered counter for database nova_api
Apr 02 12:58:15.514494 np0000162932 devstack@n-api.service[98632]: DEBUG dbcounter [-] [98632] Writer thread running {{(pid=98632) stat_writer /opt/stack/data/venv/lib/python3.12/site-packages/dbcounter.py:102}}
Apr 02 12:58:15.517017 np0000162932 devstack@n-api.service[98632]: DEBUG nova.context [None req-af1e8cd8-b482-4ae1-a96f-8f360d1f62d0 None None] Found 2 cells: 00000000-0000-0000-0000-000000000000(cell0),3f858ef4-c569-4fc6-924a-6665c83eab63(cell1) {{(pid=98632) load_cells /opt/stack/nova/nova/context.py:509}}
Apr 02 12:58:15.517877 np0000162932 devstack@n-api.service[98632]: INFO nova.utils [None req-af1e8cd8-b482-4ae1-a96f-8f360d1f62d0 None None] The cell worker thread pool MainProcess.cell_worker is initialized
Apr 02 12:58:15.519369 np0000162932 devstack@n-api.service[98632]: DEBUG oslo_concurrency.lockutils [None req-af1e8cd8-b482-4ae1-a96f-8f360d1f62d0 None None] Acquiring lock "00000000-0000-0000-0000-000000000000" by "nova.context.set_target_cell..get_or_set_cached_cell_and_set_connections" {{(pid=98632) inner /opt/stack/data/venv/lib/python3.12/site-packages/oslo_concurrency/lockutils.py:506}}
Apr 02 12:58:15.519677 np0000162932 devstack@n-api.service[98632]: DEBUG oslo_concurrency.lockutils [None req-af1e8cd8-b482-4ae1-a96f-8f360d1f62d0 None None] Lock "00000000-0000-0000-0000-000000000000" acquired by "nova.context.set_target_cell..get_or_set_cached_cell_and_set_connections" :: waited 0.000s {{(pid=98632) inner /opt/stack/data/venv/lib/python3.12/site-packages/oslo_concurrency/lockutils.py:519}}
Apr 02 12:58:15.520116 np0000162932 devstack@n-api.service[98632]: DEBUG oslo_concurrency.lockutils [None req-af1e8cd8-b482-4ae1-a96f-8f360d1f62d0 None None] Lock "00000000-0000-0000-0000-000000000000" "released" by "nova.context.set_target_cell..get_or_set_cached_cell_and_set_connections" :: held 0.000s {{(pid=98632) inner /opt/stack/data/venv/lib/python3.12/site-packages/oslo_concurrency/lockutils.py:538}}
Apr 02 12:58:15.521047 np0000162932 devstack@n-api.service[98632]: DEBUG oslo_concurrency.lockutils [None req-af1e8cd8-b482-4ae1-a96f-8f360d1f62d0 None None] Acquiring lock "3f858ef4-c569-4fc6-924a-6665c83eab63" by "nova.context.set_target_cell..get_or_set_cached_cell_and_set_connections" {{(pid=98632) inner /opt/stack/data/venv/lib/python3.12/site-packages/oslo_concurrency/lockutils.py:506}}
Apr 02 12:58:15.526656 np0000162932 devstack@n-api.service[98632]: INFO dbcounter [None req-af1e8cd8-b482-4ae1-a96f-8f360d1f62d0 None None] Registered counter for database nova_cell0
Apr 02 12:58:15.526880 np0000162932 devstack@n-api.service[98632]: DEBUG oslo_concurrency.lockutils [None req-af1e8cd8-b482-4ae1-a96f-8f360d1f62d0 None None] Lock "3f858ef4-c569-4fc6-924a-6665c83eab63" acquired by "nova.context.set_target_cell..get_or_set_cached_cell_and_set_connections" :: waited 0.003s {{(pid=98632) inner /opt/stack/data/venv/lib/python3.12/site-packages/oslo_concurrency/lockutils.py:519}}
Apr 02 12:58:15.527771 np0000162932 devstack@n-api.service[98629]: DEBUG oslo_db.sqlalchemy.engines [None req-ed16f81b-df5d-4594-b9e0-bc8949f369b2 None None] MySQL server mode set to STRICT_TRANS_TABLES,STRICT_ALL_TABLES,NO_ZERO_IN_DATE,NO_ZERO_DATE,ERROR_FOR_DIVISION_BY_ZERO,TRADITIONAL,NO_ENGINE_SUBSTITUTION {{(pid=98629) _check_effective_sql_mode /opt/stack/data/venv/lib/python3.12/site-packages/oslo_db/sqlalchemy/engines.py:325}}
Apr 02 12:58:15.528403 np0000162932 devstack@n-api.service[98632]: DEBUG oslo_concurrency.lockutils [None req-af1e8cd8-b482-4ae1-a96f-8f360d1f62d0 None None] Lock "3f858ef4-c569-4fc6-924a-6665c83eab63" "released" by "nova.context.set_target_cell..get_or_set_cached_cell_and_set_connections" :: held 0.004s {{(pid=98632) inner /opt/stack/data/venv/lib/python3.12/site-packages/oslo_concurrency/lockutils.py:538}}
Apr 02 12:58:15.531890 np0000162932 devstack@n-api.service[98632]: INFO dbcounter [None req-af1e8cd8-b482-4ae1-a96f-8f360d1f62d0 None None] Registered counter for database nova_cell1
Apr 02 12:58:15.542033 np0000162932 devstack@n-api.service[98631]: DEBUG dbcounter [-] [98631] Writer thread running {{(pid=98631) stat_writer /opt/stack/data/venv/lib/python3.12/site-packages/dbcounter.py:102}}
Apr 02 12:58:15.542424 np0000162932 devstack@n-api.service[98632]: DEBUG oslo_db.sqlalchemy.engines [None req-af1e8cd8-b482-4ae1-a96f-8f360d1f62d0 None None] MySQL server mode set to STRICT_TRANS_TABLES,STRICT_ALL_TABLES,NO_ZERO_IN_DATE,NO_ZERO_DATE,ERROR_FOR_DIVISION_BY_ZERO,TRADITIONAL,NO_ENGINE_SUBSTITUTION {{(pid=98632) _check_effective_sql_mode /opt/stack/data/venv/lib/python3.12/site-packages/oslo_db/sqlalchemy/engines.py:325}}
Apr 02 12:58:15.544175 np0000162932 devstack@n-api.service[98631]: DEBUG nova.context [None req-cf368d6c-f04f-46d2-b5b1-d399b14a3147 None None] Found 2 cells: 00000000-0000-0000-0000-000000000000(cell0),3f858ef4-c569-4fc6-924a-6665c83eab63(cell1) {{(pid=98631) load_cells /opt/stack/nova/nova/context.py:509}}
Apr 02 12:58:15.544389 np0000162932 devstack@n-api.service[98631]: INFO nova.utils [None req-cf368d6c-f04f-46d2-b5b1-d399b14a3147 None None] The cell worker thread pool MainProcess.cell_worker is initialized
Apr 02 12:58:15.546109 np0000162932 devstack@n-api.service[98631]: DEBUG oslo_concurrency.lockutils [None req-cf368d6c-f04f-46d2-b5b1-d399b14a3147 None None] Acquiring lock "00000000-0000-0000-0000-000000000000" by "nova.context.set_target_cell..get_or_set_cached_cell_and_set_connections" {{(pid=98631) inner /opt/stack/data/venv/lib/python3.12/site-packages/oslo_concurrency/lockutils.py:506}}
Apr 02 12:58:15.546345 np0000162932 devstack@n-api.service[98631]: DEBUG oslo_concurrency.lockutils [None req-cf368d6c-f04f-46d2-b5b1-d399b14a3147 None None] Lock "00000000-0000-0000-0000-000000000000" acquired by "nova.context.set_target_cell..get_or_set_cached_cell_and_set_connections" :: waited 0.000s {{(pid=98631) inner /opt/stack/data/venv/lib/python3.12/site-packages/oslo_concurrency/lockutils.py:519}}
Apr 02 12:58:15.546636 np0000162932 devstack@n-api.service[98631]: DEBUG oslo_concurrency.lockutils [None req-cf368d6c-f04f-46d2-b5b1-d399b14a3147 None None] Lock "00000000-0000-0000-0000-000000000000" "released" by "nova.context.set_target_cell..get_or_set_cached_cell_and_set_connections" :: held 0.000s {{(pid=98631) inner /opt/stack/data/venv/lib/python3.12/site-packages/oslo_concurrency/lockutils.py:538}}
Apr 02 12:58:15.547365 np0000162932 devstack@n-api.service[98632]: DEBUG oslo_db.sqlalchemy.engines [None req-af1e8cd8-b482-4ae1-a96f-8f360d1f62d0 None None] MySQL server mode set to STRICT_TRANS_TABLES,STRICT_ALL_TABLES,NO_ZERO_IN_DATE,NO_ZERO_DATE,ERROR_FOR_DIVISION_BY_ZERO,TRADITIONAL,NO_ENGINE_SUBSTITUTION {{(pid=98632) _check_effective_sql_mode /opt/stack/data/venv/lib/python3.12/site-packages/oslo_db/sqlalchemy/engines.py:325}}
Apr 02 12:58:15.547481 np0000162932 devstack@n-api.service[98631]: DEBUG oslo_concurrency.lockutils [None req-cf368d6c-f04f-46d2-b5b1-d399b14a3147 None None] Acquiring lock "3f858ef4-c569-4fc6-924a-6665c83eab63" by "nova.context.set_target_cell..get_or_set_cached_cell_and_set_connections" {{(pid=98631) inner /opt/stack/data/venv/lib/python3.12/site-packages/oslo_concurrency/lockutils.py:506}}
Apr 02 12:58:15.547562 np0000162932 devstack@n-api.service[98631]: DEBUG oslo_concurrency.lockutils [None req-cf368d6c-f04f-46d2-b5b1-d399b14a3147 None None] Lock "3f858ef4-c569-4fc6-924a-6665c83eab63" acquired by "nova.context.set_target_cell..get_or_set_cached_cell_and_set_connections" :: waited 0.000s {{(pid=98631) inner /opt/stack/data/venv/lib/python3.12/site-packages/oslo_concurrency/lockutils.py:519}}
Apr 02 12:58:15.548368 np0000162932 devstack@n-api.service[98631]: DEBUG oslo_concurrency.lockutils [None req-cf368d6c-f04f-46d2-b5b1-d399b14a3147 None None] Lock "3f858ef4-c569-4fc6-924a-6665c83eab63" "released" by "nova.context.set_target_cell..get_or_set_cached_cell_and_set_connections" :: held 0.001s {{(pid=98631) inner /opt/stack/data/venv/lib/python3.12/site-packages/oslo_concurrency/lockutils.py:538}}
Apr 02 12:58:15.551913 np0000162932 devstack@n-api.service[98631]: INFO dbcounter [None req-cf368d6c-f04f-46d2-b5b1-d399b14a3147 None None] Registered counter for database nova_cell0
Apr 02 12:58:15.555969 np0000162932 devstack@n-api.service[98631]: INFO dbcounter [None req-cf368d6c-f04f-46d2-b5b1-d399b14a3147 None None] Registered counter for database nova_cell1
Apr 02 12:58:15.562342 np0000162932 devstack@n-api.service[98629]: DEBUG dbcounter [-] [98629] Writer thread running {{(pid=98629) stat_writer /opt/stack/data/venv/lib/python3.12/site-packages/dbcounter.py:102}}
Apr 02 12:58:15.562692 np0000162932 devstack@n-api.service[98631]: DEBUG oslo_db.sqlalchemy.engines [None req-cf368d6c-f04f-46d2-b5b1-d399b14a3147 None None] MySQL server mode set to STRICT_TRANS_TABLES,STRICT_ALL_TABLES,NO_ZERO_IN_DATE,NO_ZERO_DATE,ERROR_FOR_DIVISION_BY_ZERO,TRADITIONAL,NO_ENGINE_SUBSTITUTION {{(pid=98631) _check_effective_sql_mode /opt/stack/data/venv/lib/python3.12/site-packages/oslo_db/sqlalchemy/engines.py:325}}
Apr 02 12:58:15.565034 np0000162932 devstack@n-api.service[98629]: DEBUG nova.context [None req-ed16f81b-df5d-4594-b9e0-bc8949f369b2 None None] Found 2 cells: 00000000-0000-0000-0000-000000000000(cell0),3f858ef4-c569-4fc6-924a-6665c83eab63(cell1) {{(pid=98629) load_cells /opt/stack/nova/nova/context.py:509}}
Apr 02 12:58:15.565248 np0000162932 devstack@n-api.service[98629]: INFO nova.utils [None req-ed16f81b-df5d-4594-b9e0-bc8949f369b2 None None] The cell worker thread pool MainProcess.cell_worker is initialized
Apr 02 12:58:15.565372 np0000162932 devstack@n-api.service[98630]: INFO dbcounter [None req-3cd45747-9c74-4c73-b9ef-c1c0482f1de6 None None] Registered counter for database nova_api
Apr 02 12:58:15.567483 np0000162932 devstack@n-api.service[98629]: DEBUG oslo_concurrency.lockutils [None req-ed16f81b-df5d-4594-b9e0-bc8949f369b2 None None] Acquiring lock "00000000-0000-0000-0000-000000000000" by "nova.context.set_target_cell..get_or_set_cached_cell_and_set_connections" {{(pid=98629) inner /opt/stack/data/venv/lib/python3.12/site-packages/oslo_concurrency/lockutils.py:506}}
Apr 02 12:58:15.567732 np0000162932 devstack@n-api.service[98629]: DEBUG oslo_concurrency.lockutils [None req-ed16f81b-df5d-4594-b9e0-bc8949f369b2 None None] Lock "00000000-0000-0000-0000-000000000000" acquired by "nova.context.set_target_cell..get_or_set_cached_cell_and_set_connections" :: waited 0.000s {{(pid=98629) inner /opt/stack/data/venv/lib/python3.12/site-packages/oslo_concurrency/lockutils.py:519}}
Apr 02 12:58:15.568200 np0000162932 devstack@n-api.service[98629]: DEBUG oslo_concurrency.lockutils [None req-ed16f81b-df5d-4594-b9e0-bc8949f369b2 None None] Lock "00000000-0000-0000-0000-000000000000" "released" by "nova.context.set_target_cell..get_or_set_cached_cell_and_set_connections" :: held 0.000s {{(pid=98629) inner /opt/stack/data/venv/lib/python3.12/site-packages/oslo_concurrency/lockutils.py:538}}
Apr 02 12:58:15.569011 np0000162932 devstack@n-api.service[98629]: DEBUG oslo_concurrency.lockutils [None req-ed16f81b-df5d-4594-b9e0-bc8949f369b2 None None] Acquiring lock "3f858ef4-c569-4fc6-924a-6665c83eab63" by "nova.context.set_target_cell..get_or_set_cached_cell_and_set_connections" {{(pid=98629) inner /opt/stack/data/venv/lib/python3.12/site-packages/oslo_concurrency/lockutils.py:506}}
Apr 02 12:58:15.571275 np0000162932 devstack@n-api.service[98629]: DEBUG oslo_concurrency.lockutils [None req-ed16f81b-df5d-4594-b9e0-bc8949f369b2 None None] Lock "3f858ef4-c569-4fc6-924a-6665c83eab63" acquired by "nova.context.set_target_cell..get_or_set_cached_cell_and_set_connections" :: waited 0.002s {{(pid=98629) inner /opt/stack/data/venv/lib/python3.12/site-packages/oslo_concurrency/lockutils.py:519}}
Apr 02 12:58:15.573088 np0000162932 devstack@n-api.service[98629]: INFO dbcounter [None req-ed16f81b-df5d-4594-b9e0-bc8949f369b2 None None] Registered counter for database nova_cell0
Apr 02 12:58:15.574359 np0000162932 devstack@n-api.service[98631]: DEBUG oslo_db.sqlalchemy.engines [None req-cf368d6c-f04f-46d2-b5b1-d399b14a3147 None None] MySQL server mode set to STRICT_TRANS_TABLES,STRICT_ALL_TABLES,NO_ZERO_IN_DATE,NO_ZERO_DATE,ERROR_FOR_DIVISION_BY_ZERO,TRADITIONAL,NO_ENGINE_SUBSTITUTION {{(pid=98631) _check_effective_sql_mode /opt/stack/data/venv/lib/python3.12/site-packages/oslo_db/sqlalchemy/engines.py:325}}
Apr 02 12:58:15.574831 np0000162932 devstack@n-api.service[98629]: DEBUG oslo_concurrency.lockutils [None req-ed16f81b-df5d-4594-b9e0-bc8949f369b2 None None] Lock "3f858ef4-c569-4fc6-924a-6665c83eab63" "released" by "nova.context.set_target_cell..get_or_set_cached_cell_and_set_connections" :: held 0.001s {{(pid=98629) inner /opt/stack/data/venv/lib/python3.12/site-packages/oslo_concurrency/lockutils.py:538}}
Apr 02 12:58:15.577674 np0000162932 devstack@n-api.service[98629]: INFO dbcounter [None req-ed16f81b-df5d-4594-b9e0-bc8949f369b2 None None] Registered counter for database nova_cell1
Apr 02 12:58:15.582123 np0000162932 devstack@n-api.service[98630]: DEBUG oslo_db.sqlalchemy.engines [None req-3cd45747-9c74-4c73-b9ef-c1c0482f1de6 None None] MySQL server mode set to STRICT_TRANS_TABLES,STRICT_ALL_TABLES,NO_ZERO_IN_DATE,NO_ZERO_DATE,ERROR_FOR_DIVISION_BY_ZERO,TRADITIONAL,NO_ENGINE_SUBSTITUTION {{(pid=98630) _check_effective_sql_mode /opt/stack/data/venv/lib/python3.12/site-packages/oslo_db/sqlalchemy/engines.py:325}}
Apr 02 12:58:15.585343 np0000162932 devstack@n-api.service[98629]: DEBUG oslo_db.sqlalchemy.engines [None req-ed16f81b-df5d-4594-b9e0-bc8949f369b2 None None] MySQL server mode set to STRICT_TRANS_TABLES,STRICT_ALL_TABLES,NO_ZERO_IN_DATE,NO_ZERO_DATE,ERROR_FOR_DIVISION_BY_ZERO,TRADITIONAL,NO_ENGINE_SUBSTITUTION {{(pid=98629) _check_effective_sql_mode /opt/stack/data/venv/lib/python3.12/site-packages/oslo_db/sqlalchemy/engines.py:325}}
Apr 02 12:58:15.601953 np0000162932 devstack@n-api.service[98629]: DEBUG oslo_db.sqlalchemy.engines [None req-ed16f81b-df5d-4594-b9e0-bc8949f369b2 None None] MySQL server mode set to STRICT_TRANS_TABLES,STRICT_ALL_TABLES,NO_ZERO_IN_DATE,NO_ZERO_DATE,ERROR_FOR_DIVISION_BY_ZERO,TRADITIONAL,NO_ENGINE_SUBSTITUTION {{(pid=98629) _check_effective_sql_mode /opt/stack/data/venv/lib/python3.12/site-packages/oslo_db/sqlalchemy/engines.py:325}}
Apr 02 12:58:15.615164 np0000162932 devstack@n-api.service[98630]: DEBUG dbcounter [-] [98630] Writer thread running {{(pid=98630) stat_writer /opt/stack/data/venv/lib/python3.12/site-packages/dbcounter.py:102}}
Apr 02 12:58:15.617532 np0000162932 devstack@n-api.service[98630]: DEBUG nova.context [None req-3cd45747-9c74-4c73-b9ef-c1c0482f1de6 None None] Found 2 cells: 00000000-0000-0000-0000-000000000000(cell0),3f858ef4-c569-4fc6-924a-6665c83eab63(cell1) {{(pid=98630) load_cells /opt/stack/nova/nova/context.py:509}}
Apr 02 12:58:15.617835 np0000162932 devstack@n-api.service[98630]: INFO nova.utils [None req-3cd45747-9c74-4c73-b9ef-c1c0482f1de6 None None] The cell worker thread pool MainProcess.cell_worker is initialized
Apr 02 12:58:15.619615 np0000162932 devstack@n-api.service[98630]: DEBUG oslo_concurrency.lockutils [None req-3cd45747-9c74-4c73-b9ef-c1c0482f1de6 None None] Acquiring lock "00000000-0000-0000-0000-000000000000" by "nova.context.set_target_cell..get_or_set_cached_cell_and_set_connections" {{(pid=98630) inner /opt/stack/data/venv/lib/python3.12/site-packages/oslo_concurrency/lockutils.py:506}}
Apr 02 12:58:15.619751 np0000162932 devstack@n-api.service[98630]: DEBUG oslo_concurrency.lockutils [None req-3cd45747-9c74-4c73-b9ef-c1c0482f1de6 None None] Lock "00000000-0000-0000-0000-000000000000" acquired by "nova.context.set_target_cell..get_or_set_cached_cell_and_set_connections" :: waited 0.000s {{(pid=98630) inner /opt/stack/data/venv/lib/python3.12/site-packages/oslo_concurrency/lockutils.py:519}}
Apr 02 12:58:15.621047 np0000162932 devstack@n-api.service[98630]: DEBUG oslo_concurrency.lockutils [None req-3cd45747-9c74-4c73-b9ef-c1c0482f1de6 None None] Lock "00000000-0000-0000-0000-000000000000" "released" by "nova.context.set_target_cell..get_or_set_cached_cell_and_set_connections" :: held 0.000s {{(pid=98630) inner /opt/stack/data/venv/lib/python3.12/site-packages/oslo_concurrency/lockutils.py:538}}
Apr 02 12:58:15.621047 np0000162932 devstack@n-api.service[98630]: DEBUG oslo_concurrency.lockutils [None req-3cd45747-9c74-4c73-b9ef-c1c0482f1de6 None None] Acquiring lock "3f858ef4-c569-4fc6-924a-6665c83eab63" by "nova.context.set_target_cell..get_or_set_cached_cell_and_set_connections" {{(pid=98630) inner /opt/stack/data/venv/lib/python3.12/site-packages/oslo_concurrency/lockutils.py:506}}
Apr 02 12:58:15.621047 np0000162932 devstack@n-api.service[98630]: DEBUG oslo_concurrency.lockutils [None req-3cd45747-9c74-4c73-b9ef-c1c0482f1de6 None None] Lock "3f858ef4-c569-4fc6-924a-6665c83eab63" acquired by "nova.context.set_target_cell..get_or_set_cached_cell_and_set_connections" :: waited 0.000s {{(pid=98630) inner /opt/stack/data/venv/lib/python3.12/site-packages/oslo_concurrency/lockutils.py:519}}
Apr 02 12:58:15.621806 np0000162932 devstack@n-api.service[98630]: DEBUG oslo_concurrency.lockutils [None req-3cd45747-9c74-4c73-b9ef-c1c0482f1de6 None None] Lock "3f858ef4-c569-4fc6-924a-6665c83eab63" "released" by "nova.context.set_target_cell..get_or_set_cached_cell_and_set_connections" :: held 0.001s {{(pid=98630) inner /opt/stack/data/venv/lib/python3.12/site-packages/oslo_concurrency/lockutils.py:538}}
Apr 02 12:58:15.626033 np0000162932 devstack@n-api.service[98630]: INFO dbcounter [None req-3cd45747-9c74-4c73-b9ef-c1c0482f1de6 None None] Registered counter for database nova_cell0
Apr 02 12:58:15.631019 np0000162932 devstack@n-api.service[98630]: INFO dbcounter [None req-3cd45747-9c74-4c73-b9ef-c1c0482f1de6 None None] Registered counter for database nova_cell1
Apr 02 12:58:15.640874 np0000162932 devstack@n-api.service[98632]: DEBUG dbcounter [-] [98632] Writer thread running {{(pid=98632) stat_writer /opt/stack/data/venv/lib/python3.12/site-packages/dbcounter.py:102}}
Apr 02 12:58:15.641039 np0000162932 devstack@n-api.service[98630]: DEBUG oslo_db.sqlalchemy.engines [None req-3cd45747-9c74-4c73-b9ef-c1c0482f1de6 None None] MySQL server mode set to STRICT_TRANS_TABLES,STRICT_ALL_TABLES,NO_ZERO_IN_DATE,NO_ZERO_DATE,ERROR_FOR_DIVISION_BY_ZERO,TRADITIONAL,NO_ENGINE_SUBSTITUTION {{(pid=98630) _check_effective_sql_mode /opt/stack/data/venv/lib/python3.12/site-packages/oslo_db/sqlalchemy/engines.py:325}}
Apr 02 12:58:15.644116 np0000162932 devstack@n-api.service[98632]: DEBUG dbcounter [-] [98632] Writer thread running {{(pid=98632) stat_writer /opt/stack/data/venv/lib/python3.12/site-packages/dbcounter.py:102}}
Apr 02 12:58:15.647721 np0000162932 devstack@n-api.service[98632]: INFO dbcounter [None req-af1e8cd8-b482-4ae1-a96f-8f360d1f62d0 None None] Registered counter for database nova_cell0
Apr 02 12:58:15.650796 np0000162932 devstack@n-api.service[98630]: DEBUG oslo_db.sqlalchemy.engines [None req-3cd45747-9c74-4c73-b9ef-c1c0482f1de6 None None] MySQL server mode set to STRICT_TRANS_TABLES,STRICT_ALL_TABLES,NO_ZERO_IN_DATE,NO_ZERO_DATE,ERROR_FOR_DIVISION_BY_ZERO,TRADITIONAL,NO_ENGINE_SUBSTITUTION {{(pid=98630) _check_effective_sql_mode /opt/stack/data/venv/lib/python3.12/site-packages/oslo_db/sqlalchemy/engines.py:325}}
Apr 02 12:58:15.656365 np0000162932 devstack@n-api.service[98632]: DEBUG oslo_db.sqlalchemy.engines [None req-af1e8cd8-b482-4ae1-a96f-8f360d1f62d0 None None] MySQL server mode set to STRICT_TRANS_TABLES,STRICT_ALL_TABLES,NO_ZERO_IN_DATE,NO_ZERO_DATE,ERROR_FOR_DIVISION_BY_ZERO,TRADITIONAL,NO_ENGINE_SUBSTITUTION {{(pid=98632) _check_effective_sql_mode /opt/stack/data/venv/lib/python3.12/site-packages/oslo_db/sqlalchemy/engines.py:325}}
Apr 02 12:58:15.660318 np0000162932 devstack@n-api.service[98631]: DEBUG dbcounter [-] [98631] Writer thread running {{(pid=98631) stat_writer /opt/stack/data/venv/lib/python3.12/site-packages/dbcounter.py:102}}
Apr 02 12:58:15.664336 np0000162932 devstack@n-api.service[98632]: DEBUG dbcounter [-] [98632] Writer thread running {{(pid=98632) stat_writer /opt/stack/data/venv/lib/python3.12/site-packages/dbcounter.py:102}}
Apr 02 12:58:15.665367 np0000162932 devstack@n-api.service[98631]: DEBUG dbcounter [-] [98631] Writer thread running {{(pid=98631) stat_writer /opt/stack/data/venv/lib/python3.12/site-packages/dbcounter.py:102}}
Apr 02 12:58:15.706238 np0000162932 devstack@n-api.service[98629]: DEBUG dbcounter [-] [98629] Writer thread running {{(pid=98629) stat_writer /opt/stack/data/venv/lib/python3.12/site-packages/dbcounter.py:102}}
Apr 02 12:58:15.710038 np0000162932 devstack@n-api.service[98629]: DEBUG dbcounter [-] [98629] Writer thread running {{(pid=98629) stat_writer /opt/stack/data/venv/lib/python3.12/site-packages/dbcounter.py:102}}
Apr 02 12:58:15.720273 np0000162932 devstack@n-api.service[98631]: INFO dbcounter [None req-cf368d6c-f04f-46d2-b5b1-d399b14a3147 None None] Registered counter for database nova_cell0
Apr 02 12:58:15.720529 np0000162932 devstack@n-api.service[98629]: INFO dbcounter [None req-ed16f81b-df5d-4594-b9e0-bc8949f369b2 None None] Registered counter for database nova_cell0
Apr 02 12:58:15.729117 np0000162932 devstack@n-api.service[98629]: DEBUG oslo_db.sqlalchemy.engines [None req-ed16f81b-df5d-4594-b9e0-bc8949f369b2 None None] MySQL server mode set to STRICT_TRANS_TABLES,STRICT_ALL_TABLES,NO_ZERO_IN_DATE,NO_ZERO_DATE,ERROR_FOR_DIVISION_BY_ZERO,TRADITIONAL,NO_ENGINE_SUBSTITUTION {{(pid=98629) _check_effective_sql_mode /opt/stack/data/venv/lib/python3.12/site-packages/oslo_db/sqlalchemy/engines.py:325}}
Apr 02 12:58:15.731532 np0000162932 devstack@n-api.service[98630]: DEBUG dbcounter [-] [98630] Writer thread running {{(pid=98630) stat_writer /opt/stack/data/venv/lib/python3.12/site-packages/dbcounter.py:102}}
Apr 02 12:58:15.735516 np0000162932 devstack@n-api.service[98631]: DEBUG oslo_db.sqlalchemy.engines [None req-cf368d6c-f04f-46d2-b5b1-d399b14a3147 None None] MySQL server mode set to STRICT_TRANS_TABLES,STRICT_ALL_TABLES,NO_ZERO_IN_DATE,NO_ZERO_DATE,ERROR_FOR_DIVISION_BY_ZERO,TRADITIONAL,NO_ENGINE_SUBSTITUTION {{(pid=98631) _check_effective_sql_mode /opt/stack/data/venv/lib/python3.12/site-packages/oslo_db/sqlalchemy/engines.py:325}}
Apr 02 12:58:15.736997 np0000162932 devstack@n-api.service[98629]: DEBUG dbcounter [-] [98629] Writer thread running {{(pid=98629) stat_writer /opt/stack/data/venv/lib/python3.12/site-packages/dbcounter.py:102}}
Apr 02 12:58:15.739287 np0000162932 devstack@n-api.service[98630]: DEBUG dbcounter [-] [98630] Writer thread running {{(pid=98630) stat_writer /opt/stack/data/venv/lib/python3.12/site-packages/dbcounter.py:102}}
Apr 02 12:58:15.744407 np0000162932 devstack@n-api.service[98630]: INFO dbcounter [None req-3cd45747-9c74-4c73-b9ef-c1c0482f1de6 None None] Registered counter for database nova_cell0
Apr 02 12:58:15.744715 np0000162932 devstack@n-api.service[98631]: DEBUG dbcounter [-] [98631] Writer thread running {{(pid=98631) stat_writer /opt/stack/data/venv/lib/python3.12/site-packages/dbcounter.py:102}}
Apr 02 12:58:15.753192 np0000162932 devstack@n-api.service[98630]: DEBUG oslo_db.sqlalchemy.engines [None req-3cd45747-9c74-4c73-b9ef-c1c0482f1de6 None None] MySQL server mode set to STRICT_TRANS_TABLES,STRICT_ALL_TABLES,NO_ZERO_IN_DATE,NO_ZERO_DATE,ERROR_FOR_DIVISION_BY_ZERO,TRADITIONAL,NO_ENGINE_SUBSTITUTION {{(pid=98630) _check_effective_sql_mode /opt/stack/data/venv/lib/python3.12/site-packages/oslo_db/sqlalchemy/engines.py:325}}
Apr 02 12:58:15.760784 np0000162932 devstack@n-api.service[98630]: DEBUG dbcounter [-] [98630] Writer thread running {{(pid=98630) stat_writer /opt/stack/data/venv/lib/python3.12/site-packages/dbcounter.py:102}}
Apr 02 12:58:16.097032 np0000162932 devstack@n-api.service[98629]: DEBUG oslo_concurrency.processutils [None req-ed16f81b-df5d-4594-b9e0-bc8949f369b2 None None] Running cmd (subprocess): grep -F node.session.scan /sbin/iscsiadm {{(pid=98629) execute /opt/stack/data/venv/lib/python3.12/site-packages/oslo_concurrency/processutils.py:440}}
Apr 02 12:58:16.097907 np0000162932 devstack@n-api.service[98632]: DEBUG oslo_concurrency.processutils [None req-af1e8cd8-b482-4ae1-a96f-8f360d1f62d0 None None] Running cmd (subprocess): grep -F node.session.scan /sbin/iscsiadm {{(pid=98632) execute /opt/stack/data/venv/lib/python3.12/site-packages/oslo_concurrency/processutils.py:440}}
Apr 02 12:58:16.098715 np0000162932 devstack@n-api.service[98631]: DEBUG oslo_concurrency.processutils [None req-cf368d6c-f04f-46d2-b5b1-d399b14a3147 None None] Running cmd (subprocess): grep -F node.session.scan /sbin/iscsiadm {{(pid=98631) execute /opt/stack/data/venv/lib/python3.12/site-packages/oslo_concurrency/processutils.py:440}}
Apr 02 12:58:16.103941 np0000162932 devstack@n-api.service[98630]: DEBUG oslo_concurrency.processutils [None req-3cd45747-9c74-4c73-b9ef-c1c0482f1de6 None None] Running cmd (subprocess): grep -F node.session.scan /sbin/iscsiadm {{(pid=98630) execute /opt/stack/data/venv/lib/python3.12/site-packages/oslo_concurrency/processutils.py:440}}
Apr 02 12:58:16.113350 np0000162932 devstack@n-api.service[98629]: DEBUG oslo_concurrency.processutils [None req-ed16f81b-df5d-4594-b9e0-bc8949f369b2 None None] CMD "grep -F node.session.scan /sbin/iscsiadm" returned: 0 in 0.017s {{(pid=98629) execute /opt/stack/data/venv/lib/python3.12/site-packages/oslo_concurrency/processutils.py:468}}
Apr 02 12:58:16.114244 np0000162932 devstack@n-api.service[98631]: DEBUG oslo_concurrency.processutils [None req-cf368d6c-f04f-46d2-b5b1-d399b14a3147 None None] CMD "grep -F node.session.scan /sbin/iscsiadm" returned: 0 in 0.016s {{(pid=98631) execute /opt/stack/data/venv/lib/python3.12/site-packages/oslo_concurrency/processutils.py:468}}
Apr 02 12:58:16.116487 np0000162932 devstack@n-api.service[98632]: DEBUG oslo_concurrency.processutils [None req-af1e8cd8-b482-4ae1-a96f-8f360d1f62d0 None None] CMD "grep -F node.session.scan /sbin/iscsiadm" returned: 0 in 0.018s {{(pid=98632) execute /opt/stack/data/venv/lib/python3.12/site-packages/oslo_concurrency/processutils.py:468}}
Apr 02 12:58:16.122308 np0000162932 devstack@n-api.service[98630]: DEBUG oslo_concurrency.processutils [None req-3cd45747-9c74-4c73-b9ef-c1c0482f1de6 None None] CMD "grep -F node.session.scan /sbin/iscsiadm" returned: 0 in 0.018s {{(pid=98630) execute /opt/stack/data/venv/lib/python3.12/site-packages/oslo_concurrency/processutils.py:468}}
Apr 02 12:58:16.626437 np0000162932 devstack@n-api.service[98629]: WARNING keystonemiddleware.auth_token [None req-ed16f81b-df5d-4594-b9e0-bc8949f369b2 None None] AuthToken middleware is set with keystone_authtoken.service_token_roles_required set to False. This is backwards compatible but deprecated behaviour. Please set this to True.
Apr 02 12:58:16.628326 np0000162932 devstack@n-api.service[98632]: WARNING keystonemiddleware.auth_token [None req-af1e8cd8-b482-4ae1-a96f-8f360d1f62d0 None None] AuthToken middleware is set with keystone_authtoken.service_token_roles_required set to False. This is backwards compatible but deprecated behaviour. Please set this to True.
Apr 02 12:58:16.629866 np0000162932 devstack@n-api.service[98631]: WARNING keystonemiddleware.auth_token [None req-cf368d6c-f04f-46d2-b5b1-d399b14a3147 None None] AuthToken middleware is set with keystone_authtoken.service_token_roles_required set to False. This is backwards compatible but deprecated behaviour. Please set this to True.
Apr 02 12:58:16.639077 np0000162932 devstack@n-api.service[98630]: WARNING keystonemiddleware.auth_token [None req-3cd45747-9c74-4c73-b9ef-c1c0482f1de6 None None] AuthToken middleware is set with keystone_authtoken.service_token_roles_required set to False. This is backwards compatible but deprecated behaviour. Please set this to True.
Apr 02 12:58:16.693390 np0000162932 devstack@n-api.service[98629]: WARNING keystonemiddleware.auth_token [None req-ed16f81b-df5d-4594-b9e0-bc8949f369b2 None None] AuthToken middleware is set with keystone_authtoken.service_token_roles_required set to False. This is backwards compatible but deprecated behaviour. Please set this to True.
Apr 02 12:58:16.695469 np0000162932 devstack@n-api.service[98632]: WARNING keystonemiddleware.auth_token [None req-af1e8cd8-b482-4ae1-a96f-8f360d1f62d0 None None] AuthToken middleware is set with keystone_authtoken.service_token_roles_required set to False. This is backwards compatible but deprecated behaviour. Please set this to True.
Apr 02 12:58:16.697310 np0000162932 devstack@n-api.service[98631]: WARNING keystonemiddleware.auth_token [None req-cf368d6c-f04f-46d2-b5b1-d399b14a3147 None None] AuthToken middleware is set with keystone_authtoken.service_token_roles_required set to False. This is backwards compatible but deprecated behaviour. Please set this to True.
Apr 02 12:58:16.702878 np0000162932 devstack@n-api.service[98631]: DEBUG nova.api.openstack.wsgi_app [None req-cf368d6c-f04f-46d2-b5b1-d399b14a3147 None None] ******************************************************************************** {{(pid=98631) log_opt_values /opt/stack/data/venv/lib/python3.12/site-packages/oslo_config/cfg.py:2979}}
Apr 02 12:58:16.703017 np0000162932 devstack@n-api.service[98631]: DEBUG nova.api.openstack.wsgi_app [None req-cf368d6c-f04f-46d2-b5b1-d399b14a3147 None None] Configuration options gathered from: {{(pid=98631) log_opt_values /opt/stack/data/venv/lib/python3.12/site-packages/oslo_config/cfg.py:2980}}
Apr 02 12:58:16.703287 np0000162932 devstack@n-api.service[98631]: DEBUG nova.api.openstack.wsgi_app [None req-cf368d6c-f04f-46d2-b5b1-d399b14a3147 None None] command line args: [] {{(pid=98631) log_opt_values /opt/stack/data/venv/lib/python3.12/site-packages/oslo_config/cfg.py:2981}}
Apr 02 12:58:16.703439 np0000162932 devstack@n-api.service[98631]: DEBUG nova.api.openstack.wsgi_app [None req-cf368d6c-f04f-46d2-b5b1-d399b14a3147 None None] config files: ['/etc/nova/api-paste.ini', '/etc/nova/nova.conf'] {{(pid=98631) log_opt_values /opt/stack/data/venv/lib/python3.12/site-packages/oslo_config/cfg.py:2982}}
Apr 02 12:58:16.703584 np0000162932 devstack@n-api.service[98631]: DEBUG nova.api.openstack.wsgi_app [None req-cf368d6c-f04f-46d2-b5b1-d399b14a3147 None None] ================================================================================ {{(pid=98631) log_opt_values /opt/stack/data/venv/lib/python3.12/site-packages/oslo_config/cfg.py:2987}}
Apr 02 12:58:16.703688 np0000162932 devstack@n-api.service[98631]: DEBUG nova.api.openstack.wsgi_app [None req-cf368d6c-f04f-46d2-b5b1-d399b14a3147 None None] allow_resize_to_same_host = True {{(pid=98631) log_opt_values /opt/stack/data/venv/lib/python3.12/site-packages/oslo_config/cfg.py:2995}}
Apr 02 12:58:16.703838 np0000162932 devstack@n-api.service[98631]: DEBUG nova.api.openstack.wsgi_app [None req-cf368d6c-f04f-46d2-b5b1-d399b14a3147 None None] arq_binding_timeout = 300 {{(pid=98631) log_opt_values /opt/stack/data/venv/lib/python3.12/site-packages/oslo_config/cfg.py:2995}}
Apr 02 12:58:16.703966 np0000162932 devstack@n-api.service[98631]: DEBUG nova.api.openstack.wsgi_app [None req-cf368d6c-f04f-46d2-b5b1-d399b14a3147 None None] block_device_allocate_retries = 60 {{(pid=98631) log_opt_values /opt/stack/data/venv/lib/python3.12/site-packages/oslo_config/cfg.py:2995}}
Apr 02 12:58:16.704095 np0000162932 devstack@n-api.service[98631]: DEBUG nova.api.openstack.wsgi_app [None req-cf368d6c-f04f-46d2-b5b1-d399b14a3147 None None] block_device_allocate_retries_interval = 3 {{(pid=98631) log_opt_values /opt/stack/data/venv/lib/python3.12/site-packages/oslo_config/cfg.py:2995}}
Apr 02 12:58:16.704221 np0000162932 devstack@n-api.service[98631]: DEBUG nova.api.openstack.wsgi_app [None req-cf368d6c-f04f-46d2-b5b1-d399b14a3147 None None] cell_worker_thread_pool_size = 5 {{(pid=98631) log_opt_values /opt/stack/data/venv/lib/python3.12/site-packages/oslo_config/cfg.py:2995}}
Apr 02 12:58:16.704339 np0000162932 devstack@n-api.service[98631]: DEBUG nova.api.openstack.wsgi_app [None req-cf368d6c-f04f-46d2-b5b1-d399b14a3147 None None] cert = self.pem {{(pid=98631) log_opt_values /opt/stack/data/venv/lib/python3.12/site-packages/oslo_config/cfg.py:2995}}
Apr 02 12:58:16.704473 np0000162932 devstack@n-api.service[98631]: DEBUG nova.api.openstack.wsgi_app [None req-cf368d6c-f04f-46d2-b5b1-d399b14a3147 None None] compute_driver = libvirt.LibvirtDriver {{(pid=98631) log_opt_values /opt/stack/data/venv/lib/python3.12/site-packages/oslo_config/cfg.py:2995}}
Apr 02 12:58:16.704618 np0000162932 devstack@n-api.service[98631]: DEBUG nova.api.openstack.wsgi_app [None req-cf368d6c-f04f-46d2-b5b1-d399b14a3147 None None] compute_monitors = [] {{(pid=98631) log_opt_values /opt/stack/data/venv/lib/python3.12/site-packages/oslo_config/cfg.py:2995}}
Apr 02 12:58:16.704746 np0000162932 devstack@n-api.service[98631]: DEBUG nova.api.openstack.wsgi_app [None req-cf368d6c-f04f-46d2-b5b1-d399b14a3147 None None] config_dir = [] {{(pid=98631) log_opt_values /opt/stack/data/venv/lib/python3.12/site-packages/oslo_config/cfg.py:2995}}
Apr 02 12:58:16.704887 np0000162932 devstack@n-api.service[98631]: DEBUG nova.api.openstack.wsgi_app [None req-cf368d6c-f04f-46d2-b5b1-d399b14a3147 None None] config_drive_format = iso9660 {{(pid=98631) log_opt_values /opt/stack/data/venv/lib/python3.12/site-packages/oslo_config/cfg.py:2995}}
Apr 02 12:58:16.705010 np0000162932 devstack@n-api.service[98631]: DEBUG nova.api.openstack.wsgi_app [None req-cf368d6c-f04f-46d2-b5b1-d399b14a3147 None None] config_file = ['/etc/nova/api-paste.ini', '/etc/nova/nova.conf'] {{(pid=98631) log_opt_values /opt/stack/data/venv/lib/python3.12/site-packages/oslo_config/cfg.py:2995}}
Apr 02 12:58:16.705114 np0000162932 devstack@n-api.service[98631]: DEBUG nova.api.openstack.wsgi_app [None req-cf368d6c-f04f-46d2-b5b1-d399b14a3147 None None] config_source = [] {{(pid=98631) log_opt_values /opt/stack/data/venv/lib/python3.12/site-packages/oslo_config/cfg.py:2995}}
Apr 02 12:58:16.705255 np0000162932 devstack@n-api.service[98631]: DEBUG nova.api.openstack.wsgi_app [None req-cf368d6c-f04f-46d2-b5b1-d399b14a3147 None None] console_host = np0000162932 {{(pid=98631) log_opt_values /opt/stack/data/venv/lib/python3.12/site-packages/oslo_config/cfg.py:2995}}
Apr 02 12:58:16.705386 np0000162932 devstack@n-api.service[98631]: DEBUG nova.api.openstack.wsgi_app [None req-cf368d6c-f04f-46d2-b5b1-d399b14a3147 None None] control_exchange = nova {{(pid=98631) log_opt_values /opt/stack/data/venv/lib/python3.12/site-packages/oslo_config/cfg.py:2995}}
Apr 02 12:58:16.705537 np0000162932 devstack@n-api.service[98631]: DEBUG nova.api.openstack.wsgi_app [None req-cf368d6c-f04f-46d2-b5b1-d399b14a3147 None None] cpu_allocation_ratio = None {{(pid=98631) log_opt_values /opt/stack/data/venv/lib/python3.12/site-packages/oslo_config/cfg.py:2995}}
Apr 02 12:58:16.705660 np0000162932 devstack@n-api.service[98631]: DEBUG nova.api.openstack.wsgi_app [None req-cf368d6c-f04f-46d2-b5b1-d399b14a3147 None None] daemon = False {{(pid=98631) log_opt_values /opt/stack/data/venv/lib/python3.12/site-packages/oslo_config/cfg.py:2995}}
Apr 02 12:58:16.705783 np0000162932 devstack@n-api.service[98631]: DEBUG nova.api.openstack.wsgi_app [None req-cf368d6c-f04f-46d2-b5b1-d399b14a3147 None None] debug = True {{(pid=98631) log_opt_values /opt/stack/data/venv/lib/python3.12/site-packages/oslo_config/cfg.py:2995}}
Apr 02 12:58:16.705923 np0000162932 devstack@n-api.service[98631]: DEBUG nova.api.openstack.wsgi_app [None req-cf368d6c-f04f-46d2-b5b1-d399b14a3147 None None] default_access_ip_network_name = None {{(pid=98631) log_opt_values /opt/stack/data/venv/lib/python3.12/site-packages/oslo_config/cfg.py:2995}}
Apr 02 12:58:16.706042 np0000162932 devstack@n-api.service[98631]: DEBUG nova.api.openstack.wsgi_app [None req-cf368d6c-f04f-46d2-b5b1-d399b14a3147 None None] default_availability_zone = nova {{(pid=98631) log_opt_values /opt/stack/data/venv/lib/python3.12/site-packages/oslo_config/cfg.py:2995}}
Apr 02 12:58:16.706162 np0000162932 devstack@n-api.service[98631]: DEBUG nova.api.openstack.wsgi_app [None req-cf368d6c-f04f-46d2-b5b1-d399b14a3147 None None] default_ephemeral_format = ext4 {{(pid=98631) log_opt_values /opt/stack/data/venv/lib/python3.12/site-packages/oslo_config/cfg.py:2995}}
Apr 02 12:58:16.706328 np0000162932 devstack@n-api.service[98631]: DEBUG nova.api.openstack.wsgi_app [None req-cf368d6c-f04f-46d2-b5b1-d399b14a3147 None None] default_green_pool_size = 1000 {{(pid=98631) log_opt_values /opt/stack/data/venv/lib/python3.12/site-packages/oslo_config/cfg.py:2995}}
Apr 02 12:58:16.706545 np0000162932 devstack@n-api.service[98631]: DEBUG nova.api.openstack.wsgi_app [None req-cf368d6c-f04f-46d2-b5b1-d399b14a3147 None None] default_log_levels = ['amqp=WARN', 'boto=WARN', 'sqlalchemy=WARN', 'suds=INFO', 'oslo.messaging=INFO', 'oslo_messaging=INFO', 'iso8601=WARN', 'requests.packages.urllib3.connectionpool=WARN', 'urllib3.connectionpool=WARN', 'websocket=WARN', 'requests.packages.urllib3.util.retry=WARN', 'urllib3.util.retry=WARN', 'keystonemiddleware=WARN', 'routes.middleware=WARN', 'stevedore=WARN', 'taskflow=WARN', 'keystoneauth=WARN', 'oslo.cache=INFO', 'oslo_policy=INFO', 'dogpile.core.dogpile=INFO', 'glanceclient=WARN', 'oslo.privsep.daemon=INFO'] {{(pid=98631) log_opt_values /opt/stack/data/venv/lib/python3.12/site-packages/oslo_config/cfg.py:2995}}
Apr 02 12:58:16.706693 np0000162932 devstack@n-api.service[98631]: DEBUG nova.api.openstack.wsgi_app [None req-cf368d6c-f04f-46d2-b5b1-d399b14a3147 None None] default_schedule_zone = None {{(pid=98631) log_opt_values /opt/stack/data/venv/lib/python3.12/site-packages/oslo_config/cfg.py:2995}}
Apr 02 12:58:16.706768 np0000162932 devstack@n-api.service[98631]: DEBUG nova.api.openstack.wsgi_app [None req-cf368d6c-f04f-46d2-b5b1-d399b14a3147 None None] default_thread_pool_size = 10 {{(pid=98631) log_opt_values /opt/stack/data/venv/lib/python3.12/site-packages/oslo_config/cfg.py:2995}}
Apr 02 12:58:16.706918 np0000162932 devstack@n-api.service[98631]: DEBUG nova.api.openstack.wsgi_app [None req-cf368d6c-f04f-46d2-b5b1-d399b14a3147 None None] disk_allocation_ratio = None {{(pid=98631) log_opt_values /opt/stack/data/venv/lib/python3.12/site-packages/oslo_config/cfg.py:2995}}
Apr 02 12:58:16.707071 np0000162932 devstack@n-api.service[98631]: DEBUG nova.api.openstack.wsgi_app [None req-cf368d6c-f04f-46d2-b5b1-d399b14a3147 None None] enable_new_services = True {{(pid=98631) log_opt_values /opt/stack/data/venv/lib/python3.12/site-packages/oslo_config/cfg.py:2995}}
Apr 02 12:58:16.707193 np0000162932 devstack@n-api.service[98631]: DEBUG nova.api.openstack.wsgi_app [None req-cf368d6c-f04f-46d2-b5b1-d399b14a3147 None None] flat_injected = False {{(pid=98631) log_opt_values /opt/stack/data/venv/lib/python3.12/site-packages/oslo_config/cfg.py:2995}}
Apr 02 12:58:16.707366 np0000162932 devstack@n-api.service[98631]: DEBUG nova.api.openstack.wsgi_app [None req-cf368d6c-f04f-46d2-b5b1-d399b14a3147 None None] force_config_drive = False {{(pid=98631) log_opt_values /opt/stack/data/venv/lib/python3.12/site-packages/oslo_config/cfg.py:2995}}
Apr 02 12:58:16.707366 np0000162932 devstack@n-api.service[98631]: DEBUG nova.api.openstack.wsgi_app [None req-cf368d6c-f04f-46d2-b5b1-d399b14a3147 None None] force_raw_images = True {{(pid=98631) log_opt_values /opt/stack/data/venv/lib/python3.12/site-packages/oslo_config/cfg.py:2995}}
Apr 02 12:58:16.707547 np0000162932 devstack@n-api.service[98631]: DEBUG nova.api.openstack.wsgi_app [None req-cf368d6c-f04f-46d2-b5b1-d399b14a3147 None None] graceful_shutdown_timeout = 5 {{(pid=98631) log_opt_values /opt/stack/data/venv/lib/python3.12/site-packages/oslo_config/cfg.py:2995}}
Apr 02 12:58:16.707728 np0000162932 devstack@n-api.service[98631]: DEBUG nova.api.openstack.wsgi_app [None req-cf368d6c-f04f-46d2-b5b1-d399b14a3147 None None] heal_instance_info_cache_interval = -1 {{(pid=98631) log_opt_values /opt/stack/data/venv/lib/python3.12/site-packages/oslo_config/cfg.py:2995}}
Apr 02 12:58:16.707862 np0000162932 devstack@n-api.service[98631]: DEBUG nova.api.openstack.wsgi_app [None req-cf368d6c-f04f-46d2-b5b1-d399b14a3147 None None] host = np0000162932 {{(pid=98631) log_opt_values /opt/stack/data/venv/lib/python3.12/site-packages/oslo_config/cfg.py:2995}}
Apr 02 12:58:16.707964 np0000162932 devstack@n-api.service[98631]: DEBUG nova.api.openstack.wsgi_app [None req-cf368d6c-f04f-46d2-b5b1-d399b14a3147 None None] initial_cpu_allocation_ratio = 4.0 {{(pid=98631) log_opt_values /opt/stack/data/venv/lib/python3.12/site-packages/oslo_config/cfg.py:2995}}
Apr 02 12:58:16.708158 np0000162932 devstack@n-api.service[98631]: DEBUG nova.api.openstack.wsgi_app [None req-cf368d6c-f04f-46d2-b5b1-d399b14a3147 None None] initial_disk_allocation_ratio = 1.0 {{(pid=98631) log_opt_values /opt/stack/data/venv/lib/python3.12/site-packages/oslo_config/cfg.py:2995}}
Apr 02 12:58:16.708158 np0000162932 devstack@n-api.service[98631]: DEBUG nova.api.openstack.wsgi_app [None req-cf368d6c-f04f-46d2-b5b1-d399b14a3147 None None] initial_ram_allocation_ratio = 1.0 {{(pid=98631) log_opt_values /opt/stack/data/venv/lib/python3.12/site-packages/oslo_config/cfg.py:2995}}
Apr 02 12:58:16.708362 np0000162932 devstack@n-api.service[98631]: DEBUG nova.api.openstack.wsgi_app [None req-cf368d6c-f04f-46d2-b5b1-d399b14a3147 None None] injected_network_template = /opt/stack/nova/nova/virt/interfaces.template {{(pid=98631) log_opt_values /opt/stack/data/venv/lib/python3.12/site-packages/oslo_config/cfg.py:2995}}
Apr 02 12:58:16.708484 np0000162932 devstack@n-api.service[98631]: DEBUG nova.api.openstack.wsgi_app [None req-cf368d6c-f04f-46d2-b5b1-d399b14a3147 None None] instance_build_timeout = 0 {{(pid=98631) log_opt_values /opt/stack/data/venv/lib/python3.12/site-packages/oslo_config/cfg.py:2995}}
Apr 02 12:58:16.708599 np0000162932 devstack@n-api.service[98631]: DEBUG nova.api.openstack.wsgi_app [None req-cf368d6c-f04f-46d2-b5b1-d399b14a3147 None None] instance_delete_interval = 300 {{(pid=98631) log_opt_values /opt/stack/data/venv/lib/python3.12/site-packages/oslo_config/cfg.py:2995}}
Apr 02 12:58:16.708707 np0000162932 devstack@n-api.service[98631]: DEBUG nova.api.openstack.wsgi_app [None req-cf368d6c-f04f-46d2-b5b1-d399b14a3147 None None] instance_format = [instance: %(uuid)s] {{(pid=98631) log_opt_values /opt/stack/data/venv/lib/python3.12/site-packages/oslo_config/cfg.py:2995}}
Apr 02 12:58:16.708853 np0000162932 devstack@n-api.service[98631]: DEBUG nova.api.openstack.wsgi_app [None req-cf368d6c-f04f-46d2-b5b1-d399b14a3147 None None] instance_name_template = instance-%08x {{(pid=98631) log_opt_values /opt/stack/data/venv/lib/python3.12/site-packages/oslo_config/cfg.py:2995}}
Apr 02 12:58:16.708977 np0000162932 devstack@n-api.service[98631]: DEBUG nova.api.openstack.wsgi_app [None req-cf368d6c-f04f-46d2-b5b1-d399b14a3147 None None] instance_usage_audit = False {{(pid=98631) log_opt_values /opt/stack/data/venv/lib/python3.12/site-packages/oslo_config/cfg.py:2995}}
