Apr 02 12:58:41.048154 np0000162932 devstack@neutron-api.service[101862]: DEBUG neutron.api.extensions [None req-3df43d65-5a15-42b6-96db-8ac46cbcf559 None None] Ext name="Neutron Extra DHCP options" alias="extra_dhcp_opt" description="Extra options configuration for DHCP. For example PXE boot options to DHCP clients can be specified (e.g. tftp-server, server-ip-address, bootfile-name)" updated="2013-03-17T12:00:00-00:00" {{(pid=101862) _check_extension /opt/stack/neutron/neutron/api/extensions.py:415}}
Apr 02 12:58:41.048269 np0000162932 devstack@neutron-api.service[101861]: DEBUG neutron_lib.callbacks.manager [None req-3d5c4da5-2419-484a-89c5-5814526dbe72 None None] Subscribe: > security_group after_delete 55550000, False {{(pid=101861) subscribe /opt/stack/data/venv/lib/python3.12/site-packages/neutron_lib/callbacks/manager.py:52}}
Apr 02 12:58:41.048269 np0000162932 devstack@neutron-api.service[101861]: DEBUG neutron_lib.callbacks.manager [None req-3d5c4da5-2419-484a-89c5-5814526dbe72 None None] Subscribe: > security_group_rule after_create 55550000, False {{(pid=101861) subscribe /opt/stack/data/venv/lib/python3.12/site-packages/neutron_lib/callbacks/manager.py:52}}
Apr 02 12:58:41.048420 np0000162932 devstack@neutron-api.service[101862]: INFO neutron.api.extensions [None req-3df43d65-5a15-42b6-96db-8ac46cbcf559 None None] Loaded extension: extra_dhcp_opt
Apr 02 12:58:41.048516 np0000162932 devstack@neutron-api.service[101861]: DEBUG neutron_lib.callbacks.manager [None req-3d5c4da5-2419-484a-89c5-5814526dbe72 None None] Subscribe: > security_group_rule after_update 55550000, False {{(pid=101861) subscribe /opt/stack/data/venv/lib/python3.12/site-packages/neutron_lib/callbacks/manager.py:52}}
Apr 02 12:58:41.048569 np0000162932 devstack@neutron-api.service[101862]: DEBUG neutron.api.extensions [None req-3df43d65-5a15-42b6-96db-8ac46cbcf559 None None] Loading extension file: extraroute.py {{(pid=101862) _load_all_extensions_from_path /opt/stack/neutron/neutron/api/extensions.py:449}}
Apr 02 12:58:41.048649 np0000162932 devstack@neutron-api.service[101861]: DEBUG neutron_lib.callbacks.manager [None req-3d5c4da5-2419-484a-89c5-5814526dbe72 None None] Subscribe: > security_group_rule after_delete 55550000, False {{(pid=101861) subscribe /opt/stack/data/venv/lib/python3.12/site-packages/neutron_lib/callbacks/manager.py:52}}
Apr 02 12:58:41.048649 np0000162932 devstack@neutron-api.service[101861]: DEBUG neutron_lib.callbacks.manager [None req-3d5c4da5-2419-484a-89c5-5814526dbe72 None None] Subscribe: > address_group after_create 55550000, False {{(pid=101861) subscribe /opt/stack/data/venv/lib/python3.12/site-packages/neutron_lib/callbacks/manager.py:52}}
Apr 02 12:58:41.048787 np0000162932 devstack@neutron-api.service[101862]: DEBUG neutron.api.extensions [None req-3df43d65-5a15-42b6-96db-8ac46cbcf559 None None] Ext name="Neutron Extra Route" alias="extraroute" description="Extra routes configuration for L3 router" updated="2013-02-01T10:00:00-00:00" {{(pid=101862) _check_extension /opt/stack/neutron/neutron/api/extensions.py:415}}
Apr 02 12:58:41.048849 np0000162932 devstack@neutron-api.service[101861]: DEBUG neutron_lib.callbacks.manager [None req-3d5c4da5-2419-484a-89c5-5814526dbe72 None None] Subscribe: > address_group after_update 55550000, False {{(pid=101861) subscribe /opt/stack/data/venv/lib/python3.12/site-packages/neutron_lib/callbacks/manager.py:52}}
Apr 02 12:58:41.048849 np0000162932 devstack@neutron-api.service[101861]: DEBUG neutron_lib.callbacks.manager [None req-3d5c4da5-2419-484a-89c5-5814526dbe72 None None] Subscribe: > address_group after_delete 55550000, False {{(pid=101861) subscribe /opt/stack/data/venv/lib/python3.12/site-packages/neutron_lib/callbacks/manager.py:52}}
Apr 02 12:58:41.048934 np0000162932 devstack@neutron-api.service[101862]: INFO neutron.api.extensions [None req-3df43d65-5a15-42b6-96db-8ac46cbcf559 None None] Loaded extension: extraroute
Apr 02 12:58:41.049131 np0000162932 devstack@neutron-api.service[101861]: DEBUG neutron.plugins.ml2.ovo_rpc [None req-3d5c4da5-2419-484a-89c5-5814526dbe72 None None] ML2 OVO RPC backend initialized. {{(pid=101861) __init__ /opt/stack/neutron/neutron/plugins/ml2/ovo_rpc.py:117}}
Apr 02 12:58:41.049220 np0000162932 devstack@neutron-api.service[101862]: DEBUG neutron.api.extensions [None req-3df43d65-5a15-42b6-96db-8ac46cbcf559 None None] Loading extension file: extraroute_atomic.py {{(pid=101862) _load_all_extensions_from_path /opt/stack/neutron/neutron/api/extensions.py:449}}
Apr 02 12:58:41.049220 np0000162932 devstack@neutron-api.service[101862]: DEBUG neutron.api.extensions [None req-3df43d65-5a15-42b6-96db-8ac46cbcf559 None None] Ext name="Atomically add/remove extra routes" alias="extraroute-atomic" description="Edit extra routes of a router on server side by atomically adding/removing extra routes" updated="2019-07-10T00:00:00+00:00" {{(pid=101862) _check_extension /opt/stack/neutron/neutron/api/extensions.py:415}}
Apr 02 12:58:41.049220 np0000162932 devstack@neutron-api.service[101862]: INFO neutron.api.extensions [None req-3df43d65-5a15-42b6-96db-8ac46cbcf559 None None] Loaded extension: extraroute-atomic
Apr 02 12:58:41.049220 np0000162932 devstack@neutron-api.service[101862]: DEBUG neutron.api.extensions [None req-3df43d65-5a15-42b6-96db-8ac46cbcf559 None None] Loading extension file: filter_validation.py {{(pid=101862) _load_all_extensions_from_path /opt/stack/neutron/neutron/api/extensions.py:449}}
Apr 02 12:58:41.049373 np0000162932 devstack@neutron-api.service[101861]: INFO neutron.quota [None req-3d5c4da5-2419-484a-89c5-5814526dbe72 None None] Loaded quota_driver: .
Apr 02 12:58:41.049430 np0000162932 devstack@neutron-api.service[101862]: DEBUG neutron.api.extensions [None req-3df43d65-5a15-42b6-96db-8ac46cbcf559 None None] Ext name="Filter parameters validation" alias="filter-validation" description="Provides validation on filter parameters." updated="2018-07-04T10:00:00-00:00" {{(pid=101862) _check_extension /opt/stack/neutron/neutron/api/extensions.py:415}}
Apr 02 12:58:41.049471 np0000162932 devstack@neutron-api.service[101861]: INFO neutron.plugins.ml2.plugin [None req-3d5c4da5-2419-484a-89c5-5814526dbe72 None None] Modular L2 Plugin initialization complete
Apr 02 12:58:41.049471 np0000162932 devstack@neutron-api.service[101861]: DEBUG neutron.manager [None req-3d5c4da5-2419-484a-89c5-5814526dbe72 None None] Loading services supported by the core plugin {{(pid=101861) _load_services_from_core_plugin /opt/stack/neutron/neutron/manager.py:170}}
Apr 02 12:58:41.049566 np0000162932 devstack@neutron-api.service[101862]: INFO neutron.api.extensions [None req-3df43d65-5a15-42b6-96db-8ac46cbcf559 None None] Loaded extension: filter-validation
Apr 02 12:58:41.049566 np0000162932 devstack@neutron-api.service[101862]: DEBUG neutron.api.extensions [None req-3df43d65-5a15-42b6-96db-8ac46cbcf559 None None] Loading extension file: fip_pf_description.py {{(pid=101862) _load_all_extensions_from_path /opt/stack/neutron/neutron/api/extensions.py:449}}
Apr 02 12:58:41.049641 np0000162932 devstack@neutron-api.service[101861]: INFO neutron.plugins.ml2.managers [None req-3d5c4da5-2419-484a-89c5-5814526dbe72 None None] Got port-security extension from driver 'port_security'
Apr 02 12:58:41.049705 np0000162932 devstack@neutron-api.service[101862]: DEBUG neutron.api.extensions [None req-3df43d65-5a15-42b6-96db-8ac46cbcf559 None None] Ext name="Floating IP Port Forwarding new attribute description" alias="floating-ip-port-forwarding-description" description="Add a description field to Port Forwarding rules" updated="2019-11-01T10:00:00-00:00" {{(pid=101862) _check_extension /opt/stack/neutron/neutron/api/extensions.py:415}}
Apr 02 12:58:41.049736 np0000162932 devstack@neutron-api.service[101861]: DEBUG neutron.manager [None req-3d5c4da5-2419-484a-89c5-5814526dbe72 None None] Loading service plugins: ['ovn-router', 'auto_allocate', 'tag', 'timestamp', 'network_ip_availability', 'flavors', 'revisions'] {{(pid=101861) _load_service_plugins /opt/stack/neutron/neutron/manager.py:195}}
Apr 02 12:58:41.049736 np0000162932 devstack@neutron-api.service[101861]: INFO neutron.manager [None req-3d5c4da5-2419-484a-89c5-5814526dbe72 None None] Loading Plugin: ovn-router
Apr 02 12:58:41.049841 np0000162932 devstack@neutron-api.service[101862]: INFO neutron.api.extensions [None req-3df43d65-5a15-42b6-96db-8ac46cbcf559 None None] Extension floating-ip-port-forwarding-description not supported by any of loaded plugins
Apr 02 12:58:41.049841 np0000162932 devstack@neutron-api.service[101862]: DEBUG neutron.api.extensions [None req-3df43d65-5a15-42b6-96db-8ac46cbcf559 None None] Loading extension file: fip_pf_detail.py {{(pid=101862) _load_all_extensions_from_path /opt/stack/neutron/neutron/api/extensions.py:449}}
Apr 02 12:58:41.049841 np0000162932 devstack@neutron-api.service[101862]: DEBUG neutron.api.extensions [None req-3df43d65-5a15-42b6-96db-8ac46cbcf559 None None] Ext name="Floating IP port forwarding detail" alias="floating-ip-port-forwarding-detail" description="Allow list floating ip return more port forwarding data, include'id' and 'internal_port_id'" updated="2022-05-06T10:00:00-00:00" {{(pid=101862) _check_extension /opt/stack/neutron/neutron/api/extensions.py:415}}
Apr 02 12:58:41.049841 np0000162932 devstack@neutron-api.service[101862]: INFO neutron.api.extensions [None req-3df43d65-5a15-42b6-96db-8ac46cbcf559 None None] Loaded extension: floating-ip-port-forwarding-detail
Apr 02 12:58:41.049841 np0000162932 devstack@neutron-api.service[101862]: DEBUG neutron.api.extensions [None req-3df43d65-5a15-42b6-96db-8ac46cbcf559 None None] Loading extension file: fip_pf_port_range.py {{(pid=101862) _load_all_extensions_from_path /opt/stack/neutron/neutron/api/extensions.py:449}}
Apr 02 12:58:41.049841 np0000162932 devstack@neutron-api.service[101862]: DEBUG neutron.api.extensions [None req-3df43d65-5a15-42b6-96db-8ac46cbcf559 None None] Ext name="Floating IP Port Forwarding support port ranges" alias="floating-ip-port-forwarding-port-ranges" description="Add support to port ranges" updated="2020-07-01T10:00:00-00:00" {{(pid=101862) _check_extension /opt/stack/neutron/neutron/api/extensions.py:415}}
Apr 02 12:58:41.049841 np0000162932 devstack@neutron-api.service[101862]: INFO neutron.api.extensions [None req-3df43d65-5a15-42b6-96db-8ac46cbcf559 None None] Extension floating-ip-port-forwarding-port-ranges not supported by any of loaded plugins
Apr 02 12:58:41.050008 np0000162932 devstack@neutron-api.service[101862]: DEBUG neutron.api.extensions [None req-3df43d65-5a15-42b6-96db-8ac46cbcf559 None None] Loading extension file: fip_port_details.py {{(pid=101862) _load_all_extensions_from_path /opt/stack/neutron/neutron/api/extensions.py:449}}
Apr 02 12:58:41.050008 np0000162932 devstack@neutron-api.service[101862]: DEBUG neutron.api.extensions [None req-3df43d65-5a15-42b6-96db-8ac46cbcf559 None None] Ext name="Floating IP Port Details Extension" alias="fip-port-details" description="Add port_details attribute to Floating IP resource" updated="2018-04-09T10:00:00-00:00" {{(pid=101862) _check_extension /opt/stack/neutron/neutron/api/extensions.py:415}}
Apr 02 12:58:41.050008 np0000162932 devstack@neutron-api.service[101862]: INFO neutron.api.extensions [None req-3df43d65-5a15-42b6-96db-8ac46cbcf559 None None] Loaded extension: fip-port-details
Apr 02 12:58:41.050008 np0000162932 devstack@neutron-api.service[101862]: DEBUG neutron.api.extensions [None req-3df43d65-5a15-42b6-96db-8ac46cbcf559 None None] Loading extension file: flavors.py {{(pid=101862) _load_all_extensions_from_path /opt/stack/neutron/neutron/api/extensions.py:449}}
Apr 02 12:58:41.050227 np0000162932 devstack@neutron-api.service[101862]: DEBUG neutron.api.extensions [None req-3df43d65-5a15-42b6-96db-8ac46cbcf559 None None] Ext name="Neutron Service Flavors" alias="flavors" description="Flavor specification for Neutron advanced services." updated="2015-09-17T10:00:00-00:00" {{(pid=101862) _check_extension /opt/stack/neutron/neutron/api/extensions.py:415}}
Apr 02 12:58:41.050366 np0000162932 devstack@neutron-api.service[101862]: INFO neutron.api.extensions [None req-3df43d65-5a15-42b6-96db-8ac46cbcf559 None None] Loaded extension: flavors
Apr 02 12:58:41.050493 np0000162932 devstack@neutron-api.service[101862]: DEBUG neutron.api.extensions [None req-3df43d65-5a15-42b6-96db-8ac46cbcf559 None None] Loading extension file: floating_ip_port_forwarding.py {{(pid=101862) _load_all_extensions_from_path /opt/stack/neutron/neutron/api/extensions.py:449}}
Apr 02 12:58:41.050803 np0000162932 devstack@neutron-api.service[101862]: DEBUG neutron.api.extensions [None req-3df43d65-5a15-42b6-96db-8ac46cbcf559 None None] Ext name="Floating IP Port Forwarding" alias="floating-ip-port-forwarding" description="Allow port forwarding from floating IP port to an internal port" updated="2018-01-19T10:00:00-00:00" {{(pid=101862) _check_extension /opt/stack/neutron/neutron/api/extensions.py:415}}
Apr 02 12:58:41.050978 np0000162932 devstack@neutron-api.service[101862]: INFO neutron.api.extensions [None req-3df43d65-5a15-42b6-96db-8ac46cbcf559 None None] Extension floating-ip-port-forwarding not supported by any of loaded plugins
Apr 02 12:58:41.051099 np0000162932 devstack@neutron-api.service[101862]: DEBUG neutron.api.extensions [None req-3df43d65-5a15-42b6-96db-8ac46cbcf559 None None] Loading extension file: floatingip_pools.py {{(pid=101862) _load_all_extensions_from_path /opt/stack/neutron/neutron/api/extensions.py:449}}
Apr 02 12:58:41.051370 np0000162932 devstack@neutron-api.service[101862]: DEBUG neutron.api.extensions [None req-3df43d65-5a15-42b6-96db-8ac46cbcf559 None None] Ext name="Floating IP Pools Extension" alias="floatingip-pools" description="Provides a floating IP pools API." updated="2018-03-21T10:00:00-00:00" {{(pid=101862) _check_extension /opt/stack/neutron/neutron/api/extensions.py:415}}
Apr 02 12:58:41.051576 np0000162932 devstack@neutron-api.service[101862]: INFO neutron.api.extensions [None req-3df43d65-5a15-42b6-96db-8ac46cbcf559 None None] Loaded extension: floatingip-pools
Apr 02 12:58:41.051655 np0000162932 devstack@neutron-api.service[101862]: DEBUG neutron.api.extensions [None req-3df43d65-5a15-42b6-96db-8ac46cbcf559 None None] Loading extension file: ip_allocation.py {{(pid=101862) _load_all_extensions_from_path /opt/stack/neutron/neutron/api/extensions.py:449}}
Apr 02 12:58:41.051888 np0000162932 devstack@neutron-api.service[101862]: DEBUG neutron.api.extensions [None req-3df43d65-5a15-42b6-96db-8ac46cbcf559 None None] Ext name="IP Allocation" alias="ip_allocation" description="IP allocation extension." updated="2016-06-10T23:00:00-00:00" {{(pid=101862) _check_extension /opt/stack/neutron/neutron/api/extensions.py:415}}
Apr 02 12:58:41.052061 np0000162932 devstack@neutron-api.service[101862]: INFO neutron.api.extensions [None req-3df43d65-5a15-42b6-96db-8ac46cbcf559 None None] Extension ip_allocation not supported by any of loaded plugins
Apr 02 12:58:41.052146 np0000162932 devstack@neutron-api.service[101862]: DEBUG neutron.api.extensions [None req-3df43d65-5a15-42b6-96db-8ac46cbcf559 None None] Loading extension file: ip_substring_port_filtering.py {{(pid=101862) _load_all_extensions_from_path /opt/stack/neutron/neutron/api/extensions.py:449}}
Apr 02 12:58:41.052351 np0000162932 devstack@neutron-api.service[101862]: DEBUG neutron.api.extensions [None req-3df43d65-5a15-42b6-96db-8ac46cbcf559 None None] Ext name="IP address substring filtering" alias="ip-substring-filtering" description="Provides IP address substring filtering when listing ports" updated="2017-11-28T09:00:00-00:00" {{(pid=101862) _check_extension /opt/stack/neutron/neutron/api/extensions.py:415}}
Apr 02 12:58:41.052539 np0000162932 devstack@neutron-api.service[101862]: INFO neutron.api.extensions [None req-3df43d65-5a15-42b6-96db-8ac46cbcf559 None None] Extension ip-substring-filtering not supported by any of loaded plugins
Apr 02 12:58:41.052631 np0000162932 devstack@neutron-api.service[101862]: DEBUG neutron.api.extensions [None req-3df43d65-5a15-42b6-96db-8ac46cbcf559 None None] Loading extension file: l2_adjacency.py {{(pid=101862) _load_all_extensions_from_path /opt/stack/neutron/neutron/api/extensions.py:449}}
Apr 02 12:58:41.052662 np0000162932 devstack@neutron-api.service[101860]: DEBUG neutron_lib.callbacks.manager [None req-d5f53543-46f9-4685-a9dc-30569d9e0a03 None None] Subscribe: > router before_delete 55550000, False {{(pid=101860) subscribe /opt/stack/data/venv/lib/python3.12/site-packages/neutron_lib/callbacks/manager.py:52}}
Apr 02 12:58:41.052872 np0000162932 devstack@neutron-api.service[101860]: DEBUG neutron_lib.callbacks.manager [None req-d5f53543-46f9-4685-a9dc-30569d9e0a03 None None] Subscribe: port after_update 55550000, False {{(pid=101860) subscribe /opt/stack/data/venv/lib/python3.12/site-packages/neutron_lib/callbacks/manager.py:52}}
Apr 02 12:58:41.052901 np0000162932 devstack@neutron-api.service[101862]: DEBUG neutron.api.extensions [None req-3df43d65-5a15-42b6-96db-8ac46cbcf559 None None] Ext name="L2 Adjacency" alias="l2_adjacency" description="Display L2 Adjacency for Neutron Networks." updated="2016-04-12T16:00:00-00:00" {{(pid=101862) _check_extension /opt/stack/neutron/neutron/api/extensions.py:415}}
Apr 02 12:58:41.052961 np0000162932 devstack@neutron-api.service[101860]: DEBUG neutron_lib.callbacks.manager [None req-d5f53543-46f9-4685-a9dc-30569d9e0a03 None None] Subscribe: port after_delete 55550000, False {{(pid=101860) subscribe /opt/stack/data/venv/lib/python3.12/site-packages/neutron_lib/callbacks/manager.py:52}}
Apr 02 12:58:41.053043 np0000162932 devstack@neutron-api.service[101862]: INFO neutron.api.extensions [None req-3df43d65-5a15-42b6-96db-8ac46cbcf559 None None] Extension l2_adjacency not supported by any of loaded plugins
Apr 02 12:58:41.053070 np0000162932 devstack@neutron-api.service[101860]: DEBUG neutron_lib.callbacks.manager [None req-d5f53543-46f9-4685-a9dc-30569d9e0a03 None None] Subscribe: subnet after_update 55550000, False {{(pid=101860) subscribe /opt/stack/data/venv/lib/python3.12/site-packages/neutron_lib/callbacks/manager.py:52}}
Apr 02 12:58:41.053160 np0000162932 devstack@neutron-api.service[101862]: DEBUG neutron.api.extensions [None req-3df43d65-5a15-42b6-96db-8ac46cbcf559 None None] Loading extension file: l3.py {{(pid=101862) _load_all_extensions_from_path /opt/stack/neutron/neutron/api/extensions.py:449}}
Apr 02 12:58:41.053302 np0000162932 devstack@neutron-api.service[101860]: DEBUG neutron_lib.callbacks.manager [None req-d5f53543-46f9-4685-a9dc-30569d9e0a03 None None] Subscribe: subnetpool_address_scope after_update 55550000, False {{(pid=101860) subscribe /opt/stack/data/venv/lib/python3.12/site-packages/neutron_lib/callbacks/manager.py:52}}
Apr 02 12:58:41.053302 np0000162932 devstack@neutron-api.service[101860]: DEBUG neutron_lib.callbacks.manager [None req-d5f53543-46f9-4685-a9dc-30569d9e0a03 None None] Subscribe: port before_update 55550000, False {{(pid=101860) subscribe /opt/stack/data/venv/lib/python3.12/site-packages/neutron_lib/callbacks/manager.py:52}}
Apr 02 12:58:41.053410 np0000162932 devstack@neutron-api.service[101860]: DEBUG neutron_lib.callbacks.manager [None req-d5f53543-46f9-4685-a9dc-30569d9e0a03 None None] Subscribe: port after_update 55550000, False {{(pid=101860) subscribe /opt/stack/data/venv/lib/python3.12/site-packages/neutron_lib/callbacks/manager.py:52}}
Apr 02 12:58:41.053601 np0000162932 devstack@neutron-api.service[101860]: DEBUG neutron_lib.callbacks.manager [None req-d5f53543-46f9-4685-a9dc-30569d9e0a03 None None] Subscribe: > port precommit_delete 55550000, False {{(pid=101860) subscribe /opt/stack/data/venv/lib/python3.12/site-packages/neutron_lib/callbacks/manager.py:52}}
Apr 02 12:58:41.053702 np0000162932 devstack@neutron-api.service[101862]: DEBUG neutron.api.extensions [None req-3df43d65-5a15-42b6-96db-8ac46cbcf559 None None] Ext name="Neutron L3 Router" alias="router" description="Router abstraction for basic L3 forwarding between L2 Neutron networks and access to external networks via a NAT gateway." updated="2012-07-20T10:00:00-00:00" {{(pid=101862) _check_extension /opt/stack/neutron/neutron/api/extensions.py:415}}
Apr 02 12:58:41.053743 np0000162932 devstack@neutron-api.service[101860]: DEBUG neutron_lib.callbacks.manager [None req-d5f53543-46f9-4685-a9dc-30569d9e0a03 None None] Subscribe: port before_update 55550000, False {{(pid=101860) subscribe /opt/stack/data/venv/lib/python3.12/site-packages/neutron_lib/callbacks/manager.py:52}}
Apr 02 12:58:41.053773 np0000162932 devstack@neutron-api.service[101862]: INFO neutron.api.extensions [None req-3df43d65-5a15-42b6-96db-8ac46cbcf559 None None] Loaded extension: router
Apr 02 12:58:41.053799 np0000162932 devstack@neutron-api.service[101860]: DEBUG neutron_lib.callbacks.manager [None req-d5f53543-46f9-4685-a9dc-30569d9e0a03 None None] Subscribe: port before_delete 55550000, False {{(pid=101860) subscribe /opt/stack/data/venv/lib/python3.12/site-packages/neutron_lib/callbacks/manager.py:52}}
Apr 02 12:58:41.053826 np0000162932 devstack@neutron-api.service[101862]: DEBUG neutron.api.extensions [None req-3df43d65-5a15-42b6-96db-8ac46cbcf559 None None] Loading extension file: l3_conntrack_helper.py {{(pid=101862) _load_all_extensions_from_path /opt/stack/neutron/neutron/api/extensions.py:449}}
Apr 02 12:58:41.053888 np0000162932 devstack@neutron-api.service[101860]: DEBUG neutron_lib.callbacks.manager [None req-d5f53543-46f9-4685-a9dc-30569d9e0a03 None None] Subscribe: > router precommit_create 55550000, False {{(pid=101860) subscribe /opt/stack/data/venv/lib/python3.12/site-packages/neutron_lib/callbacks/manager.py:52}}
Apr 02 12:58:41.054040 np0000162932 devstack@neutron-api.service[101860]: DEBUG neutron_lib.callbacks.manager [None req-d5f53543-46f9-4685-a9dc-30569d9e0a03 None None] Subscribe: > router precommit_create 55550000, False {{(pid=101860) subscribe /opt/stack/data/venv/lib/python3.12/site-packages/neutron_lib/callbacks/manager.py:52}}
Apr 02 12:58:41.054171 np0000162932 devstack@neutron-api.service[101860]: DEBUG neutron_lib.callbacks.manager [None req-d5f53543-46f9-4685-a9dc-30569d9e0a03 None None] Subscribe: > router precommit_update 55550000, False {{(pid=101860) subscribe /opt/stack/data/venv/lib/python3.12/site-packages/neutron_lib/callbacks/manager.py:52}}
Apr 02 12:58:41.054282 np0000162932 devstack@neutron-api.service[101860]: DEBUG neutron_lib.callbacks.manager [None req-d5f53543-46f9-4685-a9dc-30569d9e0a03 None None] Subscribe: subnet after_update 55550000, False {{(pid=101860) subscribe /opt/stack/data/venv/lib/python3.12/site-packages/neutron_lib/callbacks/manager.py:52}}
Apr 02 12:58:41.054421 np0000162932 devstack@neutron-api.service[101862]: DEBUG neutron.api.extensions [None req-3df43d65-5a15-42b6-96db-8ac46cbcf559 None None] Ext name="L3 Conntrack helper" alias="l3-conntrack-helper" description="Allow adding CT target rules for conntrack helper" updated="2019-04-04T10:00:00-00:00" {{(pid=101862) _check_extension /opt/stack/neutron/neutron/api/extensions.py:415}}
Apr 02 12:58:41.054617 np0000162932 devstack@neutron-api.service[101862]: INFO neutron.api.extensions [None req-3df43d65-5a15-42b6-96db-8ac46cbcf559 None None] Extension l3-conntrack-helper not supported by any of loaded plugins
Apr 02 12:58:41.054711 np0000162932 devstack@neutron-api.service[101862]: DEBUG neutron.api.extensions [None req-3df43d65-5a15-42b6-96db-8ac46cbcf559 None None] Loading extension file: l3_enable_default_route_bfd.py {{(pid=101862) _load_all_extensions_from_path /opt/stack/neutron/neutron/api/extensions.py:449}}
Apr 02 12:58:41.054960 np0000162932 devstack@neutron-api.service[101862]: DEBUG neutron.api.extensions [None req-3df43d65-5a15-42b6-96db-8ac46cbcf559 None None] Ext name="Enable Default Route BFD" alias="enable-default-route-bfd" description="Enables configurable BFD behavior for default routes" updated="2023-02-27T00:00:00-00:00" {{(pid=101862) _check_extension /opt/stack/neutron/neutron/api/extensions.py:415}}
Apr 02 12:58:41.055137 np0000162932 devstack@neutron-api.service[101860]: DEBUG neutron.quota.resource_registry [None req-d5f53543-46f9-4685-a9dc-30569d9e0a03 None None] Tracking information for resource: router configured {{(pid=101860) set_tracked_resource /opt/stack/neutron/neutron/quota/resource_registry.py:203}}
Apr 02 12:58:41.055171 np0000162932 devstack@neutron-api.service[101862]: INFO neutron.api.extensions [None req-3df43d65-5a15-42b6-96db-8ac46cbcf559 None None] Loaded extension: enable-default-route-bfd
Apr 02 12:58:41.055246 np0000162932 devstack@neutron-api.service[101862]: DEBUG neutron.api.extensions [None req-3df43d65-5a15-42b6-96db-8ac46cbcf559 None None] Loading extension file: l3_enable_default_route_ecmp.py {{(pid=101862) _load_all_extensions_from_path /opt/stack/neutron/neutron/api/extensions.py:449}}
Apr 02 12:58:41.055277 np0000162932 devstack@neutron-api.service[101860]: DEBUG neutron.quota.resource_registry [None req-d5f53543-46f9-4685-a9dc-30569d9e0a03 None None] Tracking information for resource: floatingip configured {{(pid=101860) set_tracked_resource /opt/stack/neutron/neutron/quota/resource_registry.py:203}}
Apr 02 12:58:41.055407 np0000162932 devstack@neutron-api.service[101860]: INFO neutron.services.ovn_l3.plugin [None req-d5f53543-46f9-4685-a9dc-30569d9e0a03 None None] Starting OVNL3RouterPlugin
Apr 02 12:58:41.055495 np0000162932 devstack@neutron-api.service[101862]: DEBUG neutron.api.extensions [None req-3df43d65-5a15-42b6-96db-8ac46cbcf559 None None] Ext name="Enable Default Route ECMP" alias="enable-default-route-ecmp" description="Enables configurable ECMP behavior for default routes" updated="2023-02-27T00:00:00-00:00" {{(pid=101862) _check_extension /opt/stack/neutron/neutron/api/extensions.py:415}}
Apr 02 12:58:41.055649 np0000162932 devstack@neutron-api.service[101860]: DEBUG neutron_lib.callbacks.manager [None req-d5f53543-46f9-4685-a9dc-30569d9e0a03 None None] Subscribe: > port_forwarding_plugin after_init 55550000, False {{(pid=101860) subscribe /opt/stack/data/venv/lib/python3.12/site-packages/neutron_lib/callbacks/manager.py:52}}
Apr 02 12:58:41.055684 np0000162932 devstack@neutron-api.service[101862]: INFO neutron.api.extensions [None req-3df43d65-5a15-42b6-96db-8ac46cbcf559 None None] Loaded extension: enable-default-route-ecmp
Apr 02 12:58:41.055752 np0000162932 devstack@neutron-api.service[101862]: DEBUG neutron.api.extensions [None req-3df43d65-5a15-42b6-96db-8ac46cbcf559 None None] Loading extension file: l3_ext_gw_mode.py {{(pid=101862) _load_all_extensions_from_path /opt/stack/neutron/neutron/api/extensions.py:449}}
Apr 02 12:58:41.055886 np0000162932 devstack@neutron-api.service[101860]: DEBUG neutron_lib.callbacks.manager [None req-d5f53543-46f9-4685-a9dc-30569d9e0a03 None None] Subscribe: > router before_create 55550100, False {{(pid=101860) subscribe /opt/stack/data/venv/lib/python3.12/site-packages/neutron_lib/callbacks/manager.py:52}}
Apr 02 12:58:41.056006 np0000162932 devstack@neutron-api.service[101860]: DEBUG neutron_lib.callbacks.manager [None req-d5f53543-46f9-4685-a9dc-30569d9e0a03 None None] Subscribe: > router precommit_delete 55550100, False {{(pid=101860) subscribe /opt/stack/data/venv/lib/python3.12/site-packages/neutron_lib/callbacks/manager.py:52}}
Apr 02 12:58:41.056037 np0000162932 devstack@neutron-api.service[101862]: DEBUG neutron.api.extensions [None req-3df43d65-5a15-42b6-96db-8ac46cbcf559 None None] Ext name="Neutron L3 Configurable external gateway mode" alias="ext-gw-mode" description="Extension of the router abstraction for specifying whether SNAT should occur on the external gateway" updated="2013-03-28T10:00:00-00:00" {{(pid=101862) _check_extension /opt/stack/neutron/neutron/api/extensions.py:415}}
Apr 02 12:58:41.056176 np0000162932 devstack@neutron-api.service[101860]: DEBUG neutron_lib.callbacks.manager [None req-d5f53543-46f9-4685-a9dc-30569d9e0a03 None None] Subscribe: > router precommit_create 55550100, False {{(pid=101860) subscribe /opt/stack/data/venv/lib/python3.12/site-packages/neutron_lib/callbacks/manager.py:52}}
Apr 02 12:58:41.056221 np0000162932 devstack@neutron-api.service[101862]: INFO neutron.api.extensions [None req-3df43d65-5a15-42b6-96db-8ac46cbcf559 None None] Loaded extension: ext-gw-mode
Apr 02 12:58:41.056285 np0000162932 devstack@neutron-api.service[101862]: DEBUG neutron.api.extensions [None req-3df43d65-5a15-42b6-96db-8ac46cbcf559 None None] Loading extension file: l3_ext_ha_mode.py {{(pid=101862) _load_all_extensions_from_path /opt/stack/neutron/neutron/api/extensions.py:449}}
Apr 02 12:58:41.056316 np0000162932 devstack@neutron-api.service[101860]: DEBUG neutron_lib.callbacks.manager [None req-d5f53543-46f9-4685-a9dc-30569d9e0a03 None None] Subscribe: > router precommit_update 55550100, False {{(pid=101860) subscribe /opt/stack/data/venv/lib/python3.12/site-packages/neutron_lib/callbacks/manager.py:52}}
Apr 02 12:58:41.056532 np0000162932 devstack@neutron-api.service[101862]: DEBUG neutron.api.extensions [None req-3df43d65-5a15-42b6-96db-8ac46cbcf559 None None] Ext name="HA Router extension" alias="l3-ha" description="Adds HA capability to routers." updated="2014-04-26T00:00:00-00:00" {{(pid=101862) _check_extension /opt/stack/neutron/neutron/api/extensions.py:415}}
Apr 02 12:58:41.056701 np0000162932 devstack@neutron-api.service[101862]: INFO neutron.api.extensions [None req-3df43d65-5a15-42b6-96db-8ac46cbcf559 None None] Loaded extension: l3-ha
Apr 02 12:58:41.056754 np0000162932 devstack@neutron-api.service[101861]: DEBUG neutron_lib.callbacks.manager [None req-3d5c4da5-2419-484a-89c5-5814526dbe72 None None] Subscribe: > router before_delete 55550000, False {{(pid=101861) subscribe /opt/stack/data/venv/lib/python3.12/site-packages/neutron_lib/callbacks/manager.py:52}}
Apr 02 12:58:41.056800 np0000162932 devstack@neutron-api.service[101862]: DEBUG neutron.api.extensions [None req-3df43d65-5a15-42b6-96db-8ac46cbcf559 None None] Loading extension file: l3_ext_ndp_proxy.py {{(pid=101862) _load_all_extensions_from_path /opt/stack/neutron/neutron/api/extensions.py:449}}
Apr 02 12:58:41.056904 np0000162932 devstack@neutron-api.service[101861]: DEBUG neutron_lib.callbacks.manager [None req-3d5c4da5-2419-484a-89c5-5814526dbe72 None None] Subscribe: port after_update 55550000, False {{(pid=101861) subscribe /opt/stack/data/venv/lib/python3.12/site-packages/neutron_lib/callbacks/manager.py:52}}
Apr 02 12:58:41.057008 np0000162932 devstack@neutron-api.service[101861]: DEBUG neutron_lib.callbacks.manager [None req-3d5c4da5-2419-484a-89c5-5814526dbe72 None None] Subscribe: port after_delete 55550000, False {{(pid=101861) subscribe /opt/stack/data/venv/lib/python3.12/site-packages/neutron_lib/callbacks/manager.py:52}}
Apr 02 12:58:41.057039 np0000162932 devstack@neutron-api.service[101862]: DEBUG neutron.api.extensions [None req-3df43d65-5a15-42b6-96db-8ac46cbcf559 None None] Ext name="Router support to enable NDP proxy" alias="l3-ext-ndp-proxy" description="Router extension to enable ndp proxy" updated="2020-08-25T00:00:00-00:00" {{(pid=101862) _check_extension /opt/stack/neutron/neutron/api/extensions.py:415}}
Apr 02 12:58:41.057109 np0000162932 devstack@neutron-api.service[101861]: DEBUG neutron_lib.callbacks.manager [None req-3d5c4da5-2419-484a-89c5-5814526dbe72 None None] Subscribe: subnet after_update 55550000, False {{(pid=101861) subscribe /opt/stack/data/venv/lib/python3.12/site-packages/neutron_lib/callbacks/manager.py:52}}
Apr 02 12:58:41.057228 np0000162932 devstack@neutron-api.service[101861]: DEBUG neutron_lib.callbacks.manager [None req-3d5c4da5-2419-484a-89c5-5814526dbe72 None None] Subscribe: subnetpool_address_scope after_update 55550000, False {{(pid=101861) subscribe /opt/stack/data/venv/lib/python3.12/site-packages/neutron_lib/callbacks/manager.py:52}}
Apr 02 12:58:41.057268 np0000162932 devstack@neutron-api.service[101862]: INFO neutron.api.extensions [None req-3df43d65-5a15-42b6-96db-8ac46cbcf559 None None] Extension l3-ext-ndp-proxy not supported by any of loaded plugins
Apr 02 12:58:41.057301 np0000162932 devstack@neutron-api.service[101862]: DEBUG neutron.api.extensions [None req-3df43d65-5a15-42b6-96db-8ac46cbcf559 None None] Loading extension file: l3_extra_gws.py {{(pid=101862) _load_all_extensions_from_path /opt/stack/neutron/neutron/api/extensions.py:449}}
Apr 02 12:58:41.057329 np0000162932 devstack@neutron-api.service[101861]: DEBUG neutron_lib.callbacks.manager [None req-3d5c4da5-2419-484a-89c5-5814526dbe72 None None] Subscribe: port before_update 55550000, False {{(pid=101861) subscribe /opt/stack/data/venv/lib/python3.12/site-packages/neutron_lib/callbacks/manager.py:52}}
Apr 02 12:58:41.057423 np0000162932 devstack@neutron-api.service[101861]: DEBUG neutron_lib.callbacks.manager [None req-3d5c4da5-2419-484a-89c5-5814526dbe72 None None] Subscribe: port after_update 55550000, False {{(pid=101861) subscribe /opt/stack/data/venv/lib/python3.12/site-packages/neutron_lib/callbacks/manager.py:52}}
Apr 02 12:58:41.057519 np0000162932 devstack@neutron-api.service[101861]: DEBUG neutron_lib.callbacks.manager [None req-3d5c4da5-2419-484a-89c5-5814526dbe72 None None] Subscribe: > port precommit_delete 55550000, False {{(pid=101861) subscribe /opt/stack/data/venv/lib/python3.12/site-packages/neutron_lib/callbacks/manager.py:52}}
Apr 02 12:58:41.057563 np0000162932 devstack@neutron-api.service[101862]: DEBUG neutron.api.extensions [None req-3df43d65-5a15-42b6-96db-8ac46cbcf559 None None] Ext name="Neutron L3 External Gateway Multihoming" alias="external-gateway-multihoming" description="Allow multiple external gateway ports per router" updated="2023-01-18T00:00:00-00:00" {{(pid=101862) _check_extension /opt/stack/neutron/neutron/api/extensions.py:415}}
Apr 02 12:58:41.057626 np0000162932 devstack@neutron-api.service[101861]: DEBUG neutron_lib.callbacks.manager [None req-3d5c4da5-2419-484a-89c5-5814526dbe72 None None] Subscribe: port before_update 55550000, False {{(pid=101861) subscribe /opt/stack/data/venv/lib/python3.12/site-packages/neutron_lib/callbacks/manager.py:52}}
Apr 02 12:58:41.057708 np0000162932 devstack@neutron-api.service[101862]: INFO neutron.api.extensions [None req-3df43d65-5a15-42b6-96db-8ac46cbcf559 None None] Loaded extension: external-gateway-multihoming
Apr 02 12:58:41.057737 np0000162932 devstack@neutron-api.service[101861]: DEBUG neutron_lib.callbacks.manager [None req-3d5c4da5-2419-484a-89c5-5814526dbe72 None None] Subscribe: port before_delete 55550000, False {{(pid=101861) subscribe /opt/stack/data/venv/lib/python3.12/site-packages/neutron_lib/callbacks/manager.py:52}}
Apr 02 12:58:41.057798 np0000162932 devstack@neutron-api.service[101862]: DEBUG neutron.api.extensions [None req-3df43d65-5a15-42b6-96db-8ac46cbcf559 None None] Loading extension file: l3_flavors.py {{(pid=101862) _load_all_extensions_from_path /opt/stack/neutron/neutron/api/extensions.py:449}}
Apr 02 12:58:41.057833 np0000162932 devstack@neutron-api.service[101861]: DEBUG neutron_lib.callbacks.manager [None req-3d5c4da5-2419-484a-89c5-5814526dbe72 None None] Subscribe: > router precommit_create 55550000, False {{(pid=101861) subscribe /opt/stack/data/venv/lib/python3.12/site-packages/neutron_lib/callbacks/manager.py:52}}
Apr 02 12:58:41.057913 np0000162932 devstack@neutron-api.service[101861]: DEBUG neutron_lib.callbacks.manager [None req-3d5c4da5-2419-484a-89c5-5814526dbe72 None None] Subscribe: > router precommit_create 55550000, False {{(pid=101861) subscribe /opt/stack/data/venv/lib/python3.12/site-packages/neutron_lib/callbacks/manager.py:52}}
Apr 02 12:58:41.058014 np0000162932 devstack@neutron-api.service[101861]: DEBUG neutron_lib.callbacks.manager [None req-3d5c4da5-2419-484a-89c5-5814526dbe72 None None] Subscribe: > router precommit_update 55550000, False {{(pid=101861) subscribe /opt/stack/data/venv/lib/python3.12/site-packages/neutron_lib/callbacks/manager.py:52}}
Apr 02 12:58:41.058048 np0000162932 devstack@neutron-api.service[101862]: DEBUG neutron.api.extensions [None req-3df43d65-5a15-42b6-96db-8ac46cbcf559 None None] Ext name="Router Flavor Extension" alias="l3-flavors" description="Flavor support for routers." updated="2016-05-17T00:00:00-00:00" {{(pid=101862) _check_extension /opt/stack/neutron/neutron/api/extensions.py:415}}
Apr 02 12:58:41.058122 np0000162932 devstack@neutron-api.service[101861]: DEBUG neutron_lib.callbacks.manager [None req-3d5c4da5-2419-484a-89c5-5814526dbe72 None None] Subscribe: subnet after_update 55550000, False {{(pid=101861) subscribe /opt/stack/data/venv/lib/python3.12/site-packages/neutron_lib/callbacks/manager.py:52}}
Apr 02 12:58:41.058191 np0000162932 devstack@neutron-api.service[101862]: INFO neutron.api.extensions [None req-3df43d65-5a15-42b6-96db-8ac46cbcf559 None None] Loaded extension: l3-flavors
Apr 02 12:58:41.058282 np0000162932 devstack@neutron-api.service[101862]: DEBUG neutron.api.extensions [None req-3df43d65-5a15-42b6-96db-8ac46cbcf559 None None] Loading extension file: l3_ndp_proxy.py {{(pid=101862) _load_all_extensions_from_path /opt/stack/neutron/neutron/api/extensions.py:449}}
Apr 02 12:58:41.058600 np0000162932 devstack@neutron-api.service[101862]: DEBUG neutron.api.extensions [None req-3df43d65-5a15-42b6-96db-8ac46cbcf559 None None] Ext name="name" alias="l3-ndp-proxy" description="description" updated="2021-06-29T10:00:00-00:00" {{(pid=101862) _check_extension /opt/stack/neutron/neutron/api/extensions.py:415}}
Apr 02 12:58:41.058767 np0000162932 devstack@neutron-api.service[101862]: INFO neutron.api.extensions [None req-3df43d65-5a15-42b6-96db-8ac46cbcf559 None None] Extension l3-ndp-proxy not supported by any of loaded plugins
Apr 02 12:58:41.058822 np0000162932 devstack@neutron-api.service[101861]: DEBUG neutron.quota.resource_registry [None req-3d5c4da5-2419-484a-89c5-5814526dbe72 None None] Tracking information for resource: router configured {{(pid=101861) set_tracked_resource /opt/stack/neutron/neutron/quota/resource_registry.py:203}}
Apr 02 12:58:41.058852 np0000162932 devstack@neutron-api.service[101862]: DEBUG neutron.api.extensions [None req-3df43d65-5a15-42b6-96db-8ac46cbcf559 None None] Loading extension file: l3_port_ip_change_not_allowed.py {{(pid=101862) _load_all_extensions_from_path /opt/stack/neutron/neutron/api/extensions.py:449}}
Apr 02 12:58:41.058922 np0000162932 devstack@neutron-api.service[101861]: DEBUG neutron.quota.resource_registry [None req-3d5c4da5-2419-484a-89c5-5814526dbe72 None None] Tracking information for resource: floatingip configured {{(pid=101861) set_tracked_resource /opt/stack/neutron/neutron/quota/resource_registry.py:203}}
Apr 02 12:58:41.059014 np0000162932 devstack@neutron-api.service[101861]: INFO neutron.services.ovn_l3.plugin [None req-3d5c4da5-2419-484a-89c5-5814526dbe72 None None] Starting OVNL3RouterPlugin
Apr 02 12:58:41.059140 np0000162932 devstack@neutron-api.service[101862]: DEBUG neutron.api.extensions [None req-3df43d65-5a15-42b6-96db-8ac46cbcf559 None None] Ext name="Prevent L3 router ports IP address change extension" alias="l3-port-ip-change-not-allowed" description="Prevent change of IP address for some L3 router ports" updated="2018-10-09T10:00:00-00:00" {{(pid=101862) _check_extension /opt/stack/neutron/neutron/api/extensions.py:415}}
Apr 02 12:58:41.059264 np0000162932 devstack@neutron-api.service[101861]: DEBUG neutron_lib.callbacks.manager [None req-3d5c4da5-2419-484a-89c5-5814526dbe72 None None] Subscribe: > port_forwarding_plugin after_init 55550000, False {{(pid=101861) subscribe /opt/stack/data/venv/lib/python3.12/site-packages/neutron_lib/callbacks/manager.py:52}}
Apr 02 12:58:41.059305 np0000162932 devstack@neutron-api.service[101862]: INFO neutron.api.extensions [None req-3df43d65-5a15-42b6-96db-8ac46cbcf559 None None] Extension l3-port-ip-change-not-allowed not supported by any of loaded plugins
Apr 02 12:58:41.059395 np0000162932 devstack@neutron-api.service[101862]: DEBUG neutron.api.extensions [None req-3df43d65-5a15-42b6-96db-8ac46cbcf559 None None] Loading extension file: l3agentscheduler.py {{(pid=101862) _load_all_extensions_from_path /opt/stack/neutron/neutron/api/extensions.py:449}}
Apr 02 12:58:41.059475 np0000162932 devstack@neutron-api.service[101861]: DEBUG neutron_lib.callbacks.manager [None req-3d5c4da5-2419-484a-89c5-5814526dbe72 None None] Subscribe: > router before_create 55550100, False {{(pid=101861) subscribe /opt/stack/data/venv/lib/python3.12/site-packages/neutron_lib/callbacks/manager.py:52}}
Apr 02 12:58:41.059584 np0000162932 devstack@neutron-api.service[101861]: DEBUG neutron_lib.callbacks.manager [None req-3d5c4da5-2419-484a-89c5-5814526dbe72 None None] Subscribe: > router precommit_delete 55550100, False {{(pid=101861) subscribe /opt/stack/data/venv/lib/python3.12/site-packages/neutron_lib/callbacks/manager.py:52}}
Apr 02 12:58:41.059688 np0000162932 devstack@neutron-api.service[101861]: DEBUG neutron_lib.callbacks.manager [None req-3d5c4da5-2419-484a-89c5-5814526dbe72 None None] Subscribe: > router precommit_create 55550100, False {{(pid=101861) subscribe /opt/stack/data/venv/lib/python3.12/site-packages/neutron_lib/callbacks/manager.py:52}}
Apr 02 12:58:41.059767 np0000162932 devstack@neutron-api.service[101860]: DEBUG neutron.services.provider_configuration [None req-d5f53543-46f9-4685-a9dc-30569d9e0a03 None None] Service providers = [] {{(pid=101860) parse_service_provider_opt /opt/stack/neutron/neutron/services/provider_configuration.py:170}}
Apr 02 12:58:41.059796 np0000162932 devstack@neutron-api.service[101861]: DEBUG neutron_lib.callbacks.manager [None req-3d5c4da5-2419-484a-89c5-5814526dbe72 None None] Subscribe: > router precommit_update 55550100, False {{(pid=101861) subscribe /opt/stack/data/venv/lib/python3.12/site-packages/neutron_lib/callbacks/manager.py:52}}
Apr 02 12:58:41.059876 np0000162932 devstack@neutron-api.service[101860]: DEBUG neutron.db.servicetype_db [None req-d5f53543-46f9-4685-a9dc-30569d9e0a03 None None] Adding provider configuration for service L3_ROUTER_NAT {{(pid=101860) add_provider_configuration /opt/stack/neutron/neutron/db/servicetype_db.py:42}}
Apr 02 12:58:41.059986 np0000162932 devstack@neutron-api.service[101862]: DEBUG neutron.api.extensions [None req-3df43d65-5a15-42b6-96db-8ac46cbcf559 None None] Ext name="L3 Agent Scheduler" alias="l3_agent_scheduler" description="Schedule routers among l3 agents" updated="2013-02-07T10:00:00-00:00" {{(pid=101862) _check_extension /opt/stack/neutron/neutron/api/extensions.py:415}}
Apr 02 12:58:41.060158 np0000162932 devstack@neutron-api.service[101862]: INFO neutron.api.extensions [None req-3df43d65-5a15-42b6-96db-8ac46cbcf559 None None] Extension l3_agent_scheduler not supported by any of loaded plugins
Apr 02 12:58:41.060251 np0000162932 devstack@neutron-api.service[101862]: DEBUG neutron.api.extensions [None req-3df43d65-5a15-42b6-96db-8ac46cbcf559 None None] Loading extension file: local_ip.py {{(pid=101862) _load_all_extensions_from_path /opt/stack/neutron/neutron/api/extensions.py:449}}
Apr 02 12:58:41.060589 np0000162932 devstack@neutron-api.service[101862]: DEBUG neutron.api.extensions [None req-3df43d65-5a15-42b6-96db-8ac46cbcf559 None None] Ext name="Local IP" alias="local_ip" description="Support Node Local Virtual IP" updated="2021-07-26T10:00:00-00:00" {{(pid=101862) _check_extension /opt/stack/neutron/neutron/api/extensions.py:415}}
Apr 02 12:58:41.060759 np0000162932 devstack@neutron-api.service[101862]: INFO neutron.api.extensions [None req-3df43d65-5a15-42b6-96db-8ac46cbcf559 None None] Extension local_ip not supported by any of loaded plugins
Apr 02 12:58:41.060851 np0000162932 devstack@neutron-api.service[101862]: DEBUG neutron.api.extensions [None req-3df43d65-5a15-42b6-96db-8ac46cbcf559 None None] Loading extension file: logging.py {{(pid=101862) _load_all_extensions_from_path /opt/stack/neutron/neutron/api/extensions.py:449}}
Apr 02 12:58:41.061132 np0000162932 devstack@neutron-api.service[101860]: DEBUG neutron_lib.callbacks.manager [None req-d5f53543-46f9-4685-a9dc-30569d9e0a03 None None] Subscribe: > router precommit_create 55549900, False {{(pid=101860) subscribe /opt/stack/data/venv/lib/python3.12/site-packages/neutron_lib/callbacks/manager.py:52}}
Apr 02 12:58:41.061175 np0000162932 devstack@neutron-api.service[101862]: DEBUG neutron.api.extensions [None req-3df43d65-5a15-42b6-96db-8ac46cbcf559 None None] Ext name="Logging API Extension" alias="logging" description="Provides a logging API for resources such as security group and firewall." updated="2017-01-01T10:00:00-00:00" {{(pid=101862) _check_extension /opt/stack/neutron/neutron/api/extensions.py:415}}
Apr 02 12:58:41.061244 np0000162932 devstack@neutron-api.service[101860]: DEBUG neutron_lib.callbacks.manager [None req-d5f53543-46f9-4685-a9dc-30569d9e0a03 None None] Subscribe: > router_interface after_create 55550000, False {{(pid=101860) subscribe /opt/stack/data/venv/lib/python3.12/site-packages/neutron_lib/callbacks/manager.py:52}}
Apr 02 12:58:41.061328 np0000162932 devstack@neutron-api.service[101862]: INFO neutron.api.extensions [None req-3df43d65-5a15-42b6-96db-8ac46cbcf559 None None] Extension logging not supported by any of loaded plugins
Apr 02 12:58:41.061359 np0000162932 devstack@neutron-api.service[101860]: DEBUG neutron_lib.callbacks.manager [None req-d5f53543-46f9-4685-a9dc-30569d9e0a03 None None] Subscribe: > floatingip after_create 55550000, False {{(pid=101860) subscribe /opt/stack/data/venv/lib/python3.12/site-packages/neutron_lib/callbacks/manager.py:52}}
Apr 02 12:58:41.061419 np0000162932 devstack@neutron-api.service[101862]: DEBUG neutron.api.extensions [None req-3df43d65-5a15-42b6-96db-8ac46cbcf559 None None] Loading extension file: metering.py {{(pid=101862) _load_all_extensions_from_path /opt/stack/neutron/neutron/api/extensions.py:449}}
Apr 02 12:58:41.061464 np0000162932 devstack@neutron-api.service[101860]: DEBUG neutron_lib.callbacks.manager [None req-d5f53543-46f9-4685-a9dc-30569d9e0a03 None None] Subscribe: > floatingip precommit_create 55550000, False {{(pid=101860) subscribe /opt/stack/data/venv/lib/python3.12/site-packages/neutron_lib/callbacks/manager.py:52}}
Apr 02 12:58:41.061566 np0000162932 devstack@neutron-api.service[101860]: DEBUG neutron_lib.callbacks.manager [None req-d5f53543-46f9-4685-a9dc-30569d9e0a03 None None] Subscribe: > floatingip precommit_update 55550000, False {{(pid=101860) subscribe /opt/stack/data/venv/lib/python3.12/site-packages/neutron_lib/callbacks/manager.py:52}}
Apr 02 12:58:41.061662 np0000162932 devstack@neutron-api.service[101860]: DEBUG neutron_lib.callbacks.manager [None req-d5f53543-46f9-4685-a9dc-30569d9e0a03 None None] Subscribe: > floatingip after_delete 55550000, False {{(pid=101860) subscribe /opt/stack/data/venv/lib/python3.12/site-packages/neutron_lib/callbacks/manager.py:52}}
Apr 02 12:58:41.061769 np0000162932 devstack@neutron-api.service[101860]: DEBUG neutron_lib.callbacks.manager [None req-d5f53543-46f9-4685-a9dc-30569d9e0a03 None None] Subscribe: > floatingip after_status_update 55550000, False {{(pid=101860) subscribe /opt/stack/data/venv/lib/python3.12/site-packages/neutron_lib/callbacks/manager.py:52}}
Apr 02 12:58:41.061867 np0000162932 devstack@neutron-api.service[101860]: DEBUG neutron_lib.callbacks.manager [None req-d5f53543-46f9-4685-a9dc-30569d9e0a03 None None] Subscribe: > floatingip after_update 55550000, False {{(pid=101860) subscribe /opt/stack/data/venv/lib/python3.12/site-packages/neutron_lib/callbacks/manager.py:52}}
Apr 02 12:58:41.061908 np0000162932 devstack@neutron-api.service[101862]: DEBUG neutron.api.extensions [None req-3df43d65-5a15-42b6-96db-8ac46cbcf559 None None] Ext name="Neutron Metering" alias="metering" description="Neutron Metering extension." updated="2013-06-12T10:00:00-00:00" {{(pid=101862) _check_extension /opt/stack/neutron/neutron/api/extensions.py:415}}
Apr 02 12:58:41.061967 np0000162932 devstack@neutron-api.service[101860]: DEBUG neutron_lib.callbacks.manager [None req-d5f53543-46f9-4685-a9dc-30569d9e0a03 None None] Subscribe: > port_forwarding after_create 55550000, False {{(pid=101860) subscribe /opt/stack/data/venv/lib/python3.12/site-packages/neutron_lib/callbacks/manager.py:52}}
Apr 02 12:58:41.062049 np0000162932 devstack@neutron-api.service[101862]: INFO neutron.api.extensions [None req-3df43d65-5a15-42b6-96db-8ac46cbcf559 None None] Extension metering not supported by any of loaded plugins
Apr 02 12:58:41.062078 np0000162932 devstack@neutron-api.service[101860]: DEBUG neutron_lib.callbacks.manager [None req-d5f53543-46f9-4685-a9dc-30569d9e0a03 None None] Subscribe: > router_interface after_delete 55550000, False {{(pid=101860) subscribe /opt/stack/data/venv/lib/python3.12/site-packages/neutron_lib/callbacks/manager.py:52}}
Apr 02 12:58:41.062143 np0000162932 devstack@neutron-api.service[101862]: DEBUG neutron.api.extensions [None req-3df43d65-5a15-42b6-96db-8ac46cbcf559 None None] Loading extension file: metering_source_and_destination_fields.py {{(pid=101862) _load_all_extensions_from_path /opt/stack/neutron/neutron/api/extensions.py:449}}
Apr 02 12:58:41.062174 np0000162932 devstack@neutron-api.service[101860]: DEBUG neutron_lib.callbacks.manager [None req-d5f53543-46f9-4685-a9dc-30569d9e0a03 None None] Subscribe: > router after_create 55550000, False {{(pid=101860) subscribe /opt/stack/data/venv/lib/python3.12/site-packages/neutron_lib/callbacks/manager.py:52}}
Apr 02 12:58:41.062259 np0000162932 devstack@neutron-api.service[101860]: DEBUG neutron_lib.callbacks.manager [None req-d5f53543-46f9-4685-a9dc-30569d9e0a03 None None] Subscribe: > router precommit_create 55550000, False {{(pid=101860) subscribe /opt/stack/data/venv/lib/python3.12/site-packages/neutron_lib/callbacks/manager.py:52}}
