Aug 14 09:13:41.777610 np0000189555 devstack@n-api.service[98304]: DEBUG oslo_concurrency.lockutils [None req-20e0b8cf-ef8a-4bd7-a819-22cacb223177 admin admin] Lock "a3468140-20db-4927-a8fb-6cbfe735af37" "released" by "nova.context.set_target_cell..get_or_set_cached_cell_and_set_connections" :: held 0.000s {{(pid=98304) inner /opt/stack/data/venv/lib/python3.12/site-packages/oslo_concurrency/lockutils.py:544}}
Aug 14 09:13:41.849193 np0000189555 devstack@n-api.service[98304]: INFO nova.api.openstack.requestlog [None req-20e0b8cf-ef8a-4bd7-a819-22cacb223177 admin admin] 199.19.213.23 "GET /compute/v2.1/os-services?binary=nova-compute&host=np0000189555" status: 200 len: 255 microversion: 2.69 time: 0.083615
Aug 14 09:13:41.849643 np0000189555 devstack@n-api.service[98304]: [pid: 98304|app: 0|req: 15/60] 199.19.213.23 () {68 vars in 1468 bytes} [Fri Aug 14 09:13:41 2026] GET /compute/v2.1/os-services?binary=nova-compute&host=np0000189555 => generated 255 bytes in 85 msecs (HTTP/1.1 200) 9 headers in 359 bytes (1 switches on core 0)
Aug 14 09:13:51.784226 np0000189555 devstack@n-api.service[98304]: DEBUG dbcounter [-] [98304] Writing DB stats nova_cell0:SELECT=1 {{(pid=98304) stat_writer /opt/stack/data/venv/lib/python3.12/site-packages/dbcounter.py:115}}
Aug 14 09:13:51.787038 np0000189555 devstack@n-api.service[98304]: DEBUG dbcounter [-] [98304] Writing DB stats nova_cell1:SELECT=1 {{(pid=98304) stat_writer /opt/stack/data/venv/lib/python3.12/site-packages/dbcounter.py:115}}
Aug 14 09:13:51.839214 np0000189555 devstack@n-api.service[98304]: DEBUG dbcounter [-] [98304] Writing DB stats nova_api:SELECT=2 {{(pid=98304) stat_writer /opt/stack/data/venv/lib/python3.12/site-packages/dbcounter.py:115}}
Aug 14 09:14:16.502260 np0000189555 devstack@n-api.service[98305]: DEBUG nova.api.openstack.wsgi [None req-eaa17357-d0cf-4b57-a34d-5acc2929e29a admin admin] Calling method '>' {{(pid=98305) _process_stack /opt/stack/nova/nova/api/openstack/wsgi.py:551}}
Aug 14 09:14:16.506805 np0000189555 devstack@n-api.service[98305]: INFO nova.api.openstack.requestlog [None req-eaa17357-d0cf-4b57-a34d-5acc2929e29a admin admin] 199.19.213.23 "GET /compute/v2.1" status: 200 len: 392 microversion: 2.1 time: 0.005139
Aug 14 09:14:16.507231 np0000189555 devstack@n-api.service[98305]: [pid: 98305|app: 0|req: 15/61] 199.19.213.23 () {62 vars in 1056 bytes} [Fri Aug 14 09:14:16 2026] GET /compute/v2.1 => generated 392 bytes in 6 msecs (HTTP/1.1 200) 9 headers in 357 bytes (1 switches on core 0)
Aug 14 09:14:16.545374 np0000189555 devstack@n-api.service[98303]: DEBUG nova.api.openstack.wsgi [None req-a2da5cf8-945d-423e-950a-1776ad6ddbd5 admin admin] Calling method '>' {{(pid=98303) _process_stack /opt/stack/nova/nova/api/openstack/wsgi.py:551}}
Aug 14 09:14:16.551904 np0000189555 devstack@n-api.service[98303]: INFO nova.api.openstack.requestlog [None req-a2da5cf8-945d-423e-950a-1776ad6ddbd5 admin admin] 199.19.213.23 "GET /compute/v2.1/" status: 200 len: 392 microversion: 2.1 time: 0.007164
Aug 14 09:14:16.552181 np0000189555 devstack@n-api.service[98303]: [pid: 98303|app: 0|req: 17/62] 199.19.213.23 () {62 vars in 1059 bytes} [Fri Aug 14 09:14:16 2026] GET /compute/v2.1/ => generated 392 bytes in 8 msecs (HTTP/1.1 200) 9 headers in 357 bytes (1 switches on core 0)
Aug 14 09:14:16.591722 np0000189555 devstack@n-api.service[98302]: DEBUG nova.api.openstack.wsgi [None req-93d72122-03e3-4a96-a77b-d53ec6f3a25d demo demo] Calling method '>' {{(pid=98302) _process_stack /opt/stack/nova/nova/api/openstack/wsgi.py:551}}
Aug 14 09:14:16.619304 np0000189555 devstack@n-api.service[98302]: INFO nova.api.openstack.requestlog [None req-93d72122-03e3-4a96-a77b-d53ec6f3a25d demo demo] 199.19.213.23 "GET /compute/v2.1/flavors/detail?is_public=None" status: 200 len: 5240 microversion: 2.61 time: 0.031744
Aug 14 09:14:16.619793 np0000189555 devstack@n-api.service[98302]: [pid: 98302|app: 0|req: 16/63] 199.19.213.23 () {68 vars in 1417 bytes} [Fri Aug 14 09:14:16 2026] GET /compute/v2.1/flavors/detail?is_public=None => generated 5240 bytes in 33 msecs (HTTP/1.1 200) 9 headers in 360 bytes (1 switches on core 0)
Aug 14 09:14:16.676447 np0000189555 devstack@n-api.service[98304]: DEBUG nova.api.openstack.wsgi [None req-ef3bca3a-3af2-4af0-ad71-2bf92027e4cd demo demo] Calling method '>' {{(pid=98304) _process_stack /opt/stack/nova/nova/api/openstack/wsgi.py:551}}
Aug 14 09:14:16.706058 np0000189555 devstack@n-api.service[98304]: INFO nova.api.openstack.requestlog [None req-ef3bca3a-3af2-4af0-ad71-2bf92027e4cd demo demo] 199.19.213.23 "GET /compute/v2.1/flavors/detail?is_public=None" status: 200 len: 5240 microversion: 2.61 time: 0.033138
Aug 14 09:14:16.706413 np0000189555 devstack@n-api.service[98304]: [pid: 98304|app: 0|req: 16/64] 199.19.213.23 () {68 vars in 1417 bytes} [Fri Aug 14 09:14:16 2026] GET /compute/v2.1/flavors/detail?is_public=None => generated 5240 bytes in 34 msecs (HTTP/1.1 200) 9 headers in 360 bytes (1 switches on core 0)
Aug 14 09:14:16.989244 np0000189555 devstack@n-api.service[98305]: DEBUG nova.api.openstack.wsgi [None req-eaa17357-d0cf-4b57-a34d-5acc2929e29a admin admin] Calling method '>' {{(pid=98305) _process_stack /opt/stack/nova/nova/api/openstack/wsgi.py:551}}
Aug 14 09:14:16.995207 np0000189555 devstack@n-api.service[98305]: INFO nova.api.openstack.requestlog [None req-eaa17357-d0cf-4b57-a34d-5acc2929e29a admin admin] 199.19.213.23 "GET /compute/v2.1" status: 200 len: 392 microversion: 2.1 time: 0.006316
Aug 14 09:14:16.995573 np0000189555 devstack@n-api.service[98305]: [pid: 98305|app: 0|req: 16/65] 199.19.213.23 () {62 vars in 1056 bytes} [Fri Aug 14 09:14:16 2026] GET /compute/v2.1 => generated 392 bytes in 7 msecs (HTTP/1.1 200) 9 headers in 357 bytes (1 switches on core 0)
Aug 14 09:14:17.033630 np0000189555 devstack@n-api.service[98303]: DEBUG nova.api.openstack.wsgi [None req-a2da5cf8-945d-423e-950a-1776ad6ddbd5 admin admin] Calling method '>' {{(pid=98303) _process_stack /opt/stack/nova/nova/api/openstack/wsgi.py:551}}
Aug 14 09:14:17.037858 np0000189555 devstack@n-api.service[98303]: INFO nova.api.openstack.requestlog [None req-a2da5cf8-945d-423e-950a-1776ad6ddbd5 admin admin] 199.19.213.23 "GET /compute/v2.1/" status: 200 len: 392 microversion: 2.1 time: 0.004801
Aug 14 09:14:17.038099 np0000189555 devstack@n-api.service[98303]: [pid: 98303|app: 0|req: 18/66] 199.19.213.23 () {62 vars in 1059 bytes} [Fri Aug 14 09:14:17 2026] GET /compute/v2.1/ => generated 392 bytes in 5 msecs (HTTP/1.1 200) 9 headers in 357 bytes (1 switches on core 0)
Aug 14 09:14:17.075819 np0000189555 devstack@n-api.service[98302]: DEBUG nova.api.openstack.wsgi [None req-32343d7a-a496-4ca2-b1e4-608a13287a9f demo demo] Calling method '>' {{(pid=98302) _process_stack /opt/stack/nova/nova/api/openstack/wsgi.py:551}}
Aug 14 09:14:17.096805 np0000189555 devstack@n-api.service[98302]: INFO nova.api.openstack.requestlog [None req-32343d7a-a496-4ca2-b1e4-608a13287a9f demo demo] 199.19.213.23 "GET /compute/v2.1/flavors/detail?is_public=None" status: 200 len: 5240 microversion: 2.61 time: 0.024701
Aug 14 09:14:17.097043 np0000189555 devstack@n-api.service[98302]: [pid: 98302|app: 0|req: 17/67] 199.19.213.23 () {68 vars in 1417 bytes} [Fri Aug 14 09:14:17 2026] GET /compute/v2.1/flavors/detail?is_public=None => generated 5240 bytes in 25 msecs (HTTP/1.1 200) 9 headers in 360 bytes (1 switches on core 0)
Aug 14 09:14:17.152217 np0000189555 devstack@n-api.service[98304]: DEBUG nova.api.openstack.wsgi [None req-69c136d7-80b3-4685-9252-d01b49b482c9 demo demo] Calling method '>' {{(pid=98304) _process_stack /opt/stack/nova/nova/api/openstack/wsgi.py:551}}
Aug 14 09:14:17.185872 np0000189555 devstack@n-api.service[98304]: INFO nova.api.openstack.requestlog [None req-69c136d7-80b3-4685-9252-d01b49b482c9 demo demo] 199.19.213.23 "GET /compute/v2.1/flavors/detail?is_public=None" status: 200 len: 5240 microversion: 2.61 time: 0.039278
Aug 14 09:14:17.185872 np0000189555 devstack@n-api.service[98304]: [pid: 98304|app: 0|req: 17/68] 199.19.213.23 () {68 vars in 1417 bytes} [Fri Aug 14 09:14:17 2026] GET /compute/v2.1/flavors/detail?is_public=None => generated 5240 bytes in 40 msecs (HTTP/1.1 200) 9 headers in 360 bytes (1 switches on core 0)
Aug 14 09:14:21.214520 np0000189555 devstack@n-api.service[98305]: DEBUG nova.api.openstack.wsgi [None req-eaa17357-d0cf-4b57-a34d-5acc2929e29a admin admin] Calling method '>' {{(pid=98305) _process_stack /opt/stack/nova/nova/api/openstack/wsgi.py:551}}
Aug 14 09:14:21.219423 np0000189555 devstack@n-api.service[98305]: INFO nova.api.openstack.requestlog [None req-eaa17357-d0cf-4b57-a34d-5acc2929e29a admin admin] 199.19.213.23 "GET /compute/v2.1" status: 200 len: 392 microversion: 2.1 time: 0.005087
Aug 14 09:14:21.219714 np0000189555 devstack@n-api.service[98305]: [pid: 98305|app: 0|req: 17/69] 199.19.213.23 () {62 vars in 1056 bytes} [Fri Aug 14 09:14:21 2026] GET /compute/v2.1 => generated 392 bytes in 6 msecs (HTTP/1.1 200) 9 headers in 357 bytes (1 switches on core 0)
Aug 14 09:14:21.258271 np0000189555 devstack@n-api.service[98303]: DEBUG nova.api.openstack.wsgi [None req-a2da5cf8-945d-423e-950a-1776ad6ddbd5 admin admin] Calling method '>' {{(pid=98303) _process_stack /opt/stack/nova/nova/api/openstack/wsgi.py:551}}
Aug 14 09:14:21.261116 np0000189555 devstack@n-api.service[98303]: INFO nova.api.openstack.requestlog [None req-a2da5cf8-945d-423e-950a-1776ad6ddbd5 admin admin] 199.19.213.23 "GET /compute/v2.1/" status: 200 len: 392 microversion: 2.1 time: 0.003184
Aug 14 09:14:21.261297 np0000189555 devstack@n-api.service[98303]: [pid: 98303|app: 0|req: 19/70] 199.19.213.23 () {62 vars in 1059 bytes} [Fri Aug 14 09:14:21 2026] GET /compute/v2.1/ => generated 392 bytes in 3 msecs (HTTP/1.1 200) 9 headers in 357 bytes (1 switches on core 0)
Aug 14 09:14:21.298230 np0000189555 devstack@n-api.service[98302]: DEBUG nova.api.openstack.wsgi [None req-653eaaaf-fdc4-461a-a035-3a07dd936179 demo demo] Calling method '>' {{(pid=98302) _process_stack /opt/stack/nova/nova/api/openstack/wsgi.py:551}}
Aug 14 09:14:21.322163 np0000189555 devstack@n-api.service[98302]: INFO nova.api.openstack.requestlog [None req-653eaaaf-fdc4-461a-a035-3a07dd936179 demo demo] 199.19.213.23 "GET /compute/v2.1/flavors/detail?is_public=None" status: 200 len: 5240 microversion: 2.61 time: 0.027628
Aug 14 09:14:21.322402 np0000189555 devstack@n-api.service[98302]: [pid: 98302|app: 0|req: 18/71] 199.19.213.23 () {68 vars in 1417 bytes} [Fri Aug 14 09:14:21 2026] GET /compute/v2.1/flavors/detail?is_public=None => generated 5240 bytes in 28 msecs (HTTP/1.1 200) 9 headers in 360 bytes (1 switches on core 0)
Aug 14 09:14:21.368795 np0000189555 devstack@n-api.service[98304]: DEBUG nova.api.openstack.wsgi [None req-233bd4e9-99c9-4bf5-8b59-8d7c4f15bc4a demo demo] Calling method '>' {{(pid=98304) _process_stack /opt/stack/nova/nova/api/openstack/wsgi.py:551}}
Aug 14 09:14:21.391147 np0000189555 devstack@n-api.service[98304]: INFO nova.api.openstack.requestlog [None req-233bd4e9-99c9-4bf5-8b59-8d7c4f15bc4a demo demo] 199.19.213.23 "GET /compute/v2.1/flavors/detail?is_public=None" status: 200 len: 5240 microversion: 2.61 time: 0.026062
Aug 14 09:14:21.391413 np0000189555 devstack@n-api.service[98304]: [pid: 98304|app: 0|req: 18/72] 199.19.213.23 () {68 vars in 1417 bytes} [Fri Aug 14 09:14:21 2026] GET /compute/v2.1/flavors/detail?is_public=None => generated 5240 bytes in 27 msecs (HTTP/1.1 200) 9 headers in 360 bytes (1 switches on core 0)
Aug 14 09:14:21.541022 np0000189555 devstack@n-api.service[98305]: DEBUG nova.api.openstack.wsgi [None req-eaa17357-d0cf-4b57-a34d-5acc2929e29a admin admin] Calling method '>' {{(pid=98305) _process_stack /opt/stack/nova/nova/api/openstack/wsgi.py:551}}
Aug 14 09:14:21.546320 np0000189555 devstack@n-api.service[98305]: INFO nova.api.openstack.requestlog [None req-eaa17357-d0cf-4b57-a34d-5acc2929e29a admin admin] 199.19.213.23 "GET /compute/v2.1" status: 200 len: 392 microversion: 2.1 time: 0.005837
Aug 14 09:14:21.546680 np0000189555 devstack@n-api.service[98305]: [pid: 98305|app: 0|req: 18/73] 199.19.213.23 () {62 vars in 1056 bytes} [Fri Aug 14 09:14:21 2026] GET /compute/v2.1 => generated 392 bytes in 7 msecs (HTTP/1.1 200) 9 headers in 357 bytes (1 switches on core 0)
Aug 14 09:14:21.582372 np0000189555 devstack@n-api.service[98303]: DEBUG nova.api.openstack.wsgi [None req-a2da5cf8-945d-423e-950a-1776ad6ddbd5 admin admin] Calling method '>' {{(pid=98303) _process_stack /opt/stack/nova/nova/api/openstack/wsgi.py:551}}
Aug 14 09:14:21.585042 np0000189555 devstack@n-api.service[98303]: INFO nova.api.openstack.requestlog [None req-a2da5cf8-945d-423e-950a-1776ad6ddbd5 admin admin] 199.19.213.23 "GET /compute/v2.1/" status: 200 len: 392 microversion: 2.1 time: 0.002896
Aug 14 09:14:21.585213 np0000189555 devstack@n-api.service[98303]: [pid: 98303|app: 0|req: 20/74] 199.19.213.23 () {62 vars in 1059 bytes} [Fri Aug 14 09:14:21 2026] GET /compute/v2.1/ => generated 392 bytes in 3 msecs (HTTP/1.1 200) 9 headers in 357 bytes (1 switches on core 0)
Aug 14 09:14:21.622500 np0000189555 devstack@n-api.service[98302]: DEBUG nova.api.openstack.wsgi [None req-164e74be-9a63-440d-b656-d0e97d414773 demo demo] Calling method '>' {{(pid=98302) _process_stack /opt/stack/nova/nova/api/openstack/wsgi.py:551}}
Aug 14 09:14:21.642734 np0000189555 devstack@n-api.service[98302]: INFO nova.api.openstack.requestlog [None req-164e74be-9a63-440d-b656-d0e97d414773 demo demo] 199.19.213.23 "GET /compute/v2.1/flavors/detail?is_public=None" status: 200 len: 5240 microversion: 2.61 time: 0.024137
Aug 14 09:14:21.643025 np0000189555 devstack@n-api.service[98302]: [pid: 98302|app: 0|req: 19/75] 199.19.213.23 () {68 vars in 1417 bytes} [Fri Aug 14 09:14:21 2026] GET /compute/v2.1/flavors/detail?is_public=None => generated 5240 bytes in 25 msecs (HTTP/1.1 200) 9 headers in 360 bytes (1 switches on core 0)
Aug 14 09:14:21.692486 np0000189555 devstack@n-api.service[98304]: DEBUG nova.api.openstack.wsgi [None req-1f52f6c8-2ca6-4d14-9fdf-756a179b8b03 demo demo] Calling method '>' {{(pid=98304) _process_stack /opt/stack/nova/nova/api/openstack/wsgi.py:551}}
Aug 14 09:14:21.713714 np0000189555 devstack@n-api.service[98304]: INFO nova.api.openstack.requestlog [None req-1f52f6c8-2ca6-4d14-9fdf-756a179b8b03 demo demo] 199.19.213.23 "GET /compute/v2.1/flavors/detail?is_public=None" status: 200 len: 5240 microversion: 2.61 time: 0.024974
Aug 14 09:14:21.713998 np0000189555 devstack@n-api.service[98304]: [pid: 98304|app: 0|req: 19/76] 199.19.213.23 () {68 vars in 1417 bytes} [Fri Aug 14 09:14:21 2026] GET /compute/v2.1/flavors/detail?is_public=None => generated 5240 bytes in 26 msecs (HTTP/1.1 200) 9 headers in 360 bytes (1 switches on core 0)
Aug 14 09:14:25.629222 np0000189555 devstack@n-api.service[98305]: DEBUG nova.api.openstack.wsgi [None req-eaa17357-d0cf-4b57-a34d-5acc2929e29a admin admin] Calling method '>' {{(pid=98305) _process_stack /opt/stack/nova/nova/api/openstack/wsgi.py:551}}
Aug 14 09:14:25.633922 np0000189555 devstack@n-api.service[98305]: INFO nova.api.openstack.requestlog [None req-eaa17357-d0cf-4b57-a34d-5acc2929e29a admin admin] 199.19.213.23 "GET /compute/v2.1" status: 200 len: 392 microversion: 2.1 time: 0.004771
Aug 14 09:14:25.634309 np0000189555 devstack@n-api.service[98305]: [pid: 98305|app: 0|req: 19/77] 199.19.213.23 () {62 vars in 1067 bytes} [Fri Aug 14 09:14:25 2026] GET /compute/v2.1 => generated 392 bytes in 6 msecs (HTTP/1.1 200) 9 headers in 357 bytes (1 switches on core 0)
Aug 14 09:14:25.678022 np0000189555 devstack@n-api.service[98303]: DEBUG nova.api.openstack.wsgi [None req-a2da5cf8-945d-423e-950a-1776ad6ddbd5 admin admin] Calling method '>' {{(pid=98303) _process_stack /opt/stack/nova/nova/api/openstack/wsgi.py:551}}
Aug 14 09:14:25.680622 np0000189555 devstack@n-api.service[98303]: INFO nova.api.openstack.requestlog [None req-a2da5cf8-945d-423e-950a-1776ad6ddbd5 admin admin] 199.19.213.23 "GET /compute/v2.1/" status: 200 len: 392 microversion: 2.1 time: 0.002869
Aug 14 09:14:25.680797 np0000189555 devstack@n-api.service[98303]: [pid: 98303|app: 0|req: 21/78] 199.19.213.23 () {62 vars in 1070 bytes} [Fri Aug 14 09:14:25 2026] GET /compute/v2.1/ => generated 392 bytes in 3 msecs (HTTP/1.1 200) 9 headers in 357 bytes (1 switches on core 0)
Aug 14 09:14:25.721194 np0000189555 devstack@n-api.service[98302]: DEBUG nova.api.openstack.wsgi [None req-1478c107-d352-4017-a523-8a2b9e7d85ff demo demo] Calling method '>' {{(pid=98302) _process_stack /opt/stack/nova/nova/api/openstack/wsgi.py:551}}
Aug 14 09:14:25.748757 np0000189555 devstack@n-api.service[98302]: INFO nova.api.openstack.requestlog [None req-1478c107-d352-4017-a523-8a2b9e7d85ff demo demo] 199.19.213.23 "GET /compute/v2.1/os-server-groups" status: 200 len: 21 microversion: 2.64 time: 0.030026
Aug 14 09:14:25.749083 np0000189555 devstack@n-api.service[98302]: [pid: 98302|app: 0|req: 20/79] 199.19.213.23 () {68 vars in 1405 bytes} [Fri Aug 14 09:14:25 2026] GET /compute/v2.1/os-server-groups => generated 21 bytes in 31 msecs (HTTP/1.1 200) 9 headers in 358 bytes (1 switches on core 0)
Aug 14 09:14:25.787956 np0000189555 devstack@n-api.service[98304]: DEBUG nova.api.openstack.wsgi [None req-1f52f6c8-2ca6-4d14-9fdf-756a179b8b03 demo demo] Calling method '>' {{(pid=98304) _process_stack /opt/stack/nova/nova/api/openstack/wsgi.py:551}}
Aug 14 09:14:25.793199 np0000189555 devstack@n-api.service[98304]: INFO nova.api.openstack.requestlog [None req-1f52f6c8-2ca6-4d14-9fdf-756a179b8b03 demo demo] 199.19.213.23 "GET /compute/v2.1" status: 200 len: 392 microversion: 2.1 time: 0.005585
Aug 14 09:14:25.793567 np0000189555 devstack@n-api.service[98304]: [pid: 98304|app: 0|req: 20/80] 199.19.213.23 () {62 vars in 1067 bytes} [Fri Aug 14 09:14:25 2026] GET /compute/v2.1 => generated 392 bytes in 6 msecs (HTTP/1.1 200) 9 headers in 357 bytes (1 switches on core 0)
Aug 14 09:14:25.835006 np0000189555 devstack@n-api.service[98305]: DEBUG nova.api.openstack.wsgi [None req-eaa17357-d0cf-4b57-a34d-5acc2929e29a admin admin] Calling method '>' {{(pid=98305) _process_stack /opt/stack/nova/nova/api/openstack/wsgi.py:551}}
Aug 14 09:14:25.840992 np0000189555 devstack@n-api.service[98305]: INFO nova.api.openstack.requestlog [None req-eaa17357-d0cf-4b57-a34d-5acc2929e29a admin admin] 199.19.213.23 "GET /compute/v2.1/" status: 200 len: 392 microversion: 2.1 time: 0.006282
Aug 14 09:14:25.841184 np0000189555 devstack@n-api.service[98305]: [pid: 98305|app: 0|req: 20/81] 199.19.213.23 () {62 vars in 1070 bytes} [Fri Aug 14 09:14:25 2026] GET /compute/v2.1/ => generated 392 bytes in 7 msecs (HTTP/1.1 200) 9 headers in 357 bytes (1 switches on core 0)
Aug 14 09:14:25.880179 np0000189555 devstack@n-api.service[98303]: DEBUG nova.api.openstack.wsgi [None req-aa8c69d1-db3a-40b5-84ed-f17b7d44d7e2 demo demo] Action: 'create', calling method: >, body: {"server_group": {"name": "kube-d2snj", "policy": "soft-anti-affinity"}} {{(pid=98303) _process_stack /opt/stack/nova/nova/api/openstack/wsgi.py:549}}
Aug 14 09:14:25.900386 np0000189555 devstack@n-api.service[98303]: DEBUG nova.quota [None req-aa8c69d1-db3a-40b5-84ed-f17b7d44d7e2 demo demo] Getting quotas for project ac30e1dfbd7b40a7990d1d78a2d68796. Resources: {'server_groups'} {{(pid=98303) _get_quotas /opt/stack/nova/nova/quota.py:389}}
Aug 14 09:14:25.903472 np0000189555 devstack@n-api.service[98303]: DEBUG nova.quota [None req-aa8c69d1-db3a-40b5-84ed-f17b7d44d7e2 demo demo] Getting quotas for user 16bf0d8cff794ae3bf067153a62e9e51 and project ac30e1dfbd7b40a7990d1d78a2d68796. Resources: {'server_groups'} {{(pid=98303) _get_quotas /opt/stack/nova/nova/quota.py:379}}
Aug 14 09:14:25.954758 np0000189555 devstack@n-api.service[98303]: DEBUG nova.quota [None req-aa8c69d1-db3a-40b5-84ed-f17b7d44d7e2 demo demo] Getting quotas for project ac30e1dfbd7b40a7990d1d78a2d68796. Resources: {'server_groups'} {{(pid=98303) _get_quotas /opt/stack/nova/nova/quota.py:389}}
Aug 14 09:14:25.956672 np0000189555 devstack@n-api.service[98303]: DEBUG nova.quota [None req-aa8c69d1-db3a-40b5-84ed-f17b7d44d7e2 demo demo] Getting quotas for user 16bf0d8cff794ae3bf067153a62e9e51 and project ac30e1dfbd7b40a7990d1d78a2d68796. Resources: {'server_groups'} {{(pid=98303) _get_quotas /opt/stack/nova/nova/quota.py:379}}
Aug 14 09:14:25.964533 np0000189555 devstack@n-api.service[98303]: INFO nova.api.openstack.requestlog [None req-aa8c69d1-db3a-40b5-84ed-f17b7d44d7e2 demo demo] 199.19.213.23 "POST /compute/v2.1/os-server-groups" status: 200 len: 243 microversion: 2.64 time: 0.088432
Aug 14 09:14:25.965156 np0000189555 devstack@n-api.service[98303]: [pid: 98303|app: 0|req: 22/82] 199.19.213.23 () {72 vars in 1445 bytes} [Fri Aug 14 09:14:25 2026] POST /compute/v2.1/os-server-groups => generated 243 bytes in 89 msecs (HTTP/1.1 200) 9 headers in 359 bytes (1 switches on core 0)
Aug 14 09:14:26.009911 np0000189555 devstack@n-api.service[98302]: DEBUG nova.api.openstack.wsgi [None req-1478c107-d352-4017-a523-8a2b9e7d85ff demo demo] Calling method '>' {{(pid=98302) _process_stack /opt/stack/nova/nova/api/openstack/wsgi.py:551}}
Aug 14 09:14:26.017291 np0000189555 devstack@n-api.service[98302]: INFO nova.api.openstack.requestlog [None req-1478c107-d352-4017-a523-8a2b9e7d85ff demo demo] 199.19.213.23 "GET /compute/v2.1" status: 200 len: 392 microversion: 2.1 time: 0.007538
Aug 14 09:14:26.017795 np0000189555 devstack@n-api.service[98302]: [pid: 98302|app: 0|req: 21/83] 199.19.213.23 () {62 vars in 1067 bytes} [Fri Aug 14 09:14:26 2026] GET /compute/v2.1 => generated 392 bytes in 9 msecs (HTTP/1.1 200) 9 headers in 357 bytes (1 switches on core 0)
Aug 14 09:14:26.053789 np0000189555 devstack@n-api.service[98304]: DEBUG nova.api.openstack.wsgi [None req-1f52f6c8-2ca6-4d14-9fdf-756a179b8b03 demo demo] Calling method '>' {{(pid=98304) _process_stack /opt/stack/nova/nova/api/openstack/wsgi.py:551}}
Aug 14 09:14:26.059310 np0000189555 devstack@n-api.service[98304]: INFO nova.api.openstack.requestlog [None req-1f52f6c8-2ca6-4d14-9fdf-756a179b8b03 demo demo] 199.19.213.23 "GET /compute/v2.1/" status: 200 len: 392 microversion: 2.1 time: 0.005716
Aug 14 09:14:26.059714 np0000189555 devstack@n-api.service[98304]: [pid: 98304|app: 0|req: 21/84] 199.19.213.23 () {62 vars in 1070 bytes} [Fri Aug 14 09:14:26 2026] GET /compute/v2.1/ => generated 392 bytes in 7 msecs (HTTP/1.1 200) 9 headers in 357 bytes (1 switches on core 0)
Aug 14 09:14:26.096618 np0000189555 devstack@n-api.service[98305]: DEBUG nova.api.openstack.wsgi [None req-a1cf0080-9023-4313-a581-d8f15f4473e2 demo demo] Calling method '>' {{(pid=98305) _process_stack /opt/stack/nova/nova/api/openstack/wsgi.py:551}}
Aug 14 09:14:26.117678 np0000189555 devstack@n-api.service[98305]: INFO nova.api.openstack.requestlog [None req-a1cf0080-9023-4313-a581-d8f15f4473e2 demo demo] 199.19.213.23 "GET /compute/v2.1/os-server-groups" status: 200 len: 246 microversion: 2.64 time: 0.023424
Aug 14 09:14:26.118054 np0000189555 devstack@n-api.service[98305]: [pid: 98305|app: 0|req: 21/85] 199.19.213.23 () {68 vars in 1405 bytes} [Fri Aug 14 09:14:26 2026] GET /compute/v2.1/os-server-groups => generated 246 bytes in 24 msecs (HTTP/1.1 200) 9 headers in 359 bytes (1 switches on core 0)
Aug 14 09:14:26.156467 np0000189555 devstack@n-api.service[98303]: DEBUG nova.api.openstack.wsgi [None req-aa8c69d1-db3a-40b5-84ed-f17b7d44d7e2 demo demo] Calling method '>' {{(pid=98303) _process_stack /opt/stack/nova/nova/api/openstack/wsgi.py:551}}
Aug 14 09:14:26.162999 np0000189555 devstack@n-api.service[98303]: INFO nova.api.openstack.requestlog [None req-aa8c69d1-db3a-40b5-84ed-f17b7d44d7e2 demo demo] 199.19.213.23 "GET /compute/v2.1" status: 200 len: 392 microversion: 2.1 time: 0.006832
Aug 14 09:14:26.163727 np0000189555 devstack@n-api.service[98303]: [pid: 98303|app: 0|req: 23/86] 199.19.213.23 () {62 vars in 1067 bytes} [Fri Aug 14 09:14:26 2026] GET /compute/v2.1 => generated 392 bytes in 8 msecs (HTTP/1.1 200) 9 headers in 357 bytes (1 switches on core 0)
Aug 14 09:14:26.204473 np0000189555 devstack@n-api.service[98302]: DEBUG nova.api.openstack.wsgi [None req-1478c107-d352-4017-a523-8a2b9e7d85ff demo demo] Calling method '>' {{(pid=98302) _process_stack /opt/stack/nova/nova/api/openstack/wsgi.py:551}}
Aug 14 09:14:26.208945 np0000189555 devstack@n-api.service[98302]: INFO nova.api.openstack.requestlog [None req-1478c107-d352-4017-a523-8a2b9e7d85ff demo demo] 199.19.213.23 "GET /compute/v2.1/" status: 200 len: 392 microversion: 2.1 time: 0.004731
Aug 14 09:14:26.209198 np0000189555 devstack@n-api.service[98302]: [pid: 98302|app: 0|req: 22/87] 199.19.213.23 () {62 vars in 1070 bytes} [Fri Aug 14 09:14:26 2026] GET /compute/v2.1/ => generated 392 bytes in 5 msecs (HTTP/1.1 200) 9 headers in 357 bytes (1 switches on core 0)
Aug 14 09:14:26.251378 np0000189555 devstack@n-api.service[98304]: DEBUG nova.api.openstack.wsgi [None req-f730d36a-4e3a-46fc-b11b-cae4b91ede95 demo demo] Action: 'create', calling method: >, body: {"server_group": {"name": "kube-d2snj-default-worker", "policy": "soft-anti-affinity"}} {{(pid=98304) _process_stack /opt/stack/nova/nova/api/openstack/wsgi.py:549}}
Aug 14 09:14:26.277080 np0000189555 devstack@n-api.service[98304]: DEBUG nova.quota [None req-f730d36a-4e3a-46fc-b11b-cae4b91ede95 demo demo] Getting quotas for project ac30e1dfbd7b40a7990d1d78a2d68796. Resources: {'server_groups'} {{(pid=98304) _get_quotas /opt/stack/nova/nova/quota.py:389}}
Aug 14 09:14:26.280135 np0000189555 devstack@n-api.service[98304]: DEBUG nova.quota [None req-f730d36a-4e3a-46fc-b11b-cae4b91ede95 demo demo] Getting quotas for user 16bf0d8cff794ae3bf067153a62e9e51 and project ac30e1dfbd7b40a7990d1d78a2d68796. Resources: {'server_groups'} {{(pid=98304) _get_quotas /opt/stack/nova/nova/quota.py:379}}
Aug 14 09:14:26.338956 np0000189555 devstack@n-api.service[98304]: DEBUG nova.quota [None req-f730d36a-4e3a-46fc-b11b-cae4b91ede95 demo demo] Getting quotas for project ac30e1dfbd7b40a7990d1d78a2d68796. Resources: {'server_groups'} {{(pid=98304) _get_quotas /opt/stack/nova/nova/quota.py:389}}
Aug 14 09:14:26.341091 np0000189555 devstack@n-api.service[98304]: DEBUG nova.quota [None req-f730d36a-4e3a-46fc-b11b-cae4b91ede95 demo demo] Getting quotas for user 16bf0d8cff794ae3bf067153a62e9e51 and project ac30e1dfbd7b40a7990d1d78a2d68796. Resources: {'server_groups'} {{(pid=98304) _get_quotas /opt/stack/nova/nova/quota.py:379}}
Aug 14 09:14:26.349015 np0000189555 devstack@n-api.service[98304]: INFO nova.api.openstack.requestlog [None req-f730d36a-4e3a-46fc-b11b-cae4b91ede95 demo demo] 199.19.213.23 "POST /compute/v2.1/os-server-groups" status: 200 len: 258 microversion: 2.64 time: 0.101022
Aug 14 09:14:26.349472 np0000189555 devstack@n-api.service[98304]: [pid: 98304|app: 0|req: 22/88] 199.19.213.23 () {72 vars in 1445 bytes} [Fri Aug 14 09:14:26 2026] POST /compute/v2.1/os-server-groups => generated 258 bytes in 102 msecs (HTTP/1.1 200) 9 headers in 359 bytes (1 switches on core 0)
Aug 14 09:14:29.547807 np0000189555 devstack@n-api.service[98305]: DEBUG nova.api.openstack.wsgi [None req-a1cf0080-9023-4313-a581-d8f15f4473e2 demo demo] Calling method '>' {{(pid=98305) _process_stack /opt/stack/nova/nova/api/openstack/wsgi.py:551}}
Aug 14 09:14:29.553410 np0000189555 devstack@n-api.service[98305]: INFO nova.api.openstack.requestlog [None req-a1cf0080-9023-4313-a581-d8f15f4473e2 demo demo] 199.19.213.23 "GET /compute/v2.1" status: 200 len: 392 microversion: 2.1 time: 0.005909
Aug 14 09:14:29.553775 np0000189555 devstack@n-api.service[98305]: [pid: 98305|app: 0|req: 22/89] 199.19.213.23 () {62 vars in 1067 bytes} [Fri Aug 14 09:14:29 2026] GET /compute/v2.1 => generated 392 bytes in 7 msecs (HTTP/1.1 200) 9 headers in 357 bytes (1 switches on core 0)
Aug 14 09:14:29.584833 np0000189555 devstack@n-api.service[98303]: DEBUG nova.api.openstack.wsgi [None req-aa8c69d1-db3a-40b5-84ed-f17b7d44d7e2 demo demo] Calling method '>' {{(pid=98303) _process_stack /opt/stack/nova/nova/api/openstack/wsgi.py:551}}
Aug 14 09:14:29.593560 np0000189555 devstack@n-api.service[98303]: INFO nova.api.openstack.requestlog [None req-aa8c69d1-db3a-40b5-84ed-f17b7d44d7e2 demo demo] 199.19.213.23 "GET /compute/v2.1/" status: 200 len: 392 microversion: 2.1 time: 0.009192
Aug 14 09:14:29.594282 np0000189555 devstack@n-api.service[98303]: [pid: 98303|app: 0|req: 24/90] 199.19.213.23 () {62 vars in 1070 bytes} [Fri Aug 14 09:14:29 2026] GET /compute/v2.1/ => generated 392 bytes in 11 msecs (HTTP/1.1 200) 9 headers in 357 bytes (1 switches on core 0)
Aug 14 09:14:29.627583 np0000189555 devstack@n-api.service[98302]: DEBUG nova.api.openstack.wsgi [None req-9fcd2eb2-9c19-4f8b-94fd-424d8758c966 demo demo] Calling method '>' {{(pid=98302) _process_stack /opt/stack/nova/nova/api/openstack/wsgi.py:551}}
Aug 14 09:14:29.656560 np0000189555 devstack@n-api.service[98302]: INFO nova.api.openstack.requestlog [None req-9fcd2eb2-9c19-4f8b-94fd-424d8758c966 demo demo] 199.19.213.23 "GET /compute/v2.1/flavors/detail?is_public=None" status: 200 len: 5240 microversion: 2.61 time: 0.032699
Aug 14 09:14:29.656813 np0000189555 devstack@n-api.service[98302]: [pid: 98302|app: 0|req: 23/91] 199.19.213.23 () {68 vars in 1428 bytes} [Fri Aug 14 09:14:29 2026] GET /compute/v2.1/flavors/detail?is_public=None => generated 5240 bytes in 33 msecs (HTTP/1.1 200) 9 headers in 360 bytes (1 switches on core 0)
Aug 14 09:14:29.697038 np0000189555 devstack@n-api.service[98304]: DEBUG nova.api.openstack.wsgi [None req-d2e13d37-4df6-492c-9813-aa08e78b13b6 demo demo] Calling method '>' {{(pid=98304) _process_stack /opt/stack/nova/nova/api/openstack/wsgi.py:551}}
Aug 14 09:14:29.716660 np0000189555 devstack@n-api.service[98304]: INFO nova.api.openstack.requestlog [None req-d2e13d37-4df6-492c-9813-aa08e78b13b6 demo demo] 199.19.213.23 "GET /compute/v2.1/flavors/detail?is_public=None" status: 200 len: 5240 microversion: 2.61 time: 0.023076
Aug 14 09:14:29.716888 np0000189555 devstack@n-api.service[98304]: [pid: 98304|app: 0|req: 23/92] 199.19.213.23 () {68 vars in 1428 bytes} [Fri Aug 14 09:14:29 2026] GET /compute/v2.1/flavors/detail?is_public=None => generated 5240 bytes in 24 msecs (HTTP/1.1 200) 9 headers in 360 bytes (1 switches on core 0)
Aug 14 09:14:29.870445 np0000189555 devstack@n-api.service[98305]: DEBUG nova.api.openstack.wsgi [None req-a1cf0080-9023-4313-a581-d8f15f4473e2 demo demo] Calling method '>' {{(pid=98305) _process_stack /opt/stack/nova/nova/api/openstack/wsgi.py:551}}
Aug 14 09:14:29.875641 np0000189555 devstack@n-api.service[98305]: INFO nova.api.openstack.requestlog [None req-a1cf0080-9023-4313-a581-d8f15f4473e2 demo demo] 199.19.213.23 "GET /compute/v2.1" status: 200 len: 392 microversion: 2.1 time: 0.005712
Aug 14 09:14:29.875882 np0000189555 devstack@n-api.service[98305]: [pid: 98305|app: 0|req: 23/93] 199.19.213.23 () {62 vars in 1067 bytes} [Fri Aug 14 09:14:29 2026] GET /compute/v2.1 => generated 392 bytes in 6 msecs (HTTP/1.1 200) 9 headers in 357 bytes (1 switches on core 0)
Aug 14 09:14:29.915105 np0000189555 devstack@n-api.service[98303]: DEBUG nova.api.openstack.wsgi [None req-aa8c69d1-db3a-40b5-84ed-f17b7d44d7e2 demo demo] Calling method '>' {{(pid=98303) _process_stack /opt/stack/nova/nova/api/openstack/wsgi.py:551}}
Aug 14 09:14:29.922093 np0000189555 devstack@n-api.service[98303]: INFO nova.api.openstack.requestlog [None req-aa8c69d1-db3a-40b5-84ed-f17b7d44d7e2 demo demo] 199.19.213.23 "GET /compute/v2.1/" status: 200 len: 392 microversion: 2.1 time: 0.007826
Aug 14 09:14:29.922482 np0000189555 devstack@n-api.service[98303]: [pid: 98303|app: 0|req: 25/94] 199.19.213.23 () {62 vars in 1070 bytes} [Fri Aug 14 09:14:29 2026] GET /compute/v2.1/ => generated 392 bytes in 9 msecs (HTTP/1.1 200) 9 headers in 357 bytes (1 switches on core 0)
Aug 14 09:14:29.962991 np0000189555 devstack@n-api.service[98302]: DEBUG nova.api.openstack.wsgi [None req-d11e2b15-823d-485e-8a60-8725b11ed919 demo demo] Calling method '>' {{(pid=98302) _process_stack /opt/stack/nova/nova/api/openstack/wsgi.py:551}}
Aug 14 09:14:29.987334 np0000189555 devstack@n-api.service[98302]: INFO nova.api.openstack.requestlog [None req-d11e2b15-823d-485e-8a60-8725b11ed919 demo demo] 199.19.213.23 "GET /compute/v2.1/flavors/detail?is_public=None" status: 200 len: 5240 microversion: 2.61 time: 0.029385
Aug 14 09:14:29.987881 np0000189555 devstack@n-api.service[98302]: [pid: 98302|app: 0|req: 24/95] 199.19.213.23 () {68 vars in 1428 bytes} [Fri Aug 14 09:14:29 2026] GET /compute/v2.1/flavors/detail?is_public=None => generated 5240 bytes in 31 msecs (HTTP/1.1 200) 9 headers in 360 bytes (1 switches on core 0)
Aug 14 09:14:35.959884 np0000189555 devstack@n-api.service[98303]: DEBUG dbcounter [-] [98303] Writing DB stats nova_cell0:SELECT=4 {{(pid=98303) stat_writer /opt/stack/data/venv/lib/python3.12/site-packages/dbcounter.py:115}}
Aug 14 09:14:35.962153 np0000189555 devstack@n-api.service[98303]: DEBUG dbcounter [-] [98303] Writing DB stats nova_api:SELECT=14,nova_api:INSERT=2 {{(pid=98303) stat_writer /opt/stack/data/venv/lib/python3.12/site-packages/dbcounter.py:115}}
Aug 14 09:14:36.115089 np0000189555 devstack@n-api.service[98305]: DEBUG dbcounter [-] [98305] Writing DB stats nova_api:SELECT=2 {{(pid=98305) stat_writer /opt/stack/data/venv/lib/python3.12/site-packages/dbcounter.py:115}}
Aug 14 09:14:36.344316 np0000189555 devstack@n-api.service[98304]: DEBUG dbcounter [-] [98304] Writing DB stats nova_cell0:SELECT=4 {{(pid=98304) stat_writer /opt/stack/data/venv/lib/python3.12/site-packages/dbcounter.py:115}}
Aug 14 09:14:39.704045 np0000189555 devstack@n-api.service[98304]: DEBUG dbcounter [-] [98304] Writing DB stats nova_api:SELECT=19,nova_api:INSERT=2 {{(pid=98304) stat_writer /opt/stack/data/venv/lib/python3.12/site-packages/dbcounter.py:115}}
Aug 14 09:14:39.970074 np0000189555 devstack@n-api.service[98302]: DEBUG dbcounter [-] [98302] Writing DB stats nova_api:SELECT=8 {{(pid=98302) stat_writer /opt/stack/data/venv/lib/python3.12/site-packages/dbcounter.py:115}}
Aug 14 09:14:55.131113 np0000189555 devstack@n-api.service[98304]: DEBUG nova.api.openstack.wsgi [None req-d2e13d37-4df6-492c-9813-aa08e78b13b6 demo demo] Calling method '>' {{(pid=98304) _process_stack /opt/stack/nova/nova/api/openstack/wsgi.py:551}}
Aug 14 09:14:55.135372 np0000189555 devstack@n-api.service[98304]: INFO nova.api.openstack.requestlog [None req-d2e13d37-4df6-492c-9813-aa08e78b13b6 demo demo] 172.18.0.2 "GET /compute/v2.1/" status: 200 len: 392 microversion: 2.1 time: 0.006930
Aug 14 09:14:55.136015 np0000189555 devstack@n-api.service[98304]: [pid: 98304|app: 0|req: 24/96] 199.19.213.23 () {64 vars in 1266 bytes} [Fri Aug 14 09:14:55 2026] GET /compute/v2.1/ => generated 392 bytes in 8 msecs (HTTP/1.1 200) 9 headers in 357 bytes (1 switches on core 0)
Aug 14 09:14:55.147390 np0000189555 devstack@n-api.service[98305]: DEBUG nova.api.openstack.wsgi [None req-1f0bf108-0cf5-4f7f-8855-edc1fb589153 demo demo] Calling method '>' {{(pid=98305) _process_stack /opt/stack/nova/nova/api/openstack/wsgi.py:551}}
Aug 14 09:14:55.150145 np0000189555 devstack@n-api.service[98305]: DEBUG oslo_concurrency.lockutils [None req-1f0bf108-0cf5-4f7f-8855-edc1fb589153 demo demo] Acquiring lock "00000000-0000-0000-0000-000000000000" by "nova.context.set_target_cell..get_or_set_cached_cell_and_set_connections" {{(pid=98305) inner /opt/stack/data/venv/lib/python3.12/site-packages/oslo_concurrency/lockutils.py:512}}
Aug 14 09:14:55.150363 np0000189555 devstack@n-api.service[98305]: DEBUG oslo_concurrency.lockutils [None req-1f0bf108-0cf5-4f7f-8855-edc1fb589153 demo demo] Lock "00000000-0000-0000-0000-000000000000" acquired by "nova.context.set_target_cell..get_or_set_cached_cell_and_set_connections" :: waited 0.000s {{(pid=98305) inner /opt/stack/data/venv/lib/python3.12/site-packages/oslo_concurrency/lockutils.py:525}}
Aug 14 09:14:55.150539 np0000189555 devstack@n-api.service[98305]: DEBUG oslo_concurrency.lockutils [None req-1f0bf108-0cf5-4f7f-8855-edc1fb589153 demo demo] Lock "00000000-0000-0000-0000-000000000000" "released" by "nova.context.set_target_cell..get_or_set_cached_cell_and_set_connections" :: held 0.000s {{(pid=98305) inner /opt/stack/data/venv/lib/python3.12/site-packages/oslo_concurrency/lockutils.py:544}}
Aug 14 09:14:55.151537 np0000189555 devstack@n-api.service[98305]: DEBUG oslo_concurrency.lockutils [None req-1f0bf108-0cf5-4f7f-8855-edc1fb589153 demo demo] Acquiring lock "a3468140-20db-4927-a8fb-6cbfe735af37" by "nova.context.set_target_cell..get_or_set_cached_cell_and_set_connections" {{(pid=98305) inner /opt/stack/data/venv/lib/python3.12/site-packages/oslo_concurrency/lockutils.py:512}}
Aug 14 09:14:55.152685 np0000189555 devstack@n-api.service[98305]: DEBUG oslo_concurrency.lockutils [None req-1f0bf108-0cf5-4f7f-8855-edc1fb589153 demo demo] Lock "a3468140-20db-4927-a8fb-6cbfe735af37" acquired by "nova.context.set_target_cell..get_or_set_cached_cell_and_set_connections" :: waited 0.001s {{(pid=98305) inner /opt/stack/data/venv/lib/python3.12/site-packages/oslo_concurrency/lockutils.py:525}}
Aug 14 09:14:55.152861 np0000189555 devstack@n-api.service[98305]: DEBUG oslo_concurrency.lockutils [None req-1f0bf108-0cf5-4f7f-8855-edc1fb589153 demo demo] Lock "a3468140-20db-4927-a8fb-6cbfe735af37" "released" by "nova.context.set_target_cell..get_or_set_cached_cell_and_set_connections" :: held 0.000s {{(pid=98305) inner /opt/stack/data/venv/lib/python3.12/site-packages/oslo_concurrency/lockutils.py:544}}
Aug 14 09:14:55.214441 np0000189555 devstack@n-api.service[98305]: INFO nova.api.openstack.requestlog [None req-1f0bf108-0cf5-4f7f-8855-edc1fb589153 demo demo] 172.18.0.2 "GET /compute/v2.1/os-availability-zone" status: 200 len: 97 microversion: 2.38 time: 0.070638
Aug 14 09:14:55.214905 np0000189555 devstack@n-api.service[98305]: [pid: 98305|app: 0|req: 24/97] 199.19.213.23 () {68 vars in 1409 bytes} [Fri Aug 14 09:14:55 2026] GET /compute/v2.1/os-availability-zone => generated 97 bytes in 72 msecs (HTTP/1.1 200) 9 headers in 358 bytes (1 switches on core 0)
Aug 14 09:14:56.160292 np0000189555 devstack@n-api.service[98303]: DEBUG nova.api.openstack.wsgi [None req-aa8c69d1-db3a-40b5-84ed-f17b7d44d7e2 demo demo] Calling method '>' {{(pid=98303) _process_stack /opt/stack/nova/nova/api/openstack/wsgi.py:551}}
Aug 14 09:14:56.166236 np0000189555 devstack@n-api.service[98303]: INFO nova.api.openstack.requestlog [None req-aa8c69d1-db3a-40b5-84ed-f17b7d44d7e2 demo demo] 172.18.0.2 "GET /compute/v2.1/" status: 200 len: 392 microversion: 2.1 time: 0.006290
Aug 14 09:14:56.166633 np0000189555 devstack@n-api.service[98303]: [pid: 98303|app: 0|req: 26/98] 199.19.213.23 () {64 vars in 1266 bytes} [Fri Aug 14 09:14:56 2026] GET /compute/v2.1/ => generated 392 bytes in 8 msecs (HTTP/1.1 200) 9 headers in 357 bytes (1 switches on core 0)
Aug 14 09:14:56.176636 np0000189555 devstack@n-api.service[98302]: DEBUG nova.api.openstack.wsgi [None req-8fc657b8-f570-4cdc-a049-5db04cb6bf51 demo demo] Calling method '>' {{(pid=98302) _process_stack /opt/stack/nova/nova/api/openstack/wsgi.py:551}}
Aug 14 09:14:56.179653 np0000189555 devstack@n-api.service[98302]: DEBUG oslo_concurrency.lockutils [None req-8fc657b8-f570-4cdc-a049-5db04cb6bf51 demo demo] Acquiring lock "00000000-0000-0000-0000-000000000000" by "nova.context.set_target_cell..get_or_set_cached_cell_and_set_connections" {{(pid=98302) inner /opt/stack/data/venv/lib/python3.12/site-packages/oslo_concurrency/lockutils.py:512}}
Aug 14 09:14:56.179878 np0000189555 devstack@n-api.service[98302]: DEBUG oslo_concurrency.lockutils [None req-8fc657b8-f570-4cdc-a049-5db04cb6bf51 demo demo] Lock "00000000-0000-0000-0000-000000000000" acquired by "nova.context.set_target_cell..get_or_set_cached_cell_and_set_connections" :: waited 0.000s {{(pid=98302) inner /opt/stack/data/venv/lib/python3.12/site-packages/oslo_concurrency/lockutils.py:525}}
Aug 14 09:14:56.180086 np0000189555 devstack@n-api.service[98302]: DEBUG oslo_concurrency.lockutils [None req-8fc657b8-f570-4cdc-a049-5db04cb6bf51 demo demo] Lock "00000000-0000-0000-0000-000000000000" "released" by "nova.context.set_target_cell..get_or_set_cached_cell_and_set_connections" :: held 0.000s {{(pid=98302) inner /opt/stack/data/venv/lib/python3.12/site-packages/oslo_concurrency/lockutils.py:544}}
Aug 14 09:14:56.181257 np0000189555 devstack@n-api.service[98302]: DEBUG oslo_concurrency.lockutils [None req-8fc657b8-f570-4cdc-a049-5db04cb6bf51 demo demo] Acquiring lock "a3468140-20db-4927-a8fb-6cbfe735af37" by "nova.context.set_target_cell..get_or_set_cached_cell_and_set_connections" {{(pid=98302) inner /opt/stack/data/venv/lib/python3.12/site-packages/oslo_concurrency/lockutils.py:512}}
Aug 14 09:14:56.181474 np0000189555 devstack@n-api.service[98302]: DEBUG oslo_concurrency.lockutils [None req-8fc657b8-f570-4cdc-a049-5db04cb6bf51 demo demo] Lock "a3468140-20db-4927-a8fb-6cbfe735af37" acquired by "nova.context.set_target_cell..get_or_set_cached_cell_and_set_connections" :: waited 0.000s {{(pid=98302) inner /opt/stack/data/venv/lib/python3.12/site-packages/oslo_concurrency/lockutils.py:525}}
Aug 14 09:14:56.181687 np0000189555 devstack@n-api.service[98302]: DEBUG oslo_concurrency.lockutils [None req-8fc657b8-f570-4cdc-a049-5db04cb6bf51 demo demo] Lock "a3468140-20db-4927-a8fb-6cbfe735af37" "released" by "nova.context.set_target_cell..get_or_set_cached_cell_and_set_connections" :: held 0.000s {{(pid=98302) inner /opt/stack/data/venv/lib/python3.12/site-packages/oslo_concurrency/lockutils.py:544}}
Aug 14 09:14:56.252890 np0000189555 devstack@n-api.service[98302]: INFO nova.api.openstack.requestlog [None req-8fc657b8-f570-4cdc-a049-5db04cb6bf51 demo demo] 172.18.0.2 "GET /compute/v2.1/os-availability-zone" status: 200 len: 97 microversion: 2.38 time: 0.079448
Aug 14 09:14:56.254074 np0000189555 devstack@n-api.service[98302]: [pid: 98302|app: 0|req: 25/99] 199.19.213.23 () {68 vars in 1409 bytes} [Fri Aug 14 09:14:56 2026] GET /compute/v2.1/os-availability-zone => generated 97 bytes in 82 msecs (HTTP/1.1 200) 9 headers in 358 bytes (1 switches on core 0)
Aug 14 09:14:56.928489 np0000189555 devstack@n-api.service[98304]: DEBUG nova.api.openstack.wsgi [None req-d2e13d37-4df6-492c-9813-aa08e78b13b6 demo demo] Calling method '>' {{(pid=98304) _process_stack /opt/stack/nova/nova/api/openstack/wsgi.py:551}}
Aug 14 09:14:56.933898 np0000189555 devstack@n-api.service[98304]: INFO nova.api.openstack.requestlog [None req-d2e13d37-4df6-492c-9813-aa08e78b13b6 demo demo] 172.18.0.2 "GET /compute/v2.1/" status: 200 len: 392 microversion: 2.1 time: 0.005815
Aug 14 09:14:56.934197 np0000189555 devstack@n-api.service[98304]: [pid: 98304|app: 0|req: 25/100] 199.19.213.23 () {64 vars in 1266 bytes} [Fri Aug 14 09:14:56 2026] GET /compute/v2.1/ => generated 392 bytes in 6 msecs (HTTP/1.1 200) 9 headers in 357 bytes (1 switches on core 0)
Aug 14 09:14:56.945111 np0000189555 devstack@n-api.service[98305]: DEBUG nova.api.openstack.wsgi [None req-5c896278-7c26-49b8-8f5d-e0d6f488050f demo demo] Calling method '>' {{(pid=98305) _process_stack /opt/stack/nova/nova/api/openstack/wsgi.py:551}}
Aug 14 09:14:56.947393 np0000189555 devstack@n-api.service[98305]: DEBUG oslo_concurrency.lockutils [None req-5c896278-7c26-49b8-8f5d-e0d6f488050f demo demo] Acquiring lock "00000000-0000-0000-0000-000000000000" by "nova.context.set_target_cell..get_or_set_cached_cell_and_set_connections" {{(pid=98305) inner /opt/stack/data/venv/lib/python3.12/site-packages/oslo_concurrency/lockutils.py:512}}
Aug 14 09:14:56.947589 np0000189555 devstack@n-api.service[98305]: DEBUG oslo_concurrency.lockutils [None req-5c896278-7c26-49b8-8f5d-e0d6f488050f demo demo] Lock "00000000-0000-0000-0000-000000000000" acquired by "nova.context.set_target_cell..get_or_set_cached_cell_and_set_connections" :: waited 0.000s {{(pid=98305) inner /opt/stack/data/venv/lib/python3.12/site-packages/oslo_concurrency/lockutils.py:525}}
Aug 14 09:14:56.947759 np0000189555 devstack@n-api.service[98305]: DEBUG oslo_concurrency.lockutils [None req-5c896278-7c26-49b8-8f5d-e0d6f488050f demo demo] Lock "00000000-0000-0000-0000-000000000000" "released" by "nova.context.set_target_cell..get_or_set_cached_cell_and_set_connections" :: held 0.000s {{(pid=98305) inner /opt/stack/data/venv/lib/python3.12/site-packages/oslo_concurrency/lockutils.py:544}}
Aug 14 09:14:56.949111 np0000189555 devstack@n-api.service[98305]: DEBUG oslo_concurrency.lockutils [None req-5c896278-7c26-49b8-8f5d-e0d6f488050f demo demo] Acquiring lock "a3468140-20db-4927-a8fb-6cbfe735af37" by "nova.context.set_target_cell..get_or_set_cached_cell_and_set_connections" {{(pid=98305) inner /opt/stack/data/venv/lib/python3.12/site-packages/oslo_concurrency/lockutils.py:512}}
Aug 14 09:14:56.949305 np0000189555 devstack@n-api.service[98305]: DEBUG oslo_concurrency.lockutils [None req-5c896278-7c26-49b8-8f5d-e0d6f488050f demo demo] Lock "a3468140-20db-4927-a8fb-6cbfe735af37" acquired by "nova.context.set_target_cell..get_or_set_cached_cell_and_set_connections" :: waited 0.000s {{(pid=98305) inner /opt/stack/data/venv/lib/python3.12/site-packages/oslo_concurrency/lockutils.py:525}}
Aug 14 09:14:56.949471 np0000189555 devstack@n-api.service[98305]: DEBUG oslo_concurrency.lockutils [None req-5c896278-7c26-49b8-8f5d-e0d6f488050f demo demo] Lock "a3468140-20db-4927-a8fb-6cbfe735af37" "released" by "nova.context.set_target_cell..get_or_set_cached_cell_and_set_connections" :: held 0.000s {{(pid=98305) inner /opt/stack/data/venv/lib/python3.12/site-packages/oslo_concurrency/lockutils.py:544}}
Aug 14 09:14:56.969069 np0000189555 devstack@n-api.service[98305]: INFO nova.api.openstack.requestlog [None req-5c896278-7c26-49b8-8f5d-e0d6f488050f demo demo] 172.18.0.2 "GET /compute/v2.1/os-availability-zone" status: 200 len: 97 microversion: 2.38 time: 0.027493
Aug 14 09:14:56.969496 np0000189555 devstack@n-api.service[98305]: [pid: 98305|app: 0|req: 25/101] 199.19.213.23 () {68 vars in 1409 bytes} [Fri Aug 14 09:14:56 2026] GET /compute/v2.1/os-availability-zone => generated 97 bytes in 28 msecs (HTTP/1.1 200) 9 headers in 358 bytes (1 switches on core 0)
Aug 14 09:14:57.589028 np0000189555 devstack@n-api.service[98303]: DEBUG nova.api.openstack.wsgi [None req-aa8c69d1-db3a-40b5-84ed-f17b7d44d7e2 demo demo] Calling method '>' {{(pid=98303) _process_stack /opt/stack/nova/nova/api/openstack/wsgi.py:551}}
Aug 14 09:14:57.595298 np0000189555 devstack@n-api.service[98303]: INFO nova.api.openstack.requestlog [None req-aa8c69d1-db3a-40b5-84ed-f17b7d44d7e2 demo demo] 172.18.0.2 "GET /compute/v2.1/" status: 200 len: 392 microversion: 2.1 time: 0.006669
Aug 14 09:14:57.595545 np0000189555 devstack@n-api.service[98303]: [pid: 98303|app: 0|req: 27/102] 199.19.213.23 () {64 vars in 1266 bytes} [Fri Aug 14 09:14:57 2026] GET /compute/v2.1/ => generated 392 bytes in 7 msecs (HTTP/1.1 200) 9 headers in 357 bytes (1 switches on core 0)
Aug 14 09:14:57.604735 np0000189555 devstack@n-api.service[98302]: DEBUG nova.api.openstack.wsgi [None req-2da533e7-41a8-4090-b469-d4ee1fb86ab3 demo demo] Calling method '>' {{(pid=98302) _process_stack /opt/stack/nova/nova/api/openstack/wsgi.py:551}}
Aug 14 09:14:57.607664 np0000189555 devstack@n-api.service[98302]: DEBUG oslo_concurrency.lockutils [None req-2da533e7-41a8-4090-b469-d4ee1fb86ab3 demo demo] Acquiring lock "00000000-0000-0000-0000-000000000000" by "nova.context.set_target_cell..get_or_set_cached_cell_and_set_connections" {{(pid=98302) inner /opt/stack/data/venv/lib/python3.12/site-packages/oslo_concurrency/lockutils.py:512}}
Aug 14 09:14:57.607955 np0000189555 devstack@n-api.service[98302]: DEBUG oslo_concurrency.lockutils [None req-2da533e7-41a8-4090-b469-d4ee1fb86ab3 demo demo] Lock "00000000-0000-0000-0000-000000000000" acquired by "nova.context.set_target_cell..get_or_set_cached_cell_and_set_connections" :: waited 0.000s {{(pid=98302) inner /opt/stack/data/venv/lib/python3.12/site-packages/oslo_concurrency/lockutils.py:525}}
Aug 14 09:14:57.608286 np0000189555 devstack@n-api.service[98302]: DEBUG oslo_concurrency.lockutils [None req-2da533e7-41a8-4090-b469-d4ee1fb86ab3 demo demo] Lock "00000000-0000-0000-0000-000000000000" "released" by "nova.context.set_target_cell..get_or_set_cached_cell_and_set_connections" :: held 0.000s {{(pid=98302) inner /opt/stack/data/venv/lib/python3.12/site-packages/oslo_concurrency/lockutils.py:544}}
Aug 14 09:14:57.609295 np0000189555 devstack@n-api.service[98302]: DEBUG oslo_concurrency.lockutils [None req-2da533e7-41a8-4090-b469-d4ee1fb86ab3 demo demo] Acquiring lock "a3468140-20db-4927-a8fb-6cbfe735af37" by "nova.context.set_target_cell..get_or_set_cached_cell_and_set_connections" {{(pid=98302) inner /opt/stack/data/venv/lib/python3.12/site-packages/oslo_concurrency/lockutils.py:512}}
Aug 14 09:14:57.609570 np0000189555 devstack@n-api.service[98302]: DEBUG oslo_concurrency.lockutils [None req-2da533e7-41a8-4090-b469-d4ee1fb86ab3 demo demo] Lock "a3468140-20db-4927-a8fb-6cbfe735af37" acquired by "nova.context.set_target_cell..get_or_set_cached_cell_and_set_connections" :: waited 0.000s {{(pid=98302) inner /opt/stack/data/venv/lib/python3.12/site-packages/oslo_concurrency/lockutils.py:525}}
Aug 14 09:14:57.609778 np0000189555 devstack@n-api.service[98302]: DEBUG oslo_concurrency.lockutils [None req-2da533e7-41a8-4090-b469-d4ee1fb86ab3 demo demo] Lock "a3468140-20db-4927-a8fb-6cbfe735af37" "released" by "nova.context.set_target_cell..get_or_set_cached_cell_and_set_connections" :: held 0.000s {{(pid=98302) inner /opt/stack/data/venv/lib/python3.12/site-packages/oslo_concurrency/lockutils.py:544}}
Aug 14 09:14:57.634509 np0000189555 devstack@n-api.service[98302]: INFO nova.api.openstack.requestlog [None req-2da533e7-41a8-4090-b469-d4ee1fb86ab3 demo demo] 172.18.0.2 "GET /compute/v2.1/os-availability-zone" status: 200 len: 97 microversion: 2.38 time: 0.032473
