Aug 14 09:08:51.704478 np0000189555 systemd[1]: Starting devstack@n-api.service - Devstack devstack@n-api.service...
Aug 14 09:08:51.709440 np0000189555 devstack@n-api.service[98301]: [uWSGI] getting INI configuration from /etc/nova/nova-api-uwsgi.ini
Aug 14 09:08:51.712267 np0000189555 devstack@n-api.service[98301]: *** Starting uWSGI 2.0.24-debian (64bit) on [Fri Aug 14 09:08:51 2026] ***
Aug 14 09:08:51.712267 np0000189555 devstack@n-api.service[98301]: compiled with version: 13.2.0 on 17 April 2024 16:23:48
Aug 14 09:08:51.712267 np0000189555 devstack@n-api.service[98301]: os: Linux-6.8.0-137-generic #137-Ubuntu SMP PREEMPT_DYNAMIC Fri Jul 17 20:28:23 UTC 2026
Aug 14 09:08:51.712267 np0000189555 devstack@n-api.service[98301]: nodename: np0000189555
Aug 14 09:08:51.712267 np0000189555 devstack@n-api.service[98301]: machine: x86_64
Aug 14 09:08:51.712267 np0000189555 devstack@n-api.service[98301]: clock source: unix
Aug 14 09:08:51.712267 np0000189555 devstack@n-api.service[98301]: pcre jit disabled
Aug 14 09:08:51.712267 np0000189555 devstack@n-api.service[98301]: detected number of CPU cores: 16
Aug 14 09:08:51.712267 np0000189555 devstack@n-api.service[98301]: current working directory: /
Aug 14 09:08:51.712267 np0000189555 devstack@n-api.service[98301]: detected binary path: /usr/bin/uwsgi-core
Aug 14 09:08:51.712267 np0000189555 devstack@n-api.service[98301]: your processes number limit is 256916
Aug 14 09:08:51.712267 np0000189555 devstack@n-api.service[98301]: your memory page size is 4096 bytes
Aug 14 09:08:51.712267 np0000189555 devstack@n-api.service[98301]: detected max file descriptor number: 2048
Aug 14 09:08:51.712267 np0000189555 devstack@n-api.service[98301]: lock engine: pthread robust mutexes
Aug 14 09:08:51.712904 np0000189555 devstack@n-api.service[98301]: thunder lock: enabled
Aug 14 09:08:51.712904 np0000189555 devstack@n-api.service[98301]: uwsgi socket 0 bound to UNIX address /var/run/uwsgi/nova-api.socket fd 4
Aug 14 09:08:51.712904 np0000189555 devstack@n-api.service[98301]: Python version: 3.12.3 (main, Jun 19 2026, 12:46:00) [GCC 13.3.0]
Aug 14 09:08:51.712904 np0000189555 devstack@n-api.service[98301]: PEP 405 virtualenv detected: /opt/stack/data/venv
Aug 14 09:08:51.712904 np0000189555 devstack@n-api.service[98301]: Set PythonHome to /opt/stack/data/venv
Aug 14 09:08:51.748784 np0000189555 devstack@n-api.service[98301]: Python main interpreter initialized at 0x767c84ea4668
Aug 14 09:08:51.748784 np0000189555 devstack@n-api.service[98301]: python threads support enabled
Aug 14 09:08:51.748784 np0000189555 devstack@n-api.service[98301]: your server socket listen backlog is limited to 100 connections
Aug 14 09:08:51.748784 np0000189555 devstack@n-api.service[98301]: your mercy for graceful operations on workers is 80 seconds
Aug 14 09:08:51.749320 np0000189555 devstack@n-api.service[98301]: mapped 671795 bytes (656 KB) for 4 cores
Aug 14 09:08:51.749588 np0000189555 devstack@n-api.service[98301]: *** Operational MODE: preforking ***
Aug 14 09:08:51.749737 np0000189555 devstack@n-api.service[98301]: *** uWSGI is running in multiple interpreter mode ***
Aug 14 09:08:51.749737 np0000189555 devstack@n-api.service[98301]: spawned uWSGI master process (pid: 98301)
Aug 14 09:08:51.749960 np0000189555 systemd[1]: Started devstack@n-api.service - Devstack devstack@n-api.service.
Aug 14 09:08:51.750332 np0000189555 devstack@n-api.service[98301]: spawned uWSGI worker 1 (pid: 98302, cores: 1)
Aug 14 09:08:51.750773 np0000189555 devstack@n-api.service[98301]: spawned uWSGI worker 2 (pid: 98303, cores: 1)
Aug 14 09:08:51.751470 np0000189555 devstack@n-api.service[98301]: spawned uWSGI worker 3 (pid: 98304, cores: 1)
Aug 14 09:08:51.751904 np0000189555 devstack@n-api.service[98301]: spawned uWSGI worker 4 (pid: 98305, cores: 1)
Aug 14 09:08:51.752080 np0000189555 devstack@n-api.service[98301]: running "unix_signal:15 gracefully_kill_them_all" (master-start)...
Aug 14 09:08:53.386510 np0000189555 devstack@n-api.service[98305]: INFO dbcounter [None req-e7fae164-7750-4472-9c68-16245b654ab4 None None] Registered counter for database nova_api
Aug 14 09:08:53.391606 np0000189555 devstack@n-api.service[98302]: INFO dbcounter [None req-9f3fb4c3-8691-4425-a76f-c1bdf562c110 None None] Registered counter for database nova_api
Aug 14 09:08:53.402552 np0000189555 devstack@n-api.service[98303]: INFO dbcounter [None req-69b68469-9824-45b7-b6d4-a392923a19a9 None None] Registered counter for database nova_api
Aug 14 09:08:53.431884 np0000189555 devstack@n-api.service[98305]: DEBUG oslo_db.sqlalchemy.engines [None req-e7fae164-7750-4472-9c68-16245b654ab4 None None] MySQL server mode set to STRICT_TRANS_TABLES,STRICT_ALL_TABLES,NO_ZERO_IN_DATE,NO_ZERO_DATE,ERROR_FOR_DIVISION_BY_ZERO,TRADITIONAL,NO_ENGINE_SUBSTITUTION {{(pid=98305) _check_effective_sql_mode /opt/stack/data/venv/lib/python3.12/site-packages/oslo_db/sqlalchemy/engines.py:325}}
Aug 14 09:08:53.433118 np0000189555 devstack@n-api.service[98302]: DEBUG oslo_db.sqlalchemy.engines [None req-9f3fb4c3-8691-4425-a76f-c1bdf562c110 None None] MySQL server mode set to STRICT_TRANS_TABLES,STRICT_ALL_TABLES,NO_ZERO_IN_DATE,NO_ZERO_DATE,ERROR_FOR_DIVISION_BY_ZERO,TRADITIONAL,NO_ENGINE_SUBSTITUTION {{(pid=98302) _check_effective_sql_mode /opt/stack/data/venv/lib/python3.12/site-packages/oslo_db/sqlalchemy/engines.py:325}}
Aug 14 09:08:53.446863 np0000189555 devstack@n-api.service[98303]: DEBUG oslo_db.sqlalchemy.engines [None req-69b68469-9824-45b7-b6d4-a392923a19a9 None None] MySQL server mode set to STRICT_TRANS_TABLES,STRICT_ALL_TABLES,NO_ZERO_IN_DATE,NO_ZERO_DATE,ERROR_FOR_DIVISION_BY_ZERO,TRADITIONAL,NO_ENGINE_SUBSTITUTION {{(pid=98303) _check_effective_sql_mode /opt/stack/data/venv/lib/python3.12/site-packages/oslo_db/sqlalchemy/engines.py:325}}
Aug 14 09:08:53.462124 np0000189555 devstack@n-api.service[98305]: DEBUG dbcounter [-] [98305] Writer thread running {{(pid=98305) stat_writer /opt/stack/data/venv/lib/python3.12/site-packages/dbcounter.py:102}}
Aug 14 09:08:53.464554 np0000189555 devstack@n-api.service[98305]: DEBUG nova.context [None req-e7fae164-7750-4472-9c68-16245b654ab4 None None] Found 2 cells: 00000000-0000-0000-0000-000000000000(cell0),a3468140-20db-4927-a8fb-6cbfe735af37(cell1) {{(pid=98305) load_cells /opt/stack/nova/nova/context.py:509}}
Aug 14 09:08:53.464789 np0000189555 devstack@n-api.service[98305]: INFO nova.utils [None req-e7fae164-7750-4472-9c68-16245b654ab4 None None] The cell worker thread pool MainProcess.cell_worker is initialized
Aug 14 09:08:53.466542 np0000189555 devstack@n-api.service[98305]: DEBUG oslo_concurrency.lockutils [None req-e7fae164-7750-4472-9c68-16245b654ab4 None None] Acquiring lock "00000000-0000-0000-0000-000000000000" by "nova.context.set_target_cell..get_or_set_cached_cell_and_set_connections" {{(pid=98305) inner /opt/stack/data/venv/lib/python3.12/site-packages/oslo_concurrency/lockutils.py:512}}
Aug 14 09:08:53.466789 np0000189555 devstack@n-api.service[98305]: DEBUG oslo_concurrency.lockutils [None req-e7fae164-7750-4472-9c68-16245b654ab4 None None] Lock "00000000-0000-0000-0000-000000000000" acquired by "nova.context.set_target_cell..get_or_set_cached_cell_and_set_connections" :: waited 0.000s {{(pid=98305) inner /opt/stack/data/venv/lib/python3.12/site-packages/oslo_concurrency/lockutils.py:525}}
Aug 14 09:08:53.467076 np0000189555 devstack@n-api.service[98305]: DEBUG oslo_concurrency.lockutils [None req-e7fae164-7750-4472-9c68-16245b654ab4 None None] Lock "00000000-0000-0000-0000-000000000000" "released" by "nova.context.set_target_cell..get_or_set_cached_cell_and_set_connections" :: held 0.000s {{(pid=98305) inner /opt/stack/data/venv/lib/python3.12/site-packages/oslo_concurrency/lockutils.py:544}}
Aug 14 09:08:53.467817 np0000189555 devstack@n-api.service[98305]: DEBUG oslo_concurrency.lockutils [None req-e7fae164-7750-4472-9c68-16245b654ab4 None None] Acquiring lock "a3468140-20db-4927-a8fb-6cbfe735af37" by "nova.context.set_target_cell..get_or_set_cached_cell_and_set_connections" {{(pid=98305) inner /opt/stack/data/venv/lib/python3.12/site-packages/oslo_concurrency/lockutils.py:512}}
Aug 14 09:08:53.468006 np0000189555 devstack@n-api.service[98305]: DEBUG oslo_concurrency.lockutils [None req-e7fae164-7750-4472-9c68-16245b654ab4 None None] Lock "a3468140-20db-4927-a8fb-6cbfe735af37" acquired by "nova.context.set_target_cell..get_or_set_cached_cell_and_set_connections" :: waited 0.000s {{(pid=98305) inner /opt/stack/data/venv/lib/python3.12/site-packages/oslo_concurrency/lockutils.py:525}}
Aug 14 09:08:53.468667 np0000189555 devstack@n-api.service[98302]: DEBUG dbcounter [-] [98302] Writer thread running {{(pid=98302) stat_writer /opt/stack/data/venv/lib/python3.12/site-packages/dbcounter.py:102}}
Aug 14 09:08:53.468882 np0000189555 devstack@n-api.service[98305]: DEBUG oslo_concurrency.lockutils [None req-e7fae164-7750-4472-9c68-16245b654ab4 None None] Lock "a3468140-20db-4927-a8fb-6cbfe735af37" "released" by "nova.context.set_target_cell..get_or_set_cached_cell_and_set_connections" :: held 0.001s {{(pid=98305) inner /opt/stack/data/venv/lib/python3.12/site-packages/oslo_concurrency/lockutils.py:544}}
Aug 14 09:08:53.470180 np0000189555 devstack@n-api.service[98304]: INFO dbcounter [None req-9f95c3f2-0c8e-4ff4-8fae-3c06efb1f5a7 None None] Registered counter for database nova_api
Aug 14 09:08:53.470954 np0000189555 devstack@n-api.service[98302]: DEBUG nova.context [None req-9f3fb4c3-8691-4425-a76f-c1bdf562c110 None None] Found 2 cells: 00000000-0000-0000-0000-000000000000(cell0),a3468140-20db-4927-a8fb-6cbfe735af37(cell1) {{(pid=98302) load_cells /opt/stack/nova/nova/context.py:509}}
Aug 14 09:08:53.471170 np0000189555 devstack@n-api.service[98302]: INFO nova.utils [None req-9f3fb4c3-8691-4425-a76f-c1bdf562c110 None None] The cell worker thread pool MainProcess.cell_worker is initialized
Aug 14 09:08:53.471923 np0000189555 devstack@n-api.service[98305]: INFO dbcounter [None req-e7fae164-7750-4472-9c68-16245b654ab4 None None] Registered counter for database nova_cell0
Aug 14 09:08:53.472857 np0000189555 devstack@n-api.service[98302]: DEBUG oslo_concurrency.lockutils [None req-9f3fb4c3-8691-4425-a76f-c1bdf562c110 None None] Acquiring lock "00000000-0000-0000-0000-000000000000" by "nova.context.set_target_cell..get_or_set_cached_cell_and_set_connections" {{(pid=98302) inner /opt/stack/data/venv/lib/python3.12/site-packages/oslo_concurrency/lockutils.py:512}}
Aug 14 09:08:53.473066 np0000189555 devstack@n-api.service[98302]: DEBUG oslo_concurrency.lockutils [None req-9f3fb4c3-8691-4425-a76f-c1bdf562c110 None None] Lock "00000000-0000-0000-0000-000000000000" acquired by "nova.context.set_target_cell..get_or_set_cached_cell_and_set_connections" :: waited 0.000s {{(pid=98302) inner /opt/stack/data/venv/lib/python3.12/site-packages/oslo_concurrency/lockutils.py:525}}
Aug 14 09:08:53.473387 np0000189555 devstack@n-api.service[98302]: DEBUG oslo_concurrency.lockutils [None req-9f3fb4c3-8691-4425-a76f-c1bdf562c110 None None] Lock "00000000-0000-0000-0000-000000000000" "released" by "nova.context.set_target_cell..get_or_set_cached_cell_and_set_connections" :: held 0.000s {{(pid=98302) inner /opt/stack/data/venv/lib/python3.12/site-packages/oslo_concurrency/lockutils.py:544}}
Aug 14 09:08:53.474018 np0000189555 devstack@n-api.service[98302]: DEBUG oslo_concurrency.lockutils [None req-9f3fb4c3-8691-4425-a76f-c1bdf562c110 None None] Acquiring lock "a3468140-20db-4927-a8fb-6cbfe735af37" by "nova.context.set_target_cell..get_or_set_cached_cell_and_set_connections" {{(pid=98302) inner /opt/stack/data/venv/lib/python3.12/site-packages/oslo_concurrency/lockutils.py:512}}
Aug 14 09:08:53.474153 np0000189555 devstack@n-api.service[98302]: DEBUG oslo_concurrency.lockutils [None req-9f3fb4c3-8691-4425-a76f-c1bdf562c110 None None] Lock "a3468140-20db-4927-a8fb-6cbfe735af37" acquired by "nova.context.set_target_cell..get_or_set_cached_cell_and_set_connections" :: waited 0.000s {{(pid=98302) inner /opt/stack/data/venv/lib/python3.12/site-packages/oslo_concurrency/lockutils.py:525}}
Aug 14 09:08:53.474997 np0000189555 devstack@n-api.service[98302]: DEBUG oslo_concurrency.lockutils [None req-9f3fb4c3-8691-4425-a76f-c1bdf562c110 None None] Lock "a3468140-20db-4927-a8fb-6cbfe735af37" "released" by "nova.context.set_target_cell..get_or_set_cached_cell_and_set_connections" :: held 0.001s {{(pid=98302) inner /opt/stack/data/venv/lib/python3.12/site-packages/oslo_concurrency/lockutils.py:544}}
Aug 14 09:08:53.477164 np0000189555 devstack@n-api.service[98302]: INFO dbcounter [None req-9f3fb4c3-8691-4425-a76f-c1bdf562c110 None None] Registered counter for database nova_cell0
Aug 14 09:08:53.478196 np0000189555 devstack@n-api.service[98305]: INFO dbcounter [None req-e7fae164-7750-4472-9c68-16245b654ab4 None None] Registered counter for database nova_cell1
Aug 14 09:08:53.481738 np0000189555 devstack@n-api.service[98302]: INFO dbcounter [None req-9f3fb4c3-8691-4425-a76f-c1bdf562c110 None None] Registered counter for database nova_cell1
Aug 14 09:08:53.482090 np0000189555 devstack@n-api.service[98303]: DEBUG dbcounter [-] [98303] Writer thread running {{(pid=98303) stat_writer /opt/stack/data/venv/lib/python3.12/site-packages/dbcounter.py:102}}
Aug 14 09:08:53.486017 np0000189555 devstack@n-api.service[98303]: DEBUG nova.context [None req-69b68469-9824-45b7-b6d4-a392923a19a9 None None] Found 2 cells: 00000000-0000-0000-0000-000000000000(cell0),a3468140-20db-4927-a8fb-6cbfe735af37(cell1) {{(pid=98303) load_cells /opt/stack/nova/nova/context.py:509}}
Aug 14 09:08:53.486446 np0000189555 devstack@n-api.service[98303]: INFO nova.utils [None req-69b68469-9824-45b7-b6d4-a392923a19a9 None None] The cell worker thread pool MainProcess.cell_worker is initialized
Aug 14 09:08:53.490280 np0000189555 devstack@n-api.service[98303]: DEBUG oslo_concurrency.lockutils [None req-69b68469-9824-45b7-b6d4-a392923a19a9 None None] Acquiring lock "00000000-0000-0000-0000-000000000000" by "nova.context.set_target_cell..get_or_set_cached_cell_and_set_connections" {{(pid=98303) inner /opt/stack/data/venv/lib/python3.12/site-packages/oslo_concurrency/lockutils.py:512}}
Aug 14 09:08:53.490647 np0000189555 devstack@n-api.service[98303]: DEBUG oslo_concurrency.lockutils [None req-69b68469-9824-45b7-b6d4-a392923a19a9 None None] Lock "00000000-0000-0000-0000-000000000000" acquired by "nova.context.set_target_cell..get_or_set_cached_cell_and_set_connections" :: waited 0.000s {{(pid=98303) inner /opt/stack/data/venv/lib/python3.12/site-packages/oslo_concurrency/lockutils.py:525}}
Aug 14 09:08:53.491472 np0000189555 devstack@n-api.service[98303]: DEBUG oslo_concurrency.lockutils [None req-69b68469-9824-45b7-b6d4-a392923a19a9 None None] Lock "00000000-0000-0000-0000-000000000000" "released" by "nova.context.set_target_cell..get_or_set_cached_cell_and_set_connections" :: held 0.001s {{(pid=98303) inner /opt/stack/data/venv/lib/python3.12/site-packages/oslo_concurrency/lockutils.py:544}}
Aug 14 09:08:53.492694 np0000189555 devstack@n-api.service[98303]: DEBUG oslo_concurrency.lockutils [None req-69b68469-9824-45b7-b6d4-a392923a19a9 None None] Acquiring lock "a3468140-20db-4927-a8fb-6cbfe735af37" by "nova.context.set_target_cell..get_or_set_cached_cell_and_set_connections" {{(pid=98303) inner /opt/stack/data/venv/lib/python3.12/site-packages/oslo_concurrency/lockutils.py:512}}
Aug 14 09:08:53.492930 np0000189555 devstack@n-api.service[98303]: DEBUG oslo_concurrency.lockutils [None req-69b68469-9824-45b7-b6d4-a392923a19a9 None None] Lock "a3468140-20db-4927-a8fb-6cbfe735af37" acquired by "nova.context.set_target_cell..get_or_set_cached_cell_and_set_connections" :: waited 0.000s {{(pid=98303) inner /opt/stack/data/venv/lib/python3.12/site-packages/oslo_concurrency/lockutils.py:525}}
Aug 14 09:08:53.494015 np0000189555 devstack@n-api.service[98303]: DEBUG oslo_concurrency.lockutils [None req-69b68469-9824-45b7-b6d4-a392923a19a9 None None] Lock "a3468140-20db-4927-a8fb-6cbfe735af37" "released" by "nova.context.set_target_cell..get_or_set_cached_cell_and_set_connections" :: held 0.001s {{(pid=98303) inner /opt/stack/data/venv/lib/python3.12/site-packages/oslo_concurrency/lockutils.py:544}}
Aug 14 09:08:53.495804 np0000189555 devstack@n-api.service[98303]: INFO dbcounter [None req-69b68469-9824-45b7-b6d4-a392923a19a9 None None] Registered counter for database nova_cell0
Aug 14 09:08:53.499914 np0000189555 devstack@n-api.service[98303]: INFO dbcounter [None req-69b68469-9824-45b7-b6d4-a392923a19a9 None None] Registered counter for database nova_cell1
Aug 14 09:08:53.518220 np0000189555 devstack@n-api.service[98304]: DEBUG oslo_db.sqlalchemy.engines [None req-9f95c3f2-0c8e-4ff4-8fae-3c06efb1f5a7 None None] MySQL server mode set to STRICT_TRANS_TABLES,STRICT_ALL_TABLES,NO_ZERO_IN_DATE,NO_ZERO_DATE,ERROR_FOR_DIVISION_BY_ZERO,TRADITIONAL,NO_ENGINE_SUBSTITUTION {{(pid=98304) _check_effective_sql_mode /opt/stack/data/venv/lib/python3.12/site-packages/oslo_db/sqlalchemy/engines.py:325}}
Aug 14 09:08:53.539365 np0000189555 devstack@n-api.service[98305]: DEBUG oslo_db.sqlalchemy.engines [None req-e7fae164-7750-4472-9c68-16245b654ab4 None None] MySQL server mode set to STRICT_TRANS_TABLES,STRICT_ALL_TABLES,NO_ZERO_IN_DATE,NO_ZERO_DATE,ERROR_FOR_DIVISION_BY_ZERO,TRADITIONAL,NO_ENGINE_SUBSTITUTION {{(pid=98305) _check_effective_sql_mode /opt/stack/data/venv/lib/python3.12/site-packages/oslo_db/sqlalchemy/engines.py:325}}
Aug 14 09:08:53.543607 np0000189555 devstack@n-api.service[98302]: DEBUG oslo_db.sqlalchemy.engines [None req-9f3fb4c3-8691-4425-a76f-c1bdf562c110 None None] MySQL server mode set to STRICT_TRANS_TABLES,STRICT_ALL_TABLES,NO_ZERO_IN_DATE,NO_ZERO_DATE,ERROR_FOR_DIVISION_BY_ZERO,TRADITIONAL,NO_ENGINE_SUBSTITUTION {{(pid=98302) _check_effective_sql_mode /opt/stack/data/venv/lib/python3.12/site-packages/oslo_db/sqlalchemy/engines.py:325}}
Aug 14 09:08:53.551683 np0000189555 devstack@n-api.service[98303]: DEBUG oslo_db.sqlalchemy.engines [None req-69b68469-9824-45b7-b6d4-a392923a19a9 None None] MySQL server mode set to STRICT_TRANS_TABLES,STRICT_ALL_TABLES,NO_ZERO_IN_DATE,NO_ZERO_DATE,ERROR_FOR_DIVISION_BY_ZERO,TRADITIONAL,NO_ENGINE_SUBSTITUTION {{(pid=98303) _check_effective_sql_mode /opt/stack/data/venv/lib/python3.12/site-packages/oslo_db/sqlalchemy/engines.py:325}}
Aug 14 09:08:53.552987 np0000189555 devstack@n-api.service[98305]: DEBUG oslo_db.sqlalchemy.engines [None req-e7fae164-7750-4472-9c68-16245b654ab4 None None] MySQL server mode set to STRICT_TRANS_TABLES,STRICT_ALL_TABLES,NO_ZERO_IN_DATE,NO_ZERO_DATE,ERROR_FOR_DIVISION_BY_ZERO,TRADITIONAL,NO_ENGINE_SUBSTITUTION {{(pid=98305) _check_effective_sql_mode /opt/stack/data/venv/lib/python3.12/site-packages/oslo_db/sqlalchemy/engines.py:325}}
Aug 14 09:08:53.553108 np0000189555 devstack@n-api.service[98304]: DEBUG dbcounter [-] [98304] Writer thread running {{(pid=98304) stat_writer /opt/stack/data/venv/lib/python3.12/site-packages/dbcounter.py:102}}
Aug 14 09:08:53.555507 np0000189555 devstack@n-api.service[98304]: DEBUG nova.context [None req-9f95c3f2-0c8e-4ff4-8fae-3c06efb1f5a7 None None] Found 2 cells: 00000000-0000-0000-0000-000000000000(cell0),a3468140-20db-4927-a8fb-6cbfe735af37(cell1) {{(pid=98304) load_cells /opt/stack/nova/nova/context.py:509}}
Aug 14 09:08:53.555722 np0000189555 devstack@n-api.service[98304]: INFO nova.utils [None req-9f95c3f2-0c8e-4ff4-8fae-3c06efb1f5a7 None None] The cell worker thread pool MainProcess.cell_worker is initialized
Aug 14 09:08:53.557554 np0000189555 devstack@n-api.service[98304]: DEBUG oslo_concurrency.lockutils [None req-9f95c3f2-0c8e-4ff4-8fae-3c06efb1f5a7 None None] Acquiring lock "00000000-0000-0000-0000-000000000000" by "nova.context.set_target_cell..get_or_set_cached_cell_and_set_connections" {{(pid=98304) inner /opt/stack/data/venv/lib/python3.12/site-packages/oslo_concurrency/lockutils.py:512}}
Aug 14 09:08:53.557742 np0000189555 devstack@n-api.service[98304]: DEBUG oslo_concurrency.lockutils [None req-9f95c3f2-0c8e-4ff4-8fae-3c06efb1f5a7 None None] Lock "00000000-0000-0000-0000-000000000000" acquired by "nova.context.set_target_cell..get_or_set_cached_cell_and_set_connections" :: waited 0.000s {{(pid=98304) inner /opt/stack/data/venv/lib/python3.12/site-packages/oslo_concurrency/lockutils.py:525}}
Aug 14 09:08:53.558198 np0000189555 devstack@n-api.service[98304]: DEBUG oslo_concurrency.lockutils [None req-9f95c3f2-0c8e-4ff4-8fae-3c06efb1f5a7 None None] Lock "00000000-0000-0000-0000-000000000000" "released" by "nova.context.set_target_cell..get_or_set_cached_cell_and_set_connections" :: held 0.000s {{(pid=98304) inner /opt/stack/data/venv/lib/python3.12/site-packages/oslo_concurrency/lockutils.py:544}}
Aug 14 09:08:53.559107 np0000189555 devstack@n-api.service[98304]: DEBUG oslo_concurrency.lockutils [None req-9f95c3f2-0c8e-4ff4-8fae-3c06efb1f5a7 None None] Acquiring lock "a3468140-20db-4927-a8fb-6cbfe735af37" by "nova.context.set_target_cell..get_or_set_cached_cell_and_set_connections" {{(pid=98304) inner /opt/stack/data/venv/lib/python3.12/site-packages/oslo_concurrency/lockutils.py:512}}
Aug 14 09:08:53.559294 np0000189555 devstack@n-api.service[98304]: DEBUG oslo_concurrency.lockutils [None req-9f95c3f2-0c8e-4ff4-8fae-3c06efb1f5a7 None None] Lock "a3468140-20db-4927-a8fb-6cbfe735af37" acquired by "nova.context.set_target_cell..get_or_set_cached_cell_and_set_connections" :: waited 0.000s {{(pid=98304) inner /opt/stack/data/venv/lib/python3.12/site-packages/oslo_concurrency/lockutils.py:525}}
Aug 14 09:08:53.560458 np0000189555 devstack@n-api.service[98304]: DEBUG oslo_concurrency.lockutils [None req-9f95c3f2-0c8e-4ff4-8fae-3c06efb1f5a7 None None] Lock "a3468140-20db-4927-a8fb-6cbfe735af37" "released" by "nova.context.set_target_cell..get_or_set_cached_cell_and_set_connections" :: held 0.001s {{(pid=98304) inner /opt/stack/data/venv/lib/python3.12/site-packages/oslo_concurrency/lockutils.py:544}}
Aug 14 09:08:53.563733 np0000189555 devstack@n-api.service[98304]: INFO dbcounter [None req-9f95c3f2-0c8e-4ff4-8fae-3c06efb1f5a7 None None] Registered counter for database nova_cell0
Aug 14 09:08:53.569257 np0000189555 devstack@n-api.service[98304]: INFO dbcounter [None req-9f95c3f2-0c8e-4ff4-8fae-3c06efb1f5a7 None None] Registered counter for database nova_cell1
Aug 14 09:08:53.572559 np0000189555 devstack@n-api.service[98303]: DEBUG oslo_db.sqlalchemy.engines [None req-69b68469-9824-45b7-b6d4-a392923a19a9 None None] MySQL server mode set to STRICT_TRANS_TABLES,STRICT_ALL_TABLES,NO_ZERO_IN_DATE,NO_ZERO_DATE,ERROR_FOR_DIVISION_BY_ZERO,TRADITIONAL,NO_ENGINE_SUBSTITUTION {{(pid=98303) _check_effective_sql_mode /opt/stack/data/venv/lib/python3.12/site-packages/oslo_db/sqlalchemy/engines.py:325}}
Aug 14 09:08:53.605349 np0000189555 devstack@n-api.service[98302]: DEBUG oslo_db.sqlalchemy.engines [None req-9f3fb4c3-8691-4425-a76f-c1bdf562c110 None None] MySQL server mode set to STRICT_TRANS_TABLES,STRICT_ALL_TABLES,NO_ZERO_IN_DATE,NO_ZERO_DATE,ERROR_FOR_DIVISION_BY_ZERO,TRADITIONAL,NO_ENGINE_SUBSTITUTION {{(pid=98302) _check_effective_sql_mode /opt/stack/data/venv/lib/python3.12/site-packages/oslo_db/sqlalchemy/engines.py:325}}
Aug 14 09:08:53.626840 np0000189555 devstack@n-api.service[98302]: DEBUG dbcounter [-] [98302] Writer thread running {{(pid=98302) stat_writer /opt/stack/data/venv/lib/python3.12/site-packages/dbcounter.py:102}}
Aug 14 09:08:53.627537 np0000189555 devstack@n-api.service[98304]: DEBUG oslo_db.sqlalchemy.engines [None req-9f95c3f2-0c8e-4ff4-8fae-3c06efb1f5a7 None None] MySQL server mode set to STRICT_TRANS_TABLES,STRICT_ALL_TABLES,NO_ZERO_IN_DATE,NO_ZERO_DATE,ERROR_FOR_DIVISION_BY_ZERO,TRADITIONAL,NO_ENGINE_SUBSTITUTION {{(pid=98304) _check_effective_sql_mode /opt/stack/data/venv/lib/python3.12/site-packages/oslo_db/sqlalchemy/engines.py:325}}
Aug 14 09:08:53.628703 np0000189555 devstack@n-api.service[98305]: DEBUG dbcounter [-] [98305] Writer thread running {{(pid=98305) stat_writer /opt/stack/data/venv/lib/python3.12/site-packages/dbcounter.py:102}}
Aug 14 09:08:53.633829 np0000189555 devstack@n-api.service[98304]: DEBUG oslo_db.sqlalchemy.engines [None req-9f95c3f2-0c8e-4ff4-8fae-3c06efb1f5a7 None None] MySQL server mode set to STRICT_TRANS_TABLES,STRICT_ALL_TABLES,NO_ZERO_IN_DATE,NO_ZERO_DATE,ERROR_FOR_DIVISION_BY_ZERO,TRADITIONAL,NO_ENGINE_SUBSTITUTION {{(pid=98304) _check_effective_sql_mode /opt/stack/data/venv/lib/python3.12/site-packages/oslo_db/sqlalchemy/engines.py:325}}
Aug 14 09:08:53.634857 np0000189555 devstack@n-api.service[98302]: DEBUG dbcounter [-] [98302] Writer thread running {{(pid=98302) stat_writer /opt/stack/data/venv/lib/python3.12/site-packages/dbcounter.py:102}}
Aug 14 09:08:53.636167 np0000189555 devstack@n-api.service[98305]: DEBUG dbcounter [-] [98305] Writer thread running {{(pid=98305) stat_writer /opt/stack/data/venv/lib/python3.12/site-packages/dbcounter.py:102}}
Aug 14 09:08:53.639661 np0000189555 devstack@n-api.service[98302]: INFO dbcounter [None req-9f3fb4c3-8691-4425-a76f-c1bdf562c110 None None] Registered counter for database nova_cell0
Aug 14 09:08:53.639902 np0000189555 devstack@n-api.service[98305]: INFO dbcounter [None req-e7fae164-7750-4472-9c68-16245b654ab4 None None] Registered counter for database nova_cell0
Aug 14 09:08:53.646488 np0000189555 devstack@n-api.service[98303]: DEBUG dbcounter [-] [98303] Writer thread running {{(pid=98303) stat_writer /opt/stack/data/venv/lib/python3.12/site-packages/dbcounter.py:102}}
Aug 14 09:08:53.651069 np0000189555 devstack@n-api.service[98303]: DEBUG dbcounter [-] [98303] Writer thread running {{(pid=98303) stat_writer /opt/stack/data/venv/lib/python3.12/site-packages/dbcounter.py:102}}
Aug 14 09:08:53.681577 np0000189555 devstack@n-api.service[98302]: DEBUG oslo_db.sqlalchemy.engines [None req-9f3fb4c3-8691-4425-a76f-c1bdf562c110 None None] MySQL server mode set to STRICT_TRANS_TABLES,STRICT_ALL_TABLES,NO_ZERO_IN_DATE,NO_ZERO_DATE,ERROR_FOR_DIVISION_BY_ZERO,TRADITIONAL,NO_ENGINE_SUBSTITUTION {{(pid=98302) _check_effective_sql_mode /opt/stack/data/venv/lib/python3.12/site-packages/oslo_db/sqlalchemy/engines.py:325}}
Aug 14 09:08:53.688812 np0000189555 devstack@n-api.service[98302]: DEBUG dbcounter [-] [98302] Writer thread running {{(pid=98302) stat_writer /opt/stack/data/venv/lib/python3.12/site-packages/dbcounter.py:102}}
Aug 14 09:08:53.693338 np0000189555 devstack@n-api.service[98305]: DEBUG oslo_db.sqlalchemy.engines [None req-e7fae164-7750-4472-9c68-16245b654ab4 None None] MySQL server mode set to STRICT_TRANS_TABLES,STRICT_ALL_TABLES,NO_ZERO_IN_DATE,NO_ZERO_DATE,ERROR_FOR_DIVISION_BY_ZERO,TRADITIONAL,NO_ENGINE_SUBSTITUTION {{(pid=98305) _check_effective_sql_mode /opt/stack/data/venv/lib/python3.12/site-packages/oslo_db/sqlalchemy/engines.py:325}}
Aug 14 09:08:53.702092 np0000189555 devstack@n-api.service[98305]: DEBUG dbcounter [-] [98305] Writer thread running {{(pid=98305) stat_writer /opt/stack/data/venv/lib/python3.12/site-packages/dbcounter.py:102}}
Aug 14 09:08:53.703341 np0000189555 devstack@n-api.service[98303]: INFO dbcounter [None req-69b68469-9824-45b7-b6d4-a392923a19a9 None None] Registered counter for database nova_cell0
Aug 14 09:08:53.725463 np0000189555 devstack@n-api.service[98304]: DEBUG dbcounter [-] [98304] Writer thread running {{(pid=98304) stat_writer /opt/stack/data/venv/lib/python3.12/site-packages/dbcounter.py:102}}
Aug 14 09:08:53.732635 np0000189555 devstack@n-api.service[98304]: DEBUG dbcounter [-] [98304] Writer thread running {{(pid=98304) stat_writer /opt/stack/data/venv/lib/python3.12/site-packages/dbcounter.py:102}}
Aug 14 09:08:53.738260 np0000189555 devstack@n-api.service[98304]: INFO dbcounter [None req-9f95c3f2-0c8e-4ff4-8fae-3c06efb1f5a7 None None] Registered counter for database nova_cell0
Aug 14 09:08:53.740147 np0000189555 devstack@n-api.service[98303]: DEBUG oslo_db.sqlalchemy.engines [None req-69b68469-9824-45b7-b6d4-a392923a19a9 None None] MySQL server mode set to STRICT_TRANS_TABLES,STRICT_ALL_TABLES,NO_ZERO_IN_DATE,NO_ZERO_DATE,ERROR_FOR_DIVISION_BY_ZERO,TRADITIONAL,NO_ENGINE_SUBSTITUTION {{(pid=98303) _check_effective_sql_mode /opt/stack/data/venv/lib/python3.12/site-packages/oslo_db/sqlalchemy/engines.py:325}}
Aug 14 09:08:53.750864 np0000189555 devstack@n-api.service[98303]: DEBUG dbcounter [-] [98303] Writer thread running {{(pid=98303) stat_writer /opt/stack/data/venv/lib/python3.12/site-packages/dbcounter.py:102}}
Aug 14 09:08:53.779283 np0000189555 devstack@n-api.service[98304]: DEBUG oslo_db.sqlalchemy.engines [None req-9f95c3f2-0c8e-4ff4-8fae-3c06efb1f5a7 None None] MySQL server mode set to STRICT_TRANS_TABLES,STRICT_ALL_TABLES,NO_ZERO_IN_DATE,NO_ZERO_DATE,ERROR_FOR_DIVISION_BY_ZERO,TRADITIONAL,NO_ENGINE_SUBSTITUTION {{(pid=98304) _check_effective_sql_mode /opt/stack/data/venv/lib/python3.12/site-packages/oslo_db/sqlalchemy/engines.py:325}}
Aug 14 09:08:53.786743 np0000189555 devstack@n-api.service[98304]: DEBUG dbcounter [-] [98304] Writer thread running {{(pid=98304) stat_writer /opt/stack/data/venv/lib/python3.12/site-packages/dbcounter.py:102}}
Aug 14 09:08:54.092509 np0000189555 devstack@n-api.service[98302]: DEBUG oslo_concurrency.processutils [None req-9f3fb4c3-8691-4425-a76f-c1bdf562c110 None None] Running cmd (subprocess): grep -F node.session.scan /sbin/iscsiadm {{(pid=98302) execute /opt/stack/data/venv/lib/python3.12/site-packages/oslo_concurrency/processutils.py:440}}
Aug 14 09:08:54.109301 np0000189555 devstack@n-api.service[98302]: DEBUG oslo_concurrency.processutils [None req-9f3fb4c3-8691-4425-a76f-c1bdf562c110 None None] CMD "grep -F node.session.scan /sbin/iscsiadm" returned: 0 in 0.017s {{(pid=98302) execute /opt/stack/data/venv/lib/python3.12/site-packages/oslo_concurrency/processutils.py:468}}
Aug 14 09:08:54.109607 np0000189555 devstack@n-api.service[98305]: DEBUG oslo_concurrency.processutils [None req-e7fae164-7750-4472-9c68-16245b654ab4 None None] Running cmd (subprocess): grep -F node.session.scan /sbin/iscsiadm {{(pid=98305) execute /opt/stack/data/venv/lib/python3.12/site-packages/oslo_concurrency/processutils.py:440}}
Aug 14 09:08:54.111739 np0000189555 devstack@n-api.service[98303]: DEBUG oslo_concurrency.processutils [None req-69b68469-9824-45b7-b6d4-a392923a19a9 None None] Running cmd (subprocess): grep -F node.session.scan /sbin/iscsiadm {{(pid=98303) execute /opt/stack/data/venv/lib/python3.12/site-packages/oslo_concurrency/processutils.py:440}}
Aug 14 09:08:54.123009 np0000189555 devstack@n-api.service[98305]: DEBUG oslo_concurrency.processutils [None req-e7fae164-7750-4472-9c68-16245b654ab4 None None] CMD "grep -F node.session.scan /sbin/iscsiadm" returned: 0 in 0.013s {{(pid=98305) execute /opt/stack/data/venv/lib/python3.12/site-packages/oslo_concurrency/processutils.py:468}}
Aug 14 09:08:54.131217 np0000189555 devstack@n-api.service[98303]: DEBUG oslo_concurrency.processutils [None req-69b68469-9824-45b7-b6d4-a392923a19a9 None None] CMD "grep -F node.session.scan /sbin/iscsiadm" returned: 0 in 0.019s {{(pid=98303) execute /opt/stack/data/venv/lib/python3.12/site-packages/oslo_concurrency/processutils.py:468}}
Aug 14 09:08:54.141478 np0000189555 devstack@n-api.service[98304]: DEBUG oslo_concurrency.processutils [None req-9f95c3f2-0c8e-4ff4-8fae-3c06efb1f5a7 None None] Running cmd (subprocess): grep -F node.session.scan /sbin/iscsiadm {{(pid=98304) execute /opt/stack/data/venv/lib/python3.12/site-packages/oslo_concurrency/processutils.py:440}}
Aug 14 09:08:54.160634 np0000189555 devstack@n-api.service[98304]: DEBUG oslo_concurrency.processutils [None req-9f95c3f2-0c8e-4ff4-8fae-3c06efb1f5a7 None None] CMD "grep -F node.session.scan /sbin/iscsiadm" returned: 0 in 0.019s {{(pid=98304) execute /opt/stack/data/venv/lib/python3.12/site-packages/oslo_concurrency/processutils.py:468}}
Aug 14 09:08:54.721971 np0000189555 devstack@n-api.service[98303]: DEBUG nova.api.openstack.wsgi_app [None req-69b68469-9824-45b7-b6d4-a392923a19a9 None None] ******************************************************************************** {{(pid=98303) log_opt_values /opt/stack/data/venv/lib/python3.12/site-packages/oslo_config/cfg.py:3533}}
Aug 14 09:08:54.721971 np0000189555 devstack@n-api.service[98303]: DEBUG nova.api.openstack.wsgi_app [None req-69b68469-9824-45b7-b6d4-a392923a19a9 None None] Configuration options gathered from: {{(pid=98303) log_opt_values /opt/stack/data/venv/lib/python3.12/site-packages/oslo_config/cfg.py:3534}}
Aug 14 09:08:54.722630 np0000189555 devstack@n-api.service[98303]: DEBUG nova.api.openstack.wsgi_app [None req-69b68469-9824-45b7-b6d4-a392923a19a9 None None] command line args: [] {{(pid=98303) log_opt_values /opt/stack/data/venv/lib/python3.12/site-packages/oslo_config/cfg.py:3535}}
Aug 14 09:08:54.722630 np0000189555 devstack@n-api.service[98303]: DEBUG nova.api.openstack.wsgi_app [None req-69b68469-9824-45b7-b6d4-a392923a19a9 None None] config files: ['/etc/nova/api-paste.ini', '/etc/nova/nova.conf'] {{(pid=98303) log_opt_values /opt/stack/data/venv/lib/python3.12/site-packages/oslo_config/cfg.py:3536}}
Aug 14 09:08:54.722630 np0000189555 devstack@n-api.service[98303]: DEBUG nova.api.openstack.wsgi_app [None req-69b68469-9824-45b7-b6d4-a392923a19a9 None None] ================================================================================ {{(pid=98303) log_opt_values /opt/stack/data/venv/lib/python3.12/site-packages/oslo_config/cfg.py:3541}}
Aug 14 09:08:54.722630 np0000189555 devstack@n-api.service[98303]: DEBUG nova.api.openstack.wsgi_app [None req-69b68469-9824-45b7-b6d4-a392923a19a9 None None] allow_resize_to_same_host = True {{(pid=98303) log_opt_values /opt/stack/data/venv/lib/python3.12/site-packages/oslo_config/cfg.py:3549}}
Aug 14 09:08:54.723181 np0000189555 devstack@n-api.service[98303]: DEBUG nova.api.openstack.wsgi_app [None req-69b68469-9824-45b7-b6d4-a392923a19a9 None None] arq_binding_timeout = 300 {{(pid=98303) log_opt_values /opt/stack/data/venv/lib/python3.12/site-packages/oslo_config/cfg.py:3549}}
Aug 14 09:08:54.723181 np0000189555 devstack@n-api.service[98303]: DEBUG nova.api.openstack.wsgi_app [None req-69b68469-9824-45b7-b6d4-a392923a19a9 None None] block_device_allocate_retries = 60 {{(pid=98303) log_opt_values /opt/stack/data/venv/lib/python3.12/site-packages/oslo_config/cfg.py:3549}}
Aug 14 09:08:54.723181 np0000189555 devstack@n-api.service[98303]: DEBUG nova.api.openstack.wsgi_app [None req-69b68469-9824-45b7-b6d4-a392923a19a9 None None] block_device_allocate_retries_interval = 3 {{(pid=98303) log_opt_values /opt/stack/data/venv/lib/python3.12/site-packages/oslo_config/cfg.py:3549}}
Aug 14 09:08:54.723181 np0000189555 devstack@n-api.service[98303]: DEBUG nova.api.openstack.wsgi_app [None req-69b68469-9824-45b7-b6d4-a392923a19a9 None None] cell_worker_thread_pool_size = 5 {{(pid=98303) log_opt_values /opt/stack/data/venv/lib/python3.12/site-packages/oslo_config/cfg.py:3549}}
Aug 14 09:08:54.723324 np0000189555 devstack@n-api.service[98303]: DEBUG nova.api.openstack.wsgi_app [None req-69b68469-9824-45b7-b6d4-a392923a19a9 None None] cert = self.pem {{(pid=98303) log_opt_values /opt/stack/data/venv/lib/python3.12/site-packages/oslo_config/cfg.py:3549}}
Aug 14 09:08:54.723488 np0000189555 devstack@n-api.service[98303]: DEBUG nova.api.openstack.wsgi_app [None req-69b68469-9824-45b7-b6d4-a392923a19a9 None None] compute_driver = libvirt.LibvirtDriver {{(pid=98303) log_opt_values /opt/stack/data/venv/lib/python3.12/site-packages/oslo_config/cfg.py:3549}}
Aug 14 09:08:54.723599 np0000189555 devstack@n-api.service[98303]: DEBUG nova.api.openstack.wsgi_app [None req-69b68469-9824-45b7-b6d4-a392923a19a9 None None] compute_monitors = [] {{(pid=98303) log_opt_values /opt/stack/data/venv/lib/python3.12/site-packages/oslo_config/cfg.py:3549}}
Aug 14 09:08:54.723682 np0000189555 devstack@n-api.service[98303]: DEBUG nova.api.openstack.wsgi_app [None req-69b68469-9824-45b7-b6d4-a392923a19a9 None None] concurrency_backend = auto {{(pid=98303) log_opt_values /opt/stack/data/venv/lib/python3.12/site-packages/oslo_config/cfg.py:3549}}
Aug 14 09:08:54.723827 np0000189555 devstack@n-api.service[98303]: DEBUG nova.api.openstack.wsgi_app [None req-69b68469-9824-45b7-b6d4-a392923a19a9 None None] config_dir = [] {{(pid=98303) log_opt_values /opt/stack/data/venv/lib/python3.12/site-packages/oslo_config/cfg.py:3549}}
Aug 14 09:08:54.724326 np0000189555 devstack@n-api.service[98303]: DEBUG nova.api.openstack.wsgi_app [None req-69b68469-9824-45b7-b6d4-a392923a19a9 None None] config_drive_format = iso9660 {{(pid=98303) log_opt_values /opt/stack/data/venv/lib/python3.12/site-packages/oslo_config/cfg.py:3549}}
Aug 14 09:08:54.724326 np0000189555 devstack@n-api.service[98303]: DEBUG nova.api.openstack.wsgi_app [None req-69b68469-9824-45b7-b6d4-a392923a19a9 None None] config_file = ['/etc/nova/api-paste.ini', '/etc/nova/nova.conf'] {{(pid=98303) log_opt_values /opt/stack/data/venv/lib/python3.12/site-packages/oslo_config/cfg.py:3549}}
Aug 14 09:08:54.724326 np0000189555 devstack@n-api.service[98303]: DEBUG nova.api.openstack.wsgi_app [None req-69b68469-9824-45b7-b6d4-a392923a19a9 None None] config_source = [] {{(pid=98303) log_opt_values /opt/stack/data/venv/lib/python3.12/site-packages/oslo_config/cfg.py:3549}}
Aug 14 09:08:54.724547 np0000189555 devstack@n-api.service[98303]: DEBUG nova.api.openstack.wsgi_app [None req-69b68469-9824-45b7-b6d4-a392923a19a9 None None] console_host = np0000189555 {{(pid=98303) log_opt_values /opt/stack/data/venv/lib/python3.12/site-packages/oslo_config/cfg.py:3549}}
Aug 14 09:08:54.724547 np0000189555 devstack@n-api.service[98303]: DEBUG nova.api.openstack.wsgi_app [None req-69b68469-9824-45b7-b6d4-a392923a19a9 None None] control_exchange = nova {{(pid=98303) log_opt_values /opt/stack/data/venv/lib/python3.12/site-packages/oslo_config/cfg.py:3549}}
Aug 14 09:08:54.724705 np0000189555 devstack@n-api.service[98303]: DEBUG nova.api.openstack.wsgi_app [None req-69b68469-9824-45b7-b6d4-a392923a19a9 None None] cpu_allocation_ratio = None {{(pid=98303) log_opt_values /opt/stack/data/venv/lib/python3.12/site-packages/oslo_config/cfg.py:3549}}
Aug 14 09:08:54.724824 np0000189555 devstack@n-api.service[98303]: DEBUG nova.api.openstack.wsgi_app [None req-69b68469-9824-45b7-b6d4-a392923a19a9 None None] daemon = False {{(pid=98303) log_opt_values /opt/stack/data/venv/lib/python3.12/site-packages/oslo_config/cfg.py:3549}}
Aug 14 09:08:54.725005 np0000189555 devstack@n-api.service[98303]: DEBUG nova.api.openstack.wsgi_app [None req-69b68469-9824-45b7-b6d4-a392923a19a9 None None] debug = True {{(pid=98303) log_opt_values /opt/stack/data/venv/lib/python3.12/site-packages/oslo_config/cfg.py:3549}}
Aug 14 09:08:54.725122 np0000189555 devstack@n-api.service[98303]: DEBUG nova.api.openstack.wsgi_app [None req-69b68469-9824-45b7-b6d4-a392923a19a9 None None] default_access_ip_network_name = None {{(pid=98303) log_opt_values /opt/stack/data/venv/lib/python3.12/site-packages/oslo_config/cfg.py:3549}}
Aug 14 09:08:54.725257 np0000189555 devstack@n-api.service[98303]: DEBUG nova.api.openstack.wsgi_app [None req-69b68469-9824-45b7-b6d4-a392923a19a9 None None] default_availability_zone = nova {{(pid=98303) log_opt_values /opt/stack/data/venv/lib/python3.12/site-packages/oslo_config/cfg.py:3549}}
Aug 14 09:08:54.725409 np0000189555 devstack@n-api.service[98303]: DEBUG nova.api.openstack.wsgi_app [None req-69b68469-9824-45b7-b6d4-a392923a19a9 None None] default_ephemeral_format = ext4 {{(pid=98303) log_opt_values /opt/stack/data/venv/lib/python3.12/site-packages/oslo_config/cfg.py:3549}}
Aug 14 09:08:54.725530 np0000189555 devstack@n-api.service[98303]: DEBUG nova.api.openstack.wsgi_app [None req-69b68469-9824-45b7-b6d4-a392923a19a9 None None] default_green_pool_size = 1000 {{(pid=98303) log_opt_values /opt/stack/data/venv/lib/python3.12/site-packages/oslo_config/cfg.py:3549}}
Aug 14 09:08:54.725755 np0000189555 devstack@n-api.service[98303]: DEBUG nova.api.openstack.wsgi_app [None req-69b68469-9824-45b7-b6d4-a392923a19a9 None None] default_log_levels = ['amqp=WARN', 'boto=WARN', 'sqlalchemy=WARN', 'suds=INFO', 'oslo.messaging=INFO', 'oslo_messaging=INFO', 'iso8601=WARN', 'requests.packages.urllib3.connectionpool=WARN', 'urllib3.connectionpool=WARN', 'websocket=WARN', 'requests.packages.urllib3.util.retry=WARN', 'urllib3.util.retry=WARN', 'keystonemiddleware=WARN', 'routes.middleware=WARN', 'stevedore=WARN', 'taskflow=WARN', 'keystoneauth=WARN', 'oslo.cache=INFO', 'oslo_policy=INFO', 'dogpile.core.dogpile=INFO', 'glanceclient=WARN', 'oslo.privsep.daemon=INFO'] {{(pid=98303) log_opt_values /opt/stack/data/venv/lib/python3.12/site-packages/oslo_config/cfg.py:3549}}
Aug 14 09:08:54.725925 np0000189555 devstack@n-api.service[98303]: DEBUG nova.api.openstack.wsgi_app [None req-69b68469-9824-45b7-b6d4-a392923a19a9 None None] default_schedule_zone = None {{(pid=98303) log_opt_values /opt/stack/data/venv/lib/python3.12/site-packages/oslo_config/cfg.py:3549}}
Aug 14 09:08:54.726069 np0000189555 devstack@n-api.service[98303]: DEBUG nova.api.openstack.wsgi_app [None req-69b68469-9824-45b7-b6d4-a392923a19a9 None None] default_thread_pool_size = 10 {{(pid=98303) log_opt_values /opt/stack/data/venv/lib/python3.12/site-packages/oslo_config/cfg.py:3549}}
Aug 14 09:08:54.726184 np0000189555 devstack@n-api.service[98303]: DEBUG nova.api.openstack.wsgi_app [None req-69b68469-9824-45b7-b6d4-a392923a19a9 None None] disk_allocation_ratio = None {{(pid=98303) log_opt_values /opt/stack/data/venv/lib/python3.12/site-packages/oslo_config/cfg.py:3549}}
Aug 14 09:08:54.726339 np0000189555 devstack@n-api.service[98303]: DEBUG nova.api.openstack.wsgi_app [None req-69b68469-9824-45b7-b6d4-a392923a19a9 None None] enable_new_services = True {{(pid=98303) log_opt_values /opt/stack/data/venv/lib/python3.12/site-packages/oslo_config/cfg.py:3549}}
Aug 14 09:08:54.726510 np0000189555 devstack@n-api.service[98303]: DEBUG nova.api.openstack.wsgi_app [None req-69b68469-9824-45b7-b6d4-a392923a19a9 None None] flat_injected = False {{(pid=98303) log_opt_values /opt/stack/data/venv/lib/python3.12/site-packages/oslo_config/cfg.py:3549}}
Aug 14 09:08:54.726690 np0000189555 devstack@n-api.service[98303]: DEBUG nova.api.openstack.wsgi_app [None req-69b68469-9824-45b7-b6d4-a392923a19a9 None None] force_config_drive = False {{(pid=98303) log_opt_values /opt/stack/data/venv/lib/python3.12/site-packages/oslo_config/cfg.py:3549}}
Aug 14 09:08:54.726869 np0000189555 devstack@n-api.service[98303]: DEBUG nova.api.openstack.wsgi_app [None req-69b68469-9824-45b7-b6d4-a392923a19a9 None None] force_raw_images = True {{(pid=98303) log_opt_values /opt/stack/data/venv/lib/python3.12/site-packages/oslo_config/cfg.py:3549}}
Aug 14 09:08:54.727115 np0000189555 devstack@n-api.service[98303]: DEBUG nova.api.openstack.wsgi_app [None req-69b68469-9824-45b7-b6d4-a392923a19a9 None None] graceful_shutdown_timeout = 5 {{(pid=98303) log_opt_values /opt/stack/data/venv/lib/python3.12/site-packages/oslo_config/cfg.py:3549}}
Aug 14 09:08:54.727295 np0000189555 devstack@n-api.service[98303]: DEBUG nova.api.openstack.wsgi_app [None req-69b68469-9824-45b7-b6d4-a392923a19a9 None None] heal_instance_info_cache_interval = -1 {{(pid=98303) log_opt_values /opt/stack/data/venv/lib/python3.12/site-packages/oslo_config/cfg.py:3549}}
Aug 14 09:08:54.727504 np0000189555 devstack@n-api.service[98303]: DEBUG nova.api.openstack.wsgi_app [None req-69b68469-9824-45b7-b6d4-a392923a19a9 None None] host = np0000189555 {{(pid=98303) log_opt_values /opt/stack/data/venv/lib/python3.12/site-packages/oslo_config/cfg.py:3549}}
Aug 14 09:08:54.727654 np0000189555 devstack@n-api.service[98303]: DEBUG nova.api.openstack.wsgi_app [None req-69b68469-9824-45b7-b6d4-a392923a19a9 None None] initial_cpu_allocation_ratio = 4.0 {{(pid=98303) log_opt_values /opt/stack/data/venv/lib/python3.12/site-packages/oslo_config/cfg.py:3549}}
Aug 14 09:08:54.727789 np0000189555 devstack@n-api.service[98303]: DEBUG nova.api.openstack.wsgi_app [None req-69b68469-9824-45b7-b6d4-a392923a19a9 None None] initial_disk_allocation_ratio = 1.0 {{(pid=98303) log_opt_values /opt/stack/data/venv/lib/python3.12/site-packages/oslo_config/cfg.py:3549}}
Aug 14 09:08:54.727967 np0000189555 devstack@n-api.service[98303]: DEBUG nova.api.openstack.wsgi_app [None req-69b68469-9824-45b7-b6d4-a392923a19a9 None None] initial_ram_allocation_ratio = 1.0 {{(pid=98303) log_opt_values /opt/stack/data/venv/lib/python3.12/site-packages/oslo_config/cfg.py:3549}}
Aug 14 09:08:54.728147 np0000189555 devstack@n-api.service[98303]: DEBUG nova.api.openstack.wsgi_app [None req-69b68469-9824-45b7-b6d4-a392923a19a9 None None] injected_network_template = /opt/stack/nova/nova/virt/interfaces.template {{(pid=98303) log_opt_values /opt/stack/data/venv/lib/python3.12/site-packages/oslo_config/cfg.py:3549}}
Aug 14 09:08:54.728286 np0000189555 devstack@n-api.service[98303]: DEBUG nova.api.openstack.wsgi_app [None req-69b68469-9824-45b7-b6d4-a392923a19a9 None None] instance_build_timeout = 0 {{(pid=98303) log_opt_values /opt/stack/data/venv/lib/python3.12/site-packages/oslo_config/cfg.py:3549}}
Aug 14 09:08:54.728418 np0000189555 devstack@n-api.service[98303]: DEBUG nova.api.openstack.wsgi_app [None req-69b68469-9824-45b7-b6d4-a392923a19a9 None None] instance_delete_interval = 300 {{(pid=98303) log_opt_values /opt/stack/data/venv/lib/python3.12/site-packages/oslo_config/cfg.py:3549}}
Aug 14 09:08:54.728579 np0000189555 devstack@n-api.service[98303]: DEBUG nova.api.openstack.wsgi_app [None req-69b68469-9824-45b7-b6d4-a392923a19a9 None None] instance_format = [instance: %(uuid)s] {{(pid=98303) log_opt_values /opt/stack/data/venv/lib/python3.12/site-packages/oslo_config/cfg.py:3549}}
Aug 14 09:08:54.728696 np0000189555 devstack@n-api.service[98303]: DEBUG nova.api.openstack.wsgi_app [None req-69b68469-9824-45b7-b6d4-a392923a19a9 None None] instance_name_template = instance-%08x {{(pid=98303) log_opt_values /opt/stack/data/venv/lib/python3.12/site-packages/oslo_config/cfg.py:3549}}
Aug 14 09:08:54.728828 np0000189555 devstack@n-api.service[98303]: DEBUG nova.api.openstack.wsgi_app [None req-69b68469-9824-45b7-b6d4-a392923a19a9 None None] instance_usage_audit = False {{(pid=98303) log_opt_values /opt/stack/data/venv/lib/python3.12/site-packages/oslo_config/cfg.py:3549}}
Aug 14 09:08:54.729002 np0000189555 devstack@n-api.service[98303]: DEBUG nova.api.openstack.wsgi_app [None req-69b68469-9824-45b7-b6d4-a392923a19a9 None None] instance_usage_audit_period = month {{(pid=98303) log_opt_values /opt/stack/data/venv/lib/python3.12/site-packages/oslo_config/cfg.py:3549}}
Aug 14 09:08:54.729130 np0000189555 devstack@n-api.service[98303]: DEBUG nova.api.openstack.wsgi_app [None req-69b68469-9824-45b7-b6d4-a392923a19a9 None None] instance_uuid_format = [instance: %(uuid)s] {{(pid=98303) log_opt_values /opt/stack/data/venv/lib/python3.12/site-packages/oslo_config/cfg.py:3549}}
Aug 14 09:08:54.729272 np0000189555 devstack@n-api.service[98303]: DEBUG nova.api.openstack.wsgi_app [None req-69b68469-9824-45b7-b6d4-a392923a19a9 None None] instances_path = /opt/stack/data/nova/instances {{(pid=98303) log_opt_values /opt/stack/data/venv/lib/python3.12/site-packages/oslo_config/cfg.py:3549}}
Aug 14 09:08:54.729421 np0000189555 devstack@n-api.service[98303]: DEBUG nova.api.openstack.wsgi_app [None req-69b68469-9824-45b7-b6d4-a392923a19a9 None None] internal_service_availability_zone = internal {{(pid=98303) log_opt_values /opt/stack/data/venv/lib/python3.12/site-packages/oslo_config/cfg.py:3549}}
Aug 14 09:08:54.729551 np0000189555 devstack@n-api.service[98303]: DEBUG nova.api.openstack.wsgi_app [None req-69b68469-9824-45b7-b6d4-a392923a19a9 None None] key = None {{(pid=98303) log_opt_values /opt/stack/data/venv/lib/python3.12/site-packages/oslo_config/cfg.py:3549}}
Aug 14 09:08:54.729683 np0000189555 devstack@n-api.service[98303]: DEBUG nova.api.openstack.wsgi_app [None req-69b68469-9824-45b7-b6d4-a392923a19a9 None None] live_migration_retry_count = 30 {{(pid=98303) log_opt_values /opt/stack/data/venv/lib/python3.12/site-packages/oslo_config/cfg.py:3549}}
Aug 14 09:08:54.729821 np0000189555 devstack@n-api.service[98303]: DEBUG nova.api.openstack.wsgi_app [None req-69b68469-9824-45b7-b6d4-a392923a19a9 None None] log_color = False {{(pid=98303) log_opt_values /opt/stack/data/venv/lib/python3.12/site-packages/oslo_config/cfg.py:3549}}
Aug 14 09:08:54.729975 np0000189555 devstack@n-api.service[98303]: DEBUG nova.api.openstack.wsgi_app [None req-69b68469-9824-45b7-b6d4-a392923a19a9 None None] log_config_append = None {{(pid=98303) log_opt_values /opt/stack/data/venv/lib/python3.12/site-packages/oslo_config/cfg.py:3549}}
Aug 14 09:08:54.730140 np0000189555 devstack@n-api.service[98303]: DEBUG nova.api.openstack.wsgi_app [None req-69b68469-9824-45b7-b6d4-a392923a19a9 None None] log_date_format = %Y-%m-%d %H:%M:%S {{(pid=98303) log_opt_values /opt/stack/data/venv/lib/python3.12/site-packages/oslo_config/cfg.py:3549}}
Aug 14 09:08:54.730278 np0000189555 devstack@n-api.service[98303]: DEBUG nova.api.openstack.wsgi_app [None req-69b68469-9824-45b7-b6d4-a392923a19a9 None None] log_dir = None {{(pid=98303) log_opt_values /opt/stack/data/venv/lib/python3.12/site-packages/oslo_config/cfg.py:3549}}
Aug 14 09:08:54.730409 np0000189555 devstack@n-api.service[98303]: DEBUG nova.api.openstack.wsgi_app [None req-69b68469-9824-45b7-b6d4-a392923a19a9 None None] log_file = None {{(pid=98303) log_opt_values /opt/stack/data/venv/lib/python3.12/site-packages/oslo_config/cfg.py:3549}}
Aug 14 09:08:54.730514 np0000189555 devstack@n-api.service[98303]: DEBUG nova.api.openstack.wsgi_app [None req-69b68469-9824-45b7-b6d4-a392923a19a9 None None] log_options = True {{(pid=98303) log_opt_values /opt/stack/data/venv/lib/python3.12/site-packages/oslo_config/cfg.py:3549}}
