2026-05-19 01:19:07.199 8 WARNING neutron.db.securitygroups_db [None req-5f4d484b-b8f8-4854-877e-abaea4c2d4b0 9d3a36a593f446c5917d5d8682d22d2a 86392782ebc84d118b9ceea1863f5bbe - - default default] project_id key not found in filters, using tenant_id instead. This support has been deprecated and will be removed in a future release. [pid: 8|app: 0|req: 781/1426] 10.0.0.202 () {32 vars in 774 bytes} [Tue May 19 01:19:07 2026] GET /v2.0/security-groups?tenant_id=aa45683917a340048253ba6084e5f911&name=default => generated 2925 bytes in 36 msecs (HTTP/1.1 200) 4 headers in 158 bytes (1 switches on core 0) [pid: 7|app: 0|req: 646/1427] 10.0.0.202 () {32 vars in 740 bytes} [Tue May 19 01:19:07 2026] DELETE /v2.0/security-groups/63eea21b-bcb0-4743-bd71-74eacda7ff78 => generated 0 bytes in 114 msecs (HTTP/1.1 204) 2 headers in 112 bytes (1 switches on core 0)
2026-05-19 01:19:08.420 8 INFO neutron.services.segments.plugin [-] Segment 8f23f0df-7fe9-4d16-b125-3551f58dabce resource provider aggregate not found
2026-05-19 01:19:08.428 8 INFO neutron.services.segments.plugin [-] Segment 8f23f0df-7fe9-4d16-b125-3551f58dabce resource provider aggregate not found
2026-05-19 01:19:08.433 8 INFO neutron.services.segments.plugin [-] Segment 8f23f0df-7fe9-4d16-b125-3551f58dabce resource provider not found; error: Placement Client Error (4xx): {"errors": [{"status": 404, "title": "Not Found", "detail": "The resource could not be found.\n\n No resource provider with uuid 8f23f0df-7fe9-4d16-b125-3551f58dabce found for delete ", "request_id": "req-d4e470f3-c014-4e04-919a-7f631a9a7cbf"}]}
2026-05-19 01:19:08.445 8 INFO neutron.services.segments.plugin [-] Segment 8f23f0df-7fe9-4d16-b125-3551f58dabce resource provider not found; error: Placement Client Error (4xx): {"errors": [{"status": 404, "title": "Not Found", "detail": "The resource could not be found.\n\n No resource provider with uuid 8f23f0df-7fe9-4d16-b125-3551f58dabce found for delete ", "request_id": "req-df178f66-73d3-4e8c-a8a4-6febbf5c88d2"}]} [pid: 7|app: 0|req: 648/1430] 10.0.0.202 () {32 vars in 623 bytes} [Tue May 19 01:19:08 2026] GET / => generated 151 bytes in 3 msecs (HTTP/1.1 200) 3 headers in 91 bytes (1 switches on core 0) [pid: 7|app: 0|req: 649/1431] 10.0.0.202 () {32 vars in 633 bytes} [Tue May 19 01:19:08 2026] GET /v2.0/ => generated 632 bytes in 160 msecs (HTTP/1.1 200) 4 headers in 157 bytes (1 switches on core 0) [pid: 8|app: 0|req: 783/1432] 10.0.0.202 () {34 vars in 676 bytes} [Tue May 19 01:19:08 2026] POST /v2.0/floatingips => generated 552 bytes in 735 msecs (HTTP/1.1 201) 4 headers in 162 bytes (1 switches on core 0)
2026-05-19 01:19:09.325 7 WARNING tagging [None req-92cfd2b2-61ff-4fba-8cb8-6b8e7a82240e 1769081289544b639336710b55e4bbf4 8a4293c022a048a598171cf8948c17d0 - - default default] project_id key not found in request, using tenant_id instead. This support has been deprecated and will be removed in a future release. [pid: 7|app: 0|req: 650/1433] 10.0.0.202 () {34 vars in 759 bytes} [Tue May 19 01:19:09 2026] PUT /v2.0/floatingips/209ed953-ee62-46c0-bdac-9639952f64a6/tags => generated 25 bytes in 109 msecs (HTTP/1.1 200) 4 headers in 156 bytes (1 switches on core 0)
2026-05-19 01:19:09.455 8 WARNING tagging [None req-7a761f3e-55fe-4d81-95b0-0fd221d06301 1769081289544b639336710b55e4bbf4 8a4293c022a048a598171cf8948c17d0 - - default default] project_id key not found in request, using tenant_id instead. This support has been deprecated and will be removed in a future release. [pid: 8|app: 0|req: 784/1434] 10.0.0.202 () {32 vars in 739 bytes} [Tue May 19 01:19:09 2026] GET /v2.0/floatingips/209ed953-ee62-46c0-bdac-9639952f64a6/tags => generated 25 bytes in 109 msecs (HTTP/1.1 200) 4 headers in 156 bytes (1 switches on core 0)
2026-05-19 01:19:09.529 7 WARNING tagging [None req-7dd41ffa-e0ea-44c5-b02b-01d386835fdf 1769081289544b639336710b55e4bbf4 8a4293c022a048a598171cf8948c17d0 - - default default] project_id key not found in request, using tenant_id instead. This support has been deprecated and will be removed in a future release. [pid: 7|app: 0|req: 651/1435] 10.0.0.202 () {34 vars in 770 bytes} [Tue May 19 01:19:09 2026] PUT /v2.0/floatingips/209ed953-ee62-46c0-bdac-9639952f64a6/tags/green => generated 4 bytes in 85 msecs (HTTP/1.1 201) 4 headers in 160 bytes (1 switches on core 0)
2026-05-19 01:19:09.616 7 WARNING tagging [None req-39755a32-8494-4887-b934-c23733662ce8 1769081289544b639336710b55e4bbf4 8a4293c022a048a598171cf8948c17d0 - - default default] project_id key not found in request, using tenant_id instead. This support has been deprecated and will be removed in a future release. [pid: 7|app: 0|req: 652/1436] 10.0.0.202 () {32 vars in 739 bytes} [Tue May 19 01:19:09 2026] GET /v2.0/floatingips/209ed953-ee62-46c0-bdac-9639952f64a6/tags => generated 34 bytes in 40 msecs (HTTP/1.1 200) 4 headers in 156 bytes (1 switches on core 0)
2026-05-19 01:19:09.660 7 WARNING tagging [None req-28c4e857-6174-4c68-ad04-7347563f0631 1769081289544b639336710b55e4bbf4 8a4293c022a048a598171cf8948c17d0 - - default default] project_id key not found in request, using tenant_id instead. This support has been deprecated and will be removed in a future release. [pid: 7|app: 0|req: 653/1437] 10.0.0.202 () {34 vars in 766 bytes} [Tue May 19 01:19:09 2026] PUT /v2.0/floatingips/209ed953-ee62-46c0-bdac-9639952f64a6/tags/red => generated 4 bytes in 61 msecs (HTTP/1.1 201) 4 headers in 160 bytes (1 switches on core 0)
2026-05-19 01:19:09.702 8 WARNING neutron.db.securitygroups_db [None req-89e6eb99-804e-4510-bd16-4c1718d85e3c 9d3a36a593f446c5917d5d8682d22d2a 86392782ebc84d118b9ceea1863f5bbe - - default default] project_id key not found in filters, using tenant_id instead. This support has been deprecated and will be removed in a future release.
2026-05-19 01:19:09.724 7 WARNING tagging [None req-94e6c373-7c54-4e6d-9a44-fa950ca874af 1769081289544b639336710b55e4bbf4 8a4293c022a048a598171cf8948c17d0 - - default default] project_id key not found in request, using tenant_id instead. This support has been deprecated and will be removed in a future release. [pid: 7|app: 0|req: 654/1438] 10.0.0.202 () {32 vars in 739 bytes} [Tue May 19 01:19:09 2026] GET /v2.0/floatingips/209ed953-ee62-46c0-bdac-9639952f64a6/tags => generated 34 bytes in 41 msecs (HTTP/1.1 200) 4 headers in 156 bytes (1 switches on core 0)
2026-05-19 01:19:09.776 7 WARNING tagging [None req-df56b78b-1ac3-47b0-bd9e-2bb20d2d7bed 1769081289544b639336710b55e4bbf4 8a4293c022a048a598171cf8948c17d0 - - default default] project_id key not found in request, using tenant_id instead. This support has been deprecated and will be removed in a future release. [pid: 7|app: 0|req: 655/1439] 10.0.0.202 () {34 vars in 788 bytes} [Tue May 19 01:19:09 2026] PUT /v2.0/floatingips/209ed953-ee62-46c0-bdac-9639952f64a6/tags/black.or.white => generated 4 bytes in 75 msecs (HTTP/1.1 201) 4 headers in 160 bytes (1 switches on core 0) [pid: 8|app: 0|req: 785/1440] 10.0.0.202 () {32 vars in 774 bytes} [Tue May 19 01:19:09 2026] GET /v2.0/security-groups?tenant_id=4dd3142f10fa48ce876d65dc92568c31&name=default => generated 2925 bytes in 291 msecs (HTTP/1.1 200) 4 headers in 158 bytes (1 switches on core 0)
2026-05-19 01:19:09.853 7 WARNING tagging [None req-c800f823-2fe9-4a0a-947c-1a59bcb89df3 1769081289544b639336710b55e4bbf4 8a4293c022a048a598171cf8948c17d0 - - default default] project_id key not found in request, using tenant_id instead. This support has been deprecated and will be removed in a future release. [pid: 7|app: 0|req: 656/1441] 10.0.0.202 () {32 vars in 739 bytes} [Tue May 19 01:19:09 2026] GET /v2.0/floatingips/209ed953-ee62-46c0-bdac-9639952f64a6/tags => generated 52 bytes in 44 msecs (HTTP/1.1 200) 4 headers in 156 bytes (1 switches on core 0)
2026-05-19 01:19:09.891 7 WARNING tagging [None req-db3558f4-7f68-43d8-ba43-f6e3e33c01cc 1769081289544b639336710b55e4bbf4 8a4293c022a048a598171cf8948c17d0 - - default default] project_id key not found in request, using tenant_id instead. This support has been deprecated and will be removed in a future release. [pid: 7|app: 0|req: 657/1442] 10.0.0.202 () {34 vars in 759 bytes} [Tue May 19 01:19:09 2026] PUT /v2.0/floatingips/209ed953-ee62-46c0-bdac-9639952f64a6/tags => generated 37 bytes in 47 msecs (HTTP/1.1 200) 4 headers in 156 bytes (1 switches on core 0) [pid: 8|app: 0|req: 786/1443] 10.0.0.202 () {32 vars in 740 bytes} [Tue May 19 01:19:09 2026] DELETE /v2.0/security-groups/3946a564-4899-47b7-bad3-905407c2262e => generated 0 bytes in 110 msecs (HTTP/1.1 204) 2 headers in 112 bytes (1 switches on core 0)
2026-05-19 01:19:09.952 7 WARNING tagging [None req-bffe5888-e4fa-41df-a985-ee01dd77581a 1769081289544b639336710b55e4bbf4 8a4293c022a048a598171cf8948c17d0 - - default default] project_id key not found in request, using tenant_id instead. This support has been deprecated and will be removed in a future release. [pid: 7|app: 0|req: 658/1444] 10.0.0.202 () {32 vars in 739 bytes} [Tue May 19 01:19:09 2026] GET /v2.0/floatingips/209ed953-ee62-46c0-bdac-9639952f64a6/tags => generated 37 bytes in 40 msecs (HTTP/1.1 200) 4 headers in 156 bytes (1 switches on core 0)
2026-05-19 01:19:10.003 8 WARNING tagging [None req-ad5281f6-d33b-4805-a05b-f69f48a0c46b 1769081289544b639336710b55e4bbf4 8a4293c022a048a598171cf8948c17d0 - - default default] project_id key not found in request, using tenant_id instead. This support has been deprecated and will be removed in a future release. [pid: 8|app: 0|req: 787/1445] 10.0.0.202 () {32 vars in 747 bytes} [Tue May 19 01:19:09 2026] GET /v2.0/floatingips/209ed953-ee62-46c0-bdac-9639952f64a6/tags/red => generated 0 bytes in 43 msecs (HTTP/1.1 204) 2 headers in 112 bytes (1 switches on core 0)
2026-05-19 01:19:10.049 7 WARNING tagging [None req-6e831f64-1cc5-4754-89f9-031afff92e27 1769081289544b639336710b55e4bbf4 8a4293c022a048a598171cf8948c17d0 - - default default] project_id key not found in request, using tenant_id instead. This support has been deprecated and will be removed in a future release.
2026-05-19 01:19:10.068 7 INFO neutron.api.v2.resource [None req-6e831f64-1cc5-4754-89f9-031afff92e27 1769081289544b639336710b55e4bbf4 8a4293c022a048a598171cf8948c17d0 - - default default] show failed (client error): The resource could not be found. [pid: 7|app: 0|req: 659/1446] 10.0.0.202 () {32 vars in 751 bytes} [Tue May 19 01:19:10 2026] GET /v2.0/floatingips/209ed953-ee62-46c0-bdac-9639952f64a6/tags/green => generated 99 bytes in 43 msecs (HTTP/1.1 404) 4 headers in 163 bytes (1 switches on core 0)
2026-05-19 01:19:10.098 8 WARNING tagging [None req-aa42483b-d7f7-4d2f-9e57-d78db34dbe4a 1769081289544b639336710b55e4bbf4 8a4293c022a048a598171cf8948c17d0 - - default default] project_id key not found in request, using tenant_id instead. This support has been deprecated and will be removed in a future release. [pid: 8|app: 0|req: 788/1447] 10.0.0.202 () {32 vars in 750 bytes} [Tue May 19 01:19:10 2026] DELETE /v2.0/floatingips/209ed953-ee62-46c0-bdac-9639952f64a6/tags/red => generated 0 bytes in 58 msecs (HTTP/1.1 204) 2 headers in 112 bytes (1 switches on core 0)
2026-05-19 01:19:10.165 7 WARNING tagging [None req-6deaad91-bb99-4d0c-bd83-30a3e49e2fe9 1769081289544b639336710b55e4bbf4 8a4293c022a048a598171cf8948c17d0 - - default default] project_id key not found in request, using tenant_id instead. This support has been deprecated and will be removed in a future release. [pid: 7|app: 0|req: 660/1448] 10.0.0.202 () {32 vars in 739 bytes} [Tue May 19 01:19:10 2026] GET /v2.0/floatingips/209ed953-ee62-46c0-bdac-9639952f64a6/tags => generated 30 bytes in 44 msecs (HTTP/1.1 200) 4 headers in 156 bytes (1 switches on core 0)
2026-05-19 01:19:10.222 8 WARNING tagging [None req-326a9f41-6ec8-4f56-91fe-dbed6343ae29 1769081289544b639336710b55e4bbf4 8a4293c022a048a598171cf8948c17d0 - - default default] project_id key not found in request, using tenant_id instead. This support has been deprecated and will be removed in a future release.
2026-05-19 01:19:10.239 8 INFO neutron.api.v2.resource [None req-326a9f41-6ec8-4f56-91fe-dbed6343ae29 1769081289544b639336710b55e4bbf4 8a4293c022a048a598171cf8948c17d0 - - default default] delete failed (client error): The resource could not be found. [pid: 8|app: 0|req: 789/1449] 10.0.0.202 () {32 vars in 754 bytes} [Tue May 19 01:19:10 2026] DELETE /v2.0/floatingips/209ed953-ee62-46c0-bdac-9639952f64a6/tags/green => generated 99 bytes in 48 msecs (HTTP/1.1 404) 4 headers in 163 bytes (1 switches on core 0)
2026-05-19 01:19:10.267 7 WARNING tagging [None req-e5222f19-ecf8-4dd7-a03d-3e208595e33c 1769081289544b639336710b55e4bbf4 8a4293c022a048a598171cf8948c17d0 - - default default] project_id key not found in request, using tenant_id instead. This support has been deprecated and will be removed in a future release. [pid: 7|app: 0|req: 661/1450] 10.0.0.202 () {32 vars in 742 bytes} [Tue May 19 01:19:10 2026] DELETE /v2.0/floatingips/209ed953-ee62-46c0-bdac-9639952f64a6/tags => generated 0 bytes in 71 msecs (HTTP/1.1 204) 2 headers in 112 bytes (1 switches on core 0)
2026-05-19 01:19:10.342 8 WARNING tagging [None req-978a377c-4e54-4ab1-a882-c8128caca43c 1769081289544b639336710b55e4bbf4 8a4293c022a048a598171cf8948c17d0 - - default default] project_id key not found in request, using tenant_id instead. This support has been deprecated and will be removed in a future release. [pid: 8|app: 0|req: 790/1451] 10.0.0.202 () {32 vars in 739 bytes} [Tue May 19 01:19:10 2026] GET /v2.0/floatingips/209ed953-ee62-46c0-bdac-9639952f64a6/tags => generated 12 bytes in 34 msecs (HTTP/1.1 200) 4 headers in 156 bytes (1 switches on core 0)
2026-05-19 01:19:10.496 7 INFO neutron_taas.services.taas.taas_plugin [None req-8721a221-8a7b-45ca-a278-83f08e6b0108 1769081289544b639336710b55e4bbf4 8a4293c022a048a598171cf8948c17d0 - - default default] TaaS: Handle Delete Port: 9afa1db0-4357-477b-ad57-de3d76543d45
2026-05-19 01:19:10.500 7 INFO neutron_taas.services.taas.tap_mirror_plugin [None req-8721a221-8a7b-45ca-a278-83f08e6b0108 1769081289544b639336710b55e4bbf4 8a4293c022a048a598171cf8948c17d0 - - default default] Tap Mirror: Handle Delete Port: 9afa1db0-4357-477b-ad57-de3d76543d45 [pid: 7|app: 0|req: 662/1452] 10.0.0.202 () {32 vars in 732 bytes} [Tue May 19 01:19:10 2026] DELETE /v2.0/floatingips/209ed953-ee62-46c0-bdac-9639952f64a6 => generated 0 bytes in 310 msecs (HTTP/1.1 204) 2 headers in 112 bytes (1 switches on core 0)
2026-05-19 01:19:11.435 8 WARNING keystonemiddleware.audit [None req-978a377c-4e54-4ab1-a882-c8128caca43c 1769081289544b639336710b55e4bbf4 8a4293c022a048a598171cf8948c17d0 - - default default] Skipping service tempest-service-1178825988 as it have no endpoints.
2026-05-19 01:19:11.439 8 WARNING neutron.db.securitygroups_db [None req-859a114e-04c5-4e70-adf4-c24b4a0b8b0b 9d3a36a593f446c5917d5d8682d22d2a 86392782ebc84d118b9ceea1863f5bbe - - default default] project_id key not found in filters, using tenant_id instead. This support has been deprecated and will be removed in a future release. [pid: 8|app: 0|req: 791/1453] 10.0.0.202 () {32 vars in 774 bytes} [Tue May 19 01:19:11 2026] GET /v2.0/security-groups?tenant_id=0602db8d11a947c689abe01e0a098ae2&name=default => generated 2925 bytes in 297 msecs (HTTP/1.1 200) 4 headers in 158 bytes (1 switches on core 0)
2026-05-19 01:19:11.611 7 WARNING keystonemiddleware.audit [None req-8721a221-8a7b-45ca-a278-83f08e6b0108 1769081289544b639336710b55e4bbf4 8a4293c022a048a598171cf8948c17d0 - - default default] Skipping service tempest-service-1178825988 as it have no endpoints. [pid: 7|app: 0|req: 663/1454] 10.0.0.202 () {32 vars in 740 bytes} [Tue May 19 01:19:11 2026] DELETE /v2.0/security-groups/8b505834-dc9b-4d89-822f-313a06f5fbdb => generated 0 bytes in 154 msecs (HTTP/1.1 204) 2 headers in 112 bytes (1 switches on core 0)
2026-05-19 01:19:11.994 8 WARNING keystonemiddleware.audit [None req-859a114e-04c5-4e70-adf4-c24b4a0b8b0b 9d3a36a593f446c5917d5d8682d22d2a 86392782ebc84d118b9ceea1863f5bbe - - default default] Skipping service tempest-service-1178825988 as it have no endpoints.
2026-05-19 01:19:11.997 8 WARNING neutron.db.securitygroups_db [None req-ffb66b19-4cac-4e8b-af17-3f7f5332a6b6 9d3a36a593f446c5917d5d8682d22d2a 86392782ebc84d118b9ceea1863f5bbe - - default default] project_id key not found in filters, using tenant_id instead. This support has been deprecated and will be removed in a future release. [pid: 8|app: 0|req: 792/1455] 10.0.0.202 () {32 vars in 774 bytes} [Tue May 19 01:19:11 2026] GET /v2.0/security-groups?tenant_id=8a4293c022a048a598171cf8948c17d0&name=default => generated 2925 bytes in 133 msecs (HTTP/1.1 200) 4 headers in 158 bytes (1 switches on core 0)
2026-05-19 01:19:12.134 7 WARNING keystonemiddleware.audit [None req-7fa7e497-cf13-4ae4-b6de-8b6e75315612 9d3a36a593f446c5917d5d8682d22d2a 86392782ebc84d118b9ceea1863f5bbe - - default default] Skipping service tempest-service-1178825988 as it have no endpoints. [pid: 7|app: 0|req: 664/1456] 10.0.0.202 () {32 vars in 740 bytes} [Tue May 19 01:19:12 2026] DELETE /v2.0/security-groups/9c2b3270-18be-45c7-9159-eb6d8b78d33b => generated 0 bytes in 106 msecs (HTTP/1.1 204) 2 headers in 112 bytes (1 switches on core 0)
2026-05-19 01:19:12.624 8 WARNING neutron.db.securitygroups_db [None req-76e06d28-3172-4472-91ff-9b6d72b99295 9d3a36a593f446c5917d5d8682d22d2a 86392782ebc84d118b9ceea1863f5bbe - - default default] project_id key not found in filters, using tenant_id instead. This support has been deprecated and will be removed in a future release. [pid: 8|app: 0|req: 793/1457] 10.0.0.202 () {32 vars in 774 bytes} [Tue May 19 01:19:12 2026] GET /v2.0/security-groups?tenant_id=0069c486d281434b8cff83b0c4ca82be&name=default => generated 2925 bytes in 417 msecs (HTTP/1.1 200) 4 headers in 158 bytes (1 switches on core 0) [pid: 7|app: 0|req: 665/1458] 10.0.0.202 () {32 vars in 740 bytes} [Tue May 19 01:19:12 2026] DELETE /v2.0/security-groups/a37325c4-f382-4338-b124-5a1e796affe0 => generated 0 bytes in 115 msecs (HTTP/1.1 204) 2 headers in 112 bytes (1 switches on core 0)
2026-05-19 01:19:12.972 8 WARNING neutron.db.securitygroups_db [None req-7fce714b-08c3-4ade-9253-35fd15b9f29d 9d3a36a593f446c5917d5d8682d22d2a 86392782ebc84d118b9ceea1863f5bbe - - default default] project_id key not found in filters, using tenant_id instead. This support has been deprecated and will be removed in a future release. [pid: 8|app: 0|req: 794/1459] 10.0.0.202 () {32 vars in 774 bytes} [Tue May 19 01:19:12 2026] GET /v2.0/security-groups?tenant_id=abec4473d9a847ed97f9b52162ba25ee&name=default => generated 2925 bytes in 128 msecs (HTTP/1.1 200) 4 headers in 158 bytes (1 switches on core 0) [pid: 7|app: 0|req: 666/1460] 10.0.0.202 () {32 vars in 740 bytes} [Tue May 19 01:19:13 2026] DELETE /v2.0/security-groups/b548cc80-4d1d-4cf2-8060-a0abfba7d0bf => generated 0 bytes in 107 msecs (HTTP/1.1 204) 2 headers in 112 bytes (1 switches on core 0) [pid: 8|app: 0|req: 795/1461] 10.0.0.207 () {34 vars in 990 bytes} [Tue May 19 01:19:13 2026] GET /v2.0/ports?device_id=03eabee5-b3d7-40c9-a14b-a78f9f55dea0 => generated 1240 bytes in 276 msecs (HTTP/1.1 200) 4 headers in 158 bytes (1 switches on core 0) [pid: 7|app: 0|req: 667/1462] 10.0.0.207 () {34 vars in 1040 bytes} [Tue May 19 01:19:14 2026] GET /v2.0/security-groups?id=641934ce-8cf5-4b50-85da-df7d129a5efc&fields=id&fields=name => generated 113 bytes in 36 msecs (HTTP/1.1 200) 4 headers in 157 bytes (1 switches on core 0)
2026-05-19 01:19:15.617 8 WARNING neutron.db.securitygroups_db [None req-f98dabf7-8a49-4c24-a54c-728ee8a62e8d 9d3a36a593f446c5917d5d8682d22d2a 86392782ebc84d118b9ceea1863f5bbe - - default default] project_id key not found in filters, using tenant_id instead. This support has been deprecated and will be removed in a future release. [pid: 8|app: 0|req: 796/1463] 10.0.0.202 () {32 vars in 774 bytes} [Tue May 19 01:19:15 2026] GET /v2.0/security-groups?tenant_id=45aef099ea98401bbac43f16041a514a&name=default => generated 2925 bytes in 279 msecs (HTTP/1.1 200) 4 headers in 158 bytes (1 switches on core 0) [pid: 8|app: 0|req: 797/1464] 10.0.0.202 () {32 vars in 740 bytes} [Tue May 19 01:19:15 2026] DELETE /v2.0/security-groups/c3a51751-6fdd-47e7-b30b-606c931396a2 => generated 0 bytes in 109 msecs (HTTP/1.1 204) 2 headers in 112 bytes (1 switches on core 0)
2026-05-19 01:19:16.029 8 WARNING neutron.db.securitygroups_db [None req-ddf3ffa8-1e1e-407c-b4d3-61ebea39277e 9d3a36a593f446c5917d5d8682d22d2a 86392782ebc84d118b9ceea1863f5bbe - - default default] project_id key not found in filters, using tenant_id instead. This support has been deprecated and will be removed in a future release. [pid: 7|app: 0|req: 668/1465] 10.0.0.202 () {34 vars in 684 bytes} [Tue May 19 01:19:15 2026] POST /v2.0/security-groups => generated 1601 bytes in 462 msecs (HTTP/1.1 201) 4 headers in 163 bytes (1 switches on core 0)
2026-05-19 01:19:16.121 7 WARNING tagging [None req-99145745-214f-4a77-8351-84220f5b742c 3429292e0b8146d7a7bd309774543230 c5fdbdc584f643ffbca90ecbbcd77914 - - default default] project_id key not found in request, using tenant_id instead. This support has been deprecated and will be removed in a future release. [pid: 8|app: 0|req: 798/1466] 10.0.0.202 () {32 vars in 774 bytes} [Tue May 19 01:19:16 2026] GET /v2.0/security-groups?tenant_id=4dd58308ba974682b8766d60ee795759&name=default => generated 2925 bytes in 131 msecs (HTTP/1.1 200) 4 headers in 158 bytes (1 switches on core 0) [pid: 7|app: 0|req: 669/1467] 10.0.0.202 () {34 vars in 767 bytes} [Tue May 19 01:19:16 2026] PUT /v2.0/security-groups/5b21ab9d-4872-4d40-a9c3-fd4ff5197e2b/tags => generated 25 bytes in 61 msecs (HTTP/1.1 200) 4 headers in 156 bytes (1 switches on core 0)
2026-05-19 01:19:16.189 7 WARNING tagging [None req-57d224a2-6210-4b50-ab46-1991734ef1c1 3429292e0b8146d7a7bd309774543230 c5fdbdc584f643ffbca90ecbbcd77914 - - default default] project_id key not found in request, using tenant_id instead. This support has been deprecated and will be removed in a future release. [pid: 7|app: 0|req: 670/1468] 10.0.0.202 () {32 vars in 747 bytes} [Tue May 19 01:19:16 2026] GET /v2.0/security-groups/5b21ab9d-4872-4d40-a9c3-fd4ff5197e2b/tags => generated 25 bytes in 36 msecs (HTTP/1.1 200) 4 headers in 156 bytes (1 switches on core 0)
2026-05-19 01:19:16.228 7 WARNING tagging [None req-06235011-efcc-4d7c-99a3-1348d1b50e5a 3429292e0b8146d7a7bd309774543230 c5fdbdc584f643ffbca90ecbbcd77914 - - default default] project_id key not found in request, using tenant_id instead. This support has been deprecated and will be removed in a future release. [pid: 7|app: 0|req: 671/1469] 10.0.0.202 () {34 vars in 778 bytes} [Tue May 19 01:19:16 2026] PUT /v2.0/security-groups/5b21ab9d-4872-4d40-a9c3-fd4ff5197e2b/tags/green => generated 4 bytes in 53 msecs (HTTP/1.1 201) 4 headers in 160 bytes (1 switches on core 0) [pid: 8|app: 0|req: 799/1470] 10.0.0.202 () {32 vars in 740 bytes} [Tue May 19 01:19:16 2026] DELETE /v2.0/security-groups/5790feea-bc2c-45f6-8419-609a0cb5ebed => generated 0 bytes in 119 msecs (HTTP/1.1 204) 2 headers in 112 bytes (1 switches on core 0)
2026-05-19 01:19:16.297 7 WARNING tagging [None req-656939bb-78b6-4a60-b2b6-bca79d2e7fe9 3429292e0b8146d7a7bd309774543230 c5fdbdc584f643ffbca90ecbbcd77914 - - default default] project_id key not found in request, using tenant_id instead. This support has been deprecated and will be removed in a future release. [pid: 7|app: 0|req: 672/1471] 10.0.0.202 () {32 vars in 747 bytes} [Tue May 19 01:19:16 2026] GET /v2.0/security-groups/5b21ab9d-4872-4d40-a9c3-fd4ff5197e2b/tags => generated 34 bytes in 46 msecs (HTTP/1.1 200) 4 headers in 156 bytes (1 switches on core 0)
2026-05-19 01:19:16.345 8 WARNING tagging [None req-bf214c7f-79e9-490b-89e0-4a5ff8afeeb6 3429292e0b8146d7a7bd309774543230 c5fdbdc584f643ffbca90ecbbcd77914 - - default default] project_id key not found in request, using tenant_id instead. This support has been deprecated and will be removed in a future release. [pid: 8|app: 0|req: 800/1472] 10.0.0.202 () {34 vars in 774 bytes} [Tue May 19 01:19:16 2026] PUT /v2.0/security-groups/5b21ab9d-4872-4d40-a9c3-fd4ff5197e2b/tags/red => generated 4 bytes in 55 msecs (HTTP/1.1 201) 4 headers in 160 bytes (1 switches on core 0)
2026-05-19 01:19:16.401 7 WARNING tagging [None req-745f2d9d-bf86-48c1-86fe-7ffc17783302 3429292e0b8146d7a7bd309774543230 c5fdbdc584f643ffbca90ecbbcd77914 - - default default] project_id key not found in request, using tenant_id instead. This support has been deprecated and will be removed in a future release. [pid: 7|app: 0|req: 673/1473] 10.0.0.202 () {32 vars in 747 bytes} [Tue May 19 01:19:16 2026] GET /v2.0/security-groups/5b21ab9d-4872-4d40-a9c3-fd4ff5197e2b/tags => generated 34 bytes in 31 msecs (HTTP/1.1 200) 4 headers in 156 bytes (1 switches on core 0)
2026-05-19 01:19:16.442 8 WARNING tagging [None req-0db19ad0-659e-4856-adb1-ac5f2835f9c4 3429292e0b8146d7a7bd309774543230 c5fdbdc584f643ffbca90ecbbcd77914 - - default default] project_id key not found in request, using tenant_id instead. This support has been deprecated and will be removed in a future release. [pid: 8|app: 0|req: 801/1474] 10.0.0.202 () {34 vars in 796 bytes} [Tue May 19 01:19:16 2026] PUT /v2.0/security-groups/5b21ab9d-4872-4d40-a9c3-fd4ff5197e2b/tags/black.or.white => generated 4 bytes in 62 msecs (HTTP/1.1 201) 4 headers in 160 bytes (1 switches on core 0)
2026-05-19 01:19:16.510 7 WARNING tagging [None req-2cecc4c7-9118-44dd-ba8e-b3debc5eab83 3429292e0b8146d7a7bd309774543230 c5fdbdc584f643ffbca90ecbbcd77914 - - default default] project_id key not found in request, using tenant_id instead. This support has been deprecated and will be removed in a future release. [pid: 7|app: 0|req: 674/1475] 10.0.0.202 () {32 vars in 747 bytes} [Tue May 19 01:19:16 2026] GET /v2.0/security-groups/5b21ab9d-4872-4d40-a9c3-fd4ff5197e2b/tags => generated 52 bytes in 36 msecs (HTTP/1.1 200) 4 headers in 156 bytes (1 switches on core 0)
2026-05-19 01:19:16.548 8 WARNING tagging [None req-ac0844c2-e840-460a-b57a-e4e98ad0e064 3429292e0b8146d7a7bd309774543230 c5fdbdc584f643ffbca90ecbbcd77914 - - default default] project_id key not found in request, using tenant_id instead. This support has been deprecated and will be removed in a future release. [pid: 8|app: 0|req: 802/1476] 10.0.0.202 () {34 vars in 767 bytes} [Tue May 19 01:19:16 2026] PUT /v2.0/security-groups/5b21ab9d-4872-4d40-a9c3-fd4ff5197e2b/tags => generated 37 bytes in 47 msecs (HTTP/1.1 200) 4 headers in 156 bytes (1 switches on core 0)
2026-05-19 01:19:16.603 7 WARNING tagging [None req-97804e53-062b-405c-93c5-0c29156e1ca3 3429292e0b8146d7a7bd309774543230 c5fdbdc584f643ffbca90ecbbcd77914 - - default default] project_id key not found in request, using tenant_id instead. This support has been deprecated and will be removed in a future release. [pid: 7|app: 0|req: 675/1477] 10.0.0.202 () {32 vars in 747 bytes} [Tue May 19 01:19:16 2026] GET /v2.0/security-groups/5b21ab9d-4872-4d40-a9c3-fd4ff5197e2b/tags => generated 37 bytes in 35 msecs (HTTP/1.1 200) 4 headers in 156 bytes (1 switches on core 0)
2026-05-19 01:19:16.644 8 WARNING tagging [None req-f32a9b7e-90b5-4c6b-9bfa-3a0b7f711f3a 3429292e0b8146d7a7bd309774543230 c5fdbdc584f643ffbca90ecbbcd77914 - - default default] project_id key not found in request, using tenant_id instead. This support has been deprecated and will be removed in a future release. [pid: 8|app: 0|req: 803/1478] 10.0.0.202 () {32 vars in 755 bytes} [Tue May 19 01:19:16 2026] GET /v2.0/security-groups/5b21ab9d-4872-4d40-a9c3-fd4ff5197e2b/tags/red => generated 0 bytes in 34 msecs (HTTP/1.1 204) 2 headers in 112 bytes (1 switches on core 0)
2026-05-19 01:19:16.683 7 WARNING tagging [None req-e88c4b8b-5de9-43ee-8f47-c5d76feaf6c8 3429292e0b8146d7a7bd309774543230 c5fdbdc584f643ffbca90ecbbcd77914 - - default default] project_id key not found in request, using tenant_id instead. This support has been deprecated and will be removed in a future release.
2026-05-19 01:19:16.694 7 INFO neutron.api.v2.resource [None req-e88c4b8b-5de9-43ee-8f47-c5d76feaf6c8 3429292e0b8146d7a7bd309774543230 c5fdbdc584f643ffbca90ecbbcd77914 - - default default] show failed (client error): The resource could not be found. [pid: 7|app: 0|req: 676/1479] 10.0.0.202 () {32 vars in 759 bytes} [Tue May 19 01:19:16 2026] GET /v2.0/security-groups/5b21ab9d-4872-4d40-a9c3-fd4ff5197e2b/tags/green => generated 99 bytes in 40 msecs (HTTP/1.1 404) 4 headers in 163 bytes (1 switches on core 0)
2026-05-19 01:19:16.729 8 WARNING tagging [None req-a8f79dd2-bd23-4d93-b200-bcf4959ad232 3429292e0b8146d7a7bd309774543230 c5fdbdc584f643ffbca90ecbbcd77914 - - default default] project_id key not found in request, using tenant_id instead. This support has been deprecated and will be removed in a future release. [pid: 8|app: 0|req: 804/1480] 10.0.0.202 () {32 vars in 758 bytes} [Tue May 19 01:19:16 2026] DELETE /v2.0/security-groups/5b21ab9d-4872-4d40-a9c3-fd4ff5197e2b/tags/red => generated 0 bytes in 48 msecs (HTTP/1.1 204) 2 headers in 112 bytes (1 switches on core 0)
2026-05-19 01:19:16.779 7 WARNING tagging [None req-4ab83dc9-a570-4e0b-adca-f4e550ad1f0b 3429292e0b8146d7a7bd309774543230 c5fdbdc584f643ffbca90ecbbcd77914 - - default default] project_id key not found in request, using tenant_id instead. This support has been deprecated and will be removed in a future release. [pid: 7|app: 0|req: 677/1481] 10.0.0.202 () {32 vars in 747 bytes} [Tue May 19 01:19:16 2026] GET /v2.0/security-groups/5b21ab9d-4872-4d40-a9c3-fd4ff5197e2b/tags => generated 30 bytes in 40 msecs (HTTP/1.1 200) 4 headers in 156 bytes (1 switches on core 0)
2026-05-19 01:19:16.827 8 WARNING tagging [None req-3a91eceb-3d3c-45bc-9c8f-7e43d6dc94c1 3429292e0b8146d7a7bd309774543230 c5fdbdc584f643ffbca90ecbbcd77914 - - default default] project_id key not found in request, using tenant_id instead. This support has been deprecated and will be removed in a future release.
2026-05-19 01:19:16.841 8 INFO neutron.api.v2.resource [None req-3a91eceb-3d3c-45bc-9c8f-7e43d6dc94c1 3429292e0b8146d7a7bd309774543230 c5fdbdc584f643ffbca90ecbbcd77914 - - default default] delete failed (client error): The resource could not be found. [pid: 8|app: 0|req: 805/1482] 10.0.0.202 () {32 vars in 762 bytes} [Tue May 19 01:19:16 2026] DELETE /v2.0/security-groups/5b21ab9d-4872-4d40-a9c3-fd4ff5197e2b/tags/green => generated 99 bytes in 43 msecs (HTTP/1.1 404) 4 headers in 163 bytes (1 switches on core 0)
2026-05-19 01:19:16.872 7 WARNING tagging [None req-ad265694-c3c3-43eb-b890-72cb7f920bcf 3429292e0b8146d7a7bd309774543230 c5fdbdc584f643ffbca90ecbbcd77914 - - default default] project_id key not found in request, using tenant_id instead. This support has been deprecated and will be removed in a future release. [pid: 7|app: 0|req: 678/1483] 10.0.0.202 () {32 vars in 750 bytes} [Tue May 19 01:19:16 2026] DELETE /v2.0/security-groups/5b21ab9d-4872-4d40-a9c3-fd4ff5197e2b/tags => generated 0 bytes in 49 msecs (HTTP/1.1 204) 2 headers in 112 bytes (1 switches on core 0)
2026-05-19 01:19:16.928 8 WARNING tagging [None req-699d13b2-b610-4847-aaf5-335168cf5d06 3429292e0b8146d7a7bd309774543230 c5fdbdc584f643ffbca90ecbbcd77914 - - default default] project_id key not found in request, using tenant_id instead. This support has been deprecated and will be removed in a future release. [pid: 8|app: 0|req: 806/1484] 10.0.0.202 () {32 vars in 747 bytes} [Tue May 19 01:19:16 2026] GET /v2.0/security-groups/5b21ab9d-4872-4d40-a9c3-fd4ff5197e2b/tags => generated 12 bytes in 32 msecs (HTTP/1.1 200) 4 headers in 156 bytes (1 switches on core 0) [pid: 7|app: 0|req: 679/1485] 10.0.0.202 () {32 vars in 740 bytes} [Tue May 19 01:19:16 2026] DELETE /v2.0/security-groups/5b21ab9d-4872-4d40-a9c3-fd4ff5197e2b => generated 0 bytes in 81 msecs (HTTP/1.1 204) 2 headers in 112 bytes (1 switches on core 0)
2026-05-19 01:19:17.712 8 WARNING neutron.db.securitygroups_db [None req-0c38db2e-5eff-4b69-9e48-0bd791342bff 9d3a36a593f446c5917d5d8682d22d2a 86392782ebc84d118b9ceea1863f5bbe - - default default] project_id key not found in filters, using tenant_id instead. This support has been deprecated and will be removed in a future release. [pid: 8|app: 0|req: 807/1486] 10.0.0.202 () {32 vars in 774 bytes} [Tue May 19 01:19:17 2026] GET /v2.0/security-groups?tenant_id=5d9c7f3f82f9460c8e0c7d7bf2fd32d2&name=default => generated 2925 bytes in 282 msecs (HTTP/1.1 200) 4 headers in 158 bytes (1 switches on core 0) [pid: 7|app: 0|req: 680/1487] 10.0.0.202 () {32 vars in 740 bytes} [Tue May 19 01:19:17 2026] DELETE /v2.0/security-groups/bc825806-a68a-4d70-898d-383cb17d5a91 => generated 0 bytes in 99 msecs (HTTP/1.1 204) 2 headers in 112 bytes (1 switches on core 0)
2026-05-19 01:19:18.175 8 WARNING neutron.db.securitygroups_db [None req-ab5a2b41-4dac-4ad8-a278-54e99dfeb1c3 9d3a36a593f446c5917d5d8682d22d2a 86392782ebc84d118b9ceea1863f5bbe - - default default] project_id key not found in filters, using tenant_id instead. This support has been deprecated and will be removed in a future release. [pid: 8|app: 0|req: 808/1488] 10.0.0.202 () {32 vars in 774 bytes} [Tue May 19 01:19:18 2026] GET /v2.0/security-groups?tenant_id=c5fdbdc584f643ffbca90ecbbcd77914&name=default => generated 2925 bytes in 36 msecs (HTTP/1.1 200) 4 headers in 158 bytes (1 switches on core 0) [pid: 7|app: 0|req: 681/1489] 10.0.0.202 () {32 vars in 740 bytes} [Tue May 19 01:19:18 2026] DELETE /v2.0/security-groups/a55aa16a-a121-42c0-b116-5357170ed4ba => generated 0 bytes in 117 msecs (HTTP/1.1 204) 2 headers in 112 bytes (1 switches on core 0)
2026-05-19 01:19:20.157 8 WARNING neutron.db.securitygroups_db [None req-412ccac3-ffad-47b7-a00e-213f19fc9148 9d3a36a593f446c5917d5d8682d22d2a 86392782ebc84d118b9ceea1863f5bbe - - default default] project_id key not found in filters, using tenant_id instead. This support has been deprecated and will be removed in a future release. [pid: 7|app: 0|req: 682/1490] 10.0.0.116 () {32 vars in 802 bytes} [Tue May 19 01:19:20 2026] GET /v2.0/extensions => generated 22222 bytes in 138 msecs (HTTP/1.1 200) 4 headers in 159 bytes (1 switches on core 0) [pid: 8|app: 0|req: 809/1491] 10.0.0.202 () {32 vars in 774 bytes} [Tue May 19 01:19:19 2026] GET /v2.0/security-groups?tenant_id=0f38b932887a4036addf85b975320e79&name=default => generated 2925 bytes in 362 msecs (HTTP/1.1 200) 4 headers in 158 bytes (1 switches on core 0) [pid: 7|app: 0|req: 683/1492] 10.0.0.202 () {32 vars in 740 bytes} [Tue May 19 01:19:20 2026] DELETE /v2.0/security-groups/3e4a4c9b-5039-4074-9678-693e138f4ece => generated 0 bytes in 147 msecs (HTTP/1.1 204) 2 headers in 112 bytes (1 switches on core 0) [pid: 8|app: 0|req: 810/1493] 10.0.0.116 () {32 vars in 863 bytes} [Tue May 19 01:19:20 2026] GET /v2.0/quotas/472ba58f220d4a6b85c3e9335e87211c/details => generated 847 bytes in 132 msecs (HTTP/1.1 200) 4 headers in 157 bytes (1 switches on core 0)
2026-05-19 01:19:20.617 7 WARNING neutron.db.securitygroups_db [None req-4a28ffcd-35ef-4f31-928c-8efdff635682 9d3a36a593f446c5917d5d8682d22d2a 86392782ebc84d118b9ceea1863f5bbe - - default default] project_id key not found in filters, using tenant_id instead. This support has been deprecated and will be removed in a future release. [pid: 7|app: 0|req: 684/1494] 10.0.0.202 () {32 vars in 774 bytes} [Tue May 19 01:19:20 2026] GET /v2.0/security-groups?tenant_id=a8c4be72f6a346d8b6b91485feb89ef9&name=default => generated 2925 bytes in 146 msecs (HTTP/1.1 200) 4 headers in 158 bytes (1 switches on core 0) [pid: 8|app: 0|req: 811/1495] 10.0.0.202 () {32 vars in 740 bytes} [Tue May 19 01:19:20 2026] DELETE /v2.0/security-groups/86f89df8-eb72-4b5b-bc5a-33adc29fee14 => generated 0 bytes in 110 msecs (HTTP/1.1 204) 2 headers in 112 bytes (1 switches on core 0) [pid: 7|app: 0|req: 685/1496] 10.0.0.202 () {34 vars in 676 bytes} [Tue May 19 01:19:21 2026] POST /v2.0/subnetpools => generated 516 bytes in 237 msecs (HTTP/1.1 201) 4 headers in 162 bytes (1 switches on core 0)
2026-05-19 01:19:22.185 8 WARNING tagging [None req-8cb28048-90d5-4653-a8ba-3fcb9d0be957 1d4645bd3f8f4326b6ed2ddd3db5387c 4f2a422799a2496e8c7b8162c1230feb - - default default] project_id key not found in request, using tenant_id instead. This support has been deprecated and will be removed in a future release. [pid: 8|app: 0|req: 812/1497] 10.0.0.202 () {34 vars in 759 bytes} [Tue May 19 01:19:22 2026] PUT /v2.0/subnetpools/315891d5-c9c9-44bb-a2c8-1900b944a981/tags => generated 25 bytes in 52 msecs (HTTP/1.1 200) 4 headers in 156 bytes (1 switches on core 0) [pid: 7|app: 0|req: 686/1498] 10.0.0.202 () {32 vars in 739 bytes} [Tue May 19 01:19:22 2026] GET /v2.0/subnetpools/315891d5-c9c9-44bb-a2c8-1900b944a981/tags => generated 25 bytes in 34 msecs (HTTP/1.1 200) 4 headers in 156 bytes (1 switches on core 0)
2026-05-19 01:19:22.276 8 WARNING tagging [None req-022f2a3a-614a-4966-a273-831e8e113cfb 1d4645bd3f8f4326b6ed2ddd3db5387c 4f2a422799a2496e8c7b8162c1230feb - - default default] project_id key not found in request, using tenant_id instead. This support has been deprecated and will be removed in a future release. [pid: 8|app: 0|req: 813/1499] 10.0.0.202 () {34 vars in 770 bytes} [Tue May 19 01:19:22 2026] PUT /v2.0/subnetpools/315891d5-c9c9-44bb-a2c8-1900b944a981/tags/green => generated 4 bytes in 52 msecs (HTTP/1.1 201) 4 headers in 160 bytes (1 switches on core 0) [pid: 7|app: 0|req: 687/1500] 10.0.0.202 () {32 vars in 739 bytes} [Tue May 19 01:19:22 2026] GET /v2.0/subnetpools/315891d5-c9c9-44bb-a2c8-1900b944a981/tags => generated 34 bytes in 58 msecs (HTTP/1.1 200) 4 headers in 156 bytes (1 switches on core 0)
2026-05-19 01:19:22.404 8 WARNING tagging [None req-adf9eb9b-b0c2-4837-b5c4-342f8a3042c4 1d4645bd3f8f4326b6ed2ddd3db5387c 4f2a422799a2496e8c7b8162c1230feb - - default default] project_id key not found in request, using tenant_id instead. This support has been deprecated and will be removed in a future release. [pid: 8|app: 0|req: 814/1501] 10.0.0.202 () {34 vars in 766 bytes} [Tue May 19 01:19:22 2026] PUT /v2.0/subnetpools/315891d5-c9c9-44bb-a2c8-1900b944a981/tags/red => generated 4 bytes in 43 msecs (HTTP/1.1 201) 4 headers in 160 bytes (1 switches on core 0) [pid: 7|app: 0|req: 688/1502] 10.0.0.202 () {32 vars in 739 bytes} [Tue May 19 01:19:22 2026] GET /v2.0/subnetpools/315891d5-c9c9-44bb-a2c8-1900b944a981/tags => generated 34 bytes in 38 msecs (HTTP/1.1 200) 4 headers in 156 bytes (1 switches on core 0)
2026-05-19 01:19:22.492 8 WARNING tagging [None req-9ed877d7-3993-4236-8c26-7b1102949e8a 1d4645bd3f8f4326b6ed2ddd3db5387c 4f2a422799a2496e8c7b8162c1230feb - - default default] project_id key not found in request, using tenant_id instead. This support has been deprecated and will be removed in a future release. [pid: 8|app: 0|req: 815/1503] 10.0.0.202 () {34 vars in 788 bytes} [Tue May 19 01:19:22 2026] PUT /v2.0/subnetpools/315891d5-c9c9-44bb-a2c8-1900b944a981/tags/black.or.white => generated 4 bytes in 51 msecs (HTTP/1.1 201) 4 headers in 160 bytes (1 switches on core 0) [pid: 7|app: 0|req: 689/1504] 10.0.0.202 () {32 vars in 739 bytes} [Tue May 19 01:19:22 2026] GET /v2.0/subnetpools/315891d5-c9c9-44bb-a2c8-1900b944a981/tags => generated 52 bytes in 33 msecs (HTTP/1.1 200) 4 headers in 156 bytes (1 switches on core 0)
2026-05-19 01:19:22.605 8 WARNING tagging [None req-eb3ca9df-396f-41a6-a25a-37b232f6e163 1d4645bd3f8f4326b6ed2ddd3db5387c 4f2a422799a2496e8c7b8162c1230feb - - default default] project_id key not found in request, using tenant_id instead. This support has been deprecated and will be removed in a future release. [pid: 8|app: 0|req: 816/1505] 10.0.0.202 () {34 vars in 759 bytes} [Tue May 19 01:19:22 2026] PUT /v2.0/subnetpools/315891d5-c9c9-44bb-a2c8-1900b944a981/tags => generated 37 bytes in 60 msecs (HTTP/1.1 200) 4 headers in 156 bytes (1 switches on core 0) [pid: 7|app: 0|req: 690/1506] 10.0.0.202 () {32 vars in 739 bytes} [Tue May 19 01:19:22 2026] GET /v2.0/subnetpools/315891d5-c9c9-44bb-a2c8-1900b944a981/tags => generated 37 bytes in 43 msecs (HTTP/1.1 200) 4 headers in 156 bytes (1 switches on core 0)
2026-05-19 01:19:22.706 8 WARNING tagging [None req-4f6f795e-4a3d-43bc-a979-7faa6172d25b 1d4645bd3f8f4326b6ed2ddd3db5387c 4f2a422799a2496e8c7b8162c1230feb - - default default] project_id key not found in request, using tenant_id instead. This support has been deprecated and will be removed in a future release. [pid: 8|app: 0|req: 817/1507] 10.0.0.202 () {32 vars in 747 bytes} [Tue May 19 01:19:22 2026] GET /v2.0/subnetpools/315891d5-c9c9-44bb-a2c8-1900b944a981/tags/red => generated 0 bytes in 32 msecs (HTTP/1.1 204) 2 headers in 112 bytes (1 switches on core 0)
2026-05-19 01:19:22.756 7 INFO neutron.api.v2.resource [None req-c9003bda-f588-4c83-a2a2-648e35473e38 1d4645bd3f8f4326b6ed2ddd3db5387c 4f2a422799a2496e8c7b8162c1230feb - - default default] show failed (client error): The resource could not be found. [pid: 7|app: 0|req: 691/1508] 10.0.0.202 () {32 vars in 751 bytes} [Tue May 19 01:19:22 2026] GET /v2.0/subnetpools/315891d5-c9c9-44bb-a2c8-1900b944a981/tags/green => generated 99 bytes in 36 msecs (HTTP/1.1 404) 4 headers in 163 bytes (1 switches on core 0)
2026-05-19 01:19:22.780 8 WARNING tagging [None req-9041138c-5df3-4299-addb-6374359e6039 1d4645bd3f8f4326b6ed2ddd3db5387c 4f2a422799a2496e8c7b8162c1230feb - - default default] project_id key not found in request, using tenant_id instead. This support has been deprecated and will be removed in a future release. [pid: 8|app: 0|req: 818/1509] 10.0.0.202 () {32 vars in 750 bytes} [Tue May 19 01:19:22 2026] DELETE /v2.0/subnetpools/315891d5-c9c9-44bb-a2c8-1900b944a981/tags/red => generated 0 bytes in 42 msecs (HTTP/1.1 204) 2 headers in 112 bytes (1 switches on core 0) [pid: 7|app: 0|req: 692/1510] 10.0.0.202 () {32 vars in 739 bytes} [Tue May 19 01:19:22 2026] GET /v2.0/subnetpools/315891d5-c9c9-44bb-a2c8-1900b944a981/tags => generated 30 bytes in 36 msecs (HTTP/1.1 200) 4 headers in 156 bytes (1 switches on core 0)
2026-05-19 01:19:22.869 8 WARNING tagging [None req-b51536d4-6454-419d-b347-e45636b08d2e 1d4645bd3f8f4326b6ed2ddd3db5387c 4f2a422799a2496e8c7b8162c1230feb - - default default] project_id key not found in request, using tenant_id instead. This support has been deprecated and will be removed in a future release.
2026-05-19 01:19:22.881 8 INFO neutron.api.v2.resource [None req-b51536d4-6454-419d-b347-e45636b08d2e 1d4645bd3f8f4326b6ed2ddd3db5387c 4f2a422799a2496e8c7b8162c1230feb - - default default] delete failed (client error): The resource could not be found. [pid: 8|app: 0|req: 819/1511] 10.0.0.202 () {32 vars in 754 bytes} [Tue May 19 01:19:22 2026] DELETE /v2.0/subnetpools/315891d5-c9c9-44bb-a2c8-1900b944a981/tags/green => generated 99 bytes in 33 msecs (HTTP/1.1 404) 4 headers in 163 bytes (1 switches on core 0) [pid: 7|app: 0|req: 693/1512] 10.0.0.202 () {32 vars in 742 bytes} [Tue May 19 01:19:22 2026] DELETE /v2.0/subnetpools/315891d5-c9c9-44bb-a2c8-1900b944a981/tags => generated 0 bytes in 44 msecs (HTTP/1.1 204) 2 headers in 112 bytes (1 switches on core 0)
2026-05-19 01:19:22.952 8 WARNING tagging [None req-acff79d4-b9fc-4ba9-a86f-4738422bc4f0 1d4645bd3f8f4326b6ed2ddd3db5387c 4f2a422799a2496e8c7b8162c1230feb - - default default] project_id key not found in request, using tenant_id instead. This support has been deprecated and will be removed in a future release. [pid: 8|app: 0|req: 820/1513] 10.0.0.202 () {32 vars in 739 bytes} [Tue May 19 01:19:22 2026] GET /v2.0/subnetpools/315891d5-c9c9-44bb-a2c8-1900b944a981/tags => generated 12 bytes in 26 msecs (HTTP/1.1 200) 4 headers in 156 bytes (1 switches on core 0) [pid: 7|app: 0|req: 694/1514] 10.0.0.202 () {32 vars in 732 bytes} [Tue May 19 01:19:22 2026] DELETE /v2.0/subnetpools/315891d5-c9c9-44bb-a2c8-1900b944a981 => generated 0 bytes in 43 msecs (HTTP/1.1 204) 2 headers in 112 bytes (1 switches on core 0)
2026-05-19 01:19:23.732 7 WARNING neutron.db.securitygroups_db [None req-71e15659-cbef-42b3-8392-e75ec669ec66 9d3a36a593f446c5917d5d8682d22d2a 86392782ebc84d118b9ceea1863f5bbe - - default default] project_id key not found in filters, using tenant_id instead. This support has been deprecated and will be removed in a future release. [pid: 8|app: 0|req: 822/1517] 10.0.0.116 () {32 vars in 802 bytes} [Tue May 19 01:19:23 2026] GET /v2.0/extensions => generated 22222 bytes in 12 msecs (HTTP/1.1 200) 4 headers in 159 bytes (1 switches on core 0) [pid: 7|app: 0|req: 696/1518] 10.0.0.202 () {32 vars in 774 bytes} [Tue May 19 01:19:23 2026] GET /v2.0/security-groups?tenant_id=e95e3f9932da4dffa734b098aea12986&name=default => generated 2925 bytes in 226 msecs (HTTP/1.1 200) 4 headers in 158 bytes (1 switches on core 0) [pid: 8|app: 0|req: 823/1519] 10.0.0.202 () {32 vars in 740 bytes} [Tue May 19 01:19:23 2026] DELETE /v2.0/security-groups/aaca1641-c4ec-4bf5-b7c4-0ce2f7f1dfcc => generated 0 bytes in 108 msecs (HTTP/1.1 204) 2 headers in 112 bytes (1 switches on core 0) [pid: 7|app: 0|req: 697/1520] 10.0.0.116 () {32 vars in 863 bytes} [Tue May 19 01:19:23 2026] GET /v2.0/quotas/472ba58f220d4a6b85c3e9335e87211c/details => generated 847 bytes in 103 msecs (HTTP/1.1 200) 4 headers in 157 bytes (1 switches on core 0)
2026-05-19 01:19:24.095 8 WARNING neutron.db.securitygroups_db [None req-756b2642-73bd-440e-aafd-30f1be85ccd6 9d3a36a593f446c5917d5d8682d22d2a 86392782ebc84d118b9ceea1863f5bbe - - default default] project_id key not found in filters, using tenant_id instead. This support has been deprecated and will be removed in a future release. [pid: 8|app: 0|req: 824/1521] 10.0.0.202 () {32 vars in 774 bytes} [Tue May 19 01:19:24 2026] GET /v2.0/security-groups?tenant_id=4f2a422799a2496e8c7b8162c1230feb&name=default => generated 2925 bytes in 144 msecs (HTTP/1.1 200) 4 headers in 158 bytes (1 switches on core 0) [pid: 7|app: 0|req: 698/1522] 10.0.0.202 () {32 vars in 740 bytes} [Tue May 19 01:19:24 2026] DELETE /v2.0/security-groups/acf9d7c1-1f5a-4bb5-9234-fe1c3ce66370 => generated 0 bytes in 145 msecs (HTTP/1.1 204) 2 headers in 112 bytes (1 switches on core 0) [pid: 8|app: 0|req: 825/1523] 10.0.0.239 () {34 vars in 990 bytes} [Tue May 19 01:19:24 2026] GET /v2.0/ports?device_id=03eabee5-b3d7-40c9-a14b-a78f9f55dea0 => generated 971 bytes in 93 msecs (HTTP/1.1 200) 4 headers in 157 bytes (1 switches on core 0) [pid: 7|app: 0|req: 699/1524] 10.0.0.239 () {34 vars in 1040 bytes} [Tue May 19 01:19:24 2026] GET /v2.0/security-groups?id=641934ce-8cf5-4b50-85da-df7d129a5efc&fields=id&fields=name => generated 113 bytes in 37 msecs (HTTP/1.1 200) 4 headers in 157 bytes (1 switches on core 0) [pid: 8|app: 0|req: 826/1525] 10.0.0.239 () {34 vars in 990 bytes} [Tue May 19 01:19:24 2026] GET /v2.0/ports?device_id=03eabee5-b3d7-40c9-a14b-a78f9f55dea0 => generated 971 bytes in 41 msecs (HTTP/1.1 200) 4 headers in 157 bytes (1 switches on core 0) [pid: 7|app: 0|req: 700/1526] 10.0.0.239 () {34 vars in 1040 bytes} [Tue May 19 01:19:24 2026] GET /v2.0/security-groups?id=641934ce-8cf5-4b50-85da-df7d129a5efc&fields=id&fields=name => generated 113 bytes in 39 msecs (HTTP/1.1 200) 4 headers in 157 bytes (1 switches on core 0) [pid: 8|app: 0|req: 827/1527] 10.0.0.239 () {34 vars in 990 bytes} [Tue May 19 01:19:25 2026] GET /v2.0/ports?device_id=03eabee5-b3d7-40c9-a14b-a78f9f55dea0 => generated 971 bytes in 43 msecs (HTTP/1.1 200) 4 headers in 157 bytes (1 switches on core 0) [pid: 7|app: 0|req: 701/1528] 10.0.0.239 () {34 vars in 1040 bytes} [Tue May 19 01:19:25 2026] GET /v2.0/security-groups?id=641934ce-8cf5-4b50-85da-df7d129a5efc&fields=id&fields=name => generated 113 bytes in 35 msecs (HTTP/1.1 200) 4 headers in 157 bytes (1 switches on core 0) [pid: 8|app: 0|req: 828/1529] 10.0.0.239 () {34 vars in 990 bytes} [Tue May 19 01:19:27 2026] GET /v2.0/ports?device_id=03eabee5-b3d7-40c9-a14b-a78f9f55dea0 => generated 971 bytes in 43 msecs (HTTP/1.1 200) 4 headers in 157 bytes (1 switches on core 0) [pid: 7|app: 0|req: 702/1530] 10.0.0.239 () {34 vars in 1040 bytes} [Tue May 19 01:19:27 2026] GET /v2.0/security-groups?id=641934ce-8cf5-4b50-85da-df7d129a5efc&fields=id&fields=name => generated 113 bytes in 55 msecs (HTTP/1.1 200) 4 headers in 157 bytes (1 switches on core 0) [pid: 8|app: 0|req: 829/1531] 162.253.55.100 () {34 vars in 994 bytes} [Tue May 19 01:19:27 2026] GET /v2.0/ports?device_id=03eabee5-b3d7-40c9-a14b-a78f9f55dea0 => generated 971 bytes in 39 msecs (HTTP/1.1 200) 4 headers in 157 bytes (1 switches on core 0)
2026-05-19 01:19:27.381 8 WARNING neutron.db.securitygroups_db [None req-b704a924-ac22-42fe-a59e-5104f84d69fa 9d3a36a593f446c5917d5d8682d22d2a 86392782ebc84d118b9ceea1863f5bbe - - default default] project_id key not found in filters, using tenant_id instead. This support has been deprecated and will be removed in a future release.
2026-05-19 01:19:27.421 7 INFO neutron_taas.services.taas.taas_plugin [req-ce22f1c5-c723-4af0-a71c-47558ffde821 req-1553b2ba-c533-4d36-afd7-7e166688beff 63c720f02f534296bff289a5dc8eabf5 569068a9c99f4df5a2faa9db34448f90 - - default default] TaaS: Handle Delete Port: 56cf1a84-e545-45d9-87c1-85d034b888f0
2026-05-19 01:19:27.428 7 INFO neutron_taas.services.taas.tap_mirror_plugin [req-ce22f1c5-c723-4af0-a71c-47558ffde821 req-1553b2ba-c533-4d36-afd7-7e166688beff 63c720f02f534296bff289a5dc8eabf5 569068a9c99f4df5a2faa9db34448f90 - - default default] Tap Mirror: Handle Delete Port: 56cf1a84-e545-45d9-87c1-85d034b888f0 [pid: 8|app: 0|req: 830/1532] 10.0.0.202 () {32 vars in 774 bytes} [Tue May 19 01:19:27 2026] GET /v2.0/security-groups?tenant_id=472ba58f220d4a6b85c3e9335e87211c&name=default => generated 2925 bytes in 265 msecs (HTTP/1.1 200) 4 headers in 158 bytes (1 switches on core 0)
