Feb 17 20:40:25.856579 np0000156168 devstack@neutron-api.service[103283]: DEBUG neutron_lib.callbacks.manager [None req-eca62976-bc56-4840-8667-cdb69100a6df None None] Subscribe: > port after_delete 55550000, False {{(pid=103283) subscribe /opt/stack/data/venv/lib/python3.12/site-packages/neutron_lib/callbacks/manager.py:52}}
Feb 17 20:40:25.856579 np0000156168 devstack@neutron-api.service[103283]: DEBUG neutron_lib.callbacks.manager [None req-eca62976-bc56-4840-8667-cdb69100a6df None None] Subscribe: > subnet after_create 55550000, False {{(pid=103283) subscribe /opt/stack/data/venv/lib/python3.12/site-packages/neutron_lib/callbacks/manager.py:52}}
Feb 17 20:40:25.856720 np0000156168 devstack@neutron-api.service[103282]: INFO neutron.api.extensions [None req-b73f9ef3-8b2f-4307-be3e-d1048ba7cc26 None None] Extension ecmp_routes not supported by any of loaded plugins
Feb 17 20:40:25.856720 np0000156168 devstack@neutron-api.service[103282]: DEBUG neutron.api.extensions [None req-b73f9ef3-8b2f-4307-be3e-d1048ba7cc26 None None] Loading extension file: empty_string_filtering.py {{(pid=103282) _load_all_extensions_from_path /opt/stack/neutron/neutron/api/extensions.py:449}}
Feb 17 20:40:25.856826 np0000156168 devstack@neutron-api.service[103283]: DEBUG neutron_lib.callbacks.manager [None req-eca62976-bc56-4840-8667-cdb69100a6df None None] Subscribe: > subnet after_update 55550000, False {{(pid=103283) subscribe /opt/stack/data/venv/lib/python3.12/site-packages/neutron_lib/callbacks/manager.py:52}}
Feb 17 20:40:25.856826 np0000156168 devstack@neutron-api.service[103283]: DEBUG neutron_lib.callbacks.manager [None req-eca62976-bc56-4840-8667-cdb69100a6df None None] Subscribe: > subnet after_delete 55550000, False {{(pid=103283) subscribe /opt/stack/data/venv/lib/python3.12/site-packages/neutron_lib/callbacks/manager.py:52}}
Feb 17 20:40:25.856970 np0000156168 devstack@neutron-api.service[103282]: DEBUG neutron.api.extensions [None req-b73f9ef3-8b2f-4307-be3e-d1048ba7cc26 None None] Ext name="Empty String Filtering Extension" alias="empty-string-filtering" description="Allow filtering by attributes with empty string value" updated="2018-05-01T10:00:00-00:00" {{(pid=103282) _check_extension /opt/stack/neutron/neutron/api/extensions.py:415}}
Feb 17 20:40:25.857012 np0000156168 devstack@neutron-api.service[103283]: DEBUG neutron_lib.callbacks.manager [None req-eca62976-bc56-4840-8667-cdb69100a6df None None] Subscribe: > network after_create 55550000, False {{(pid=103283) subscribe /opt/stack/data/venv/lib/python3.12/site-packages/neutron_lib/callbacks/manager.py:52}}
Feb 17 20:40:25.857012 np0000156168 devstack@neutron-api.service[103283]: DEBUG neutron_lib.callbacks.manager [None req-eca62976-bc56-4840-8667-cdb69100a6df None None] Subscribe: > network after_update 55550000, False {{(pid=103283) subscribe /opt/stack/data/venv/lib/python3.12/site-packages/neutron_lib/callbacks/manager.py:52}}
Feb 17 20:40:25.857154 np0000156168 devstack@neutron-api.service[103282]: INFO neutron.api.extensions [None req-b73f9ef3-8b2f-4307-be3e-d1048ba7cc26 None None] Loaded extension: empty-string-filtering
Feb 17 20:40:25.857154 np0000156168 devstack@neutron-api.service[103282]: DEBUG neutron.api.extensions [None req-b73f9ef3-8b2f-4307-be3e-d1048ba7cc26 None None] Loading extension file: expose_l3_conntrack_helper.py {{(pid=103282) _load_all_extensions_from_path /opt/stack/neutron/neutron/api/extensions.py:449}}
Feb 17 20:40:25.857260 np0000156168 devstack@neutron-api.service[103283]: DEBUG neutron_lib.callbacks.manager [None req-eca62976-bc56-4840-8667-cdb69100a6df None None] Subscribe: > network after_delete 55550000, False {{(pid=103283) subscribe /opt/stack/data/venv/lib/python3.12/site-packages/neutron_lib/callbacks/manager.py:52}}
Feb 17 20:40:25.857260 np0000156168 devstack@neutron-api.service[103283]: DEBUG neutron_lib.callbacks.manager [None req-eca62976-bc56-4840-8667-cdb69100a6df None None] Subscribe: > security_group after_create 55550000, False {{(pid=103283) subscribe /opt/stack/data/venv/lib/python3.12/site-packages/neutron_lib/callbacks/manager.py:52}}
Feb 17 20:40:25.857421 np0000156168 devstack@neutron-api.service[103282]: DEBUG neutron.api.extensions [None req-b73f9ef3-8b2f-4307-be3e-d1048ba7cc26 None None] Ext name="Expose CT target rules for conntrack helper" alias="expose-l3-conntrack-helper" description="Expose allow adding CT target rules for conntrack helper" updated="2019-04-04T10:00:00-00:00" {{(pid=103282) _check_extension /opt/stack/neutron/neutron/api/extensions.py:415}}
Feb 17 20:40:25.857501 np0000156168 devstack@neutron-api.service[103283]: DEBUG neutron_lib.callbacks.manager [None req-eca62976-bc56-4840-8667-cdb69100a6df None None] Subscribe: > security_group after_update 55550000, False {{(pid=103283) subscribe /opt/stack/data/venv/lib/python3.12/site-packages/neutron_lib/callbacks/manager.py:52}}
Feb 17 20:40:25.857501 np0000156168 devstack@neutron-api.service[103283]: DEBUG neutron_lib.callbacks.manager [None req-eca62976-bc56-4840-8667-cdb69100a6df None None] Subscribe: > security_group after_delete 55550000, False {{(pid=103283) subscribe /opt/stack/data/venv/lib/python3.12/site-packages/neutron_lib/callbacks/manager.py:52}}
Feb 17 20:40:25.857624 np0000156168 devstack@neutron-api.service[103282]: INFO neutron.api.extensions [None req-b73f9ef3-8b2f-4307-be3e-d1048ba7cc26 None None] Extension expose-l3-conntrack-helper not supported by any of loaded plugins
Feb 17 20:40:25.857665 np0000156168 devstack@neutron-api.service[103283]: DEBUG neutron_lib.callbacks.manager [None req-eca62976-bc56-4840-8667-cdb69100a6df None None] Subscribe: > security_group_rule after_create 55550000, False {{(pid=103283) subscribe /opt/stack/data/venv/lib/python3.12/site-packages/neutron_lib/callbacks/manager.py:52}}
Feb 17 20:40:25.857730 np0000156168 devstack@neutron-api.service[103282]: DEBUG neutron.api.extensions [None req-b73f9ef3-8b2f-4307-be3e-d1048ba7cc26 None None] Loading extension file: expose_port_forwarding_in_fip.py {{(pid=103282) _load_all_extensions_from_path /opt/stack/neutron/neutron/api/extensions.py:449}}
Feb 17 20:40:25.857796 np0000156168 devstack@neutron-api.service[103283]: DEBUG neutron_lib.callbacks.manager [None req-eca62976-bc56-4840-8667-cdb69100a6df None None] Subscribe: > security_group_rule after_update 55550000, False {{(pid=103283) subscribe /opt/stack/data/venv/lib/python3.12/site-packages/neutron_lib/callbacks/manager.py:52}}
Feb 17 20:40:25.857844 np0000156168 devstack@neutron-api.service[103282]: DEBUG neutron.api.extensions [None req-b73f9ef3-8b2f-4307-be3e-d1048ba7cc26 None None] Ext name="Expose Floating IP port forwardings" alias="expose-port-forwarding-in-fip" description="Expose port forwarding fields in floating IP response" updated="2018-06-28T16:00:00-00:00" {{(pid=103282) _check_extension /opt/stack/neutron/neutron/api/extensions.py:415}}
Feb 17 20:40:25.857919 np0000156168 devstack@neutron-api.service[103283]: DEBUG neutron_lib.callbacks.manager [None req-eca62976-bc56-4840-8667-cdb69100a6df None None] Subscribe: > security_group_rule after_delete 55550000, False {{(pid=103283) subscribe /opt/stack/data/venv/lib/python3.12/site-packages/neutron_lib/callbacks/manager.py:52}}
Feb 17 20:40:25.857919 np0000156168 devstack@neutron-api.service[103283]: DEBUG neutron_lib.callbacks.manager [None req-eca62976-bc56-4840-8667-cdb69100a6df None None] Subscribe: > address_group after_create 55550000, False {{(pid=103283) subscribe /opt/stack/data/venv/lib/python3.12/site-packages/neutron_lib/callbacks/manager.py:52}}
Feb 17 20:40:25.857992 np0000156168 devstack@neutron-api.service[103282]: INFO neutron.api.extensions [None req-b73f9ef3-8b2f-4307-be3e-d1048ba7cc26 None None] Extension expose-port-forwarding-in-fip not supported by any of loaded plugins
Feb 17 20:40:25.857992 np0000156168 devstack@neutron-api.service[103282]: DEBUG neutron.api.extensions [None req-b73f9ef3-8b2f-4307-be3e-d1048ba7cc26 None None] Loading extension file: external_net.py {{(pid=103282) _load_all_extensions_from_path /opt/stack/neutron/neutron/api/extensions.py:449}}
Feb 17 20:40:25.858067 np0000156168 devstack@neutron-api.service[103283]: DEBUG neutron_lib.callbacks.manager [None req-eca62976-bc56-4840-8667-cdb69100a6df None None] Subscribe: > address_group after_update 55550000, False {{(pid=103283) subscribe /opt/stack/data/venv/lib/python3.12/site-packages/neutron_lib/callbacks/manager.py:52}}
Feb 17 20:40:25.858112 np0000156168 devstack@neutron-api.service[103284]: DEBUG neutron_lib.callbacks.manager [None req-a1e85c60-1d71-4b00-ac00-716bfc6fcc3d None None] Subscribe: > router before_delete 55550000, False {{(pid=103284) subscribe /opt/stack/data/venv/lib/python3.12/site-packages/neutron_lib/callbacks/manager.py:52}}
Feb 17 20:40:25.858166 np0000156168 devstack@neutron-api.service[103283]: DEBUG neutron_lib.callbacks.manager [None req-eca62976-bc56-4840-8667-cdb69100a6df None None] Subscribe: > address_group after_delete 55550000, False {{(pid=103283) subscribe /opt/stack/data/venv/lib/python3.12/site-packages/neutron_lib/callbacks/manager.py:52}}
Feb 17 20:40:25.858269 np0000156168 devstack@neutron-api.service[103283]: DEBUG neutron.plugins.ml2.ovo_rpc [None req-eca62976-bc56-4840-8667-cdb69100a6df None None] ML2 OVO RPC backend initialized. {{(pid=103283) __init__ /opt/stack/neutron/neutron/plugins/ml2/ovo_rpc.py:117}}
Feb 17 20:40:25.858320 np0000156168 devstack@neutron-api.service[103284]: DEBUG neutron_lib.callbacks.manager [None req-a1e85c60-1d71-4b00-ac00-716bfc6fcc3d None None] Subscribe: port after_update 55550000, False {{(pid=103284) subscribe /opt/stack/data/venv/lib/python3.12/site-packages/neutron_lib/callbacks/manager.py:52}}
Feb 17 20:40:25.858388 np0000156168 devstack@neutron-api.service[103282]: DEBUG neutron.api.extensions [None req-b73f9ef3-8b2f-4307-be3e-d1048ba7cc26 None None] Ext name="Neutron external network" alias="external-net" description="Adds external network attribute to network resource." updated="2013-01-14T10:00:00-00:00" {{(pid=103282) _check_extension /opt/stack/neutron/neutron/api/extensions.py:415}}
Feb 17 20:40:25.858428 np0000156168 devstack@neutron-api.service[103284]: DEBUG neutron_lib.callbacks.manager [None req-a1e85c60-1d71-4b00-ac00-716bfc6fcc3d None None] Subscribe: port after_delete 55550000, False {{(pid=103284) subscribe /opt/stack/data/venv/lib/python3.12/site-packages/neutron_lib/callbacks/manager.py:52}}
Feb 17 20:40:25.858428 np0000156168 devstack@neutron-api.service[103284]: DEBUG neutron_lib.callbacks.manager [None req-a1e85c60-1d71-4b00-ac00-716bfc6fcc3d None None] Subscribe: subnet after_update 55550000, False {{(pid=103284) subscribe /opt/stack/data/venv/lib/python3.12/site-packages/neutron_lib/callbacks/manager.py:52}}
Feb 17 20:40:25.858541 np0000156168 devstack@neutron-api.service[103284]: DEBUG neutron_lib.callbacks.manager [None req-a1e85c60-1d71-4b00-ac00-716bfc6fcc3d None None] Subscribe: subnetpool_address_scope after_update 55550000, False {{(pid=103284) subscribe /opt/stack/data/venv/lib/python3.12/site-packages/neutron_lib/callbacks/manager.py:52}}
Feb 17 20:40:25.858642 np0000156168 devstack@neutron-api.service[103284]: DEBUG neutron_lib.callbacks.manager [None req-a1e85c60-1d71-4b00-ac00-716bfc6fcc3d None None] Subscribe: port before_update 55550000, False {{(pid=103284) subscribe /opt/stack/data/venv/lib/python3.12/site-packages/neutron_lib/callbacks/manager.py:52}}
Feb 17 20:40:25.858742 np0000156168 devstack@neutron-api.service[103284]: DEBUG neutron_lib.callbacks.manager [None req-a1e85c60-1d71-4b00-ac00-716bfc6fcc3d None None] Subscribe: port after_update 55550000, False {{(pid=103284) subscribe /opt/stack/data/venv/lib/python3.12/site-packages/neutron_lib/callbacks/manager.py:52}}
Feb 17 20:40:25.858812 np0000156168 devstack@neutron-api.service[103282]: INFO neutron.api.extensions [None req-b73f9ef3-8b2f-4307-be3e-d1048ba7cc26 None None] Loaded extension: external-net
Feb 17 20:40:25.858886 np0000156168 devstack@neutron-api.service[103284]: DEBUG neutron_lib.callbacks.manager [None req-a1e85c60-1d71-4b00-ac00-716bfc6fcc3d None None] Subscribe: > port precommit_delete 55550000, False {{(pid=103284) subscribe /opt/stack/data/venv/lib/python3.12/site-packages/neutron_lib/callbacks/manager.py:52}}
Feb 17 20:40:25.859330 np0000156168 devstack@neutron-api.service[103282]: DEBUG neutron.api.extensions [None req-b73f9ef3-8b2f-4307-be3e-d1048ba7cc26 None None] Loading extension file: extra_dhcp_opt.py {{(pid=103282) _load_all_extensions_from_path /opt/stack/neutron/neutron/api/extensions.py:449}}
Feb 17 20:40:25.859432 np0000156168 devstack@neutron-api.service[103284]: DEBUG neutron_lib.callbacks.manager [None req-a1e85c60-1d71-4b00-ac00-716bfc6fcc3d None None] Subscribe: port before_update 55550000, False {{(pid=103284) subscribe /opt/stack/data/venv/lib/python3.12/site-packages/neutron_lib/callbacks/manager.py:52}}
Feb 17 20:40:25.859432 np0000156168 devstack@neutron-api.service[103284]: DEBUG neutron_lib.callbacks.manager [None req-a1e85c60-1d71-4b00-ac00-716bfc6fcc3d None None] Subscribe: port before_delete 55550000, False {{(pid=103284) subscribe /opt/stack/data/venv/lib/python3.12/site-packages/neutron_lib/callbacks/manager.py:52}}
Feb 17 20:40:25.859432 np0000156168 devstack@neutron-api.service[103284]: DEBUG neutron_lib.callbacks.manager [None req-a1e85c60-1d71-4b00-ac00-716bfc6fcc3d None None] Subscribe: > router precommit_create 55550000, False {{(pid=103284) subscribe /opt/stack/data/venv/lib/python3.12/site-packages/neutron_lib/callbacks/manager.py:52}}
Feb 17 20:40:25.859778 np0000156168 devstack@neutron-api.service[103282]: DEBUG neutron.api.extensions [None req-b73f9ef3-8b2f-4307-be3e-d1048ba7cc26 None None] Ext name="Neutron Extra DHCP options" alias="extra_dhcp_opt" description="Extra options configuration for DHCP. For example PXE boot options to DHCP clients can be specified (e.g. tftp-server, server-ip-address, bootfile-name)" updated="2013-03-17T12:00:00-00:00" {{(pid=103282) _check_extension /opt/stack/neutron/neutron/api/extensions.py:415}}
Feb 17 20:40:25.859819 np0000156168 devstack@neutron-api.service[103283]: INFO neutron.quota [None req-eca62976-bc56-4840-8667-cdb69100a6df None None] Loaded quota_driver: .
Feb 17 20:40:25.859857 np0000156168 devstack@neutron-api.service[103284]: DEBUG neutron_lib.callbacks.manager [None req-a1e85c60-1d71-4b00-ac00-716bfc6fcc3d None None] Subscribe: > router precommit_create 55550000, False {{(pid=103284) subscribe /opt/stack/data/venv/lib/python3.12/site-packages/neutron_lib/callbacks/manager.py:52}}
Feb 17 20:40:25.859892 np0000156168 devstack@neutron-api.service[103283]: INFO neutron.plugins.ml2.plugin [None req-eca62976-bc56-4840-8667-cdb69100a6df None None] Modular L2 Plugin initialization complete
Feb 17 20:40:25.859927 np0000156168 devstack@neutron-api.service[103282]: INFO neutron.api.extensions [None req-b73f9ef3-8b2f-4307-be3e-d1048ba7cc26 None None] Loaded extension: extra_dhcp_opt
Feb 17 20:40:25.859964 np0000156168 devstack@neutron-api.service[103284]: DEBUG neutron_lib.callbacks.manager [None req-a1e85c60-1d71-4b00-ac00-716bfc6fcc3d None None] Subscribe: > router precommit_update 55550000, False {{(pid=103284) subscribe /opt/stack/data/venv/lib/python3.12/site-packages/neutron_lib/callbacks/manager.py:52}}
Feb 17 20:40:25.859999 np0000156168 devstack@neutron-api.service[103282]: DEBUG neutron.api.extensions [None req-b73f9ef3-8b2f-4307-be3e-d1048ba7cc26 None None] Loading extension file: extraroute.py {{(pid=103282) _load_all_extensions_from_path /opt/stack/neutron/neutron/api/extensions.py:449}}
Feb 17 20:40:25.860035 np0000156168 devstack@neutron-api.service[103283]: DEBUG neutron.manager [None req-eca62976-bc56-4840-8667-cdb69100a6df None None] Loading services supported by the core plugin {{(pid=103283) _load_services_from_core_plugin /opt/stack/neutron/neutron/manager.py:169}}
Feb 17 20:40:25.860146 np0000156168 devstack@neutron-api.service[103284]: DEBUG neutron_lib.callbacks.manager [None req-a1e85c60-1d71-4b00-ac00-716bfc6fcc3d None None] Subscribe: subnet after_update 55550000, False {{(pid=103284) subscribe /opt/stack/data/venv/lib/python3.12/site-packages/neutron_lib/callbacks/manager.py:52}}
Feb 17 20:40:25.860184 np0000156168 devstack@neutron-api.service[103283]: INFO neutron.plugins.ml2.managers [None req-eca62976-bc56-4840-8667-cdb69100a6df None None] Got port-security extension from driver 'port_security'
Feb 17 20:40:25.860227 np0000156168 devstack@neutron-api.service[103282]: DEBUG neutron.api.extensions [None req-b73f9ef3-8b2f-4307-be3e-d1048ba7cc26 None None] Ext name="Neutron Extra Route" alias="extraroute" description="Extra routes configuration for L3 router" updated="2013-02-01T10:00:00-00:00" {{(pid=103282) _check_extension /opt/stack/neutron/neutron/api/extensions.py:415}}
Feb 17 20:40:25.860227 np0000156168 devstack@neutron-api.service[103282]: INFO neutron.api.extensions [None req-b73f9ef3-8b2f-4307-be3e-d1048ba7cc26 None None] Loaded extension: extraroute
Feb 17 20:40:25.860298 np0000156168 devstack@neutron-api.service[103283]: DEBUG neutron.manager [None req-eca62976-bc56-4840-8667-cdb69100a6df None None] Loading service plugins: ['ovn-router', 'auto_allocate', 'tag', 'timestamp', 'network_ip_availability', 'flavors', 'revisions'] {{(pid=103283) _load_service_plugins /opt/stack/neutron/neutron/manager.py:194}}
Feb 17 20:40:25.860335 np0000156168 devstack@neutron-api.service[103282]: DEBUG neutron.api.extensions [None req-b73f9ef3-8b2f-4307-be3e-d1048ba7cc26 None None] Loading extension file: extraroute_atomic.py {{(pid=103282) _load_all_extensions_from_path /opt/stack/neutron/neutron/api/extensions.py:449}}
Feb 17 20:40:25.860399 np0000156168 devstack@neutron-api.service[103283]: INFO neutron.manager [None req-eca62976-bc56-4840-8667-cdb69100a6df None None] Loading Plugin: ovn-router
Feb 17 20:40:25.860435 np0000156168 devstack@neutron-api.service[103284]: DEBUG neutron.quota.resource_registry [None req-a1e85c60-1d71-4b00-ac00-716bfc6fcc3d None None] Tracking information for resource: router configured {{(pid=103284) set_tracked_resource /opt/stack/neutron/neutron/quota/resource_registry.py:203}}
Feb 17 20:40:25.860473 np0000156168 devstack@neutron-api.service[103282]: DEBUG neutron.api.extensions [None req-b73f9ef3-8b2f-4307-be3e-d1048ba7cc26 None None] Ext name="Atomically add/remove extra routes" alias="extraroute-atomic" description="Edit extra routes of a router on server side by atomically adding/removing extra routes" updated="2019-07-10T00:00:00+00:00" {{(pid=103282) _check_extension /opt/stack/neutron/neutron/api/extensions.py:415}}
Feb 17 20:40:25.860510 np0000156168 devstack@neutron-api.service[103284]: DEBUG neutron.quota.resource_registry [None req-a1e85c60-1d71-4b00-ac00-716bfc6fcc3d None None] Tracking information for resource: floatingip configured {{(pid=103284) set_tracked_resource /opt/stack/neutron/neutron/quota/resource_registry.py:203}}
Feb 17 20:40:25.860557 np0000156168 devstack@neutron-api.service[103282]: INFO neutron.api.extensions [None req-b73f9ef3-8b2f-4307-be3e-d1048ba7cc26 None None] Loaded extension: extraroute-atomic
Feb 17 20:40:25.860594 np0000156168 devstack@neutron-api.service[103284]: INFO neutron.services.ovn_l3.plugin [None req-a1e85c60-1d71-4b00-ac00-716bfc6fcc3d None None] Starting OVNL3RouterPlugin
Feb 17 20:40:25.860627 np0000156168 devstack@neutron-api.service[103282]: DEBUG neutron.api.extensions [None req-b73f9ef3-8b2f-4307-be3e-d1048ba7cc26 None None] Loading extension file: filter_validation.py {{(pid=103282) _load_all_extensions_from_path /opt/stack/neutron/neutron/api/extensions.py:449}}
Feb 17 20:40:25.860661 np0000156168 devstack@neutron-api.service[103284]: DEBUG neutron_lib.callbacks.manager [None req-a1e85c60-1d71-4b00-ac00-716bfc6fcc3d None None] Subscribe: > port_forwarding_plugin after_init 55550000, False {{(pid=103284) subscribe /opt/stack/data/venv/lib/python3.12/site-packages/neutron_lib/callbacks/manager.py:52}}
Feb 17 20:40:25.860706 np0000156168 devstack@neutron-api.service[103282]: DEBUG neutron.api.extensions [None req-b73f9ef3-8b2f-4307-be3e-d1048ba7cc26 None None] Ext name="Filter parameters validation" alias="filter-validation" description="Provides validation on filter parameters." updated="2018-07-04T10:00:00-00:00" {{(pid=103282) _check_extension /opt/stack/neutron/neutron/api/extensions.py:415}}
Feb 17 20:40:25.861863 np0000156168 devstack@neutron-api.service[103284]: DEBUG neutron_lib.callbacks.manager [None req-a1e85c60-1d71-4b00-ac00-716bfc6fcc3d None None] Subscribe: > router before_create 55550100, False {{(pid=103284) subscribe /opt/stack/data/venv/lib/python3.12/site-packages/neutron_lib/callbacks/manager.py:52}}
Feb 17 20:40:25.861913 np0000156168 devstack@neutron-api.service[103282]: INFO neutron.api.extensions [None req-b73f9ef3-8b2f-4307-be3e-d1048ba7cc26 None None] Loaded extension: filter-validation
Feb 17 20:40:25.861913 np0000156168 devstack@neutron-api.service[103282]: DEBUG neutron.api.extensions [None req-b73f9ef3-8b2f-4307-be3e-d1048ba7cc26 None None] Loading extension file: fip_pf_description.py {{(pid=103282) _load_all_extensions_from_path /opt/stack/neutron/neutron/api/extensions.py:449}}
Feb 17 20:40:25.862062 np0000156168 devstack@neutron-api.service[103284]: DEBUG neutron_lib.callbacks.manager [None req-a1e85c60-1d71-4b00-ac00-716bfc6fcc3d None None] Subscribe: > router precommit_delete 55550100, False {{(pid=103284) subscribe /opt/stack/data/venv/lib/python3.12/site-packages/neutron_lib/callbacks/manager.py:52}}
Feb 17 20:40:25.862062 np0000156168 devstack@neutron-api.service[103284]: DEBUG neutron_lib.callbacks.manager [None req-a1e85c60-1d71-4b00-ac00-716bfc6fcc3d None None] Subscribe: > router precommit_create 55550100, False {{(pid=103284) subscribe /opt/stack/data/venv/lib/python3.12/site-packages/neutron_lib/callbacks/manager.py:52}}
Feb 17 20:40:25.862062 np0000156168 devstack@neutron-api.service[103284]: DEBUG neutron_lib.callbacks.manager [None req-a1e85c60-1d71-4b00-ac00-716bfc6fcc3d None None] Subscribe: > router precommit_update 55550100, False {{(pid=103284) subscribe /opt/stack/data/venv/lib/python3.12/site-packages/neutron_lib/callbacks/manager.py:52}}
Feb 17 20:40:25.862221 np0000156168 devstack@neutron-api.service[103282]: DEBUG neutron.api.extensions [None req-b73f9ef3-8b2f-4307-be3e-d1048ba7cc26 None None] Ext name="Floating IP Port Forwarding new attribute description" alias="floating-ip-port-forwarding-description" description="Add a description field to Port Forwarding rules" updated="2019-11-01T10:00:00-00:00" {{(pid=103282) _check_extension /opt/stack/neutron/neutron/api/extensions.py:415}}
Feb 17 20:40:25.862221 np0000156168 devstack@neutron-api.service[103282]: INFO neutron.api.extensions [None req-b73f9ef3-8b2f-4307-be3e-d1048ba7cc26 None None] Extension floating-ip-port-forwarding-description not supported by any of loaded plugins
Feb 17 20:40:25.862221 np0000156168 devstack@neutron-api.service[103282]: DEBUG neutron.api.extensions [None req-b73f9ef3-8b2f-4307-be3e-d1048ba7cc26 None None] Loading extension file: fip_pf_detail.py {{(pid=103282) _load_all_extensions_from_path /opt/stack/neutron/neutron/api/extensions.py:449}}
Feb 17 20:40:25.862221 np0000156168 devstack@neutron-api.service[103282]: DEBUG neutron.api.extensions [None req-b73f9ef3-8b2f-4307-be3e-d1048ba7cc26 None None] Ext name="Floating IP port forwarding detail" alias="floating-ip-port-forwarding-detail" description="Allow list floating ip return more port forwarding data, include'id' and 'internal_port_id'" updated="2022-05-06T10:00:00-00:00" {{(pid=103282) _check_extension /opt/stack/neutron/neutron/api/extensions.py:415}}
Feb 17 20:40:25.862221 np0000156168 devstack@neutron-api.service[103282]: INFO neutron.api.extensions [None req-b73f9ef3-8b2f-4307-be3e-d1048ba7cc26 None None] Loaded extension: floating-ip-port-forwarding-detail
Feb 17 20:40:25.862221 np0000156168 devstack@neutron-api.service[103282]: DEBUG neutron.api.extensions [None req-b73f9ef3-8b2f-4307-be3e-d1048ba7cc26 None None] Loading extension file: fip_pf_port_range.py {{(pid=103282) _load_all_extensions_from_path /opt/stack/neutron/neutron/api/extensions.py:449}}
Feb 17 20:40:25.862441 np0000156168 devstack@neutron-api.service[103282]: DEBUG neutron.api.extensions [None req-b73f9ef3-8b2f-4307-be3e-d1048ba7cc26 None None] Ext name="Floating IP Port Forwarding support port ranges" alias="floating-ip-port-forwarding-port-ranges" description="Add support to port ranges" updated="2020-07-01T10:00:00-00:00" {{(pid=103282) _check_extension /opt/stack/neutron/neutron/api/extensions.py:415}}
Feb 17 20:40:25.862441 np0000156168 devstack@neutron-api.service[103282]: INFO neutron.api.extensions [None req-b73f9ef3-8b2f-4307-be3e-d1048ba7cc26 None None] Extension floating-ip-port-forwarding-port-ranges not supported by any of loaded plugins
Feb 17 20:40:25.862441 np0000156168 devstack@neutron-api.service[103282]: DEBUG neutron.api.extensions [None req-b73f9ef3-8b2f-4307-be3e-d1048ba7cc26 None None] Loading extension file: fip_port_details.py {{(pid=103282) _load_all_extensions_from_path /opt/stack/neutron/neutron/api/extensions.py:449}}
Feb 17 20:40:25.863636 np0000156168 devstack@neutron-api.service[103282]: DEBUG neutron.api.extensions [None req-b73f9ef3-8b2f-4307-be3e-d1048ba7cc26 None None] Ext name="Floating IP Port Details Extension" alias="fip-port-details" description="Add port_details attribute to Floating IP resource" updated="2018-04-09T10:00:00-00:00" {{(pid=103282) _check_extension /opt/stack/neutron/neutron/api/extensions.py:415}}
Feb 17 20:40:25.863828 np0000156168 devstack@neutron-api.service[103282]: INFO neutron.api.extensions [None req-b73f9ef3-8b2f-4307-be3e-d1048ba7cc26 None None] Loaded extension: fip-port-details
Feb 17 20:40:25.863920 np0000156168 devstack@neutron-api.service[103282]: DEBUG neutron.api.extensions [None req-b73f9ef3-8b2f-4307-be3e-d1048ba7cc26 None None] Loading extension file: flavors.py {{(pid=103282) _load_all_extensions_from_path /opt/stack/neutron/neutron/api/extensions.py:449}}
Feb 17 20:40:25.864193 np0000156168 devstack@neutron-api.service[103282]: DEBUG neutron.api.extensions [None req-b73f9ef3-8b2f-4307-be3e-d1048ba7cc26 None None] Ext name="Neutron Service Flavors" alias="flavors" description="Flavor specification for Neutron advanced services." updated="2015-09-17T10:00:00-00:00" {{(pid=103282) _check_extension /opt/stack/neutron/neutron/api/extensions.py:415}}
Feb 17 20:40:25.864381 np0000156168 devstack@neutron-api.service[103282]: INFO neutron.api.extensions [None req-b73f9ef3-8b2f-4307-be3e-d1048ba7cc26 None None] Loaded extension: flavors
Feb 17 20:40:25.864477 np0000156168 devstack@neutron-api.service[103282]: DEBUG neutron.api.extensions [None req-b73f9ef3-8b2f-4307-be3e-d1048ba7cc26 None None] Loading extension file: floating_ip_port_forwarding.py {{(pid=103282) _load_all_extensions_from_path /opt/stack/neutron/neutron/api/extensions.py:449}}
Feb 17 20:40:25.864513 np0000156168 devstack@neutron-api.service[103284]: DEBUG neutron.services.provider_configuration [None req-a1e85c60-1d71-4b00-ac00-716bfc6fcc3d None None] Service providers = [] {{(pid=103284) parse_service_provider_opt /opt/stack/neutron/neutron/services/provider_configuration.py:171}}
Feb 17 20:40:25.864595 np0000156168 devstack@neutron-api.service[103284]: DEBUG neutron.db.servicetype_db [None req-a1e85c60-1d71-4b00-ac00-716bfc6fcc3d None None] Adding provider configuration for service L3_ROUTER_NAT {{(pid=103284) add_provider_configuration /opt/stack/neutron/neutron/db/servicetype_db.py:42}}
Feb 17 20:40:25.864817 np0000156168 devstack@neutron-api.service[103282]: DEBUG neutron.api.extensions [None req-b73f9ef3-8b2f-4307-be3e-d1048ba7cc26 None None] Ext name="Floating IP Port Forwarding" alias="floating-ip-port-forwarding" description="Allow port forwarding from floating IP port to an internal port" updated="2018-01-19T10:00:00-00:00" {{(pid=103282) _check_extension /opt/stack/neutron/neutron/api/extensions.py:415}}
Feb 17 20:40:25.865005 np0000156168 devstack@neutron-api.service[103282]: INFO neutron.api.extensions [None req-b73f9ef3-8b2f-4307-be3e-d1048ba7cc26 None None] Extension floating-ip-port-forwarding not supported by any of loaded plugins
Feb 17 20:40:25.865100 np0000156168 devstack@neutron-api.service[103282]: DEBUG neutron.api.extensions [None req-b73f9ef3-8b2f-4307-be3e-d1048ba7cc26 None None] Loading extension file: floatingip_pools.py {{(pid=103282) _load_all_extensions_from_path /opt/stack/neutron/neutron/api/extensions.py:449}}
Feb 17 20:40:25.865396 np0000156168 devstack@neutron-api.service[103282]: DEBUG neutron.api.extensions [None req-b73f9ef3-8b2f-4307-be3e-d1048ba7cc26 None None] Ext name="Floating IP Pools Extension" alias="floatingip-pools" description="Provides a floating IP pools API." updated="2018-03-21T10:00:00-00:00" {{(pid=103282) _check_extension /opt/stack/neutron/neutron/api/extensions.py:415}}
Feb 17 20:40:25.865567 np0000156168 devstack@neutron-api.service[103282]: INFO neutron.api.extensions [None req-b73f9ef3-8b2f-4307-be3e-d1048ba7cc26 None None] Loaded extension: floatingip-pools
Feb 17 20:40:25.865661 np0000156168 devstack@neutron-api.service[103282]: DEBUG neutron.api.extensions [None req-b73f9ef3-8b2f-4307-be3e-d1048ba7cc26 None None] Loading extension file: ip_allocation.py {{(pid=103282) _load_all_extensions_from_path /opt/stack/neutron/neutron/api/extensions.py:449}}
Feb 17 20:40:25.865896 np0000156168 devstack@neutron-api.service[103282]: DEBUG neutron.api.extensions [None req-b73f9ef3-8b2f-4307-be3e-d1048ba7cc26 None None] Ext name="IP Allocation" alias="ip_allocation" description="IP allocation extension." updated="2016-06-10T23:00:00-00:00" {{(pid=103282) _check_extension /opt/stack/neutron/neutron/api/extensions.py:415}}
Feb 17 20:40:25.865993 np0000156168 devstack@neutron-api.service[103284]: DEBUG neutron_lib.callbacks.manager [None req-a1e85c60-1d71-4b00-ac00-716bfc6fcc3d None None] Subscribe: > router precommit_create 55549900, False {{(pid=103284) subscribe /opt/stack/data/venv/lib/python3.12/site-packages/neutron_lib/callbacks/manager.py:52}}
Feb 17 20:40:25.866062 np0000156168 devstack@neutron-api.service[103282]: INFO neutron.api.extensions [None req-b73f9ef3-8b2f-4307-be3e-d1048ba7cc26 None None] Extension ip_allocation not supported by any of loaded plugins
Feb 17 20:40:25.866114 np0000156168 devstack@neutron-api.service[103284]: DEBUG neutron_lib.callbacks.manager [None req-a1e85c60-1d71-4b00-ac00-716bfc6fcc3d None None] Subscribe: > router_interface after_create 55550000, False {{(pid=103284) subscribe /opt/stack/data/venv/lib/python3.12/site-packages/neutron_lib/callbacks/manager.py:52}}
Feb 17 20:40:25.866158 np0000156168 devstack@neutron-api.service[103282]: DEBUG neutron.api.extensions [None req-b73f9ef3-8b2f-4307-be3e-d1048ba7cc26 None None] Loading extension file: ip_substring_port_filtering.py {{(pid=103282) _load_all_extensions_from_path /opt/stack/neutron/neutron/api/extensions.py:449}}
Feb 17 20:40:25.866222 np0000156168 devstack@neutron-api.service[103284]: DEBUG neutron_lib.callbacks.manager [None req-a1e85c60-1d71-4b00-ac00-716bfc6fcc3d None None] Subscribe: > floatingip after_create 55550000, False {{(pid=103284) subscribe /opt/stack/data/venv/lib/python3.12/site-packages/neutron_lib/callbacks/manager.py:52}}
Feb 17 20:40:25.866317 np0000156168 devstack@neutron-api.service[103284]: DEBUG neutron_lib.callbacks.manager [None req-a1e85c60-1d71-4b00-ac00-716bfc6fcc3d None None] Subscribe: > floatingip precommit_create 55550000, False {{(pid=103284) subscribe /opt/stack/data/venv/lib/python3.12/site-packages/neutron_lib/callbacks/manager.py:52}}
Feb 17 20:40:25.866400 np0000156168 devstack@neutron-api.service[103282]: DEBUG neutron.api.extensions [None req-b73f9ef3-8b2f-4307-be3e-d1048ba7cc26 None None] Ext name="IP address substring filtering" alias="ip-substring-filtering" description="Provides IP address substring filtering when listing ports" updated="2017-11-28T09:00:00-00:00" {{(pid=103282) _check_extension /opt/stack/neutron/neutron/api/extensions.py:415}}
Feb 17 20:40:25.866444 np0000156168 devstack@neutron-api.service[103284]: DEBUG neutron_lib.callbacks.manager [None req-a1e85c60-1d71-4b00-ac00-716bfc6fcc3d None None] Subscribe: > floatingip precommit_update 55550000, False {{(pid=103284) subscribe /opt/stack/data/venv/lib/python3.12/site-packages/neutron_lib/callbacks/manager.py:52}}
Feb 17 20:40:25.866544 np0000156168 devstack@neutron-api.service[103284]: DEBUG neutron_lib.callbacks.manager [None req-a1e85c60-1d71-4b00-ac00-716bfc6fcc3d None None] Subscribe: > floatingip after_delete 55550000, False {{(pid=103284) subscribe /opt/stack/data/venv/lib/python3.12/site-packages/neutron_lib/callbacks/manager.py:52}}
Feb 17 20:40:25.866592 np0000156168 devstack@neutron-api.service[103282]: INFO neutron.api.extensions [None req-b73f9ef3-8b2f-4307-be3e-d1048ba7cc26 None None] Extension ip-substring-filtering not supported by any of loaded plugins
Feb 17 20:40:25.866652 np0000156168 devstack@neutron-api.service[103284]: DEBUG neutron_lib.callbacks.manager [None req-a1e85c60-1d71-4b00-ac00-716bfc6fcc3d None None] Subscribe: > floatingip after_status_update 55550000, False {{(pid=103284) subscribe /opt/stack/data/venv/lib/python3.12/site-packages/neutron_lib/callbacks/manager.py:52}}
Feb 17 20:40:25.866691 np0000156168 devstack@neutron-api.service[103282]: DEBUG neutron.api.extensions [None req-b73f9ef3-8b2f-4307-be3e-d1048ba7cc26 None None] Loading extension file: l2_adjacency.py {{(pid=103282) _load_all_extensions_from_path /opt/stack/neutron/neutron/api/extensions.py:449}}
Feb 17 20:40:25.866751 np0000156168 devstack@neutron-api.service[103284]: DEBUG neutron_lib.callbacks.manager [None req-a1e85c60-1d71-4b00-ac00-716bfc6fcc3d None None] Subscribe: > floatingip after_update 55550000, False {{(pid=103284) subscribe /opt/stack/data/venv/lib/python3.12/site-packages/neutron_lib/callbacks/manager.py:52}}
Feb 17 20:40:25.866846 np0000156168 devstack@neutron-api.service[103284]: DEBUG neutron_lib.callbacks.manager [None req-a1e85c60-1d71-4b00-ac00-716bfc6fcc3d None None] Subscribe: > port_forwarding after_create 55550000, False {{(pid=103284) subscribe /opt/stack/data/venv/lib/python3.12/site-packages/neutron_lib/callbacks/manager.py:52}}
Feb 17 20:40:25.866907 np0000156168 devstack@neutron-api.service[103282]: DEBUG neutron.api.extensions [None req-b73f9ef3-8b2f-4307-be3e-d1048ba7cc26 None None] Ext name="L2 Adjacency" alias="l2_adjacency" description="Display L2 Adjacency for Neutron Networks." updated="2016-04-12T16:00:00-00:00" {{(pid=103282) _check_extension /opt/stack/neutron/neutron/api/extensions.py:415}}
Feb 17 20:40:25.866968 np0000156168 devstack@neutron-api.service[103284]: DEBUG neutron_lib.callbacks.manager [None req-a1e85c60-1d71-4b00-ac00-716bfc6fcc3d None None] Subscribe: > router_interface after_delete 55550000, False {{(pid=103284) subscribe /opt/stack/data/venv/lib/python3.12/site-packages/neutron_lib/callbacks/manager.py:52}}
Feb 17 20:40:25.867088 np0000156168 devstack@neutron-api.service[103284]: DEBUG neutron_lib.callbacks.manager [None req-a1e85c60-1d71-4b00-ac00-716bfc6fcc3d None None] Subscribe: > router after_create 55550000, False {{(pid=103284) subscribe /opt/stack/data/venv/lib/python3.12/site-packages/neutron_lib/callbacks/manager.py:52}}
Feb 17 20:40:25.867143 np0000156168 devstack@neutron-api.service[103282]: INFO neutron.api.extensions [None req-b73f9ef3-8b2f-4307-be3e-d1048ba7cc26 None None] Extension l2_adjacency not supported by any of loaded plugins
Feb 17 20:40:25.867179 np0000156168 devstack@neutron-api.service[103282]: DEBUG neutron.api.extensions [None req-b73f9ef3-8b2f-4307-be3e-d1048ba7cc26 None None] Loading extension file: l3.py {{(pid=103282) _load_all_extensions_from_path /opt/stack/neutron/neutron/api/extensions.py:449}}
Feb 17 20:40:25.867215 np0000156168 devstack@neutron-api.service[103284]: DEBUG neutron_lib.callbacks.manager [None req-a1e85c60-1d71-4b00-ac00-716bfc6fcc3d None None] Subscribe: > router precommit_create 55550000, False {{(pid=103284) subscribe /opt/stack/data/venv/lib/python3.12/site-packages/neutron_lib/callbacks/manager.py:52}}
Feb 17 20:40:25.868162 np0000156168 devstack@neutron-api.service[103284]: DEBUG neutron_lib.callbacks.manager [None req-a1e85c60-1d71-4b00-ac00-716bfc6fcc3d None None] Subscribe: > router after_delete 55550000, False {{(pid=103284) subscribe /opt/stack/data/venv/lib/python3.12/site-packages/neutron_lib/callbacks/manager.py:52}}
Feb 17 20:40:25.868162 np0000156168 devstack@neutron-api.service[103284]: DEBUG neutron_lib.callbacks.manager [None req-a1e85c60-1d71-4b00-ac00-716bfc6fcc3d None None] Subscribe: > router after_update 55550000, False {{(pid=103284) subscribe /opt/stack/data/venv/lib/python3.12/site-packages/neutron_lib/callbacks/manager.py:52}}
Feb 17 20:40:25.868162 np0000156168 devstack@neutron-api.service[103284]: DEBUG neutron.services.service_base [None req-a1e85c60-1d71-4b00-ac00-716bfc6fcc3d None None] Loaded 'neutron.services.ovn_l3.service_providers.ovn.OvnDriver' provider for service L3_ROUTER_NAT {{(pid=103284) load_drivers /opt/stack/neutron/neutron/services/service_base.py:49}}
Feb 17 20:40:25.868162 np0000156168 devstack@neutron-api.service[103284]: DEBUG neutron_lib.callbacks.manager [None req-a1e85c60-1d71-4b00-ac00-716bfc6fcc3d None None] Subscribe: > process after_init 55550001, True {{(pid=103284) subscribe /opt/stack/data/venv/lib/python3.12/site-packages/neutron_lib/callbacks/manager.py:52}}
Feb 17 20:40:25.868312 np0000156168 devstack@neutron-api.service[103282]: DEBUG neutron.api.extensions [None req-b73f9ef3-8b2f-4307-be3e-d1048ba7cc26 None None] Ext name="Neutron L3 Router" alias="router" description="Router abstraction for basic L3 forwarding between L2 Neutron networks and access to external networks via a NAT gateway." updated="2012-07-20T10:00:00-00:00" {{(pid=103282) _check_extension /opt/stack/neutron/neutron/api/extensions.py:415}}
Feb 17 20:40:25.868378 np0000156168 devstack@neutron-api.service[103284]: DEBUG neutron.manager [None req-a1e85c60-1d71-4b00-ac00-716bfc6fcc3d None None] Successfully loaded L3_ROUTER_NAT plugin. Description: L3 Router Service Plugin for basic L3 forwarding using OVN {{(pid=103284) _create_and_add_service_plugin /opt/stack/neutron/neutron/manager.py:229}}
Feb 17 20:40:25.868418 np0000156168 devstack@neutron-api.service[103282]: INFO neutron.api.extensions [None req-b73f9ef3-8b2f-4307-be3e-d1048ba7cc26 None None] Loaded extension: router
Feb 17 20:40:25.868453 np0000156168 devstack@neutron-api.service[103284]: INFO neutron.manager [None req-a1e85c60-1d71-4b00-ac00-716bfc6fcc3d None None] Loading Plugin: auto_allocate
Feb 17 20:40:25.868488 np0000156168 devstack@neutron-api.service[103282]: DEBUG neutron.api.extensions [None req-b73f9ef3-8b2f-4307-be3e-d1048ba7cc26 None None] Loading extension file: l3_conntrack_helper.py {{(pid=103282) _load_all_extensions_from_path /opt/stack/neutron/neutron/api/extensions.py:449}}
Feb 17 20:40:25.868533 np0000156168 devstack@neutron-api.service[103282]: DEBUG neutron.api.extensions [None req-b73f9ef3-8b2f-4307-be3e-d1048ba7cc26 None None] Ext name="L3 Conntrack helper" alias="l3-conntrack-helper" description="Allow adding CT target rules for conntrack helper" updated="2019-04-04T10:00:00-00:00" {{(pid=103282) _check_extension /opt/stack/neutron/neutron/api/extensions.py:415}}
Feb 17 20:40:25.868718 np0000156168 devstack@neutron-api.service[103282]: INFO neutron.api.extensions [None req-b73f9ef3-8b2f-4307-be3e-d1048ba7cc26 None None] Extension l3-conntrack-helper not supported by any of loaded plugins
Feb 17 20:40:25.868812 np0000156168 devstack@neutron-api.service[103282]: DEBUG neutron.api.extensions [None req-b73f9ef3-8b2f-4307-be3e-d1048ba7cc26 None None] Loading extension file: l3_enable_default_route_bfd.py {{(pid=103282) _load_all_extensions_from_path /opt/stack/neutron/neutron/api/extensions.py:449}}
Feb 17 20:40:25.868852 np0000156168 devstack@neutron-api.service[103284]: DEBUG neutron_lib.callbacks.manager [None req-a1e85c60-1d71-4b00-ac00-716bfc6fcc3d None None] Subscribe: network precommit_update 55550000, False {{(pid=103284) subscribe /opt/stack/data/venv/lib/python3.12/site-packages/neutron_lib/callbacks/manager.py:52}}
Feb 17 20:40:25.868923 np0000156168 devstack@neutron-api.service[103284]: DEBUG neutron_lib.callbacks.manager [None req-a1e85c60-1d71-4b00-ac00-716bfc6fcc3d None None] Subscribe: network precommit_create 55550000, False {{(pid=103284) subscribe /opt/stack/data/venv/lib/python3.12/site-packages/neutron_lib/callbacks/manager.py:52}}
Feb 17 20:40:25.869056 np0000156168 devstack@neutron-api.service[103282]: DEBUG neutron.api.extensions [None req-b73f9ef3-8b2f-4307-be3e-d1048ba7cc26 None None] Ext name="Enable Default Route BFD" alias="enable-default-route-bfd" description="Enables configurable BFD behavior for default routes" updated="2023-02-27T00:00:00-00:00" {{(pid=103282) _check_extension /opt/stack/neutron/neutron/api/extensions.py:415}}
Feb 17 20:40:25.869122 np0000156168 devstack@neutron-api.service[103284]: DEBUG neutron.manager [None req-a1e85c60-1d71-4b00-ac00-716bfc6fcc3d None None] Successfully loaded auto-allocated-topology plugin. Description: Auto Allocated Topology - aka get me a network. {{(pid=103284) _create_and_add_service_plugin /opt/stack/neutron/neutron/manager.py:229}}
Feb 17 20:40:25.869211 np0000156168 devstack@neutron-api.service[103284]: INFO neutron.manager [None req-a1e85c60-1d71-4b00-ac00-716bfc6fcc3d None None] Loading Plugin: tag
Feb 17 20:40:25.869247 np0000156168 devstack@neutron-api.service[103282]: INFO neutron.api.extensions [None req-b73f9ef3-8b2f-4307-be3e-d1048ba7cc26 None None] Loaded extension: enable-default-route-bfd
Feb 17 20:40:25.869327 np0000156168 devstack@neutron-api.service[103282]: DEBUG neutron.api.extensions [None req-b73f9ef3-8b2f-4307-be3e-d1048ba7cc26 None None] Loading extension file: l3_enable_default_route_ecmp.py {{(pid=103282) _load_all_extensions_from_path /opt/stack/neutron/neutron/api/extensions.py:449}}
Feb 17 20:40:25.869580 np0000156168 devstack@neutron-api.service[103282]: DEBUG neutron.api.extensions [None req-b73f9ef3-8b2f-4307-be3e-d1048ba7cc26 None None] Ext name="Enable Default Route ECMP" alias="enable-default-route-ecmp" description="Enables configurable ECMP behavior for default routes" updated="2023-02-27T00:00:00-00:00" {{(pid=103282) _check_extension /opt/stack/neutron/neutron/api/extensions.py:415}}
Feb 17 20:40:25.869751 np0000156168 devstack@neutron-api.service[103282]: INFO neutron.api.extensions [None req-b73f9ef3-8b2f-4307-be3e-d1048ba7cc26 None None] Loaded extension: enable-default-route-ecmp
Feb 17 20:40:25.869843 np0000156168 devstack@neutron-api.service[103282]: DEBUG neutron.api.extensions [None req-b73f9ef3-8b2f-4307-be3e-d1048ba7cc26 None None] Loading extension file: l3_ext_gw_mode.py {{(pid=103282) _load_all_extensions_from_path /opt/stack/neutron/neutron/api/extensions.py:449}}
Feb 17 20:40:25.870072 np0000156168 devstack@neutron-api.service[103282]: DEBUG neutron.api.extensions [None req-b73f9ef3-8b2f-4307-be3e-d1048ba7cc26 None None] Ext name="Neutron L3 Configurable external gateway mode" alias="ext-gw-mode" description="Extension of the router abstraction for specifying whether SNAT should occur on the external gateway" updated="2013-03-28T10:00:00-00:00" {{(pid=103282) _check_extension /opt/stack/neutron/neutron/api/extensions.py:415}}
Feb 17 20:40:25.870107 np0000156168 devstack@neutron-api.service[103283]: DEBUG neutron_lib.callbacks.manager [None req-eca62976-bc56-4840-8667-cdb69100a6df None None] Subscribe: > router before_delete 55550000, False {{(pid=103283) subscribe /opt/stack/data/venv/lib/python3.12/site-packages/neutron_lib/callbacks/manager.py:52}}
Feb 17 20:40:25.870246 np0000156168 devstack@neutron-api.service[103282]: INFO neutron.api.extensions [None req-b73f9ef3-8b2f-4307-be3e-d1048ba7cc26 None None] Loaded extension: ext-gw-mode
Feb 17 20:40:25.870289 np0000156168 devstack@neutron-api.service[103283]: DEBUG neutron_lib.callbacks.manager [None req-eca62976-bc56-4840-8667-cdb69100a6df None None] Subscribe: port after_update 55550000, False {{(pid=103283) subscribe /opt/stack/data/venv/lib/python3.12/site-packages/neutron_lib/callbacks/manager.py:52}}
Feb 17 20:40:25.870334 np0000156168 devstack@neutron-api.service[103282]: DEBUG neutron.api.extensions [None req-b73f9ef3-8b2f-4307-be3e-d1048ba7cc26 None None] Loading extension file: l3_ext_ha_mode.py {{(pid=103282) _load_all_extensions_from_path /opt/stack/neutron/neutron/api/extensions.py:449}}
Feb 17 20:40:25.870422 np0000156168 devstack@neutron-api.service[103283]: DEBUG neutron_lib.callbacks.manager [None req-eca62976-bc56-4840-8667-cdb69100a6df None None] Subscribe: port after_delete 55550000, False {{(pid=103283) subscribe /opt/stack/data/venv/lib/python3.12/site-packages/neutron_lib/callbacks/manager.py:52}}
Feb 17 20:40:25.870530 np0000156168 devstack@neutron-api.service[103283]: DEBUG neutron_lib.callbacks.manager [None req-eca62976-bc56-4840-8667-cdb69100a6df None None] Subscribe: subnet after_update 55550000, False {{(pid=103283) subscribe /opt/stack/data/venv/lib/python3.12/site-packages/neutron_lib/callbacks/manager.py:52}}
Feb 17 20:40:25.870584 np0000156168 devstack@neutron-api.service[103282]: DEBUG neutron.api.extensions [None req-b73f9ef3-8b2f-4307-be3e-d1048ba7cc26 None None] Ext name="HA Router extension" alias="l3-ha" description="Adds HA capability to routers." updated="2014-04-26T00:00:00-00:00" {{(pid=103282) _check_extension /opt/stack/neutron/neutron/api/extensions.py:415}}
Feb 17 20:40:25.870651 np0000156168 devstack@neutron-api.service[103283]: DEBUG neutron_lib.callbacks.manager [None req-eca62976-bc56-4840-8667-cdb69100a6df None None] Subscribe: subnetpool_address_scope after_update 55550000, False {{(pid=103283) subscribe /opt/stack/data/venv/lib/python3.12/site-packages/neutron_lib/callbacks/manager.py:52}}
Feb 17 20:40:25.870747 np0000156168 devstack@neutron-api.service[103282]: INFO neutron.api.extensions [None req-b73f9ef3-8b2f-4307-be3e-d1048ba7cc26 None None] Loaded extension: l3-ha
Feb 17 20:40:25.870787 np0000156168 devstack@neutron-api.service[103283]: DEBUG neutron_lib.callbacks.manager [None req-eca62976-bc56-4840-8667-cdb69100a6df None None] Subscribe: port before_update 55550000, False {{(pid=103283) subscribe /opt/stack/data/venv/lib/python3.12/site-packages/neutron_lib/callbacks/manager.py:52}}
Feb 17 20:40:25.870836 np0000156168 devstack@neutron-api.service[103282]: DEBUG neutron.api.extensions [None req-b73f9ef3-8b2f-4307-be3e-d1048ba7cc26 None None] Loading extension file: l3_ext_ndp_proxy.py {{(pid=103282) _load_all_extensions_from_path /opt/stack/neutron/neutron/api/extensions.py:449}}
Feb 17 20:40:25.870914 np0000156168 devstack@neutron-api.service[103283]: DEBUG neutron_lib.callbacks.manager [None req-eca62976-bc56-4840-8667-cdb69100a6df None None] Subscribe: port after_update 55550000, False {{(pid=103283) subscribe /opt/stack/data/venv/lib/python3.12/site-packages/neutron_lib/callbacks/manager.py:52}}
Feb 17 20:40:25.871079 np0000156168 devstack@neutron-api.service[103282]: DEBUG neutron.api.extensions [None req-b73f9ef3-8b2f-4307-be3e-d1048ba7cc26 None None] Ext name="Router support to enable NDP proxy" alias="l3-ext-ndp-proxy" description="Router extension to enable ndp proxy" updated="2020-08-25T00:00:00-00:00" {{(pid=103282) _check_extension /opt/stack/neutron/neutron/api/extensions.py:415}}
Feb 17 20:40:25.871129 np0000156168 devstack@neutron-api.service[103283]: DEBUG neutron_lib.callbacks.manager [None req-eca62976-bc56-4840-8667-cdb69100a6df None None] Subscribe: > port precommit_delete 55550000, False {{(pid=103283) subscribe /opt/stack/data/venv/lib/python3.12/site-packages/neutron_lib/callbacks/manager.py:52}}
Feb 17 20:40:25.871227 np0000156168 devstack@neutron-api.service[103283]: DEBUG neutron_lib.callbacks.manager [None req-eca62976-bc56-4840-8667-cdb69100a6df None None] Subscribe: port before_update 55550000, False {{(pid=103283) subscribe /opt/stack/data/venv/lib/python3.12/site-packages/neutron_lib/callbacks/manager.py:52}}
Feb 17 20:40:25.871283 np0000156168 devstack@neutron-api.service[103282]: INFO neutron.api.extensions [None req-b73f9ef3-8b2f-4307-be3e-d1048ba7cc26 None None] Extension l3-ext-ndp-proxy not supported by any of loaded plugins
Feb 17 20:40:25.871354 np0000156168 devstack@neutron-api.service[103282]: DEBUG neutron.api.extensions [None req-b73f9ef3-8b2f-4307-be3e-d1048ba7cc26 None None] Loading extension file: l3_extra_gws.py {{(pid=103282) _load_all_extensions_from_path /opt/stack/neutron/neutron/api/extensions.py:449}}
Feb 17 20:40:25.871411 np0000156168 devstack@neutron-api.service[103283]: DEBUG neutron_lib.callbacks.manager [None req-eca62976-bc56-4840-8667-cdb69100a6df None None] Subscribe: port before_delete 55550000, False {{(pid=103283) subscribe /opt/stack/data/venv/lib/python3.12/site-packages/neutron_lib/callbacks/manager.py:52}}
Feb 17 20:40:25.871525 np0000156168 devstack@neutron-api.service[103283]: DEBUG neutron_lib.callbacks.manager [None req-eca62976-bc56-4840-8667-cdb69100a6df None None] Subscribe: > router precommit_create 55550000, False {{(pid=103283) subscribe /opt/stack/data/venv/lib/python3.12/site-packages/neutron_lib/callbacks/manager.py:52}}
Feb 17 20:40:25.871585 np0000156168 devstack@neutron-api.service[103282]: DEBUG neutron.api.extensions [None req-b73f9ef3-8b2f-4307-be3e-d1048ba7cc26 None None] Ext name="Neutron L3 External Gateway Multihoming" alias="external-gateway-multihoming" description="Allow multiple external gateway ports per router" updated="2023-01-18T00:00:00-00:00" {{(pid=103282) _check_extension /opt/stack/neutron/neutron/api/extensions.py:415}}
