2026-09-01 19:45:59.361 10 INFO neutron.db.ovn_revision_numbers_db [None req-d40634f5-8a3e-4663-a1e4-3b60f493324d f1fc1d054a44479499602685edbea9c6 17e4df9521a5470396f90f3ad2047ab3 - - - -] Successfully bumped revision number for resource 5e2865d2-3660-483c-8aa4-b5279656818d (type: ports) to 1
2026-09-01 19:45:59.401 10 INFO neutron.wsgi [None req-d40634f5-8a3e-4663-a1e4-3b60f493324d f1fc1d054a44479499602685edbea9c6 17e4df9521a5470396f90f3ad2047ab3 - - - -] 10.0.0.49 "POST /v2.0/ports HTTP/1.1" status: 201 len: 1151 time: 1.2007971
2026-09-01 19:45:59.589 10 WARNING neutron.scheduler.dhcp_agent_scheduler [None req-e57370bf-e432-44cd-851c-b14d2ddfcacf 47aeba6af09f472f8cf0d77a756b1cb1 da87645e965245daadb2499c625f6ccf - - - -] No more DHCP agents
2026-09-01 19:45:59.593 10 WARNING neutron.api.rpc.agentnotifiers.dhcp_rpc_agent_api [None req-e57370bf-e432-44cd-851c-b14d2ddfcacf 47aeba6af09f472f8cf0d77a756b1cb1 da87645e965245daadb2499c625f6ccf - - - -] Unable to schedule network c851511a-1ede-4340-9123-2689b06be7ec: no agents available; will retry on subsequent port and subnet creation events.
2026-09-01 19:45:59.724 10 INFO neutron.db.ovn_revision_numbers_db [None req-e57370bf-e432-44cd-851c-b14d2ddfcacf 47aeba6af09f472f8cf0d77a756b1cb1 da87645e965245daadb2499c625f6ccf - - - -] Successfully bumped revision number for resource 2e2f056a-0c02-4d4f-ba8a-26be317ba1a3 (type: ports) to 1
2026-09-01 19:45:59.791 10 WARNING neutron.scheduler.dhcp_agent_scheduler [None req-e57370bf-e432-44cd-851c-b14d2ddfcacf 47aeba6af09f472f8cf0d77a756b1cb1 da87645e965245daadb2499c625f6ccf - - - -] No more DHCP agents
2026-09-01 19:45:59.795 10 WARNING neutron.api.rpc.agentnotifiers.dhcp_rpc_agent_api [None req-e57370bf-e432-44cd-851c-b14d2ddfcacf 47aeba6af09f472f8cf0d77a756b1cb1 da87645e965245daadb2499c625f6ccf - - - -] Unable to schedule network e0bdc292-ac77-4a98-98b4-b604e0842d2a: no agents available; will retry on subsequent port and subnet creation events.
2026-09-01 19:45:59.887 10 INFO neutron.db.ovn_revision_numbers_db [None req-e57370bf-e432-44cd-851c-b14d2ddfcacf 47aeba6af09f472f8cf0d77a756b1cb1 da87645e965245daadb2499c625f6ccf - - - -] Successfully bumped revision number for resource c1369052-66dd-4c13-9577-2f0b943b13f8 (type: ports) to 1
2026-09-01 19:45:59.896 9 INFO neutron.db.ovn_revision_numbers_db [None req-c7d52363-e5c2-4415-934b-c90125163e02 f1fc1d054a44479499602685edbea9c6 17e4df9521a5470396f90f3ad2047ab3 - - default default] Successfully bumped revision number for resource 5e2865d2-3660-483c-8aa4-b5279656818d (type: router_ports) to 2
2026-09-01 19:45:59.911 10 INFO neutron.wsgi [None req-e57370bf-e432-44cd-851c-b14d2ddfcacf 47aeba6af09f472f8cf0d77a756b1cb1 da87645e965245daadb2499c625f6ccf - - - -] 10.0.0.49 "POST /v2.0/ports HTTP/1.1" status: 201 len: 1705 time: 1.0244553 /var/lib/openstack/lib/python3.10/site-packages/pycadf/identifier.py:71: UserWarning: Invalid uuid: neutron. To ensure interoperability, identifiers should be a valid uuid. warnings.warn(('Invalid uuid: %s. To ensure interoperability, '
2026-09-01 19:45:59.944 10 INFO neutron.db.ovn_revision_numbers_db [None req-5eeac5e4-1d4b-4b3a-b696-ad9bd90bfa47 3d72fe091b7e4e45b0bbdbcb786342d1 820bad566a644fdead11b3cdccf9060b - - default default] Successfully bumped revision number for resource 9e42d2c1-a84f-4df9-bf86-67be4bc024c2 (type: router_ports) to 2
2026-09-01 19:46:00.045 9 INFO neutron.db.ovn_revision_numbers_db [None req-c7d52363-e5c2-4415-934b-c90125163e02 f1fc1d054a44479499602685edbea9c6 17e4df9521a5470396f90f3ad2047ab3 - - default default] Successfully bumped revision number for resource 5e2865d2-3660-483c-8aa4-b5279656818d (type: ports) to 2
2026-09-01 19:46:00.048 10 INFO neutron.wsgi [None req-c726a826-9439-4098-a322-a5587b174775 47aeba6af09f472f8cf0d77a756b1cb1 da87645e965245daadb2499c625f6ccf - - default default] 10.0.0.49 "GET /v2.0/ports HTTP/1.1" status: 200 len: 3212 time: 0.1306214 /var/lib/openstack/lib/python3.10/site-packages/pycadf/identifier.py:71: UserWarning: Invalid uuid: neutron. To ensure interoperability, identifiers should be a valid uuid. warnings.warn(('Invalid uuid: %s. To ensure interoperability, '
2026-09-01 19:46:00.094 10 INFO neutron.db.ovn_revision_numbers_db [None req-5eeac5e4-1d4b-4b3a-b696-ad9bd90bfa47 3d72fe091b7e4e45b0bbdbcb786342d1 820bad566a644fdead11b3cdccf9060b - - default default] Successfully bumped revision number for resource 9e42d2c1-a84f-4df9-bf86-67be4bc024c2 (type: ports) to 2
2026-09-01 19:46:00.159 10 WARNING neutron.scheduler.dhcp_agent_scheduler [None req-5eeac5e4-1d4b-4b3a-b696-ad9bd90bfa47 3d72fe091b7e4e45b0bbdbcb786342d1 820bad566a644fdead11b3cdccf9060b - - default default] No more DHCP agents
2026-09-01 19:46:00.160 10 WARNING neutron.api.rpc.agentnotifiers.dhcp_rpc_agent_api [None req-5eeac5e4-1d4b-4b3a-b696-ad9bd90bfa47 3d72fe091b7e4e45b0bbdbcb786342d1 820bad566a644fdead11b3cdccf9060b - - default default] Unable to schedule network 4e5e97db-519e-4486-a130-8e9ae295519b: no agents available; will retry on subsequent port and subnet creation events.
2026-09-01 19:46:00.372 9 INFO neutron.wsgi [None req-088806c5-de0d-49d9-bfa9-c24b9324e8e1 47aeba6af09f472f8cf0d77a756b1cb1 da87645e965245daadb2499c625f6ccf - - - -] 10.0.0.49 "DELETE /v2.0/ports/2e2f056a-0c02-4d4f-ba8a-26be317ba1a3 HTTP/1.1" status: 204 len: 168 time: 0.3203216
2026-09-01 19:46:00.414 10 INFO neutron.db.ovn_revision_numbers_db [None req-5eeac5e4-1d4b-4b3a-b696-ad9bd90bfa47 3d72fe091b7e4e45b0bbdbcb786342d1 820bad566a644fdead11b3cdccf9060b - - - -] Successfully bumped revision number for resource 9e42d2c1-a84f-4df9-bf86-67be4bc024c2 (type: router_ports) to 2
2026-09-01 19:46:00.416 10 INFO neutron.wsgi [None req-5eeac5e4-1d4b-4b3a-b696-ad9bd90bfa47 3d72fe091b7e4e45b0bbdbcb786342d1 820bad566a644fdead11b3cdccf9060b - - - -] 10.0.0.49 "PUT /v2.0/routers/4a4b4ae7-a9fd-4597-9183-890fe6eaec67/add_router_interface HTTP/1.1" status: 200 len: 503 time: 2.4879639
2026-09-01 19:46:00.614 10 INFO neutron.db.ovn_revision_numbers_db [None req-140be509-8c00-4805-8cd2-5b763a717508 3d72fe091b7e4e45b0bbdbcb786342d1 820bad566a644fdead11b3cdccf9060b - - - -] Successfully bumped revision number for resource 2212406b-d2a8-4cb4-a679-721cd04e20d0 (type: security_groups) to 1
2026-09-01 19:46:00.631 9 INFO neutron.db.ovn_revision_numbers_db [None req-c7d52363-e5c2-4415-934b-c90125163e02 f1fc1d054a44479499602685edbea9c6 17e4df9521a5470396f90f3ad2047ab3 - - default default] Successfully bumped revision number for resource 5e2865d2-3660-483c-8aa4-b5279656818d (type: router_ports) to 3
2026-09-01 19:46:00.636 10 INFO neutron.wsgi [None req-140be509-8c00-4805-8cd2-5b763a717508 3d72fe091b7e4e45b0bbdbcb786342d1 820bad566a644fdead11b3cdccf9060b - - - -] 10.0.0.49 "POST /v2.0/security-groups HTTP/1.1" status: 201 len: 1763 time: 0.1473358
2026-09-01 19:46:00.698 9 INFO neutron.wsgi [None req-c5db7d50-829f-4573-ac8a-b070ba226cda 47aeba6af09f472f8cf0d77a756b1cb1 da87645e965245daadb2499c625f6ccf - - - -] 10.0.0.49 "DELETE /v2.0/ports/c1369052-66dd-4c13-9577-2f0b943b13f8 HTTP/1.1" status: 204 len: 168 time: 0.3198583
2026-09-01 19:46:00.741 10 INFO neutron.wsgi [None req-4c06484c-8f7f-48c4-a11c-53c022efd685 47aeba6af09f472f8cf0d77a756b1cb1 da87645e965245daadb2499c625f6ccf - - default default] 10.0.0.49 "GET /v2.0/ports HTTP/1.1" status: 200 len: 1718 time: 0.0374808
2026-09-01 19:46:00.785 10 INFO neutron.db.ovn_revision_numbers_db [None req-44936915-ca99-4314-8656-82345f639fc4 3d72fe091b7e4e45b0bbdbcb786342d1 820bad566a644fdead11b3cdccf9060b - - - -] Successfully bumped revision number for resource 84832457-15e7-4f5e-8cf0-41a237a54212 (type: security_group_rules) to 0
2026-09-01 19:46:00.804 9 INFO neutron.db.ovn_revision_numbers_db [None req-c7d52363-e5c2-4415-934b-c90125163e02 f1fc1d054a44479499602685edbea9c6 17e4df9521a5470396f90f3ad2047ab3 - - default default] Successfully bumped revision number for resource 5e2865d2-3660-483c-8aa4-b5279656818d (type: ports) to 3
2026-09-01 19:46:00.807 10 INFO neutron.wsgi [None req-44936915-ca99-4314-8656-82345f639fc4 3d72fe091b7e4e45b0bbdbcb786342d1 820bad566a644fdead11b3cdccf9060b - - - -] 10.0.0.49 "POST /v2.0/security-group-rules HTTP/1.1" status: 201 len: 764 time: 0.1627469
2026-09-01 19:46:00.840 10 INFO neutron.db.segments_db [None req-e5f13156-006e-4e1f-b19a-3daf541672d7 47aeba6af09f472f8cf0d77a756b1cb1 da87645e965245daadb2499c625f6ccf - - - -] Added segment 983211dc-69ae-433c-9e61-2d3a9fa725f9 of type geneve for network 0ff73d99-dbec-4854-b6b9-bf2e481f23c2
2026-09-01 19:46:00.858 9 WARNING neutron.scheduler.dhcp_agent_scheduler [None req-c7d52363-e5c2-4415-934b-c90125163e02 f1fc1d054a44479499602685edbea9c6 17e4df9521a5470396f90f3ad2047ab3 - - default default] No more DHCP agents
2026-09-01 19:46:00.859 9 WARNING neutron.api.rpc.agentnotifiers.dhcp_rpc_agent_api [None req-c7d52363-e5c2-4415-934b-c90125163e02 f1fc1d054a44479499602685edbea9c6 17e4df9521a5470396f90f3ad2047ab3 - - default default] Unable to schedule network 31f4f4e1-fa8e-430e-b4a6-88435df61ac6: no agents available; will retry on subsequent port and subnet creation events.
2026-09-01 19:46:00.957 10 INFO neutron.db.ovn_revision_numbers_db [None req-5518eaf8-7e07-4eac-9fbb-2d3051d2c44b 3d72fe091b7e4e45b0bbdbcb786342d1 820bad566a644fdead11b3cdccf9060b - - - -] Successfully bumped revision number for resource 1c0d94ce-df7d-4160-b057-8cd9e117b5d1 (type: security_group_rules) to 0
2026-09-01 19:46:00.963 10 INFO neutron.db.ovn_revision_numbers_db [None req-e5f13156-006e-4e1f-b19a-3daf541672d7 47aeba6af09f472f8cf0d77a756b1cb1 da87645e965245daadb2499c625f6ccf - - - -] Successfully bumped revision number for resource 0ff73d99-dbec-4854-b6b9-bf2e481f23c2 (type: networks) to 1
2026-09-01 19:46:00.991 10 INFO neutron.wsgi [None req-5518eaf8-7e07-4eac-9fbb-2d3051d2c44b 3d72fe091b7e4e45b0bbdbcb786342d1 820bad566a644fdead11b3cdccf9060b - - - -] 10.0.0.49 "POST /v2.0/security-group-rules HTTP/1.1" status: 201 len: 764 time: 0.1778643
2026-09-01 19:46:01.005 9 INFO neutron.db.ovn_revision_numbers_db [None req-c7d52363-e5c2-4415-934b-c90125163e02 f1fc1d054a44479499602685edbea9c6 17e4df9521a5470396f90f3ad2047ab3 - - - -] Successfully bumped revision number for resource 5e2865d2-3660-483c-8aa4-b5279656818d (type: router_ports) to 3
2026-09-01 19:46:01.006 9 INFO neutron.wsgi [None req-c7d52363-e5c2-4415-934b-c90125163e02 f1fc1d054a44479499602685edbea9c6 17e4df9521a5470396f90f3ad2047ab3 - - - -] 10.0.0.49 "PUT /v2.0/routers/4fe0261d-554f-42f4-8a15-91f2485bb98e/add_router_interface HTTP/1.1" status: 200 len: 503 time: 1.5991449 /var/lib/openstack/lib/python3.10/site-packages/pycadf/identifier.py:71: UserWarning: Invalid uuid: neutron. To ensure interoperability, identifiers should be a valid uuid. warnings.warn(('Invalid uuid: %s. To ensure interoperability, '
2026-09-01 19:46:01.076 9 INFO neutron.wsgi [None req-12c7df13-6717-4c5c-9056-f3d9c2aea03f f1fc1d054a44479499602685edbea9c6 17e4df9521a5470396f90f3ad2047ab3 - - default default] 10.0.0.49 "GET /v2.0/ports/5e2865d2-3660-483c-8aa4-b5279656818d HTTP/1.1" status: 200 len: 1207 time: 0.0647120
2026-09-01 19:46:01.144 9 WARNING neutron.plugins.ml2.drivers.ovn.mech_driver.ovsdb.ovn_client [None req-5bbb813a-9fd7-4d1e-a53d-ac635206848c - - - - - -] No hosting information found for port fd2740fe-c6c0-42ed-a563-cce97ec2777e: RuntimeError: No hosting information found for port fd2740fe-c6c0-42ed-a563-cce97ec2777e
2026-09-01 19:46:01.386 10 WARNING neutron.scheduler.dhcp_agent_scheduler [None req-e5f13156-006e-4e1f-b19a-3daf541672d7 47aeba6af09f472f8cf0d77a756b1cb1 da87645e965245daadb2499c625f6ccf - - - -] No more DHCP agents
2026-09-01 19:46:01.388 10 WARNING neutron.api.rpc.agentnotifiers.dhcp_rpc_agent_api [None req-e5f13156-006e-4e1f-b19a-3daf541672d7 47aeba6af09f472f8cf0d77a756b1cb1 da87645e965245daadb2499c625f6ccf - - - -] Unable to schedule network 0ff73d99-dbec-4854-b6b9-bf2e481f23c2: no agents available; will retry on subsequent port and subnet creation events.
2026-09-01 19:46:01.401 10 INFO neutron.db.ovn_revision_numbers_db [None req-d5d2ad35-b7df-4a09-a35a-ea3998c1c51a 3d72fe091b7e4e45b0bbdbcb786342d1 820bad566a644fdead11b3cdccf9060b - - - -] Successfully bumped revision number for resource 04f825a0-8782-441a-89ec-c8940f1f4d60 (type: security_group_rules) to 0
2026-09-01 19:46:01.441 10 INFO neutron.wsgi [None req-d5d2ad35-b7df-4a09-a35a-ea3998c1c51a 3d72fe091b7e4e45b0bbdbcb786342d1 820bad566a644fdead11b3cdccf9060b - - - -] 10.0.0.49 "POST /v2.0/security-group-rules HTTP/1.1" status: 201 len: 766 time: 0.4434996
2026-09-01 19:46:01.457 10 INFO neutron.db.ovn_revision_numbers_db [None req-e5f13156-006e-4e1f-b19a-3daf541672d7 47aeba6af09f472f8cf0d77a756b1cb1 da87645e965245daadb2499c625f6ccf - - - -] Successfully bumped revision number for resource e27e0c45-9947-488c-8fc5-03f0198ffa1d (type: ports) to 1
2026-09-01 19:46:01.480 10 INFO neutron.wsgi [None req-e5f13156-006e-4e1f-b19a-3daf541672d7 47aeba6af09f472f8cf0d77a756b1cb1 da87645e965245daadb2499c625f6ccf - - - -] 10.0.0.49 "POST /v2.0/networks HTTP/1.1" status: 201 len: 848 time: 0.7313561
2026-09-01 19:46:01.574 10 INFO neutron.db.ovn_revision_numbers_db [None req-7386ca20-cf12-4993-94be-f45992082779 3d72fe091b7e4e45b0bbdbcb786342d1 820bad566a644fdead11b3cdccf9060b - - - -] Successfully bumped revision number for resource d5c170fd-9bd5-413e-9011-aa59429401a9 (type: security_group_rules) to 0
2026-09-01 19:46:01.591 10 INFO neutron.db.segments_db [None req-763a017b-dcbf-4b67-8c8c-aa31c3f8d25a 47aeba6af09f472f8cf0d77a756b1cb1 da87645e965245daadb2499c625f6ccf - - - -] Added segment 76797acc-126f-457f-8a54-c38e8a6b490f of type geneve for network e83e3a13-7981-4be3-a866-171d56e64151
2026-09-01 19:46:01.606 10 INFO neutron.wsgi [None req-7386ca20-cf12-4993-94be-f45992082779 3d72fe091b7e4e45b0bbdbcb786342d1 820bad566a644fdead11b3cdccf9060b - - - -] 10.0.0.49 "POST /v2.0/security-group-rules HTTP/1.1" status: 201 len: 768 time: 0.1600447 /var/lib/openstack/lib/python3.10/site-packages/pycadf/identifier.py:71: UserWarning: Invalid uuid: neutron. To ensure interoperability, identifiers should be a valid uuid. warnings.warn(('Invalid uuid: %s. To ensure interoperability, '
2026-09-01 19:46:01.697 10 INFO neutron.db.ovn_revision_numbers_db [None req-763a017b-dcbf-4b67-8c8c-aa31c3f8d25a 47aeba6af09f472f8cf0d77a756b1cb1 da87645e965245daadb2499c625f6ccf - - - -] Successfully bumped revision number for resource e83e3a13-7981-4be3-a866-171d56e64151 (type: networks) to 1
2026-09-01 19:46:01.798 9 INFO neutron.db.ovn_revision_numbers_db [None req-f4f9efa7-3809-4677-9f3d-31b0ecc0234f 3d72fe091b7e4e45b0bbdbcb786342d1 820bad566a644fdead11b3cdccf9060b - - - -] Successfully bumped revision number for resource 06a6f81e-f097-4708-a89e-154ddc2ca6a7 (type: security_group_rules) to 0
2026-09-01 19:46:01.844 9 INFO neutron.wsgi [None req-f4f9efa7-3809-4677-9f3d-31b0ecc0234f 3d72fe091b7e4e45b0bbdbcb786342d1 820bad566a644fdead11b3cdccf9060b - - - -] 10.0.0.49 "POST /v2.0/security-group-rules HTTP/1.1" status: 201 len: 768 time: 0.2319417
2026-09-01 19:46:01.884 10 WARNING neutron.scheduler.dhcp_agent_scheduler [None req-763a017b-dcbf-4b67-8c8c-aa31c3f8d25a 47aeba6af09f472f8cf0d77a756b1cb1 da87645e965245daadb2499c625f6ccf - - - -] No more DHCP agents
2026-09-01 19:46:01.885 10 WARNING neutron.api.rpc.agentnotifiers.dhcp_rpc_agent_api [None req-763a017b-dcbf-4b67-8c8c-aa31c3f8d25a 47aeba6af09f472f8cf0d77a756b1cb1 da87645e965245daadb2499c625f6ccf - - - -] Unable to schedule network e83e3a13-7981-4be3-a866-171d56e64151: no agents available; will retry on subsequent port and subnet creation events.
2026-09-01 19:46:01.944 9 INFO neutron.wsgi [None req-c488fb16-3824-4507-9417-342f595f2ba1 f1fc1d054a44479499602685edbea9c6 17e4df9521a5470396f90f3ad2047ab3 - - - -] 10.0.0.49 "PUT /v2.0/routers/4fe0261d-554f-42f4-8a15-91f2485bb98e/remove_router_interface HTTP/1.1" status: 200 len: 503 time: 0.8623838 /var/lib/openstack/lib/python3.10/site-packages/pycadf/identifier.py:71: UserWarning: Invalid uuid: neutron. To ensure interoperability, identifiers should be a valid uuid. warnings.warn(('Invalid uuid: %s. To ensure interoperability, '
2026-09-01 19:46:01.970 10 INFO neutron.db.ovn_revision_numbers_db [None req-763a017b-dcbf-4b67-8c8c-aa31c3f8d25a 47aeba6af09f472f8cf0d77a756b1cb1 da87645e965245daadb2499c625f6ccf - - - -] Successfully bumped revision number for resource f2728884-9f07-4cc5-be3e-2f86e2252860 (type: ports) to 1
2026-09-01 19:46:01.998 10 INFO neutron.wsgi [None req-763a017b-dcbf-4b67-8c8c-aa31c3f8d25a 47aeba6af09f472f8cf0d77a756b1cb1 da87645e965245daadb2499c625f6ccf - - - -] 10.0.0.49 "POST /v2.0/networks HTTP/1.1" status: 201 len: 849 time: 0.5140488
2026-09-01 19:46:02.012 10 INFO neutron.db.ovn_revision_numbers_db [None req-0d0cbd89-b7b8-4ab3-ab31-a29879daee57 3d72fe091b7e4e45b0bbdbcb786342d1 820bad566a644fdead11b3cdccf9060b - - - -] Successfully bumped revision number for resource c6918f92-eead-4deb-a39f-21dda3085ecf (type: security_group_rules) to 0
2026-09-01 19:46:02.035 9 INFO neutron.api.v2.resource [None req-272f375b-9ad8-4043-88d2-74b46067bfe9 f1fc1d054a44479499602685edbea9c6 17e4df9521a5470396f90f3ad2047ab3 - - default default] remove_router_interface failed (client error): The resource could not be found.
2026-09-01 19:46:02.036 9 INFO neutron.wsgi [None req-272f375b-9ad8-4043-88d2-74b46067bfe9 f1fc1d054a44479499602685edbea9c6 17e4df9521a5470396f90f3ad2047ab3 - - default default] 10.0.0.49 "PUT /v2.0/routers/4fe0261d-554f-42f4-8a15-91f2485bb98e/remove_router_interface HTTP/1.1" status: 404 len: 398 time: 0.0863409
2026-09-01 19:46:02.052 10 INFO neutron.wsgi [None req-0d0cbd89-b7b8-4ab3-ab31-a29879daee57 3d72fe091b7e4e45b0bbdbcb786342d1 820bad566a644fdead11b3cdccf9060b - - - -] 10.0.0.49 "POST /v2.0/security-group-rules HTTP/1.1" status: 201 len: 764 time: 0.2034726
2026-09-01 19:46:02.061 10 INFO neutron.wsgi [None req-88b46b17-f040-4890-adec-8dde3344f298 f1fc1d054a44479499602685edbea9c6 17e4df9521a5470396f90f3ad2047ab3 - - default default] 10.0.0.49 "GET /v2.0/ports?device_id=4fe0261d-554f-42f4-8a15-91f2485bb98e HTTP/1.1" status: 200 len: 205 time: 0.0198483
2026-09-01 19:46:02.321 9 INFO neutron.db.ovn_revision_numbers_db [None req-582f65f2-20fc-4e15-b94a-23d8cece654c 3d72fe091b7e4e45b0bbdbcb786342d1 820bad566a644fdead11b3cdccf9060b - - - -] Successfully bumped revision number for resource ad97c5fe-e548-4c46-8c81-49353829d4e0 (type: security_group_rules) to 0
2026-09-01 19:46:02.326 9 INFO neutron.wsgi [None req-f15f26d3-bb0e-4ee9-af83-20e160210b1b f1fc1d054a44479499602685edbea9c6 17e4df9521a5470396f90f3ad2047ab3 - - - -] 10.0.0.49 "DELETE /v2.0/routers/4fe0261d-554f-42f4-8a15-91f2485bb98e HTTP/1.1" status: 204 len: 168 time: 0.2598612
2026-09-01 19:46:02.344 9 INFO neutron.wsgi [None req-582f65f2-20fc-4e15-b94a-23d8cece654c 3d72fe091b7e4e45b0bbdbcb786342d1 820bad566a644fdead11b3cdccf9060b - - - -] 10.0.0.49 "POST /v2.0/security-group-rules HTTP/1.1" status: 201 len: 764 time: 0.2854745
2026-09-01 19:46:02.477 9 INFO neutron.db.ovn_revision_numbers_db [None req-069498b3-1896-416a-a17f-b7825ad2cfde 3d72fe091b7e4e45b0bbdbcb786342d1 820bad566a644fdead11b3cdccf9060b - - - -] Successfully bumped revision number for resource e10f896f-0b60-4fcc-a008-e79b2474bb7b (type: security_group_rules) to 0
2026-09-01 19:46:02.502 9 INFO neutron.wsgi [None req-069498b3-1896-416a-a17f-b7825ad2cfde 3d72fe091b7e4e45b0bbdbcb786342d1 820bad566a644fdead11b3cdccf9060b - - - -] 10.0.0.49 "POST /v2.0/security-group-rules HTTP/1.1" status: 201 len: 764 time: 0.1503708
2026-09-01 19:46:02.553 10 WARNING neutron.plugins.ml2.drivers.ovn.mech_driver.ovsdb.ovn_client [None req-3f4f5cba-9913-478e-8bd0-1edd776517b6 - - - - - -] No hosting information found for port 6d01659e-b40a-4bce-8181-577cbc4ea0bb: RuntimeError: No hosting information found for port 6d01659e-b40a-4bce-8181-577cbc4ea0bb
2026-09-01 19:46:02.553 10 INFO neutron.plugins.ml2.drivers.ovn.mech_driver.mech_driver [None req-3f4f5cba-9913-478e-8bd0-1edd776517b6 - - - - - -] OVN reports status up for port: 5e2865d2-3660-483c-8aa4-b5279656818d
2026-09-01 19:46:02.568 10 WARNING neutron.scheduler.dhcp_agent_scheduler [None req-c043475d-a4df-48a8-8ab4-7b5afa435bd1 47aeba6af09f472f8cf0d77a756b1cb1 da87645e965245daadb2499c625f6ccf - - - -] No more DHCP agents
2026-09-01 19:46:02.577 10 WARNING neutron.api.rpc.agentnotifiers.dhcp_rpc_agent_api [None req-c043475d-a4df-48a8-8ab4-7b5afa435bd1 47aeba6af09f472f8cf0d77a756b1cb1 da87645e965245daadb2499c625f6ccf - - - -] Unable to schedule network 0ff73d99-dbec-4854-b6b9-bf2e481f23c2: no agents available; will retry on subsequent port and subnet creation events.
2026-09-01 19:46:02.579 10 INFO neutron.plugins.ml2.drivers.ovn.mech_driver.mech_driver [None req-3f4f5cba-9913-478e-8bd0-1edd776517b6 - - - - - -] OVN reports status up for port: 9e42d2c1-a84f-4df9-bf86-67be4bc024c2
2026-09-01 19:46:02.617 10 INFO neutron.wsgi [None req-ed1e3682-57fb-433a-9f1d-b4d93ed55f1a f1fc1d054a44479499602685edbea9c6 17e4df9521a5470396f90f3ad2047ab3 - - - -] 10.0.0.49 "DELETE /v2.0/subnets/d4f8492e-3b48-4d41-8bff-1d86d94ecf2f HTTP/1.1" status: 204 len: 168 time: 0.2861049
2026-09-01 19:46:02.625 10 INFO neutron.plugins.ml2.plugin [None req-3f4f5cba-9913-478e-8bd0-1edd776517b6 - - - - - -] Attempt 1 to provision port 9e42d2c1-a84f-4df9-bf86-67be4bc024c2
2026-09-01 19:46:02.695 9 INFO neutron.db.ovn_revision_numbers_db [None req-0a13b493-a9b0-4a71-9dd2-23e3bb219f29 3d72fe091b7e4e45b0bbdbcb786342d1 820bad566a644fdead11b3cdccf9060b - - - -] Successfully bumped revision number for resource e0443c63-4ca3-4b7a-b6a0-f52a9ee59f7a (type: security_group_rules) to 0
2026-09-01 19:46:02.730 9 INFO neutron.wsgi [None req-0a13b493-a9b0-4a71-9dd2-23e3bb219f29 3d72fe091b7e4e45b0bbdbcb786342d1 820bad566a644fdead11b3cdccf9060b - - - -] 10.0.0.49 "POST /v2.0/security-group-rules HTTP/1.1" status: 201 len: 766 time: 0.2106946
2026-09-01 19:46:02.937 10 INFO neutron.db.ovn_revision_numbers_db [None req-cee40646-7599-4dc5-b86c-60d2c9ed2eae 3d72fe091b7e4e45b0bbdbcb786342d1 820bad566a644fdead11b3cdccf9060b - - - -] Successfully bumped revision number for resource 49668f36-a0a9-484d-abbf-24e630ad17d8 (type: security_group_rules) to 0
2026-09-01 19:46:02.965 9 INFO neutron.services.segments.plugin [-] Segment da95186a-907f-4906-ab68-48b48de314f7 resource provider aggregate not found
2026-09-01 19:46:02.972 9 INFO neutron.services.segments.plugin [-] Segment da95186a-907f-4906-ab68-48b48de314f7 resource provider aggregate not found
2026-09-01 19:46:02.990 9 INFO neutron.services.segments.plugin [-] Segment da95186a-907f-4906-ab68-48b48de314f7 resource provider not found; error: Placement Client Error (4xx): {"errors": [{"status": 404, "title": "Not Found", "detail": "The resource could not be found.\n\n No resource provider with uuid da95186a-907f-4906-ab68-48b48de314f7 found for delete ", "request_id": "req-d2c03746-9d20-404f-96e1-9b5a165c8889"}]}
2026-09-01 19:46:03.002 9 INFO neutron.services.segments.plugin [-] Segment da95186a-907f-4906-ab68-48b48de314f7 resource provider not found; error: Placement Client Error (4xx): {"errors": [{"status": 404, "title": "Not Found", "detail": "The resource could not be found.\n\n No resource provider with uuid da95186a-907f-4906-ab68-48b48de314f7 found for delete ", "request_id": "req-2cbea1c5-3b02-4da3-b7d4-3981cbf86e6c"}]}
2026-09-01 19:46:03.004 10 INFO neutron.wsgi [None req-cee40646-7599-4dc5-b86c-60d2c9ed2eae 3d72fe091b7e4e45b0bbdbcb786342d1 820bad566a644fdead11b3cdccf9060b - - - -] 10.0.0.49 "POST /v2.0/security-group-rules HTTP/1.1" status: 201 len: 768 time: 0.2669754
2026-09-01 19:46:03.030 9 INFO neutron.wsgi [None req-1df84007-abc5-486c-94a9-aaf75fb7e6df f1fc1d054a44479499602685edbea9c6 17e4df9521a5470396f90f3ad2047ab3 - - - -] 10.0.0.49 "DELETE /v2.0/networks/31f4f4e1-fa8e-430e-b4a6-88435df61ac6 HTTP/1.1" status: 204 len: 168 time: 0.4083140
2026-09-01 19:46:03.042 10 INFO neutron.db.ovn_revision_numbers_db [None req-3f4f5cba-9913-478e-8bd0-1edd776517b6 - - - - - -] Successfully bumped revision number for resource 9e42d2c1-a84f-4df9-bf86-67be4bc024c2 (type: ports) to 3
2026-09-01 19:46:03.148 9 INFO neutron.wsgi [None req-b9e4dd92-5179-42d9-af40-19727e9a672f 7b4d05b32f4745c0a99237767cd77cca b6c170bc53434ee2906883a9ab0446d5 - - - -] 10.0.0.49 "POST /v2.0/qos/policies HTTP/1.1" status: 201 len: 558 time: 0.3582356
2026-09-01 19:46:03.159 9 INFO neutron.db.ovn_revision_numbers_db [None req-ad188e4a-e205-4f6c-ad15-d5651b0a1601 3d72fe091b7e4e45b0bbdbcb786342d1 820bad566a644fdead11b3cdccf9060b - - - -] Successfully bumped revision number for resource bee87ddd-5c66-4fc5-8cfd-175eee8a4027 (type: security_group_rules) to 0
2026-09-01 19:46:03.181 10 INFO neutron.db.segments_db [None req-2a5f51ef-7782-4001-8f4d-64d35d7ea548 f1fc1d054a44479499602685edbea9c6 17e4df9521a5470396f90f3ad2047ab3 - - - -] Added segment 69f7b2a7-82b6-4706-bce0-79fe6453a3ac of type geneve for network ac1966b1-5fad-4521-b98c-df8aefabb1a3
2026-09-01 19:46:03.183 9 INFO neutron.wsgi [None req-92547473-8d62-4624-a0e8-33d13ea10500 7b4d05b32f4745c0a99237767cd77cca b6c170bc53434ee2906883a9ab0446d5 - - - -] 10.0.0.49 "PUT /v2.0/policies/328836bf-eaa2-4af6-a6e3-b9b68b517492/tags HTTP/1.1" status: 200 len: 218 time: 0.0276487
2026-09-01 19:46:03.186 9 INFO neutron.wsgi [None req-ad188e4a-e205-4f6c-ad15-d5651b0a1601 3d72fe091b7e4e45b0bbdbcb786342d1 820bad566a644fdead11b3cdccf9060b - - - -] 10.0.0.49 "POST /v2.0/security-group-rules HTTP/1.1" status: 201 len: 764 time: 0.1751282
2026-09-01 19:46:03.203 9 INFO neutron.wsgi [None req-21af6fc7-0a71-4cf9-83fe-33467555eb00 7b4d05b32f4745c0a99237767cd77cca b6c170bc53434ee2906883a9ab0446d5 - - default default] 10.0.0.49 "GET /v2.0/policies/328836bf-eaa2-4af6-a6e3-b9b68b517492/tags HTTP/1.1" status: 200 len: 218 time: 0.0131752
2026-09-01 19:46:03.205 10 INFO neutron.db.ovn_revision_numbers_db [None req-3f4f5cba-9913-478e-8bd0-1edd776517b6 - - - - - -] Successfully bumped revision number for resource 9e42d2c1-a84f-4df9-bf86-67be4bc024c2 (type: router_ports) to 3
2026-09-01 19:46:03.229 9 INFO neutron.wsgi [None req-707cf7e1-3409-4fec-8d5a-553bbc23d467 7b4d05b32f4745c0a99237767cd77cca b6c170bc53434ee2906883a9ab0446d5 - - - -] 10.0.0.49 "PUT /v2.0/policies/328836bf-eaa2-4af6-a6e3-b9b68b517492/tags/green HTTP/1.1" status: 201 len: 201 time: 0.0194876
2026-09-01 19:46:03.247 9 INFO neutron.wsgi [None req-c4dc6a3f-6abc-4bb7-86c7-4132981341dd 7b4d05b32f4745c0a99237767cd77cca b6c170bc53434ee2906883a9ab0446d5 - - default default] 10.0.0.49 "GET /v2.0/policies/328836bf-eaa2-4af6-a6e3-b9b68b517492/tags HTTP/1.1" status: 200 len: 227 time: 0.0100410
2026-09-01 19:46:03.264 9 INFO neutron.wsgi [None req-21e7551e-f522-4249-9406-58493db1ee49 7b4d05b32f4745c0a99237767cd77cca b6c170bc53434ee2906883a9ab0446d5 - - - -] 10.0.0.49 "PUT /v2.0/policies/328836bf-eaa2-4af6-a6e3-b9b68b517492/tags/red HTTP/1.1" status: 201 len: 201 time: 0.0118713
2026-09-01 19:46:03.273 10 INFO neutron.db.ovn_revision_numbers_db [None req-c043475d-a4df-48a8-8ab4-7b5afa435bd1 47aeba6af09f472f8cf0d77a756b1cb1 da87645e965245daadb2499c625f6ccf - - - -] Successfully bumped revision number for resource e27e0c45-9947-488c-8fc5-03f0198ffa1d (type: ports) to 2
2026-09-01 19:46:03.280 9 INFO neutron.wsgi [None req-b90428c7-0d04-4fa8-bc6c-06dbb4ea4a52 7b4d05b32f4745c0a99237767cd77cca b6c170bc53434ee2906883a9ab0446d5 - - default default] 10.0.0.49 "GET /v2.0/policies/328836bf-eaa2-4af6-a6e3-b9b68b517492/tags HTTP/1.1" status: 200 len: 227 time: 0.0094235
2026-09-01 19:46:03.306 9 INFO neutron.wsgi [None req-aba35679-d9cc-470c-b81b-f23ebc62a312 7b4d05b32f4745c0a99237767cd77cca b6c170bc53434ee2906883a9ab0446d5 - - - -] 10.0.0.49 "PUT /v2.0/policies/328836bf-eaa2-4af6-a6e3-b9b68b517492/tags/black.or.white HTTP/1.1" status: 201 len: 201 time: 0.0202165
2026-09-01 19:46:03.311 10 INFO neutron.db.ovn_revision_numbers_db [None req-c043475d-a4df-48a8-8ab4-7b5afa435bd1 47aeba6af09f472f8cf0d77a756b1cb1 da87645e965245daadb2499c625f6ccf - - - -] Successfully bumped revision number for resource 61c217fc-76f4-4d20-a550-a7b0e8ce093f (type: subnets) to 0
2026-09-01 19:46:03.323 9 INFO neutron.wsgi [None req-59c77175-ffcc-4539-9ae1-5a19cd1e4e16 7b4d05b32f4745c0a99237767cd77cca b6c170bc53434ee2906883a9ab0446d5 - - default default] 10.0.0.49 "GET /v2.0/policies/328836bf-eaa2-4af6-a6e3-b9b68b517492/tags HTTP/1.1" status: 200 len: 245 time: 0.0117984
2026-09-01 19:46:03.356 10 WARNING neutron.scheduler.dhcp_agent_scheduler [None req-c043475d-a4df-48a8-8ab4-7b5afa435bd1 47aeba6af09f472f8cf0d77a756b1cb1 da87645e965245daadb2499c625f6ccf - - - -] No more DHCP agents
2026-09-01 19:46:03.357 10 WARNING neutron.api.rpc.agentnotifiers.dhcp_rpc_agent_api [None req-c043475d-a4df-48a8-8ab4-7b5afa435bd1 47aeba6af09f472f8cf0d77a756b1cb1 da87645e965245daadb2499c625f6ccf - - - -] Unable to schedule network e83e3a13-7981-4be3-a866-171d56e64151: no agents available; will retry on subsequent port and subnet creation events.
2026-09-01 19:46:03.359 9 INFO neutron.wsgi [None req-8a795a22-d9e5-4e9f-b33e-29506051647b 7b4d05b32f4745c0a99237767cd77cca b6c170bc53434ee2906883a9ab0446d5 - - - -] 10.0.0.49 "PUT /v2.0/policies/328836bf-eaa2-4af6-a6e3-b9b68b517492/tags HTTP/1.1" status: 200 len: 230 time: 0.0304368
2026-09-01 19:46:03.361 10 INFO neutron.db.ovn_revision_numbers_db [None req-2a5f51ef-7782-4001-8f4d-64d35d7ea548 f1fc1d054a44479499602685edbea9c6 17e4df9521a5470396f90f3ad2047ab3 - - - -] Successfully bumped revision number for resource ac1966b1-5fad-4521-b98c-df8aefabb1a3 (type: networks) to 1
2026-09-01 19:46:03.377 9 INFO neutron.wsgi [None req-d1f49e8a-8e93-4cde-a227-df559f2498d9 7b4d05b32f4745c0a99237767cd77cca b6c170bc53434ee2906883a9ab0446d5 - - default default] 10.0.0.49 "GET /v2.0/policies/328836bf-eaa2-4af6-a6e3-b9b68b517492/tags HTTP/1.1" status: 200 len: 230 time: 0.0126531
2026-09-01 19:46:03.395 9 INFO neutron.wsgi [None req-c6999d8d-47e4-429b-8549-5ab43e47c0bc 7b4d05b32f4745c0a99237767cd77cca b6c170bc53434ee2906883a9ab0446d5 - - default default] 10.0.0.49 "GET /v2.0/policies/328836bf-eaa2-4af6-a6e3-b9b68b517492/tags/red HTTP/1.1" status: 204 len: 168 time: 0.0115080
2026-09-01 19:46:03.412 9 INFO neutron.api.v2.resource [None req-1b4634b1-6722-4132-a752-520827ffe2cd 7b4d05b32f4745c0a99237767cd77cca b6c170bc53434ee2906883a9ab0446d5 - - default default] show failed (client error): The resource could not be found.
2026-09-01 19:46:03.413 9 INFO neutron.wsgi [None req-1b4634b1-6722-4132-a752-520827ffe2cd 7b4d05b32f4745c0a99237767cd77cca b6c170bc53434ee2906883a9ab0446d5 - - default default] 10.0.0.49 "GET /v2.0/policies/328836bf-eaa2-4af6-a6e3-b9b68b517492/tags/green HTTP/1.1" status: 404 len: 299 time: 0.0120685
2026-09-01 19:46:03.445 9 INFO neutron.wsgi [None req-b7d2c0e2-337c-4f54-91f1-b9eaada282d9 7b4d05b32f4745c0a99237767cd77cca b6c170bc53434ee2906883a9ab0446d5 - - - -] 10.0.0.49 "DELETE /v2.0/policies/328836bf-eaa2-4af6-a6e3-b9b68b517492/tags/red HTTP/1.1" status: 204 len: 168 time: 0.0270107
2026-09-01 19:46:03.462 9 INFO neutron.wsgi [None req-6c8f5d20-d859-4104-b9a3-fe6a7cb12cb4 7b4d05b32f4745c0a99237767cd77cca b6c170bc53434ee2906883a9ab0446d5 - - default default] 10.0.0.49 "GET /v2.0/policies/328836bf-eaa2-4af6-a6e3-b9b68b517492/tags HTTP/1.1" status: 200 len: 223 time: 0.0123358
2026-09-01 19:46:03.481 9 INFO neutron.api.v2.resource [None req-14946e43-4f1b-4600-8e45-2c39b41705d6 7b4d05b32f4745c0a99237767cd77cca b6c170bc53434ee2906883a9ab0446d5 - - - -] delete failed (client error): The resource could not be found.
2026-09-01 19:46:03.482 9 INFO neutron.wsgi [None req-14946e43-4f1b-4600-8e45-2c39b41705d6 7b4d05b32f4745c0a99237767cd77cca b6c170bc53434ee2906883a9ab0446d5 - - - -] 10.0.0.49 "DELETE /v2.0/policies/328836bf-eaa2-4af6-a6e3-b9b68b517492/tags/green HTTP/1.1" status: 404 len: 299 time: 0.0163212
2026-09-01 19:46:03.533 9 INFO neutron.wsgi [None req-684b203c-14b3-4cb6-958a-9ecbb42b23ab 7b4d05b32f4745c0a99237767cd77cca b6c170bc53434ee2906883a9ab0446d5 - - - -] 10.0.0.49 "DELETE /v2.0/policies/328836bf-eaa2-4af6-a6e3-b9b68b517492/tags HTTP/1.1" status: 204 len: 168 time: 0.0458128
2026-09-01 19:46:03.539 9 INFO neutron.wsgi [req-2b78f640-1dca-4750-a7f8-ed77ef1d6dc5 req-dfd69e9a-f28c-489a-8cf3-47721e260f47 3d72fe091b7e4e45b0bbdbcb786342d1 820bad566a644fdead11b3cdccf9060b - - default default] 10.0.0.126 "GET /v2.0/security-groups?name=tempest-lb_member_SG-341212915&fields=id&tenant_id=820bad566a644fdead11b3cdccf9060b HTTP/1.1" status: 200 len: 267 time: 0.0398495
2026-09-01 19:46:03.564 10 INFO neutron.wsgi [None req-8e00f131-a511-4671-a968-8ce93e24df17 7b4d05b32f4745c0a99237767cd77cca b6c170bc53434ee2906883a9ab0446d5 - - default default] 10.0.0.49 "GET /v2.0/policies/328836bf-eaa2-4af6-a6e3-b9b68b517492/tags HTTP/1.1" status: 200 len: 205 time: 0.0255389
2026-09-01 19:46:03.609 10 WARNING neutron.scheduler.dhcp_agent_scheduler [None req-2a5f51ef-7782-4001-8f4d-64d35d7ea548 f1fc1d054a44479499602685edbea9c6 17e4df9521a5470396f90f3ad2047ab3 - - - -] No more DHCP agents
2026-09-01 19:46:03.612 10 WARNING neutron.api.rpc.agentnotifiers.dhcp_rpc_agent_api [None req-2a5f51ef-7782-4001-8f4d-64d35d7ea548 f1fc1d054a44479499602685edbea9c6 17e4df9521a5470396f90f3ad2047ab3 - - - -] Unable to schedule network ac1966b1-5fad-4521-b98c-df8aefabb1a3: no agents available; will retry on subsequent port and subnet creation events.
2026-09-01 19:46:03.671 9 INFO neutron.wsgi [req-2b78f640-1dca-4750-a7f8-ed77ef1d6dc5 req-c7ce1623-a21c-4981-b92a-f178eda3d6d7 3d72fe091b7e4e45b0bbdbcb786342d1 820bad566a644fdead11b3cdccf9060b - - default default] 10.0.0.126 "GET /v2.0/networks?id=564dc627-b6d4-4ffd-890d-29c223255680 HTTP/1.1" status: 200 len: 903 time: 0.1222763
2026-09-01 19:46:03.689 10 INFO neutron.db.ovn_revision_numbers_db [None req-2a5f51ef-7782-4001-8f4d-64d35d7ea548 f1fc1d054a44479499602685edbea9c6 17e4df9521a5470396f90f3ad2047ab3 - - - -] Successfully bumped revision number for resource b4aed495-5b34-45df-a890-19120fc98870 (type: ports) to 1
2026-09-01 19:46:03.704 9 INFO neutron.wsgi [req-2b78f640-1dca-4750-a7f8-ed77ef1d6dc5 req-c156491c-4ede-469d-930b-06e9650c0f71 3d72fe091b7e4e45b0bbdbcb786342d1 820bad566a644fdead11b3cdccf9060b - - default default] 10.0.0.126 "GET /v2.0/quotas/820bad566a644fdead11b3cdccf9060b HTTP/1.1" status: 200 len: 386 time: 0.0199914
2026-09-01 19:46:03.713 10 INFO neutron.wsgi [None req-2a5f51ef-7782-4001-8f4d-64d35d7ea548 f1fc1d054a44479499602685edbea9c6 17e4df9521a5470396f90f3ad2047ab3 - - - -] 10.0.0.49 "POST /v2.0/networks HTTP/1.1" status: 201 len: 828 time: 0.6770115
2026-09-01 19:46:03.779 9 INFO neutron.wsgi [None req-f37b9b68-16c7-4800-8afe-ca1d3d05ab30 7b4d05b32f4745c0a99237767cd77cca b6c170bc53434ee2906883a9ab0446d5 - - - -] 10.0.0.49 "DELETE /v2.0/qos/policies/328836bf-eaa2-4af6-a6e3-b9b68b517492 HTTP/1.1" status: 204 len: 168 time: 0.2036622
2026-09-01 19:46:03.978 10 INFO neutron.db.ovn_revision_numbers_db [None req-c043475d-a4df-48a8-8ab4-7b5afa435bd1 47aeba6af09f472f8cf0d77a756b1cb1 da87645e965245daadb2499c625f6ccf - - - -] Successfully bumped revision number for resource f2728884-9f07-4cc5-be3e-2f86e2252860 (type: ports) to 2
2026-09-01 19:46:03.987 9 INFO neutron.wsgi [req-2b78f640-1dca-4750-a7f8-ed77ef1d6dc5 req-372f9a9d-e244-46c9-bc5d-cea48d91ad6d 3d72fe091b7e4e45b0bbdbcb786342d1 820bad566a644fdead11b3cdccf9060b - - default default] 10.0.0.126 "GET /v2.0/ports?tenant_id=820bad566a644fdead11b3cdccf9060b&fields=id HTTP/1.1" status: 200 len: 486 time: 0.2746890
2026-09-01 19:46:04.002 10 INFO neutron.db.ovn_revision_numbers_db [None req-c043475d-a4df-48a8-8ab4-7b5afa435bd1 47aeba6af09f472f8cf0d77a756b1cb1 da87645e965245daadb2499c625f6ccf - - - -] Successfully bumped revision number for resource fe4f376d-13de-4fc1-bda0-89bc4da768cf (type: subnets) to 0
2026-09-01 19:46:04.010 10 WARNING neutron.scheduler.dhcp_agent_scheduler [None req-74ad0b21-10c3-4ad8-978e-7a9ffdf94709 f1fc1d054a44479499602685edbea9c6 17e4df9521a5470396f90f3ad2047ab3 - - - -] No more DHCP agents
2026-09-01 19:46:04.013 10 WARNING neutron.api.rpc.agentnotifiers.dhcp_rpc_agent_api [None req-74ad0b21-10c3-4ad8-978e-7a9ffdf94709 f1fc1d054a44479499602685edbea9c6 17e4df9521a5470396f90f3ad2047ab3 - - - -] Unable to schedule network ac1966b1-5fad-4521-b98c-df8aefabb1a3: no agents available; will retry on subsequent port and subnet creation events.
2026-09-01 19:46:04.019 10 INFO neutron.wsgi [None req-c043475d-a4df-48a8-8ab4-7b5afa435bd1 47aeba6af09f472f8cf0d77a756b1cb1 da87645e965245daadb2499c625f6ccf - - - -] 10.0.0.49 "POST /v2.0/subnets HTTP/1.1" status: 201 len: 1426 time: 1.9966223
2026-09-01 19:46:04.088 9 INFO neutron.wsgi [None req-b4480fc3-f229-491b-a474-9b49112379d7 47aeba6af09f472f8cf0d77a756b1cb1 da87645e965245daadb2499c625f6ccf - - default default] 10.0.0.49 "GET /v2.0/subnets HTTP/1.1" status: 200 len: 2034 time: 0.0631106
2026-09-01 19:46:04.115 9 INFO neutron.wsgi [req-2b78f640-1dca-4750-a7f8-ed77ef1d6dc5 req-ff5146f3-014d-4ca6-b35e-6723101d2024 2eb829645dc84a12ba1eaafe09ac41ed 0544e5c0acb34493854b37a01c3ea747 - - 4fed95107a39400d92e76b56041241c9 4fed95107a39400d92e76b56041241c9] 10.0.0.126 "GET /v2.0/networks/564dc627-b6d4-4ffd-890d-29c223255680?fields=segments HTTP/1.1" status: 200 len: 212 time: 0.1082699
2026-09-01 19:46:04.218 9 INFO neutron.wsgi [req-2b78f640-1dca-4750-a7f8-ed77ef1d6dc5 req-f75ef7cc-dba9-4c14-8a60-6cad515fd28b 2eb829645dc84a12ba1eaafe09ac41ed 0544e5c0acb34493854b37a01c3ea747 - - 4fed95107a39400d92e76b56041241c9 4fed95107a39400d92e76b56041241c9] 10.0.0.126 "GET /v2.0/networks/564dc627-b6d4-4ffd-890d-29c223255680?fields=provider%3Aphysical_network&fields=provider%3Anetwork_type HTTP/1.1" status: 200 len: 277 time: 0.0874052
2026-09-01 19:46:04.334 9 INFO neutron.wsgi [None req-a8b3d1f7-1e7e-4406-9805-36394661de98 47aeba6af09f472f8cf0d77a756b1cb1 da87645e965245daadb2499c625f6ccf - - - -] 10.0.0.49 "DELETE /v2.0/subnets/61c217fc-76f4-4d20-a550-a7b0e8ce093f HTTP/1.1" status: 204 len: 168 time: 0.2371891
2026-09-01 19:46:04.477 10 INFO neutron.wsgi [req-315995e4-6ba7-4734-908f-8c251b1d01d4 req-7828b75b-10ec-4c57-8688-5cabff73d520 3d72fe091b7e4e45b0bbdbcb786342d1 820bad566a644fdead11b3cdccf9060b - - default default] 10.0.0.126 "GET /v2.0/ports?device_id=da22b453-f55e-449e-9982-ee34297380d5 HTTP/1.1" status: 200 len: 210 time: 0.0204549
2026-09-01 19:46:04.573 9 INFO neutron.wsgi [None req-16935832-5753-42b8-90df-66b03325e91f 47aeba6af09f472f8cf0d77a756b1cb1 da87645e965245daadb2499c625f6ccf - - - -] 10.0.0.49 "DELETE /v2.0/subnets/fe4f376d-13de-4fc1-bda0-89bc4da768cf HTTP/1.1" status: 204 len: 168 time: 0.2344537
2026-09-01 19:46:04.654 10 INFO neutron.wsgi [None req-4860ecf8-723e-40e9-a6c6-3d03d1937c44 47aeba6af09f472f8cf0d77a756b1cb1 da87645e965245daadb2499c625f6ccf - - default default] 10.0.0.49 "GET /v2.0/subnets HTTP/1.1" status: 200 len: 820 time: 0.0742769
2026-09-01 19:46:04.800 10 INFO neutron.db.ovn_revision_numbers_db [None req-74ad0b21-10c3-4ad8-978e-7a9ffdf94709 f1fc1d054a44479499602685edbea9c6 17e4df9521a5470396f90f3ad2047ab3 - - - -] Successfully bumped revision number for resource b4aed495-5b34-45df-a890-19120fc98870 (type: ports) to 2
2026-09-01 19:46:04.820 10 INFO neutron.db.ovn_revision_numbers_db [None req-74ad0b21-10c3-4ad8-978e-7a9ffdf94709 f1fc1d054a44479499602685edbea9c6 17e4df9521a5470396f90f3ad2047ab3 - - - -] Successfully bumped revision number for resource 18eb0673-bf99-409f-8ee3-cbdf34ac8538 (type: subnets) to 0
2026-09-01 19:46:04.839 10 INFO neutron.wsgi [None req-74ad0b21-10c3-4ad8-978e-7a9ffdf94709 f1fc1d054a44479499602685edbea9c6 17e4df9521a5470396f90f3ad2047ab3 - - - -] 10.0.0.49 "POST /v2.0/subnets HTTP/1.1" status: 201 len: 801 time: 1.1151273
2026-09-01 19:46:04.872 9 INFO neutron.db.ovn_revision_numbers_db [None req-4d984350-0e03-41d0-878f-d7f34913a0a2 e8f6cb9d979f4f68863f5b5ee3098f32 9028f440acb64fd99caf8d503d0457cf - - default default] Successfully bumped revision number for resource 04440712-5da1-4727-bcd9-dc5d0875528e (type: security_groups) to 1
2026-09-01 19:46:05.158 9 INFO neutron.wsgi [None req-4d984350-0e03-41d0-878f-d7f34913a0a2 e8f6cb9d979f4f68863f5b5ee3098f32 9028f440acb64fd99caf8d503d0457cf - - default default] 10.0.0.49 "GET /v2.0/security-groups?tenant_id=fefd8799e1af43b3b5cd1e3e3fd21f0d&name=default HTTP/1.1" status: 200 len: 2996 time: 0.6253953
2026-09-01 19:46:05.254 10 INFO neutron.wsgi [req-2b78f640-1dca-4750-a7f8-ed77ef1d6dc5 req-04cdaf2a-eb89-4739-af0b-c9a1383304f0 3d72fe091b7e4e45b0bbdbcb786342d1 820bad566a644fdead11b3cdccf9060b - - default default] 162.253.55.125 "GET /v2.0/networks?id=564dc627-b6d4-4ffd-890d-29c223255680 HTTP/1.1" status: 200 len: 903 time: 0.1112185
2026-09-01 19:46:05.317 10 INFO neutron.wsgi [req-2b78f640-1dca-4750-a7f8-ed77ef1d6dc5 req-47210300-f5a6-478f-a46e-215788816ed3 3d72fe091b7e4e45b0bbdbcb786342d1 820bad566a644fdead11b3cdccf9060b - - default default] 162.253.55.125 "GET /v2.0/security-groups?fields=id&fields=name&tenant_id=820bad566a644fdead11b3cdccf9060b HTTP/1.1" status: 200 len: 377 time: 0.0511761
2026-09-01 19:46:05.328 9 INFO neutron.db.ovn_revision_numbers_db [None req-a349cb66-8429-4631-be2b-feb01e0c4731 f1fc1d054a44479499602685edbea9c6 17e4df9521a5470396f90f3ad2047ab3 - - - -] Successfully bumped revision number for resource c6abac34-c004-4772-91e7-a5996cd740f2 (type: routers) to 1
2026-09-01 19:46:05.348 9 INFO neutron.wsgi [None req-a349cb66-8429-4631-be2b-feb01e0c4731 f1fc1d054a44479499602685edbea9c6 17e4df9521a5470396f90f3ad2047ab3 - - - -] 10.0.0.49 "POST /v2.0/routers HTTP/1.1" status: 201 len: 687 time: 0.5024433
2026-09-01 19:46:05.505 9 INFO neutron.services.segments.plugin [-] Segment 76797acc-126f-457f-8a54-c38e8a6b490f resource provider aggregate not found
2026-09-01 19:46:05.523 9 INFO neutron.services.segments.plugin [-] Segment 76797acc-126f-457f-8a54-c38e8a6b490f resource provider aggregate not found
2026-09-01 19:46:05.535 9 INFO neutron.services.segments.plugin [-] Segment 76797acc-126f-457f-8a54-c38e8a6b490f resource provider not found; error: Placement Client Error (4xx): {"errors": [{"status": 404, "title": "Not Found", "detail": "The resource could not be found.\n\n No resource provider with uuid 76797acc-126f-457f-8a54-c38e8a6b490f found for delete ", "request_id": "req-bffc53c2-a886-41d4-9e2a-2898caf0e14a"}]}
2026-09-01 19:46:05.557 10 INFO neutron.wsgi [None req-4f126775-839a-461e-8aee-565acb56ac81 e8f6cb9d979f4f68863f5b5ee3098f32 9028f440acb64fd99caf8d503d0457cf - - - -] 10.0.0.49 "DELETE /v2.0/security-groups/04440712-5da1-4727-bcd9-dc5d0875528e HTTP/1.1" status: 204 len: 168 time: 0.3891234
2026-09-01 19:46:05.561 9 INFO neutron.services.segments.plugin [-] Segment 76797acc-126f-457f-8a54-c38e8a6b490f resource provider not found; error: Placement Client Error (4xx): {"errors": [{"status": 404, "title": "Not Found", "detail": "The resource could not be found.\n\n No resource provider with uuid 76797acc-126f-457f-8a54-c38e8a6b490f found for delete ", "request_id": "req-d3f10ffd-33c5-45d4-842e-4d4db8cde2a1"}]}
2026-09-01 19:46:05.594 9 INFO neutron.wsgi [None req-bba47473-38b4-4cc4-a571-a3baae6bfc00 47aeba6af09f472f8cf0d77a756b1cb1 da87645e965245daadb2499c625f6ccf - - - -] 10.0.0.49 "DELETE /v2.0/networks/e83e3a13-7981-4be3-a866-171d56e64151 HTTP/1.1" status: 204 len: 168 time: 0.9310904
2026-09-01 19:46:05.838 9 INFO neutron.db.ovn_revision_numbers_db [None req-655adaa9-6dbb-4247-b332-45ad78a61f25 e8f6cb9d979f4f68863f5b5ee3098f32 9028f440acb64fd99caf8d503d0457cf - - default default] Successfully bumped revision number for resource 90993af5-cbf6-4ed3-99db-e4686c831690 (type: security_groups) to 1
2026-09-01 19:46:05.869 9 WARNING neutron.scheduler.dhcp_agent_scheduler [None req-70e403b3-9028-43db-b121-e932c4a56cb6 f1fc1d054a44479499602685edbea9c6 17e4df9521a5470396f90f3ad2047ab3 - - default default] No more DHCP agents
2026-09-01 19:46:05.873 9 INFO neutron.wsgi [None req-655adaa9-6dbb-4247-b332-45ad78a61f25 e8f6cb9d979f4f68863f5b5ee3098f32 9028f440acb64fd99caf8d503d0457cf - - default default] 10.0.0.49 "GET /v2.0/security-groups?tenant_id=b6c170bc53434ee2906883a9ab0446d5&name=default HTTP/1.1" status: 200 len: 2996 time: 0.1899316
2026-09-01 19:46:05.875 9 WARNING neutron.api.rpc.agentnotifiers.dhcp_rpc_agent_api [None req-70e403b3-9028-43db-b121-e932c4a56cb6 f1fc1d054a44479499602685edbea9c6 17e4df9521a5470396f90f3ad2047ab3 - - default default] Unable to schedule network ac1966b1-5fad-4521-b98c-df8aefabb1a3: no agents available; will retry on subsequent port and subnet creation events. /var/lib/openstack/lib/python3.10/site-packages/pycadf/identifier.py:71: UserWarning: Invalid uuid: neutron. To ensure interoperability, identifiers should be a valid uuid. warnings.warn(('Invalid uuid: %s. To ensure interoperability, '
2026-09-01 19:46:05.938 10 WARNING neutron.scheduler.dhcp_agent_scheduler [None req-0ebc0c82-c970-43ae-8495-7b8869cea7de 3d72fe091b7e4e45b0bbdbcb786342d1 820bad566a644fdead11b3cdccf9060b - - - -] No more DHCP agents
2026-09-01 19:46:05.942 10 WARNING neutron.api.rpc.agentnotifiers.dhcp_rpc_agent_api [None req-0ebc0c82-c970-43ae-8495-7b8869cea7de 3d72fe091b7e4e45b0bbdbcb786342d1 820bad566a644fdead11b3cdccf9060b - - - -] Unable to schedule network 564dc627-b6d4-4ffd-890d-29c223255680: no agents available; will retry on subsequent port and subnet creation events.
2026-09-01 19:46:06.008 9 INFO neutron.db.ovn_revision_numbers_db [None req-70e403b3-9028-43db-b121-e932c4a56cb6 f1fc1d054a44479499602685edbea9c6 17e4df9521a5470396f90f3ad2047ab3 - - default default] Successfully bumped revision number for resource 49879e87-a16a-4a78-a16a-00141c7f81e8 (type: ports) to 1
2026-09-01 19:46:06.198 10 INFO neutron.services.segments.plugin [-] Segment 983211dc-69ae-433c-9e61-2d3a9fa725f9 resource provider aggregate not found
2026-09-01 19:46:06.204 10 INFO neutron.services.segments.plugin [-] Segment 983211dc-69ae-433c-9e61-2d3a9fa725f9 resource provider aggregate not found
2026-09-01 19:46:06.222 10 INFO neutron.services.segments.plugin [-] Segment 983211dc-69ae-433c-9e61-2d3a9fa725f9 resource provider not found; error: Placement Client Error (4xx): {"errors": [{"status": 404, "title": "Not Found", "detail": "The resource could not be found.\n\n No resource provider with uuid 983211dc-69ae-433c-9e61-2d3a9fa725f9 found for delete ", "request_id": "req-b374d331-bf0e-416c-a24a-70067b34e2c7"}]}
2026-09-01 19:46:06.238 10 INFO neutron.services.segments.plugin [-] Segment 983211dc-69ae-433c-9e61-2d3a9fa725f9 resource provider not found; error: Placement Client Error (4xx): {"errors": [{"status": 404, "title": "Not Found", "detail": "The resource could not be found.\n\n No resource provider with uuid 983211dc-69ae-433c-9e61-2d3a9fa725f9 found for delete ", "request_id": "req-a24cb221-7c4a-4dfa-aaa4-05e671cac5f8"}]}
2026-09-01 19:46:06.239 10 INFO neutron.db.ovn_revision_numbers_db [None req-0ebc0c82-c970-43ae-8495-7b8869cea7de 3d72fe091b7e4e45b0bbdbcb786342d1 820bad566a644fdead11b3cdccf9060b - - - -] Successfully bumped revision number for resource bb402250-2619-41a9-9ab8-e2b72b2923ba (type: ports) to 1
2026-09-01 19:46:06.263 10 INFO neutron.wsgi [None req-ad30da48-9a8c-4c84-a88f-c7469525c016 47aeba6af09f472f8cf0d77a756b1cb1 da87645e965245daadb2499c625f6ccf - - - -] 10.0.0.49 "DELETE /v2.0/networks/0ff73d99-dbec-4854-b6b9-bf2e481f23c2 HTTP/1.1" status: 204 len: 168 time: 0.6628675
2026-09-01 19:46:06.267 10 INFO neutron.wsgi [None req-0ebc0c82-c970-43ae-8495-7b8869cea7de 3d72fe091b7e4e45b0bbdbcb786342d1 820bad566a644fdead11b3cdccf9060b - - - -] 162.253.55.125 "POST /v2.0/ports HTTP/1.1" status: 201 len: 1388 time: 0.9311919 /var/lib/openstack/lib/python3.10/site-packages/pycadf/identifier.py:71: UserWarning: Invalid uuid: neutron. To ensure interoperability, identifiers should be a valid uuid. warnings.warn(('Invalid uuid: %s. To ensure interoperability, '
2026-09-01 19:46:06.303 10 INFO neutron.wsgi [None req-2443bcd5-4a29-4405-ae76-5984f9a92651 e8f6cb9d979f4f68863f5b5ee3098f32 9028f440acb64fd99caf8d503d0457cf - - - -] 10.0.0.49 "DELETE /v2.0/security-groups/90993af5-cbf6-4ed3-99db-e4686c831690 HTTP/1.1" status: 204 len: 168 time: 0.4187071
2026-09-01 19:46:06.429 9 INFO neutron.plugins.ml2.drivers.ovn.mech_driver.mech_driver [None req-5bbb813a-9fd7-4d1e-a53d-ac635206848c - - - - - -] OVN reports status up for port: 49879e87-a16a-4a78-a16a-00141c7f81e8
2026-09-01 19:46:06.445 9 INFO neutron.db.ovn_revision_numbers_db [None req-70e403b3-9028-43db-b121-e932c4a56cb6 f1fc1d054a44479499602685edbea9c6 17e4df9521a5470396f90f3ad2047ab3 - - default default] Successfully bumped revision number for resource 49879e87-a16a-4a78-a16a-00141c7f81e8 (type: router_ports) to 2
2026-09-01 19:46:06.449 9 INFO neutron.plugins.ml2.plugin [None req-5bbb813a-9fd7-4d1e-a53d-ac635206848c - - - - - -] Attempt 1 to provision port 49879e87-a16a-4a78-a16a-00141c7f81e8
2026-09-01 19:46:06.604 10 INFO neutron.db.ovn_revision_numbers_db [None req-80b70b8b-e7f9-4005-8bb3-de9bafb6a277 2eb829645dc84a12ba1eaafe09ac41ed 0544e5c0acb34493854b37a01c3ea747 - - - -] Successfully bumped revision number for resource bb402250-2619-41a9-9ab8-e2b72b2923ba (type: ports) to 2
2026-09-01 19:46:06.683 9 INFO neutron.db.ovn_revision_numbers_db [None req-70e403b3-9028-43db-b121-e932c4a56cb6 f1fc1d054a44479499602685edbea9c6 17e4df9521a5470396f90f3ad2047ab3 - - default default] Successfully bumped revision number for resource 49879e87-a16a-4a78-a16a-00141c7f81e8 (type: ports) to 2
2026-09-01 19:46:06.773 10 INFO neutron.db.ovn_revision_numbers_db [None req-80b70b8b-e7f9-4005-8bb3-de9bafb6a277 2eb829645dc84a12ba1eaafe09ac41ed 0544e5c0acb34493854b37a01c3ea747 - - - -] Successfully bumped revision number for resource bb402250-2619-41a9-9ab8-e2b72b2923ba (type: ports) to 2
