2026-09-01 19:46:42.576 9 INFO neutron.wsgi [None req-898f94ab-c504-4bfe-bae7-524a847bf7a2 e8f6cb9d979f4f68863f5b5ee3098f32 9028f440acb64fd99caf8d503d0457cf - - default default] 10.0.0.49 "GET /v2.0/security-groups?tenant_id=2de3e2bf792e45d48461e0e91ec8d4b9&name=default HTTP/1.1" status: 200 len: 2996 time: 0.2894137
2026-09-01 19:46:42.613 10 INFO neutron.wsgi [req-7c5c233b-c6ae-4414-9bd2-69e82f236654 req-cee3c1db-e2b2-418f-9915-0457a4b4a996 2eb829645dc84a12ba1eaafe09ac41ed 0544e5c0acb34493854b37a01c3ea747 - - 4fed95107a39400d92e76b56041241c9 4fed95107a39400d92e76b56041241c9] 162.253.55.125 "GET /v2.0/networks?id=0a99abd9-9c76-4e21-be01-4d1f080ea219 HTTP/1.1" status: 200 len: 971 time: 0.0513394
2026-09-01 19:46:42.641 10 INFO neutron.wsgi [req-7c5c233b-c6ae-4414-9bd2-69e82f236654 req-71890382-3680-47c5-9190-6a2c60be09b8 2eb829645dc84a12ba1eaafe09ac41ed 0544e5c0acb34493854b37a01c3ea747 - - 4fed95107a39400d92e76b56041241c9 4fed95107a39400d92e76b56041241c9] 162.253.55.125 "GET /v2.0/floatingips?fixed_ip_address=10.100.0.8&port_id=20415cbf-3783-460f-81e5-1a676fb4397a HTTP/1.1" status: 200 len: 217 time: 0.0229373
2026-09-01 19:46:42.699 10 INFO neutron.wsgi [req-7c5c233b-c6ae-4414-9bd2-69e82f236654 req-b9750bed-bda4-4695-8edf-9fd95700762f 2eb829645dc84a12ba1eaafe09ac41ed 0544e5c0acb34493854b37a01c3ea747 - - 4fed95107a39400d92e76b56041241c9 4fed95107a39400d92e76b56041241c9] 162.253.55.125 "GET /v2.0/subnets?id=6dafc8d6-beb2-483e-9892-8271e0d1d0d8 HTTP/1.1" status: 200 len: 866 time: 0.0540974
2026-09-01 19:46:42.701 10 INFO neutron.plugins.ml2.drivers.ovn.mech_driver.mech_driver [None req-3f4f5cba-9913-478e-8bd0-1edd776517b6 - - - - - -] OVN reports status up for port: 20415cbf-3783-460f-81e5-1a676fb4397a
2026-09-01 19:46:42.733 10 INFO neutron.wsgi [req-7c5c233b-c6ae-4414-9bd2-69e82f236654 req-3e53ceba-21c2-4ad3-a8f6-cd42628356d1 2eb829645dc84a12ba1eaafe09ac41ed 0544e5c0acb34493854b37a01c3ea747 - - 4fed95107a39400d92e76b56041241c9 4fed95107a39400d92e76b56041241c9] 162.253.55.125 "GET /v2.0/ports?network_id=0a99abd9-9c76-4e21-be01-4d1f080ea219&device_owner=network%3Adhcp HTTP/1.1" status: 200 len: 210 time: 0.0276973
2026-09-01 19:46:42.736 10 INFO neutron.plugins.ml2.plugin [None req-3f4f5cba-9913-478e-8bd0-1edd776517b6 - - - - - -] Attempt 1 to provision port 20415cbf-3783-460f-81e5-1a676fb4397a
2026-09-01 19:46:42.794 9 INFO neutron.wsgi [None req-988c5e41-4b50-4f14-ba74-85ba673a72f9 e8f6cb9d979f4f68863f5b5ee3098f32 9028f440acb64fd99caf8d503d0457cf - - - -] 10.0.0.49 "DELETE /v2.0/security-groups/e0c50358-d410-4f0f-8d47-1c55df9d44a4 HTTP/1.1" status: 204 len: 168 time: 0.2134507
2026-09-01 19:46:42.795 10 INFO neutron.wsgi [req-7c5c233b-c6ae-4414-9bd2-69e82f236654 req-315906f2-ecc8-4ed0-93dc-4aff758574da 2eb829645dc84a12ba1eaafe09ac41ed 0544e5c0acb34493854b37a01c3ea747 - - 4fed95107a39400d92e76b56041241c9 4fed95107a39400d92e76b56041241c9] 162.253.55.125 "GET /v2.0/networks/0a99abd9-9c76-4e21-be01-4d1f080ea219?fields=segments HTTP/1.1" status: 200 len: 212 time: 0.0560679
2026-09-01 19:46:42.878 10 INFO neutron.wsgi [req-7c5c233b-c6ae-4414-9bd2-69e82f236654 req-b7b62599-e742-4be6-889d-575333cb9130 2eb829645dc84a12ba1eaafe09ac41ed 0544e5c0acb34493854b37a01c3ea747 - - 4fed95107a39400d92e76b56041241c9 4fed95107a39400d92e76b56041241c9] 162.253.55.125 "GET /v2.0/networks/0a99abd9-9c76-4e21-be01-4d1f080ea219?fields=provider%3Aphysical_network&fields=provider%3Anetwork_type HTTP/1.1" status: 200 len: 277 time: 0.0684226
2026-09-01 19:46:43.208 10 INFO neutron.db.ovn_revision_numbers_db [None req-3f4f5cba-9913-478e-8bd0-1edd776517b6 - - - - - -] Successfully bumped revision number for resource 20415cbf-3783-460f-81e5-1a676fb4397a (type: ports) to 4
2026-09-01 19:46:43.640 9 INFO neutron.wsgi [req-bb77d715-5f56-4048-89b2-98fb46aa5f0e req-c1c34c77-0d5d-4752-801f-f9635a4d371d 4ac7356d8255442cb66b98de4066f925 137d75b45b9a4592a0c9f431f91a324c - - default default] 10.0.0.126 "GET /v2.0/ports?device_id=5bfbf6f9-d2e4-4bdd-88ed-5aaa9bb6cd45 HTTP/1.1" status: 200 len: 1170 time: 0.1075506
2026-09-01 19:46:43.704 9 INFO neutron.wsgi [req-bb77d715-5f56-4048-89b2-98fb46aa5f0e req-15349843-9c92-493d-9955-90346adc5681 4ac7356d8255442cb66b98de4066f925 137d75b45b9a4592a0c9f431f91a324c - - default default] 10.0.0.126 "GET /v2.0/security-groups?id=87c663ce-8c2c-472c-a825-d2edefadf37f&fields=id&fields=name HTTP/1.1" status: 200 len: 286 time: 0.0549788
2026-09-01 19:46:44.273 10 INFO neutron.notifiers.nova [-] Nova event matching ['req-e93cc4f0-11c1-4c27-aac5-0b76e581fd68'] response: {'server_uuid': '5bfbf6f9-d2e4-4bdd-88ed-5aaa9bb6cd45', 'name': 'network-vif-plugged', 'status': 'completed', 'tag': '20415cbf-3783-460f-81e5-1a676fb4397a', 'code': 200}
2026-09-01 19:46:44.274 10 INFO neutron.notifiers.nova [-] Nova event matching ['req-e93cc4f0-11c1-4c27-aac5-0b76e581fd68'] response: {'server_uuid': '5bfbf6f9-d2e4-4bdd-88ed-5aaa9bb6cd45', 'name': 'network-vif-plugged', 'status': 'completed', 'tag': '20415cbf-3783-460f-81e5-1a676fb4397a', 'code': 200}
2026-09-01 19:46:44.857 9 INFO neutron.wsgi [req-9abfe907-d38c-4221-b215-863ca3cb5e46 req-b3f5ea17-b733-42f5-a8ef-25382aed4654 4ac7356d8255442cb66b98de4066f925 137d75b45b9a4592a0c9f431f91a324c - - default default] 10.0.0.126 "GET /v2.0/ports?device_id=5bfbf6f9-d2e4-4bdd-88ed-5aaa9bb6cd45 HTTP/1.1" status: 200 len: 1170 time: 0.0494230
2026-09-01 19:46:44.907 9 INFO neutron.wsgi [req-9abfe907-d38c-4221-b215-863ca3cb5e46 req-30635d07-4bef-4fb6-8d7c-ab416ddc5309 4ac7356d8255442cb66b98de4066f925 137d75b45b9a4592a0c9f431f91a324c - - default default] 10.0.0.126 "GET /v2.0/security-groups?id=87c663ce-8c2c-472c-a825-d2edefadf37f&fields=id&fields=name HTTP/1.1" status: 200 len: 286 time: 0.0427165
2026-09-01 19:46:45.510 10 INFO neutron.plugins.ml2.drivers.ovn.mech_driver.mech_driver [None req-3f4f5cba-9913-478e-8bd0-1edd776517b6 - - - - - -] OVN reports status down for port: 20415cbf-3783-460f-81e5-1a676fb4397a
2026-09-01 19:46:45.565 9 INFO neutron.wsgi [req-9277b840-f357-4b3b-aa1e-ded698bbf712 req-8fb0dac1-75d8-44c4-a672-f7c1222668fe 4ac7356d8255442cb66b98de4066f925 137d75b45b9a4592a0c9f431f91a324c - - default default] 10.0.0.126 "GET /v2.0/ports?device_id=5bfbf6f9-d2e4-4bdd-88ed-5aaa9bb6cd45 HTTP/1.1" status: 200 len: 1170 time: 0.0466211
2026-09-01 19:46:45.612 9 INFO neutron.wsgi [req-9277b840-f357-4b3b-aa1e-ded698bbf712 req-80d0e8a4-4f06-4dd0-99e1-ed094ec81f39 4ac7356d8255442cb66b98de4066f925 137d75b45b9a4592a0c9f431f91a324c - - default default] 10.0.0.126 "GET /v2.0/security-groups?id=87c663ce-8c2c-472c-a825-d2edefadf37f&fields=id&fields=name HTTP/1.1" status: 200 len: 286 time: 0.0405574
2026-09-01 19:46:45.871 10 INFO neutron.db.ovn_revision_numbers_db [None req-3f4f5cba-9913-478e-8bd0-1edd776517b6 - - - - - -] Successfully bumped revision number for resource 20415cbf-3783-460f-81e5-1a676fb4397a (type: ports) to 5 /var/lib/openstack/lib/python3.10/site-packages/pycadf/identifier.py:71: UserWarning: Invalid uuid: neutron. To ensure interoperability, identifiers should be a valid uuid. warnings.warn(('Invalid uuid: %s. To ensure interoperability, '
2026-09-01 19:46:45.975 10 INFO neutron.wsgi [req-b80b9370-d12d-42db-ad29-ef8a482c17bb req-168bf33d-1447-42fa-8c09-020839ee8faa 4ac7356d8255442cb66b98de4066f925 137d75b45b9a4592a0c9f431f91a324c - - default default] 162.253.55.125 "GET /v2.0/ports?device_id=5bfbf6f9-d2e4-4bdd-88ed-5aaa9bb6cd45 HTTP/1.1" status: 200 len: 1168 time: 0.1049802 /var/lib/openstack/lib/python3.10/site-packages/pycadf/identifier.py:71: UserWarning: Invalid uuid: neutron. To ensure interoperability, identifiers should be a valid uuid. warnings.warn(('Invalid uuid: %s. To ensure interoperability, '
2026-09-01 19:46:46.243 9 INFO neutron.wsgi [None req-17590f83-5562-4802-8c06-d3dd26758f54 c0e2aa2aca79408db15d3dd0896a4b14 d6014d8b384e4265a4ae12f3054da1e2 - - default default] 10.0.0.18 "GET /v2.0/extensions HTTP/1.1" status: 200 len: 16525 time: 0.1538644
2026-09-01 19:46:46.307 10 INFO neutron.wsgi [None req-5a018a45-fa31-4e1d-8a8b-fd5ae9b3c45f 4ac7356d8255442cb66b98de4066f925 137d75b45b9a4592a0c9f431f91a324c - - - -] 162.253.55.125 "DELETE /v2.0/ports/20415cbf-3783-460f-81e5-1a676fb4397a HTTP/1.1" status: 204 len: 173 time: 0.3279581
2026-09-01 19:46:46.314 10 INFO neutron.notifiers.nova [-] Nova event matching ['req-cb8fa435-7fce-442e-a157-53e702ac69e1'] response: {'server_uuid': '5bfbf6f9-d2e4-4bdd-88ed-5aaa9bb6cd45', 'name': 'network-vif-unplugged', 'status': 'completed', 'tag': '20415cbf-3783-460f-81e5-1a676fb4397a', 'code': 200}
2026-09-01 19:46:46.314 10 INFO neutron.notifiers.nova [-] Nova event matching ['req-cb8fa435-7fce-442e-a157-53e702ac69e1'] response: {'server_uuid': '5bfbf6f9-d2e4-4bdd-88ed-5aaa9bb6cd45', 'name': 'network-vif-plugged', 'status': 'completed', 'tag': '20415cbf-3783-460f-81e5-1a676fb4397a', 'code': 200}
2026-09-01 19:46:46.376 9 INFO neutron.wsgi [None req-b2b18214-71fa-4ed0-bdc1-c5459882d2bb c0e2aa2aca79408db15d3dd0896a4b14 d6014d8b384e4265a4ae12f3054da1e2 - - default default] 10.0.0.18 "GET /v2.0/quotas/d6014d8b384e4265a4ae12f3054da1e2/details HTTP/1.1" status: 200 len: 756 time: 0.1177692
2026-09-01 19:46:46.588 10 INFO neutron.wsgi [req-0e9ec478-2123-46f2-a6aa-b9463ab143da req-22ca80d7-af75-4149-ab03-ada320447e9b e8f6cb9d979f4f68863f5b5ee3098f32 9028f440acb64fd99caf8d503d0457cf - - default default] 10.0.0.126 "GET /v2.0/security-groups?id=4c426d41-437b-4a9a-8a87-4383ba83afed&fields=id HTTP/1.1" status: 200 len: 267 time: 0.0329287
2026-09-01 19:46:46.671 10 INFO neutron.wsgi [req-0e9ec478-2123-46f2-a6aa-b9463ab143da req-61385bb2-a773-4b38-85b8-3efb063f52f1 e8f6cb9d979f4f68863f5b5ee3098f32 9028f440acb64fd99caf8d503d0457cf - - default default] 10.0.0.126 "GET /v2.0/networks?id=e5960dcd-d572-4ddc-a32a-07255a6913f6 HTTP/1.1" status: 200 len: 937 time: 0.0766089
2026-09-01 19:46:46.710 10 INFO neutron.wsgi [req-0e9ec478-2123-46f2-a6aa-b9463ab143da req-264efbd6-57a3-4298-8f65-e5ddc6021b4d e8f6cb9d979f4f68863f5b5ee3098f32 9028f440acb64fd99caf8d503d0457cf - - default default] 10.0.0.126 "GET /v2.0/quotas/9028f440acb64fd99caf8d503d0457cf HTTP/1.1" status: 200 len: 385 time: 0.0217707
2026-09-01 19:46:46.737 9 INFO neutron.wsgi [req-2825679d-ed19-45b0-b0a5-a81c4589b540 req-bf6bdeb7-b280-4c83-9e44-1649df19363f 4ac7356d8255442cb66b98de4066f925 137d75b45b9a4592a0c9f431f91a324c - - default default] 10.0.0.126 "GET /v2.0/ports?device_id=5bfbf6f9-d2e4-4bdd-88ed-5aaa9bb6cd45 HTTP/1.1" status: 200 len: 210 time: 0.0327024
2026-09-01 19:46:46.805 10 INFO neutron.wsgi [req-0e9ec478-2123-46f2-a6aa-b9463ab143da req-b5cbf1b9-8f8e-45fd-8483-aef021ea6662 e8f6cb9d979f4f68863f5b5ee3098f32 9028f440acb64fd99caf8d503d0457cf - - default default] 10.0.0.126 "GET /v2.0/ports?tenant_id=9028f440acb64fd99caf8d503d0457cf&fields=id HTTP/1.1" status: 200 len: 348 time: 0.0870330
2026-09-01 19:46:46.882 10 INFO neutron.wsgi [req-0e9ec478-2123-46f2-a6aa-b9463ab143da req-125f50ee-4a54-4f34-9ec5-d08cb292a331 2eb829645dc84a12ba1eaafe09ac41ed 0544e5c0acb34493854b37a01c3ea747 - - 4fed95107a39400d92e76b56041241c9 4fed95107a39400d92e76b56041241c9] 10.0.0.126 "GET /v2.0/networks/e5960dcd-d572-4ddc-a32a-07255a6913f6?fields=segments HTTP/1.1" status: 200 len: 212 time: 0.0622487
2026-09-01 19:46:46.938 10 INFO neutron.wsgi [req-0e9ec478-2123-46f2-a6aa-b9463ab143da req-6a3f3f13-24c9-4b30-9aed-c97855543206 2eb829645dc84a12ba1eaafe09ac41ed 0544e5c0acb34493854b37a01c3ea747 - - 4fed95107a39400d92e76b56041241c9 4fed95107a39400d92e76b56041241c9] 10.0.0.126 "GET /v2.0/networks/e5960dcd-d572-4ddc-a32a-07255a6913f6?fields=provider%3Aphysical_network&fields=provider%3Anetwork_type HTTP/1.1" status: 200 len: 277 time: 0.0463576
2026-09-01 19:46:47.371 9 INFO neutron.wsgi [req-25b787af-3669-4124-9338-fd086d49a79e req-73efc405-b660-45b5-9ba2-c4d861886528 e8f6cb9d979f4f68863f5b5ee3098f32 9028f440acb64fd99caf8d503d0457cf - - default default] 10.0.0.126 "GET /v2.0/ports?device_id=fe30e563-7dab-44c6-917c-a2b8aa5d8d39 HTTP/1.1" status: 200 len: 210 time: 0.0387003
2026-09-01 19:46:47.487 10 INFO neutron.wsgi [req-a83bb260-28fe-434e-862f-64d394262567 req-63392a8b-b17b-420c-89f8-872af8dd7d74 e8f6cb9d979f4f68863f5b5ee3098f32 9028f440acb64fd99caf8d503d0457cf - - default default] 10.0.0.126 "GET /v2.0/ports?device_id=fe30e563-7dab-44c6-917c-a2b8aa5d8d39 HTTP/1.1" status: 200 len: 210 time: 0.0399549
2026-09-01 19:46:48.157 10 INFO neutron.wsgi [req-0e9ec478-2123-46f2-a6aa-b9463ab143da req-64d920ae-9cf0-4a5a-9949-9a08e7cfd85e e8f6cb9d979f4f68863f5b5ee3098f32 9028f440acb64fd99caf8d503d0457cf - - default default] 162.253.55.125 "GET /v2.0/networks?id=e5960dcd-d572-4ddc-a32a-07255a6913f6 HTTP/1.1" status: 200 len: 937 time: 0.0870724
2026-09-01 19:46:48.227 10 INFO neutron.wsgi [req-0e9ec478-2123-46f2-a6aa-b9463ab143da req-1d306602-68b4-40a1-b4c1-5cc5dd7548ea e8f6cb9d979f4f68863f5b5ee3098f32 9028f440acb64fd99caf8d503d0457cf - - default default] 162.253.55.125 "GET /v2.0/security-groups?fields=id&fields=name&tenant_id=9028f440acb64fd99caf8d503d0457cf HTTP/1.1" status: 200 len: 542 time: 0.0533741
2026-09-01 19:46:48.359 10 INFO neutron.notifiers.nova [-] Nova event matching ['req-fe732d71-ec3e-4c05-8ed3-02c81821dabf'] response: {'server_uuid': '5bfbf6f9-d2e4-4bdd-88ed-5aaa9bb6cd45', 'name': 'network-vif-deleted', 'tag': '20415cbf-3783-460f-81e5-1a676fb4397a', 'status': 'completed', 'code': 200}
2026-09-01 19:46:48.561 10 WARNING neutron.scheduler.dhcp_agent_scheduler [None req-81dff4e0-5513-453b-9018-2e25d2b9f87c e8f6cb9d979f4f68863f5b5ee3098f32 9028f440acb64fd99caf8d503d0457cf - - - -] No more DHCP agents
2026-09-01 19:46:48.568 10 WARNING neutron.api.rpc.agentnotifiers.dhcp_rpc_agent_api [None req-81dff4e0-5513-453b-9018-2e25d2b9f87c e8f6cb9d979f4f68863f5b5ee3098f32 9028f440acb64fd99caf8d503d0457cf - - - -] Unable to schedule network e5960dcd-d572-4ddc-a32a-07255a6913f6: no agents available; will retry on subsequent port and subnet creation events.
2026-09-01 19:46:48.595 9 INFO neutron.wsgi [None req-c32147df-837a-49c8-b5d4-08994687bba0 c0e2aa2aca79408db15d3dd0896a4b14 d6014d8b384e4265a4ae12f3054da1e2 - - default default] 10.0.0.18 "GET /v2.0/extensions HTTP/1.1" status: 200 len: 16525 time: 0.0082493 /var/lib/openstack/lib/python3.10/site-packages/pycadf/identifier.py:71: UserWarning: Invalid uuid: neutron. To ensure interoperability, identifiers should be a valid uuid. warnings.warn(('Invalid uuid: %s. To ensure interoperability, '
2026-09-01 19:46:48.765 10 INFO neutron.db.ovn_revision_numbers_db [None req-81dff4e0-5513-453b-9018-2e25d2b9f87c e8f6cb9d979f4f68863f5b5ee3098f32 9028f440acb64fd99caf8d503d0457cf - - - -] Successfully bumped revision number for resource 906a75cb-c856-4945-8d17-9e0e1ad2797a (type: ports) to 1
2026-09-01 19:46:48.775 10 INFO neutron.wsgi [None req-3b86143a-c51a-468f-a8d3-d9587ff1b4c6 c0e2aa2aca79408db15d3dd0896a4b14 d6014d8b384e4265a4ae12f3054da1e2 - - default default] 10.0.0.18 "GET /v2.0/quotas/d6014d8b384e4265a4ae12f3054da1e2/details HTTP/1.1" status: 200 len: 756 time: 0.1638105
2026-09-01 19:46:48.792 10 INFO neutron.wsgi [None req-81dff4e0-5513-453b-9018-2e25d2b9f87c e8f6cb9d979f4f68863f5b5ee3098f32 9028f440acb64fd99caf8d503d0457cf - - - -] 162.253.55.125 "POST /v2.0/ports HTTP/1.1" status: 201 len: 1283 time: 0.5591063
2026-09-01 19:46:49.198 10 INFO neutron.db.ovn_revision_numbers_db [None req-fbb898d9-0a25-40a5-8362-06b58fa1cafe 2eb829645dc84a12ba1eaafe09ac41ed 0544e5c0acb34493854b37a01c3ea747 - - - -] Successfully bumped revision number for resource 906a75cb-c856-4945-8d17-9e0e1ad2797a (type: ports) to 2
2026-09-01 19:46:49.339 10 INFO neutron.db.ovn_revision_numbers_db [None req-fbb898d9-0a25-40a5-8362-06b58fa1cafe 2eb829645dc84a12ba1eaafe09ac41ed 0544e5c0acb34493854b37a01c3ea747 - - - -] Successfully bumped revision number for resource 906a75cb-c856-4945-8d17-9e0e1ad2797a (type: ports) to 2
2026-09-01 19:46:49.353 10 INFO neutron.wsgi [None req-fbb898d9-0a25-40a5-8362-06b58fa1cafe 2eb829645dc84a12ba1eaafe09ac41ed 0544e5c0acb34493854b37a01c3ea747 - - - -] 162.253.55.125 "PUT /v2.0/ports/906a75cb-c856-4945-8d17-9e0e1ad2797a HTTP/1.1" status: 200 len: 1332 time: 0.5555449 /var/lib/openstack/lib/python3.10/site-packages/pycadf/identifier.py:71: UserWarning: Invalid uuid: neutron. To ensure interoperability, identifiers should be a valid uuid. warnings.warn(('Invalid uuid: %s. To ensure interoperability, '
2026-09-01 19:46:49.419 10 INFO neutron.wsgi [req-0e9ec478-2123-46f2-a6aa-b9463ab143da req-b3eb4536-10c6-4547-a9a3-f7d421af65f6 2eb829645dc84a12ba1eaafe09ac41ed 0544e5c0acb34493854b37a01c3ea747 - - 4fed95107a39400d92e76b56041241c9 4fed95107a39400d92e76b56041241c9] 162.253.55.125 "GET /v2.0/ports?tenant_id=9028f440acb64fd99caf8d503d0457cf&device_id=fe30e563-7dab-44c6-917c-a2b8aa5d8d39 HTTP/1.1" status: 200 len: 1363 time: 0.0316591
2026-09-01 19:46:49.450 10 INFO neutron.wsgi [req-0e9ec478-2123-46f2-a6aa-b9463ab143da req-01bdf10c-d411-42bf-aa0c-1dca06596ad2 2eb829645dc84a12ba1eaafe09ac41ed 0544e5c0acb34493854b37a01c3ea747 - - 4fed95107a39400d92e76b56041241c9 4fed95107a39400d92e76b56041241c9] 162.253.55.125 "GET /v2.0/floatingips?fixed_ip_address=172.24.1.70&port_id=906a75cb-c856-4945-8d17-9e0e1ad2797a HTTP/1.1" status: 200 len: 217 time: 0.0230629
2026-09-01 19:46:49.483 10 INFO neutron.wsgi [req-0e9ec478-2123-46f2-a6aa-b9463ab143da req-976e4299-57a2-44d7-8356-3b2bb2c6889a 2eb829645dc84a12ba1eaafe09ac41ed 0544e5c0acb34493854b37a01c3ea747 - - 4fed95107a39400d92e76b56041241c9 4fed95107a39400d92e76b56041241c9] 162.253.55.125 "GET /v2.0/subnets?id=f820c72b-752f-4321-8975-64d25cbf3dbd HTTP/1.1" status: 200 len: 829 time: 0.0260246
2026-09-01 19:46:49.505 10 INFO neutron.wsgi [req-0e9ec478-2123-46f2-a6aa-b9463ab143da req-306d4050-4a87-42eb-b4f0-2de1b8575d1d 2eb829645dc84a12ba1eaafe09ac41ed 0544e5c0acb34493854b37a01c3ea747 - - 4fed95107a39400d92e76b56041241c9 4fed95107a39400d92e76b56041241c9] 162.253.55.125 "GET /v2.0/ports?network_id=e5960dcd-d572-4ddc-a32a-07255a6913f6&device_owner=network%3Adhcp HTTP/1.1" status: 200 len: 210 time: 0.0156014
2026-09-01 19:46:49.586 10 INFO neutron.wsgi [req-0e9ec478-2123-46f2-a6aa-b9463ab143da req-4b9656ef-b4e6-4c33-958d-9736b9f45773 2eb829645dc84a12ba1eaafe09ac41ed 0544e5c0acb34493854b37a01c3ea747 - - 4fed95107a39400d92e76b56041241c9 4fed95107a39400d92e76b56041241c9] 162.253.55.125 "GET /v2.0/networks/e5960dcd-d572-4ddc-a32a-07255a6913f6?fields=segments HTTP/1.1" status: 200 len: 212 time: 0.0739503
2026-09-01 19:46:49.657 10 INFO neutron.wsgi [req-0e9ec478-2123-46f2-a6aa-b9463ab143da req-06db6a7a-187a-4470-a7f9-564bcb48a946 2eb829645dc84a12ba1eaafe09ac41ed 0544e5c0acb34493854b37a01c3ea747 - - 4fed95107a39400d92e76b56041241c9 4fed95107a39400d92e76b56041241c9] 162.253.55.125 "GET /v2.0/networks/e5960dcd-d572-4ddc-a32a-07255a6913f6?fields=provider%3Aphysical_network&fields=provider%3Anetwork_type HTTP/1.1" status: 200 len: 277 time: 0.0624268
2026-09-01 19:46:49.729 10 INFO neutron.wsgi [req-eb038ce5-a67c-4f5b-81b9-081f4950877b req-25d783b8-2007-4e0a-a9b5-9a3b9f634547 e8f6cb9d979f4f68863f5b5ee3098f32 9028f440acb64fd99caf8d503d0457cf - - default default] 10.0.0.126 "GET /v2.0/ports?device_id=fe30e563-7dab-44c6-917c-a2b8aa5d8d39 HTTP/1.1" status: 200 len: 1363 time: 0.0540347
2026-09-01 19:46:49.782 10 INFO neutron.wsgi [req-eb038ce5-a67c-4f5b-81b9-081f4950877b req-3a2280e4-b055-43ae-bd2a-52baa5ca23ff e8f6cb9d979f4f68863f5b5ee3098f32 9028f440acb64fd99caf8d503d0457cf - - default default] 10.0.0.126 "GET /v2.0/security-groups?id=4c426d41-437b-4a9a-8a87-4383ba83afed&fields=id&fields=name HTTP/1.1" status: 200 len: 294 time: 0.0464118
2026-09-01 19:46:49.901 10 INFO neutron.wsgi [req-600c7915-8c16-477d-ae81-dd2bfc0fd190 req-3b5a57b0-39c5-4122-8ff8-a3f45267d1c8 2eb829645dc84a12ba1eaafe09ac41ed 0544e5c0acb34493854b37a01c3ea747 - - 4fed95107a39400d92e76b56041241c9 4fed95107a39400d92e76b56041241c9] 162.253.55.125 "GET /v2.0/ports?device_id=fe30e563-7dab-44c6-917c-a2b8aa5d8d39 HTTP/1.1" status: 200 len: 1363 time: 0.0421696
2026-09-01 19:46:49.946 10 INFO neutron.wsgi [req-600c7915-8c16-477d-ae81-dd2bfc0fd190 req-3f04954c-b8f6-4e50-8061-8f8f0a899617 2eb829645dc84a12ba1eaafe09ac41ed 0544e5c0acb34493854b37a01c3ea747 - - 4fed95107a39400d92e76b56041241c9 4fed95107a39400d92e76b56041241c9] 162.253.55.125 "GET /v2.0/security-groups?id=4c426d41-437b-4a9a-8a87-4383ba83afed&fields=id&fields=name HTTP/1.1" status: 200 len: 294 time: 0.0400910
2026-09-01 19:46:50.051 10 INFO neutron.plugins.ml2.drivers.ovn.mech_driver.mech_driver [None req-3f4f5cba-9913-478e-8bd0-1edd776517b6 - - - - - -] OVN reports status up for port: 906a75cb-c856-4945-8d17-9e0e1ad2797a
2026-09-01 19:46:50.071 10 INFO neutron.plugins.ml2.plugin [None req-3f4f5cba-9913-478e-8bd0-1edd776517b6 - - - - - -] Attempt 1 to provision port 906a75cb-c856-4945-8d17-9e0e1ad2797a
2026-09-01 19:46:50.188 9 INFO neutron.wsgi [req-f1f34f9b-20f7-4678-adfd-0cb6eedecbb1 req-26b4aa84-ac72-4f68-b947-20abb64cd9e7 e8f6cb9d979f4f68863f5b5ee3098f32 9028f440acb64fd99caf8d503d0457cf - - default default] 10.0.0.126 "GET /v2.0/ports?device_id=fe30e563-7dab-44c6-917c-a2b8aa5d8d39 HTTP/1.1" status: 200 len: 1363 time: 0.0478842
2026-09-01 19:46:50.321 10 INFO neutron.db.ovn_revision_numbers_db [None req-3f4f5cba-9913-478e-8bd0-1edd776517b6 - - - - - -] Successfully bumped revision number for resource 906a75cb-c856-4945-8d17-9e0e1ad2797a (type: ports) to 4
2026-09-01 19:46:50.340 9 INFO neutron.wsgi [None req-13bfdfcd-df01-48d0-9286-b6c6aac51211 e8f6cb9d979f4f68863f5b5ee3098f32 9028f440acb64fd99caf8d503d0457cf - - - -] 10.0.0.49 "PUT /v2.0/routers/a4675ef8-10ab-47b2-a60e-39acd6dde68c/remove_router_interface HTTP/1.1" status: 200 len: 503 time: 1.2821636 /var/lib/openstack/lib/python3.10/site-packages/pycadf/identifier.py:71: UserWarning: Invalid uuid: neutron. To ensure interoperability, identifiers should be a valid uuid. warnings.warn(('Invalid uuid: %s. To ensure interoperability, '
2026-09-01 19:46:50.408 10 INFO neutron.notifiers.nova [-] Nova event matching ['req-ffb0b67b-65fd-4b7c-aefb-2e99c3007018'] response: {'name': 'network-changed', 'server_uuid': 'fe30e563-7dab-44c6-917c-a2b8aa5d8d39', 'tag': '906a75cb-c856-4945-8d17-9e0e1ad2797a', 'status': 'completed', 'code': 200}
2026-09-01 19:46:50.408 10 INFO neutron.notifiers.nova [-] Nova event matching ['req-ffb0b67b-65fd-4b7c-aefb-2e99c3007018'] response: {'server_uuid': 'fe30e563-7dab-44c6-917c-a2b8aa5d8d39', 'name': 'network-vif-plugged', 'status': 'completed', 'tag': '906a75cb-c856-4945-8d17-9e0e1ad2797a', 'code': 200} /var/lib/openstack/lib/python3.10/site-packages/pycadf/identifier.py:71: UserWarning: Invalid uuid: neutron. To ensure interoperability, identifiers should be a valid uuid. warnings.warn(('Invalid uuid: %s. To ensure interoperability, '
2026-09-01 19:46:50.493 10 INFO neutron.wsgi [req-13a4814b-31cc-4eac-b426-79f396a5962a req-4e66b081-60d4-4a2b-b48f-27a88f03637a 2eb829645dc84a12ba1eaafe09ac41ed 0544e5c0acb34493854b37a01c3ea747 - - 4fed95107a39400d92e76b56041241c9 4fed95107a39400d92e76b56041241c9] 162.253.55.125 "GET /v2.0/ports?tenant_id=9028f440acb64fd99caf8d503d0457cf&device_id=fe30e563-7dab-44c6-917c-a2b8aa5d8d39 HTTP/1.1" status: 200 len: 1365 time: 0.0596592
2026-09-01 19:46:50.554 10 INFO neutron.wsgi [req-13a4814b-31cc-4eac-b426-79f396a5962a req-9d712dc0-953b-4de7-a0eb-bfd646ba0e3c 2eb829645dc84a12ba1eaafe09ac41ed 0544e5c0acb34493854b37a01c3ea747 - - 4fed95107a39400d92e76b56041241c9 4fed95107a39400d92e76b56041241c9] 162.253.55.125 "GET /v2.0/networks?id=e5960dcd-d572-4ddc-a32a-07255a6913f6 HTTP/1.1" status: 200 len: 937 time: 0.0557444
2026-09-01 19:46:50.580 10 INFO neutron.wsgi [req-13a4814b-31cc-4eac-b426-79f396a5962a req-9d3415fd-a4d4-45f8-a6fa-bb753d8380ec 2eb829645dc84a12ba1eaafe09ac41ed 0544e5c0acb34493854b37a01c3ea747 - - 4fed95107a39400d92e76b56041241c9 4fed95107a39400d92e76b56041241c9] 162.253.55.125 "GET /v2.0/floatingips?fixed_ip_address=172.24.1.70&port_id=906a75cb-c856-4945-8d17-9e0e1ad2797a HTTP/1.1" status: 200 len: 217 time: 0.0194507
2026-09-01 19:46:50.615 10 INFO neutron.wsgi [req-13a4814b-31cc-4eac-b426-79f396a5962a req-d85737bb-c08c-4fec-a503-a54d9e6e1a09 2eb829645dc84a12ba1eaafe09ac41ed 0544e5c0acb34493854b37a01c3ea747 - - 4fed95107a39400d92e76b56041241c9 4fed95107a39400d92e76b56041241c9] 162.253.55.125 "GET /v2.0/subnets?id=f820c72b-752f-4321-8975-64d25cbf3dbd HTTP/1.1" status: 200 len: 829 time: 0.0288510
2026-09-01 19:46:50.652 10 INFO neutron.wsgi [req-13a4814b-31cc-4eac-b426-79f396a5962a req-8309b255-612e-4e41-9e8b-05377133104a 2eb829645dc84a12ba1eaafe09ac41ed 0544e5c0acb34493854b37a01c3ea747 - - 4fed95107a39400d92e76b56041241c9 4fed95107a39400d92e76b56041241c9] 162.253.55.125 "GET /v2.0/ports?network_id=e5960dcd-d572-4ddc-a32a-07255a6913f6&device_owner=network%3Adhcp HTTP/1.1" status: 200 len: 210 time: 0.0293057
2026-09-01 19:46:50.751 10 INFO neutron.wsgi [req-13a4814b-31cc-4eac-b426-79f396a5962a req-946520eb-5c7f-42d9-98fc-e070cc3b5400 2eb829645dc84a12ba1eaafe09ac41ed 0544e5c0acb34493854b37a01c3ea747 - - 4fed95107a39400d92e76b56041241c9 4fed95107a39400d92e76b56041241c9] 162.253.55.125 "GET /v2.0/networks/e5960dcd-d572-4ddc-a32a-07255a6913f6?fields=segments HTTP/1.1" status: 200 len: 212 time: 0.0943561
2026-09-01 19:46:50.832 10 INFO neutron.wsgi [req-13a4814b-31cc-4eac-b426-79f396a5962a req-bc1a8fd5-ac7d-49cb-9ede-e776eca28f11 2eb829645dc84a12ba1eaafe09ac41ed 0544e5c0acb34493854b37a01c3ea747 - - 4fed95107a39400d92e76b56041241c9 4fed95107a39400d92e76b56041241c9] 162.253.55.125 "GET /v2.0/networks/e5960dcd-d572-4ddc-a32a-07255a6913f6?fields=provider%3Aphysical_network&fields=provider%3Anetwork_type HTTP/1.1" status: 200 len: 277 time: 0.0775592
2026-09-01 19:46:50.895 9 INFO neutron.wsgi [None req-f71d1c56-e84d-45a2-a177-cc43391168d4 e8f6cb9d979f4f68863f5b5ee3098f32 9028f440acb64fd99caf8d503d0457cf - - - -] 10.0.0.49 "DELETE /v2.0/routers/a4675ef8-10ab-47b2-a60e-39acd6dde68c HTTP/1.1" status: 204 len: 168 time: 0.5481732
2026-09-01 19:46:51.193 10 INFO neutron.wsgi [None req-532b569f-e5ab-4ed1-b0f6-d1f666e010fe e8f6cb9d979f4f68863f5b5ee3098f32 9028f440acb64fd99caf8d503d0457cf - - - -] 10.0.0.49 "DELETE /v2.0/subnets/6dafc8d6-beb2-483e-9892-8271e0d1d0d8 HTTP/1.1" status: 204 len: 168 time: 0.2926602
2026-09-01 19:46:51.466 10 INFO neutron.db.ovn_revision_numbers_db [None req-88db034b-ceb6-4bfa-a5a3-9e0321580e6f e8f6cb9d979f4f68863f5b5ee3098f32 9028f440acb64fd99caf8d503d0457cf - - default default] Successfully bumped revision number for resource eab6903a-48ee-41da-b7b6-434ec8ad3b76 (type: security_groups) to 1
2026-09-01 19:46:51.519 10 INFO neutron.wsgi [None req-88db034b-ceb6-4bfa-a5a3-9e0321580e6f e8f6cb9d979f4f68863f5b5ee3098f32 9028f440acb64fd99caf8d503d0457cf - - default default] 10.0.0.49 "GET /v2.0/security-groups?tenant_id=d6014d8b384e4265a4ae12f3054da1e2&name=default HTTP/1.1" status: 200 len: 2996 time: 0.3525724
2026-09-01 19:46:51.599 9 INFO neutron.services.segments.plugin [-] Segment 18225400-fd9a-46d4-9edf-9da96fcc10fb resource provider aggregate not found
2026-09-01 19:46:51.604 9 INFO neutron.services.segments.plugin [-] Segment 18225400-fd9a-46d4-9edf-9da96fcc10fb resource provider aggregate not found
2026-09-01 19:46:51.620 9 INFO neutron.services.segments.plugin [-] Segment 18225400-fd9a-46d4-9edf-9da96fcc10fb resource provider not found; error: Placement Client Error (4xx): {"errors": [{"status": 404, "title": "Not Found", "detail": "The resource could not be found.\n\n No resource provider with uuid 18225400-fd9a-46d4-9edf-9da96fcc10fb found for delete ", "request_id": "req-83474a84-8699-410e-a56a-b0dbb4ff02b4"}]}
2026-09-01 19:46:51.634 9 INFO neutron.services.segments.plugin [-] Segment 18225400-fd9a-46d4-9edf-9da96fcc10fb resource provider not found; error: Placement Client Error (4xx): {"errors": [{"status": 404, "title": "Not Found", "detail": "The resource could not be found.\n\n No resource provider with uuid 18225400-fd9a-46d4-9edf-9da96fcc10fb found for delete ", "request_id": "req-6f3e8c56-4073-4f48-81f6-e53cc4bb6454"}]}
2026-09-01 19:46:51.649 9 INFO neutron.wsgi [None req-a9ee2b7a-7a3d-4084-9d43-1497bd9df179 e8f6cb9d979f4f68863f5b5ee3098f32 9028f440acb64fd99caf8d503d0457cf - - - -] 10.0.0.49 "DELETE /v2.0/networks/0a99abd9-9c76-4e21-be01-4d1f080ea219 HTTP/1.1" status: 204 len: 168 time: 0.4500313
2026-09-01 19:46:51.747 10 INFO neutron.wsgi [None req-29d14aea-8a04-472d-b13c-74aea2d347ba e8f6cb9d979f4f68863f5b5ee3098f32 9028f440acb64fd99caf8d503d0457cf - - - -] 10.0.0.49 "DELETE /v2.0/security-groups/eab6903a-48ee-41da-b7b6-434ec8ad3b76 HTTP/1.1" status: 204 len: 168 time: 0.2242026
2026-09-01 19:46:51.848 10 INFO neutron.wsgi [None req-65b567e7-af28-4e3a-a675-159962221b2f e8f6cb9d979f4f68863f5b5ee3098f32 9028f440acb64fd99caf8d503d0457cf - - default default] 10.0.0.49 "GET /v2.0/security-groups?tenant_id=137d75b45b9a4592a0c9f431f91a324c&name=default HTTP/1.1" status: 200 len: 2996 time: 0.0404811
2026-09-01 19:46:52.050 10 INFO neutron.wsgi [None req-0043aacf-15c3-4161-8061-c0feffc9ce0f e8f6cb9d979f4f68863f5b5ee3098f32 9028f440acb64fd99caf8d503d0457cf - - - -] 10.0.0.49 "DELETE /v2.0/security-groups/87c663ce-8c2c-472c-a825-d2edefadf37f HTTP/1.1" status: 204 len: 168 time: 0.1977684
2026-09-01 19:46:52.461 10 INFO neutron.notifiers.nova [-] Nova event matching ['req-38f12bc5-75c4-4a3c-95d8-67db51790115'] response: {'server_uuid': 'fe30e563-7dab-44c6-917c-a2b8aa5d8d39', 'name': 'network-vif-plugged', 'status': 'completed', 'tag': '906a75cb-c856-4945-8d17-9e0e1ad2797a', 'code': 200}
2026-09-01 19:46:52.466 10 INFO neutron.wsgi [req-afff7d8e-f0e2-4f53-8ef2-857b18679675 req-dfbaea65-cbed-4799-a159-3bdc73e6eda4 e8f6cb9d979f4f68863f5b5ee3098f32 9028f440acb64fd99caf8d503d0457cf - - default default] 10.0.0.126 "GET /v2.0/ports?device_id=fe30e563-7dab-44c6-917c-a2b8aa5d8d39 HTTP/1.1" status: 200 len: 1365 time: 0.0303917
2026-09-01 19:46:52.501 10 INFO neutron.wsgi [req-afff7d8e-f0e2-4f53-8ef2-857b18679675 req-9805873f-2124-457b-abe2-bf57ba4190e9 e8f6cb9d979f4f68863f5b5ee3098f32 9028f440acb64fd99caf8d503d0457cf - - default default] 10.0.0.126 "GET /v2.0/security-groups?id=4c426d41-437b-4a9a-8a87-4383ba83afed&fields=id&fields=name HTTP/1.1" status: 200 len: 294 time: 0.0304596
2026-09-01 19:46:52.600 9 INFO neutron.wsgi [req-f336397c-47ae-4ee2-aac4-a354ae9dcc65 req-eae6381b-6f0f-4c7d-b100-0cff7d71bf13 e8f6cb9d979f4f68863f5b5ee3098f32 9028f440acb64fd99caf8d503d0457cf - - default default] 10.0.0.126 "GET /v2.0/ports?device_id=fe30e563-7dab-44c6-917c-a2b8aa5d8d39 HTTP/1.1" status: 200 len: 1365 time: 0.0353568
2026-09-01 19:46:54.669 9 INFO neutron.wsgi [-] 10.0.0.204 "GET / HTTP/1.1" status: 200 len: 246 time: 0.0018373
2026-09-01 19:46:54.671 9 INFO neutron.wsgi [-] 10.0.0.204 "GET / HTTP/1.1" status: 200 len: 246 time: 0.0012712
2026-09-01 19:46:55.747 10 INFO neutron.db.ovn_revision_numbers_db [None req-7b866eeb-44a0-491d-8d4a-c9534ca7e9f2 2ec787a27158493fb54e46befb7537f0 531c0513ef284f53a2c4703bd8c588ec - - - -] Successfully bumped revision number for resource 6d894ad6-cf36-46e1-b517-6514de4d859d (type: security_groups) to 1
2026-09-01 19:46:55.808 10 INFO neutron.db.segments_db [None req-7b866eeb-44a0-491d-8d4a-c9534ca7e9f2 2ec787a27158493fb54e46befb7537f0 531c0513ef284f53a2c4703bd8c588ec - - - -] Added segment c057a003-d023-42c3-8ce5-2f4f41516493 of type geneve for network af69e34f-c437-4854-901a-01e9a2a4c406
2026-09-01 19:46:55.932 10 INFO neutron.db.ovn_revision_numbers_db [None req-7b866eeb-44a0-491d-8d4a-c9534ca7e9f2 2ec787a27158493fb54e46befb7537f0 531c0513ef284f53a2c4703bd8c588ec - - - -] Successfully bumped revision number for resource af69e34f-c437-4854-901a-01e9a2a4c406 (type: networks) to 1
2026-09-01 19:46:56.318 10 WARNING neutron.scheduler.dhcp_agent_scheduler [None req-7b866eeb-44a0-491d-8d4a-c9534ca7e9f2 2ec787a27158493fb54e46befb7537f0 531c0513ef284f53a2c4703bd8c588ec - - - -] No more DHCP agents
2026-09-01 19:46:56.322 10 WARNING neutron.api.rpc.agentnotifiers.dhcp_rpc_agent_api [None req-7b866eeb-44a0-491d-8d4a-c9534ca7e9f2 2ec787a27158493fb54e46befb7537f0 531c0513ef284f53a2c4703bd8c588ec - - - -] Unable to schedule network af69e34f-c437-4854-901a-01e9a2a4c406: no agents available; will retry on subsequent port and subnet creation events.
2026-09-01 19:46:56.382 10 INFO neutron.db.ovn_revision_numbers_db [None req-7b866eeb-44a0-491d-8d4a-c9534ca7e9f2 2ec787a27158493fb54e46befb7537f0 531c0513ef284f53a2c4703bd8c588ec - - - -] Successfully bumped revision number for resource 8683ac47-33e4-4a70-ba4d-62924197f706 (type: ports) to 1
2026-09-01 19:46:56.399 10 INFO neutron.wsgi [None req-7b866eeb-44a0-491d-8d4a-c9534ca7e9f2 2ec787a27158493fb54e46befb7537f0 531c0513ef284f53a2c4703bd8c588ec - - - -] 10.0.0.49 "POST /v2.0/networks HTTP/1.1" status: 201 len: 832 time: 1.0783751
2026-09-01 19:46:56.457 15 INFO neutron.db.ovn_revision_numbers_db [None req-f7e8998a-d39c-40e2-9aa0-d205ddc0b5e3 - - - - - -] Successfully bumped revision number for resource 265c6581-8502-45a0-879c-12b2cca998a0 (type: networks) to 3
2026-09-01 19:46:56.509 15 INFO neutron.db.ovn_revision_numbers_db [None req-f7e8998a-d39c-40e2-9aa0-d205ddc0b5e3 - - - - - -] Successfully bumped revision number for resource 564dc627-b6d4-4ffd-890d-29c223255680 (type: networks) to 3
2026-09-01 19:46:56.559 15 INFO neutron.db.ovn_revision_numbers_db [None req-f7e8998a-d39c-40e2-9aa0-d205ddc0b5e3 - - - - - -] Successfully bumped revision number for resource 4e5e97db-519e-4486-a130-8e9ae295519b (type: networks) to 3
2026-09-01 19:46:56.865 15 INFO neutron.db.ovn_revision_numbers_db [None req-f7e8998a-d39c-40e2-9aa0-d205ddc0b5e3 - - - - - -] Successfully bumped revision number for resource 4a4b4ae7-a9fd-4597-9183-890fe6eaec67 (type: routers) to 6
2026-09-01 19:46:56.966 10 WARNING neutron.scheduler.dhcp_agent_scheduler [None req-058c17d6-42fd-435f-91a7-18cb68d998db 84b5e87d4b63428f9d681ab7e26735b6 604875ca20884ae48d54fcc0bbe57125 - - - -] No more DHCP agents
2026-09-01 19:46:56.968 10 WARNING neutron.api.rpc.agentnotifiers.dhcp_rpc_agent_api [None req-058c17d6-42fd-435f-91a7-18cb68d998db 84b5e87d4b63428f9d681ab7e26735b6 604875ca20884ae48d54fcc0bbe57125 - - - -] Unable to schedule network 93bf1c25-0a06-418b-a902-e837ecbf3fdd: no agents available; will retry on subsequent port and subnet creation events.
2026-09-01 19:46:57.017 10 WARNING neutron.scheduler.dhcp_agent_scheduler [None req-88c28cc2-ecba-4be9-8d67-937d5db5024c 2ec787a27158493fb54e46befb7537f0 531c0513ef284f53a2c4703bd8c588ec - - - -] No more DHCP agents
2026-09-01 19:46:57.020 10 WARNING neutron.api.rpc.agentnotifiers.dhcp_rpc_agent_api [None req-88c28cc2-ecba-4be9-8d67-937d5db5024c 2ec787a27158493fb54e46befb7537f0 531c0513ef284f53a2c4703bd8c588ec - - - -] Unable to schedule network 93bf1c25-0a06-418b-a902-e837ecbf3fdd: no agents available; will retry on subsequent port and subnet creation events.
2026-09-01 19:46:57.117 15 INFO neutron.plugins.ml2.drivers.ovn.mech_driver.ovsdb.maintenance [None req-f7e8998a-d39c-40e2-9aa0-d205ddc0b5e3 - - - - - -] Maintenance task: Synchronization finished (took 0.71 seconds)
2026-09-01 19:46:57.186 10 INFO neutron.db.ovn_revision_numbers_db [None req-88c28cc2-ecba-4be9-8d67-937d5db5024c 2ec787a27158493fb54e46befb7537f0 531c0513ef284f53a2c4703bd8c588ec - - - -] Successfully bumped revision number for resource ecf9d357-4591-4a41-99ce-98e315a296c5 (type: ports) to 1
2026-09-01 19:46:57.406 10 INFO neutron.db.ovn_revision_numbers_db [None req-058c17d6-42fd-435f-91a7-18cb68d998db 84b5e87d4b63428f9d681ab7e26735b6 604875ca20884ae48d54fcc0bbe57125 - - - -] Successfully bumped revision number for resource f96f5dfe-7f25-4efe-ac6c-673b419a3d49 (type: floatingips) to 0
2026-09-01 19:46:57.420 10 INFO neutron.wsgi [None req-058c17d6-42fd-435f-91a7-18cb68d998db 84b5e87d4b63428f9d681ab7e26735b6 604875ca20884ae48d54fcc0bbe57125 - - - -] 10.0.0.49 "POST /v2.0/floatingips HTTP/1.1" status: 201 len: 751 time: 1.0407014
2026-09-01 19:46:57.759 9 WARNING neutron.scheduler.dhcp_agent_scheduler [None req-216ebbf1-08b9-4c1a-8d8b-3fd2066e786f 84b5e87d4b63428f9d681ab7e26735b6 604875ca20884ae48d54fcc0bbe57125 - - - -] No more DHCP agents
2026-09-01 19:46:57.761 9 WARNING neutron.api.rpc.agentnotifiers.dhcp_rpc_agent_api [None req-216ebbf1-08b9-4c1a-8d8b-3fd2066e786f 84b5e87d4b63428f9d681ab7e26735b6 604875ca20884ae48d54fcc0bbe57125 - - - -] Unable to schedule network 93bf1c25-0a06-418b-a902-e837ecbf3fdd: no agents available; will retry on subsequent port and subnet creation events.
2026-09-01 19:46:58.047 9 INFO neutron.db.ovn_revision_numbers_db [None req-216ebbf1-08b9-4c1a-8d8b-3fd2066e786f 84b5e87d4b63428f9d681ab7e26735b6 604875ca20884ae48d54fcc0bbe57125 - - - -] Successfully bumped revision number for resource b599ae8c-6754-4ff5-9c55-bd26301e00b4 (type: floatingips) to 0
2026-09-01 19:46:58.060 9 INFO neutron.wsgi [None req-216ebbf1-08b9-4c1a-8d8b-3fd2066e786f 84b5e87d4b63428f9d681ab7e26735b6 604875ca20884ae48d54fcc0bbe57125 - - - -] 10.0.0.49 "POST /v2.0/floatingips HTTP/1.1" status: 201 len: 751 time: 0.6341181
2026-09-01 19:46:58.078 9 INFO neutron.plugins.ml2.drivers.ovn.mech_driver.mech_driver [None req-5bbb813a-9fd7-4d1e-a53d-ac635206848c - - - - - -] OVN reports status up for port: ecf9d357-4591-4a41-99ce-98e315a296c5
2026-09-01 19:46:58.081 10 INFO neutron.db.ovn_revision_numbers_db [None req-88c28cc2-ecba-4be9-8d67-937d5db5024c 2ec787a27158493fb54e46befb7537f0 531c0513ef284f53a2c4703bd8c588ec - - - -] Successfully bumped revision number for resource ecf9d357-4591-4a41-99ce-98e315a296c5 (type: router_ports) to 1
2026-09-01 19:46:58.086 9 INFO neutron.plugins.ml2.plugin [None req-5bbb813a-9fd7-4d1e-a53d-ac635206848c - - - - - -] Attempt 1 to provision port ecf9d357-4591-4a41-99ce-98e315a296c5
2026-09-01 19:46:58.135 10 INFO neutron.plugins.ml2.drivers.ovn.mech_driver.ovsdb.ovsdb_monitor [None req-610340c9-7939-4081-b64a-557a471ef31f - - - - - -] Router 68764932-5252-42a0-9472-2c633920775d is bound to host instance
2026-09-01 19:46:58.178 10 INFO neutron.db.ovn_revision_numbers_db [None req-88c28cc2-ecba-4be9-8d67-937d5db5024c 2ec787a27158493fb54e46befb7537f0 531c0513ef284f53a2c4703bd8c588ec - - - -] Successfully bumped revision number for resource 68764932-5252-42a0-9472-2c633920775d (type: routers) to 3
2026-09-01 19:46:58.202 10 INFO neutron.wsgi [None req-88c28cc2-ecba-4be9-8d67-937d5db5024c 2ec787a27158493fb54e46befb7537f0 531c0513ef284f53a2c4703bd8c588ec - - - -] 10.0.0.49 "POST /v2.0/routers HTTP/1.1" status: 201 len: 874 time: 1.7985127
2026-09-01 19:46:58.404 10 INFO neutron.wsgi [None req-cfdf56cf-d6a0-437f-904d-688961764fdf afe912465f20440a807e26db6582ae20 b4b1be25a9264df8aa21c4478a98a329 - - default default] 10.0.0.49 "GET /v2.0/subnets?project_id=531c0513ef284f53a2c4703bd8c588ec&cidr=10.100.0.0%2F28 HTTP/1.1" status: 200 len: 207 time: 0.1969748
2026-09-01 19:46:58.535 10 INFO neutron.wsgi [None req-ef499819-317f-4009-827b-5cb03a757b23 afe912465f20440a807e26db6582ae20 b4b1be25a9264df8aa21c4478a98a329 - - default default] 10.0.0.49 "GET /v2.0/networks?router%3Aexternal=True HTTP/1.1" status: 200 len: 947 time: 0.1244071
2026-09-01 19:46:58.538 9 WARNING neutron.scheduler.dhcp_agent_scheduler [None req-4c996cbe-6edf-4c2f-a46b-ab66061a35f9 84b5e87d4b63428f9d681ab7e26735b6 604875ca20884ae48d54fcc0bbe57125 - - - -] No more DHCP agents
2026-09-01 19:46:58.539 9 WARNING neutron.api.rpc.agentnotifiers.dhcp_rpc_agent_api [None req-4c996cbe-6edf-4c2f-a46b-ab66061a35f9 84b5e87d4b63428f9d681ab7e26735b6 604875ca20884ae48d54fcc0bbe57125 - - - -] Unable to schedule network 93bf1c25-0a06-418b-a902-e837ecbf3fdd: no agents available; will retry on subsequent port and subnet creation events.
2026-09-01 19:46:58.575 9 INFO neutron.wsgi [None req-e788eb63-9b9a-448c-b402-80d2c0c10cf1 afe912465f20440a807e26db6582ae20 b4b1be25a9264df8aa21c4478a98a329 - - default default] 10.0.0.49 "GET /v2.0/subnets?network_id=93bf1c25-0a06-418b-a902-e837ecbf3fdd&cidr=10.100.0.0%2F28 HTTP/1.1" status: 200 len: 207 time: 0.0337539
2026-09-01 19:46:58.740 10 INFO neutron.db.ovn_revision_numbers_db [None req-610340c9-7939-4081-b64a-557a471ef31f - - - - - -] Successfully bumped revision number for resource ecf9d357-4591-4a41-99ce-98e315a296c5 (type: ports) to 1
2026-09-01 19:46:58.831 9 INFO neutron.db.ovn_revision_numbers_db [None req-4c996cbe-6edf-4c2f-a46b-ab66061a35f9 84b5e87d4b63428f9d681ab7e26735b6 604875ca20884ae48d54fcc0bbe57125 - - - -] Successfully bumped revision number for resource 1cd4bfab-3777-4790-92ee-3135ad7eadef (type: floatingips) to 0
2026-09-01 19:46:58.843 9 INFO neutron.wsgi [None req-4c996cbe-6edf-4c2f-a46b-ab66061a35f9 84b5e87d4b63428f9d681ab7e26735b6 604875ca20884ae48d54fcc0bbe57125 - - - -] 10.0.0.49 "POST /v2.0/floatingips HTTP/1.1" status: 201 len: 751 time: 0.7740939
2026-09-01 19:46:58.928 10 WARNING neutron.scheduler.dhcp_agent_scheduler [None req-12be3d5e-e473-43ba-a2d7-7e7185f6bee5 2ec787a27158493fb54e46befb7537f0 531c0513ef284f53a2c4703bd8c588ec - - - -] No more DHCP agents
2026-09-01 19:46:58.932 10 WARNING neutron.api.rpc.agentnotifiers.dhcp_rpc_agent_api [None req-12be3d5e-e473-43ba-a2d7-7e7185f6bee5 2ec787a27158493fb54e46befb7537f0 531c0513ef284f53a2c4703bd8c588ec - - - -] Unable to schedule network af69e34f-c437-4854-901a-01e9a2a4c406: no agents available; will retry on subsequent port and subnet creation events.
2026-09-01 19:46:59.079 9 WARNING neutron.scheduler.dhcp_agent_scheduler [None req-55e506be-fabe-43ab-889f-306884f097ec 84b5e87d4b63428f9d681ab7e26735b6 604875ca20884ae48d54fcc0bbe57125 - - - -] No more DHCP agents
2026-09-01 19:46:59.083 9 WARNING neutron.api.rpc.agentnotifiers.dhcp_rpc_agent_api [None req-55e506be-fabe-43ab-889f-306884f097ec 84b5e87d4b63428f9d681ab7e26735b6 604875ca20884ae48d54fcc0bbe57125 - - - -] Unable to schedule network 93bf1c25-0a06-418b-a902-e837ecbf3fdd: no agents available; will retry on subsequent port and subnet creation events.
2026-09-01 19:46:59.084 10 INFO neutron.db.ovn_revision_numbers_db [None req-610340c9-7939-4081-b64a-557a471ef31f - - - - - -] Successfully bumped revision number for resource ecf9d357-4591-4a41-99ce-98e315a296c5 (type: router_ports) to 3
2026-09-01 19:46:59.258 10 INFO neutron.db.ovn_revision_numbers_db [None req-610340c9-7939-4081-b64a-557a471ef31f - - - - - -] Successfully bumped revision number for resource ecf9d357-4591-4a41-99ce-98e315a296c5 (type: ports) to 2
2026-09-01 19:46:59.369 9 INFO neutron.db.ovn_revision_numbers_db [None req-55e506be-fabe-43ab-889f-306884f097ec 84b5e87d4b63428f9d681ab7e26735b6 604875ca20884ae48d54fcc0bbe57125 - - - -] Successfully bumped revision number for resource 69a87ea7-5a08-4e5d-9d59-7b59a12fd038 (type: floatingips) to 0
2026-09-01 19:46:59.389 9 INFO neutron.wsgi [None req-55e506be-fabe-43ab-889f-306884f097ec 84b5e87d4b63428f9d681ab7e26735b6 604875ca20884ae48d54fcc0bbe57125 - - - -] 10.0.0.49 "POST /v2.0/floatingips HTTP/1.1" status: 201 len: 751 time: 0.5406289
2026-09-01 19:46:59.675 9 WARNING neutron.scheduler.dhcp_agent_scheduler [None req-a186ab63-ec82-41c8-9d43-517dd2a297ce 84b5e87d4b63428f9d681ab7e26735b6 604875ca20884ae48d54fcc0bbe57125 - - - -] No more DHCP agents
2026-09-01 19:46:59.679 9 WARNING neutron.api.rpc.agentnotifiers.dhcp_rpc_agent_api [None req-a186ab63-ec82-41c8-9d43-517dd2a297ce 84b5e87d4b63428f9d681ab7e26735b6 604875ca20884ae48d54fcc0bbe57125 - - - -] Unable to schedule network 93bf1c25-0a06-418b-a902-e837ecbf3fdd: no agents available; will retry on subsequent port and subnet creation events.
2026-09-01 19:46:59.783 10 INFO neutron.db.ovn_revision_numbers_db [None req-12be3d5e-e473-43ba-a2d7-7e7185f6bee5 2ec787a27158493fb54e46befb7537f0 531c0513ef284f53a2c4703bd8c588ec - - - -] Successfully bumped revision number for resource 8683ac47-33e4-4a70-ba4d-62924197f706 (type: ports) to 2
2026-09-01 19:46:59.805 10 INFO neutron.db.ovn_revision_numbers_db [None req-12be3d5e-e473-43ba-a2d7-7e7185f6bee5 2ec787a27158493fb54e46befb7537f0 531c0513ef284f53a2c4703bd8c588ec - - - -] Successfully bumped revision number for resource b3b15816-22ff-4282-b955-2a141692d091 (type: subnets) to 0
2026-09-01 19:46:59.833 10 INFO neutron.wsgi [None req-12be3d5e-e473-43ba-a2d7-7e7185f6bee5 2ec787a27158493fb54e46befb7537f0 531c0513ef284f53a2c4703bd8c588ec - - - -] 10.0.0.49 "POST /v2.0/subnets HTTP/1.1" status: 201 len: 832 time: 1.2532904
2026-09-01 19:46:59.860 10 INFO neutron.db.ovn_revision_numbers_db [None req-610340c9-7939-4081-b64a-557a471ef31f - - - - - -] Successfully bumped revision number for resource ecf9d357-4591-4a41-99ce-98e315a296c5 (type: ports) to 4
2026-09-01 19:46:59.971 9 INFO neutron.db.ovn_revision_numbers_db [None req-a186ab63-ec82-41c8-9d43-517dd2a297ce 84b5e87d4b63428f9d681ab7e26735b6 604875ca20884ae48d54fcc0bbe57125 - - - -] Successfully bumped revision number for resource 1f894fa7-d840-4403-ada6-17d8b2781442 (type: floatingips) to 0
2026-09-01 19:46:59.984 9 INFO neutron.wsgi [None req-a186ab63-ec82-41c8-9d43-517dd2a297ce 84b5e87d4b63428f9d681ab7e26735b6 604875ca20884ae48d54fcc0bbe57125 - - - -] 10.0.0.49 "POST /v2.0/floatingips HTTP/1.1" status: 201 len: 751 time: 0.5863085
2026-09-01 19:47:00.040 9 INFO neutron.wsgi [None req-c68b8603-000b-4cf8-96f9-6dd99b5ec917 84b5e87d4b63428f9d681ab7e26735b6 604875ca20884ae48d54fcc0bbe57125 - - - -] 10.0.0.49 "PUT /v2.0/floatingips/f96f5dfe-7f25-4efe-ac6c-673b419a3d49/tags HTTP/1.1" status: 200 len: 210 time: 0.0487964
2026-09-01 19:47:00.077 10 INFO neutron.db.ovn_revision_numbers_db [None req-610340c9-7939-4081-b64a-557a471ef31f - - - - - -] Successfully bumped revision number for resource ecf9d357-4591-4a41-99ce-98e315a296c5 (type: router_ports) to 4
2026-09-01 19:47:00.091 9 INFO neutron.wsgi [None req-ae46ffde-a133-4ae2-82f0-0161721feb0c 84b5e87d4b63428f9d681ab7e26735b6 604875ca20884ae48d54fcc0bbe57125 - - - -] 10.0.0.49 "PUT /v2.0/floatingips/b599ae8c-6754-4ff5-9c55-bd26301e00b4/tags HTTP/1.1" status: 200 len: 218 time: 0.0469296
2026-09-01 19:47:00.186 10 INFO neutron.wsgi [None req-93223bfe-7e3d-472a-a351-358ae1c78992 84b5e87d4b63428f9d681ab7e26735b6 604875ca20884ae48d54fcc0bbe57125 - - - -] 10.0.0.49 "PUT /v2.0/floatingips/1cd4bfab-3777-4790-92ee-3135ad7eadef/tags HTTP/1.1" status: 200 len: 227 time: 0.0876582
2026-09-01 19:47:00.230 10 INFO neutron.wsgi [None req-8214e22e-bc86-46a9-b101-b8faa984312a 84b5e87d4b63428f9d681ab7e26735b6 604875ca20884ae48d54fcc0bbe57125 - - - -] 10.0.0.49 "PUT /v2.0/floatingips/69a87ea7-5a08-4e5d-9d59-7b59a12fd038/tags HTTP/1.1" status: 200 len: 212 time: 0.0379641
2026-09-01 19:47:00.284 10 INFO neutron.wsgi [None req-819c9de7-3341-404f-b893-3c65bb747616 84b5e87d4b63428f9d681ab7e26735b6 604875ca20884ae48d54fcc0bbe57125 - - default default] 10.0.0.49 "GET /v2.0/floatingips?tags=red HTTP/1.1" status: 200 len: 1866 time: 0.0480573
2026-09-01 19:47:00.329 10 INFO neutron.wsgi [None req-8b666be2-1e36-4bf7-81cd-30753adafa8c 84b5e87d4b63428f9d681ab7e26735b6 604875ca20884ae48d54fcc0bbe57125 - - default default] 10.0.0.49 "GET /v2.0/floatingips?tags=red%2Cblue HTTP/1.1" status: 200 len: 1323 time: 0.0399592
2026-09-01 19:47:00.371 10 INFO neutron.wsgi [None req-f99ffff4-5997-4d54-b581-d0206d6f193f 84b5e87d4b63428f9d681ab7e26735b6 604875ca20884ae48d54fcc0bbe57125 - - default default] 10.0.0.49 "GET /v2.0/floatingips?tags-any=blue HTTP/1.1" status: 200 len: 1323 time: 0.0370064
2026-09-01 19:47:00.405 10 INFO neutron.wsgi [None req-8eff136d-1210-4c48-be40-143e71a5a6a0 84b5e87d4b63428f9d681ab7e26735b6 604875ca20884ae48d54fcc0bbe57125 - - default default] 10.0.0.49 "GET /v2.0/floatingips?tags-any=red%2Cblue HTTP/1.1" status: 200 len: 1866 time: 0.0290215
2026-09-01 19:47:00.447 10 INFO neutron.wsgi [None req-4774c0ae-efcd-40f3-a80d-2d8e81a60c7a 84b5e87d4b63428f9d681ab7e26735b6 604875ca20884ae48d54fcc0bbe57125 - - default default] 10.0.0.49 "GET /v2.0/floatingips?not-tags=red HTTP/1.1" status: 200 len: 1295 time: 0.0372651
2026-09-01 19:47:00.492 10 INFO neutron.wsgi [None req-ec65759c-5fa6-4b87-9821-79ae1a3ac8a0 84b5e87d4b63428f9d681ab7e26735b6 604875ca20884ae48d54fcc0bbe57125 - - default default] 10.0.0.49 "GET /v2.0/floatingips?not-tags=red%2Cblue HTTP/1.1" status: 200 len: 1838 time: 0.0390632
2026-09-01 19:47:00.537 10 INFO neutron.wsgi [None req-67046637-37fc-4031-a017-5e9d9d454065 84b5e87d4b63428f9d681ab7e26735b6 604875ca20884ae48d54fcc0bbe57125 - - default default] 10.0.0.49 "GET /v2.0/floatingips?not-tags-any=blue HTTP/1.1" status: 200 len: 1838 time: 0.0399094
2026-09-01 19:47:00.569 10 INFO neutron.wsgi [None req-86600ecf-2616-4638-8869-0b2a7cced1f2 84b5e87d4b63428f9d681ab7e26735b6 604875ca20884ae48d54fcc0bbe57125 - - default default] 10.0.0.49 "GET /v2.0/floatingips?not-tags-any=red%2Cblue HTTP/1.1" status: 200 len: 1295 time: 0.0257945
2026-09-01 19:47:00.740 9 WARNING neutron.scheduler.dhcp_agent_scheduler [None req-31ee5357-7090-44eb-8448-e5358a965647 2ec787a27158493fb54e46befb7537f0 531c0513ef284f53a2c4703bd8c588ec - - default default] No more DHCP agents
2026-09-01 19:47:00.743 9 WARNING neutron.api.rpc.agentnotifiers.dhcp_rpc_agent_api [None req-31ee5357-7090-44eb-8448-e5358a965647 2ec787a27158493fb54e46befb7537f0 531c0513ef284f53a2c4703bd8c588ec - - default default] Unable to schedule network af69e34f-c437-4854-901a-01e9a2a4c406: no agents available; will retry on subsequent port and subnet creation events.
2026-09-01 19:47:00.915 9 INFO neutron.db.ovn_revision_numbers_db [None req-31ee5357-7090-44eb-8448-e5358a965647 2ec787a27158493fb54e46befb7537f0 531c0513ef284f53a2c4703bd8c588ec - - default default] Successfully bumped revision number for resource 18251b91-0fa2-46a7-8739-00fe1831c9a6 (type: ports) to 1
2026-09-01 19:47:00.982 10 INFO neutron.wsgi [None req-726f9b88-dd4d-433e-907f-4e20a9291c89 84b5e87d4b63428f9d681ab7e26735b6 604875ca20884ae48d54fcc0bbe57125 - - - -] 10.0.0.49 "DELETE /v2.0/floatingips/f96f5dfe-7f25-4efe-ac6c-673b419a3d49 HTTP/1.1" status: 204 len: 168 time: 0.4060514
