2026-09-01 19:44:51.125 10 INFO neutron.db.ovn_revision_numbers_db [None req-38af3250-12c6-47e3-8a6a-075ae3d5489c e8f6cb9d979f4f68863f5b5ee3098f32 9028f440acb64fd99caf8d503d0457cf - - default default] Successfully bumped revision number for resource 97d164d3-7e4f-41ee-85e7-6305cdf9e768 (type: security_groups) to 1
2026-09-01 19:44:51.142 10 INFO neutron.wsgi [None req-38af3250-12c6-47e3-8a6a-075ae3d5489c e8f6cb9d979f4f68863f5b5ee3098f32 9028f440acb64fd99caf8d503d0457cf - - default default] 10.0.0.49 "GET /v2.0/security-groups?tenant_id=4b99e8003bee427cb4759f6015008ad2&name=default HTTP/1.1" status: 200 len: 2996 time: 0.1379979
2026-09-01 19:44:51.191 9 INFO neutron.db.ovn_revision_numbers_db [None req-41709e56-7a90-44f8-a35b-780f5cc4fe24 69ba81a6b9c949eaa967155b471c84a3 c87f6942f7854aca991f2799cb51e77b - - - -] Successfully bumped revision number for resource 2f6ae2ca-6967-41ec-a336-937b0c73528d (type: router_ports) to 2
2026-09-01 19:44:51.196 9 INFO neutron.wsgi [None req-41709e56-7a90-44f8-a35b-780f5cc4fe24 69ba81a6b9c949eaa967155b471c84a3 c87f6942f7854aca991f2799cb51e77b - - - -] 10.0.0.49 "PUT /v2.0/routers/002bdf8b-3a1f-4435-b9c9-abbdb1e98bf0/add_router_interface HTTP/1.1" status: 200 len: 503 time: 2.0758564
2026-09-01 19:44:51.311 10 INFO neutron.wsgi [None req-31cffd11-fcaf-4c62-bf8d-0b5cd8a771cf e8f6cb9d979f4f68863f5b5ee3098f32 9028f440acb64fd99caf8d503d0457cf - - - -] 10.0.0.49 "DELETE /v2.0/security-groups/97d164d3-7e4f-41ee-85e7-6305cdf9e768 HTTP/1.1" status: 204 len: 168 time: 0.1625950
2026-09-01 19:44:51.578 9 WARNING neutron.scheduler.dhcp_agent_scheduler [None req-49368f5f-23d2-4fa9-b520-5b6d0239c8a8 69ba81a6b9c949eaa967155b471c84a3 c87f6942f7854aca991f2799cb51e77b - - - -] No more DHCP agents
2026-09-01 19:44:51.580 9 WARNING neutron.api.rpc.agentnotifiers.dhcp_rpc_agent_api [None req-49368f5f-23d2-4fa9-b520-5b6d0239c8a8 69ba81a6b9c949eaa967155b471c84a3 c87f6942f7854aca991f2799cb51e77b - - - -] Unable to schedule network c9847600-159f-446e-8099-4c65d3b46678: no agents available; will retry on subsequent port and subnet creation events.
2026-09-01 19:44:51.711 9 INFO neutron.db.ovn_revision_numbers_db [None req-49368f5f-23d2-4fa9-b520-5b6d0239c8a8 69ba81a6b9c949eaa967155b471c84a3 c87f6942f7854aca991f2799cb51e77b - - - -] Successfully bumped revision number for resource 6da0fba2-9b58-463f-bead-2efe74b33b1a (type: ports) to 1
2026-09-01 19:44:51.734 9 INFO neutron.wsgi [None req-49368f5f-23d2-4fa9-b520-5b6d0239c8a8 69ba81a6b9c949eaa967155b471c84a3 c87f6942f7854aca991f2799cb51e77b - - - -] 10.0.0.49 "POST /v2.0/ports HTTP/1.1" status: 201 len: 1153 time: 0.5341666 /var/lib/openstack/lib/python3.10/site-packages/pycadf/identifier.py:71: UserWarning: Invalid uuid: neutron. To ensure interoperability, identifiers should be a valid uuid. warnings.warn(('Invalid uuid: %s. To ensure interoperability, '
2026-09-01 19:44:52.108 9 WARNING neutron.scheduler.dhcp_agent_scheduler [None req-07800963-9df0-4c65-9956-43435741b758 69ba81a6b9c949eaa967155b471c84a3 c87f6942f7854aca991f2799cb51e77b - - - -] No more DHCP agents
2026-09-01 19:44:52.111 9 WARNING neutron.api.rpc.agentnotifiers.dhcp_rpc_agent_api [None req-07800963-9df0-4c65-9956-43435741b758 69ba81a6b9c949eaa967155b471c84a3 c87f6942f7854aca991f2799cb51e77b - - - -] Unable to schedule network c9847600-159f-446e-8099-4c65d3b46678: no agents available; will retry on subsequent port and subnet creation events.
2026-09-01 19:44:52.234 9 INFO neutron.db.ovn_revision_numbers_db [None req-07800963-9df0-4c65-9956-43435741b758 69ba81a6b9c949eaa967155b471c84a3 c87f6942f7854aca991f2799cb51e77b - - - -] Successfully bumped revision number for resource 78ff8bcd-29d0-47c8-bdd8-92de4edd7c1a (type: ports) to 1
2026-09-01 19:44:52.259 9 INFO neutron.wsgi [None req-07800963-9df0-4c65-9956-43435741b758 69ba81a6b9c949eaa967155b471c84a3 c87f6942f7854aca991f2799cb51e77b - - - -] 10.0.0.49 "POST /v2.0/ports HTTP/1.1" status: 201 len: 1158 time: 0.5178394 /var/lib/openstack/lib/python3.10/site-packages/pycadf/identifier.py:71: UserWarning: Invalid uuid: neutron. To ensure interoperability, identifiers should be a valid uuid. warnings.warn(('Invalid uuid: %s. To ensure interoperability, '
2026-09-01 19:44:52.472 9 WARNING neutron.scheduler.dhcp_agent_scheduler [None req-65003669-ba0f-4a57-bacc-759db8c8e56a 69ba81a6b9c949eaa967155b471c84a3 c87f6942f7854aca991f2799cb51e77b - - - -] No more DHCP agents
2026-09-01 19:44:52.477 9 WARNING neutron.api.rpc.agentnotifiers.dhcp_rpc_agent_api [None req-65003669-ba0f-4a57-bacc-759db8c8e56a 69ba81a6b9c949eaa967155b471c84a3 c87f6942f7854aca991f2799cb51e77b - - - -] Unable to schedule network 93bf1c25-0a06-418b-a902-e837ecbf3fdd: no agents available; will retry on subsequent port and subnet creation events.
2026-09-01 19:44:52.849 9 INFO neutron.db.l3_db [None req-65003669-ba0f-4a57-bacc-759db8c8e56a 69ba81a6b9c949eaa967155b471c84a3 c87f6942f7854aca991f2799cb51e77b - - - -] Floating IP 24f58343-f429-44e9-8347-10f37bfdcbaa associated. External IP: 10.96.250.204, port: 78ff8bcd-29d0-47c8-bdd8-92de4edd7c1a.
2026-09-01 19:44:52.991 9 INFO neutron.db.ovn_revision_numbers_db [None req-65003669-ba0f-4a57-bacc-759db8c8e56a 69ba81a6b9c949eaa967155b471c84a3 c87f6942f7854aca991f2799cb51e77b - - - -] Successfully bumped revision number for resource 24f58343-f429-44e9-8347-10f37bfdcbaa (type: floatingips) to 0
2026-09-01 19:44:53.088 9 INFO neutron.db.ovn_revision_numbers_db [None req-65003669-ba0f-4a57-bacc-759db8c8e56a 69ba81a6b9c949eaa967155b471c84a3 c87f6942f7854aca991f2799cb51e77b - - - -] Successfully bumped revision number for resource 24f58343-f429-44e9-8347-10f37bfdcbaa (type: floatingips) to 1
2026-09-01 19:44:53.122 9 INFO neutron.wsgi [None req-65003669-ba0f-4a57-bacc-759db8c8e56a 69ba81a6b9c949eaa967155b471c84a3 c87f6942f7854aca991f2799cb51e77b - - - -] 10.0.0.49 "POST /v2.0/floatingips HTTP/1.1" status: 201 len: 1042 time: 0.8584270
2026-09-01 19:44:53.226 9 INFO neutron.db.l3_db [None req-5ed4c0b8-96f2-4502-b64a-8a27df72a437 69ba81a6b9c949eaa967155b471c84a3 c87f6942f7854aca991f2799cb51e77b - - - -] Floating IP 24f58343-f429-44e9-8347-10f37bfdcbaa disassociated. External IP: 10.96.250.204, port: 78ff8bcd-29d0-47c8-bdd8-92de4edd7c1a.
2026-09-01 19:44:53.248 9 INFO neutron.db.ovn_revision_numbers_db [None req-5ed4c0b8-96f2-4502-b64a-8a27df72a437 69ba81a6b9c949eaa967155b471c84a3 c87f6942f7854aca991f2799cb51e77b - - - -] Successfully bumped revision number for resource 24f58343-f429-44e9-8347-10f37bfdcbaa (type: floatingips) to 2
2026-09-01 19:44:53.305 9 INFO neutron.wsgi [None req-5ed4c0b8-96f2-4502-b64a-8a27df72a437 69ba81a6b9c949eaa967155b471c84a3 c87f6942f7854aca991f2799cb51e77b - - - -] 10.0.0.49 "PUT /v2.0/floatingips/24f58343-f429-44e9-8347-10f37bfdcbaa HTTP/1.1" status: 200 len: 748 time: 0.1763742
2026-09-01 19:44:53.312 10 INFO neutron.wsgi [None req-b2e3f1ca-5f31-4f5d-a89b-82060c59ca7c 4d7f66d4a498484797dd9ee5bd5be252 875a41936bf34c8cb6fc71b046800ecf - - default default] 10.0.0.49 "GET /v2.0/extensions HTTP/1.1" status: 200 len: 16520 time: 0.1560545
2026-09-01 19:44:53.328 10 INFO neutron.wsgi [None req-814496e8-6ef1-4700-98b7-25283f764faa 4d7f66d4a498484797dd9ee5bd5be252 875a41936bf34c8cb6fc71b046800ecf - - default default] 10.0.0.49 "GET /v2.0/extensions/address-group HTTP/1.1" status: 200 len: 353 time: 0.0077233
2026-09-01 19:44:53.341 9 INFO neutron.wsgi [None req-6694bfdc-fe63-4b15-93be-ba02752afa7e 4d7f66d4a498484797dd9ee5bd5be252 875a41936bf34c8cb6fc71b046800ecf - - default default] 10.0.0.49 "GET /v2.0/extensions/address-scope HTTP/1.1" status: 200 len: 357 time: 0.0057561
2026-09-01 19:44:53.595 9 INFO neutron.wsgi [None req-32d8cb39-88c7-4e13-87e1-5824ca5d221a 4d7f66d4a498484797dd9ee5bd5be252 875a41936bf34c8cb6fc71b046800ecf - - default default] 10.0.0.49 "GET /v2.0/extensions/agent HTTP/1.1" status: 200 len: 347 time: 0.2484949
2026-09-01 19:44:53.609 10 INFO neutron.wsgi [None req-396861e0-ddea-416c-b41f-5b1ff76843fd 4d7f66d4a498484797dd9ee5bd5be252 875a41936bf34c8cb6fc71b046800ecf - - default default] 10.0.0.49 "GET /v2.0/extensions/allowed-address-pairs HTTP/1.1" status: 200 len: 378 time: 0.0079477
2026-09-01 19:44:53.619 10 INFO neutron.wsgi [None req-3ace1570-b3c2-4dd9-93a6-01eb0fb15af1 4d7f66d4a498484797dd9ee5bd5be252 875a41936bf34c8cb6fc71b046800ecf - - default default] 10.0.0.49 "GET /v2.0/extensions/auto-allocated-topology HTTP/1.1" status: 200 len: 394 time: 0.0058246
2026-09-01 19:44:53.629 10 INFO neutron.wsgi [None req-70076e31-fc92-47f1-a158-72fced392a59 4d7f66d4a498484797dd9ee5bd5be252 875a41936bf34c8cb6fc71b046800ecf - - default default] 10.0.0.49 "GET /v2.0/extensions/availability_zone HTTP/1.1" status: 200 len: 372 time: 0.0054512
2026-09-01 19:44:53.645 10 INFO neutron.wsgi [None req-bafe0418-13eb-4fd9-a8c8-3e69a93c3643 4d7f66d4a498484797dd9ee5bd5be252 875a41936bf34c8cb6fc71b046800ecf - - default default] 10.0.0.49 "GET /v2.0/extensions/default-subnetpools HTTP/1.1" status: 200 len: 405 time: 0.0107961
2026-09-01 19:44:53.659 10 INFO neutron.wsgi [None req-31bee76a-f52f-47da-a545-f5dc5a31ca0a 4d7f66d4a498484797dd9ee5bd5be252 875a41936bf34c8cb6fc71b046800ecf - - default default] 10.0.0.49 "GET /v2.0/extensions/dhcp_agent_scheduler HTTP/1.1" status: 200 len: 381 time: 0.0085583
2026-09-01 19:44:53.673 10 INFO neutron.wsgi [None req-43a3e292-a69a-440e-b724-92769ecdcb58 4d7f66d4a498484797dd9ee5bd5be252 875a41936bf34c8cb6fc71b046800ecf - - default default] 10.0.0.49 "GET /v2.0/extensions/dns-integration HTTP/1.1" status: 200 len: 366 time: 0.0076306
2026-09-01 19:44:53.682 10 INFO neutron.wsgi [None req-9ddc3f15-50a7-462c-b844-082bc7dad2e6 4d7f66d4a498484797dd9ee5bd5be252 875a41936bf34c8cb6fc71b046800ecf - - default default] 10.0.0.49 "GET /v2.0/extensions/dns-domain-ports HTTP/1.1" status: 200 len: 399 time: 0.0035629
2026-09-01 19:44:53.694 9 INFO neutron.wsgi [None req-e7de203a-0f5b-423b-a885-1ed096ee7d23 4d7f66d4a498484797dd9ee5bd5be252 875a41936bf34c8cb6fc71b046800ecf - - default default] 10.0.0.49 "GET /v2.0/extensions/dns-integration-domain-keywords HTTP/1.1" status: 200 len: 477 time: 0.0039403
2026-09-01 19:44:53.705 10 INFO neutron.wsgi [None req-07343a40-905f-4241-a4cc-ca345a9b8655 4d7f66d4a498484797dd9ee5bd5be252 875a41936bf34c8cb6fc71b046800ecf - - default default] 10.0.0.49 "GET /v2.0/extensions/external-net HTTP/1.1" status: 200 len: 394 time: 0.0050042
2026-09-01 19:44:53.713 10 INFO neutron.wsgi [None req-7f1023d7-cdeb-4ab4-a857-d54ae42b9532 4d7f66d4a498484797dd9ee5bd5be252 875a41936bf34c8cb6fc71b046800ecf - - default default] 10.0.0.49 "GET /v2.0/extensions/extra_dhcp_opt HTTP/1.1" status: 200 len: 498 time: 0.0042431
2026-09-01 19:44:53.730 10 INFO neutron.wsgi [None req-2c667160-b7f2-4319-b6f0-13107cdb4e53 4d7f66d4a498484797dd9ee5bd5be252 875a41936bf34c8cb6fc71b046800ecf - - default default] 10.0.0.49 "GET /v2.0/extensions/extraroute HTTP/1.1" status: 200 len: 375 time: 0.0126846
2026-09-01 19:44:53.740 9 INFO neutron.wsgi [None req-3eda3f16-a79d-4fe9-aeb1-4cd53f767268 4d7f66d4a498484797dd9ee5bd5be252 875a41936bf34c8cb6fc71b046800ecf - - default default] 10.0.0.49 "GET /v2.0/extensions/filter-validation HTTP/1.1" status: 200 len: 392 time: 0.0051694
2026-09-01 19:44:53.746 10 INFO neutron.wsgi [None req-f264beea-cebf-492a-b694-37af93d69d5b 4d7f66d4a498484797dd9ee5bd5be252 875a41936bf34c8cb6fc71b046800ecf - - default default] 10.0.0.49 "GET /v2.0/extensions/floating-ip-port-forwarding-detail HTTP/1.1" status: 200 len: 465 time: 0.0033329
2026-09-01 19:44:53.755 10 INFO neutron.wsgi [None req-2b8737fb-a68b-42dd-8f59-9486ff4ce69f 4d7f66d4a498484797dd9ee5bd5be252 875a41936bf34c8cb6fc71b046800ecf - - default default] 10.0.0.49 "GET /v2.0/extensions/fip-port-details HTTP/1.1" status: 200 len: 406 time: 0.0057163
2026-09-01 19:44:53.763 10 INFO neutron.wsgi [None req-d0ba7055-b4d6-43c5-8936-d72ad261c2bb 4d7f66d4a498484797dd9ee5bd5be252 875a41936bf34c8cb6fc71b046800ecf - - default default] 10.0.0.49 "GET /v2.0/extensions/flavors HTTP/1.1" status: 200 len: 387 time: 0.0046437
2026-09-01 19:44:53.763 10 WARNING neutron.plugins.ml2.drivers.ovn.mech_driver.ovsdb.ovn_client [None req-3f4f5cba-9913-478e-8bd0-1edd776517b6 - - - - - -] No hosting information found for port d3d35542-063a-46ce-8506-1baa4f9b2285: RuntimeError: No hosting information found for port d3d35542-063a-46ce-8506-1baa4f9b2285
2026-09-01 19:44:53.763 10 INFO neutron.plugins.ml2.drivers.ovn.mech_driver.mech_driver [None req-3f4f5cba-9913-478e-8bd0-1edd776517b6 - - - - - -] OVN reports status up for port: 2f6ae2ca-6967-41ec-a336-937b0c73528d
2026-09-01 19:44:53.770 10 INFO neutron.wsgi [None req-19a5e1f2-a8e5-460f-b866-8fdf20f120f3 4d7f66d4a498484797dd9ee5bd5be252 875a41936bf34c8cb6fc71b046800ecf - - default default] 10.0.0.49 "GET /v2.0/extensions/floatingip-pools HTTP/1.1" status: 200 len: 382 time: 0.0030980
2026-09-01 19:44:53.777 10 INFO neutron.wsgi [None req-7732158f-ce18-4cb2-b536-83a1b1876373 4d7f66d4a498484797dd9ee5bd5be252 875a41936bf34c8cb6fc71b046800ecf - - default default] 10.0.0.49 "GET /v2.0/extensions/ip_allocation HTTP/1.1" status: 200 len: 356 time: 0.0030329
2026-09-01 19:44:53.779 10 INFO neutron.plugins.ml2.plugin [None req-3f4f5cba-9913-478e-8bd0-1edd776517b6 - - - - - -] Attempt 1 to provision port 2f6ae2ca-6967-41ec-a336-937b0c73528d
2026-09-01 19:44:53.792 10 INFO neutron.wsgi [None req-17c4be09-6483-43f0-bd6b-c1a8ce2a34fe 4d7f66d4a498484797dd9ee5bd5be252 875a41936bf34c8cb6fc71b046800ecf - - default default] 10.0.0.49 "GET /v2.0/extensions/l2_adjacency HTTP/1.1" status: 200 len: 372 time: 0.0109119
2026-09-01 19:44:53.800 10 INFO neutron.wsgi [None req-fb22b307-a8df-4bbd-a88b-b912f278cd6c 4d7f66d4a498484797dd9ee5bd5be252 875a41936bf34c8cb6fc71b046800ecf - - default default] 10.0.0.49 "GET /v2.0/extensions/router HTTP/1.1" status: 200 len: 450 time: 0.0038629
2026-09-01 19:44:53.807 10 INFO neutron.wsgi [None req-0b33630d-bf1d-42d2-93d7-6de8b2468185 4d7f66d4a498484797dd9ee5bd5be252 875a41936bf34c8cb6fc71b046800ecf - - default default] 10.0.0.49 "GET /v2.0/extensions/ext-gw-mode HTTP/1.1" status: 200 len: 462 time: 0.0034070
2026-09-01 19:44:53.818 9 INFO neutron.wsgi [None req-a6fd09b2-c831-4b1c-80b4-d0ac69064d2f 4d7f66d4a498484797dd9ee5bd5be252 875a41936bf34c8cb6fc71b046800ecf - - default default] 10.0.0.49 "GET /v2.0/extensions/logging HTTP/1.1" status: 200 len: 407 time: 0.0073757
2026-09-01 19:44:53.828 9 INFO neutron.wsgi [None req-12e6c3b7-47eb-471f-8e47-90815568f367 4d7f66d4a498484797dd9ee5bd5be252 875a41936bf34c8cb6fc71b046800ecf - - default default] 10.0.0.49 "GET /v2.0/extensions/multi-provider HTTP/1.1" status: 200 len: 406 time: 0.0045691
2026-09-01 19:44:53.838 10 INFO neutron.wsgi [None req-6e752c8d-838b-4a9c-9b4f-b89319c97f4f 4d7f66d4a498484797dd9ee5bd5be252 875a41936bf34c8cb6fc71b046800ecf - - default default] 10.0.0.49 "GET /v2.0/extensions/net-mtu HTTP/1.1" status: 200 len: 370 time: 0.0068729
2026-09-01 19:44:53.855 10 INFO neutron.wsgi [None req-a5aeae1f-93da-43cb-a5ff-9df83c8b0d16 4d7f66d4a498484797dd9ee5bd5be252 875a41936bf34c8cb6fc71b046800ecf - - default default] 10.0.0.49 "GET /v2.0/extensions/net-mtu-writable HTTP/1.1" status: 200 len: 401 time: 0.0147798
2026-09-01 19:44:53.865 9 INFO neutron.wsgi [None req-9556c587-91e4-4e55-b9d9-f4622e9ea5d0 4d7f66d4a498484797dd9ee5bd5be252 875a41936bf34c8cb6fc71b046800ecf - - default default] 10.0.0.49 "GET /v2.0/extensions/network_availability_zone HTTP/1.1" status: 200 len: 394 time: 0.0064304
2026-09-01 19:44:53.877 10 INFO neutron.wsgi [None req-af0c7dc6-3fc3-45c5-bc5d-9539a0d42cd3 4d7f66d4a498484797dd9ee5bd5be252 875a41936bf34c8cb6fc71b046800ecf - - default default] 10.0.0.49 "GET /v2.0/extensions/network-ip-availability HTTP/1.1" status: 200 len: 410 time: 0.0055165
2026-09-01 19:44:53.886 10 INFO neutron.wsgi [None req-5639368a-f089-4320-9884-6363af3cdfaf 4d7f66d4a498484797dd9ee5bd5be252 875a41936bf34c8cb6fc71b046800ecf - - default default] 10.0.0.49 "GET /v2.0/extensions/pagination HTTP/1.1" status: 200 len: 386 time: 0.0041471
2026-09-01 19:44:53.895 9 INFO neutron.wsgi [None req-460bde45-beed-4cdf-bb14-bd230f4e2240 4d7f66d4a498484797dd9ee5bd5be252 875a41936bf34c8cb6fc71b046800ecf - - default default] 10.0.0.49 "GET /v2.0/extensions/port-device-profile HTTP/1.1" status: 200 len: 383 time: 0.0054612
2026-09-01 19:44:53.907 10 INFO neutron.wsgi [None req-e783b8d1-7184-4f3d-86f7-03ac7b405489 4d7f66d4a498484797dd9ee5bd5be252 875a41936bf34c8cb6fc71b046800ecf - - default default] 10.0.0.49 "GET /v2.0/extensions/port-mac-address-regenerate HTTP/1.1" status: 200 len: 403 time: 0.0069761
2026-09-01 19:44:53.915 10 INFO neutron.wsgi [None req-51f00861-38d2-4062-8edb-a9ef9856f455 4d7f66d4a498484797dd9ee5bd5be252 875a41936bf34c8cb6fc71b046800ecf - - default default] 10.0.0.49 "GET /v2.0/extensions/port-numa-affinity-policy HTTP/1.1" status: 200 len: 392 time: 0.0036409
2026-09-01 19:44:53.928 9 INFO neutron.wsgi [None req-774495f2-41ce-406d-b973-489031f04c47 4d7f66d4a498484797dd9ee5bd5be252 875a41936bf34c8cb6fc71b046800ecf - - default default] 10.0.0.49 "GET /v2.0/extensions/port-resource-request HTTP/1.1" status: 200 len: 379 time: 0.0080903
2026-09-01 19:44:53.936 9 INFO neutron.wsgi [None req-6796ea9b-2ffe-459a-bf5a-84aa087d56bb 4d7f66d4a498484797dd9ee5bd5be252 875a41936bf34c8cb6fc71b046800ecf - - default default] 10.0.0.49 "GET /v2.0/extensions/port-resource-request-groups HTTP/1.1" status: 200 len: 465 time: 0.0040574
2026-09-01 19:44:53.945 9 INFO neutron.wsgi [None req-83fe4086-1026-4b74-9c40-911a599233a6 4d7f66d4a498484797dd9ee5bd5be252 875a41936bf34c8cb6fc71b046800ecf - - default default] 10.0.0.49 "GET /v2.0/extensions/binding HTTP/1.1" status: 200 len: 387 time: 0.0048647
2026-09-01 19:44:53.953 10 INFO neutron.wsgi [None req-a99d6763-77ec-4be8-a069-aa41202ea1a9 4d7f66d4a498484797dd9ee5bd5be252 875a41936bf34c8cb6fc71b046800ecf - - default default] 10.0.0.49 "GET /v2.0/extensions/binding-extended HTTP/1.1" status: 200 len: 406 time: 0.0041134
2026-09-01 19:44:53.961 9 INFO neutron.wsgi [None req-5373ba10-87aa-44ac-87bc-4d00622b0594 4d7f66d4a498484797dd9ee5bd5be252 875a41936bf34c8cb6fc71b046800ecf - - default default] 10.0.0.49 "GET /v2.0/extensions/port-security HTTP/1.1" status: 200 len: 354 time: 0.0046945
2026-09-01 19:44:53.969 9 INFO neutron.wsgi [None req-0da27118-a99a-4707-b919-9701589ac728 4d7f66d4a498484797dd9ee5bd5be252 875a41936bf34c8cb6fc71b046800ecf - - default default] 10.0.0.49 "GET /v2.0/extensions/project-id HTTP/1.1" status: 200 len: 398 time: 0.0030200
2026-09-01 19:44:53.975 9 INFO neutron.wsgi [None req-b81bb822-bbea-4bf3-bdd4-348e589eb143 69ba81a6b9c949eaa967155b471c84a3 c87f6942f7854aca991f2799cb51e77b - - - -] 10.0.0.49 "DELETE /v2.0/floatingips/24f58343-f429-44e9-8347-10f37bfdcbaa HTTP/1.1" status: 204 len: 168 time: 0.6638267
2026-09-01 19:44:53.979 10 INFO neutron.wsgi [None req-a02794e8-0297-4136-97b4-8eb406953f76 4d7f66d4a498484797dd9ee5bd5be252 875a41936bf34c8cb6fc71b046800ecf - - default default] 10.0.0.49 "GET /v2.0/extensions/provider HTTP/1.1" status: 200 len: 385 time: 0.0035365
2026-09-01 19:44:53.986 9 INFO neutron.wsgi [None req-20bffbc4-e246-4fea-907d-5a4061c95c50 4d7f66d4a498484797dd9ee5bd5be252 875a41936bf34c8cb6fc71b046800ecf - - default default] 10.0.0.49 "GET /v2.0/extensions/qos HTTP/1.1" status: 200 len: 360 time: 0.0033245
2026-09-01 19:44:53.994 9 INFO neutron.wsgi [None req-67c1f759-ee3f-475a-affd-3d9aa0fd28a2 4d7f66d4a498484797dd9ee5bd5be252 875a41936bf34c8cb6fc71b046800ecf - - default default] 10.0.0.49 "GET /v2.0/extensions/qos-bw-limit-direction HTTP/1.1" status: 200 len: 452 time: 0.0029578
2026-09-01 19:44:54.001 9 INFO neutron.wsgi [None req-fb5d1dce-e370-4ac8-85b8-5a738ad69c38 4d7f66d4a498484797dd9ee5bd5be252 875a41936bf34c8cb6fc71b046800ecf - - default default] 10.0.0.49 "GET /v2.0/extensions/qos-bw-minimum-ingress HTTP/1.1" status: 200 len: 445 time: 0.0038006
2026-09-01 19:44:54.008 9 INFO neutron.wsgi [None req-80e91edc-00c1-430a-b0f5-5ef794c636cf 4d7f66d4a498484797dd9ee5bd5be252 875a41936bf34c8cb6fc71b046800ecf - - default default] 10.0.0.49 "GET /v2.0/extensions/qos-default HTTP/1.1" status: 200 len: 377 time: 0.0026245
2026-09-01 19:44:54.018 9 INFO neutron.wsgi [None req-fcf34c10-f532-4ed3-83cb-daf68a85a976 4d7f66d4a498484797dd9ee5bd5be252 875a41936bf34c8cb6fc71b046800ecf - - default default] 10.0.0.49 "GET /v2.0/extensions/qos-fip HTTP/1.1" status: 200 len: 372 time: 0.0035136
2026-09-01 19:44:54.025 9 INFO neutron.wsgi [None req-01077e66-02d2-4d46-b24e-9878b99b65e2 4d7f66d4a498484797dd9ee5bd5be252 875a41936bf34c8cb6fc71b046800ecf - - default default] 10.0.0.49 "GET /v2.0/extensions/qos-gateway-ip HTTP/1.1" status: 200 len: 391 time: 0.0029535
2026-09-01 19:44:54.031 9 INFO neutron.wsgi [None req-51720938-5784-4dee-83f0-0b599bea31cb 4d7f66d4a498484797dd9ee5bd5be252 875a41936bf34c8cb6fc71b046800ecf - - default default] 10.0.0.49 "GET /v2.0/extensions/qos-port-network-policy HTTP/1.1" status: 200 len: 403 time: 0.0037036
2026-09-01 19:44:54.039 9 INFO neutron.wsgi [None req-9497278d-2cac-4b9c-b2a7-8686ed433308 4d7f66d4a498484797dd9ee5bd5be252 875a41936bf34c8cb6fc71b046800ecf - - default default] 10.0.0.49 "GET /v2.0/extensions/qos-pps-minimum HTTP/1.1" status: 200 len: 397 time: 0.0037582
2026-09-01 19:44:54.045 9 INFO neutron.wsgi [None req-bae95b7e-019f-4285-92ef-aa0749b03ea4 4d7f66d4a498484797dd9ee5bd5be252 875a41936bf34c8cb6fc71b046800ecf - - default default] 10.0.0.49 "GET /v2.0/extensions/qos-pps-minimum-rule-alias HTTP/1.1" status: 200 len: 471 time: 0.0029304
2026-09-01 19:44:54.051 9 INFO neutron.wsgi [None req-105aa066-9036-46ad-b86f-de2fe16b1247 4d7f66d4a498484797dd9ee5bd5be252 875a41936bf34c8cb6fc71b046800ecf - - default default] 10.0.0.49 "GET /v2.0/extensions/qos-pps HTTP/1.1" status: 200 len: 389 time: 0.0027018
2026-09-01 19:44:54.062 9 INFO neutron.wsgi [None req-4a64e377-8c46-45ff-bc20-5df2d00d3934 4d7f66d4a498484797dd9ee5bd5be252 875a41936bf34c8cb6fc71b046800ecf - - default default] 10.0.0.49 "GET /v2.0/extensions/qos-rule-type-details HTTP/1.1" status: 200 len: 423 time: 0.0075924
2026-09-01 19:44:54.067 10 INFO neutron.db.ovn_revision_numbers_db [None req-3f4f5cba-9913-478e-8bd0-1edd776517b6 - - - - - -] Successfully bumped revision number for resource 2f6ae2ca-6967-41ec-a336-937b0c73528d (type: ports) to 3
2026-09-01 19:44:54.072 9 INFO neutron.wsgi [None req-3027c06d-7021-4300-b016-9dc4ddf040ac 4d7f66d4a498484797dd9ee5bd5be252 875a41936bf34c8cb6fc71b046800ecf - - default default] 10.0.0.49 "GET /v2.0/extensions/qos-rule-type-filter HTTP/1.1" status: 200 len: 567 time: 0.0055680
2026-09-01 19:44:54.081 9 INFO neutron.wsgi [None req-678bdca8-bc8b-4e7c-a918-fb7a8b7404e1 4d7f66d4a498484797dd9ee5bd5be252 875a41936bf34c8cb6fc71b046800ecf - - default default] 10.0.0.49 "GET /v2.0/extensions/qos-rules-alias HTTP/1.1" status: 200 len: 448 time: 0.0057514
2026-09-01 19:44:54.090 9 INFO neutron.wsgi [None req-1ef840d3-4d8d-47da-9737-f4956a7ccf8d 4d7f66d4a498484797dd9ee5bd5be252 875a41936bf34c8cb6fc71b046800ecf - - default default] 10.0.0.49 "GET /v2.0/extensions/quota-check-limit HTTP/1.1" status: 200 len: 420 time: 0.0047805
2026-09-01 19:44:54.099 9 INFO neutron.wsgi [None req-71fab41e-8527-4fee-b76a-b9cde1c7a243 4d7f66d4a498484797dd9ee5bd5be252 875a41936bf34c8cb6fc71b046800ecf - - default default] 10.0.0.49 "GET /v2.0/extensions/quotas HTTP/1.1" status: 200 len: 386 time: 0.0060430
2026-09-01 19:44:54.107 9 INFO neutron.wsgi [None req-1e9d1600-3c8b-4b7e-aaf0-0cc5693c9c29 4d7f66d4a498484797dd9ee5bd5be252 875a41936bf34c8cb6fc71b046800ecf - - default default] 10.0.0.49 "GET /v2.0/extensions/quota_details HTTP/1.1" status: 200 len: 407 time: 0.0050290
2026-09-01 19:44:54.119 9 INFO neutron.wsgi [None req-2f814103-0b8c-4b9b-ba11-d8367684062c 4d7f66d4a498484797dd9ee5bd5be252 875a41936bf34c8cb6fc71b046800ecf - - default default] 10.0.0.49 "GET /v2.0/extensions/rbac-policies HTTP/1.1" status: 200 len: 417 time: 0.0060630
2026-09-01 19:44:54.128 9 INFO neutron.wsgi [None req-ffb35e4a-3db9-4de5-9e47-c7521ac13538 4d7f66d4a498484797dd9ee5bd5be252 875a41936bf34c8cb6fc71b046800ecf - - default default] 10.0.0.49 "GET /v2.0/extensions/rbac-address-scope HTTP/1.1" status: 200 len: 384 time: 0.0053873
2026-09-01 19:44:54.139 9 INFO neutron.wsgi [None req-1c0d44cd-8440-4943-886f-61c9111c55fa 4d7f66d4a498484797dd9ee5bd5be252 875a41936bf34c8cb6fc71b046800ecf - - default default] 10.0.0.49 "GET /v2.0/extensions/rbac-security-groups HTTP/1.1" status: 200 len: 404 time: 0.0058823
2026-09-01 19:44:54.152 9 INFO neutron.wsgi [None req-87472478-b474-4c23-9a70-bd013d086231 4d7f66d4a498484797dd9ee5bd5be252 875a41936bf34c8cb6fc71b046800ecf - - default default] 10.0.0.49 "GET /v2.0/extensions/revision-if-match HTTP/1.1" status: 200 len: 441 time: 0.0047009
2026-09-01 19:44:54.165 9 INFO neutron.wsgi [None req-defe1fed-6fa4-4155-bb97-95c7ebc14af1 4d7f66d4a498484797dd9ee5bd5be252 875a41936bf34c8cb6fc71b046800ecf - - default default] 10.0.0.49 "GET /v2.0/extensions/standard-attr-revisions HTTP/1.1" status: 200 len: 423 time: 0.0040059
2026-09-01 19:44:54.175 9 INFO neutron.wsgi [None req-764d6e9c-a4d5-48d1-a4b5-ae1510bd425f 4d7f66d4a498484797dd9ee5bd5be252 875a41936bf34c8cb6fc71b046800ecf - - default default] 10.0.0.49 "GET /v2.0/extensions/router_availability_zone HTTP/1.1" status: 200 len: 391 time: 0.0036242
2026-09-01 19:44:54.190 9 INFO neutron.wsgi [None req-360bfdad-58fc-4002-b1e4-6907831420a5 4d7f66d4a498484797dd9ee5bd5be252 875a41936bf34c8cb6fc71b046800ecf - - default default] 10.0.0.49 "GET /v2.0/extensions/security-groups-normalized-cidr HTTP/1.1" status: 200 len: 445 time: 0.0040460
2026-09-01 19:44:54.201 9 INFO neutron.wsgi [None req-c7c95a71-0d05-4067-9a37-67d5d5fa48bf 4d7f66d4a498484797dd9ee5bd5be252 875a41936bf34c8cb6fc71b046800ecf - - default default] 10.0.0.49 "GET /v2.0/extensions/security-groups-remote-address-group HTTP/1.1" status: 200 len: 448 time: 0.0033653
2026-09-01 19:44:54.207 10 INFO neutron.db.ovn_revision_numbers_db [None req-3f4f5cba-9913-478e-8bd0-1edd776517b6 - - - - - -] Successfully bumped revision number for resource 2f6ae2ca-6967-41ec-a336-937b0c73528d (type: router_ports) to 3
2026-09-01 19:44:54.214 9 INFO neutron.wsgi [None req-015ad3ac-d3bc-4bbc-b6c3-cf2793157db7 4d7f66d4a498484797dd9ee5bd5be252 875a41936bf34c8cb6fc71b046800ecf - - default default] 10.0.0.49 "GET /v2.0/extensions/security-groups-shared-filtering HTTP/1.1" status: 200 len: 435 time: 0.0034928
2026-09-01 19:44:54.222 9 INFO neutron.wsgi [None req-8217b70e-7691-4e02-8b53-bfac5184c33e 4d7f66d4a498484797dd9ee5bd5be252 875a41936bf34c8cb6fc71b046800ecf - - default default] 10.0.0.49 "GET /v2.0/extensions/security-group HTTP/1.1" status: 200 len: 364 time: 0.0035605
2026-09-01 19:44:54.228 9 INFO neutron.wsgi [None req-db08bd47-8baa-49fc-8322-c75bdd941f47 4d7f66d4a498484797dd9ee5bd5be252 875a41936bf34c8cb6fc71b046800ecf - - default default] 10.0.0.49 "GET /v2.0/extensions/segment HTTP/1.1" status: 200 len: 339 time: 0.0036073
2026-09-01 19:44:54.235 9 INFO neutron.wsgi [None req-8a684697-d9ab-4adf-96e3-2febe9c625ee 4d7f66d4a498484797dd9ee5bd5be252 875a41936bf34c8cb6fc71b046800ecf - - default default] 10.0.0.49 "GET /v2.0/extensions/segments-peer-subnet-host-routes HTTP/1.1" status: 200 len: 427 time: 0.0033069
2026-09-01 19:44:54.241 9 INFO neutron.wsgi [None req-12a3ed4a-b418-41ef-8a3f-8eb759eb3717 4d7f66d4a498484797dd9ee5bd5be252 875a41936bf34c8cb6fc71b046800ecf - - default default] 10.0.0.49 "GET /v2.0/extensions/service-type HTTP/1.1" status: 200 len: 415 time: 0.0033987
2026-09-01 19:44:54.248 9 INFO neutron.wsgi [None req-67999b4e-1047-474a-b34c-60664f59f335 4d7f66d4a498484797dd9ee5bd5be252 875a41936bf34c8cb6fc71b046800ecf - - default default] 10.0.0.49 "GET /v2.0/extensions/sorting HTTP/1.1" status: 200 len: 377 time: 0.0035384
2026-09-01 19:44:54.254 9 INFO neutron.wsgi [None req-07c1f758-29e4-41f0-b7e2-65d49e067ba2 4d7f66d4a498484797dd9ee5bd5be252 875a41936bf34c8cb6fc71b046800ecf - - default default] 10.0.0.49 "GET /v2.0/extensions/standard-attr-segment HTTP/1.1" status: 200 len: 406 time: 0.0036545
2026-09-01 19:44:54.261 9 INFO neutron.wsgi [None req-e61a3cd9-8124-48c9-827f-1e51f4338735 4d7f66d4a498484797dd9ee5bd5be252 875a41936bf34c8cb6fc71b046800ecf - - default default] 10.0.0.49 "GET /v2.0/extensions/standard-attr-description HTTP/1.1" status: 200 len: 408 time: 0.0034821
2026-09-01 19:44:54.268 9 INFO neutron.wsgi [None req-6e5f75a6-f63e-4a4a-84e4-8a685ff95c66 4d7f66d4a498484797dd9ee5bd5be252 875a41936bf34c8cb6fc71b046800ecf - - default default] 10.0.0.49 "GET /v2.0/extensions/stateful-security-group HTTP/1.1" status: 200 len: 402 time: 0.0043676
2026-09-01 19:44:54.272 10 WARNING neutron.scheduler.dhcp_agent_scheduler [None req-a68987e8-8896-4e89-a9a3-a05ed2013c8e 69ba81a6b9c949eaa967155b471c84a3 c87f6942f7854aca991f2799cb51e77b - - - -] No more DHCP agents
2026-09-01 19:44:54.275 9 INFO neutron.wsgi [None req-d7ddd4c7-db04-4c3f-9738-ae1f3303fab0 4d7f66d4a498484797dd9ee5bd5be252 875a41936bf34c8cb6fc71b046800ecf - - default default] 10.0.0.49 "GET /v2.0/extensions/subnet-dns-publish-fixed-ip HTTP/1.1" status: 200 len: 421 time: 0.0033393
2026-09-01 19:44:54.282 9 INFO neutron.wsgi [None req-4edddee7-1c52-4ba0-9a3b-d9d84d4d1b93 4d7f66d4a498484797dd9ee5bd5be252 875a41936bf34c8cb6fc71b046800ecf - - default default] 10.0.0.49 "GET /v2.0/extensions/subnet-segmentid-writable HTTP/1.1" status: 200 len: 421 time: 0.0039823
2026-09-01 19:44:54.288 9 INFO neutron.wsgi [None req-2b27ca39-074a-48d9-a14c-d622cda8f541 4d7f66d4a498484797dd9ee5bd5be252 875a41936bf34c8cb6fc71b046800ecf - - default default] 10.0.0.49 "GET /v2.0/extensions/subnet-service-types HTTP/1.1" status: 200 len: 400 time: 0.0032914
2026-09-01 19:44:54.294 9 INFO neutron.wsgi [None req-ab668de7-f54c-4ca2-922e-33fef36c616f 4d7f66d4a498484797dd9ee5bd5be252 875a41936bf34c8cb6fc71b046800ecf - - default default] 10.0.0.49 "GET /v2.0/extensions/subnet_allocation HTTP/1.1" status: 200 len: 388 time: 0.0034487
2026-09-01 19:44:54.300 9 INFO neutron.wsgi [None req-011414d9-62a2-4d12-a173-ae7e2720b699 4d7f66d4a498484797dd9ee5bd5be252 875a41936bf34c8cb6fc71b046800ecf - - default default] 10.0.0.49 "GET /v2.0/extensions/subnetpool-prefix-ops HTTP/1.1" status: 200 len: 418 time: 0.0033767
2026-09-01 19:44:54.314 9 INFO neutron.wsgi [None req-50616c80-402b-4880-a3eb-e58a32e6dc5f 4d7f66d4a498484797dd9ee5bd5be252 875a41936bf34c8cb6fc71b046800ecf - - default default] 10.0.0.49 "GET /v2.0/extensions/standard-attr-tag HTTP/1.1" status: 200 len: 537 time: 0.0104387
2026-09-01 19:44:54.322 9 INFO neutron.wsgi [None req-fb8aadc4-b64e-4932-959a-e2d0eed1a057 4d7f66d4a498484797dd9ee5bd5be252 875a41936bf34c8cb6fc71b046800ecf - - default default] 10.0.0.49 "GET /v2.0/extensions/standard-attr-timestamp HTTP/1.1" status: 200 len: 449 time: 0.0034688
2026-09-01 19:44:54.328 9 INFO neutron.wsgi [None req-8cb64699-35c6-4316-af8a-927c57a10d65 4d7f66d4a498484797dd9ee5bd5be252 875a41936bf34c8cb6fc71b046800ecf - - default default] 10.0.0.49 "GET /v2.0/extensions/trunk HTTP/1.1" status: 200 len: 358 time: 0.0033207
2026-09-01 19:44:54.335 9 INFO neutron.wsgi [None req-536c5c15-7398-40ea-8b33-42b5f5d63839 4d7f66d4a498484797dd9ee5bd5be252 875a41936bf34c8cb6fc71b046800ecf - - default default] 10.0.0.49 "GET /v2.0/extensions/trunk-details HTTP/1.1" status: 200 len: 362 time: 0.0033202
2026-09-01 19:44:54.508 10 WARNING neutron.api.rpc.agentnotifiers.dhcp_rpc_agent_api [None req-a68987e8-8896-4e89-a9a3-a05ed2013c8e 69ba81a6b9c949eaa967155b471c84a3 c87f6942f7854aca991f2799cb51e77b - - - -] Unable to schedule network 93bf1c25-0a06-418b-a902-e837ecbf3fdd: no agents available; will retry on subsequent port and subnet creation events.
2026-09-01 19:44:54.661 10 INFO neutron.wsgi [-] 10.0.0.204 "GET / HTTP/1.1" status: 200 len: 246 time: 0.0011752
2026-09-01 19:44:54.666 9 INFO neutron.wsgi [-] 10.0.0.204 "GET / HTTP/1.1" status: 200 len: 246 time: 0.0033791
2026-09-01 19:44:54.894 10 INFO neutron.db.l3_db [None req-a68987e8-8896-4e89-a9a3-a05ed2013c8e 69ba81a6b9c949eaa967155b471c84a3 c87f6942f7854aca991f2799cb51e77b - - - -] Floating IP 9cd8117c-b819-44bc-8f81-39612adef265 associated. External IP: 10.96.250.204, port: 6da0fba2-9b58-463f-bead-2efe74b33b1a.
2026-09-01 19:44:55.050 10 INFO neutron.db.ovn_revision_numbers_db [None req-a68987e8-8896-4e89-a9a3-a05ed2013c8e 69ba81a6b9c949eaa967155b471c84a3 c87f6942f7854aca991f2799cb51e77b - - - -] Successfully bumped revision number for resource 9cd8117c-b819-44bc-8f81-39612adef265 (type: floatingips) to 0 /var/lib/openstack/lib/python3.10/site-packages/pycadf/identifier.py:71: UserWarning: Invalid uuid: neutron. To ensure interoperability, identifiers should be a valid uuid. warnings.warn(('Invalid uuid: %s. To ensure interoperability, '
2026-09-01 19:44:55.122 10 INFO neutron.db.ovn_revision_numbers_db [None req-a68987e8-8896-4e89-a9a3-a05ed2013c8e 69ba81a6b9c949eaa967155b471c84a3 c87f6942f7854aca991f2799cb51e77b - - - -] Successfully bumped revision number for resource 9cd8117c-b819-44bc-8f81-39612adef265 (type: floatingips) to 1
2026-09-01 19:44:55.151 10 INFO neutron.wsgi [None req-a68987e8-8896-4e89-a9a3-a05ed2013c8e 69ba81a6b9c949eaa967155b471c84a3 c87f6942f7854aca991f2799cb51e77b - - - -] 10.0.0.49 "POST /v2.0/floatingips HTTP/1.1" status: 201 len: 1040 time: 1.1701570
2026-09-01 19:44:55.196 10 INFO neutron.wsgi [None req-02e99ec6-07d0-4479-8ec8-14f574c89081 69ba81a6b9c949eaa967155b471c84a3 c87f6942f7854aca991f2799cb51e77b - - default default] 10.0.0.49 "GET /v2.0/floatingips/9cd8117c-b819-44bc-8f81-39612adef265 HTTP/1.1" status: 200 len: 1037 time: 0.0397003
2026-09-01 19:44:55.207 9 INFO neutron.db.ovn_revision_numbers_db [None req-b9c63eb6-9656-4aec-9f21-ae3cc2afc0f5 e8f6cb9d979f4f68863f5b5ee3098f32 9028f440acb64fd99caf8d503d0457cf - - default default] Successfully bumped revision number for resource 923590c4-8aef-4f6b-a208-8fe5ab702d2a (type: security_groups) to 1
2026-09-01 19:44:55.242 9 INFO neutron.wsgi [None req-b9c63eb6-9656-4aec-9f21-ae3cc2afc0f5 e8f6cb9d979f4f68863f5b5ee3098f32 9028f440acb64fd99caf8d503d0457cf - - default default] 10.0.0.49 "GET /v2.0/security-groups?tenant_id=875a41936bf34c8cb6fc71b046800ecf&name=default HTTP/1.1" status: 200 len: 2996 time: 0.3246081
2026-09-01 19:44:55.245 9 INFO neutron.db.ovn_revision_numbers_db [None req-cf6ec754-f365-4859-af99-47706a22779a a73fe8402a034a2c8111a532fcec48e2 5f9913c00bfd4b37b443850170da72a2 - - - -] Successfully bumped revision number for resource d8ac5716-f9bc-4b03-af9b-3cd7f5ae429f (type: security_groups) to 1
2026-09-01 19:44:55.256 10 INFO neutron.wsgi [None req-6adc5271-ad3d-41e7-88b3-8f9fb2e0129c 69ba81a6b9c949eaa967155b471c84a3 c87f6942f7854aca991f2799cb51e77b - - default default] 10.0.0.49 "GET /v2.0/floatingips HTTP/1.1" status: 200 len: 1040 time: 0.0547268
2026-09-01 19:44:55.316 9 INFO neutron.db.segments_db [None req-cf6ec754-f365-4859-af99-47706a22779a a73fe8402a034a2c8111a532fcec48e2 5f9913c00bfd4b37b443850170da72a2 - - - -] Added segment 6b454c04-737b-4ebd-b493-f1848c76a046 of type geneve for network bb37806c-0b07-412d-994b-0b876e6cb3fb
2026-09-01 19:44:55.397 10 INFO neutron.wsgi [None req-2a4c2630-8346-42f4-868c-500e1be0bea5 e8f6cb9d979f4f68863f5b5ee3098f32 9028f440acb64fd99caf8d503d0457cf - - - -] 10.0.0.49 "DELETE /v2.0/security-groups/923590c4-8aef-4f6b-a208-8fe5ab702d2a HTTP/1.1" status: 204 len: 168 time: 0.1517451
2026-09-01 19:44:55.507 9 INFO neutron.db.ovn_revision_numbers_db [None req-cf6ec754-f365-4859-af99-47706a22779a a73fe8402a034a2c8111a532fcec48e2 5f9913c00bfd4b37b443850170da72a2 - - - -] Successfully bumped revision number for resource bb37806c-0b07-412d-994b-0b876e6cb3fb (type: networks) to 1
2026-09-01 19:44:55.607 9 INFO neutron.db.l3_db [None req-0f31f9c2-2b46-4f81-a307-3fd74602f3d4 69ba81a6b9c949eaa967155b471c84a3 c87f6942f7854aca991f2799cb51e77b - - - -] Floating IP 9cd8117c-b819-44bc-8f81-39612adef265 associated. External IP: 10.96.250.204, port: 6da0fba2-9b58-463f-bead-2efe74b33b1a.
2026-09-01 19:44:55.751 9 WARNING neutron.scheduler.dhcp_agent_scheduler [None req-cf6ec754-f365-4859-af99-47706a22779a a73fe8402a034a2c8111a532fcec48e2 5f9913c00bfd4b37b443850170da72a2 - - - -] No more DHCP agents
2026-09-01 19:44:55.755 9 WARNING neutron.api.rpc.agentnotifiers.dhcp_rpc_agent_api [None req-cf6ec754-f365-4859-af99-47706a22779a a73fe8402a034a2c8111a532fcec48e2 5f9913c00bfd4b37b443850170da72a2 - - - -] Unable to schedule network bb37806c-0b07-412d-994b-0b876e6cb3fb: no agents available; will retry on subsequent port and subnet creation events.
2026-09-01 19:44:55.862 9 INFO neutron.db.ovn_revision_numbers_db [None req-0f31f9c2-2b46-4f81-a307-3fd74602f3d4 69ba81a6b9c949eaa967155b471c84a3 c87f6942f7854aca991f2799cb51e77b - - - -] Successfully bumped revision number for resource 9cd8117c-b819-44bc-8f81-39612adef265 (type: floatingips) to 2
2026-09-01 19:44:55.883 9 INFO neutron.db.ovn_revision_numbers_db [None req-cf6ec754-f365-4859-af99-47706a22779a a73fe8402a034a2c8111a532fcec48e2 5f9913c00bfd4b37b443850170da72a2 - - - -] Successfully bumped revision number for resource cd94b69c-c2e2-49c7-b091-5e4d06a77a27 (type: ports) to 1
2026-09-01 19:44:55.929 9 INFO neutron.wsgi [None req-cf6ec754-f365-4859-af99-47706a22779a a73fe8402a034a2c8111a532fcec48e2 5f9913c00bfd4b37b443850170da72a2 - - - -] 10.0.0.49 "POST /v2.0/networks HTTP/1.1" status: 201 len: 929 time: 0.9857345
2026-09-01 19:44:55.958 9 INFO neutron.db.ovn_revision_numbers_db [None req-0f31f9c2-2b46-4f81-a307-3fd74602f3d4 69ba81a6b9c949eaa967155b471c84a3 c87f6942f7854aca991f2799cb51e77b - - - -] Successfully bumped revision number for resource 9cd8117c-b819-44bc-8f81-39612adef265 (type: floatingips) to 3 /var/lib/openstack/lib/python3.10/site-packages/pycadf/identifier.py:71: UserWarning: Invalid uuid: neutron. To ensure interoperability, identifiers should be a valid uuid. warnings.warn(('Invalid uuid: %s. To ensure interoperability, '
2026-09-01 19:44:56.011 9 INFO neutron.wsgi [None req-0f31f9c2-2b46-4f81-a307-3fd74602f3d4 69ba81a6b9c949eaa967155b471c84a3 c87f6942f7854aca991f2799cb51e77b - - - -] 10.0.0.49 "PUT /v2.0/floatingips/9cd8117c-b819-44bc-8f81-39612adef265 HTTP/1.1" status: 200 len: 1039 time: 0.7496829
2026-09-01 19:44:56.039 9 INFO neutron.wsgi [req-80559afe-001a-44d7-9d99-9c36ab790513 req-b3b88f95-bada-48e9-a03b-e8cad6de82e6 2eb829645dc84a12ba1eaafe09ac41ed 0544e5c0acb34493854b37a01c3ea747 - - 4fed95107a39400d92e76b56041241c9 4fed95107a39400d92e76b56041241c9] 10.0.0.251 "GET /v2.0/ports?device_id=d8992790-c58e-4e4a-8f09-0bebed6ac2a1 HTTP/1.1" status: 200 len: 1365 time: 0.0481372
2026-09-01 19:44:56.087 10 WARNING neutron.scheduler.dhcp_agent_scheduler [None req-549a6dcf-2ded-4d61-a31d-21d60ea90e77 a73fe8402a034a2c8111a532fcec48e2 5f9913c00bfd4b37b443850170da72a2 - - - -] No more DHCP agents
2026-09-01 19:44:56.089 10 WARNING neutron.api.rpc.agentnotifiers.dhcp_rpc_agent_api [None req-549a6dcf-2ded-4d61-a31d-21d60ea90e77 a73fe8402a034a2c8111a532fcec48e2 5f9913c00bfd4b37b443850170da72a2 - - - -] Unable to schedule network bb37806c-0b07-412d-994b-0b876e6cb3fb: no agents available; will retry on subsequent port and subnet creation events.
2026-09-01 19:44:56.111 9 INFO neutron.wsgi [req-80559afe-001a-44d7-9d99-9c36ab790513 req-e86ad6d5-e61b-4558-8efb-9a695bb46804 2eb829645dc84a12ba1eaafe09ac41ed 0544e5c0acb34493854b37a01c3ea747 - - 4fed95107a39400d92e76b56041241c9 4fed95107a39400d92e76b56041241c9] 10.0.0.251 "GET /v2.0/security-groups?id=2096d28f-a08d-4af3-803c-0e4201091bd2&fields=id&fields=name HTTP/1.1" status: 200 len: 312 time: 0.0419176
2026-09-01 19:44:56.144 9 INFO neutron.db.l3_db [None req-cb85b28c-13a4-46f7-9b6f-4eef9b8d6178 69ba81a6b9c949eaa967155b471c84a3 c87f6942f7854aca991f2799cb51e77b - - - -] Floating IP 9cd8117c-b819-44bc-8f81-39612adef265 disassociated. External IP: 10.96.250.204, port: 78ff8bcd-29d0-47c8-bdd8-92de4edd7c1a.
2026-09-01 19:44:56.172 9 INFO neutron.db.ovn_revision_numbers_db [None req-cb85b28c-13a4-46f7-9b6f-4eef9b8d6178 69ba81a6b9c949eaa967155b471c84a3 c87f6942f7854aca991f2799cb51e77b - - - -] Successfully bumped revision number for resource 9cd8117c-b819-44bc-8f81-39612adef265 (type: floatingips) to 4
2026-09-01 19:44:56.284 9 INFO neutron.wsgi [None req-cb85b28c-13a4-46f7-9b6f-4eef9b8d6178 69ba81a6b9c949eaa967155b471c84a3 c87f6942f7854aca991f2799cb51e77b - - - -] 10.0.0.49 "PUT /v2.0/floatingips/9cd8117c-b819-44bc-8f81-39612adef265 HTTP/1.1" status: 200 len: 748 time: 0.2686529
2026-09-01 19:44:56.577 10 INFO neutron.db.ovn_revision_numbers_db [None req-549a6dcf-2ded-4d61-a31d-21d60ea90e77 a73fe8402a034a2c8111a532fcec48e2 5f9913c00bfd4b37b443850170da72a2 - - - -] Successfully bumped revision number for resource cd94b69c-c2e2-49c7-b091-5e4d06a77a27 (type: ports) to 2
2026-09-01 19:44:56.593 10 INFO neutron.db.ovn_revision_numbers_db [None req-549a6dcf-2ded-4d61-a31d-21d60ea90e77 a73fe8402a034a2c8111a532fcec48e2 5f9913c00bfd4b37b443850170da72a2 - - - -] Successfully bumped revision number for resource 1733e03c-d493-47be-80b3-b39e87dcd5ef (type: subnets) to 0
2026-09-01 19:44:56.617 10 INFO neutron.wsgi [None req-549a6dcf-2ded-4d61-a31d-21d60ea90e77 a73fe8402a034a2c8111a532fcec48e2 5f9913c00bfd4b37b443850170da72a2 - - - -] 10.0.0.49 "POST /v2.0/subnets HTTP/1.1" status: 201 len: 819 time: 0.6828732
2026-09-01 19:44:56.627 10 WARNING neutron.api.v2.base [None req-9a19a29d-ad41-486e-aeeb-763d0664c4ed a73fe8402a034a2c8111a532fcec48e2 5f9913c00bfd4b37b443850170da72a2 - - - -] An exception happened while processing the request body. The exception message is [Invalid input for target_tenant. Reason: 'None' is not a valid string.].: webob.exc.HTTPBadRequest: Invalid input for target_tenant. Reason: 'None' is not a valid string.
2026-09-01 19:44:56.627 10 INFO neutron.api.v2.resource [None req-9a19a29d-ad41-486e-aeeb-763d0664c4ed a73fe8402a034a2c8111a532fcec48e2 5f9913c00bfd4b37b443850170da72a2 - - - -] create failed (client error): Invalid input for target_tenant. Reason: 'None' is not a valid string.
2026-09-01 19:44:56.628 10 INFO neutron.wsgi [None req-9a19a29d-ad41-486e-aeeb-763d0664c4ed a73fe8402a034a2c8111a532fcec48e2 5f9913c00bfd4b37b443850170da72a2 - - - -] 10.0.0.49 "POST /v2.0/rbac-policies HTTP/1.1" status: 400 len: 346 time: 0.0051615
2026-09-01 19:44:56.695 10 INFO neutron.wsgi [None req-be014c91-ff95-4374-a87e-c7771a0dc3b4 69ba81a6b9c949eaa967155b471c84a3 c87f6942f7854aca991f2799cb51e77b - - - -] 10.0.0.49 "DELETE /v2.0/floatingips/9cd8117c-b819-44bc-8f81-39612adef265 HTTP/1.1" status: 204 len: 168 time: 0.4067862
2026-09-01 19:44:56.718 10 INFO neutron.api.v2.resource [None req-c0cea133-94b2-4c13-bbe8-c390dfc502dd 69ba81a6b9c949eaa967155b471c84a3 c87f6942f7854aca991f2799cb51e77b - - - -] delete failed (client error): The resource could not be found.
2026-09-01 19:44:56.719 10 INFO neutron.wsgi [None req-c0cea133-94b2-4c13-bbe8-c390dfc502dd 69ba81a6b9c949eaa967155b471c84a3 c87f6942f7854aca991f2799cb51e77b - - - -] 10.0.0.49 "DELETE /v2.0/floatingips/9cd8117c-b819-44bc-8f81-39612adef265 HTTP/1.1" status: 404 len: 345 time: 0.0194426
2026-09-01 19:44:57.037 10 INFO neutron.wsgi [None req-847a7808-9720-421f-901b-b42761f8c5c3 69ba81a6b9c949eaa967155b471c84a3 c87f6942f7854aca991f2799cb51e77b - - - -] 10.0.0.49 "DELETE /v2.0/ports/78ff8bcd-29d0-47c8-bdd8-92de4edd7c1a HTTP/1.1" status: 204 len: 168 time: 0.3132317
2026-09-01 19:44:57.209 9 INFO neutron.services.segments.plugin [-] Segment 6b454c04-737b-4ebd-b493-f1848c76a046 resource provider aggregate not found
2026-09-01 19:44:57.214 9 INFO neutron.services.segments.plugin [-] Segment 6b454c04-737b-4ebd-b493-f1848c76a046 resource provider aggregate not found
2026-09-01 19:44:57.231 9 INFO neutron.services.segments.plugin [-] Segment 6b454c04-737b-4ebd-b493-f1848c76a046 resource provider not found; error: Placement Client Error (4xx): {"errors": [{"status": 404, "title": "Not Found", "detail": "The resource could not be found.\n\n No resource provider with uuid 6b454c04-737b-4ebd-b493-f1848c76a046 found for delete ", "request_id": "req-3c106188-a122-47a8-b2a1-084870eae733"}]}
2026-09-01 19:44:57.234 9 INFO neutron.services.segments.plugin [-] Segment 6b454c04-737b-4ebd-b493-f1848c76a046 resource provider not found; error: Placement Client Error (4xx): {"errors": [{"status": 404, "title": "Not Found", "detail": "The resource could not be found.\n\n No resource provider with uuid 6b454c04-737b-4ebd-b493-f1848c76a046 found for delete ", "request_id": "req-0dd1d41f-0f22-44d0-a4b8-881321ce4d5c"}]}
2026-09-01 19:44:57.244 9 INFO neutron.wsgi [None req-00a5f127-2b55-4962-99e1-a468b3a1df6f a73fe8402a034a2c8111a532fcec48e2 5f9913c00bfd4b37b443850170da72a2 - - - -] 10.0.0.49 "DELETE /v2.0/networks/bb37806c-0b07-412d-994b-0b876e6cb3fb HTTP/1.1" status: 204 len: 168 time: 0.6073902
2026-09-01 19:44:57.344 9 INFO neutron.db.segments_db [None req-6fe50e38-291e-485d-8a35-821b6587b64c a73fe8402a034a2c8111a532fcec48e2 5f9913c00bfd4b37b443850170da72a2 - - - -] Added segment 0c228ce1-e21f-4ec6-81f9-01986aa8ca24 of type geneve for network 1ddc245d-3aa8-4a10-802d-4472f5e27bbf
2026-09-01 19:44:57.369 10 INFO neutron.wsgi [None req-4479b8d0-8a39-4976-b3e5-f34153da6e57 69ba81a6b9c949eaa967155b471c84a3 c87f6942f7854aca991f2799cb51e77b - - - -] 10.0.0.49 "DELETE /v2.0/ports/6da0fba2-9b58-463f-bead-2efe74b33b1a HTTP/1.1" status: 204 len: 168 time: 0.3278391
2026-09-01 19:44:57.473 9 INFO neutron.wsgi [None req-0b0f17f6-f44a-4a98-9218-a53274e4470c 69ba81a6b9c949eaa967155b471c84a3 c87f6942f7854aca991f2799cb51e77b - - default default] 10.0.0.49 "GET /v2.0/ports?device_id=002bdf8b-3a1f-4435-b9c9-abbdb1e98bf0 HTTP/1.1" status: 200 len: 1140 time: 0.0973754
2026-09-01 19:44:57.473 9 INFO neutron.db.ovn_revision_numbers_db [None req-6fe50e38-291e-485d-8a35-821b6587b64c a73fe8402a034a2c8111a532fcec48e2 5f9913c00bfd4b37b443850170da72a2 - - - -] Successfully bumped revision number for resource 1ddc245d-3aa8-4a10-802d-4472f5e27bbf (type: networks) to 1
2026-09-01 19:44:57.614 9 WARNING neutron.scheduler.dhcp_agent_scheduler [None req-6fe50e38-291e-485d-8a35-821b6587b64c a73fe8402a034a2c8111a532fcec48e2 5f9913c00bfd4b37b443850170da72a2 - - - -] No more DHCP agents
2026-09-01 19:44:57.616 9 WARNING neutron.api.rpc.agentnotifiers.dhcp_rpc_agent_api [None req-6fe50e38-291e-485d-8a35-821b6587b64c a73fe8402a034a2c8111a532fcec48e2 5f9913c00bfd4b37b443850170da72a2 - - - -] Unable to schedule network 1ddc245d-3aa8-4a10-802d-4472f5e27bbf: no agents available; will retry on subsequent port and subnet creation events.
2026-09-01 19:44:57.711 9 INFO neutron.db.ovn_revision_numbers_db [None req-6fe50e38-291e-485d-8a35-821b6587b64c a73fe8402a034a2c8111a532fcec48e2 5f9913c00bfd4b37b443850170da72a2 - - - -] Successfully bumped revision number for resource 66486390-8267-4ec1-b630-264be46f46a4 (type: ports) to 1
2026-09-01 19:44:57.713 10 INFO neutron.db.ovn_revision_numbers_db [None req-ca4fa31d-b1b6-4d0c-a4ce-91f86e1c61ea 9c9907038a0b4413b86c949ff97546df bfa164cb3ea9454b8e02fd0d6b910aa8 - - - -] Successfully bumped revision number for resource a2fb7841-104c-4160-8af3-26e476f95e03 (type: security_groups) to 1
2026-09-01 19:44:57.735 9 INFO neutron.wsgi [None req-6fe50e38-291e-485d-8a35-821b6587b64c a73fe8402a034a2c8111a532fcec48e2 5f9913c00bfd4b37b443850170da72a2 - - - -] 10.0.0.49 "POST /v2.0/networks HTTP/1.1" status: 201 len: 929 time: 0.4835360
2026-09-01 19:44:57.799 10 INFO neutron.db.segments_db [None req-ca4fa31d-b1b6-4d0c-a4ce-91f86e1c61ea 9c9907038a0b4413b86c949ff97546df bfa164cb3ea9454b8e02fd0d6b910aa8 - - - -] Added segment 499afaef-a2b8-4aeb-bcba-e93d021be648 of type geneve for network 8b3f81e5-f3ba-49be-87f5-ba17320abfa3
2026-09-01 19:44:57.885 9 WARNING neutron.scheduler.dhcp_agent_scheduler [None req-b9111f66-a825-4285-a65a-e38a370c7f7a a73fe8402a034a2c8111a532fcec48e2 5f9913c00bfd4b37b443850170da72a2 - - - -] No more DHCP agents
2026-09-01 19:44:57.888 9 WARNING neutron.api.rpc.agentnotifiers.dhcp_rpc_agent_api [None req-b9111f66-a825-4285-a65a-e38a370c7f7a a73fe8402a034a2c8111a532fcec48e2 5f9913c00bfd4b37b443850170da72a2 - - - -] Unable to schedule network 1ddc245d-3aa8-4a10-802d-4472f5e27bbf: no agents available; will retry on subsequent port and subnet creation events.
2026-09-01 19:44:58.200 10 INFO neutron.db.ovn_revision_numbers_db [None req-ca4fa31d-b1b6-4d0c-a4ce-91f86e1c61ea 9c9907038a0b4413b86c949ff97546df bfa164cb3ea9454b8e02fd0d6b910aa8 - - - -] Successfully bumped revision number for resource 8b3f81e5-f3ba-49be-87f5-ba17320abfa3 (type: networks) to 1
2026-09-01 19:44:58.242 9 INFO neutron.db.ovn_revision_numbers_db [None req-b9111f66-a825-4285-a65a-e38a370c7f7a a73fe8402a034a2c8111a532fcec48e2 5f9913c00bfd4b37b443850170da72a2 - - - -] Successfully bumped revision number for resource 66486390-8267-4ec1-b630-264be46f46a4 (type: ports) to 2
2026-09-01 19:44:58.253 9 INFO neutron.db.ovn_revision_numbers_db [None req-b9111f66-a825-4285-a65a-e38a370c7f7a a73fe8402a034a2c8111a532fcec48e2 5f9913c00bfd4b37b443850170da72a2 - - - -] Successfully bumped revision number for resource 7ede7fe8-b5fa-4fd2-9ed9-e6d1017ea7cc (type: subnets) to 0
2026-09-01 19:44:58.266 9 INFO neutron.wsgi [None req-b9111f66-a825-4285-a65a-e38a370c7f7a a73fe8402a034a2c8111a532fcec48e2 5f9913c00bfd4b37b443850170da72a2 - - - -] 10.0.0.49 "POST /v2.0/subnets HTTP/1.1" status: 201 len: 822 time: 0.5245135
