2026-09-01 19:44:58.282 9 WARNING neutron.api.v2.base [None req-f91c7a46-8265-4501-b1b7-aa9e8ca4b4e4 a73fe8402a034a2c8111a532fcec48e2 5f9913c00bfd4b37b443850170da72a2 - - - -] An exception happened while processing the request body. The exception message is [Invalid input for target_tenant. Reason: '1234123412341234123412341234123412341234123412341234123412341234123412341234123412341234123412341234123412341234123412341234123412341234123412341234123412341234123412341234123412341234123412341234123412341234123412341234123412341234123412341234123412341234123412341234123412341234123412341234123412341234123412341234123412341234123412341234123412341234123412341234123412341234123412341234123412341234' exceeds maximum length of 255.].: webob.exc.HTTPBadRequest: Invalid input for target_tenant. Reason: '1234123412341234123412341234123412341234123412341234123412341234123412341234123412341234123412341234123412341234123412341234123412341234123412341234123412341234123412341234123412341234123412341234123412341234123412341234123412341234123412341234123412341234123412341234123412341234123412341234123412341234123412341234123412341234123412341234123412341234123412341234123412341234123412341234123412341234' exceeds maximum length of 255.
2026-09-01 19:44:58.283 9 INFO neutron.api.v2.resource [None req-f91c7a46-8265-4501-b1b7-aa9e8ca4b4e4 a73fe8402a034a2c8111a532fcec48e2 5f9913c00bfd4b37b443850170da72a2 - - - -] create failed (client error): Invalid input for target_tenant. Reason: '1234123412341234123412341234123412341234123412341234123412341234123412341234123412341234123412341234123412341234123412341234123412341234123412341234123412341234123412341234123412341234123412341234123412341234123412341234123412341234123412341234123412341234123412341234123412341234123412341234123412341234123412341234123412341234123412341234123412341234123412341234123412341234123412341234123412341234' exceeds maximum length of 255.
2026-09-01 19:44:58.283 9 INFO neutron.wsgi [None req-f91c7a46-8265-4501-b1b7-aa9e8ca4b4e4 a73fe8402a034a2c8111a532fcec48e2 5f9913c00bfd4b37b443850170da72a2 - - - -] 10.0.0.49 "POST /v2.0/rbac-policies HTTP/1.1" status: 400 len: 750 time: 0.0043666
2026-09-01 19:44:58.401 10 WARNING neutron.scheduler.dhcp_agent_scheduler [None req-ca4fa31d-b1b6-4d0c-a4ce-91f86e1c61ea 9c9907038a0b4413b86c949ff97546df bfa164cb3ea9454b8e02fd0d6b910aa8 - - - -] No more DHCP agents
2026-09-01 19:44:58.404 10 WARNING neutron.api.rpc.agentnotifiers.dhcp_rpc_agent_api [None req-ca4fa31d-b1b6-4d0c-a4ce-91f86e1c61ea 9c9907038a0b4413b86c949ff97546df bfa164cb3ea9454b8e02fd0d6b910aa8 - - - -] Unable to schedule network 8b3f81e5-f3ba-49be-87f5-ba17320abfa3: no agents available; will retry on subsequent port and subnet creation events.
2026-09-01 19:44:58.488 10 INFO neutron.db.ovn_revision_numbers_db [None req-ca4fa31d-b1b6-4d0c-a4ce-91f86e1c61ea 9c9907038a0b4413b86c949ff97546df bfa164cb3ea9454b8e02fd0d6b910aa8 - - - -] Successfully bumped revision number for resource c435ff52-27ae-42c5-baff-ab21060d6640 (type: ports) to 1
2026-09-01 19:44:58.518 10 INFO neutron.wsgi [None req-ca4fa31d-b1b6-4d0c-a4ce-91f86e1c61ea 9c9907038a0b4413b86c949ff97546df bfa164cb3ea9454b8e02fd0d6b910aa8 - - - -] 10.0.0.49 "POST /v2.0/networks HTTP/1.1" status: 201 len: 848 time: 1.2632511
2026-09-01 19:44:58.850 10 WARNING neutron.scheduler.dhcp_agent_scheduler [None req-f332b6e6-f626-43c6-966d-b2838d549e6a 9c9907038a0b4413b86c949ff97546df bfa164cb3ea9454b8e02fd0d6b910aa8 - - - -] No more DHCP agents
2026-09-01 19:44:58.854 10 WARNING neutron.api.rpc.agentnotifiers.dhcp_rpc_agent_api [None req-f332b6e6-f626-43c6-966d-b2838d549e6a 9c9907038a0b4413b86c949ff97546df bfa164cb3ea9454b8e02fd0d6b910aa8 - - - -] Unable to schedule network 8b3f81e5-f3ba-49be-87f5-ba17320abfa3: no agents available; will retry on subsequent port and subnet creation events.
2026-09-01 19:44:58.936 10 INFO neutron.wsgi [None req-4e299d2f-78b6-440d-97b9-73eddc420460 69ba81a6b9c949eaa967155b471c84a3 c87f6942f7854aca991f2799cb51e77b - - - -] 10.0.0.49 "PUT /v2.0/routers/002bdf8b-3a1f-4435-b9c9-abbdb1e98bf0/remove_router_interface HTTP/1.1" status: 200 len: 503 time: 1.4569349
2026-09-01 19:44:58.949 10 INFO neutron.db.ovn_revision_numbers_db [None req-f332b6e6-f626-43c6-966d-b2838d549e6a 9c9907038a0b4413b86c949ff97546df bfa164cb3ea9454b8e02fd0d6b910aa8 - - - -] Successfully bumped revision number for resource e0f938ce-16df-4183-8707-7c07762625da (type: ports) to 1
2026-09-01 19:44:58.967 10 INFO neutron.wsgi [None req-f332b6e6-f626-43c6-966d-b2838d549e6a 9c9907038a0b4413b86c949ff97546df bfa164cb3ea9454b8e02fd0d6b910aa8 - - - -] 10.0.0.49 "POST /v2.0/ports HTTP/1.1" status: 201 len: 978 time: 0.4427967 /var/lib/openstack/lib/python3.10/site-packages/pycadf/identifier.py:71: UserWarning: Invalid uuid: neutron. To ensure interoperability, identifiers should be a valid uuid. warnings.warn(('Invalid uuid: %s. To ensure interoperability, '
2026-09-01 19:44:59.050 10 INFO neutron.db.segments_db [None req-84e8e3f6-a1af-43b9-be8d-3f6d861b5871 9c9907038a0b4413b86c949ff97546df bfa164cb3ea9454b8e02fd0d6b910aa8 - - - -] Added segment d01e4e2c-efea-4ede-b64c-acf999912474 of type geneve for network 279e2fb0-993a-452b-9f4e-6ccd2ce8db15
2026-09-01 19:44:59.142 10 WARNING neutron.plugins.ml2.drivers.ovn.mech_driver.ovsdb.ovn_client [None req-3f4f5cba-9913-478e-8bd0-1edd776517b6 - - - - - -] No port found with ID 2f6ae2ca-6967-41ec-a336-937b0c73528d: RuntimeError: No port found with ID 2f6ae2ca-6967-41ec-a336-937b0c73528d
2026-09-01 19:44:59.145 9 INFO neutron.wsgi [None req-c0ab9796-b7ee-45c8-9f00-464211ed894e a73fe8402a034a2c8111a532fcec48e2 5f9913c00bfd4b37b443850170da72a2 - - - -] 10.0.0.49 "DELETE /v2.0/networks/1ddc245d-3aa8-4a10-802d-4472f5e27bbf HTTP/1.1" status: 204 len: 168 time: 0.8562450 /var/lib/openstack/lib/python3.10/site-packages/pycadf/identifier.py:71: UserWarning: Invalid uuid: neutron. To ensure interoperability, identifiers should be a valid uuid. warnings.warn(('Invalid uuid: %s. To ensure interoperability, '
2026-09-01 19:44:59.255 10 INFO neutron.db.ovn_revision_numbers_db [None req-84e8e3f6-a1af-43b9-be8d-3f6d861b5871 9c9907038a0b4413b86c949ff97546df bfa164cb3ea9454b8e02fd0d6b910aa8 - - - -] Successfully bumped revision number for resource 279e2fb0-993a-452b-9f4e-6ccd2ce8db15 (type: networks) to 1
2026-09-01 19:44:59.256 9 INFO neutron.services.segments.plugin [-] Segment 0c228ce1-e21f-4ec6-81f9-01986aa8ca24 resource provider aggregate not found
2026-09-01 19:44:59.265 9 INFO neutron.services.segments.plugin [-] Segment 0c228ce1-e21f-4ec6-81f9-01986aa8ca24 resource provider aggregate not found
2026-09-01 19:44:59.295 9 INFO neutron.services.segments.plugin [-] Segment 0c228ce1-e21f-4ec6-81f9-01986aa8ca24 resource provider not found; error: Placement Client Error (4xx): {"errors": [{"status": 404, "title": "Not Found", "detail": "The resource could not be found.\n\n No resource provider with uuid 0c228ce1-e21f-4ec6-81f9-01986aa8ca24 found for delete ", "request_id": "req-82b9eb19-a559-4d21-8676-1ab626d02321"}]}
2026-09-01 19:44:59.297 9 INFO neutron.services.segments.plugin [-] Segment 0c228ce1-e21f-4ec6-81f9-01986aa8ca24 resource provider not found; error: Placement Client Error (4xx): {"errors": [{"status": 404, "title": "Not Found", "detail": "The resource could not be found.\n\n No resource provider with uuid 0c228ce1-e21f-4ec6-81f9-01986aa8ca24 found for delete ", "request_id": "req-dd9bbc42-7500-4095-a9f6-b48e4ddf10d5"}]}
2026-09-01 19:44:59.334 10 INFO neutron.db.segments_db [None req-bf64c353-d8ce-4866-8e25-a8c4d9eb83fc a73fe8402a034a2c8111a532fcec48e2 5f9913c00bfd4b37b443850170da72a2 - - - -] Added segment e12c21c9-ee32-4b37-8b9a-751f677ac840 of type geneve for network 9f22e7e9-9e8a-4b90-83ba-c5d083d3eeea
2026-09-01 19:44:59.477 10 WARNING neutron.scheduler.dhcp_agent_scheduler [None req-84e8e3f6-a1af-43b9-be8d-3f6d861b5871 9c9907038a0b4413b86c949ff97546df bfa164cb3ea9454b8e02fd0d6b910aa8 - - - -] No more DHCP agents
2026-09-01 19:44:59.482 10 WARNING neutron.api.rpc.agentnotifiers.dhcp_rpc_agent_api [None req-84e8e3f6-a1af-43b9-be8d-3f6d861b5871 9c9907038a0b4413b86c949ff97546df bfa164cb3ea9454b8e02fd0d6b910aa8 - - - -] Unable to schedule network 279e2fb0-993a-452b-9f4e-6ccd2ce8db15: no agents available; will retry on subsequent port and subnet creation events.
2026-09-01 19:44:59.500 10 INFO neutron.db.ovn_revision_numbers_db [None req-bf64c353-d8ce-4866-8e25-a8c4d9eb83fc a73fe8402a034a2c8111a532fcec48e2 5f9913c00bfd4b37b443850170da72a2 - - - -] Successfully bumped revision number for resource 9f22e7e9-9e8a-4b90-83ba-c5d083d3eeea (type: networks) to 1
2026-09-01 19:44:59.630 10 INFO neutron.db.ovn_revision_numbers_db [None req-84e8e3f6-a1af-43b9-be8d-3f6d861b5871 9c9907038a0b4413b86c949ff97546df bfa164cb3ea9454b8e02fd0d6b910aa8 - - - -] Successfully bumped revision number for resource ff86bd63-c312-4f81-b831-e098c5bb8bae (type: ports) to 1
2026-09-01 19:44:59.688 9 INFO neutron.wsgi [None req-bf5fe50c-7007-4868-8766-f0ffcb532559 69ba81a6b9c949eaa967155b471c84a3 c87f6942f7854aca991f2799cb51e77b - - - -] 10.0.0.49 "DELETE /v2.0/routers/002bdf8b-3a1f-4435-b9c9-abbdb1e98bf0 HTTP/1.1" status: 204 len: 168 time: 0.7449839
2026-09-01 19:44:59.689 10 INFO neutron.wsgi [None req-84e8e3f6-a1af-43b9-be8d-3f6d861b5871 9c9907038a0b4413b86c949ff97546df bfa164cb3ea9454b8e02fd0d6b910aa8 - - - -] 10.0.0.49 "POST /v2.0/networks HTTP/1.1" status: 201 len: 834 time: 0.7158723
2026-09-01 19:44:59.760 10 WARNING neutron.scheduler.dhcp_agent_scheduler [None req-bf64c353-d8ce-4866-8e25-a8c4d9eb83fc a73fe8402a034a2c8111a532fcec48e2 5f9913c00bfd4b37b443850170da72a2 - - - -] No more DHCP agents
2026-09-01 19:44:59.762 10 WARNING neutron.api.rpc.agentnotifiers.dhcp_rpc_agent_api [None req-bf64c353-d8ce-4866-8e25-a8c4d9eb83fc a73fe8402a034a2c8111a532fcec48e2 5f9913c00bfd4b37b443850170da72a2 - - - -] Unable to schedule network 9f22e7e9-9e8a-4b90-83ba-c5d083d3eeea: no agents available; will retry on subsequent port and subnet creation events. /var/lib/openstack/lib/python3.10/site-packages/pycadf/identifier.py:71: UserWarning: Invalid uuid: neutron. To ensure interoperability, identifiers should be a valid uuid. warnings.warn(('Invalid uuid: %s. To ensure interoperability, '
2026-09-01 19:44:59.827 10 INFO neutron.db.ovn_revision_numbers_db [None req-bf64c353-d8ce-4866-8e25-a8c4d9eb83fc a73fe8402a034a2c8111a532fcec48e2 5f9913c00bfd4b37b443850170da72a2 - - - -] Successfully bumped revision number for resource deedd998-3402-45b7-9be8-f401c241c5d0 (type: ports) to 1
2026-09-01 19:44:59.859 10 INFO neutron.wsgi [None req-bf64c353-d8ce-4866-8e25-a8c4d9eb83fc a73fe8402a034a2c8111a532fcec48e2 5f9913c00bfd4b37b443850170da72a2 - - - -] 10.0.0.49 "POST /v2.0/networks HTTP/1.1" status: 201 len: 928 time: 0.6950102
2026-09-01 19:44:59.940 10 INFO neutron.wsgi [req-ff8a32c6-866a-4092-a41c-001f92bb626b req-a74b9f78-8587-4868-a72d-feaa0a8a4a33 62c5c757db3a431ba27cbdbe60757e1e 22aed31872e34f8b8c58861d5d293f64 - - default default] 10.0.0.126 "GET /v2.0/ports?device_id=d8992790-c58e-4e4a-8f09-0bebed6ac2a1 HTTP/1.1" status: 200 len: 1174 time: 0.1206949
2026-09-01 19:44:59.963 9 INFO neutron.wsgi [None req-0b74308f-f2aa-4a21-86f8-f8379af27e60 69ba81a6b9c949eaa967155b471c84a3 c87f6942f7854aca991f2799cb51e77b - - - -] 10.0.0.49 "DELETE /v2.0/subnets/ee5dbf63-1e33-480b-8125-ff44f9067d45 HTTP/1.1" status: 204 len: 168 time: 0.2675054
2026-09-01 19:44:59.989 10 INFO neutron.wsgi [req-ff8a32c6-866a-4092-a41c-001f92bb626b req-d36ab712-45f2-40bc-9dc2-ed33b070c292 62c5c757db3a431ba27cbdbe60757e1e 22aed31872e34f8b8c58861d5d293f64 - - default default] 10.0.0.126 "GET /v2.0/security-groups?id=2096d28f-a08d-4af3-803c-0e4201091bd2&fields=id&fields=name HTTP/1.1" status: 200 len: 312 time: 0.0324874
2026-09-01 19:45:00.022 9 WARNING neutron.scheduler.dhcp_agent_scheduler [None req-7ba72f6b-c45d-4338-86e7-bb51a8e2a918 9c9907038a0b4413b86c949ff97546df bfa164cb3ea9454b8e02fd0d6b910aa8 - - - -] No more DHCP agents
2026-09-01 19:45:00.025 9 WARNING neutron.api.rpc.agentnotifiers.dhcp_rpc_agent_api [None req-7ba72f6b-c45d-4338-86e7-bb51a8e2a918 9c9907038a0b4413b86c949ff97546df bfa164cb3ea9454b8e02fd0d6b910aa8 - - - -] Unable to schedule network 279e2fb0-993a-452b-9f4e-6ccd2ce8db15: no agents available; will retry on subsequent port and subnet creation events.
2026-09-01 19:45:00.057 10 WARNING neutron.scheduler.dhcp_agent_scheduler [None req-f6802924-6e08-4507-882f-7ae199a34abd a73fe8402a034a2c8111a532fcec48e2 5f9913c00bfd4b37b443850170da72a2 - - - -] No more DHCP agents
2026-09-01 19:45:00.058 9 INFO neutron.db.ovn_revision_numbers_db [None req-7ba72f6b-c45d-4338-86e7-bb51a8e2a918 9c9907038a0b4413b86c949ff97546df bfa164cb3ea9454b8e02fd0d6b910aa8 - - - -] Successfully bumped revision number for resource fdca2471-e0ce-4b2e-9b15-c2d5b84de5df (type: subnets) to 0
2026-09-01 19:45:00.059 10 WARNING neutron.api.rpc.agentnotifiers.dhcp_rpc_agent_api [None req-f6802924-6e08-4507-882f-7ae199a34abd a73fe8402a034a2c8111a532fcec48e2 5f9913c00bfd4b37b443850170da72a2 - - - -] Unable to schedule network 9f22e7e9-9e8a-4b90-83ba-c5d083d3eeea: no agents available; will retry on subsequent port and subnet creation events.
2026-09-01 19:45:00.076 9 INFO neutron.wsgi [None req-7ba72f6b-c45d-4338-86e7-bb51a8e2a918 9c9907038a0b4413b86c949ff97546df bfa164cb3ea9454b8e02fd0d6b910aa8 - - - -] 10.0.0.49 "POST /v2.0/subnets HTTP/1.1" status: 201 len: 821 time: 0.3796470
2026-09-01 19:45:00.241 10 INFO neutron.wsgi [req-198fd8f2-57f2-4d9c-81d3-3c4aa213003b req-f25acad9-489f-4b7d-a07f-df9f38b94cae 62c5c757db3a431ba27cbdbe60757e1e 22aed31872e34f8b8c58861d5d293f64 - - default default] 10.0.0.126 "GET /v2.0/ports?device_id=d8992790-c58e-4e4a-8f09-0bebed6ac2a1 HTTP/1.1" status: 200 len: 1174 time: 0.0367131
2026-09-01 19:45:00.279 10 INFO neutron.plugins.ml2.drivers.ovn.mech_driver.mech_driver [None req-3f4f5cba-9913-478e-8bd0-1edd776517b6 - - - - - -] OVN reports status down for port: 3ca4a9fb-36d9-4e2b-8013-fbc1b5dbc246
2026-09-01 19:45:00.321 10 INFO neutron.wsgi [req-198fd8f2-57f2-4d9c-81d3-3c4aa213003b req-e2e5b682-64b7-4436-a77d-679b584bfd62 62c5c757db3a431ba27cbdbe60757e1e 22aed31872e34f8b8c58861d5d293f64 - - default default] 10.0.0.126 "GET /v2.0/security-groups?id=2096d28f-a08d-4af3-803c-0e4201091bd2&fields=id&fields=name HTTP/1.1" status: 200 len: 312 time: 0.0678022
2026-09-01 19:45:00.493 10 INFO neutron.notifiers.nova [-] Nova event matching ['req-557f4522-2b72-44fe-9b06-64f0dacfa802'] response: {'server_uuid': 'd8992790-c58e-4e4a-8f09-0bebed6ac2a1', 'name': 'network-vif-unplugged', 'status': 'completed', 'tag': '3ca4a9fb-36d9-4e2b-8013-fbc1b5dbc246', 'code': 200}
2026-09-01 19:45:00.524 9 INFO neutron.wsgi [None req-5bd1441c-f88c-48cc-893b-3728e87f2d8e 69ba81a6b9c949eaa967155b471c84a3 c87f6942f7854aca991f2799cb51e77b - - - -] 10.0.0.49 "DELETE /v2.0/networks/c9847600-159f-446e-8099-4c65d3b46678 HTTP/1.1" status: 204 len: 168 time: 0.5554669
2026-09-01 19:45:00.568 9 WARNING neutron.scheduler.dhcp_agent_scheduler [None req-bae67e9d-b5c7-4696-80ce-286fc2abba64 9c9907038a0b4413b86c949ff97546df bfa164cb3ea9454b8e02fd0d6b910aa8 - - - -] No more DHCP agents
2026-09-01 19:45:00.570 9 WARNING neutron.api.rpc.agentnotifiers.dhcp_rpc_agent_api [None req-bae67e9d-b5c7-4696-80ce-286fc2abba64 9c9907038a0b4413b86c949ff97546df bfa164cb3ea9454b8e02fd0d6b910aa8 - - - -] Unable to schedule network 279e2fb0-993a-452b-9f4e-6ccd2ce8db15: no agents available; will retry on subsequent port and subnet creation events.
2026-09-01 19:45:00.619 10 INFO neutron.wsgi [req-00277bd3-4c69-4288-b311-9f48b0190ef0 req-b260ca06-daec-44d3-a3a6-18c82b88875f 62c5c757db3a431ba27cbdbe60757e1e 22aed31872e34f8b8c58861d5d293f64 - - default default] 162.253.55.125 "GET /v2.0/ports?device_id=d8992790-c58e-4e4a-8f09-0bebed6ac2a1 HTTP/1.1" status: 200 len: 1172 time: 0.0683520
2026-09-01 19:45:00.665 9 INFO neutron.db.ovn_revision_numbers_db [None req-bae67e9d-b5c7-4696-80ce-286fc2abba64 9c9907038a0b4413b86c949ff97546df bfa164cb3ea9454b8e02fd0d6b910aa8 - - - -] Successfully bumped revision number for resource ec686139-ca03-473a-98fe-da380b8ee237 (type: ports) to 1
2026-09-01 19:45:00.692 9 INFO neutron.wsgi [None req-bae67e9d-b5c7-4696-80ce-286fc2abba64 9c9907038a0b4413b86c949ff97546df bfa164cb3ea9454b8e02fd0d6b910aa8 - - - -] 10.0.0.49 "POST /v2.0/ports HTTP/1.1" status: 201 len: 1164 time: 0.6126218 /var/lib/openstack/lib/python3.10/site-packages/pycadf/identifier.py:71: UserWarning: Invalid uuid: neutron. To ensure interoperability, identifiers should be a valid uuid. warnings.warn(('Invalid uuid: %s. To ensure interoperability, '
2026-09-01 19:45:00.769 10 INFO neutron.db.ovn_revision_numbers_db [None req-f6802924-6e08-4507-882f-7ae199a34abd a73fe8402a034a2c8111a532fcec48e2 5f9913c00bfd4b37b443850170da72a2 - - - -] Successfully bumped revision number for resource deedd998-3402-45b7-9be8-f401c241c5d0 (type: ports) to 2
2026-09-01 19:45:00.776 10 INFO neutron.db.ovn_revision_numbers_db [None req-3f4f5cba-9913-478e-8bd0-1edd776517b6 - - - - - -] Successfully bumped revision number for resource 3ca4a9fb-36d9-4e2b-8013-fbc1b5dbc246 (type: ports) to 7
2026-09-01 19:45:00.814 10 INFO neutron.db.ovn_revision_numbers_db [None req-f6802924-6e08-4507-882f-7ae199a34abd a73fe8402a034a2c8111a532fcec48e2 5f9913c00bfd4b37b443850170da72a2 - - - -] Successfully bumped revision number for resource f151d3ef-6323-4057-94f7-8d7d4f00a5bb (type: subnets) to 0
2026-09-01 19:45:00.837 10 INFO neutron.wsgi [None req-f6802924-6e08-4507-882f-7ae199a34abd a73fe8402a034a2c8111a532fcec48e2 5f9913c00bfd4b37b443850170da72a2 - - - -] 10.0.0.49 "POST /v2.0/subnets HTTP/1.1" status: 201 len: 822 time: 0.9720690
2026-09-01 19:45:00.972 9 INFO neutron.wsgi [None req-f0f362d7-7a7a-4dc0-8353-88690178081a 9c9907038a0b4413b86c949ff97546df bfa164cb3ea9454b8e02fd0d6b910aa8 - - - -] 10.0.0.49 "DELETE /v2.0/ports/ec686139-ca03-473a-98fe-da380b8ee237 HTTP/1.1" status: 204 len: 168 time: 0.2764125
2026-09-01 19:45:00.993 9 INFO neutron.pecan_wsgi.hooks.translation [None req-aed52c73-16a4-4540-a3d4-821c3596e784 9c9907038a0b4413b86c949ff97546df bfa164cb3ea9454b8e02fd0d6b910aa8 - - - -] DELETE failed (client error): The resource could not be found.
2026-09-01 19:45:00.995 9 INFO neutron.wsgi [None req-aed52c73-16a4-4540-a3d4-821c3596e784 9c9907038a0b4413b86c949ff97546df bfa164cb3ea9454b8e02fd0d6b910aa8 - - - -] 10.0.0.49 "DELETE /v2.0/ports/ec686139-ca03-473a-98fe-da380b8ee237 HTTP/1.1" status: 404 len: 333 time: 0.0158560
2026-09-01 19:45:01.023 9 INFO neutron.pecan_wsgi.hooks.translation [None req-5111f199-dccd-463d-82b0-5060f7c29229 9c9907038a0b4413b86c949ff97546df bfa164cb3ea9454b8e02fd0d6b910aa8 - - default default] GET failed (client error): The resource could not be found.
2026-09-01 19:45:01.024 9 INFO neutron.wsgi [None req-5111f199-dccd-463d-82b0-5060f7c29229 9c9907038a0b4413b86c949ff97546df bfa164cb3ea9454b8e02fd0d6b910aa8 - - default default] 10.0.0.49 "GET /v2.0/ports/ec686139-ca03-473a-98fe-da380b8ee237 HTTP/1.1" status: 404 len: 333 time: 0.0235181
2026-09-01 19:45:01.254 9 INFO neutron.wsgi [None req-26a2c6aa-8d06-4733-afb0-afa4d2974ea3 9c9907038a0b4413b86c949ff97546df bfa164cb3ea9454b8e02fd0d6b910aa8 - - - -] 10.0.0.49 "DELETE /v2.0/subnets/fdca2471-e0ce-4b2e-9b15-c2d5b84de5df HTTP/1.1" status: 204 len: 168 time: 0.2206974 /var/lib/openstack/lib/python3.10/site-packages/pycadf/identifier.py:71: UserWarning: Invalid uuid: neutron. To ensure interoperability, identifiers should be a valid uuid. warnings.warn(('Invalid uuid: %s. To ensure interoperability, '
2026-09-01 19:45:01.270 9 INFO neutron.wsgi [None req-1eac3b76-2760-4b80-acef-26e428d9586f e8f6cb9d979f4f68863f5b5ee3098f32 9028f440acb64fd99caf8d503d0457cf - - default default] 10.0.0.49 "GET /v2.0/security-groups?tenant_id=c87f6942f7854aca991f2799cb51e77b&name=default HTTP/1.1" status: 200 len: 2996 time: 0.1699667
2026-09-01 19:45:01.325 10 INFO neutron.db.l3_db [None req-5bc77015-658e-45c0-8d0b-efd57a94a124 62c5c757db3a431ba27cbdbe60757e1e 22aed31872e34f8b8c58861d5d293f64 - - - -] Floating IP 29db0347-7acd-4cf0-8533-a0cb182bbe00 disassociated. External IP: 10.96.250.208, port: 3ca4a9fb-36d9-4e2b-8013-fbc1b5dbc246.
2026-09-01 19:45:01.325 9 INFO neutron.services.segments.plugin [-] Segment 7e5b8a59-054d-49c0-886e-77111a631c75 resource provider aggregate not found
2026-09-01 19:45:01.335 9 INFO neutron.services.segments.plugin [-] Segment 7e5b8a59-054d-49c0-886e-77111a631c75 resource provider aggregate not found
2026-09-01 19:45:01.343 9 INFO neutron.services.segments.plugin [-] Segment 7e5b8a59-054d-49c0-886e-77111a631c75 resource provider not found; error: Placement Client Error (4xx): {"errors": [{"status": 404, "title": "Not Found", "detail": "The resource could not be found.\n\n No resource provider with uuid 7e5b8a59-054d-49c0-886e-77111a631c75 found for delete ", "request_id": "req-e43bc2be-bb6f-4b8a-90fd-eccf9ca96a02"}]}
2026-09-01 19:45:01.359 9 INFO neutron.services.segments.plugin [-] Segment 7e5b8a59-054d-49c0-886e-77111a631c75 resource provider not found; error: Placement Client Error (4xx): {"errors": [{"status": 404, "title": "Not Found", "detail": "The resource could not be found.\n\n No resource provider with uuid 7e5b8a59-054d-49c0-886e-77111a631c75 found for delete ", "request_id": "req-3949ea58-0ca8-4c58-b2f5-5e2086415ec3"}]}
2026-09-01 19:45:01.462 10 INFO neutron.wsgi [req-718bf3a4-9184-44cc-a232-047705e8d97d req-fecf2a92-a588-4fec-94de-339eaf77b90b 62c5c757db3a431ba27cbdbe60757e1e 22aed31872e34f8b8c58861d5d293f64 - - default default] 10.0.0.126 "GET /v2.0/ports?device_id=d8992790-c58e-4e4a-8f09-0bebed6ac2a1 HTTP/1.1" status: 200 len: 1172 time: 0.0639451
2026-09-01 19:45:01.571 10 INFO neutron.wsgi [req-718bf3a4-9184-44cc-a232-047705e8d97d req-2c11632f-9a76-4d60-a67f-da3b16812361 62c5c757db3a431ba27cbdbe60757e1e 22aed31872e34f8b8c58861d5d293f64 - - default default] 10.0.0.126 "GET /v2.0/security-groups?id=2096d28f-a08d-4af3-803c-0e4201091bd2&fields=id&fields=name HTTP/1.1" status: 200 len: 312 time: 0.0956297
2026-09-01 19:45:01.575 9 INFO neutron.wsgi [None req-fb6520cb-3af4-45ca-924d-f5ddcb86453a e8f6cb9d979f4f68863f5b5ee3098f32 9028f440acb64fd99caf8d503d0457cf - - - -] 10.0.0.49 "DELETE /v2.0/security-groups/af6722d4-c85e-4ea1-bd00-fb4e0cbeede9 HTTP/1.1" status: 204 len: 168 time: 0.2947726
2026-09-01 19:45:01.638 10 INFO neutron.wsgi [None req-690342ed-ff4e-49b2-af8c-9aaff2467e47 a73fe8402a034a2c8111a532fcec48e2 5f9913c00bfd4b37b443850170da72a2 - - - -] 10.0.0.49 "POST /v2.0/rbac-policies HTTP/1.1" status: 201 len: 523 time: 0.7953115
2026-09-01 19:45:01.668 10 INFO neutron.wsgi [None req-5bc77015-658e-45c0-8d0b-efd57a94a124 62c5c757db3a431ba27cbdbe60757e1e 22aed31872e34f8b8c58861d5d293f64 - - - -] 162.253.55.125 "DELETE /v2.0/ports/3ca4a9fb-36d9-4e2b-8013-fbc1b5dbc246 HTTP/1.1" status: 204 len: 173 time: 1.0280271
2026-09-01 19:45:01.855 10 INFO neutron.services.segments.plugin [-] Segment d01e4e2c-efea-4ede-b64c-acf999912474 resource provider aggregate not found
2026-09-01 19:45:01.870 10 INFO neutron.services.segments.plugin [-] Segment d01e4e2c-efea-4ede-b64c-acf999912474 resource provider aggregate not found
2026-09-01 19:45:01.884 10 INFO neutron.services.segments.plugin [-] Segment d01e4e2c-efea-4ede-b64c-acf999912474 resource provider not found; error: Placement Client Error (4xx): {"errors": [{"status": 404, "title": "Not Found", "detail": "The resource could not be found.\n\n No resource provider with uuid d01e4e2c-efea-4ede-b64c-acf999912474 found for delete ", "request_id": "req-e1ea8d73-7cd0-45ad-89a4-061f42367782"}]}
2026-09-01 19:45:01.885 10 INFO neutron.services.segments.plugin [-] Segment d01e4e2c-efea-4ede-b64c-acf999912474 resource provider not found; error: Placement Client Error (4xx): {"errors": [{"status": 404, "title": "Not Found", "detail": "The resource could not be found.\n\n No resource provider with uuid d01e4e2c-efea-4ede-b64c-acf999912474 found for delete ", "request_id": "req-0514f2a7-ef91-450c-8868-ce4bf3dad16d"}]}
2026-09-01 19:45:01.903 10 INFO neutron.wsgi [None req-b31e86ca-2b86-4708-8ac1-af68db601baf 9c9907038a0b4413b86c949ff97546df bfa164cb3ea9454b8e02fd0d6b910aa8 - - - -] 10.0.0.49 "DELETE /v2.0/networks/279e2fb0-993a-452b-9f4e-6ccd2ce8db15 HTTP/1.1" status: 204 len: 168 time: 0.6439800
2026-09-01 19:45:02.000 10 INFO neutron.db.segments_db [None req-15bbcafb-2661-478f-9625-b4a74f07505f 9c9907038a0b4413b86c949ff97546df bfa164cb3ea9454b8e02fd0d6b910aa8 - - - -] Added segment ad05c7ad-664b-4aff-aa18-b424094e22ea of type geneve for network 2134f981-8a2e-4516-9feb-f24fcd012c94
2026-09-01 19:45:02.142 10 INFO neutron.db.ovn_revision_numbers_db [None req-15bbcafb-2661-478f-9625-b4a74f07505f 9c9907038a0b4413b86c949ff97546df bfa164cb3ea9454b8e02fd0d6b910aa8 - - - -] Successfully bumped revision number for resource 2134f981-8a2e-4516-9feb-f24fcd012c94 (type: networks) to 1
2026-09-01 19:45:02.297 10 INFO neutron.wsgi [None req-9edc2856-025f-47e7-8836-3b68765e7154 538b5d032efc43cfb69b9635279268c9 27ba42f85eab40e08e80765016e08bb9 - - default default] 10.0.0.49 "GET /v2.0/networks/9f22e7e9-9e8a-4b90-83ba-c5d083d3eeea HTTP/1.1" status: 200 len: 849 time: 0.2891774
2026-09-01 19:45:02.391 10 WARNING neutron.scheduler.dhcp_agent_scheduler [None req-15bbcafb-2661-478f-9625-b4a74f07505f 9c9907038a0b4413b86c949ff97546df bfa164cb3ea9454b8e02fd0d6b910aa8 - - - -] No more DHCP agents
2026-09-01 19:45:02.392 10 WARNING neutron.api.rpc.agentnotifiers.dhcp_rpc_agent_api [None req-15bbcafb-2661-478f-9625-b4a74f07505f 9c9907038a0b4413b86c949ff97546df bfa164cb3ea9454b8e02fd0d6b910aa8 - - - -] Unable to schedule network 2134f981-8a2e-4516-9feb-f24fcd012c94: no agents available; will retry on subsequent port and subnet creation events.
2026-09-01 19:45:02.462 10 INFO neutron.db.ovn_revision_numbers_db [None req-15bbcafb-2661-478f-9625-b4a74f07505f 9c9907038a0b4413b86c949ff97546df bfa164cb3ea9454b8e02fd0d6b910aa8 - - - -] Successfully bumped revision number for resource 0138ae61-022b-458a-b7cb-8d542e63f0b6 (type: ports) to 1
2026-09-01 19:45:02.501 10 INFO neutron.wsgi [None req-15bbcafb-2661-478f-9625-b4a74f07505f 9c9907038a0b4413b86c949ff97546df bfa164cb3ea9454b8e02fd0d6b910aa8 - - - -] 10.0.0.49 "POST /v2.0/networks HTTP/1.1" status: 201 len: 834 time: 0.5889680
2026-09-01 19:45:02.537 10 INFO neutron.notifiers.nova [-] Nova event matching ['req-8e14ae78-55a0-4132-9309-fb111fbb0ebf'] response: {'server_uuid': 'd8992790-c58e-4e4a-8f09-0bebed6ac2a1', 'name': 'network-vif-plugged', 'status': 'completed', 'tag': '3ca4a9fb-36d9-4e2b-8013-fbc1b5dbc246', 'code': 200}
2026-09-01 19:45:02.537 10 INFO neutron.notifiers.nova [-] Nova event matching ['req-8e14ae78-55a0-4132-9309-fb111fbb0ebf'] response: {'server_uuid': 'd8992790-c58e-4e4a-8f09-0bebed6ac2a1', 'name': 'network-vif-deleted', 'tag': '3ca4a9fb-36d9-4e2b-8013-fbc1b5dbc246', 'status': 'completed', 'code': 200} /var/lib/openstack/lib/python3.10/site-packages/pycadf/identifier.py:71: UserWarning: Invalid uuid: neutron. To ensure interoperability, identifiers should be a valid uuid. warnings.warn(('Invalid uuid: %s. To ensure interoperability, '
2026-09-01 19:45:02.788 10 WARNING neutron.scheduler.dhcp_agent_scheduler [None req-ed8bd0b7-a787-4d71-8138-3680e6bfc759 9c9907038a0b4413b86c949ff97546df bfa164cb3ea9454b8e02fd0d6b910aa8 - - - -] No more DHCP agents
2026-09-01 19:45:02.789 10 WARNING neutron.api.rpc.agentnotifiers.dhcp_rpc_agent_api [None req-ed8bd0b7-a787-4d71-8138-3680e6bfc759 9c9907038a0b4413b86c949ff97546df bfa164cb3ea9454b8e02fd0d6b910aa8 - - - -] Unable to schedule network 2134f981-8a2e-4516-9feb-f24fcd012c94: no agents available; will retry on subsequent port and subnet creation events.
2026-09-01 19:45:02.805 10 INFO neutron.db.ovn_revision_numbers_db [None req-ed8bd0b7-a787-4d71-8138-3680e6bfc759 9c9907038a0b4413b86c949ff97546df bfa164cb3ea9454b8e02fd0d6b910aa8 - - - -] Successfully bumped revision number for resource ecc6a0e6-0975-4a46-94a7-afecd3ae98be (type: subnets) to 0
2026-09-01 19:45:02.817 10 INFO neutron.wsgi [None req-ed8bd0b7-a787-4d71-8138-3680e6bfc759 9c9907038a0b4413b86c949ff97546df bfa164cb3ea9454b8e02fd0d6b910aa8 - - - -] 10.0.0.49 "POST /v2.0/subnets HTTP/1.1" status: 201 len: 821 time: 0.3061182
2026-09-01 19:45:02.895 9 INFO neutron.wsgi [None req-0b0e3247-1f00-45d0-8647-01561a8cb970 62c5c757db3a431ba27cbdbe60757e1e 22aed31872e34f8b8c58861d5d293f64 - - - -] 10.0.0.49 "DELETE /v2.0/security-groups/2096d28f-a08d-4af3-803c-0e4201091bd2 HTTP/1.1" status: 204 len: 168 time: 0.1891260
2026-09-01 19:45:02.916 10 INFO neutron.api.v2.resource [None req-79d6047c-a35f-4d4f-95e7-c3ff14843e6a 62c5c757db3a431ba27cbdbe60757e1e 22aed31872e34f8b8c58861d5d293f64 - - default default] show failed (client error): The resource could not be found.
2026-09-01 19:45:02.916 9 INFO neutron.pecan_wsgi.hooks.translation [None req-f16ed27e-bffc-4fec-8071-04bb08925f30 05c17ca5f63047ef8d106ff8bc0ca68c ae9feac6d32c47a3ad6c0e992827cd21 - - default default] GET failed (client error): The resource could not be found.
2026-09-01 19:45:02.918 10 INFO neutron.wsgi [None req-79d6047c-a35f-4d4f-95e7-c3ff14843e6a 62c5c757db3a431ba27cbdbe60757e1e 22aed31872e34f8b8c58861d5d293f64 - - default default] 10.0.0.49 "GET /v2.0/security-groups/2096d28f-a08d-4af3-803c-0e4201091bd2 HTTP/1.1" status: 404 len: 347 time: 0.0194979
2026-09-01 19:45:02.919 9 INFO neutron.wsgi [None req-f16ed27e-bffc-4fec-8071-04bb08925f30 05c17ca5f63047ef8d106ff8bc0ca68c ae9feac6d32c47a3ad6c0e992827cd21 - - default default] 10.0.0.49 "GET /v2.0/networks/9f22e7e9-9e8a-4b90-83ba-c5d083d3eeea HTTP/1.1" status: 404 len: 339 time: 0.1685228
2026-09-01 19:45:03.273 9 WARNING neutron.scheduler.dhcp_agent_scheduler [None req-40fe31c3-f66f-4274-afe2-0c418354e26d 9c9907038a0b4413b86c949ff97546df bfa164cb3ea9454b8e02fd0d6b910aa8 - - - -] No more DHCP agents
2026-09-01 19:45:03.276 9 WARNING neutron.api.rpc.agentnotifiers.dhcp_rpc_agent_api [None req-40fe31c3-f66f-4274-afe2-0c418354e26d 9c9907038a0b4413b86c949ff97546df bfa164cb3ea9454b8e02fd0d6b910aa8 - - - -] Unable to schedule network 2134f981-8a2e-4516-9feb-f24fcd012c94: no agents available; will retry on subsequent port and subnet creation events.
2026-09-01 19:45:03.296 10 INFO neutron.wsgi [None req-5490adb7-2752-4cfd-8b33-1da07c864cb0 62c5c757db3a431ba27cbdbe60757e1e 22aed31872e34f8b8c58861d5d293f64 - - - -] 10.0.0.49 "DELETE /v2.0/floatingips/29db0347-7acd-4cf0-8533-a0cb182bbe00 HTTP/1.1" status: 204 len: 168 time: 0.3736882
2026-09-01 19:45:03.384 9 INFO neutron.db.ovn_revision_numbers_db [None req-40fe31c3-f66f-4274-afe2-0c418354e26d 9c9907038a0b4413b86c949ff97546df bfa164cb3ea9454b8e02fd0d6b910aa8 - - - -] Successfully bumped revision number for resource 7e35efdc-0927-4489-98db-53e512dde4cf (type: ports) to 1
2026-09-01 19:45:03.416 9 INFO neutron.wsgi [None req-40fe31c3-f66f-4274-afe2-0c418354e26d 9c9907038a0b4413b86c949ff97546df bfa164cb3ea9454b8e02fd0d6b910aa8 - - - -] 10.0.0.49 "POST /v2.0/ports HTTP/1.1" status: 201 len: 1127 time: 0.5944233
2026-09-01 19:45:03.854 10 INFO neutron.db.ovn_revision_numbers_db [None req-3b6f5a90-6156-47bd-9584-decc9bec9301 1007b66c395f4154a9cef5f819f35c98 500a7d9266f644cda2a9a97493edef1a - - - -] Successfully bumped revision number for resource 8098575e-3c75-43f1-abaf-dd88ce5b3811 (type: security_groups) to 1
2026-09-01 19:45:03.948 9 INFO neutron.services.segments.plugin [-] Segment e12c21c9-ee32-4b37-8b9a-751f677ac840 resource provider aggregate not found
2026-09-01 19:45:03.951 10 INFO neutron.db.ovn_revision_numbers_db [None req-3b6f5a90-6156-47bd-9584-decc9bec9301 1007b66c395f4154a9cef5f819f35c98 500a7d9266f644cda2a9a97493edef1a - - - -] Successfully bumped revision number for resource d8e91707-24f6-4f6e-8fef-6c3bc47ebc52 (type: security_groups) to 1
2026-09-01 19:45:03.963 9 INFO neutron.services.segments.plugin [-] Segment e12c21c9-ee32-4b37-8b9a-751f677ac840 resource provider aggregate not found
2026-09-01 19:45:03.978 10 INFO neutron.wsgi [None req-3b6f5a90-6156-47bd-9584-decc9bec9301 1007b66c395f4154a9cef5f819f35c98 500a7d9266f644cda2a9a97493edef1a - - - -] 10.0.0.49 "POST /v2.0/security-groups HTTP/1.1" status: 201 len: 1761 time: 0.5095565
2026-09-01 19:45:03.982 9 INFO neutron.services.segments.plugin [-] Segment e12c21c9-ee32-4b37-8b9a-751f677ac840 resource provider not found; error: Placement Client Error (4xx): {"errors": [{"status": 404, "title": "Not Found", "detail": "The resource could not be found.\n\n No resource provider with uuid e12c21c9-ee32-4b37-8b9a-751f677ac840 found for delete ", "request_id": "req-fac2116d-ed76-44b5-a8d6-cc312cbde7c6"}]}
2026-09-01 19:45:03.992 9 INFO neutron.services.segments.plugin [-] Segment e12c21c9-ee32-4b37-8b9a-751f677ac840 resource provider not found; error: Placement Client Error (4xx): {"errors": [{"status": 404, "title": "Not Found", "detail": "The resource could not be found.\n\n No resource provider with uuid e12c21c9-ee32-4b37-8b9a-751f677ac840 found for delete ", "request_id": "req-0c308af5-70e3-481b-93bd-58a9fa49f1c3"}]}
2026-09-01 19:45:04.003 9 INFO neutron.wsgi [None req-1fd55c95-5ba9-4888-9c21-633ad93aa1f8 a73fe8402a034a2c8111a532fcec48e2 5f9913c00bfd4b37b443850170da72a2 - - - -] 10.0.0.49 "DELETE /v2.0/networks/9f22e7e9-9e8a-4b90-83ba-c5d083d3eeea HTTP/1.1" status: 204 len: 168 time: 1.0768776
2026-09-01 19:45:04.014 9 INFO neutron.wsgi [None req-9badaf46-c528-48fe-9fc5-39621eeea47a 9c9907038a0b4413b86c949ff97546df bfa164cb3ea9454b8e02fd0d6b910aa8 - - - -] 10.0.0.49 "DELETE /v2.0/ports/7e35efdc-0927-4489-98db-53e512dde4cf HTTP/1.1" status: 204 len: 168 time: 0.5929787
2026-09-01 19:45:04.036 9 INFO neutron.pecan_wsgi.hooks.translation [None req-a1386f7f-760a-4671-b923-e87d17332b36 9c9907038a0b4413b86c949ff97546df bfa164cb3ea9454b8e02fd0d6b910aa8 - - default default] GET failed (client error): The resource could not be found.
2026-09-01 19:45:04.037 9 INFO neutron.wsgi [None req-a1386f7f-760a-4671-b923-e87d17332b36 9c9907038a0b4413b86c949ff97546df bfa164cb3ea9454b8e02fd0d6b910aa8 - - default default] 10.0.0.49 "GET /v2.0/ports/7e35efdc-0927-4489-98db-53e512dde4cf HTTP/1.1" status: 404 len: 333 time: 0.0180569
2026-09-01 19:45:04.046 10 INFO neutron.wsgi [None req-f7f765b9-17ef-436e-8542-dc087866cfd4 1007b66c395f4154a9cef5f819f35c98 500a7d9266f644cda2a9a97493edef1a - - default default] 10.0.0.49 "GET /v2.0/security-groups HTTP/1.1" status: 200 len: 4539 time: 0.0632417
2026-09-01 19:45:04.056 10 INFO neutron.pecan_wsgi.hooks.translation [None req-b4762b77-3d2f-4b0e-a963-ac17ae67622a a73fe8402a034a2c8111a532fcec48e2 5f9913c00bfd4b37b443850170da72a2 - - - -] DELETE failed (client error): The resource could not be found.
2026-09-01 19:45:04.058 10 INFO neutron.wsgi [None req-b4762b77-3d2f-4b0e-a963-ac17ae67622a a73fe8402a034a2c8111a532fcec48e2 5f9913c00bfd4b37b443850170da72a2 - - - -] 10.0.0.49 "DELETE /v2.0/subnets/1733e03c-d493-47be-80b3-b39e87dcd5ef HTTP/1.1" status: 404 len: 337 time: 0.0478518
2026-09-01 19:45:04.084 10 INFO neutron.pecan_wsgi.hooks.translation [None req-19960f78-7db7-4188-95d8-5df06691255f a73fe8402a034a2c8111a532fcec48e2 5f9913c00bfd4b37b443850170da72a2 - - - -] DELETE failed (client error): The resource could not be found.
2026-09-01 19:45:04.086 10 INFO neutron.wsgi [None req-19960f78-7db7-4188-95d8-5df06691255f a73fe8402a034a2c8111a532fcec48e2 5f9913c00bfd4b37b443850170da72a2 - - - -] 10.0.0.49 "DELETE /v2.0/subnets/7ede7fe8-b5fa-4fd2-9ed9-e6d1017ea7cc HTTP/1.1" status: 404 len: 337 time: 0.0183041
2026-09-01 19:45:04.119 10 INFO neutron.pecan_wsgi.hooks.translation [None req-e95d29cc-e96e-4bb7-9ff9-4035242216bc a73fe8402a034a2c8111a532fcec48e2 5f9913c00bfd4b37b443850170da72a2 - - - -] DELETE failed (client error): The resource could not be found.
2026-09-01 19:45:04.121 10 INFO neutron.wsgi [None req-e95d29cc-e96e-4bb7-9ff9-4035242216bc a73fe8402a034a2c8111a532fcec48e2 5f9913c00bfd4b37b443850170da72a2 - - - -] 10.0.0.49 "DELETE /v2.0/subnets/f151d3ef-6323-4057-94f7-8d7d4f00a5bb HTTP/1.1" status: 404 len: 337 time: 0.0230491
2026-09-01 19:45:04.159 9 INFO neutron.db.ovn_revision_numbers_db [None req-e10f9c8a-367c-4243-b4c9-b52141b82b79 1007b66c395f4154a9cef5f819f35c98 500a7d9266f644cda2a9a97493edef1a - - - -] Successfully bumped revision number for resource d8e91707-24f6-4f6e-8fef-6c3bc47ebc52 (type: security_groups) to 2
2026-09-01 19:45:04.162 9 INFO neutron.wsgi [None req-e10f9c8a-367c-4243-b4c9-b52141b82b79 1007b66c395f4154a9cef5f819f35c98 500a7d9266f644cda2a9a97493edef1a - - - -] 10.0.0.49 "PUT /v2.0/security-groups/d8e91707-24f6-4f6e-8fef-6c3bc47ebc52 HTTP/1.1" status: 200 len: 1793 time: 0.1048918
2026-09-01 19:45:04.208 9 INFO neutron.wsgi [None req-7d8fbdca-035a-4bb9-96ff-19390409bab8 1007b66c395f4154a9cef5f819f35c98 500a7d9266f644cda2a9a97493edef1a - - default default] 10.0.0.49 "GET /v2.0/security-groups/d8e91707-24f6-4f6e-8fef-6c3bc47ebc52 HTTP/1.1" status: 200 len: 1793 time: 0.0411634
2026-09-01 19:45:04.254 9 INFO neutron.wsgi [None req-91568bfc-7dfd-4e8f-a27c-c7ddc7b7e3ec 9c9907038a0b4413b86c949ff97546df bfa164cb3ea9454b8e02fd0d6b910aa8 - - - -] 10.0.0.49 "DELETE /v2.0/subnets/ecc6a0e6-0975-4a46-94a7-afecd3ae98be HTTP/1.1" status: 204 len: 168 time: 0.2132215
2026-09-01 19:45:04.361 9 INFO neutron.wsgi [None req-93dfdfce-0799-4fed-8327-8ee82df7e367 1007b66c395f4154a9cef5f819f35c98 500a7d9266f644cda2a9a97493edef1a - - - -] 10.0.0.49 "DELETE /v2.0/security-groups/d8e91707-24f6-4f6e-8fef-6c3bc47ebc52 HTTP/1.1" status: 204 len: 168 time: 0.1477931
2026-09-01 19:45:04.411 9 INFO neutron.wsgi [None req-3868f22b-db27-474a-8b81-1b162b2a45bd 1007b66c395f4154a9cef5f819f35c98 500a7d9266f644cda2a9a97493edef1a - - default default] 10.0.0.49 "GET /v2.0/security-groups HTTP/1.1" status: 200 len: 2996 time: 0.0451164
2026-09-01 19:45:04.429 9 INFO neutron.api.v2.resource [None req-97738c93-3848-45d4-8ca6-0a0550c77dc5 1007b66c395f4154a9cef5f819f35c98 500a7d9266f644cda2a9a97493edef1a - - - -] delete failed (client error): The resource could not be found.
2026-09-01 19:45:04.431 9 INFO neutron.wsgi [None req-97738c93-3848-45d4-8ca6-0a0550c77dc5 1007b66c395f4154a9cef5f819f35c98 500a7d9266f644cda2a9a97493edef1a - - - -] 10.0.0.49 "DELETE /v2.0/security-groups/d8e91707-24f6-4f6e-8fef-6c3bc47ebc52 HTTP/1.1" status: 404 len: 347 time: 0.0150266
2026-09-01 19:45:04.574 10 INFO neutron.db.ovn_revision_numbers_db [None req-7b809d65-2630-4f9a-bffb-4aab4d0a8e0b 1007b66c395f4154a9cef5f819f35c98 500a7d9266f644cda2a9a97493edef1a - - - -] Successfully bumped revision number for resource 7b2d4c15-9c70-49ce-8b8f-8e3be37d5d4f (type: security_groups) to 1
2026-09-01 19:45:04.594 10 INFO neutron.wsgi [None req-7b809d65-2630-4f9a-bffb-4aab4d0a8e0b 1007b66c395f4154a9cef5f819f35c98 500a7d9266f644cda2a9a97493edef1a - - - -] 10.0.0.49 "POST /v2.0/security-groups HTTP/1.1" status: 201 len: 1760 time: 0.1545563
2026-09-01 19:45:04.661 10 INFO neutron.wsgi [None req-d770c295-3e67-41ad-8f0a-e820b8694bcb e8f6cb9d979f4f68863f5b5ee3098f32 9028f440acb64fd99caf8d503d0457cf - - - -] 10.0.0.49 "PUT /v2.0/routers/b846a098-e7eb-44e9-ace3-ee8cc360a682/remove_router_interface HTTP/1.1" status: 200 len: 503 time: 1.3592176 /var/lib/openstack/lib/python3.10/site-packages/pycadf/identifier.py:71: UserWarning: Invalid uuid: neutron. To ensure interoperability, identifiers should be a valid uuid. warnings.warn(('Invalid uuid: %s. To ensure interoperability, '
2026-09-01 19:45:04.752 9 INFO neutron.wsgi [None req-876d8614-231a-414b-afcb-6e25e4b1b7c0 9c9907038a0b4413b86c949ff97546df bfa164cb3ea9454b8e02fd0d6b910aa8 - - - -] 10.0.0.49 "DELETE /v2.0/networks/2134f981-8a2e-4516-9feb-f24fcd012c94 HTTP/1.1" status: 204 len: 168 time: 0.4910593
2026-09-01 19:45:04.798 10 INFO neutron.db.ovn_revision_numbers_db [None req-008b9a7d-12f9-41f7-94c7-7dd9a92feb25 1007b66c395f4154a9cef5f819f35c98 500a7d9266f644cda2a9a97493edef1a - - - -] Successfully bumped revision number for resource e3ec9702-00d4-42a3-9298-ef1eea390ce7 (type: security_group_rules) to 0
2026-09-01 19:45:04.844 10 INFO neutron.wsgi [None req-008b9a7d-12f9-41f7-94c7-7dd9a92feb25 1007b66c395f4154a9cef5f819f35c98 500a7d9266f644cda2a9a97493edef1a - - - -] 10.0.0.49 "POST /v2.0/security-group-rules HTTP/1.1" status: 201 len: 768 time: 0.2378607
2026-09-01 19:45:04.869 9 INFO neutron.wsgi [None req-5f8c0c23-f475-4db7-ac73-65af40f2eb62 1007b66c395f4154a9cef5f819f35c98 500a7d9266f644cda2a9a97493edef1a - - default default] 10.0.0.49 "GET /v2.0/security-group-rules/e3ec9702-00d4-42a3-9298-ef1eea390ce7 HTTP/1.1" status: 200 len: 763 time: 0.0194497
2026-09-01 19:45:04.908 9 INFO neutron.wsgi [None req-31fe3f19-ba61-41c0-9742-dfcf42190299 1007b66c395f4154a9cef5f819f35c98 500a7d9266f644cda2a9a97493edef1a - - default default] 10.0.0.49 "GET /v2.0/security-group-rules HTTP/1.1" status: 200 len: 4113 time: 0.0350914
2026-09-01 19:45:04.992 9 WARNING neutron.scheduler.dhcp_agent_scheduler [None req-2b23df6d-b0db-4a90-8d18-22e93a7cd122 9c9907038a0b4413b86c949ff97546df bfa164cb3ea9454b8e02fd0d6b910aa8 - - - -] No more DHCP agents
2026-09-01 19:45:04.995 9 WARNING neutron.api.rpc.agentnotifiers.dhcp_rpc_agent_api [None req-2b23df6d-b0db-4a90-8d18-22e93a7cd122 9c9907038a0b4413b86c949ff97546df bfa164cb3ea9454b8e02fd0d6b910aa8 - - - -] Unable to schedule network 8b3f81e5-f3ba-49be-87f5-ba17320abfa3: no agents available; will retry on subsequent port and subnet creation events.
2026-09-01 19:45:05.056 9 INFO neutron.db.ovn_revision_numbers_db [None req-2b23df6d-b0db-4a90-8d18-22e93a7cd122 9c9907038a0b4413b86c949ff97546df bfa164cb3ea9454b8e02fd0d6b910aa8 - - - -] Successfully bumped revision number for resource c9c31cb8-2cd1-4c42-858a-6746ae6618b3 (type: ports) to 1
2026-09-01 19:45:05.074 9 INFO neutron.wsgi [None req-2b23df6d-b0db-4a90-8d18-22e93a7cd122 9c9907038a0b4413b86c949ff97546df bfa164cb3ea9454b8e02fd0d6b910aa8 - - - -] 10.0.0.49 "POST /v2.0/ports HTTP/1.1" status: 201 len: 978 time: 0.3146265
2026-09-01 19:45:05.080 10 INFO neutron.wsgi [None req-9c4d9323-5313-4260-aea1-68317c4a80d9 1007b66c395f4154a9cef5f819f35c98 500a7d9266f644cda2a9a97493edef1a - - - -] 10.0.0.49 "DELETE /v2.0/security-group-rules/e3ec9702-00d4-42a3-9298-ef1eea390ce7 HTTP/1.1" status: 204 len: 168 time: 0.1667850 /var/lib/openstack/lib/python3.10/site-packages/pycadf/identifier.py:71: UserWarning: Invalid uuid: neutron. To ensure interoperability, identifiers should be a valid uuid. warnings.warn(('Invalid uuid: %s. To ensure interoperability, '
2026-09-01 19:45:05.141 10 INFO neutron.wsgi [None req-103ff5a3-b4d1-4b92-8ba4-57aac8e805ef 1007b66c395f4154a9cef5f819f35c98 500a7d9266f644cda2a9a97493edef1a - - default default] 10.0.0.49 "GET /v2.0/security-group-rules HTTP/1.1" status: 200 len: 3567 time: 0.0565252
2026-09-01 19:45:05.297 9 INFO neutron.db.ovn_revision_numbers_db [None req-b1e63875-0efd-46fd-b926-95a2f0cbd6d5 9c9907038a0b4413b86c949ff97546df bfa164cb3ea9454b8e02fd0d6b910aa8 - - - -] Successfully bumped revision number for resource c9c31cb8-2cd1-4c42-858a-6746ae6618b3 (type: ports) to 2
2026-09-01 19:45:05.299 9 INFO neutron.db.ovn_revision_numbers_db [None req-1fc2e3bd-1209-4fff-b118-ba6bf0155f9f e8f6cb9d979f4f68863f5b5ee3098f32 9028f440acb64fd99caf8d503d0457cf - - default default] Successfully bumped revision number for resource 15ef44c1-dc4b-45dc-8fd1-31afc6441735 (type: security_groups) to 1
2026-09-01 19:45:05.309 9 INFO neutron.wsgi [None req-b1e63875-0efd-46fd-b926-95a2f0cbd6d5 9c9907038a0b4413b86c949ff97546df bfa164cb3ea9454b8e02fd0d6b910aa8 - - - -] 10.0.0.49 "PUT /v2.0/ports/c9c31cb8-2cd1-4c42-858a-6746ae6618b3 HTTP/1.1" status: 200 len: 946 time: 0.2289078 /var/lib/openstack/lib/python3.10/site-packages/pycadf/identifier.py:71: UserWarning: Invalid uuid: neutron. To ensure interoperability, identifiers should be a valid uuid. warnings.warn(('Invalid uuid: %s. To ensure interoperability, '
2026-09-01 19:45:05.324 9 INFO neutron.wsgi [None req-1fc2e3bd-1209-4fff-b118-ba6bf0155f9f e8f6cb9d979f4f68863f5b5ee3098f32 9028f440acb64fd99caf8d503d0457cf - - default default] 10.0.0.49 "GET /v2.0/security-groups?tenant_id=27ba42f85eab40e08e80765016e08bb9&name=default HTTP/1.1" status: 200 len: 2996 time: 0.2964566
2026-09-01 19:45:05.326 10 INFO neutron.db.ovn_revision_numbers_db [None req-2ae3a522-719d-41b9-b1b4-6a4971fd44af 1007b66c395f4154a9cef5f819f35c98 500a7d9266f644cda2a9a97493edef1a - - - -] Successfully bumped revision number for resource eb057e16-2c66-42b0-b396-1c79a9cbba5e (type: security_group_rules) to 0
2026-09-01 19:45:05.349 10 INFO neutron.wsgi [None req-2ae3a522-719d-41b9-b1b4-6a4971fd44af 1007b66c395f4154a9cef5f819f35c98 500a7d9266f644cda2a9a97493edef1a - - - -] 10.0.0.49 "POST /v2.0/security-group-rules HTTP/1.1" status: 201 len: 768 time: 0.2030888
2026-09-01 19:45:05.357 10 INFO neutron.wsgi [None req-34f3d1a3-bba3-4e1b-906c-85afdc19b4ef e8f6cb9d979f4f68863f5b5ee3098f32 9028f440acb64fd99caf8d503d0457cf - - - -] 10.0.0.49 "DELETE /v2.0/routers/b846a098-e7eb-44e9-ace3-ee8cc360a682 HTTP/1.1" status: 204 len: 168 time: 0.6907375
2026-09-01 19:45:05.374 9 INFO neutron.wsgi [None req-64d1c2f1-193f-4f34-a710-47c4f09a8e89 1007b66c395f4154a9cef5f819f35c98 500a7d9266f644cda2a9a97493edef1a - - default default] 10.0.0.49 "GET /v2.0/security-group-rules/eb057e16-2c66-42b0-b396-1c79a9cbba5e HTTP/1.1" status: 200 len: 763 time: 0.0175881
2026-09-01 19:45:05.416 9 INFO neutron.wsgi [None req-377d1707-bb65-4929-a253-375f17bff16f 1007b66c395f4154a9cef5f819f35c98 500a7d9266f644cda2a9a97493edef1a - - default default] 10.0.0.49 "GET /v2.0/security-group-rules HTTP/1.1" status: 200 len: 4113 time: 0.0375423
2026-09-01 19:45:05.544 10 INFO neutron.wsgi [None req-aab4b705-2069-4239-b6ff-f9aec1060bd5 1007b66c395f4154a9cef5f819f35c98 500a7d9266f644cda2a9a97493edef1a - - - -] 10.0.0.49 "DELETE /v2.0/security-group-rules/eb057e16-2c66-42b0-b396-1c79a9cbba5e HTTP/1.1" status: 204 len: 168 time: 0.1217875
2026-09-01 19:45:05.558 10 INFO neutron.wsgi [None req-ff64199a-51c4-4ec0-9b75-7cb155efb236 e8f6cb9d979f4f68863f5b5ee3098f32 9028f440acb64fd99caf8d503d0457cf - - - -] 10.0.0.49 "DELETE /v2.0/subnets/94596847-9448-43c4-bff5-f4eb39e3018d HTTP/1.1" status: 204 len: 168 time: 0.1938350
2026-09-01 19:45:05.574 9 INFO neutron.wsgi [None req-19e06aea-6bc1-46df-9234-63b61a18a205 9c9907038a0b4413b86c949ff97546df bfa164cb3ea9454b8e02fd0d6b910aa8 - - - -] 10.0.0.49 "DELETE /v2.0/ports/c9c31cb8-2cd1-4c42-858a-6746ae6618b3 HTTP/1.1" status: 204 len: 168 time: 0.2600687
2026-09-01 19:45:05.580 9 INFO neutron.wsgi [None req-afdc5aab-e881-4180-ab1c-ef16df7b249d 1007b66c395f4154a9cef5f819f35c98 500a7d9266f644cda2a9a97493edef1a - - default default] 10.0.0.49 "GET /v2.0/security-group-rules HTTP/1.1" status: 200 len: 3567 time: 0.0314252
2026-09-01 19:45:05.609 9 INFO neutron.wsgi [None req-64739630-1c94-4393-80d8-fdfea6fd0e9f e8f6cb9d979f4f68863f5b5ee3098f32 9028f440acb64fd99caf8d503d0457cf - - - -] 10.0.0.49 "DELETE /v2.0/security-groups/15ef44c1-dc4b-45dc-8fd1-31afc6441735 HTTP/1.1" status: 204 len: 168 time: 0.2760580
2026-09-01 19:45:05.624 9 INFO neutron.db.securitygroups_db [None req-c35393c7-ea45-4195-866c-1a564f7703c9 1007b66c395f4154a9cef5f819f35c98 500a7d9266f644cda2a9a97493edef1a - - - -] Project 500a7d9266f644cda2a9a97493edef1a added a security group rule with legacy IPv6 ICMP protocol name icmp, ipv6-icmp should be used instead. It was automatically converted.
2026-09-01 19:45:05.666 9 INFO neutron.wsgi [None req-a9a92d99-2a84-4778-9c2f-83db38c6398f 9c9907038a0b4413b86c949ff97546df bfa164cb3ea9454b8e02fd0d6b910aa8 - - default default] 10.0.0.49 "GET /v2.0/ports HTTP/1.1" status: 200 len: 1733 time: 0.0850785
2026-09-01 19:45:05.689 9 INFO neutron.pecan_wsgi.hooks.translation [None req-032c8f07-4deb-47b4-81bc-b407dae6e4e3 9c9907038a0b4413b86c949ff97546df bfa164cb3ea9454b8e02fd0d6b910aa8 - - default default] GET failed (client error): The resource could not be found.
2026-09-01 19:45:05.691 9 INFO neutron.wsgi [None req-032c8f07-4deb-47b4-81bc-b407dae6e4e3 9c9907038a0b4413b86c949ff97546df bfa164cb3ea9454b8e02fd0d6b910aa8 - - default default] 10.0.0.49 "GET /v2.0/ports/c9c31cb8-2cd1-4c42-858a-6746ae6618b3 HTTP/1.1" status: 404 len: 333 time: 0.0164442
2026-09-01 19:45:05.742 9 INFO neutron.wsgi [None req-f585dfa8-377a-45c4-962e-942330084185 9c9907038a0b4413b86c949ff97546df bfa164cb3ea9454b8e02fd0d6b910aa8 - - default default] 10.0.0.49 "GET /v2.0/ports HTTP/1.1" status: 200 len: 1733 time: 0.0416195
2026-09-01 19:45:05.771 9 INFO neutron.db.ovn_revision_numbers_db [None req-c35393c7-ea45-4195-866c-1a564f7703c9 1007b66c395f4154a9cef5f819f35c98 500a7d9266f644cda2a9a97493edef1a - - - -] Successfully bumped revision number for resource cce72759-60d4-473f-b92c-a46b1cc947cf (type: security_group_rules) to 0
2026-09-01 19:45:05.800 9 INFO neutron.wsgi [None req-c35393c7-ea45-4195-866c-1a564f7703c9 1007b66c395f4154a9cef5f819f35c98 500a7d9266f644cda2a9a97493edef1a - - - -] 10.0.0.49 "POST /v2.0/security-group-rules HTTP/1.1" status: 201 len: 774 time: 0.2131882
2026-09-01 19:45:05.829 9 INFO neutron.db.ovn_revision_numbers_db [None req-d13693ec-fb06-4e8f-8bb4-754e5c6dd40f e8f6cb9d979f4f68863f5b5ee3098f32 9028f440acb64fd99caf8d503d0457cf - - default default] Successfully bumped revision number for resource cfc5a929-072e-497e-942b-3c8835db859f (type: security_groups) to 1
2026-09-01 19:45:05.841 10 INFO neutron.wsgi [None req-78b34532-1b2c-43b2-ae09-24db43d34764 1007b66c395f4154a9cef5f819f35c98 500a7d9266f644cda2a9a97493edef1a - - default default] 10.0.0.49 "GET /v2.0/security-group-rules/cce72759-60d4-473f-b92c-a46b1cc947cf HTTP/1.1" status: 200 len: 769 time: 0.0367396
2026-09-01 19:45:05.843 9 INFO neutron.wsgi [None req-d13693ec-fb06-4e8f-8bb4-754e5c6dd40f e8f6cb9d979f4f68863f5b5ee3098f32 9028f440acb64fd99caf8d503d0457cf - - default default] 10.0.0.49 "GET /v2.0/security-groups?tenant_id=ae9feac6d32c47a3ad6c0e992827cd21&name=default HTTP/1.1" status: 200 len: 2996 time: 0.0935571
