2026-09-01 19:47:46.403 9 INFO neutron.wsgi [None req-c9fcf71e-c40c-4f7d-8118-da9f8aa934e3 4d6ae188a64f444a8eb1b70f63aac4f7 c676d3b6d30c47a396141e93f943b460 - - - -] 10.0.0.49 "POST /v2.0/ports HTTP/1.1" status: 201 len: 942 time: 0.3811674 /var/lib/openstack/lib/python3.10/site-packages/pycadf/identifier.py:71: UserWarning: Invalid uuid: neutron. To ensure interoperability, identifiers should be a valid uuid. warnings.warn(('Invalid uuid: %s. To ensure interoperability, '
2026-09-01 19:47:46.660 9 INFO neutron.wsgi [None req-2f8ff499-f54a-4fcc-a342-bb5437bac898 4d6ae188a64f444a8eb1b70f63aac4f7 c676d3b6d30c47a396141e93f943b460 - - - -] 10.0.0.49 "POST /v2.0/trunks HTTP/1.1" status: 201 len: 608 time: 0.2498262
2026-09-01 19:47:46.720 9 INFO neutron.wsgi [None req-731a62b8-df46-4b3b-beb4-a379841957fc 4d6ae188a64f444a8eb1b70f63aac4f7 c676d3b6d30c47a396141e93f943b460 - - - -] 10.0.0.49 "PUT /v2.0/trunks/3b56894b-fac0-48df-8412-b08c68b2f4c7/tags HTTP/1.1" status: 200 len: 218 time: 0.0538235
2026-09-01 19:47:46.742 9 INFO neutron.wsgi [None req-7ade33f4-6d3e-41ba-a341-e34598376f69 4d6ae188a64f444a8eb1b70f63aac4f7 c676d3b6d30c47a396141e93f943b460 - - default default] 10.0.0.49 "GET /v2.0/trunks/3b56894b-fac0-48df-8412-b08c68b2f4c7/tags HTTP/1.1" status: 200 len: 218 time: 0.0158589
2026-09-01 19:47:46.788 9 INFO neutron.wsgi [None req-57a6a521-e35c-42f3-bc21-75bcf34bb426 4d6ae188a64f444a8eb1b70f63aac4f7 c676d3b6d30c47a396141e93f943b460 - - - -] 10.0.0.49 "PUT /v2.0/trunks/3b56894b-fac0-48df-8412-b08c68b2f4c7/tags/green HTTP/1.1" status: 201 len: 201 time: 0.0403123
2026-09-01 19:47:46.812 9 INFO neutron.wsgi [None req-58407165-7285-4756-ad53-7c9ac94c9bde 4d6ae188a64f444a8eb1b70f63aac4f7 c676d3b6d30c47a396141e93f943b460 - - default default] 10.0.0.49 "GET /v2.0/trunks/3b56894b-fac0-48df-8412-b08c68b2f4c7/tags HTTP/1.1" status: 200 len: 227 time: 0.0197468
2026-09-01 19:47:46.823 10 INFO neutron.wsgi [req-eb64b355-047c-45ff-8420-ca7af7f1ae2a req-795a9ed0-e9b5-45d7-b675-4fcb56878f7e 2eb829645dc84a12ba1eaafe09ac41ed 0544e5c0acb34493854b37a01c3ea747 - - 4fed95107a39400d92e76b56041241c9 4fed95107a39400d92e76b56041241c9] 10.0.0.251 "GET /v2.0/ports?device_id=48ad5602-1055-4c88-b2cb-d60018e29c59 HTTP/1.1" status: 200 len: 1361 time: 0.0320272
2026-09-01 19:47:46.833 9 INFO neutron.wsgi [None req-989ffdb6-5dae-4c79-b065-e01817d80230 4d6ae188a64f444a8eb1b70f63aac4f7 c676d3b6d30c47a396141e93f943b460 - - - -] 10.0.0.49 "PUT /v2.0/trunks/3b56894b-fac0-48df-8412-b08c68b2f4c7/tags/red HTTP/1.1" status: 201 len: 201 time: 0.0170450
2026-09-01 19:47:46.854 9 INFO neutron.wsgi [None req-fec9c618-83bb-4bf2-a55e-1c9deb99a783 4d6ae188a64f444a8eb1b70f63aac4f7 c676d3b6d30c47a396141e93f943b460 - - default default] 10.0.0.49 "GET /v2.0/trunks/3b56894b-fac0-48df-8412-b08c68b2f4c7/tags HTTP/1.1" status: 200 len: 227 time: 0.0169775
2026-09-01 19:47:46.860 10 INFO neutron.wsgi [req-eb64b355-047c-45ff-8420-ca7af7f1ae2a req-89012a41-95c1-4772-83f1-c8c3a4f1a3b7 2eb829645dc84a12ba1eaafe09ac41ed 0544e5c0acb34493854b37a01c3ea747 - - 4fed95107a39400d92e76b56041241c9 4fed95107a39400d92e76b56041241c9] 10.0.0.251 "GET /v2.0/security-groups?id=8bdd1b99-5041-4a71-bb5e-b39ed90394d5&fields=id&fields=name HTTP/1.1" status: 200 len: 312 time: 0.0304856
2026-09-01 19:47:46.885 9 INFO neutron.wsgi [None req-3594566e-4a99-443c-846d-045032197783 4d6ae188a64f444a8eb1b70f63aac4f7 c676d3b6d30c47a396141e93f943b460 - - - -] 10.0.0.49 "PUT /v2.0/trunks/3b56894b-fac0-48df-8412-b08c68b2f4c7/tags/black.or.white HTTP/1.1" status: 201 len: 201 time: 0.0269330
2026-09-01 19:47:46.900 9 INFO neutron.wsgi [None req-dbe3bcfa-e4fa-4114-b410-d4c5a5b5424b 4d6ae188a64f444a8eb1b70f63aac4f7 c676d3b6d30c47a396141e93f943b460 - - default default] 10.0.0.49 "GET /v2.0/trunks/3b56894b-fac0-48df-8412-b08c68b2f4c7/tags HTTP/1.1" status: 200 len: 245 time: 0.0117106
2026-09-01 19:47:46.930 9 INFO neutron.wsgi [None req-59b76f06-8e6b-4626-a18c-3a62cd2efcd5 4d6ae188a64f444a8eb1b70f63aac4f7 c676d3b6d30c47a396141e93f943b460 - - - -] 10.0.0.49 "PUT /v2.0/trunks/3b56894b-fac0-48df-8412-b08c68b2f4c7/tags HTTP/1.1" status: 200 len: 230 time: 0.0254097
2026-09-01 19:47:46.947 9 INFO neutron.wsgi [None req-bb976b43-910c-4ea0-ac2a-eca0ee23c8e0 4d6ae188a64f444a8eb1b70f63aac4f7 c676d3b6d30c47a396141e93f943b460 - - default default] 10.0.0.49 "GET /v2.0/trunks/3b56894b-fac0-48df-8412-b08c68b2f4c7/tags HTTP/1.1" status: 200 len: 230 time: 0.0127430
2026-09-01 19:47:46.963 9 INFO neutron.wsgi [None req-f441aa5f-0f64-454c-a1a1-56e2367117ba 4d6ae188a64f444a8eb1b70f63aac4f7 c676d3b6d30c47a396141e93f943b460 - - default default] 10.0.0.49 "GET /v2.0/trunks/3b56894b-fac0-48df-8412-b08c68b2f4c7/tags/red HTTP/1.1" status: 204 len: 168 time: 0.0124052
2026-09-01 19:47:46.980 9 INFO neutron.api.v2.resource [None req-ff2113ba-c976-4d2d-9994-a88afb118a0c 4d6ae188a64f444a8eb1b70f63aac4f7 c676d3b6d30c47a396141e93f943b460 - - default default] show failed (client error): The resource could not be found.
2026-09-01 19:47:46.983 9 INFO neutron.wsgi [None req-ff2113ba-c976-4d2d-9994-a88afb118a0c 4d6ae188a64f444a8eb1b70f63aac4f7 c676d3b6d30c47a396141e93f943b460 - - default default] 10.0.0.49 "GET /v2.0/trunks/3b56894b-fac0-48df-8412-b08c68b2f4c7/tags/green HTTP/1.1" status: 404 len: 299 time: 0.0162673
2026-09-01 19:47:47.030 9 INFO neutron.wsgi [None req-5b0f9e23-9d65-40da-a934-484baa435a7a 4d6ae188a64f444a8eb1b70f63aac4f7 c676d3b6d30c47a396141e93f943b460 - - - -] 10.0.0.49 "DELETE /v2.0/trunks/3b56894b-fac0-48df-8412-b08c68b2f4c7/tags/red HTTP/1.1" status: 204 len: 168 time: 0.0415947
2026-09-01 19:47:47.055 9 INFO neutron.wsgi [None req-e55e327a-d71d-4e71-a35f-82f728255367 4d6ae188a64f444a8eb1b70f63aac4f7 c676d3b6d30c47a396141e93f943b460 - - default default] 10.0.0.49 "GET /v2.0/trunks/3b56894b-fac0-48df-8412-b08c68b2f4c7/tags HTTP/1.1" status: 200 len: 223 time: 0.0203688
2026-09-01 19:47:47.077 9 INFO neutron.api.v2.resource [None req-3b35e0c5-bac0-4914-a120-b26eb28499f8 4d6ae188a64f444a8eb1b70f63aac4f7 c676d3b6d30c47a396141e93f943b460 - - - -] delete failed (client error): The resource could not be found.
2026-09-01 19:47:47.079 9 INFO neutron.wsgi [None req-3b35e0c5-bac0-4914-a120-b26eb28499f8 4d6ae188a64f444a8eb1b70f63aac4f7 c676d3b6d30c47a396141e93f943b460 - - - -] 10.0.0.49 "DELETE /v2.0/trunks/3b56894b-fac0-48df-8412-b08c68b2f4c7/tags/green HTTP/1.1" status: 404 len: 299 time: 0.0207846
2026-09-01 19:47:47.117 9 INFO neutron.wsgi [None req-35668a9f-5c4b-438b-b8d6-cd799582bb1c 4d6ae188a64f444a8eb1b70f63aac4f7 c676d3b6d30c47a396141e93f943b460 - - - -] 10.0.0.49 "DELETE /v2.0/trunks/3b56894b-fac0-48df-8412-b08c68b2f4c7/tags HTTP/1.1" status: 204 len: 168 time: 0.0327675
2026-09-01 19:47:47.139 9 INFO neutron.wsgi [None req-bdc83aed-7abe-44a4-b439-8b93eefcefea 4d6ae188a64f444a8eb1b70f63aac4f7 c676d3b6d30c47a396141e93f943b460 - - default default] 10.0.0.49 "GET /v2.0/trunks/3b56894b-fac0-48df-8412-b08c68b2f4c7/tags HTTP/1.1" status: 200 len: 205 time: 0.0169933
2026-09-01 19:47:47.173 9 INFO neutron.wsgi [None req-12da1165-42c8-447f-bcef-40caaee42f8b 4d6ae188a64f444a8eb1b70f63aac4f7 c676d3b6d30c47a396141e93f943b460 - - default default] 10.0.0.49 "GET /v2.0/trunks/3b56894b-fac0-48df-8412-b08c68b2f4c7 HTTP/1.1" status: 200 len: 603 time: 0.0225370
2026-09-01 19:47:47.285 9 INFO neutron.wsgi [None req-642804f2-693a-48c3-bdbc-85f83fc2e541 4d6ae188a64f444a8eb1b70f63aac4f7 c676d3b6d30c47a396141e93f943b460 - - default default] 10.0.0.49 "GET /v2.0/ports/3d3479c3-f4f5-4771-9db0-f786a8f3819d HTTP/1.1" status: 200 len: 1020 time: 0.1060483
2026-09-01 19:47:47.366 9 INFO neutron.wsgi [None req-93206dff-694d-4be4-9eb9-f05b974a5176 4d6ae188a64f444a8eb1b70f63aac4f7 c676d3b6d30c47a396141e93f943b460 - - - -] 10.0.0.49 "DELETE /v2.0/trunks/3b56894b-fac0-48df-8412-b08c68b2f4c7 HTTP/1.1" status: 204 len: 168 time: 0.0746546
2026-09-01 19:47:47.577 9 INFO neutron.wsgi [None req-1fa1ad72-d02e-4050-a822-c953eb4469d0 4d6ae188a64f444a8eb1b70f63aac4f7 c676d3b6d30c47a396141e93f943b460 - - - -] 10.0.0.49 "DELETE /v2.0/ports/3d3479c3-f4f5-4771-9db0-f786a8f3819d HTTP/1.1" status: 204 len: 168 time: 0.2050252
2026-09-01 19:47:48.007 9 INFO neutron.services.segments.plugin [-] Segment 7e3f07c0-a5f0-47ca-91ee-00c97b42cd7b resource provider aggregate not found
2026-09-01 19:47:48.013 9 INFO neutron.services.segments.plugin [-] Segment 7e3f07c0-a5f0-47ca-91ee-00c97b42cd7b resource provider aggregate not found
2026-09-01 19:47:48.036 9 INFO neutron.services.segments.plugin [-] Segment 7e3f07c0-a5f0-47ca-91ee-00c97b42cd7b resource provider not found; error: Placement Client Error (4xx): {"errors": [{"status": 404, "title": "Not Found", "detail": "The resource could not be found.\n\n No resource provider with uuid 7e3f07c0-a5f0-47ca-91ee-00c97b42cd7b found for delete ", "request_id": "req-9c42750f-348b-46d8-b5fb-bcffbb450f3a"}]}
2026-09-01 19:47:48.048 9 INFO neutron.services.segments.plugin [-] Segment 7e3f07c0-a5f0-47ca-91ee-00c97b42cd7b resource provider not found; error: Placement Client Error (4xx): {"errors": [{"status": 404, "title": "Not Found", "detail": "The resource could not be found.\n\n No resource provider with uuid 7e3f07c0-a5f0-47ca-91ee-00c97b42cd7b found for delete ", "request_id": "req-ec4e86d5-dc32-42c1-9f23-969ad0f313b3"}]}
2026-09-01 19:47:48.059 9 INFO neutron.wsgi [None req-a7401d2e-46d2-4eef-b6a6-7ba4f2a10e86 4d6ae188a64f444a8eb1b70f63aac4f7 c676d3b6d30c47a396141e93f943b460 - - - -] 10.0.0.49 "DELETE /v2.0/networks/038ca486-8925-448a-9fe7-456e4ac89267 HTTP/1.1" status: 204 len: 168 time: 0.4773908
2026-09-01 19:47:48.072 10 WARNING neutron.scheduler.dhcp_agent_scheduler [None req-1c67da36-e787-406b-bf43-ca66e9674e67 3d72fe091b7e4e45b0bbdbcb786342d1 820bad566a644fdead11b3cdccf9060b - - - -] No more DHCP agents
2026-09-01 19:47:48.075 10 WARNING neutron.api.rpc.agentnotifiers.dhcp_rpc_agent_api [None req-1c67da36-e787-406b-bf43-ca66e9674e67 3d72fe091b7e4e45b0bbdbcb786342d1 820bad566a644fdead11b3cdccf9060b - - - -] Unable to schedule network 93bf1c25-0a06-418b-a902-e837ecbf3fdd: no agents available; will retry on subsequent port and subnet creation events.
2026-09-01 19:47:48.224 9 INFO neutron.wsgi [req-2caf8c9c-48c3-421e-8c91-adfa3c306482 req-3b5e2198-864c-4b0e-bd75-1a340d01a60a 2ec787a27158493fb54e46befb7537f0 531c0513ef284f53a2c4703bd8c588ec - - default default] 10.0.0.126 "GET /v2.0/ports?device_id=48ad5602-1055-4c88-b2cb-d60018e29c59 HTTP/1.1" status: 200 len: 1170 time: 0.1172292
2026-09-01 19:47:48.263 9 INFO neutron.wsgi [req-2caf8c9c-48c3-421e-8c91-adfa3c306482 req-1964dfe8-3ff4-441f-97a8-f0d526e5df93 2ec787a27158493fb54e46befb7537f0 531c0513ef284f53a2c4703bd8c588ec - - default default] 10.0.0.126 "GET /v2.0/security-groups?id=8bdd1b99-5041-4a71-bb5e-b39ed90394d5&fields=id&fields=name HTTP/1.1" status: 200 len: 312 time: 0.0314901
2026-09-01 19:47:48.369 10 INFO neutron.plugins.ml2.drivers.ovn.mech_driver.mech_driver [None req-3f4f5cba-9913-478e-8bd0-1edd776517b6 - - - - - -] OVN reports status down for port: 75970b33-2456-4e94-a258-a85898ae5bc2
2026-09-01 19:47:48.580 10 INFO neutron.notifiers.nova [-] Nova event matching ['req-253c0dcf-1123-4da3-a3b7-ea970f229335'] response: {'server_uuid': '48ad5602-1055-4c88-b2cb-d60018e29c59', 'name': 'network-vif-unplugged', 'status': 'completed', 'tag': '75970b33-2456-4e94-a258-a85898ae5bc2', 'code': 200}
2026-09-01 19:47:48.654 10 INFO neutron.wsgi [req-3921cfaf-fd09-4257-b057-b8fdb90cb168 req-c3253e66-b122-49f3-a3fb-1fb22b62af35 2ec787a27158493fb54e46befb7537f0 531c0513ef284f53a2c4703bd8c588ec - - default default] 162.253.55.125 "GET /v2.0/ports?device_id=48ad5602-1055-4c88-b2cb-d60018e29c59 HTTP/1.1" status: 200 len: 1170 time: 0.2223585
2026-09-01 19:47:48.925 10 INFO neutron.db.ovn_revision_numbers_db [None req-3f4f5cba-9913-478e-8bd0-1edd776517b6 - - - - - -] Successfully bumped revision number for resource 75970b33-2456-4e94-a258-a85898ae5bc2 (type: ports) to 5
2026-09-01 19:47:48.957 9 INFO neutron.wsgi [None req-c9e0c54b-ef67-4c47-9530-728c0a34a115 e8f6cb9d979f4f68863f5b5ee3098f32 9028f440acb64fd99caf8d503d0457cf - - default default] 10.0.0.49 "GET /v2.0/security-groups?tenant_id=c676d3b6d30c47a396141e93f943b460&name=default HTTP/1.1" status: 200 len: 2996 time: 0.1183341
2026-09-01 19:47:49.094 10 INFO neutron.db.l3_db [None req-1c67da36-e787-406b-bf43-ca66e9674e67 3d72fe091b7e4e45b0bbdbcb786342d1 820bad566a644fdead11b3cdccf9060b - - - -] Floating IP 179e840c-c16d-41dd-8164-ebb584b10379 associated. External IP: 10.96.250.209, port: 696de3e9-95f8-4eb7-974a-30a3c5666dcc.
2026-09-01 19:47:49.133 9 INFO neutron.wsgi [None req-11b5e36d-9ab9-4086-8f52-be9ad51305bd e8f6cb9d979f4f68863f5b5ee3098f32 9028f440acb64fd99caf8d503d0457cf - - - -] 10.0.0.49 "DELETE /v2.0/security-groups/91f85233-887d-4add-9525-3b590fdeb241 HTTP/1.1" status: 204 len: 168 time: 0.1714275
2026-09-01 19:47:49.384 9 INFO neutron.db.ovn_revision_numbers_db [None req-5f7243f0-ff08-499d-ac0b-eb55e62f2fc1 e8f6cb9d979f4f68863f5b5ee3098f32 9028f440acb64fd99caf8d503d0457cf - - default default] Successfully bumped revision number for resource ad8c5bee-a36e-4419-85a7-9a8818b54b4c (type: security_groups) to 1
2026-09-01 19:47:49.418 9 INFO neutron.wsgi [None req-5f7243f0-ff08-499d-ac0b-eb55e62f2fc1 e8f6cb9d979f4f68863f5b5ee3098f32 9028f440acb64fd99caf8d503d0457cf - - default default] 10.0.0.49 "GET /v2.0/security-groups?tenant_id=e7c3820df43344d69d2da2b20249a5ee&name=default HTTP/1.1" status: 200 len: 2996 time: 0.1606863
2026-09-01 19:47:49.445 9 INFO neutron.wsgi [req-bd67a1ce-10b3-4995-89fe-8d84a36d0fdc req-16d94134-8e9c-4e64-84c1-836013a1bcb4 2ec787a27158493fb54e46befb7537f0 531c0513ef284f53a2c4703bd8c588ec - - default default] 10.0.0.126 "GET /v2.0/ports?device_id=48ad5602-1055-4c88-b2cb-d60018e29c59 HTTP/1.1" status: 200 len: 1168 time: 0.0405433
2026-09-01 19:47:49.467 10 INFO neutron.db.l3_db [None req-fd1782f0-1502-400a-b726-e1861b8ff534 2ec787a27158493fb54e46befb7537f0 531c0513ef284f53a2c4703bd8c588ec - - - -] Floating IP b93c7288-00c7-47c2-bc47-f9ee5f01d0c7 disassociated. External IP: 10.96.250.219, port: 75970b33-2456-4e94-a258-a85898ae5bc2.
2026-09-01 19:47:49.508 9 INFO neutron.wsgi [req-bd67a1ce-10b3-4995-89fe-8d84a36d0fdc req-bcbf06a6-a359-4b28-8d5e-f4218647224b 2ec787a27158493fb54e46befb7537f0 531c0513ef284f53a2c4703bd8c588ec - - default default] 10.0.0.126 "GET /v2.0/security-groups?id=8bdd1b99-5041-4a71-bb5e-b39ed90394d5&fields=id&fields=name HTTP/1.1" status: 200 len: 312 time: 0.0540416
2026-09-01 19:47:49.618 10 INFO neutron.db.ovn_revision_numbers_db [None req-1c67da36-e787-406b-bf43-ca66e9674e67 3d72fe091b7e4e45b0bbdbcb786342d1 820bad566a644fdead11b3cdccf9060b - - - -] Successfully bumped revision number for resource 179e840c-c16d-41dd-8164-ebb584b10379 (type: floatingips) to 0
2026-09-01 19:47:49.634 9 INFO neutron.wsgi [None req-8622cd61-0c46-4e12-a197-3074333245c1 e8f6cb9d979f4f68863f5b5ee3098f32 9028f440acb64fd99caf8d503d0457cf - - - -] 10.0.0.49 "DELETE /v2.0/security-groups/ad8c5bee-a36e-4419-85a7-9a8818b54b4c HTTP/1.1" status: 204 len: 168 time: 0.2075188
2026-09-01 19:47:49.775 10 INFO neutron.db.ovn_revision_numbers_db [None req-1c67da36-e787-406b-bf43-ca66e9674e67 3d72fe091b7e4e45b0bbdbcb786342d1 820bad566a644fdead11b3cdccf9060b - - - -] Successfully bumped revision number for resource 179e840c-c16d-41dd-8164-ebb584b10379 (type: floatingips) to 1
2026-09-01 19:47:49.805 10 INFO neutron.wsgi [None req-fd1782f0-1502-400a-b726-e1861b8ff534 2ec787a27158493fb54e46befb7537f0 531c0513ef284f53a2c4703bd8c588ec - - - -] 162.253.55.125 "DELETE /v2.0/ports/75970b33-2456-4e94-a258-a85898ae5bc2 HTTP/1.1" status: 204 len: 173 time: 1.1436577
2026-09-01 19:47:49.826 10 INFO neutron.wsgi [None req-1c67da36-e787-406b-bf43-ca66e9674e67 3d72fe091b7e4e45b0bbdbcb786342d1 820bad566a644fdead11b3cdccf9060b - - - -] 10.0.0.49 "POST /v2.0/floatingips HTTP/1.1" status: 201 len: 1097 time: 2.0730989 /var/lib/openstack/lib/python3.10/site-packages/pycadf/identifier.py:71: UserWarning: Invalid uuid: neutron. To ensure interoperability, identifiers should be a valid uuid. warnings.warn(('Invalid uuid: %s. To ensure interoperability, '
2026-09-01 19:47:50.636 10 INFO neutron.notifiers.nova [-] Nova event matching ['req-56fba8ff-dda2-46ff-bdd6-4e8047879206'] response: {'server_uuid': '48ad5602-1055-4c88-b2cb-d60018e29c59', 'name': 'network-vif-plugged', 'status': 'completed', 'tag': '75970b33-2456-4e94-a258-a85898ae5bc2', 'code': 200}
2026-09-01 19:47:50.637 10 INFO neutron.notifiers.nova [-] Nova event matching ['req-56fba8ff-dda2-46ff-bdd6-4e8047879206'] response: {'server_uuid': '48ad5602-1055-4c88-b2cb-d60018e29c59', 'name': 'network-vif-deleted', 'tag': '75970b33-2456-4e94-a258-a85898ae5bc2', 'status': 'completed', 'code': 200}
2026-09-01 19:47:50.775 9 INFO neutron.wsgi [None req-15cabd26-1ccf-41f7-a36d-dc010200ceba 2ec787a27158493fb54e46befb7537f0 531c0513ef284f53a2c4703bd8c588ec - - - -] 10.0.0.49 "DELETE /v2.0/security-groups/8bdd1b99-5041-4a71-bb5e-b39ed90394d5 HTTP/1.1" status: 204 len: 168 time: 0.2134676
2026-09-01 19:47:51.132 9 INFO neutron.wsgi [None req-79fc9fab-221c-436a-91ea-166e2b84a9fd 2ec787a27158493fb54e46befb7537f0 531c0513ef284f53a2c4703bd8c588ec - - - -] 10.0.0.49 "DELETE /v2.0/floatingips/b93c7288-00c7-47c2-bc47-f9ee5f01d0c7 HTTP/1.1" status: 204 len: 168 time: 0.3182158 /var/lib/openstack/lib/python3.10/site-packages/pycadf/identifier.py:71: UserWarning: Invalid uuid: neutron. To ensure interoperability, identifiers should be a valid uuid. warnings.warn(('Invalid uuid: %s. To ensure interoperability, '
2026-09-01 19:47:51.396 9 INFO neutron.plugins.ml2.drivers.ovn.mech_driver.mech_driver [None req-5bbb813a-9fd7-4d1e-a53d-ac635206848c - - - - - -] OVN reports status down for port: 56e2219b-76c6-494f-8140-e77be0ce9af0
2026-09-01 19:47:51.450 10 INFO neutron.wsgi [req-733018fc-43de-4c9b-b0fa-0897abe743e9 req-5d285357-0b45-4730-8e46-87b4c55858e8 2ec787a27158493fb54e46befb7537f0 531c0513ef284f53a2c4703bd8c588ec - - default default] 10.0.0.126 "GET /v2.0/ports?device_id=48f023f0-8b0f-4df6-9255-0b2df1db7873 HTTP/1.1" status: 200 len: 1170 time: 0.0702822
2026-09-01 19:47:51.516 10 INFO neutron.wsgi [req-733018fc-43de-4c9b-b0fa-0897abe743e9 req-af9dc2d6-fd79-4ef1-b873-22f69b797bec 2ec787a27158493fb54e46befb7537f0 531c0513ef284f53a2c4703bd8c588ec - - default default] 10.0.0.126 "GET /v2.0/security-groups?id=8156311b-a59f-443b-91f9-62cdb0a4b3ff&fields=id&fields=name HTTP/1.1" status: 200 len: 313 time: 0.0563545
2026-09-01 19:47:51.517 9 INFO neutron.notifiers.nova [-] Nova event matching ['req-959ff8b4-4085-4a70-8d99-455f5b869ee4'] response: {'server_uuid': '48f023f0-8b0f-4df6-9255-0b2df1db7873', 'name': 'network-vif-unplugged', 'status': 'completed', 'tag': '56e2219b-76c6-494f-8140-e77be0ce9af0', 'code': 200}
2026-09-01 19:47:51.648 9 INFO neutron.db.ovn_revision_numbers_db [None req-5bbb813a-9fd7-4d1e-a53d-ac635206848c - - - - - -] Successfully bumped revision number for resource 56e2219b-76c6-494f-8140-e77be0ce9af0 (type: ports) to 5
2026-09-01 19:47:51.728 10 INFO neutron.wsgi [req-1ba16d2b-61b9-4fd3-97bb-1578a7e9e542 req-c5cb56dd-3c41-44be-8f93-bbf15929e4f7 2ec787a27158493fb54e46befb7537f0 531c0513ef284f53a2c4703bd8c588ec - - default default] 162.253.55.125 "GET /v2.0/ports?device_id=48f023f0-8b0f-4df6-9255-0b2df1db7873 HTTP/1.1" status: 200 len: 1168 time: 0.0611887
2026-09-01 19:47:52.008 10 INFO neutron.wsgi [None req-f43b6fdd-1f28-402a-a21e-f57500ee6a61 2ec787a27158493fb54e46befb7537f0 531c0513ef284f53a2c4703bd8c588ec - - - -] 162.253.55.125 "DELETE /v2.0/ports/56e2219b-76c6-494f-8140-e77be0ce9af0 HTTP/1.1" status: 204 len: 173 time: 0.2755682
2026-09-01 19:47:52.690 10 INFO neutron.notifiers.nova [-] Nova event matching ['req-b08767ca-b726-40e5-b8a4-22b60502ae54'] response: {'server_uuid': '48f023f0-8b0f-4df6-9255-0b2df1db7873', 'name': 'network-vif-deleted', 'tag': '56e2219b-76c6-494f-8140-e77be0ce9af0', 'status': 'completed', 'code': 200}
2026-09-01 19:47:52.811 10 INFO neutron.wsgi [None req-a453b69e-9616-4670-9b7a-cee75cf78828 2ec787a27158493fb54e46befb7537f0 531c0513ef284f53a2c4703bd8c588ec - - - -] 10.0.0.49 "DELETE /v2.0/security-groups/8156311b-a59f-443b-91f9-62cdb0a4b3ff HTTP/1.1" status: 204 len: 168 time: 0.2148099 /var/lib/openstack/lib/python3.10/site-packages/pycadf/identifier.py:71: UserWarning: Invalid uuid: neutron. To ensure interoperability, identifiers should be a valid uuid. warnings.warn(('Invalid uuid: %s. To ensure interoperability, '
2026-09-01 19:47:52.922 10 INFO neutron.plugins.ml2.drivers.ovn.mech_driver.mech_driver [None req-3f4f5cba-9913-478e-8bd0-1edd776517b6 - - - - - -] OVN reports status up for port: 696de3e9-95f8-4eb7-974a-30a3c5666dcc
2026-09-01 19:47:52.951 10 INFO neutron.plugins.ml2.plugin [None req-3f4f5cba-9913-478e-8bd0-1edd776517b6 - - - - - -] Attempt 1 to provision port 696de3e9-95f8-4eb7-974a-30a3c5666dcc
2026-09-01 19:47:53.571 9 INFO neutron.notifiers.nova [-] Nova event matching ['req-21bef021-8e23-4010-8f4b-536ff6d885b9'] response: {'server_uuid': '48f023f0-8b0f-4df6-9255-0b2df1db7873', 'name': 'network-vif-plugged', 'status': 'completed', 'tag': '56e2219b-76c6-494f-8140-e77be0ce9af0', 'code': 200}
2026-09-01 19:47:53.790 10 INFO neutron.wsgi [None req-dcbc5bc4-ea20-4a15-b6e1-1092343b6e46 e8f6cb9d979f4f68863f5b5ee3098f32 9028f440acb64fd99caf8d503d0457cf - - default default] 162.253.55.125 "GET /v2.0/extensions/security-group HTTP/1.1" status: 200 len: 369 time: 0.3672540
2026-09-01 19:47:53.804 10 INFO neutron.wsgi [None req-fac9321a-7c8c-43fa-bfb5-b236b77b6bc7 e8f6cb9d979f4f68863f5b5ee3098f32 9028f440acb64fd99caf8d503d0457cf - - default default] 162.253.55.125 "GET /v2.0/extensions/dns-integration HTTP/1.1" status: 200 len: 371 time: 0.0077250
2026-09-01 19:47:53.814 10 INFO neutron.wsgi [None req-8b5d5269-28b5-409d-89e1-d7de52d5b439 e8f6cb9d979f4f68863f5b5ee3098f32 9028f440acb64fd99caf8d503d0457cf - - default default] 162.253.55.125 "GET /v2.0/extensions/qos HTTP/1.1" status: 200 len: 365 time: 0.0047746
2026-09-01 19:47:53.825 10 INFO neutron.wsgi [None req-30af0b93-7e46-4899-bbdc-f7485838bf13 e8f6cb9d979f4f68863f5b5ee3098f32 9028f440acb64fd99caf8d503d0457cf - - default default] 162.253.55.125 "GET /v2.0/extensions/allowed-address-pairs HTTP/1.1" status: 200 len: 383 time: 0.0041802
2026-09-01 19:47:53.886 10 INFO neutron.db.ovn_revision_numbers_db [None req-268f8007-67da-4bdc-8db7-ebab46bc8d32 e8f6cb9d979f4f68863f5b5ee3098f32 9028f440acb64fd99caf8d503d0457cf - - default default] Successfully bumped revision number for resource 90fd0f60-2530-489b-abcb-18d332de5421 (type: security_groups) to 1
2026-09-01 19:47:53.905 9 INFO neutron.wsgi [None req-ad59e21d-ffad-470e-b567-379fc9d1c349 2ec787a27158493fb54e46befb7537f0 531c0513ef284f53a2c4703bd8c588ec - - - -] 10.0.0.49 "PUT /v2.0/routers/68764932-5252-42a0-9472-2c633920775d/remove_router_interface HTTP/1.1" status: 200 len: 503 time: 1.0469725
2026-09-01 19:47:53.912 10 INFO neutron.wsgi [None req-268f8007-67da-4bdc-8db7-ebab46bc8d32 e8f6cb9d979f4f68863f5b5ee3098f32 9028f440acb64fd99caf8d503d0457cf - - default default] 10.0.0.49 "GET /v2.0/security-groups?tenant_id=e309e606ac9e4ff3970a44211768fbfa&name=default HTTP/1.1" status: 200 len: 2996 time: 0.2817440 /var/lib/openstack/lib/python3.10/site-packages/pycadf/identifier.py:71: UserWarning: Invalid uuid: neutron. To ensure interoperability, identifiers should be a valid uuid. warnings.warn(('Invalid uuid: %s. To ensure interoperability, '
2026-09-01 19:47:54.001 10 INFO neutron.wsgi [None req-89c9192b-c63f-4064-b55f-6981b2bdb6c7 e8f6cb9d979f4f68863f5b5ee3098f32 9028f440acb64fd99caf8d503d0457cf - - default default] 162.253.55.125 "GET /v2.0/security-groups?name=lb-ec1b9b7e-c7ba-43a8-9b35-d9f5732a3e94 HTTP/1.1" status: 200 len: 1775 time: 0.0434623
2026-09-01 19:47:54.033 10 INFO neutron.wsgi [None req-1644df4b-1b1b-4233-b377-8b01820abb86 e8f6cb9d979f4f68863f5b5ee3098f32 9028f440acb64fd99caf8d503d0457cf - - default default] 162.253.55.125 "GET /v2.0/security-group-rules?security_group_id=ba14ae0a-7723-411c-9a7c-cea255c46e90 HTTP/1.1" status: 200 len: 1318 time: 0.0278361
2026-09-01 19:47:54.121 10 INFO neutron.wsgi [None req-6cb48aaf-affa-4d21-af00-494bf19ee515 2ec787a27158493fb54e46befb7537f0 531c0513ef284f53a2c4703bd8c588ec - - - -] 10.0.0.49 "DELETE /v2.0/subnets/b3b15816-22ff-4282-b955-2a141692d091 HTTP/1.1" status: 204 len: 168 time: 0.2104263
2026-09-01 19:47:54.124 9 INFO neutron.wsgi [None req-8df79083-b531-42a9-856c-eaacf7046b9f e8f6cb9d979f4f68863f5b5ee3098f32 9028f440acb64fd99caf8d503d0457cf - - - -] 10.0.0.49 "DELETE /v2.0/security-groups/90fd0f60-2530-489b-abcb-18d332de5421 HTTP/1.1" status: 204 len: 168 time: 0.2067871
2026-09-01 19:47:54.177 10 INFO neutron.db.ovn_revision_numbers_db [None req-df0d39fc-429d-44f6-9272-004d408951ef e8f6cb9d979f4f68863f5b5ee3098f32 9028f440acb64fd99caf8d503d0457cf - - - -] Successfully bumped revision number for resource 3931e61b-a3bb-4038-8891-30d46c5a4f1a (type: security_group_rules) to 0
2026-09-01 19:47:54.218 10 INFO neutron.wsgi [None req-df0d39fc-429d-44f6-9272-004d408951ef e8f6cb9d979f4f68863f5b5ee3098f32 9028f440acb64fd99caf8d503d0457cf - - - -] 162.253.55.125 "POST /v2.0/security-group-rules HTTP/1.1" status: 201 len: 773 time: 0.1776340
2026-09-01 19:47:54.383 10 INFO neutron.db.ovn_revision_numbers_db [None req-ddfa695a-ee75-4f14-b033-947c6ee0a5c1 e8f6cb9d979f4f68863f5b5ee3098f32 9028f440acb64fd99caf8d503d0457cf - - - -] Successfully bumped revision number for resource 8cc21f38-4489-41ab-a3ea-33df39547f17 (type: security_group_rules) to 0
2026-09-01 19:47:54.399 10 INFO neutron.db.ovn_revision_numbers_db [None req-956f96da-1e3c-4869-9f0f-5194b4fbf1b7 e8f6cb9d979f4f68863f5b5ee3098f32 9028f440acb64fd99caf8d503d0457cf - - default default] Successfully bumped revision number for resource 7e980fc4-11d2-415a-825a-dd8fa58ecf49 (type: security_groups) to 1
2026-09-01 19:47:54.435 10 INFO neutron.wsgi [None req-ddfa695a-ee75-4f14-b033-947c6ee0a5c1 e8f6cb9d979f4f68863f5b5ee3098f32 9028f440acb64fd99caf8d503d0457cf - - - -] 162.253.55.125 "POST /v2.0/security-group-rules HTTP/1.1" status: 201 len: 769 time: 0.2076969
2026-09-01 19:47:54.437 10 INFO neutron.wsgi [None req-956f96da-1e3c-4869-9f0f-5194b4fbf1b7 e8f6cb9d979f4f68863f5b5ee3098f32 9028f440acb64fd99caf8d503d0457cf - - default default] 10.0.0.49 "GET /v2.0/security-groups?tenant_id=99001f6c5c5a44d59a355beac421478b&name=default HTTP/1.1" status: 200 len: 2996 time: 0.1882081
2026-09-01 19:47:54.634 9 INFO neutron.wsgi [None req-39660158-f115-4660-bbf9-966b508f8acd e8f6cb9d979f4f68863f5b5ee3098f32 9028f440acb64fd99caf8d503d0457cf - - - -] 10.0.0.49 "DELETE /v2.0/security-groups/7e980fc4-11d2-415a-825a-dd8fa58ecf49 HTTP/1.1" status: 204 len: 168 time: 0.1904762
2026-09-01 19:47:54.662 9 INFO neutron.wsgi [-] 10.0.0.204 "GET / HTTP/1.1" status: 200 len: 246 time: 0.0018988
2026-09-01 19:47:54.663 9 INFO neutron.wsgi [-] 10.0.0.204 "GET / HTTP/1.1" status: 200 len: 246 time: 0.0012000
2026-09-01 19:47:54.887 10 INFO neutron.wsgi [None req-1e3e80da-cc4b-43da-9710-1da71d91ddae 2ec787a27158493fb54e46befb7537f0 531c0513ef284f53a2c4703bd8c588ec - - - -] 10.0.0.49 "DELETE /v2.0/routers/68764932-5252-42a0-9472-2c633920775d HTTP/1.1" status: 204 len: 168 time: 0.7584984
2026-09-01 19:47:55.325 9 INFO neutron.services.segments.plugin [-] Segment c057a003-d023-42c3-8ce5-2f4f41516493 resource provider aggregate not found
2026-09-01 19:47:55.332 9 INFO neutron.services.segments.plugin [-] Segment c057a003-d023-42c3-8ce5-2f4f41516493 resource provider aggregate not found
2026-09-01 19:47:55.353 9 INFO neutron.services.segments.plugin [-] Segment c057a003-d023-42c3-8ce5-2f4f41516493 resource provider not found; error: Placement Client Error (4xx): {"errors": [{"status": 404, "title": "Not Found", "detail": "The resource could not be found.\n\n No resource provider with uuid c057a003-d023-42c3-8ce5-2f4f41516493 found for delete ", "request_id": "req-e74e60f1-02c8-421c-a593-3723e84d3b9e"}]}
2026-09-01 19:47:55.358 9 INFO neutron.services.segments.plugin [-] Segment c057a003-d023-42c3-8ce5-2f4f41516493 resource provider not found; error: Placement Client Error (4xx): {"errors": [{"status": 404, "title": "Not Found", "detail": "The resource could not be found.\n\n No resource provider with uuid c057a003-d023-42c3-8ce5-2f4f41516493 found for delete ", "request_id": "req-7571467a-a7f2-44ce-b262-f9f8fc8de857"}]}
2026-09-01 19:47:55.367 9 INFO neutron.wsgi [None req-40b46594-4cf2-4300-84e7-a51696e600de 2ec787a27158493fb54e46befb7537f0 531c0513ef284f53a2c4703bd8c588ec - - - -] 10.0.0.49 "DELETE /v2.0/networks/af69e34f-c437-4854-901a-01e9a2a4c406 HTTP/1.1" status: 204 len: 168 time: 0.4761586
2026-09-01 19:47:56.468 9 INFO neutron.db.ovn_revision_numbers_db [None req-4099c97d-bb9d-4c40-9f2b-83d5e3864714 e8f6cb9d979f4f68863f5b5ee3098f32 9028f440acb64fd99caf8d503d0457cf - - default default] Successfully bumped revision number for resource bc426180-5329-4eeb-bf80-69fa8d4f9ab4 (type: security_groups) to 1
2026-09-01 19:47:56.501 9 INFO neutron.wsgi [None req-4099c97d-bb9d-4c40-9f2b-83d5e3864714 e8f6cb9d979f4f68863f5b5ee3098f32 9028f440acb64fd99caf8d503d0457cf - - default default] 10.0.0.49 "GET /v2.0/security-groups?tenant_id=b4b1be25a9264df8aa21c4478a98a329&name=default HTTP/1.1" status: 200 len: 2996 time: 0.3453407
2026-09-01 19:47:56.730 9 INFO neutron.wsgi [None req-acf7893f-d222-4a22-9b03-9c3a11ed085a e8f6cb9d979f4f68863f5b5ee3098f32 9028f440acb64fd99caf8d503d0457cf - - - -] 10.0.0.49 "DELETE /v2.0/security-groups/bc426180-5329-4eeb-bf80-69fa8d4f9ab4 HTTP/1.1" status: 204 len: 168 time: 0.2240429
2026-09-01 19:47:56.968 9 INFO neutron.wsgi [None req-a49a7caa-4dab-4c9a-b04c-55e1bdd79406 e8f6cb9d979f4f68863f5b5ee3098f32 9028f440acb64fd99caf8d503d0457cf - - default default] 10.0.0.49 "GET /v2.0/security-groups?tenant_id=531c0513ef284f53a2c4703bd8c588ec&name=default HTTP/1.1" status: 200 len: 2996 time: 0.0366790
2026-09-01 19:47:57.166 10 INFO neutron.wsgi [None req-aaaf76f9-4b92-4102-b9c4-60581b9226aa e8f6cb9d979f4f68863f5b5ee3098f32 9028f440acb64fd99caf8d503d0457cf - - - -] 10.0.0.49 "DELETE /v2.0/security-groups/6d894ad6-cf36-46e1-b517-6514de4d859d HTTP/1.1" status: 204 len: 168 time: 0.1934621
2026-09-01 19:47:59.380 9 INFO neutron.db.ovn_revision_numbers_db [None req-d83cf7a5-be13-486b-aeb2-f80e836ba4b9 e8f6cb9d979f4f68863f5b5ee3098f32 9028f440acb64fd99caf8d503d0457cf - - - -] Successfully bumped revision number for resource 948f4719-2849-452b-8fce-2e8dbe20d7d2 (type: security_groups) to 1
2026-09-01 19:47:59.447 9 INFO neutron.db.segments_db [None req-d83cf7a5-be13-486b-aeb2-f80e836ba4b9 e8f6cb9d979f4f68863f5b5ee3098f32 9028f440acb64fd99caf8d503d0457cf - - - -] Added segment 306ae8d0-bf82-4986-b39f-d6e17bacce93 of type geneve for network 650de57c-6a02-43d1-af9d-5686298523fc
2026-09-01 19:47:59.604 9 INFO neutron.db.ovn_revision_numbers_db [None req-d83cf7a5-be13-486b-aeb2-f80e836ba4b9 e8f6cb9d979f4f68863f5b5ee3098f32 9028f440acb64fd99caf8d503d0457cf - - - -] Successfully bumped revision number for resource 650de57c-6a02-43d1-af9d-5686298523fc (type: networks) to 1
2026-09-01 19:47:59.875 9 WARNING neutron.scheduler.dhcp_agent_scheduler [None req-d83cf7a5-be13-486b-aeb2-f80e836ba4b9 e8f6cb9d979f4f68863f5b5ee3098f32 9028f440acb64fd99caf8d503d0457cf - - - -] No more DHCP agents
2026-09-01 19:47:59.877 9 WARNING neutron.api.rpc.agentnotifiers.dhcp_rpc_agent_api [None req-d83cf7a5-be13-486b-aeb2-f80e836ba4b9 e8f6cb9d979f4f68863f5b5ee3098f32 9028f440acb64fd99caf8d503d0457cf - - - -] Unable to schedule network 650de57c-6a02-43d1-af9d-5686298523fc: no agents available; will retry on subsequent port and subnet creation events.
2026-09-01 19:47:59.945 9 INFO neutron.db.ovn_revision_numbers_db [None req-d83cf7a5-be13-486b-aeb2-f80e836ba4b9 e8f6cb9d979f4f68863f5b5ee3098f32 9028f440acb64fd99caf8d503d0457cf - - - -] Successfully bumped revision number for resource 792f502e-e6e8-4cc4-b064-8895253ecf7a (type: ports) to 1
2026-09-01 19:47:59.962 9 INFO neutron.wsgi [None req-d83cf7a5-be13-486b-aeb2-f80e836ba4b9 e8f6cb9d979f4f68863f5b5ee3098f32 9028f440acb64fd99caf8d503d0457cf - - - -] 10.0.0.49 "POST /v2.0/networks HTTP/1.1" status: 201 len: 942 time: 0.9065635
2026-09-01 19:48:00.139 9 WARNING neutron.scheduler.dhcp_agent_scheduler [None req-9cce9813-4126-4fc5-9425-4626adc94e27 e8f6cb9d979f4f68863f5b5ee3098f32 9028f440acb64fd99caf8d503d0457cf - - - -] No more DHCP agents
2026-09-01 19:48:00.142 9 WARNING neutron.api.rpc.agentnotifiers.dhcp_rpc_agent_api [None req-9cce9813-4126-4fc5-9425-4626adc94e27 e8f6cb9d979f4f68863f5b5ee3098f32 9028f440acb64fd99caf8d503d0457cf - - - -] Unable to schedule network 650de57c-6a02-43d1-af9d-5686298523fc: no agents available; will retry on subsequent port and subnet creation events.
2026-09-01 19:48:00.476 9 INFO neutron.db.ovn_revision_numbers_db [None req-9cce9813-4126-4fc5-9425-4626adc94e27 e8f6cb9d979f4f68863f5b5ee3098f32 9028f440acb64fd99caf8d503d0457cf - - - -] Successfully bumped revision number for resource 792f502e-e6e8-4cc4-b064-8895253ecf7a (type: ports) to 2
2026-09-01 19:48:00.487 9 INFO neutron.db.ovn_revision_numbers_db [None req-9cce9813-4126-4fc5-9425-4626adc94e27 e8f6cb9d979f4f68863f5b5ee3098f32 9028f440acb64fd99caf8d503d0457cf - - - -] Successfully bumped revision number for resource 963066eb-7608-4b41-99fd-5c6a94de851e (type: subnets) to 0
2026-09-01 19:48:00.500 9 INFO neutron.wsgi [None req-9cce9813-4126-4fc5-9425-4626adc94e27 e8f6cb9d979f4f68863f5b5ee3098f32 9028f440acb64fd99caf8d503d0457cf - - - -] 10.0.0.49 "POST /v2.0/subnets HTTP/1.1" status: 201 len: 862 time: 0.5312696
2026-09-01 19:48:00.959 9 INFO neutron.wsgi [None req-3a6da71b-242f-4ccf-b903-14129ab8a143 e8f6cb9d979f4f68863f5b5ee3098f32 9028f440acb64fd99caf8d503d0457cf - - default default] 10.0.0.232 "GET /v2.0/extensions/security-group HTTP/1.1" status: 200 len: 369 time: 0.0055807
2026-09-01 19:48:00.967 9 INFO neutron.wsgi [None req-c7a50eb5-39fd-45f2-be80-46c3c8d6e368 e8f6cb9d979f4f68863f5b5ee3098f32 9028f440acb64fd99caf8d503d0457cf - - default default] 10.0.0.232 "GET /v2.0/extensions/dns-integration HTTP/1.1" status: 200 len: 371 time: 0.0029771
2026-09-01 19:48:00.988 9 INFO neutron.wsgi [None req-9d27e64c-5958-4a6a-bd6e-38b84d8955e9 e8f6cb9d979f4f68863f5b5ee3098f32 9028f440acb64fd99caf8d503d0457cf - - default default] 10.0.0.232 "GET /v2.0/extensions/qos HTTP/1.1" status: 200 len: 365 time: 0.0128741
2026-09-01 19:48:01.021 9 INFO neutron.wsgi [None req-1bdbf760-e017-43cd-8513-a6e440984512 e8f6cb9d979f4f68863f5b5ee3098f32 9028f440acb64fd99caf8d503d0457cf - - default default] 10.0.0.232 "GET /v2.0/extensions/allowed-address-pairs HTTP/1.1" status: 200 len: 383 time: 0.0253468
2026-09-01 19:48:01.033 9 WARNING neutron.scheduler.dhcp_agent_scheduler [None req-03b3df78-1374-4b7d-9ee7-2bdfbbe56606 e8f6cb9d979f4f68863f5b5ee3098f32 9028f440acb64fd99caf8d503d0457cf - - - -] No more DHCP agents
2026-09-01 19:48:01.036 9 WARNING neutron.api.rpc.agentnotifiers.dhcp_rpc_agent_api [None req-03b3df78-1374-4b7d-9ee7-2bdfbbe56606 e8f6cb9d979f4f68863f5b5ee3098f32 9028f440acb64fd99caf8d503d0457cf - - - -] Unable to schedule network 93bf1c25-0a06-418b-a902-e837ecbf3fdd: no agents available; will retry on subsequent port and subnet creation events.
2026-09-01 19:48:01.207 9 INFO neutron.db.ovn_revision_numbers_db [None req-03b3df78-1374-4b7d-9ee7-2bdfbbe56606 e8f6cb9d979f4f68863f5b5ee3098f32 9028f440acb64fd99caf8d503d0457cf - - - -] Successfully bumped revision number for resource 7b5759db-17b2-4385-807b-5b963416f5ab (type: ports) to 1
2026-09-01 19:48:01.376 10 INFO neutron.wsgi [-] 10.0.0.232 "GET / HTTP/1.1" status: 200 len: 284 time: 0.0024729
2026-09-01 19:48:01.446 10 INFO neutron.wsgi [None req-dc887c75-2d79-46e0-babf-41644c9dc839 3d72fe091b7e4e45b0bbdbcb786342d1 820bad566a644fdead11b3cdccf9060b - - default default] 10.0.0.232 "GET /v2.0/subnets/f7a659a3-1368-4a00-924d-a55197e9209e HTTP/1.1" status: 200 len: 831 time: 0.0622735
2026-09-01 19:48:01.919 10 INFO neutron.wsgi [None req-59896817-945e-446a-a738-4781e3d931b3 e8f6cb9d979f4f68863f5b5ee3098f32 9028f440acb64fd99caf8d503d0457cf - - default default] 162.253.55.125 "GET /v2.0/extensions/security-group HTTP/1.1" status: 200 len: 369 time: 0.0084875
2026-09-01 19:48:01.929 10 INFO neutron.wsgi [None req-d08b8a84-6fed-4024-94ec-6ddb42d49df8 e8f6cb9d979f4f68863f5b5ee3098f32 9028f440acb64fd99caf8d503d0457cf - - default default] 162.253.55.125 "GET /v2.0/extensions/dns-integration HTTP/1.1" status: 200 len: 371 time: 0.0069628
2026-09-01 19:48:01.939 10 INFO neutron.wsgi [None req-33bd74dd-1805-4e5d-861b-772deac620b6 e8f6cb9d979f4f68863f5b5ee3098f32 9028f440acb64fd99caf8d503d0457cf - - default default] 162.253.55.125 "GET /v2.0/extensions/qos HTTP/1.1" status: 200 len: 365 time: 0.0066440
2026-09-01 19:48:01.951 10 INFO neutron.wsgi [None req-fddc62bd-cec5-4287-8c9e-50630915b8c6 e8f6cb9d979f4f68863f5b5ee3098f32 9028f440acb64fd99caf8d503d0457cf - - default default] 162.253.55.125 "GET /v2.0/extensions/allowed-address-pairs HTTP/1.1" status: 200 len: 383 time: 0.0075779
2026-09-01 19:48:01.997 10 INFO neutron.wsgi [None req-aaadf9d3-d99e-4dc9-a07b-4a0b3a7bc669 e8f6cb9d979f4f68863f5b5ee3098f32 9028f440acb64fd99caf8d503d0457cf - - default default] 162.253.55.125 "GET /v2.0/subnets/f7a659a3-1368-4a00-924d-a55197e9209e HTTP/1.1" status: 200 len: 849 time: 0.0402205
2026-09-01 19:48:02.035 10 INFO neutron.wsgi [None req-0fbfe430-e40d-4f37-967f-46f9dd27e673 e8f6cb9d979f4f68863f5b5ee3098f32 9028f440acb64fd99caf8d503d0457cf - - default default] 162.253.55.125 "GET /v2.0/ports?device_id=fe30e563-7dab-44c6-917c-a2b8aa5d8d39 HTTP/1.1" status: 200 len: 2627 time: 0.0308328
2026-09-01 19:48:02.236 10 INFO neutron.wsgi [None req-e017fd2d-d086-4fe3-860a-a862c23f69dd e8f6cb9d979f4f68863f5b5ee3098f32 9028f440acb64fd99caf8d503d0457cf - - default default] 162.253.55.125 "GET /v2.0/extensions/security-group HTTP/1.1" status: 200 len: 369 time: 0.0105801
2026-09-01 19:48:02.243 9 INFO neutron.db.ovn_revision_numbers_db [None req-03b3df78-1374-4b7d-9ee7-2bdfbbe56606 e8f6cb9d979f4f68863f5b5ee3098f32 9028f440acb64fd99caf8d503d0457cf - - - -] Successfully bumped revision number for resource 7b5759db-17b2-4385-807b-5b963416f5ab (type: router_ports) to 1
2026-09-01 19:48:02.253 10 INFO neutron.wsgi [None req-aae8cf76-d595-4f2e-aac5-5859f53e102a e8f6cb9d979f4f68863f5b5ee3098f32 9028f440acb64fd99caf8d503d0457cf - - default default] 162.253.55.125 "GET /v2.0/extensions/dns-integration HTTP/1.1" status: 200 len: 371 time: 0.0074687
2026-09-01 19:48:02.261 10 INFO neutron.plugins.ml2.drivers.ovn.mech_driver.mech_driver [None req-3f4f5cba-9913-478e-8bd0-1edd776517b6 - - - - - -] OVN reports status up for port: 7b5759db-17b2-4385-807b-5b963416f5ab
2026-09-01 19:48:02.266 9 INFO neutron.plugins.ml2.drivers.ovn.mech_driver.ovsdb.ovsdb_monitor [None req-43a77db1-59d1-419b-89de-115247172d4e - - - - - -] Router 240fba83-fd6b-4330-9435-3440c30c9893 is bound to host instance
2026-09-01 19:48:02.268 10 INFO neutron.wsgi [None req-3bc31f2d-ae87-4be8-9f74-72de217913a2 e8f6cb9d979f4f68863f5b5ee3098f32 9028f440acb64fd99caf8d503d0457cf - - default default] 162.253.55.125 "GET /v2.0/extensions/qos HTTP/1.1" status: 200 len: 365 time: 0.0074325
2026-09-01 19:48:02.285 10 INFO neutron.wsgi [None req-e871663e-ca77-4cf5-bf93-683ba9323301 e8f6cb9d979f4f68863f5b5ee3098f32 9028f440acb64fd99caf8d503d0457cf - - default default] 162.253.55.125 "GET /v2.0/extensions/allowed-address-pairs HTTP/1.1" status: 200 len: 383 time: 0.0070009
2026-09-01 19:48:02.287 10 INFO neutron.plugins.ml2.plugin [None req-3f4f5cba-9913-478e-8bd0-1edd776517b6 - - - - - -] Attempt 1 to provision port 7b5759db-17b2-4385-807b-5b963416f5ab
2026-09-01 19:48:02.343 9 INFO neutron.db.ovn_revision_numbers_db [None req-03b3df78-1374-4b7d-9ee7-2bdfbbe56606 e8f6cb9d979f4f68863f5b5ee3098f32 9028f440acb64fd99caf8d503d0457cf - - - -] Successfully bumped revision number for resource 240fba83-fd6b-4330-9435-3440c30c9893 (type: routers) to 3
2026-09-01 19:48:02.367 9 INFO neutron.wsgi [None req-03b3df78-1374-4b7d-9ee7-2bdfbbe56606 e8f6cb9d979f4f68863f5b5ee3098f32 9028f440acb64fd99caf8d503d0457cf - - - -] 10.0.0.49 "POST /v2.0/routers HTTP/1.1" status: 201 len: 873 time: 1.8576362
2026-09-01 19:48:02.824 10 WARNING neutron.scheduler.dhcp_agent_scheduler [None req-e924c67f-498b-467f-b78d-be5f23606fe5 e8f6cb9d979f4f68863f5b5ee3098f32 9028f440acb64fd99caf8d503d0457cf - - default default] No more DHCP agents
2026-09-01 19:48:02.827 10 WARNING neutron.api.rpc.agentnotifiers.dhcp_rpc_agent_api [None req-e924c67f-498b-467f-b78d-be5f23606fe5 e8f6cb9d979f4f68863f5b5ee3098f32 9028f440acb64fd99caf8d503d0457cf - - default default] Unable to schedule network 650de57c-6a02-43d1-af9d-5686298523fc: no agents available; will retry on subsequent port and subnet creation events.
2026-09-01 19:48:02.997 9 INFO neutron.db.ovn_revision_numbers_db [None req-43a77db1-59d1-419b-89de-115247172d4e - - - - - -] Successfully bumped revision number for resource 7b5759db-17b2-4385-807b-5b963416f5ab (type: ports) to 1
2026-09-01 19:48:03.027 10 INFO neutron.wsgi [req-3624273e-d28e-4fa6-a24c-2b06a33b44b8 req-11ce2f5d-9659-4302-9246-8f494413917a 2eb829645dc84a12ba1eaafe09ac41ed 0544e5c0acb34493854b37a01c3ea747 - - 4fed95107a39400d92e76b56041241c9 4fed95107a39400d92e76b56041241c9] 162.253.55.125 "GET /v2.0/networks/564dc627-b6d4-4ffd-890d-29c223255680?fields=segments HTTP/1.1" status: 200 len: 212 time: 0.1051810
2026-09-01 19:48:03.029 10 INFO neutron.db.ovn_revision_numbers_db [None req-e924c67f-498b-467f-b78d-be5f23606fe5 e8f6cb9d979f4f68863f5b5ee3098f32 9028f440acb64fd99caf8d503d0457cf - - default default] Successfully bumped revision number for resource b7615245-b4a9-4fe3-bb2f-4ba626114cff (type: ports) to 1
2026-09-01 19:48:03.219 9 INFO neutron.db.ovn_revision_numbers_db [None req-43a77db1-59d1-419b-89de-115247172d4e - - - - - -] Successfully bumped revision number for resource 7b5759db-17b2-4385-807b-5b963416f5ab (type: router_ports) to 3
2026-09-01 19:48:03.388 9 INFO neutron.db.ovn_revision_numbers_db [None req-43a77db1-59d1-419b-89de-115247172d4e - - - - - -] Successfully bumped revision number for resource 7b5759db-17b2-4385-807b-5b963416f5ab (type: ports) to 2
2026-09-01 19:48:03.440 10 INFO neutron.wsgi [req-3624273e-d28e-4fa6-a24c-2b06a33b44b8 req-c38e3775-3670-4687-b8ae-62eeebf5bb77 2eb829645dc84a12ba1eaafe09ac41ed 0544e5c0acb34493854b37a01c3ea747 - - 4fed95107a39400d92e76b56041241c9 4fed95107a39400d92e76b56041241c9] 162.253.55.125 "GET /v2.0/networks/564dc627-b6d4-4ffd-890d-29c223255680?fields=provider%3Aphysical_network&fields=provider%3Anetwork_type HTTP/1.1" status: 200 len: 277 time: 0.4063144
2026-09-01 19:48:03.535 10 INFO neutron.wsgi [req-3624273e-d28e-4fa6-a24c-2b06a33b44b8 req-1c505d4b-6368-4805-812a-d7d6a205c950 e8f6cb9d979f4f68863f5b5ee3098f32 9028f440acb64fd99caf8d503d0457cf - - default default] 162.253.55.125 "GET /v2.0/networks?id=564dc627-b6d4-4ffd-890d-29c223255680 HTTP/1.1" status: 200 len: 1002 time: 0.0668838
2026-09-01 19:48:03.634 9 INFO neutron.db.ovn_revision_numbers_db [None req-43a77db1-59d1-419b-89de-115247172d4e - - - - - -] Successfully bumped revision number for resource 7b5759db-17b2-4385-807b-5b963416f5ab (type: ports) to 4
2026-09-01 19:48:03.885 9 INFO neutron.plugins.ml2.drivers.ovn.mech_driver.mech_driver [None req-5bbb813a-9fd7-4d1e-a53d-ac635206848c - - - - - -] OVN reports status up for port: b7615245-b4a9-4fe3-bb2f-4ba626114cff
2026-09-01 19:48:03.891 10 WARNING neutron.scheduler.dhcp_agent_scheduler [None req-89f5a4a5-41d4-4e17-9a81-5bd5d132cf2d e8f6cb9d979f4f68863f5b5ee3098f32 9028f440acb64fd99caf8d503d0457cf - - - -] No more DHCP agents
2026-09-01 19:48:03.893 10 WARNING neutron.api.rpc.agentnotifiers.dhcp_rpc_agent_api [None req-89f5a4a5-41d4-4e17-9a81-5bd5d132cf2d e8f6cb9d979f4f68863f5b5ee3098f32 9028f440acb64fd99caf8d503d0457cf - - - -] Unable to schedule network 564dc627-b6d4-4ffd-890d-29c223255680: no agents available; will retry on subsequent port and subnet creation events.
2026-09-01 19:48:03.897 9 INFO neutron.plugins.ml2.plugin [None req-5bbb813a-9fd7-4d1e-a53d-ac635206848c - - - - - -] Attempt 1 to provision port b7615245-b4a9-4fe3-bb2f-4ba626114cff
2026-09-01 19:48:03.898 10 INFO neutron.db.ovn_revision_numbers_db [None req-e924c67f-498b-467f-b78d-be5f23606fe5 e8f6cb9d979f4f68863f5b5ee3098f32 9028f440acb64fd99caf8d503d0457cf - - default default] Successfully bumped revision number for resource b7615245-b4a9-4fe3-bb2f-4ba626114cff (type: router_ports) to 2
2026-09-01 19:48:03.925 9 INFO neutron.db.ovn_revision_numbers_db [None req-43a77db1-59d1-419b-89de-115247172d4e - - - - - -] Successfully bumped revision number for resource 7b5759db-17b2-4385-807b-5b963416f5ab (type: router_ports) to 4
2026-09-01 19:48:04.064 10 INFO neutron.db.ovn_revision_numbers_db [None req-e924c67f-498b-467f-b78d-be5f23606fe5 e8f6cb9d979f4f68863f5b5ee3098f32 9028f440acb64fd99caf8d503d0457cf - - default default] Successfully bumped revision number for resource b7615245-b4a9-4fe3-bb2f-4ba626114cff (type: ports) to 2
2026-09-01 19:48:04.069 10 INFO neutron.db.ovn_revision_numbers_db [None req-89f5a4a5-41d4-4e17-9a81-5bd5d132cf2d e8f6cb9d979f4f68863f5b5ee3098f32 9028f440acb64fd99caf8d503d0457cf - - - -] Successfully bumped revision number for resource 7d5102b7-bf8a-4287-9f08-05029ce83a8b (type: ports) to 1
2026-09-01 19:48:04.104 10 INFO neutron.wsgi [None req-89f5a4a5-41d4-4e17-9a81-5bd5d132cf2d e8f6cb9d979f4f68863f5b5ee3098f32 9028f440acb64fd99caf8d503d0457cf - - - -] 162.253.55.125 "POST /v2.0/ports HTTP/1.1" status: 201 len: 1508 time: 0.5594110
2026-09-01 19:48:04.117 9 INFO neutron.db.ovn_revision_numbers_db [None req-5bbb813a-9fd7-4d1e-a53d-ac635206848c - - - - - -] Successfully bumped revision number for resource b7615245-b4a9-4fe3-bb2f-4ba626114cff (type: ports) to 3 /var/lib/openstack/lib/python3.10/site-packages/pycadf/identifier.py:71: UserWarning: Invalid uuid: neutron. To ensure interoperability, identifiers should be a valid uuid. warnings.warn(('Invalid uuid: %s. To ensure interoperability, '
2026-09-01 19:48:04.183 10 WARNING neutron.scheduler.dhcp_agent_scheduler [None req-e924c67f-498b-467f-b78d-be5f23606fe5 e8f6cb9d979f4f68863f5b5ee3098f32 9028f440acb64fd99caf8d503d0457cf - - default default] No more DHCP agents
2026-09-01 19:48:04.187 10 WARNING neutron.api.rpc.agentnotifiers.dhcp_rpc_agent_api [None req-e924c67f-498b-467f-b78d-be5f23606fe5 e8f6cb9d979f4f68863f5b5ee3098f32 9028f440acb64fd99caf8d503d0457cf - - default default] Unable to schedule network 650de57c-6a02-43d1-af9d-5686298523fc: no agents available; will retry on subsequent port and subnet creation events.
2026-09-01 19:48:04.227 9 INFO neutron.db.ovn_revision_numbers_db [None req-5bbb813a-9fd7-4d1e-a53d-ac635206848c - - - - - -] Successfully bumped revision number for resource b7615245-b4a9-4fe3-bb2f-4ba626114cff (type: router_ports) to 3
2026-09-01 19:48:04.588 10 INFO neutron.db.ovn_revision_numbers_db [None req-b4cefe61-448a-4061-a2d1-b32ce42cd89b 2eb829645dc84a12ba1eaafe09ac41ed 0544e5c0acb34493854b37a01c3ea747 - - - -] Successfully bumped revision number for resource 7d5102b7-bf8a-4287-9f08-05029ce83a8b (type: ports) to 2
2026-09-01 19:48:04.808 10 INFO neutron.db.ovn_revision_numbers_db [None req-e924c67f-498b-467f-b78d-be5f23606fe5 e8f6cb9d979f4f68863f5b5ee3098f32 9028f440acb64fd99caf8d503d0457cf - - - -] Successfully bumped revision number for resource b7615245-b4a9-4fe3-bb2f-4ba626114cff (type: router_ports) to 3
2026-09-01 19:48:04.810 10 INFO neutron.wsgi [None req-e924c67f-498b-467f-b78d-be5f23606fe5 e8f6cb9d979f4f68863f5b5ee3098f32 9028f440acb64fd99caf8d503d0457cf - - - -] 10.0.0.49 "PUT /v2.0/routers/240fba83-fd6b-4330-9435-3440c30c9893/add_router_interface HTTP/1.1" status: 200 len: 503 time: 2.4327552
2026-09-01 19:48:04.812 10 INFO neutron.db.ovn_revision_numbers_db [None req-b4cefe61-448a-4061-a2d1-b32ce42cd89b 2eb829645dc84a12ba1eaafe09ac41ed 0544e5c0acb34493854b37a01c3ea747 - - - -] Successfully bumped revision number for resource 7d5102b7-bf8a-4287-9f08-05029ce83a8b (type: ports) to 2
2026-09-01 19:48:04.826 10 INFO neutron.wsgi [None req-b4cefe61-448a-4061-a2d1-b32ce42cd89b 2eb829645dc84a12ba1eaafe09ac41ed 0544e5c0acb34493854b37a01c3ea747 - - - -] 162.253.55.125 "PUT /v2.0/ports/7d5102b7-bf8a-4287-9f08-05029ce83a8b HTTP/1.1" status: 200 len: 1557 time: 0.7098069
2026-09-01 19:48:04.870 10 INFO neutron.notifiers.nova [-] Nova event matching ['req-5bbfa053-93a5-4429-95a4-fe8c1eee3a3a'] response: {'name': 'network-changed', 'server_uuid': 'fe30e563-7dab-44c6-917c-a2b8aa5d8d39', 'tag': '7d5102b7-bf8a-4287-9f08-05029ce83a8b', 'status': 'completed', 'code': 200} /var/lib/openstack/lib/python3.10/site-packages/pycadf/identifier.py:71: UserWarning: Invalid uuid: neutron. To ensure interoperability, identifiers should be a valid uuid. warnings.warn(('Invalid uuid: %s. To ensure interoperability, '
2026-09-01 19:48:04.916 10 INFO neutron.wsgi [req-3624273e-d28e-4fa6-a24c-2b06a33b44b8 req-26b9f4e7-eae1-46d8-8571-25fed8569af1 2eb829645dc84a12ba1eaafe09ac41ed 0544e5c0acb34493854b37a01c3ea747 - - 4fed95107a39400d92e76b56041241c9 4fed95107a39400d92e76b56041241c9] 162.253.55.125 "GET /v2.0/ports?tenant_id=9028f440acb64fd99caf8d503d0457cf&device_id=fe30e563-7dab-44c6-917c-a2b8aa5d8d39 HTTP/1.1" status: 200 len: 4004 time: 0.0371838
2026-09-01 19:48:04.951 10 INFO neutron.wsgi [req-3624273e-d28e-4fa6-a24c-2b06a33b44b8 req-411b7e4e-5f63-48a0-ba47-30b10fd6d1c9 2eb829645dc84a12ba1eaafe09ac41ed 0544e5c0acb34493854b37a01c3ea747 - - 4fed95107a39400d92e76b56041241c9 4fed95107a39400d92e76b56041241c9] 162.253.55.125 "GET /v2.0/floatingips?fixed_ip_address=172.24.1.70&port_id=906a75cb-c856-4945-8d17-9e0e1ad2797a HTTP/1.1" status: 200 len: 217 time: 0.0311270
