2026-09-01 19:44:25.820 9 INFO neutron.wsgi [None req-65afd9d7-97f2-4eb6-880c-04a0fcf2dedd c30c148341fe45e0a0b474f5ea5b066f d129d3f264c840338a3995cc8a666791 - - - -] 10.0.0.49 "POST /v2.0/networks HTTP/1.1" status: 201 len: 847 time: 1.0084033
2026-09-01 19:44:25.840 10 INFO neutron.wsgi [req-f83ba49e-1784-40ba-bec4-ec7ff6189882 req-8e1c31dd-22cf-40f6-9f21-819c649ca329 2eb829645dc84a12ba1eaafe09ac41ed 0544e5c0acb34493854b37a01c3ea747 - - 4fed95107a39400d92e76b56041241c9 4fed95107a39400d92e76b56041241c9] 162.253.55.125 "GET /v2.0/subnets?id=94596847-9448-43c4-bff5-f4eb39e3018d HTTP/1.1" status: 200 len: 868 time: 0.0350292
2026-09-01 19:44:25.876 10 INFO neutron.wsgi [req-f83ba49e-1784-40ba-bec4-ec7ff6189882 req-a34220b5-e2a8-4dfa-be30-6b04e37c500c 2eb829645dc84a12ba1eaafe09ac41ed 0544e5c0acb34493854b37a01c3ea747 - - 4fed95107a39400d92e76b56041241c9 4fed95107a39400d92e76b56041241c9] 162.253.55.125 "GET /v2.0/ports?network_id=9d0bf8dd-b3ae-49b7-8c14-a4a1995b8243&device_owner=network%3Adhcp HTTP/1.1" status: 200 len: 210 time: 0.0280252
2026-09-01 19:44:25.944 10 WARNING neutron.scheduler.dhcp_agent_scheduler [None req-c72d7f8f-15be-4e2b-b7f0-8701915ca343 e8f6cb9d979f4f68863f5b5ee3098f32 9028f440acb64fd99caf8d503d0457cf - - - -] No more DHCP agents
2026-09-01 19:44:25.950 10 INFO neutron.wsgi [req-f83ba49e-1784-40ba-bec4-ec7ff6189882 req-1cbb1e72-ff86-4b5f-a25a-6802badf92b5 2eb829645dc84a12ba1eaafe09ac41ed 0544e5c0acb34493854b37a01c3ea747 - - 4fed95107a39400d92e76b56041241c9 4fed95107a39400d92e76b56041241c9] 162.253.55.125 "GET /v2.0/networks/9d0bf8dd-b3ae-49b7-8c14-a4a1995b8243?fields=segments HTTP/1.1" status: 200 len: 212 time: 0.0706220
2026-09-01 19:44:25.958 10 WARNING neutron.api.rpc.agentnotifiers.dhcp_rpc_agent_api [None req-c72d7f8f-15be-4e2b-b7f0-8701915ca343 e8f6cb9d979f4f68863f5b5ee3098f32 9028f440acb64fd99caf8d503d0457cf - - - -] Unable to schedule network 583a7c30-5d96-4402-a4e7-c47e9ad12be5: no agents available; will retry on subsequent port and subnet creation events.
2026-09-01 19:44:26.096 10 INFO neutron.wsgi [req-f83ba49e-1784-40ba-bec4-ec7ff6189882 req-d586f095-931b-4154-9921-67e39c4700b2 2eb829645dc84a12ba1eaafe09ac41ed 0544e5c0acb34493854b37a01c3ea747 - - 4fed95107a39400d92e76b56041241c9 4fed95107a39400d92e76b56041241c9] 162.253.55.125 "GET /v2.0/networks/9d0bf8dd-b3ae-49b7-8c14-a4a1995b8243?fields=provider%3Aphysical_network&fields=provider%3Anetwork_type HTTP/1.1" status: 200 len: 277 time: 0.1387255 /var/lib/openstack/lib/python3.10/site-packages/pycadf/identifier.py:71: UserWarning: Invalid uuid: neutron. To ensure interoperability, identifiers should be a valid uuid. warnings.warn(('Invalid uuid: %s. To ensure interoperability, '
2026-09-01 19:44:26.480 10 INFO neutron.db.ovn_revision_numbers_db [None req-c72d7f8f-15be-4e2b-b7f0-8701915ca343 e8f6cb9d979f4f68863f5b5ee3098f32 9028f440acb64fd99caf8d503d0457cf - - - -] Successfully bumped revision number for resource 3aa63d10-7937-49e0-a65d-b73240423280 (type: ports) to 2
2026-09-01 19:44:26.494 10 INFO neutron.db.ovn_revision_numbers_db [None req-c72d7f8f-15be-4e2b-b7f0-8701915ca343 e8f6cb9d979f4f68863f5b5ee3098f32 9028f440acb64fd99caf8d503d0457cf - - - -] Successfully bumped revision number for resource d7747a92-d7d8-429d-ac87-63473a252e58 (type: subnets) to 0
2026-09-01 19:44:26.509 10 INFO neutron.wsgi [None req-c72d7f8f-15be-4e2b-b7f0-8701915ca343 e8f6cb9d979f4f68863f5b5ee3098f32 9028f440acb64fd99caf8d503d0457cf - - - -] 10.0.0.49 "POST /v2.0/subnets HTTP/1.1" status: 201 len: 866 time: 0.8470073
2026-09-01 19:44:26.554 9 WARNING neutron.scheduler.dhcp_agent_scheduler [None req-67fc1941-e62c-4317-9a78-1ed26c00bc37 c30c148341fe45e0a0b474f5ea5b066f d129d3f264c840338a3995cc8a666791 - - - -] No more DHCP agents
2026-09-01 19:44:26.556 9 WARNING neutron.api.rpc.agentnotifiers.dhcp_rpc_agent_api [None req-67fc1941-e62c-4317-9a78-1ed26c00bc37 c30c148341fe45e0a0b474f5ea5b066f d129d3f264c840338a3995cc8a666791 - - - -] Unable to schedule network 5fe9aad2-eacd-4abf-9f78-7961b84a2ce0: no agents available; will retry on subsequent port and subnet creation events.
2026-09-01 19:44:26.583 9 INFO neutron.db.ovn_revision_numbers_db [None req-67fc1941-e62c-4317-9a78-1ed26c00bc37 c30c148341fe45e0a0b474f5ea5b066f d129d3f264c840338a3995cc8a666791 - - - -] Successfully bumped revision number for resource 55eba144-46c2-45bd-a027-59e0c0a4d2c6 (type: subnets) to 0
2026-09-01 19:44:26.594 9 INFO neutron.wsgi [None req-67fc1941-e62c-4317-9a78-1ed26c00bc37 c30c148341fe45e0a0b474f5ea5b066f d129d3f264c840338a3995cc8a666791 - - - -] 10.0.0.49 "POST /v2.0/subnets HTTP/1.1" status: 201 len: 848 time: 0.2714415
2026-09-01 19:44:26.683 9 INFO neutron.db.segments_db [None req-fc4fa636-e589-4457-994c-d6b7c834b3ab c30c148341fe45e0a0b474f5ea5b066f d129d3f264c840338a3995cc8a666791 - - - -] Added segment 399c8abc-b81f-403e-b645-26683924d8fd of type geneve for network 40523539-e1bc-47a5-94d0-916c911fd923
2026-09-01 19:44:26.818 9 INFO neutron.db.ovn_revision_numbers_db [None req-fc4fa636-e589-4457-994c-d6b7c834b3ab c30c148341fe45e0a0b474f5ea5b066f d129d3f264c840338a3995cc8a666791 - - - -] Successfully bumped revision number for resource 40523539-e1bc-47a5-94d0-916c911fd923 (type: networks) to 1
2026-09-01 19:44:26.961 9 WARNING neutron.scheduler.dhcp_agent_scheduler [None req-fc4fa636-e589-4457-994c-d6b7c834b3ab c30c148341fe45e0a0b474f5ea5b066f d129d3f264c840338a3995cc8a666791 - - - -] No more DHCP agents
2026-09-01 19:44:26.963 9 WARNING neutron.api.rpc.agentnotifiers.dhcp_rpc_agent_api [None req-fc4fa636-e589-4457-994c-d6b7c834b3ab c30c148341fe45e0a0b474f5ea5b066f d129d3f264c840338a3995cc8a666791 - - - -] Unable to schedule network 40523539-e1bc-47a5-94d0-916c911fd923: no agents available; will retry on subsequent port and subnet creation events.
2026-09-01 19:44:27.022 9 INFO neutron.db.ovn_revision_numbers_db [None req-fc4fa636-e589-4457-994c-d6b7c834b3ab c30c148341fe45e0a0b474f5ea5b066f d129d3f264c840338a3995cc8a666791 - - - -] Successfully bumped revision number for resource b2561265-d8ad-4755-8176-fa1c21db1e53 (type: ports) to 1
2026-09-01 19:44:27.039 9 INFO neutron.wsgi [None req-fc4fa636-e589-4457-994c-d6b7c834b3ab c30c148341fe45e0a0b474f5ea5b066f d129d3f264c840338a3995cc8a666791 - - - -] 10.0.0.49 "POST /v2.0/networks HTTP/1.1" status: 201 len: 847 time: 0.4388373
2026-09-01 19:44:27.169 9 INFO neutron.db.ovn_revision_numbers_db [None req-c69f6120-9a41-4e16-9a59-6a45a665f1f8 c30c148341fe45e0a0b474f5ea5b066f d129d3f264c840338a3995cc8a666791 - - - -] Successfully bumped revision number for resource 40523539-e1bc-47a5-94d0-916c911fd923 (type: networks) to 2
2026-09-01 19:44:27.172 9 INFO neutron.wsgi [None req-c69f6120-9a41-4e16-9a59-6a45a665f1f8 c30c148341fe45e0a0b474f5ea5b066f d129d3f264c840338a3995cc8a666791 - - - -] 10.0.0.49 "PUT /v2.0/networks/40523539-e1bc-47a5-94d0-916c911fd923 HTTP/1.1" status: 200 len: 792 time: 0.1276693
2026-09-01 19:44:27.185 10 WARNING neutron.scheduler.dhcp_agent_scheduler [None req-3a6ceb41-a9a6-4cdd-be3b-c10ba18893aa e8f6cb9d979f4f68863f5b5ee3098f32 9028f440acb64fd99caf8d503d0457cf - - - -] No more DHCP agents
2026-09-01 19:44:27.186 10 WARNING neutron.api.rpc.agentnotifiers.dhcp_rpc_agent_api [None req-3a6ceb41-a9a6-4cdd-be3b-c10ba18893aa e8f6cb9d979f4f68863f5b5ee3098f32 9028f440acb64fd99caf8d503d0457cf - - - -] Unable to schedule network 93bf1c25-0a06-418b-a902-e837ecbf3fdd: no agents available; will retry on subsequent port and subnet creation events.
2026-09-01 19:44:27.300 10 INFO neutron.db.ovn_revision_numbers_db [None req-3a6ceb41-a9a6-4cdd-be3b-c10ba18893aa e8f6cb9d979f4f68863f5b5ee3098f32 9028f440acb64fd99caf8d503d0457cf - - - -] Successfully bumped revision number for resource c521ad04-56bc-4862-99f6-a4be96189a24 (type: ports) to 1
2026-09-01 19:44:27.412 9 WARNING neutron.scheduler.dhcp_agent_scheduler [None req-341511ee-7fd7-4b48-924e-84814648dc82 c30c148341fe45e0a0b474f5ea5b066f d129d3f264c840338a3995cc8a666791 - - - -] No more DHCP agents
2026-09-01 19:44:27.414 9 WARNING neutron.api.rpc.agentnotifiers.dhcp_rpc_agent_api [None req-341511ee-7fd7-4b48-924e-84814648dc82 c30c148341fe45e0a0b474f5ea5b066f d129d3f264c840338a3995cc8a666791 - - - -] Unable to schedule network 40523539-e1bc-47a5-94d0-916c911fd923: no agents available; will retry on subsequent port and subnet creation events.
2026-09-01 19:44:27.426 9 INFO neutron.db.ovn_revision_numbers_db [None req-341511ee-7fd7-4b48-924e-84814648dc82 c30c148341fe45e0a0b474f5ea5b066f d129d3f264c840338a3995cc8a666791 - - - -] Successfully bumped revision number for resource f5c14a9d-c788-47c5-8156-7e9a46ebf72d (type: subnets) to 0
2026-09-01 19:44:27.439 9 INFO neutron.wsgi [None req-341511ee-7fd7-4b48-924e-84814648dc82 c30c148341fe45e0a0b474f5ea5b066f d129d3f264c840338a3995cc8a666791 - - - -] 10.0.0.49 "POST /v2.0/subnets HTTP/1.1" status: 201 len: 821 time: 0.2626388
2026-09-01 19:44:27.859 9 INFO neutron.plugins.ml2.drivers.ovn.mech_driver.mech_driver [None req-5bbb813a-9fd7-4d1e-a53d-ac635206848c - - - - - -] OVN reports status up for port: c521ad04-56bc-4862-99f6-a4be96189a24
2026-09-01 19:44:27.871 10 INFO neutron.db.ovn_revision_numbers_db [None req-3a6ceb41-a9a6-4cdd-be3b-c10ba18893aa e8f6cb9d979f4f68863f5b5ee3098f32 9028f440acb64fd99caf8d503d0457cf - - - -] Successfully bumped revision number for resource c521ad04-56bc-4862-99f6-a4be96189a24 (type: router_ports) to 1
2026-09-01 19:44:27.885 9 INFO neutron.plugins.ml2.plugin [None req-5bbb813a-9fd7-4d1e-a53d-ac635206848c - - - - - -] Attempt 1 to provision port c521ad04-56bc-4862-99f6-a4be96189a24
2026-09-01 19:44:27.902 10 INFO neutron.plugins.ml2.drivers.ovn.mech_driver.ovsdb.ovsdb_monitor [None req-610340c9-7939-4081-b64a-557a471ef31f - - - - - -] Router 9762fa07-5229-4370-8d07-7aed761f81e0 is bound to host instance
2026-09-01 19:44:27.972 10 INFO neutron.db.ovn_revision_numbers_db [None req-3a6ceb41-a9a6-4cdd-be3b-c10ba18893aa e8f6cb9d979f4f68863f5b5ee3098f32 9028f440acb64fd99caf8d503d0457cf - - - -] Successfully bumped revision number for resource 9762fa07-5229-4370-8d07-7aed761f81e0 (type: routers) to 3
2026-09-01 19:44:28.010 10 INFO neutron.wsgi [None req-3a6ceb41-a9a6-4cdd-be3b-c10ba18893aa e8f6cb9d979f4f68863f5b5ee3098f32 9028f440acb64fd99caf8d503d0457cf - - - -] 10.0.0.49 "POST /v2.0/routers HTTP/1.1" status: 201 len: 877 time: 1.4952612
2026-09-01 19:44:28.143 9 INFO neutron.db.ovn_revision_numbers_db [None req-b3d62936-87bc-44a2-917a-8622525f0a0d c30c148341fe45e0a0b474f5ea5b066f d129d3f264c840338a3995cc8a666791 - - - -] Successfully bumped revision number for resource b2561265-d8ad-4755-8176-fa1c21db1e53 (type: ports) to 2
2026-09-01 19:44:28.164 9 INFO neutron.db.ovn_revision_numbers_db [None req-b3d62936-87bc-44a2-917a-8622525f0a0d c30c148341fe45e0a0b474f5ea5b066f d129d3f264c840338a3995cc8a666791 - - - -] Successfully bumped revision number for resource f5c14a9d-c788-47c5-8156-7e9a46ebf72d (type: subnets) to 1
2026-09-01 19:44:28.168 9 INFO neutron.wsgi [None req-b3d62936-87bc-44a2-917a-8622525f0a0d c30c148341fe45e0a0b474f5ea5b066f d129d3f264c840338a3995cc8a666791 - - - -] 10.0.0.49 "PUT /v2.0/subnets/f5c14a9d-c788-47c5-8156-7e9a46ebf72d HTTP/1.1" status: 200 len: 826 time: 0.7202444
2026-09-01 19:44:28.628 9 INFO neutron.services.segments.plugin [-] Segment 399c8abc-b81f-403e-b645-26683924d8fd resource provider aggregate not found
2026-09-01 19:44:28.638 9 INFO neutron.services.segments.plugin [-] Segment 399c8abc-b81f-403e-b645-26683924d8fd resource provider aggregate not found
2026-09-01 19:44:28.645 9 INFO neutron.services.segments.plugin [-] Segment 399c8abc-b81f-403e-b645-26683924d8fd resource provider not found; error: Placement Client Error (4xx): {"errors": [{"status": 404, "title": "Not Found", "detail": "The resource could not be found.\n\n No resource provider with uuid 399c8abc-b81f-403e-b645-26683924d8fd found for delete ", "request_id": "req-adfc037b-be21-458f-9857-97a9c64c8acf"}]}
2026-09-01 19:44:28.659 9 INFO neutron.services.segments.plugin [-] Segment 399c8abc-b81f-403e-b645-26683924d8fd resource provider not found; error: Placement Client Error (4xx): {"errors": [{"status": 404, "title": "Not Found", "detail": "The resource could not be found.\n\n No resource provider with uuid 399c8abc-b81f-403e-b645-26683924d8fd found for delete ", "request_id": "req-a290c5b0-5727-4825-91cb-356a86df4d27"}]}
2026-09-01 19:44:28.683 9 INFO neutron.wsgi [None req-3d6dc42a-8bb5-4d28-a372-6403ee93436c c30c148341fe45e0a0b474f5ea5b066f d129d3f264c840338a3995cc8a666791 - - - -] 10.0.0.49 "DELETE /v2.0/networks/40523539-e1bc-47a5-94d0-916c911fd923 HTTP/1.1" status: 204 len: 168 time: 0.5100241
2026-09-01 19:44:28.706 9 INFO neutron.pecan_wsgi.hooks.translation [None req-11828f6a-b01a-44fe-97e9-e3ce627111a4 c30c148341fe45e0a0b474f5ea5b066f d129d3f264c840338a3995cc8a666791 - - - -] DELETE failed (client error): The resource could not be found.
2026-09-01 19:44:28.709 9 INFO neutron.wsgi [None req-11828f6a-b01a-44fe-97e9-e3ce627111a4 c30c148341fe45e0a0b474f5ea5b066f d129d3f264c840338a3995cc8a666791 - - - -] 10.0.0.49 "DELETE /v2.0/networks/40523539-e1bc-47a5-94d0-916c911fd923 HTTP/1.1" status: 404 len: 339 time: 0.0173485
2026-09-01 19:44:28.768 10 WARNING neutron.scheduler.dhcp_agent_scheduler [None req-4741f9cf-2bc2-4d2b-a7ba-0835e0b9dad1 e8f6cb9d979f4f68863f5b5ee3098f32 9028f440acb64fd99caf8d503d0457cf - - default default] No more DHCP agents
2026-09-01 19:44:28.771 10 WARNING neutron.api.rpc.agentnotifiers.dhcp_rpc_agent_api [None req-4741f9cf-2bc2-4d2b-a7ba-0835e0b9dad1 e8f6cb9d979f4f68863f5b5ee3098f32 9028f440acb64fd99caf8d503d0457cf - - default default] Unable to schedule network 583a7c30-5d96-4402-a4e7-c47e9ad12be5: no agents available; will retry on subsequent port and subnet creation events.
2026-09-01 19:44:28.772 10 INFO neutron.db.ovn_revision_numbers_db [None req-610340c9-7939-4081-b64a-557a471ef31f - - - - - -] Successfully bumped revision number for resource c521ad04-56bc-4862-99f6-a4be96189a24 (type: ports) to 1
2026-09-01 19:44:28.823 9 INFO neutron.wsgi [None req-af3fd8da-2230-41eb-9d5c-3abd3405ce4f c30c148341fe45e0a0b474f5ea5b066f d129d3f264c840338a3995cc8a666791 - - default default] 10.0.0.49 "GET /v2.0/networks?router%3Aexternal=True HTTP/1.1" status: 200 len: 845 time: 0.0974109
2026-09-01 19:44:28.871 9 INFO neutron.wsgi [None req-50168f8c-d161-496b-9e6c-2a61c0295d99 c30c148341fe45e0a0b474f5ea5b066f d129d3f264c840338a3995cc8a666791 - - default default] 10.0.0.49 "GET /v2.0/subnets?network_id=93bf1c25-0a06-418b-a902-e837ecbf3fdd HTTP/1.1" status: 200 len: 820 time: 0.0425589
2026-09-01 19:44:28.883 9 INFO neutron.wsgi [None req-7db2a391-f2ea-4cb1-8221-dfe5d0546d2a c30c148341fe45e0a0b474f5ea5b066f d129d3f264c840338a3995cc8a666791 - - default default] 10.0.0.49 "GET /v2.0/extensions HTTP/1.1" status: 200 len: 16520 time: 0.0046701
2026-09-01 19:44:28.991 10 INFO neutron.db.ovn_revision_numbers_db [None req-4741f9cf-2bc2-4d2b-a7ba-0835e0b9dad1 e8f6cb9d979f4f68863f5b5ee3098f32 9028f440acb64fd99caf8d503d0457cf - - default default] Successfully bumped revision number for resource 11e12036-5f47-4b28-9aa0-b987120dfda4 (type: ports) to 1
2026-09-01 19:44:29.135 10 INFO neutron.db.ovn_revision_numbers_db [None req-610340c9-7939-4081-b64a-557a471ef31f - - - - - -] Successfully bumped revision number for resource c521ad04-56bc-4862-99f6-a4be96189a24 (type: router_ports) to 3
2026-09-01 19:44:29.170 9 INFO neutron.wsgi [None req-5a90690b-bec4-405f-9e0a-1c36194ad0c1 c30c148341fe45e0a0b474f5ea5b066f d129d3f264c840338a3995cc8a666791 - - default default] 10.0.0.49 "GET /v2.0/networks HTTP/1.1" status: 200 len: 1508 time: 0.2744462
2026-09-01 19:44:29.212 9 INFO neutron.wsgi [None req-6e186b60-f7c0-4c5d-8d44-8a980ca424e5 c30c148341fe45e0a0b474f5ea5b066f d129d3f264c840338a3995cc8a666791 - - default default] 10.0.0.49 "GET /v2.0/subnets HTTP/1.1" status: 200 len: 1460 time: 0.0314870
2026-09-01 19:44:29.286 9 INFO neutron.db.ovn_revision_numbers_db [None req-62dc1ae6-95d9-48e4-9c1c-dc4798ef2dab e8f6cb9d979f4f68863f5b5ee3098f32 9028f440acb64fd99caf8d503d0457cf - - default default] Successfully bumped revision number for resource 6bfcee57-cc80-4488-b842-96304ba44be0 (type: security_groups) to 1
2026-09-01 19:44:29.302 9 INFO neutron.wsgi [None req-62dc1ae6-95d9-48e4-9c1c-dc4798ef2dab e8f6cb9d979f4f68863f5b5ee3098f32 9028f440acb64fd99caf8d503d0457cf - - default default] 10.0.0.49 "GET /v2.0/security-groups?tenant_id=a1977d1a68a74416844cbef865b1e057&name=default HTTP/1.1" status: 200 len: 2996 time: 0.3908119
2026-09-01 19:44:29.305 9 INFO neutron.wsgi [None req-c11261d2-e2a6-4841-81d6-e7e96755687c c30c148341fe45e0a0b474f5ea5b066f d129d3f264c840338a3995cc8a666791 - - default default] 10.0.0.49 "GET /v2.0/networks/5fe9aad2-eacd-4abf-9f78-7961b84a2ce0 HTTP/1.1" status: 200 len: 867 time: 0.0744472
2026-09-01 19:44:29.355 10 INFO neutron.db.ovn_revision_numbers_db [None req-610340c9-7939-4081-b64a-557a471ef31f - - - - - -] Successfully bumped revision number for resource c521ad04-56bc-4862-99f6-a4be96189a24 (type: ports) to 2
2026-09-01 19:44:29.357 9 INFO neutron.wsgi [None req-4fa30aa6-4c94-4780-bbdf-afb13716adbc c30c148341fe45e0a0b474f5ea5b066f d129d3f264c840338a3995cc8a666791 - - default default] 10.0.0.49 "GET /v2.0/subnets/55eba144-46c2-45bd-a027-59e0c0a4d2c6 HTTP/1.1" status: 200 len: 843 time: 0.0382509
2026-09-01 19:44:29.387 10 INFO neutron.pecan_wsgi.hooks.translation [None req-b3c9c8e9-5914-4fa1-bcf4-6cf3e47f1f3d c30c148341fe45e0a0b474f5ea5b066f d129d3f264c840338a3995cc8a666791 - - - -] DELETE failed (client error): The resource could not be found.
2026-09-01 19:44:29.389 10 INFO neutron.wsgi [None req-b3c9c8e9-5914-4fa1-bcf4-6cf3e47f1f3d c30c148341fe45e0a0b474f5ea5b066f d129d3f264c840338a3995cc8a666791 - - - -] 10.0.0.49 "DELETE /v2.0/subnets/f5c14a9d-c788-47c5-8156-7e9a46ebf72d HTTP/1.1" status: 404 len: 337 time: 0.0206397
2026-09-01 19:44:29.424 10 INFO neutron.pecan_wsgi.hooks.translation [None req-cd4e7ca2-deb8-407a-97cd-6fe109d51707 c30c148341fe45e0a0b474f5ea5b066f d129d3f264c840338a3995cc8a666791 - - - -] DELETE failed (client error): The resource could not be found.
2026-09-01 19:44:29.426 10 INFO neutron.wsgi [None req-cd4e7ca2-deb8-407a-97cd-6fe109d51707 c30c148341fe45e0a0b474f5ea5b066f d129d3f264c840338a3995cc8a666791 - - - -] 10.0.0.49 "DELETE /v2.0/networks/40523539-e1bc-47a5-94d0-916c911fd923 HTTP/1.1" status: 404 len: 339 time: 0.0316167
2026-09-01 19:44:29.520 9 INFO neutron.wsgi [None req-f1eac4b0-88de-441b-9798-9319b45f08e9 e8f6cb9d979f4f68863f5b5ee3098f32 9028f440acb64fd99caf8d503d0457cf - - - -] 10.0.0.49 "DELETE /v2.0/security-groups/6bfcee57-cc80-4488-b842-96304ba44be0 HTTP/1.1" status: 204 len: 168 time: 0.2060080
2026-09-01 19:44:29.576 10 INFO neutron.db.ovn_revision_numbers_db [None req-4741f9cf-2bc2-4d2b-a7ba-0835e0b9dad1 e8f6cb9d979f4f68863f5b5ee3098f32 9028f440acb64fd99caf8d503d0457cf - - default default] Successfully bumped revision number for resource 11e12036-5f47-4b28-9aa0-b987120dfda4 (type: router_ports) to 2
2026-09-01 19:44:29.586 9 INFO neutron.wsgi [None req-e702cf79-f40d-46fd-8c11-e46a1f6550b1 c30c148341fe45e0a0b474f5ea5b066f d129d3f264c840338a3995cc8a666791 - - - -] 10.0.0.49 "DELETE /v2.0/subnets/55eba144-46c2-45bd-a027-59e0c0a4d2c6 HTTP/1.1" status: 204 len: 168 time: 0.1532352
2026-09-01 19:44:29.637 10 INFO neutron.db.ovn_revision_numbers_db [None req-610340c9-7939-4081-b64a-557a471ef31f - - - - - -] Successfully bumped revision number for resource c521ad04-56bc-4862-99f6-a4be96189a24 (type: ports) to 4
2026-09-01 19:44:29.846 10 INFO neutron.db.ovn_revision_numbers_db [None req-4741f9cf-2bc2-4d2b-a7ba-0835e0b9dad1 e8f6cb9d979f4f68863f5b5ee3098f32 9028f440acb64fd99caf8d503d0457cf - - default default] Successfully bumped revision number for resource 11e12036-5f47-4b28-9aa0-b987120dfda4 (type: ports) to 2
2026-09-01 19:44:29.916 10 INFO neutron.db.ovn_revision_numbers_db [None req-f1c44277-c397-45e4-82ff-8a7e334e4f05 e8f6cb9d979f4f68863f5b5ee3098f32 9028f440acb64fd99caf8d503d0457cf - - default default] Successfully bumped revision number for resource 1e31bfd9-cd6d-4596-8709-41f5dbcf4c05 (type: security_groups) to 1
2026-09-01 19:44:29.953 10 INFO neutron.wsgi [None req-f1c44277-c397-45e4-82ff-8a7e334e4f05 e8f6cb9d979f4f68863f5b5ee3098f32 9028f440acb64fd99caf8d503d0457cf - - default default] 10.0.0.49 "GET /v2.0/security-groups?tenant_id=24b2ed3d0c17435388b75f696510a80e&name=default HTTP/1.1" status: 200 len: 2996 time: 0.3028476
2026-09-01 19:44:29.995 10 WARNING neutron.scheduler.dhcp_agent_scheduler [None req-4741f9cf-2bc2-4d2b-a7ba-0835e0b9dad1 e8f6cb9d979f4f68863f5b5ee3098f32 9028f440acb64fd99caf8d503d0457cf - - default default] No more DHCP agents
2026-09-01 19:44:29.997 10 WARNING neutron.api.rpc.agentnotifiers.dhcp_rpc_agent_api [None req-4741f9cf-2bc2-4d2b-a7ba-0835e0b9dad1 e8f6cb9d979f4f68863f5b5ee3098f32 9028f440acb64fd99caf8d503d0457cf - - default default] Unable to schedule network 583a7c30-5d96-4402-a4e7-c47e9ad12be5: no agents available; will retry on subsequent port and subnet creation events.
2026-09-01 19:44:30.002 9 INFO neutron.wsgi [None req-16eb9156-8ef8-4ed8-b0d5-3d243ff47ece c30c148341fe45e0a0b474f5ea5b066f d129d3f264c840338a3995cc8a666791 - - - -] 10.0.0.49 "DELETE /v2.0/networks/5fe9aad2-eacd-4abf-9f78-7961b84a2ce0 HTTP/1.1" status: 204 len: 168 time: 0.4082274
2026-09-01 19:44:30.032 10 INFO neutron.db.ovn_revision_numbers_db [None req-610340c9-7939-4081-b64a-557a471ef31f - - - - - -] Successfully bumped revision number for resource c521ad04-56bc-4862-99f6-a4be96189a24 (type: router_ports) to 4
2026-09-01 19:44:30.041 9 INFO neutron.plugins.ml2.drivers.ovn.mech_driver.mech_driver [None req-5bbb813a-9fd7-4d1e-a53d-ac635206848c - - - - - -] OVN reports status up for port: 11e12036-5f47-4b28-9aa0-b987120dfda4
2026-09-01 19:44:30.050 9 INFO neutron.plugins.ml2.plugin [None req-5bbb813a-9fd7-4d1e-a53d-ac635206848c - - - - - -] Attempt 1 to provision port 11e12036-5f47-4b28-9aa0-b987120dfda4
2026-09-01 19:44:30.210 9 INFO neutron.wsgi [None req-07f96a8f-9bc2-4760-a127-3d4bb1079e92 e8f6cb9d979f4f68863f5b5ee3098f32 9028f440acb64fd99caf8d503d0457cf - - - -] 10.0.0.49 "DELETE /v2.0/security-groups/1e31bfd9-cd6d-4596-8709-41f5dbcf4c05 HTTP/1.1" status: 204 len: 168 time: 0.2503803
2026-09-01 19:44:30.258 9 INFO neutron.db.ovn_revision_numbers_db [None req-5bbb813a-9fd7-4d1e-a53d-ac635206848c - - - - - -] Successfully bumped revision number for resource 11e12036-5f47-4b28-9aa0-b987120dfda4 (type: ports) to 3
2026-09-01 19:44:30.340 9 INFO neutron.db.ovn_revision_numbers_db [None req-5bbb813a-9fd7-4d1e-a53d-ac635206848c - - - - - -] Successfully bumped revision number for resource 11e12036-5f47-4b28-9aa0-b987120dfda4 (type: router_ports) to 3
2026-09-01 19:44:30.525 10 INFO neutron.wsgi [None req-4741f9cf-2bc2-4d2b-a7ba-0835e0b9dad1 e8f6cb9d979f4f68863f5b5ee3098f32 9028f440acb64fd99caf8d503d0457cf - - - -] 10.0.0.49 "PUT /v2.0/routers/9762fa07-5229-4370-8d07-7aed761f81e0/add_router_interface HTTP/1.1" status: 200 len: 503 time: 2.5085957
2026-09-01 19:44:30.675 9 INFO neutron.services.segments.plugin [-] Segment e5fff444-7be3-437b-8a98-ebf51fecb2e2 resource provider aggregate not found
2026-09-01 19:44:30.691 9 INFO neutron.services.segments.plugin [-] Segment e5fff444-7be3-437b-8a98-ebf51fecb2e2 resource provider aggregate not found
2026-09-01 19:44:30.703 9 INFO neutron.services.segments.plugin [-] Segment e5fff444-7be3-437b-8a98-ebf51fecb2e2 resource provider not found; error: Placement Client Error (4xx): {"errors": [{"status": 404, "title": "Not Found", "detail": "The resource could not be found.\n\n No resource provider with uuid e5fff444-7be3-437b-8a98-ebf51fecb2e2 found for delete ", "request_id": "req-9e65244c-92f7-4150-8497-2b9b02841963"}]}
2026-09-01 19:44:30.720 9 INFO neutron.services.segments.plugin [-] Segment e5fff444-7be3-437b-8a98-ebf51fecb2e2 resource provider not found; error: Placement Client Error (4xx): {"errors": [{"status": 404, "title": "Not Found", "detail": "The resource could not be found.\n\n No resource provider with uuid e5fff444-7be3-437b-8a98-ebf51fecb2e2 found for delete ", "request_id": "req-a361f587-efbb-4c9d-9985-32d204e24c43"}]}
2026-09-01 19:44:30.776 9 INFO neutron.wsgi [None req-e8d4c82a-d430-4233-82f5-9e00947c48a8 e8f6cb9d979f4f68863f5b5ee3098f32 9028f440acb64fd99caf8d503d0457cf - - default default] 10.0.0.49 "GET /v2.0/security-groups?tenant_id=d129d3f264c840338a3995cc8a666791&name=default HTTP/1.1" status: 200 len: 2996 time: 0.2102549
2026-09-01 19:44:30.975 9 INFO neutron.wsgi [None req-fdec8569-99af-4828-a001-ecd015e19766 e8f6cb9d979f4f68863f5b5ee3098f32 9028f440acb64fd99caf8d503d0457cf - - - -] 10.0.0.49 "DELETE /v2.0/security-groups/d527992c-344e-47db-a402-15be8cf4cbf4 HTTP/1.1" status: 204 len: 168 time: 0.1938443
2026-09-01 19:44:31.240 10 INFO neutron.db.ovn_revision_numbers_db [None req-1c446fd9-07d3-4b87-a906-8a852e9d6ee7 5010e2fa104d4659a682e07cac6c42a3 b1ffc5012df3483eaed30dba4902a82d - - - -] Successfully bumped revision number for resource f37bd7a7-899a-49be-baf8-37e05df0c05d (type: security_groups) to 1
2026-09-01 19:44:31.267 10 INFO neutron.wsgi [None req-1c446fd9-07d3-4b87-a906-8a852e9d6ee7 5010e2fa104d4659a682e07cac6c42a3 b1ffc5012df3483eaed30dba4902a82d - - - -] 10.0.0.49 "POST /v2.0/security-groups HTTP/1.1" status: 201 len: 1796 time: 0.1463845
2026-09-01 19:44:31.360 10 INFO neutron.db.ovn_revision_numbers_db [None req-a3ceeb1a-92e3-419e-9a49-99d476272821 5010e2fa104d4659a682e07cac6c42a3 b1ffc5012df3483eaed30dba4902a82d - - - -] Successfully bumped revision number for resource b877eba7-9730-4ac1-b9c9-8da6695427dc (type: security_group_rules) to 0
2026-09-01 19:44:31.381 10 INFO neutron.wsgi [None req-a3ceeb1a-92e3-419e-9a49-99d476272821 5010e2fa104d4659a682e07cac6c42a3 b1ffc5012df3483eaed30dba4902a82d - - - -] 10.0.0.49 "POST /v2.0/security-group-rules HTTP/1.1" status: 201 len: 764 time: 0.1095920
2026-09-01 19:44:31.474 10 INFO neutron.db.ovn_revision_numbers_db [None req-280bded3-1cae-4ec4-8d82-d6dfa5e4763e 5010e2fa104d4659a682e07cac6c42a3 b1ffc5012df3483eaed30dba4902a82d - - - -] Successfully bumped revision number for resource 4aeeeea8-a9a7-4374-a658-995233cc7bb0 (type: security_group_rules) to 0
2026-09-01 19:44:31.493 10 INFO neutron.wsgi [None req-280bded3-1cae-4ec4-8d82-d6dfa5e4763e 5010e2fa104d4659a682e07cac6c42a3 b1ffc5012df3483eaed30dba4902a82d - - - -] 10.0.0.49 "POST /v2.0/security-group-rules HTTP/1.1" status: 201 len: 769 time: 0.1082363
2026-09-01 19:44:31.735 10 WARNING neutron.scheduler.dhcp_agent_scheduler [None req-dfc4b150-ede5-4b7a-a4db-2571c44ecaf6 5010e2fa104d4659a682e07cac6c42a3 b1ffc5012df3483eaed30dba4902a82d - - - -] No more DHCP agents
2026-09-01 19:44:31.737 10 WARNING neutron.api.rpc.agentnotifiers.dhcp_rpc_agent_api [None req-dfc4b150-ede5-4b7a-a4db-2571c44ecaf6 5010e2fa104d4659a682e07cac6c42a3 b1ffc5012df3483eaed30dba4902a82d - - - -] Unable to schedule network 93bf1c25-0a06-418b-a902-e837ecbf3fdd: no agents available; will retry on subsequent port and subnet creation events.
2026-09-01 19:44:32.213 10 INFO neutron.db.ovn_revision_numbers_db [None req-dfc4b150-ede5-4b7a-a4db-2571c44ecaf6 5010e2fa104d4659a682e07cac6c42a3 b1ffc5012df3483eaed30dba4902a82d - - - -] Successfully bumped revision number for resource 30462485-0ef5-421c-bb02-15ba64fdbed4 (type: floatingips) to 0
2026-09-01 19:44:32.227 10 INFO neutron.wsgi [None req-dfc4b150-ede5-4b7a-a4db-2571c44ecaf6 5010e2fa104d4659a682e07cac6c42a3 b1ffc5012df3483eaed30dba4902a82d - - - -] 10.0.0.49 "POST /v2.0/floatingips HTTP/1.1" status: 201 len: 751 time: 0.7283158
2026-09-01 19:44:32.785 10 INFO neutron.wsgi [req-e7c6562b-2629-44c7-b34d-9aa14bd2e087 req-b2fdafa7-3a2b-460f-b3b9-0bd6a1ff71ea 5010e2fa104d4659a682e07cac6c42a3 b1ffc5012df3483eaed30dba4902a82d - - default default] 10.0.0.126 "GET /v2.0/security-groups?name=tempest-securitygroup--393520004&fields=id&tenant_id=b1ffc5012df3483eaed30dba4902a82d HTTP/1.1" status: 200 len: 267 time: 0.0486946
2026-09-01 19:44:32.860 10 INFO neutron.wsgi [req-e7c6562b-2629-44c7-b34d-9aa14bd2e087 req-53f9aa46-c06d-4fb1-9675-bfc0b977c048 5010e2fa104d4659a682e07cac6c42a3 b1ffc5012df3483eaed30dba4902a82d - - default default] 10.0.0.126 "GET /v2.0/networks?id=583a7c30-5d96-4402-a4e7-c47e9ad12be5 HTTP/1.1" status: 200 len: 875 time: 0.0674298
2026-09-01 19:44:32.879 10 INFO neutron.wsgi [req-e7c6562b-2629-44c7-b34d-9aa14bd2e087 req-2010676e-79c3-4c42-a4f3-cf88e8a6b08e 5010e2fa104d4659a682e07cac6c42a3 b1ffc5012df3483eaed30dba4902a82d - - default default] 10.0.0.126 "GET /v2.0/quotas/b1ffc5012df3483eaed30dba4902a82d HTTP/1.1" status: 200 len: 386 time: 0.0101116
2026-09-01 19:44:32.999 10 INFO neutron.wsgi [req-e7c6562b-2629-44c7-b34d-9aa14bd2e087 req-90801f53-34c1-4341-9891-2917a9585e32 5010e2fa104d4659a682e07cac6c42a3 b1ffc5012df3483eaed30dba4902a82d - - default default] 10.0.0.126 "GET /v2.0/ports?tenant_id=b1ffc5012df3483eaed30dba4902a82d&fields=id HTTP/1.1" status: 200 len: 302 time: 0.1132159
2026-09-01 19:44:33.082 10 INFO neutron.wsgi [req-e7c6562b-2629-44c7-b34d-9aa14bd2e087 req-1dd01d78-1b8c-464d-9dd7-086b7f4a758c 2eb829645dc84a12ba1eaafe09ac41ed 0544e5c0acb34493854b37a01c3ea747 - - 4fed95107a39400d92e76b56041241c9 4fed95107a39400d92e76b56041241c9] 10.0.0.126 "GET /v2.0/networks/583a7c30-5d96-4402-a4e7-c47e9ad12be5?fields=segments HTTP/1.1" status: 200 len: 212 time: 0.0676656
2026-09-01 19:44:33.162 10 INFO neutron.wsgi [req-e7c6562b-2629-44c7-b34d-9aa14bd2e087 req-47f3e09b-d601-4151-8b9c-c0ea0cf06e19 2eb829645dc84a12ba1eaafe09ac41ed 0544e5c0acb34493854b37a01c3ea747 - - 4fed95107a39400d92e76b56041241c9 4fed95107a39400d92e76b56041241c9] 10.0.0.126 "GET /v2.0/networks/583a7c30-5d96-4402-a4e7-c47e9ad12be5?fields=provider%3Aphysical_network&fields=provider%3Anetwork_type HTTP/1.1" status: 200 len: 277 time: 0.0699852
2026-09-01 19:44:33.228 9 INFO neutron.db.ovn_revision_numbers_db [None req-37fa0d90-6061-4650-8c4e-eae1d081b3fb 3cecc5862b9a4dc9a30a911f5b6f7e90 4184afd4bcc4409691f45f8ffc29320d - - - -] Successfully bumped revision number for resource 953aeaae-29c6-46a2-84b0-d83603210def (type: security_groups) to 1
2026-09-01 19:44:33.310 9 INFO neutron.db.segments_db [None req-37fa0d90-6061-4650-8c4e-eae1d081b3fb 3cecc5862b9a4dc9a30a911f5b6f7e90 4184afd4bcc4409691f45f8ffc29320d - - - -] Added segment c4e1246a-9a82-4fbe-bb39-4291aec44e90 of type geneve for network 62469902-7000-4c1e-8afc-1eb43b293345
2026-09-01 19:44:33.383 9 INFO neutron.wsgi [req-72becd85-b154-4e3b-963f-b770b10eb98d req-d73571c9-9c37-42f1-83ea-2d1648300e0e 5010e2fa104d4659a682e07cac6c42a3 b1ffc5012df3483eaed30dba4902a82d - - default default] 10.0.0.126 "GET /v2.0/ports?device_id=2bdba1c3-1709-4804-bda2-a8435de0a393 HTTP/1.1" status: 200 len: 210 time: 0.0226943
2026-09-01 19:44:33.465 9 INFO neutron.db.ovn_revision_numbers_db [None req-37fa0d90-6061-4650-8c4e-eae1d081b3fb 3cecc5862b9a4dc9a30a911f5b6f7e90 4184afd4bcc4409691f45f8ffc29320d - - - -] Successfully bumped revision number for resource 62469902-7000-4c1e-8afc-1eb43b293345 (type: networks) to 1
2026-09-01 19:44:33.648 9 WARNING neutron.scheduler.dhcp_agent_scheduler [None req-37fa0d90-6061-4650-8c4e-eae1d081b3fb 3cecc5862b9a4dc9a30a911f5b6f7e90 4184afd4bcc4409691f45f8ffc29320d - - - -] No more DHCP agents
2026-09-01 19:44:33.650 9 WARNING neutron.api.rpc.agentnotifiers.dhcp_rpc_agent_api [None req-37fa0d90-6061-4650-8c4e-eae1d081b3fb 3cecc5862b9a4dc9a30a911f5b6f7e90 4184afd4bcc4409691f45f8ffc29320d - - - -] Unable to schedule network 62469902-7000-4c1e-8afc-1eb43b293345: no agents available; will retry on subsequent port and subnet creation events.
2026-09-01 19:44:33.732 9 INFO neutron.db.ovn_revision_numbers_db [None req-37fa0d90-6061-4650-8c4e-eae1d081b3fb 3cecc5862b9a4dc9a30a911f5b6f7e90 4184afd4bcc4409691f45f8ffc29320d - - - -] Successfully bumped revision number for resource ff1ec551-0d5c-4bce-a037-a433614b8e75 (type: ports) to 1
2026-09-01 19:44:33.761 9 INFO neutron.wsgi [None req-37fa0d90-6061-4650-8c4e-eae1d081b3fb 3cecc5862b9a4dc9a30a911f5b6f7e90 4184afd4bcc4409691f45f8ffc29320d - - - -] 10.0.0.49 "POST /v2.0/networks HTTP/1.1" status: 201 len: 843 time: 0.9539187
2026-09-01 19:44:34.028 10 WARNING neutron.scheduler.dhcp_agent_scheduler [None req-609b1470-a519-422b-81e1-dcadc8b265f8 3cecc5862b9a4dc9a30a911f5b6f7e90 4184afd4bcc4409691f45f8ffc29320d - - - -] No more DHCP agents
2026-09-01 19:44:34.033 10 WARNING neutron.api.rpc.agentnotifiers.dhcp_rpc_agent_api [None req-609b1470-a519-422b-81e1-dcadc8b265f8 3cecc5862b9a4dc9a30a911f5b6f7e90 4184afd4bcc4409691f45f8ffc29320d - - - -] Unable to schedule network 62469902-7000-4c1e-8afc-1eb43b293345: no agents available; will retry on subsequent port and subnet creation events.
2026-09-01 19:44:34.344 10 INFO neutron.wsgi [req-e7c6562b-2629-44c7-b34d-9aa14bd2e087 req-9dd04fb7-f484-4be8-a138-ef98d4304706 5010e2fa104d4659a682e07cac6c42a3 b1ffc5012df3483eaed30dba4902a82d - - default default] 162.253.55.125 "GET /v2.0/networks?id=583a7c30-5d96-4402-a4e7-c47e9ad12be5 HTTP/1.1" status: 200 len: 875 time: 0.0872180
2026-09-01 19:44:34.431 10 INFO neutron.wsgi [req-e7c6562b-2629-44c7-b34d-9aa14bd2e087 req-4047b1c4-d997-4e90-a621-ec5d600ab4c5 5010e2fa104d4659a682e07cac6c42a3 b1ffc5012df3483eaed30dba4902a82d - - default default] 162.253.55.125 "GET /v2.0/security-groups?fields=id&fields=name&tenant_id=b1ffc5012df3483eaed30dba4902a82d HTTP/1.1" status: 200 len: 379 time: 0.0622306
2026-09-01 19:44:34.486 10 INFO neutron.wsgi [req-39a4e72e-7f2d-4294-b4b2-e87711890200 req-1fcb9fdb-c6bf-44f3-82c6-ec0ef4452962 5010e2fa104d4659a682e07cac6c42a3 b1ffc5012df3483eaed30dba4902a82d - - default default] 10.0.0.126 "GET /v2.0/ports?device_id=2bdba1c3-1709-4804-bda2-a8435de0a393 HTTP/1.1" status: 200 len: 210 time: 0.0307922
2026-09-01 19:44:34.563 10 INFO neutron.db.ovn_revision_numbers_db [None req-609b1470-a519-422b-81e1-dcadc8b265f8 3cecc5862b9a4dc9a30a911f5b6f7e90 4184afd4bcc4409691f45f8ffc29320d - - - -] Successfully bumped revision number for resource ff1ec551-0d5c-4bce-a037-a433614b8e75 (type: ports) to 2
2026-09-01 19:44:34.587 10 INFO neutron.db.ovn_revision_numbers_db [None req-609b1470-a519-422b-81e1-dcadc8b265f8 3cecc5862b9a4dc9a30a911f5b6f7e90 4184afd4bcc4409691f45f8ffc29320d - - - -] Successfully bumped revision number for resource 6ec05b96-a3ab-4a59-9326-643e52fbbee9 (type: subnets) to 0
2026-09-01 19:44:34.603 10 INFO neutron.wsgi [None req-609b1470-a519-422b-81e1-dcadc8b265f8 3cecc5862b9a4dc9a30a911f5b6f7e90 4184afd4bcc4409691f45f8ffc29320d - - - -] 10.0.0.49 "POST /v2.0/subnets HTTP/1.1" status: 201 len: 816 time: 0.8108113
2026-09-01 19:44:34.705 9 INFO neutron.db.segments_db [None req-7ca706d5-6852-4c81-a509-00eb133c6292 3cecc5862b9a4dc9a30a911f5b6f7e90 4184afd4bcc4409691f45f8ffc29320d - - - -] Added segment c2fc818c-6e5d-4bc0-903a-0a543aaf801c of type geneve for network 2e3fec0f-1f22-461a-bf02-331054073a74
2026-09-01 19:44:34.711 10 INFO neutron.db.ovn_revision_numbers_db [None req-6bffdeee-b18e-4cb5-875d-9f9ee2505a60 e8f6cb9d979f4f68863f5b5ee3098f32 9028f440acb64fd99caf8d503d0457cf - - default default] Successfully bumped revision number for resource 336cbc36-eb1c-4054-a77e-a10201d76345 (type: security_groups) to 1
2026-09-01 19:44:34.758 10 INFO neutron.wsgi [None req-6bffdeee-b18e-4cb5-875d-9f9ee2505a60 e8f6cb9d979f4f68863f5b5ee3098f32 9028f440acb64fd99caf8d503d0457cf - - default default] 10.0.0.49 "GET /v2.0/security-groups?tenant_id=7fa5f01cd1304b66a5bbe0a4e63ab9d1&name=default HTTP/1.1" status: 200 len: 2996 time: 0.3520036 /var/lib/openstack/lib/python3.10/site-packages/pycadf/identifier.py:71: UserWarning: Invalid uuid: neutron. To ensure interoperability, identifiers should be a valid uuid. warnings.warn(('Invalid uuid: %s. To ensure interoperability, '
2026-09-01 19:44:34.800 10 WARNING neutron.scheduler.dhcp_agent_scheduler [None req-d3348e4e-b277-486a-acd5-be8082d98f24 5010e2fa104d4659a682e07cac6c42a3 b1ffc5012df3483eaed30dba4902a82d - - - -] No more DHCP agents
2026-09-01 19:44:34.801 10 WARNING neutron.api.rpc.agentnotifiers.dhcp_rpc_agent_api [None req-d3348e4e-b277-486a-acd5-be8082d98f24 5010e2fa104d4659a682e07cac6c42a3 b1ffc5012df3483eaed30dba4902a82d - - - -] Unable to schedule network 583a7c30-5d96-4402-a4e7-c47e9ad12be5: no agents available; will retry on subsequent port and subnet creation events.
2026-09-01 19:44:34.819 9 INFO neutron.db.ovn_revision_numbers_db [None req-7ca706d5-6852-4c81-a509-00eb133c6292 3cecc5862b9a4dc9a30a911f5b6f7e90 4184afd4bcc4409691f45f8ffc29320d - - - -] Successfully bumped revision number for resource 2e3fec0f-1f22-461a-bf02-331054073a74 (type: networks) to 1
2026-09-01 19:44:34.937 10 INFO neutron.db.ovn_revision_numbers_db [None req-d3348e4e-b277-486a-acd5-be8082d98f24 5010e2fa104d4659a682e07cac6c42a3 b1ffc5012df3483eaed30dba4902a82d - - - -] Successfully bumped revision number for resource a55f4ee1-7449-427f-91e8-f78ecee5f04c (type: ports) to 1
2026-09-01 19:44:34.955 10 INFO neutron.wsgi [None req-d3348e4e-b277-486a-acd5-be8082d98f24 5010e2fa104d4659a682e07cac6c42a3 b1ffc5012df3483eaed30dba4902a82d - - - -] 162.253.55.125 "POST /v2.0/ports HTTP/1.1" status: 201 len: 1158 time: 0.5068133
2026-09-01 19:44:34.964 9 WARNING neutron.scheduler.dhcp_agent_scheduler [None req-7ca706d5-6852-4c81-a509-00eb133c6292 3cecc5862b9a4dc9a30a911f5b6f7e90 4184afd4bcc4409691f45f8ffc29320d - - - -] No more DHCP agents /var/lib/openstack/lib/python3.10/site-packages/pycadf/identifier.py:71: UserWarning: Invalid uuid: neutron. To ensure interoperability, identifiers should be a valid uuid. warnings.warn(('Invalid uuid: %s. To ensure interoperability, '
2026-09-01 19:44:34.966 9 WARNING neutron.api.rpc.agentnotifiers.dhcp_rpc_agent_api [None req-7ca706d5-6852-4c81-a509-00eb133c6292 3cecc5862b9a4dc9a30a911f5b6f7e90 4184afd4bcc4409691f45f8ffc29320d - - - -] Unable to schedule network 2e3fec0f-1f22-461a-bf02-331054073a74: no agents available; will retry on subsequent port and subnet creation events.
2026-09-01 19:44:34.999 10 INFO neutron.wsgi [None req-55d44734-ef83-4147-94a9-74b0b0f62bd8 e8f6cb9d979f4f68863f5b5ee3098f32 9028f440acb64fd99caf8d503d0457cf - - - -] 10.0.0.49 "DELETE /v2.0/security-groups/336cbc36-eb1c-4054-a77e-a10201d76345 HTTP/1.1" status: 204 len: 168 time: 0.2350831
2026-09-01 19:44:35.022 9 INFO neutron.db.ovn_revision_numbers_db [None req-7ca706d5-6852-4c81-a509-00eb133c6292 3cecc5862b9a4dc9a30a911f5b6f7e90 4184afd4bcc4409691f45f8ffc29320d - - - -] Successfully bumped revision number for resource 14eb51c1-8ed9-43ff-8f9a-c8eb2d9c5689 (type: ports) to 1
2026-09-01 19:44:35.039 9 INFO neutron.wsgi [None req-7ca706d5-6852-4c81-a509-00eb133c6292 3cecc5862b9a4dc9a30a911f5b6f7e90 4184afd4bcc4409691f45f8ffc29320d - - - -] 10.0.0.49 "POST /v2.0/networks HTTP/1.1" status: 201 len: 842 time: 0.4307153
2026-09-01 19:44:35.226 9 INFO neutron.db.ovn_revision_numbers_db [None req-8ff5316b-cf01-4483-b941-6942fe84f69e 3cecc5862b9a4dc9a30a911f5b6f7e90 4184afd4bcc4409691f45f8ffc29320d - - - -] Successfully bumped revision number for resource 2e3fec0f-1f22-461a-bf02-331054073a74 (type: networks) to 2
2026-09-01 19:44:35.230 9 INFO neutron.wsgi [None req-8ff5316b-cf01-4483-b941-6942fe84f69e 3cecc5862b9a4dc9a30a911f5b6f7e90 4184afd4bcc4409691f45f8ffc29320d - - - -] 10.0.0.49 "PUT /v2.0/networks/2e3fec0f-1f22-461a-bf02-331054073a74 HTTP/1.1" status: 200 len: 792 time: 0.1870539
2026-09-01 19:44:35.249 10 INFO neutron.db.ovn_revision_numbers_db [None req-452327d4-dbde-4d4a-9148-41a85bcba51c e8f6cb9d979f4f68863f5b5ee3098f32 9028f440acb64fd99caf8d503d0457cf - - default default] Successfully bumped revision number for resource 90abc114-e1a3-4df0-8ad9-be0eca031f12 (type: security_groups) to 1
2026-09-01 19:44:35.277 10 INFO neutron.wsgi [None req-452327d4-dbde-4d4a-9148-41a85bcba51c e8f6cb9d979f4f68863f5b5ee3098f32 9028f440acb64fd99caf8d503d0457cf - - default default] 10.0.0.49 "GET /v2.0/security-groups?tenant_id=895d4ce1ac314b5d9c03e28881854375&name=default HTTP/1.1" status: 200 len: 2996 time: 0.1522810
2026-09-01 19:44:35.323 9 WARNING neutron.plugins.ml2.drivers.ovn.mech_driver.ovsdb.ovn_client [None req-5bbb813a-9fd7-4d1e-a53d-ac635206848c - - - - - -] No hosting information found for port 11e12036-5f47-4b28-9aa0-b987120dfda4: RuntimeError: No hosting information found for port 11e12036-5f47-4b28-9aa0-b987120dfda4
2026-09-01 19:44:35.327 10 INFO neutron.db.ovn_revision_numbers_db [None req-ec3f8b1b-604d-4f53-9fee-a830c282f22a 2eb829645dc84a12ba1eaafe09ac41ed 0544e5c0acb34493854b37a01c3ea747 - - - -] Successfully bumped revision number for resource a55f4ee1-7449-427f-91e8-f78ecee5f04c (type: ports) to 2
2026-09-01 19:44:35.457 10 INFO neutron.db.ovn_revision_numbers_db [None req-ec3f8b1b-604d-4f53-9fee-a830c282f22a 2eb829645dc84a12ba1eaafe09ac41ed 0544e5c0acb34493854b37a01c3ea747 - - - -] Successfully bumped revision number for resource a55f4ee1-7449-427f-91e8-f78ecee5f04c (type: ports) to 2
2026-09-01 19:44:35.469 10 INFO neutron.wsgi [None req-ec3f8b1b-604d-4f53-9fee-a830c282f22a 2eb829645dc84a12ba1eaafe09ac41ed 0544e5c0acb34493854b37a01c3ea747 - - - -] 162.253.55.125 "PUT /v2.0/ports/a55f4ee1-7449-427f-91e8-f78ecee5f04c HTTP/1.1" status: 200 len: 1328 time: 0.5063226
2026-09-01 19:44:35.470 9 WARNING neutron.scheduler.dhcp_agent_scheduler [None req-d4e3c288-b0a6-4cfb-a11b-e2d04b6f755d 3cecc5862b9a4dc9a30a911f5b6f7e90 4184afd4bcc4409691f45f8ffc29320d - - - -] No more DHCP agents
2026-09-01 19:44:35.472 9 WARNING neutron.api.rpc.agentnotifiers.dhcp_rpc_agent_api [None req-d4e3c288-b0a6-4cfb-a11b-e2d04b6f755d 3cecc5862b9a4dc9a30a911f5b6f7e90 4184afd4bcc4409691f45f8ffc29320d - - - -] Unable to schedule network 2e3fec0f-1f22-461a-bf02-331054073a74: no agents available; will retry on subsequent port and subnet creation events. /var/lib/openstack/lib/python3.10/site-packages/pycadf/identifier.py:71: UserWarning: Invalid uuid: neutron. To ensure interoperability, identifiers should be a valid uuid. warnings.warn(('Invalid uuid: %s. To ensure interoperability, '
2026-09-01 19:44:35.518 9 INFO neutron.wsgi [None req-4bd4a71a-4ebf-4a0f-896e-3752e632a2c5 e8f6cb9d979f4f68863f5b5ee3098f32 9028f440acb64fd99caf8d503d0457cf - - - -] 10.0.0.49 "DELETE /v2.0/security-groups/90abc114-e1a3-4df0-8ad9-be0eca031f12 HTTP/1.1" status: 204 len: 168 time: 0.2370908
2026-09-01 19:44:35.523 10 INFO neutron.notifiers.nova [-] Nova event matching ['req-e89b5316-c978-42ed-be95-ec8016dd6ffd'] response: {'name': 'network-changed', 'server_uuid': '2bdba1c3-1709-4804-bda2-a8435de0a393', 'tag': 'a55f4ee1-7449-427f-91e8-f78ecee5f04c', 'status': 'completed', 'code': 200}
2026-09-01 19:44:35.546 10 INFO neutron.wsgi [req-e7c6562b-2629-44c7-b34d-9aa14bd2e087 req-af18fa9b-f782-4f95-a069-fb5b40bf1b17 2eb829645dc84a12ba1eaafe09ac41ed 0544e5c0acb34493854b37a01c3ea747 - - 4fed95107a39400d92e76b56041241c9 4fed95107a39400d92e76b56041241c9] 162.253.55.125 "GET /v2.0/ports?tenant_id=b1ffc5012df3483eaed30dba4902a82d&device_id=2bdba1c3-1709-4804-bda2-a8435de0a393 HTTP/1.1" status: 200 len: 1359 time: 0.0321062
2026-09-01 19:44:35.583 10 INFO neutron.wsgi [req-e7c6562b-2629-44c7-b34d-9aa14bd2e087 req-26225243-77a9-4eab-90f5-cd611aa88479 2eb829645dc84a12ba1eaafe09ac41ed 0544e5c0acb34493854b37a01c3ea747 - - 4fed95107a39400d92e76b56041241c9 4fed95107a39400d92e76b56041241c9] 162.253.55.125 "GET /v2.0/floatingips?fixed_ip_address=10.100.0.6&port_id=a55f4ee1-7449-427f-91e8-f78ecee5f04c HTTP/1.1" status: 200 len: 217 time: 0.0295911
2026-09-01 19:44:35.612 10 INFO neutron.wsgi [req-946d5395-566e-4109-bf09-8479e0c9e2b4 req-def8d4ac-bb33-4c97-8be4-5e3b27ce5699 5010e2fa104d4659a682e07cac6c42a3 b1ffc5012df3483eaed30dba4902a82d - - default default] 10.0.0.126 "GET /v2.0/ports?device_id=2bdba1c3-1709-4804-bda2-a8435de0a393 HTTP/1.1" status: 200 len: 1168 time: 0.0519993
2026-09-01 19:44:35.621 10 INFO neutron.wsgi [req-e7c6562b-2629-44c7-b34d-9aa14bd2e087 req-c8a6a7df-7d6a-45d6-9534-30235ba8c2c1 2eb829645dc84a12ba1eaafe09ac41ed 0544e5c0acb34493854b37a01c3ea747 - - 4fed95107a39400d92e76b56041241c9 4fed95107a39400d92e76b56041241c9] 162.253.55.125 "GET /v2.0/subnets?id=d7747a92-d7d8-429d-ac87-63473a252e58 HTTP/1.1" status: 200 len: 869 time: 0.0304477
2026-09-01 19:44:35.671 10 INFO neutron.wsgi [req-e7c6562b-2629-44c7-b34d-9aa14bd2e087 req-6e5ba519-d914-4d21-b19b-a99ecce10c36 2eb829645dc84a12ba1eaafe09ac41ed 0544e5c0acb34493854b37a01c3ea747 - - 4fed95107a39400d92e76b56041241c9 4fed95107a39400d92e76b56041241c9] 162.253.55.125 "GET /v2.0/ports?network_id=583a7c30-5d96-4402-a4e7-c47e9ad12be5&device_owner=network%3Adhcp HTTP/1.1" status: 200 len: 210 time: 0.0417156
2026-09-01 19:44:35.718 10 INFO neutron.wsgi [req-946d5395-566e-4109-bf09-8479e0c9e2b4 req-355a34c1-1e58-4c5e-ba6a-7eb9f9ee4ad7 5010e2fa104d4659a682e07cac6c42a3 b1ffc5012df3483eaed30dba4902a82d - - default default] 10.0.0.126 "GET /v2.0/security-groups?id=f37bd7a7-899a-49be-baf8-37e05df0c05d&fields=id&fields=name HTTP/1.1" status: 200 len: 312 time: 0.0996943
2026-09-01 19:44:35.788 10 INFO neutron.wsgi [req-e7c6562b-2629-44c7-b34d-9aa14bd2e087 req-99fc74e8-df8f-4dcb-9620-f938e9a4bcc8 2eb829645dc84a12ba1eaafe09ac41ed 0544e5c0acb34493854b37a01c3ea747 - - 4fed95107a39400d92e76b56041241c9 4fed95107a39400d92e76b56041241c9] 162.253.55.125 "GET /v2.0/networks/583a7c30-5d96-4402-a4e7-c47e9ad12be5?fields=segments HTTP/1.1" status: 200 len: 212 time: 0.1086001
2026-09-01 19:44:35.855 10 INFO neutron.wsgi [req-e7c6562b-2629-44c7-b34d-9aa14bd2e087 req-38cf4fac-00e7-4929-86fd-a35dfa55276a 2eb829645dc84a12ba1eaafe09ac41ed 0544e5c0acb34493854b37a01c3ea747 - - 4fed95107a39400d92e76b56041241c9 4fed95107a39400d92e76b56041241c9] 162.253.55.125 "GET /v2.0/networks/583a7c30-5d96-4402-a4e7-c47e9ad12be5?fields=provider%3Aphysical_network&fields=provider%3Anetwork_type HTTP/1.1" status: 200 len: 277 time: 0.0605512
2026-09-01 19:44:35.929 10 INFO neutron.wsgi [req-1ea8cadb-5486-4405-a3b3-2982a3e1c831 req-fd596ee6-31ae-439f-8e3e-5fcbe3ed479e 2eb829645dc84a12ba1eaafe09ac41ed 0544e5c0acb34493854b37a01c3ea747 - - 4fed95107a39400d92e76b56041241c9 4fed95107a39400d92e76b56041241c9] 162.253.55.125 "GET /v2.0/ports?tenant_id=b1ffc5012df3483eaed30dba4902a82d&device_id=2bdba1c3-1709-4804-bda2-a8435de0a393 HTTP/1.1" status: 200 len: 1359 time: 0.0301061
2026-09-01 19:44:35.986 10 INFO neutron.wsgi [req-1ea8cadb-5486-4405-a3b3-2982a3e1c831 req-ba66f531-8c3f-47a7-9beb-eda34cc3bae9 2eb829645dc84a12ba1eaafe09ac41ed 0544e5c0acb34493854b37a01c3ea747 - - 4fed95107a39400d92e76b56041241c9 4fed95107a39400d92e76b56041241c9] 162.253.55.125 "GET /v2.0/networks?id=583a7c30-5d96-4402-a4e7-c47e9ad12be5 HTTP/1.1" status: 200 len: 974 time: 0.0529428
2026-09-01 19:44:36.022 10 INFO neutron.wsgi [req-1ea8cadb-5486-4405-a3b3-2982a3e1c831 req-827c874f-2500-47af-a8de-10686e0d15bc 2eb829645dc84a12ba1eaafe09ac41ed 0544e5c0acb34493854b37a01c3ea747 - - 4fed95107a39400d92e76b56041241c9 4fed95107a39400d92e76b56041241c9] 162.253.55.125 "GET /v2.0/floatingips?fixed_ip_address=10.100.0.6&port_id=a55f4ee1-7449-427f-91e8-f78ecee5f04c HTTP/1.1" status: 200 len: 217 time: 0.0286665
2026-09-01 19:44:36.028 9 INFO neutron.db.ovn_revision_numbers_db [None req-d4e3c288-b0a6-4cfb-a11b-e2d04b6f755d 3cecc5862b9a4dc9a30a911f5b6f7e90 4184afd4bcc4409691f45f8ffc29320d - - - -] Successfully bumped revision number for resource 14eb51c1-8ed9-43ff-8f9a-c8eb2d9c5689 (type: ports) to 2
2026-09-01 19:44:36.049 9 INFO neutron.db.ovn_revision_numbers_db [None req-d4e3c288-b0a6-4cfb-a11b-e2d04b6f755d 3cecc5862b9a4dc9a30a911f5b6f7e90 4184afd4bcc4409691f45f8ffc29320d - - - -] Successfully bumped revision number for resource 385c1393-bd14-4d73-9769-b24c93877a25 (type: subnets) to 0
2026-09-01 19:44:36.065 10 INFO neutron.wsgi [req-1ea8cadb-5486-4405-a3b3-2982a3e1c831 req-568b9a34-b26c-415b-8b22-959a70d15c24 2eb829645dc84a12ba1eaafe09ac41ed 0544e5c0acb34493854b37a01c3ea747 - - 4fed95107a39400d92e76b56041241c9 4fed95107a39400d92e76b56041241c9] 162.253.55.125 "GET /v2.0/subnets?id=d7747a92-d7d8-429d-ac87-63473a252e58 HTTP/1.1" status: 200 len: 869 time: 0.0386863
2026-09-01 19:44:36.081 9 INFO neutron.wsgi [None req-d4e3c288-b0a6-4cfb-a11b-e2d04b6f755d 3cecc5862b9a4dc9a30a911f5b6f7e90 4184afd4bcc4409691f45f8ffc29320d - - - -] 10.0.0.49 "POST /v2.0/subnets HTTP/1.1" status: 201 len: 801 time: 0.8443041
2026-09-01 19:44:36.095 10 INFO neutron.plugins.ml2.drivers.ovn.mech_driver.mech_driver [None req-3f4f5cba-9913-478e-8bd0-1edd776517b6 - - - - - -] OVN reports status up for port: a55f4ee1-7449-427f-91e8-f78ecee5f04c
2026-09-01 19:44:36.098 10 INFO neutron.wsgi [req-1ea8cadb-5486-4405-a3b3-2982a3e1c831 req-d5978f03-57ff-4015-85f4-159dd4b2c863 2eb829645dc84a12ba1eaafe09ac41ed 0544e5c0acb34493854b37a01c3ea747 - - 4fed95107a39400d92e76b56041241c9 4fed95107a39400d92e76b56041241c9] 162.253.55.125 "GET /v2.0/ports?network_id=583a7c30-5d96-4402-a4e7-c47e9ad12be5&device_owner=network%3Adhcp HTTP/1.1" status: 200 len: 210 time: 0.0276914
2026-09-01 19:44:36.114 10 INFO neutron.plugins.ml2.plugin [None req-3f4f5cba-9913-478e-8bd0-1edd776517b6 - - - - - -] Attempt 1 to provision port a55f4ee1-7449-427f-91e8-f78ecee5f04c
2026-09-01 19:44:36.137 9 INFO neutron.wsgi [req-c4a1e535-0984-4907-a2ed-09c30c3f4a63 req-7d16cf36-c4f6-44fa-a7ba-7ab2a35a2d41 2eb829645dc84a12ba1eaafe09ac41ed 0544e5c0acb34493854b37a01c3ea747 - - 4fed95107a39400d92e76b56041241c9 4fed95107a39400d92e76b56041241c9] 10.0.0.251 "GET /v2.0/ports?device_id=d8992790-c58e-4e4a-8f09-0bebed6ac2a1 HTTP/1.1" status: 200 len: 1365 time: 0.0489597
2026-09-01 19:44:36.186 10 INFO neutron.wsgi [req-1ea8cadb-5486-4405-a3b3-2982a3e1c831 req-866d7462-bc5b-46e3-ad5a-8402ce16fc8c 2eb829645dc84a12ba1eaafe09ac41ed 0544e5c0acb34493854b37a01c3ea747 - - 4fed95107a39400d92e76b56041241c9 4fed95107a39400d92e76b56041241c9] 162.253.55.125 "GET /v2.0/networks/583a7c30-5d96-4402-a4e7-c47e9ad12be5?fields=segments HTTP/1.1" status: 200 len: 212 time: 0.0843766
