2026-09-01 19:49:14.518 9 INFO neutron.wsgi [None req-3666b91b-e10f-4f09-b588-3bd8bef0e35a 3d72fe091b7e4e45b0bbdbcb786342d1 820bad566a644fdead11b3cdccf9060b - - default default] 10.0.0.49 "GET /v2.0/subnets/df55f424-0184-4d81-80ff-9bd6ff91fc62 HTTP/1.1" status: 404 len: 337 time: 0.0187685
2026-09-01 19:49:14.686 10 INFO neutron.wsgi [None req-9eefa192-66bc-4bd3-80a9-659e791e0ec9 e8f6cb9d979f4f68863f5b5ee3098f32 9028f440acb64fd99caf8d503d0457cf - - - -] 10.0.0.49 "DELETE /v2.0/security-groups/624c869c-3c22-46b8-b780-73b154f0dae0 HTTP/1.1" status: 204 len: 168 time: 0.1674280
2026-09-01 19:49:14.771 9 INFO neutron.wsgi [None req-5a5dae40-781e-49b9-99f0-8b86959b6887 3d72fe091b7e4e45b0bbdbcb786342d1 820bad566a644fdead11b3cdccf9060b - - - -] 10.0.0.49 "DELETE /v2.0/subnets/f7a659a3-1368-4a00-924d-a55197e9209e HTTP/1.1" status: 204 len: 168 time: 0.2463131
2026-09-01 19:49:14.807 10 INFO neutron.pecan_wsgi.hooks.translation [None req-c7fd7add-98bd-4b51-a721-d27f7242f015 3d72fe091b7e4e45b0bbdbcb786342d1 820bad566a644fdead11b3cdccf9060b - - default default] GET failed (client error): The resource could not be found.
2026-09-01 19:49:14.809 10 INFO neutron.wsgi [None req-c7fd7add-98bd-4b51-a721-d27f7242f015 3d72fe091b7e4e45b0bbdbcb786342d1 820bad566a644fdead11b3cdccf9060b - - default default] 10.0.0.49 "GET /v2.0/subnets/f7a659a3-1368-4a00-924d-a55197e9209e HTTP/1.1" status: 404 len: 337 time: 0.0303535
2026-09-01 19:49:15.168 10 INFO neutron.wsgi [None req-214aa0cb-722b-4951-9d2d-4a167b68438f 3d72fe091b7e4e45b0bbdbcb786342d1 820bad566a644fdead11b3cdccf9060b - - - -] 10.0.0.49 "DELETE /v2.0/networks/564dc627-b6d4-4ffd-890d-29c223255680 HTTP/1.1" status: 204 len: 168 time: 0.3524373
2026-09-01 19:49:15.191 10 INFO neutron.pecan_wsgi.hooks.translation [None req-6d1d717e-ecbf-480f-a264-e64e8e29e850 3d72fe091b7e4e45b0bbdbcb786342d1 820bad566a644fdead11b3cdccf9060b - - default default] GET failed (client error): The resource could not be found.
2026-09-01 19:49:15.193 10 INFO neutron.wsgi [None req-6d1d717e-ecbf-480f-a264-e64e8e29e850 3d72fe091b7e4e45b0bbdbcb786342d1 820bad566a644fdead11b3cdccf9060b - - default default] 10.0.0.49 "GET /v2.0/networks/564dc627-b6d4-4ffd-890d-29c223255680 HTTP/1.1" status: 404 len: 339 time: 0.0185385
2026-09-01 19:49:15.194 9 INFO neutron.db.ovn_revision_numbers_db [None req-3f9d1af0-8443-4483-9b25-0fd217a2f233 e8f6cb9d979f4f68863f5b5ee3098f32 9028f440acb64fd99caf8d503d0457cf - - default default] Successfully bumped revision number for resource 2ac2558d-2ed6-40bd-9dfa-aaefd49ac5f0 (type: security_groups) to 1
2026-09-01 19:49:15.210 9 INFO neutron.wsgi [None req-3f9d1af0-8443-4483-9b25-0fd217a2f233 e8f6cb9d979f4f68863f5b5ee3098f32 9028f440acb64fd99caf8d503d0457cf - - default default] 10.0.0.49 "GET /v2.0/security-groups?tenant_id=c84644e46b2547b6b56f644364fcbeba&name=default HTTP/1.1" status: 200 len: 3000 time: 0.3884933
2026-09-01 19:49:15.351 10 INFO neutron.wsgi [None req-4af67a05-1d2f-41d4-988e-5911235b2491 3d72fe091b7e4e45b0bbdbcb786342d1 820bad566a644fdead11b3cdccf9060b - - - -] 10.0.0.49 "DELETE /v2.0/subnets/c0e22351-51f2-4c09-a288-501ead26b906 HTTP/1.1" status: 204 len: 168 time: 0.1522710
2026-09-01 19:49:15.363 9 INFO neutron.wsgi [None req-fdc72d8f-217b-407d-8953-e4fa16e47915 e8f6cb9d979f4f68863f5b5ee3098f32 9028f440acb64fd99caf8d503d0457cf - - - -] 10.0.0.49 "DELETE /v2.0/security-groups/2ac2558d-2ed6-40bd-9dfa-aaefd49ac5f0 HTTP/1.1" status: 204 len: 168 time: 0.1485004
2026-09-01 19:49:15.376 10 INFO neutron.pecan_wsgi.hooks.translation [None req-8dbc149b-d0dd-4247-8001-b3957ec9e7b5 3d72fe091b7e4e45b0bbdbcb786342d1 820bad566a644fdead11b3cdccf9060b - - default default] GET failed (client error): The resource could not be found.
2026-09-01 19:49:15.378 10 INFO neutron.wsgi [None req-8dbc149b-d0dd-4247-8001-b3957ec9e7b5 3d72fe091b7e4e45b0bbdbcb786342d1 820bad566a644fdead11b3cdccf9060b - - default default] 10.0.0.49 "GET /v2.0/subnets/c0e22351-51f2-4c09-a288-501ead26b906 HTTP/1.1" status: 404 len: 337 time: 0.0215521
2026-09-01 19:49:15.404 10 INFO neutron.services.segments.plugin [-] Segment d72c8fbf-365b-4ced-9c47-3f934af85758 resource provider aggregate not found
2026-09-01 19:49:15.666 10 INFO neutron.services.segments.plugin [-] Segment d72c8fbf-365b-4ced-9c47-3f934af85758 resource provider not found; error: Placement Client Error (4xx): {"errors": [{"status": 404, "title": "Not Found", "detail": "The resource could not be found.\n\n No resource provider with uuid d72c8fbf-365b-4ced-9c47-3f934af85758 found for delete ", "request_id": "req-d015c340-cb4c-4cf8-83e0-7d8e82495c58"}]}
2026-09-01 19:49:15.667 10 INFO neutron.services.segments.plugin [-] Segment d72c8fbf-365b-4ced-9c47-3f934af85758 resource provider aggregate not found
2026-09-01 19:49:15.690 10 INFO neutron.services.segments.plugin [-] Segment d72c8fbf-365b-4ced-9c47-3f934af85758 resource provider not found; error: Placement Client Error (4xx): {"errors": [{"status": 404, "title": "Not Found", "detail": "The resource could not be found.\n\n No resource provider with uuid d72c8fbf-365b-4ced-9c47-3f934af85758 found for delete ", "request_id": "req-015f9a66-787f-451d-8b14-32efc13cce8f"}]}
2026-09-01 19:49:15.936 10 INFO neutron.wsgi [None req-8208fbe4-d7e4-40ed-ad6a-314933185ba9 3d72fe091b7e4e45b0bbdbcb786342d1 820bad566a644fdead11b3cdccf9060b - - - -] 10.0.0.49 "DELETE /v2.0/subnets/092ef875-35df-4e7e-978a-4f0d60320e33 HTTP/1.1" status: 204 len: 168 time: 0.5534544
2026-09-01 19:49:15.958 9 INFO neutron.pecan_wsgi.hooks.translation [None req-54a98511-4cf5-43d2-a1ab-b6aeec58f39d 3d72fe091b7e4e45b0bbdbcb786342d1 820bad566a644fdead11b3cdccf9060b - - default default] GET failed (client error): The resource could not be found.
2026-09-01 19:49:15.960 9 INFO neutron.wsgi [None req-54a98511-4cf5-43d2-a1ab-b6aeec58f39d 3d72fe091b7e4e45b0bbdbcb786342d1 820bad566a644fdead11b3cdccf9060b - - default default] 10.0.0.49 "GET /v2.0/subnets/092ef875-35df-4e7e-978a-4f0d60320e33 HTTP/1.1" status: 404 len: 337 time: 0.0181592
2026-09-01 19:49:16.302 9 INFO neutron.services.segments.plugin [-] Segment 4bd9cafc-67a8-4b63-ac9e-72bd4c879b50 resource provider aggregate not found
2026-09-01 19:49:16.318 9 INFO neutron.services.segments.plugin [-] Segment 4bd9cafc-67a8-4b63-ac9e-72bd4c879b50 resource provider aggregate not found
2026-09-01 19:49:16.331 9 INFO neutron.services.segments.plugin [-] Segment 4bd9cafc-67a8-4b63-ac9e-72bd4c879b50 resource provider not found; error: Placement Client Error (4xx): {"errors": [{"status": 404, "title": "Not Found", "detail": "The resource could not be found.\n\n No resource provider with uuid 4bd9cafc-67a8-4b63-ac9e-72bd4c879b50 found for delete ", "request_id": "req-5d75c824-8945-4f89-be7b-b78044265583"}]}
2026-09-01 19:49:16.335 9 INFO neutron.services.segments.plugin [-] Segment 4bd9cafc-67a8-4b63-ac9e-72bd4c879b50 resource provider not found; error: Placement Client Error (4xx): {"errors": [{"status": 404, "title": "Not Found", "detail": "The resource could not be found.\n\n No resource provider with uuid 4bd9cafc-67a8-4b63-ac9e-72bd4c879b50 found for delete ", "request_id": "req-e65518cd-8cb8-42bd-9f09-54f55b67603a"}]}
2026-09-01 19:49:16.347 9 INFO neutron.wsgi [None req-8c5d4db7-5a4b-4201-b344-73cf0830b6b9 3d72fe091b7e4e45b0bbdbcb786342d1 820bad566a644fdead11b3cdccf9060b - - - -] 10.0.0.49 "DELETE /v2.0/networks/265c6581-8502-45a0-879c-12b2cca998a0 HTTP/1.1" status: 204 len: 168 time: 0.3830950
2026-09-01 19:49:16.369 10 INFO neutron.pecan_wsgi.hooks.translation [None req-ef3d2454-7827-45ac-8384-88c156d6733d 3d72fe091b7e4e45b0bbdbcb786342d1 820bad566a644fdead11b3cdccf9060b - - default default] GET failed (client error): The resource could not be found.
2026-09-01 19:49:16.371 10 INFO neutron.wsgi [None req-ef3d2454-7827-45ac-8384-88c156d6733d 3d72fe091b7e4e45b0bbdbcb786342d1 820bad566a644fdead11b3cdccf9060b - - default default] 10.0.0.49 "GET /v2.0/networks/265c6581-8502-45a0-879c-12b2cca998a0 HTTP/1.1" status: 404 len: 339 time: 0.0197649
2026-09-01 19:49:19.042 10 INFO neutron.db.ovn_revision_numbers_db [None req-73c4b42d-8d04-40a6-9b18-fbd027ea7ae7 e8f6cb9d979f4f68863f5b5ee3098f32 9028f440acb64fd99caf8d503d0457cf - - default default] Successfully bumped revision number for resource a99b41c6-4a89-46ac-8252-4301dcfe4655 (type: security_groups) to 1
2026-09-01 19:49:19.066 10 INFO neutron.wsgi [None req-73c4b42d-8d04-40a6-9b18-fbd027ea7ae7 e8f6cb9d979f4f68863f5b5ee3098f32 9028f440acb64fd99caf8d503d0457cf - - default default] 10.0.0.49 "GET /v2.0/security-groups?tenant_id=c99fdf31ab3845fcabb0f4051583201d&name=default HTTP/1.1" status: 200 len: 3000 time: 0.3082430
2026-09-01 19:49:19.230 10 INFO neutron.wsgi [None req-2b36c3e3-f6f3-408e-b869-a9f285247070 e8f6cb9d979f4f68863f5b5ee3098f32 9028f440acb64fd99caf8d503d0457cf - - - -] 10.0.0.49 "DELETE /v2.0/security-groups/a99b41c6-4a89-46ac-8252-4301dcfe4655 HTTP/1.1" status: 204 len: 168 time: 0.1580672
2026-09-01 19:49:19.327 9 INFO neutron.db.ovn_revision_numbers_db [None req-b0acec90-237b-450f-b3d9-65a8bd4e032e ea1ae917a2f24a2f98933581c17c3bb7 c91bb10ea70d4f23a7db8584f98c7c52 - - - -] Successfully bumped revision number for resource 7e148d54-a37a-48ac-a0dc-5316dc1bf91a (type: security_groups) to 1
2026-09-01 19:49:19.395 9 INFO neutron.db.segments_db [None req-b0acec90-237b-450f-b3d9-65a8bd4e032e ea1ae917a2f24a2f98933581c17c3bb7 c91bb10ea70d4f23a7db8584f98c7c52 - - - -] Added segment 6aa4e2c1-a0ef-41b3-af4b-c39ca1f9eaf9 of type geneve for network 181616f6-0a16-4e16-b9ec-0d2317f5495d
2026-09-01 19:49:19.506 9 INFO neutron.db.ovn_revision_numbers_db [None req-ecc445c2-33b1-4f58-aab7-81f1b850cc84 e8f6cb9d979f4f68863f5b5ee3098f32 9028f440acb64fd99caf8d503d0457cf - - default default] Successfully bumped revision number for resource b0f44dad-ca67-4b6b-ab7a-61f113cdc7ff (type: security_groups) to 1
2026-09-01 19:49:19.558 9 INFO neutron.wsgi [None req-ecc445c2-33b1-4f58-aab7-81f1b850cc84 e8f6cb9d979f4f68863f5b5ee3098f32 9028f440acb64fd99caf8d503d0457cf - - default default] 10.0.0.49 "GET /v2.0/security-groups?tenant_id=62d701d3495b447e98bb753dd6f25303&name=default HTTP/1.1" status: 200 len: 3000 time: 0.1947739
2026-09-01 19:49:19.568 9 INFO neutron.db.ovn_revision_numbers_db [None req-b0acec90-237b-450f-b3d9-65a8bd4e032e ea1ae917a2f24a2f98933581c17c3bb7 c91bb10ea70d4f23a7db8584f98c7c52 - - - -] Successfully bumped revision number for resource 181616f6-0a16-4e16-b9ec-0d2317f5495d (type: networks) to 1
2026-09-01 19:49:19.809 10 INFO neutron.wsgi [None req-9f8b263d-e635-45d4-a026-f7f5c366dafc e8f6cb9d979f4f68863f5b5ee3098f32 9028f440acb64fd99caf8d503d0457cf - - - -] 10.0.0.49 "DELETE /v2.0/security-groups/b0f44dad-ca67-4b6b-ab7a-61f113cdc7ff HTTP/1.1" status: 204 len: 168 time: 0.2453749
2026-09-01 19:49:19.815 9 WARNING neutron.scheduler.dhcp_agent_scheduler [None req-b0acec90-237b-450f-b3d9-65a8bd4e032e ea1ae917a2f24a2f98933581c17c3bb7 c91bb10ea70d4f23a7db8584f98c7c52 - - - -] No more DHCP agents
2026-09-01 19:49:19.821 9 WARNING neutron.api.rpc.agentnotifiers.dhcp_rpc_agent_api [None req-b0acec90-237b-450f-b3d9-65a8bd4e032e ea1ae917a2f24a2f98933581c17c3bb7 c91bb10ea70d4f23a7db8584f98c7c52 - - - -] Unable to schedule network 181616f6-0a16-4e16-b9ec-0d2317f5495d: no agents available; will retry on subsequent port and subnet creation events.
2026-09-01 19:49:19.889 9 INFO neutron.db.ovn_revision_numbers_db [None req-b0acec90-237b-450f-b3d9-65a8bd4e032e ea1ae917a2f24a2f98933581c17c3bb7 c91bb10ea70d4f23a7db8584f98c7c52 - - - -] Successfully bumped revision number for resource 696f0b64-791d-4321-bc62-cbc617f4ecc7 (type: ports) to 1
2026-09-01 19:49:19.908 9 INFO neutron.wsgi [None req-b0acec90-237b-450f-b3d9-65a8bd4e032e ea1ae917a2f24a2f98933581c17c3bb7 c91bb10ea70d4f23a7db8584f98c7c52 - - - -] 10.0.0.49 "POST /v2.0/networks HTTP/1.1" status: 201 len: 831 time: 0.7929587
2026-09-01 19:49:20.004 9 INFO neutron.db.segments_db [None req-71e02109-55ab-45b0-a683-dc252e63b42a ea1ae917a2f24a2f98933581c17c3bb7 c91bb10ea70d4f23a7db8584f98c7c52 - - - -] Added segment 499f2776-c34b-4526-8c7f-8d74ac9a619f of type geneve for network c3a1447b-a7ec-4bc8-b988-ebd51a68cf5b
2026-09-01 19:49:20.118 9 INFO neutron.db.ovn_revision_numbers_db [None req-77c54004-0bd6-4c17-b9d8-39479b495c2f e8f6cb9d979f4f68863f5b5ee3098f32 9028f440acb64fd99caf8d503d0457cf - - default default] Successfully bumped revision number for resource 4696475a-d28d-49fd-a631-4828ca7a71c3 (type: security_groups) to 1
2026-09-01 19:49:20.127 9 INFO neutron.db.ovn_revision_numbers_db [None req-71e02109-55ab-45b0-a683-dc252e63b42a ea1ae917a2f24a2f98933581c17c3bb7 c91bb10ea70d4f23a7db8584f98c7c52 - - - -] Successfully bumped revision number for resource c3a1447b-a7ec-4bc8-b988-ebd51a68cf5b (type: networks) to 1
2026-09-01 19:49:20.143 9 INFO neutron.wsgi [None req-77c54004-0bd6-4c17-b9d8-39479b495c2f e8f6cb9d979f4f68863f5b5ee3098f32 9028f440acb64fd99caf8d503d0457cf - - default default] 10.0.0.49 "GET /v2.0/security-groups?tenant_id=b9b5356ec1e14ddc875619408ff94d1a&name=default HTTP/1.1" status: 200 len: 3000 time: 0.1644514
2026-09-01 19:49:20.394 9 WARNING neutron.scheduler.dhcp_agent_scheduler [None req-71e02109-55ab-45b0-a683-dc252e63b42a ea1ae917a2f24a2f98933581c17c3bb7 c91bb10ea70d4f23a7db8584f98c7c52 - - - -] No more DHCP agents
2026-09-01 19:49:20.396 9 WARNING neutron.api.rpc.agentnotifiers.dhcp_rpc_agent_api [None req-71e02109-55ab-45b0-a683-dc252e63b42a ea1ae917a2f24a2f98933581c17c3bb7 c91bb10ea70d4f23a7db8584f98c7c52 - - - -] Unable to schedule network c3a1447b-a7ec-4bc8-b988-ebd51a68cf5b: no agents available; will retry on subsequent port and subnet creation events.
2026-09-01 19:49:20.411 10 INFO neutron.wsgi [None req-5ae99f38-83e4-4643-8ed5-34edfc0cfcab e8f6cb9d979f4f68863f5b5ee3098f32 9028f440acb64fd99caf8d503d0457cf - - - -] 10.0.0.49 "DELETE /v2.0/security-groups/4696475a-d28d-49fd-a631-4828ca7a71c3 HTTP/1.1" status: 204 len: 168 time: 0.2629035
2026-09-01 19:49:20.459 9 INFO neutron.db.ovn_revision_numbers_db [None req-71e02109-55ab-45b0-a683-dc252e63b42a ea1ae917a2f24a2f98933581c17c3bb7 c91bb10ea70d4f23a7db8584f98c7c52 - - - -] Successfully bumped revision number for resource d6a9c930-b7ac-445e-b24f-48bbf8f64cb0 (type: ports) to 1
2026-09-01 19:49:20.477 9 INFO neutron.wsgi [None req-71e02109-55ab-45b0-a683-dc252e63b42a ea1ae917a2f24a2f98933581c17c3bb7 c91bb10ea70d4f23a7db8584f98c7c52 - - - -] 10.0.0.49 "POST /v2.0/networks HTTP/1.1" status: 201 len: 831 time: 0.5649922
2026-09-01 19:49:20.550 9 INFO neutron.wsgi [None req-3a6cc936-0e77-4a2e-ab92-1a136d6d5b4c ea1ae917a2f24a2f98933581c17c3bb7 c91bb10ea70d4f23a7db8584f98c7c52 - - - -] 10.0.0.49 "PUT /v2.0/networks/181616f6-0a16-4e16-b9ec-0d2317f5495d/tags HTTP/1.1" status: 200 len: 218 time: 0.0666893
2026-09-01 19:49:20.615 9 INFO neutron.wsgi [None req-6d755d25-e729-4ed2-8a8d-9ea75b7d4de0 ea1ae917a2f24a2f98933581c17c3bb7 c91bb10ea70d4f23a7db8584f98c7c52 - - default default] 10.0.0.49 "GET /v2.0/networks/181616f6-0a16-4e16-b9ec-0d2317f5495d/tags HTTP/1.1" status: 200 len: 218 time: 0.0591404
2026-09-01 19:49:20.723 9 INFO neutron.wsgi [None req-356f1aa8-86b2-45d6-9daa-6fad7673e24d ea1ae917a2f24a2f98933581c17c3bb7 c91bb10ea70d4f23a7db8584f98c7c52 - - - -] 10.0.0.49 "PUT /v2.0/networks/c3a1447b-a7ec-4bc8-b988-ebd51a68cf5b/tags HTTP/1.1" status: 200 len: 210 time: 0.1008234
2026-09-01 19:49:20.796 9 INFO neutron.wsgi [None req-f92c8752-a8cf-4433-92ae-a3dc10620a99 ea1ae917a2f24a2f98933581c17c3bb7 c91bb10ea70d4f23a7db8584f98c7c52 - - default default] 10.0.0.49 "GET /v2.0/networks/c3a1447b-a7ec-4bc8-b988-ebd51a68cf5b/tags HTTP/1.1" status: 200 len: 210 time: 0.0677328
2026-09-01 19:49:20.811 10 INFO neutron.db.ovn_revision_numbers_db [None req-bea17a55-9c66-4c46-bf33-dfa1d805475f e8f6cb9d979f4f68863f5b5ee3098f32 9028f440acb64fd99caf8d503d0457cf - - default default] Successfully bumped revision number for resource dea27b2b-f382-4e32-92ae-49b03c39e2aa (type: security_groups) to 1
2026-09-01 19:49:20.844 10 INFO neutron.wsgi [None req-bea17a55-9c66-4c46-bf33-dfa1d805475f e8f6cb9d979f4f68863f5b5ee3098f32 9028f440acb64fd99caf8d503d0457cf - - default default] 10.0.0.49 "GET /v2.0/security-groups?tenant_id=74073776ab4d48b4b561639eff6f70ef&name=default HTTP/1.1" status: 200 len: 3000 time: 0.2040331
2026-09-01 19:49:20.868 9 INFO neutron.wsgi [None req-2c8cbabc-d006-449a-af90-89e1527a43d9 ea1ae917a2f24a2f98933581c17c3bb7 c91bb10ea70d4f23a7db8584f98c7c52 - - - -] 10.0.0.49 "PUT /v2.0/networks/c3a1447b-a7ec-4bc8-b988-ebd51a68cf5b/tags HTTP/1.1" status: 200 len: 205 time: 0.0666008
2026-09-01 19:49:20.912 10 INFO neutron.wsgi [None req-77d51500-158a-4edd-8b5e-94b6a09265c9 ea1ae917a2f24a2f98933581c17c3bb7 c91bb10ea70d4f23a7db8584f98c7c52 - - default default] 10.0.0.49 "GET /v2.0/networks/c3a1447b-a7ec-4bc8-b988-ebd51a68cf5b/tags HTTP/1.1" status: 200 len: 205 time: 0.0390532
2026-09-01 19:49:20.967 9 INFO neutron.wsgi [None req-d0f7bcee-07c4-49fe-96e1-665cae45155f ea1ae917a2f24a2f98933581c17c3bb7 c91bb10ea70d4f23a7db8584f98c7c52 - - default default] 10.0.0.49 "GET /v2.0/networks/181616f6-0a16-4e16-b9ec-0d2317f5495d/tags HTTP/1.1" status: 200 len: 218 time: 0.0501144
2026-09-01 19:49:21.049 10 INFO neutron.wsgi [None req-a17685ab-7666-4576-a654-cbbb180b28dc e8f6cb9d979f4f68863f5b5ee3098f32 9028f440acb64fd99caf8d503d0457cf - - - -] 10.0.0.49 "DELETE /v2.0/security-groups/dea27b2b-f382-4e32-92ae-49b03c39e2aa HTTP/1.1" status: 204 len: 168 time: 0.2000062
2026-09-01 19:49:21.328 9 INFO neutron.services.segments.plugin [-] Segment 6aa4e2c1-a0ef-41b3-af4b-c39ca1f9eaf9 resource provider aggregate not found
2026-09-01 19:49:21.332 9 INFO neutron.services.segments.plugin [-] Segment 6aa4e2c1-a0ef-41b3-af4b-c39ca1f9eaf9 resource provider aggregate not found
2026-09-01 19:49:21.347 9 INFO neutron.services.segments.plugin [-] Segment 6aa4e2c1-a0ef-41b3-af4b-c39ca1f9eaf9 resource provider not found; error: Placement Client Error (4xx): {"errors": [{"status": 404, "title": "Not Found", "detail": "The resource could not be found.\n\n No resource provider with uuid 6aa4e2c1-a0ef-41b3-af4b-c39ca1f9eaf9 found for delete ", "request_id": "req-89a55b8f-172a-46a3-8792-9ed08d89104b"}]}
2026-09-01 19:49:21.352 9 INFO neutron.services.segments.plugin [-] Segment 6aa4e2c1-a0ef-41b3-af4b-c39ca1f9eaf9 resource provider not found; error: Placement Client Error (4xx): {"errors": [{"status": 404, "title": "Not Found", "detail": "The resource could not be found.\n\n No resource provider with uuid 6aa4e2c1-a0ef-41b3-af4b-c39ca1f9eaf9 found for delete ", "request_id": "req-8ff35c3e-3041-45f5-a19b-7c91e7cf5b34"}]}
2026-09-01 19:49:21.361 9 INFO neutron.wsgi [None req-9dc9a9a7-a065-48cb-9dfc-4989814efdc5 ea1ae917a2f24a2f98933581c17c3bb7 c91bb10ea70d4f23a7db8584f98c7c52 - - - -] 10.0.0.49 "DELETE /v2.0/networks/181616f6-0a16-4e16-b9ec-0d2317f5495d HTTP/1.1" status: 204 len: 168 time: 0.3805978
2026-09-01 19:49:21.431 10 INFO neutron.db.ovn_revision_numbers_db [None req-d7120a17-6712-48ef-818f-0f3f42725a78 e8f6cb9d979f4f68863f5b5ee3098f32 9028f440acb64fd99caf8d503d0457cf - - default default] Successfully bumped revision number for resource ad8921c9-dd77-4aaa-8f2d-6a37615135fb (type: security_groups) to 1
2026-09-01 19:49:21.455 10 INFO neutron.wsgi [None req-d7120a17-6712-48ef-818f-0f3f42725a78 e8f6cb9d979f4f68863f5b5ee3098f32 9028f440acb64fd99caf8d503d0457cf - - default default] 10.0.0.49 "GET /v2.0/security-groups?tenant_id=e62286e6d93e4184a014b21bb8fea66e&name=default HTTP/1.1" status: 200 len: 3000 time: 0.1864028
2026-09-01 19:49:21.650 9 INFO neutron.wsgi [None req-a8c52ddd-e9e2-4f59-995d-56d4c5088002 e8f6cb9d979f4f68863f5b5ee3098f32 9028f440acb64fd99caf8d503d0457cf - - - -] 10.0.0.49 "DELETE /v2.0/security-groups/ad8921c9-dd77-4aaa-8f2d-6a37615135fb HTTP/1.1" status: 204 len: 168 time: 0.1896884
2026-09-01 19:49:21.800 10 INFO neutron.services.segments.plugin [-] Segment 499f2776-c34b-4526-8c7f-8d74ac9a619f resource provider aggregate not found
2026-09-01 19:49:21.808 10 INFO neutron.services.segments.plugin [-] Segment 499f2776-c34b-4526-8c7f-8d74ac9a619f resource provider aggregate not found
2026-09-01 19:49:21.818 10 INFO neutron.services.segments.plugin [-] Segment 499f2776-c34b-4526-8c7f-8d74ac9a619f resource provider not found; error: Placement Client Error (4xx): {"errors": [{"status": 404, "title": "Not Found", "detail": "The resource could not be found.\n\n No resource provider with uuid 499f2776-c34b-4526-8c7f-8d74ac9a619f found for delete ", "request_id": "req-07d2e2f7-2dc0-40f3-be1a-471443885d23"}]}
2026-09-01 19:49:21.831 10 INFO neutron.services.segments.plugin [-] Segment 499f2776-c34b-4526-8c7f-8d74ac9a619f resource provider not found; error: Placement Client Error (4xx): {"errors": [{"status": 404, "title": "Not Found", "detail": "The resource could not be found.\n\n No resource provider with uuid 499f2776-c34b-4526-8c7f-8d74ac9a619f found for delete ", "request_id": "req-0c8fca6b-2936-4793-967b-af764f9be47c"}]}
2026-09-01 19:49:21.837 10 INFO neutron.wsgi [None req-40f4f2e2-4b9f-4e2a-b116-12fcc078c82b ea1ae917a2f24a2f98933581c17c3bb7 c91bb10ea70d4f23a7db8584f98c7c52 - - - -] 10.0.0.49 "DELETE /v2.0/networks/c3a1447b-a7ec-4bc8-b988-ebd51a68cf5b HTTP/1.1" status: 204 len: 168 time: 0.4698138
2026-09-01 19:49:21.948 10 INFO neutron.db.ovn_revision_numbers_db [None req-1479cf5f-2dad-4aa2-a767-e7a31eee1283 e8f6cb9d979f4f68863f5b5ee3098f32 9028f440acb64fd99caf8d503d0457cf - - default default] Successfully bumped revision number for resource 0b41304c-d083-4d88-ba01-8c499b78379a (type: security_groups) to 1
2026-09-01 19:49:21.975 10 INFO neutron.wsgi [None req-1479cf5f-2dad-4aa2-a767-e7a31eee1283 e8f6cb9d979f4f68863f5b5ee3098f32 9028f440acb64fd99caf8d503d0457cf - - default default] 10.0.0.49 "GET /v2.0/security-groups?tenant_id=c80a660d96144e30899f8022c96505da&name=default HTTP/1.1" status: 200 len: 3000 time: 0.1267757
2026-09-01 19:49:22.172 10 INFO neutron.wsgi [None req-a9d62716-3b0e-4248-a631-7b18ce76e9ff e8f6cb9d979f4f68863f5b5ee3098f32 9028f440acb64fd99caf8d503d0457cf - - - -] 10.0.0.49 "DELETE /v2.0/security-groups/0b41304c-d083-4d88-ba01-8c499b78379a HTTP/1.1" status: 204 len: 168 time: 0.1900003
2026-09-01 19:49:22.364 9 INFO neutron.wsgi [None req-81834574-dbf0-447c-a928-47fa1d0fa0e6 e8f6cb9d979f4f68863f5b5ee3098f32 9028f440acb64fd99caf8d503d0457cf - - default default] 10.0.0.49 "GET /v2.0/security-groups?tenant_id=820bad566a644fdead11b3cdccf9060b&name=default HTTP/1.1" status: 200 len: 2996 time: 0.0400081
2026-09-01 19:49:22.646 9 INFO neutron.wsgi [None req-732a5eac-e263-480d-aecd-b5a3f9449d78 e8f6cb9d979f4f68863f5b5ee3098f32 9028f440acb64fd99caf8d503d0457cf - - - -] 10.0.0.49 "DELETE /v2.0/security-groups/45d4ea5b-1f4c-4506-a60d-09e7cec45733 HTTP/1.1" status: 204 len: 168 time: 0.2734733
2026-09-01 19:49:22.821 9 INFO neutron.wsgi [None req-5f5250d1-5ea5-466a-a8d7-af1d65dccf39 e8f6cb9d979f4f68863f5b5ee3098f32 9028f440acb64fd99caf8d503d0457cf - - default default] 10.0.0.49 "GET /v2.0/security-groups?tenant_id=c91bb10ea70d4f23a7db8584f98c7c52&name=default HTTP/1.1" status: 200 len: 3000 time: 0.2548101
2026-09-01 19:49:22.987 10 INFO neutron.wsgi [None req-a3788cde-6afb-4134-aa6d-5ea4dbbbd96e e8f6cb9d979f4f68863f5b5ee3098f32 9028f440acb64fd99caf8d503d0457cf - - - -] 10.0.0.49 "DELETE /v2.0/security-groups/7e148d54-a37a-48ac-a0dc-5316dc1bf91a HTTP/1.1" status: 204 len: 168 time: 0.1625807
2026-09-01 19:49:23.242 10 INFO neutron.db.ovn_revision_numbers_db [None req-15f8fc3c-8224-45ac-8db8-727b5b1ec45b e8f6cb9d979f4f68863f5b5ee3098f32 9028f440acb64fd99caf8d503d0457cf - - default default] Successfully bumped revision number for resource c2bb9d25-db9a-4c4d-906d-527e89912a39 (type: security_groups) to 1
2026-09-01 19:49:23.264 10 INFO neutron.wsgi [None req-15f8fc3c-8224-45ac-8db8-727b5b1ec45b e8f6cb9d979f4f68863f5b5ee3098f32 9028f440acb64fd99caf8d503d0457cf - - default default] 10.0.0.49 "GET /v2.0/security-groups?tenant_id=0a661604e03d4b78a1b26edbbbffae54&name=default HTTP/1.1" status: 200 len: 3000 time: 0.1127579
2026-09-01 19:49:23.443 10 INFO neutron.wsgi [None req-544ec4e2-1cb8-49bc-93fd-72955b1a11ba e8f6cb9d979f4f68863f5b5ee3098f32 9028f440acb64fd99caf8d503d0457cf - - - -] 10.0.0.49 "DELETE /v2.0/security-groups/c2bb9d25-db9a-4c4d-906d-527e89912a39 HTTP/1.1" status: 204 len: 168 time: 0.1742978
2026-09-01 19:49:24.663 10 INFO neutron.wsgi [-] 10.0.0.204 "GET / HTTP/1.1" status: 200 len: 246 time: 0.0024164
2026-09-01 19:49:24.665 9 INFO neutron.wsgi [-] 10.0.0.204 "GET / HTTP/1.1" status: 200 len: 246 time: 0.0039511
2026-09-01 19:49:27.486 10 INFO neutron.db.ovn_revision_numbers_db [None req-1d18c926-70db-4441-87bc-61de7668db8d 50c74c4b5cf44e61a954fa4f5e0bbd34 fb7741985c2749819528dc3acfdee0fc - - - -] Successfully bumped revision number for resource 0f572a84-7beb-4159-8162-e6e2a6b73e53 (type: security_groups) to 1
2026-09-01 19:49:27.561 10 INFO neutron.db.segments_db [None req-1d18c926-70db-4441-87bc-61de7668db8d 50c74c4b5cf44e61a954fa4f5e0bbd34 fb7741985c2749819528dc3acfdee0fc - - - -] Added segment d9ad512b-4543-4d4b-8478-68c00c7963d3 of type geneve for network 7df185df-afc7-48ae-8df3-9d0db39c0f09
2026-09-01 19:49:27.750 10 INFO neutron.db.ovn_revision_numbers_db [None req-1d18c926-70db-4441-87bc-61de7668db8d 50c74c4b5cf44e61a954fa4f5e0bbd34 fb7741985c2749819528dc3acfdee0fc - - - -] Successfully bumped revision number for resource 7df185df-afc7-48ae-8df3-9d0db39c0f09 (type: networks) to 1
2026-09-01 19:49:27.982 10 WARNING neutron.scheduler.dhcp_agent_scheduler [None req-1d18c926-70db-4441-87bc-61de7668db8d 50c74c4b5cf44e61a954fa4f5e0bbd34 fb7741985c2749819528dc3acfdee0fc - - - -] No more DHCP agents
2026-09-01 19:49:27.986 10 WARNING neutron.api.rpc.agentnotifiers.dhcp_rpc_agent_api [None req-1d18c926-70db-4441-87bc-61de7668db8d 50c74c4b5cf44e61a954fa4f5e0bbd34 fb7741985c2749819528dc3acfdee0fc - - - -] Unable to schedule network 7df185df-afc7-48ae-8df3-9d0db39c0f09: no agents available; will retry on subsequent port and subnet creation events.
2026-09-01 19:49:28.043 10 INFO neutron.db.ovn_revision_numbers_db [None req-1d18c926-70db-4441-87bc-61de7668db8d 50c74c4b5cf44e61a954fa4f5e0bbd34 fb7741985c2749819528dc3acfdee0fc - - - -] Successfully bumped revision number for resource d48e2ba6-053e-42ff-8a33-943c94245b39 (type: ports) to 1
2026-09-01 19:49:28.059 10 INFO neutron.wsgi [None req-1d18c926-70db-4441-87bc-61de7668db8d 50c74c4b5cf44e61a954fa4f5e0bbd34 fb7741985c2749819528dc3acfdee0fc - - - -] 10.0.0.49 "POST /v2.0/networks HTTP/1.1" status: 201 len: 831 time: 0.8889778
2026-09-01 19:49:28.156 10 INFO neutron.db.segments_db [None req-02e3eb66-9fa5-4d81-9268-847210df059d 50c74c4b5cf44e61a954fa4f5e0bbd34 fb7741985c2749819528dc3acfdee0fc - - - -] Added segment 4ee64cc8-195a-4573-83e8-933e25ec3e51 of type geneve for network 88f8c090-79ca-41d6-9b26-41404011f5c5
2026-09-01 19:49:28.277 10 INFO neutron.db.ovn_revision_numbers_db [None req-02e3eb66-9fa5-4d81-9268-847210df059d 50c74c4b5cf44e61a954fa4f5e0bbd34 fb7741985c2749819528dc3acfdee0fc - - - -] Successfully bumped revision number for resource 88f8c090-79ca-41d6-9b26-41404011f5c5 (type: networks) to 1
2026-09-01 19:49:28.431 10 WARNING neutron.scheduler.dhcp_agent_scheduler [None req-02e3eb66-9fa5-4d81-9268-847210df059d 50c74c4b5cf44e61a954fa4f5e0bbd34 fb7741985c2749819528dc3acfdee0fc - - - -] No more DHCP agents
2026-09-01 19:49:28.432 10 WARNING neutron.api.rpc.agentnotifiers.dhcp_rpc_agent_api [None req-02e3eb66-9fa5-4d81-9268-847210df059d 50c74c4b5cf44e61a954fa4f5e0bbd34 fb7741985c2749819528dc3acfdee0fc - - - -] Unable to schedule network 88f8c090-79ca-41d6-9b26-41404011f5c5: no agents available; will retry on subsequent port and subnet creation events.
2026-09-01 19:49:28.487 10 INFO neutron.db.ovn_revision_numbers_db [None req-02e3eb66-9fa5-4d81-9268-847210df059d 50c74c4b5cf44e61a954fa4f5e0bbd34 fb7741985c2749819528dc3acfdee0fc - - - -] Successfully bumped revision number for resource 7e45bde1-5696-4ba8-97ac-c15d5c6a03b1 (type: ports) to 1
2026-09-01 19:49:28.504 10 INFO neutron.wsgi [None req-02e3eb66-9fa5-4d81-9268-847210df059d 50c74c4b5cf44e61a954fa4f5e0bbd34 fb7741985c2749819528dc3acfdee0fc - - - -] 10.0.0.49 "POST /v2.0/networks HTTP/1.1" status: 201 len: 830 time: 0.4398499
2026-09-01 19:49:28.603 10 INFO neutron.db.segments_db [None req-685126b7-69ed-4647-b925-8d749bccc034 50c74c4b5cf44e61a954fa4f5e0bbd34 fb7741985c2749819528dc3acfdee0fc - - - -] Added segment fea321e0-876b-4a39-ae4b-4caffdb1f040 of type geneve for network e5b113bb-56e0-433e-93d2-97e68a66b24f
2026-09-01 19:49:28.734 10 INFO neutron.db.ovn_revision_numbers_db [None req-685126b7-69ed-4647-b925-8d749bccc034 50c74c4b5cf44e61a954fa4f5e0bbd34 fb7741985c2749819528dc3acfdee0fc - - - -] Successfully bumped revision number for resource e5b113bb-56e0-433e-93d2-97e68a66b24f (type: networks) to 1
2026-09-01 19:49:28.875 10 WARNING neutron.scheduler.dhcp_agent_scheduler [None req-685126b7-69ed-4647-b925-8d749bccc034 50c74c4b5cf44e61a954fa4f5e0bbd34 fb7741985c2749819528dc3acfdee0fc - - - -] No more DHCP agents
2026-09-01 19:49:28.877 10 WARNING neutron.api.rpc.agentnotifiers.dhcp_rpc_agent_api [None req-685126b7-69ed-4647-b925-8d749bccc034 50c74c4b5cf44e61a954fa4f5e0bbd34 fb7741985c2749819528dc3acfdee0fc - - - -] Unable to schedule network e5b113bb-56e0-433e-93d2-97e68a66b24f: no agents available; will retry on subsequent port and subnet creation events.
2026-09-01 19:49:28.932 10 INFO neutron.db.ovn_revision_numbers_db [None req-685126b7-69ed-4647-b925-8d749bccc034 50c74c4b5cf44e61a954fa4f5e0bbd34 fb7741985c2749819528dc3acfdee0fc - - - -] Successfully bumped revision number for resource 72448933-c80d-4e97-983c-49e4ac89626a (type: ports) to 1
2026-09-01 19:49:28.948 10 INFO neutron.wsgi [None req-685126b7-69ed-4647-b925-8d749bccc034 50c74c4b5cf44e61a954fa4f5e0bbd34 fb7741985c2749819528dc3acfdee0fc - - - -] 10.0.0.49 "POST /v2.0/networks HTTP/1.1" status: 201 len: 830 time: 0.4378588
2026-09-01 19:49:29.016 10 INFO neutron.db.segments_db [None req-70a48f8e-5e5f-4d57-b398-7c1add327c60 50c74c4b5cf44e61a954fa4f5e0bbd34 fb7741985c2749819528dc3acfdee0fc - - - -] Added segment f97c3205-1ba3-4435-bbff-b70f91f140d4 of type geneve for network 667c19dd-9a4e-430a-9c48-b8d140500c54
2026-09-01 19:49:29.132 10 INFO neutron.db.ovn_revision_numbers_db [None req-70a48f8e-5e5f-4d57-b398-7c1add327c60 50c74c4b5cf44e61a954fa4f5e0bbd34 fb7741985c2749819528dc3acfdee0fc - - - -] Successfully bumped revision number for resource 667c19dd-9a4e-430a-9c48-b8d140500c54 (type: networks) to 1
2026-09-01 19:49:29.299 10 WARNING neutron.scheduler.dhcp_agent_scheduler [None req-70a48f8e-5e5f-4d57-b398-7c1add327c60 50c74c4b5cf44e61a954fa4f5e0bbd34 fb7741985c2749819528dc3acfdee0fc - - - -] No more DHCP agents
2026-09-01 19:49:29.304 10 WARNING neutron.api.rpc.agentnotifiers.dhcp_rpc_agent_api [None req-70a48f8e-5e5f-4d57-b398-7c1add327c60 50c74c4b5cf44e61a954fa4f5e0bbd34 fb7741985c2749819528dc3acfdee0fc - - - -] Unable to schedule network 667c19dd-9a4e-430a-9c48-b8d140500c54: no agents available; will retry on subsequent port and subnet creation events.
2026-09-01 19:49:29.362 10 INFO neutron.db.ovn_revision_numbers_db [None req-70a48f8e-5e5f-4d57-b398-7c1add327c60 50c74c4b5cf44e61a954fa4f5e0bbd34 fb7741985c2749819528dc3acfdee0fc - - - -] Successfully bumped revision number for resource 1699b8fb-9874-4f14-88fc-937b1bd3d3a6 (type: ports) to 1
2026-09-01 19:49:29.380 10 INFO neutron.wsgi [None req-70a48f8e-5e5f-4d57-b398-7c1add327c60 50c74c4b5cf44e61a954fa4f5e0bbd34 fb7741985c2749819528dc3acfdee0fc - - - -] 10.0.0.49 "POST /v2.0/networks HTTP/1.1" status: 201 len: 831 time: 0.4259949
2026-09-01 19:49:29.448 10 INFO neutron.db.segments_db [None req-9236b4f7-bdc6-4635-af77-0c0d35d61448 50c74c4b5cf44e61a954fa4f5e0bbd34 fb7741985c2749819528dc3acfdee0fc - - - -] Added segment 1b95600f-d069-4d56-997b-3468bfd9360b of type geneve for network 31b66f6f-0e24-442a-8cbc-06031b0f72de
2026-09-01 19:49:29.543 10 INFO neutron.db.ovn_revision_numbers_db [None req-9236b4f7-bdc6-4635-af77-0c0d35d61448 50c74c4b5cf44e61a954fa4f5e0bbd34 fb7741985c2749819528dc3acfdee0fc - - - -] Successfully bumped revision number for resource 31b66f6f-0e24-442a-8cbc-06031b0f72de (type: networks) to 1
2026-09-01 19:49:29.775 10 WARNING neutron.scheduler.dhcp_agent_scheduler [None req-9236b4f7-bdc6-4635-af77-0c0d35d61448 50c74c4b5cf44e61a954fa4f5e0bbd34 fb7741985c2749819528dc3acfdee0fc - - - -] No more DHCP agents
2026-09-01 19:49:29.778 10 WARNING neutron.api.rpc.agentnotifiers.dhcp_rpc_agent_api [None req-9236b4f7-bdc6-4635-af77-0c0d35d61448 50c74c4b5cf44e61a954fa4f5e0bbd34 fb7741985c2749819528dc3acfdee0fc - - - -] Unable to schedule network 31b66f6f-0e24-442a-8cbc-06031b0f72de: no agents available; will retry on subsequent port and subnet creation events.
2026-09-01 19:49:29.854 10 INFO neutron.db.ovn_revision_numbers_db [None req-9236b4f7-bdc6-4635-af77-0c0d35d61448 50c74c4b5cf44e61a954fa4f5e0bbd34 fb7741985c2749819528dc3acfdee0fc - - - -] Successfully bumped revision number for resource d1087fa2-f946-4fdf-91e2-4a08e74943f2 (type: ports) to 1
2026-09-01 19:49:29.884 10 INFO neutron.wsgi [None req-9236b4f7-bdc6-4635-af77-0c0d35d61448 50c74c4b5cf44e61a954fa4f5e0bbd34 fb7741985c2749819528dc3acfdee0fc - - - -] 10.0.0.49 "POST /v2.0/networks HTTP/1.1" status: 201 len: 831 time: 0.4986999
2026-09-01 19:49:29.943 9 INFO neutron.wsgi [None req-c0b9d6d6-57c6-4c3e-8ae1-fdfb523daad5 50c74c4b5cf44e61a954fa4f5e0bbd34 fb7741985c2749819528dc3acfdee0fc - - - -] 10.0.0.49 "PUT /v2.0/networks/7df185df-afc7-48ae-8df3-9d0db39c0f09/tags HTTP/1.1" status: 200 len: 210 time: 0.0524545
2026-09-01 19:49:30.006 9 INFO neutron.wsgi [None req-eebe0a75-c5b5-42bf-9b43-c761f861d622 50c74c4b5cf44e61a954fa4f5e0bbd34 fb7741985c2749819528dc3acfdee0fc - - - -] 10.0.0.49 "PUT /v2.0/networks/88f8c090-79ca-41d6-9b26-41404011f5c5/tags HTTP/1.1" status: 200 len: 218 time: 0.0573862
2026-09-01 19:49:30.056 9 INFO neutron.wsgi [None req-641c7671-ebe8-4f86-bd23-597079a73fe7 50c74c4b5cf44e61a954fa4f5e0bbd34 fb7741985c2749819528dc3acfdee0fc - - - -] 10.0.0.49 "PUT /v2.0/networks/e5b113bb-56e0-433e-93d2-97e68a66b24f/tags HTTP/1.1" status: 200 len: 227 time: 0.0445790
2026-09-01 19:49:30.100 9 INFO neutron.wsgi [None req-dfca8f5e-edd7-4dc4-a337-f1e89c849e60 50c74c4b5cf44e61a954fa4f5e0bbd34 fb7741985c2749819528dc3acfdee0fc - - - -] 10.0.0.49 "PUT /v2.0/networks/667c19dd-9a4e-430a-9c48-b8d140500c54/tags HTTP/1.1" status: 200 len: 212 time: 0.0382550
2026-09-01 19:49:30.187 9 INFO neutron.wsgi [None req-1613de14-b511-4ac3-8655-c0d90b57ed97 50c74c4b5cf44e61a954fa4f5e0bbd34 fb7741985c2749819528dc3acfdee0fc - - default default] 10.0.0.49 "GET /v2.0/networks?tags=red HTTP/1.1" status: 200 len: 2068 time: 0.0821371
2026-09-01 19:49:30.295 10 INFO neutron.wsgi [None req-2a90690a-65f1-4775-a6f1-531add47c71f 50c74c4b5cf44e61a954fa4f5e0bbd34 fb7741985c2749819528dc3acfdee0fc - - default default] 10.0.0.49 "GET /v2.0/networks?tags=red%2Cblue HTTP/1.1" status: 200 len: 1455 time: 0.1021569
2026-09-01 19:49:30.367 10 INFO neutron.wsgi [None req-11e8d347-0f9b-4464-9eb9-5fe1518c67a8 50c74c4b5cf44e61a954fa4f5e0bbd34 fb7741985c2749819528dc3acfdee0fc - - default default] 10.0.0.49 "GET /v2.0/networks?tags-any=blue HTTP/1.1" status: 200 len: 1455 time: 0.0648310
2026-09-01 19:49:30.819 10 INFO neutron.wsgi [None req-038fc2ad-deec-493a-b249-358e91845cb0 50c74c4b5cf44e61a954fa4f5e0bbd34 fb7741985c2749819528dc3acfdee0fc - - default default] 10.0.0.49 "GET /v2.0/networks?tags-any=red%2Cblue HTTP/1.1" status: 200 len: 2068 time: 0.4478428
2026-09-01 19:49:30.917 10 INFO neutron.wsgi [None req-16ff7ab9-9bb3-4ad0-8886-d64b869fd13b 50c74c4b5cf44e61a954fa4f5e0bbd34 fb7741985c2749819528dc3acfdee0fc - - default default] 10.0.0.49 "GET /v2.0/networks?not-tags=red HTTP/1.1" status: 200 len: 2069 time: 0.0927010
2026-09-01 19:49:31.022 10 INFO neutron.wsgi [None req-89347240-0efa-4824-8678-d829aae52e86 50c74c4b5cf44e61a954fa4f5e0bbd34 fb7741985c2749819528dc3acfdee0fc - - default default] 10.0.0.49 "GET /v2.0/networks?not-tags=red%2Cblue HTTP/1.1" status: 200 len: 2682 time: 0.0995173
2026-09-01 19:49:31.123 10 INFO neutron.wsgi [None req-f02e4f77-727f-4145-9dce-e448bccd9424 50c74c4b5cf44e61a954fa4f5e0bbd34 fb7741985c2749819528dc3acfdee0fc - - default default] 10.0.0.49 "GET /v2.0/networks?not-tags-any=blue HTTP/1.1" status: 200 len: 2682 time: 0.0951729
2026-09-01 19:49:31.191 10 INFO neutron.wsgi [None req-1eb9a2c1-cea0-4c17-a1fc-f9618e5f8287 50c74c4b5cf44e61a954fa4f5e0bbd34 fb7741985c2749819528dc3acfdee0fc - - default default] 10.0.0.49 "GET /v2.0/networks?not-tags-any=red%2Cblue HTTP/1.1" status: 200 len: 2069 time: 0.0627091
2026-09-01 19:49:31.504 10 INFO neutron.services.segments.plugin [-] Segment d9ad512b-4543-4d4b-8478-68c00c7963d3 resource provider aggregate not found
2026-09-01 19:49:31.511 10 INFO neutron.services.segments.plugin [-] Segment d9ad512b-4543-4d4b-8478-68c00c7963d3 resource provider aggregate not found
2026-09-01 19:49:31.538 10 INFO neutron.services.segments.plugin [-] Segment d9ad512b-4543-4d4b-8478-68c00c7963d3 resource provider not found; error: Placement Client Error (4xx): {"errors": [{"status": 404, "title": "Not Found", "detail": "The resource could not be found.\n\n No resource provider with uuid d9ad512b-4543-4d4b-8478-68c00c7963d3 found for delete ", "request_id": "req-1e8ece3e-c38a-45e7-b187-fb60d5f27e83"}]}
2026-09-01 19:49:31.540 10 INFO neutron.services.segments.plugin [-] Segment d9ad512b-4543-4d4b-8478-68c00c7963d3 resource provider not found; error: Placement Client Error (4xx): {"errors": [{"status": 404, "title": "Not Found", "detail": "The resource could not be found.\n\n No resource provider with uuid d9ad512b-4543-4d4b-8478-68c00c7963d3 found for delete ", "request_id": "req-2dee7cb2-7598-4c1a-9be0-2ead4c740fd5"}]}
2026-09-01 19:49:31.555 10 INFO neutron.wsgi [None req-d13d20bf-679f-4728-bcfc-c079ce73d54b 50c74c4b5cf44e61a954fa4f5e0bbd34 fb7741985c2749819528dc3acfdee0fc - - - -] 10.0.0.49 "DELETE /v2.0/networks/7df185df-afc7-48ae-8df3-9d0db39c0f09 HTTP/1.1" status: 204 len: 168 time: 0.3560207
2026-09-01 19:49:31.986 9 INFO neutron.services.segments.plugin [-] Segment 4ee64cc8-195a-4573-83e8-933e25ec3e51 resource provider aggregate not found
2026-09-01 19:49:32.003 9 INFO neutron.services.segments.plugin [-] Segment 4ee64cc8-195a-4573-83e8-933e25ec3e51 resource provider aggregate not found
2026-09-01 19:49:32.010 9 INFO neutron.services.segments.plugin [-] Segment 4ee64cc8-195a-4573-83e8-933e25ec3e51 resource provider not found; error: Placement Client Error (4xx): {"errors": [{"status": 404, "title": "Not Found", "detail": "The resource could not be found.\n\n No resource provider with uuid 4ee64cc8-195a-4573-83e8-933e25ec3e51 found for delete ", "request_id": "req-fb8395ec-0eb8-4acf-a707-99c9e0e22ccc"}]}
2026-09-01 19:49:32.032 9 INFO neutron.services.segments.plugin [-] Segment 4ee64cc8-195a-4573-83e8-933e25ec3e51 resource provider not found; error: Placement Client Error (4xx): {"errors": [{"status": 404, "title": "Not Found", "detail": "The resource could not be found.\n\n No resource provider with uuid 4ee64cc8-195a-4573-83e8-933e25ec3e51 found for delete ", "request_id": "req-3c2fe978-2ffa-4813-b2f4-d2045fd2d9d0"}]}
2026-09-01 19:49:32.080 9 INFO neutron.wsgi [None req-617b2f0a-d558-4567-bb9a-3491b6b7a885 50c74c4b5cf44e61a954fa4f5e0bbd34 fb7741985c2749819528dc3acfdee0fc - - - -] 10.0.0.49 "DELETE /v2.0/networks/88f8c090-79ca-41d6-9b26-41404011f5c5 HTTP/1.1" status: 204 len: 168 time: 0.5187411
2026-09-01 19:49:32.460 10 INFO neutron.wsgi [None req-3a287fc9-a839-4655-96c4-ee50645ea406 50c74c4b5cf44e61a954fa4f5e0bbd34 fb7741985c2749819528dc3acfdee0fc - - - -] 10.0.0.49 "DELETE /v2.0/networks/e5b113bb-56e0-433e-93d2-97e68a66b24f HTTP/1.1" status: 204 len: 168 time: 0.3734269
2026-09-01 19:49:32.943 10 INFO neutron.wsgi [None req-bf59a3d9-808e-417e-982e-dbf87cf868dd 50c74c4b5cf44e61a954fa4f5e0bbd34 fb7741985c2749819528dc3acfdee0fc - - - -] 10.0.0.49 "DELETE /v2.0/networks/667c19dd-9a4e-430a-9c48-b8d140500c54 HTTP/1.1" status: 204 len: 168 time: 0.4687653
2026-09-01 19:49:33.422 9 INFO neutron.wsgi [None req-8197d2a3-edcf-4c21-8536-279da94c9537 50c74c4b5cf44e61a954fa4f5e0bbd34 fb7741985c2749819528dc3acfdee0fc - - - -] 10.0.0.49 "DELETE /v2.0/networks/31b66f6f-0e24-442a-8cbc-06031b0f72de HTTP/1.1" status: 204 len: 168 time: 0.4733810
2026-09-01 19:49:33.561 10 INFO neutron.services.segments.plugin [-] Segment fea321e0-876b-4a39-ae4b-4caffdb1f040 resource provider aggregate not found
2026-09-01 19:49:33.571 10 INFO neutron.services.segments.plugin [-] Segment fea321e0-876b-4a39-ae4b-4caffdb1f040 resource provider aggregate not found
2026-09-01 19:49:33.580 10 INFO neutron.services.segments.plugin [-] Segment fea321e0-876b-4a39-ae4b-4caffdb1f040 resource provider not found; error: Placement Client Error (4xx): {"errors": [{"status": 404, "title": "Not Found", "detail": "The resource could not be found.\n\n No resource provider with uuid fea321e0-876b-4a39-ae4b-4caffdb1f040 found for delete ", "request_id": "req-c44d39dc-f4eb-429e-9ec5-57900854d03d"}]}
2026-09-01 19:49:33.595 10 INFO neutron.services.segments.plugin [-] Segment fea321e0-876b-4a39-ae4b-4caffdb1f040 resource provider not found; error: Placement Client Error (4xx): {"errors": [{"status": 404, "title": "Not Found", "detail": "The resource could not be found.\n\n No resource provider with uuid fea321e0-876b-4a39-ae4b-4caffdb1f040 found for delete ", "request_id": "req-a60a75c0-0e07-4899-a6b6-46876f1bb63e"}]}
2026-09-01 19:49:33.601 10 INFO neutron.services.segments.plugin [-] Segment f97c3205-1ba3-4435-bbff-b70f91f140d4 resource provider aggregate not found
2026-09-01 19:49:33.616 10 INFO neutron.services.segments.plugin [-] Segment f97c3205-1ba3-4435-bbff-b70f91f140d4 resource provider not found; error: Placement Client Error (4xx): {"errors": [{"status": 404, "title": "Not Found", "detail": "The resource could not be found.\n\n No resource provider with uuid f97c3205-1ba3-4435-bbff-b70f91f140d4 found for delete ", "request_id": "req-fde4b97c-e10a-4dab-aa28-a1cc0ce00913"}]}
2026-09-01 19:49:33.617 10 INFO neutron.services.segments.plugin [-] Segment f97c3205-1ba3-4435-bbff-b70f91f140d4 resource provider aggregate not found
2026-09-01 19:49:33.630 10 INFO neutron.services.segments.plugin [-] Segment f97c3205-1ba3-4435-bbff-b70f91f140d4 resource provider not found; error: Placement Client Error (4xx): {"errors": [{"status": 404, "title": "Not Found", "detail": "The resource could not be found.\n\n No resource provider with uuid f97c3205-1ba3-4435-bbff-b70f91f140d4 found for delete ", "request_id": "req-ac46aabb-89e9-4dbf-8f1e-afe890697eb0"}]}
2026-09-01 19:49:34.040 9 INFO neutron.services.segments.plugin [-] Segment 1b95600f-d069-4d56-997b-3468bfd9360b resource provider aggregate not found
2026-09-01 19:49:34.053 9 INFO neutron.services.segments.plugin [-] Segment 1b95600f-d069-4d56-997b-3468bfd9360b resource provider aggregate not found
2026-09-01 19:49:34.060 9 INFO neutron.services.segments.plugin [-] Segment 1b95600f-d069-4d56-997b-3468bfd9360b resource provider not found; error: Placement Client Error (4xx): {"errors": [{"status": 404, "title": "Not Found", "detail": "The resource could not be found.\n\n No resource provider with uuid 1b95600f-d069-4d56-997b-3468bfd9360b found for delete ", "request_id": "req-53bde335-3553-4c31-a4fc-bfa0d7196e77"}]}
2026-09-01 19:49:34.070 9 INFO neutron.services.segments.plugin [-] Segment 1b95600f-d069-4d56-997b-3468bfd9360b resource provider not found; error: Placement Client Error (4xx): {"errors": [{"status": 404, "title": "Not Found", "detail": "The resource could not be found.\n\n No resource provider with uuid 1b95600f-d069-4d56-997b-3468bfd9360b found for delete ", "request_id": "req-7f37d43b-4af2-46aa-9cc2-e26d552b3d11"}]}
2026-09-01 19:49:34.642 9 INFO neutron.wsgi [None req-66fb3ca5-70ee-4811-986a-0f6a7fd1974e e8f6cb9d979f4f68863f5b5ee3098f32 9028f440acb64fd99caf8d503d0457cf - - default default] 10.0.0.49 "GET /v2.0/security-groups?tenant_id=fb7741985c2749819528dc3acfdee0fc&name=default HTTP/1.1" status: 200 len: 3000 time: 0.2419522
2026-09-01 19:49:34.913 9 INFO neutron.wsgi [None req-043fa4a8-170c-423c-b988-5986bc1167ae e8f6cb9d979f4f68863f5b5ee3098f32 9028f440acb64fd99caf8d503d0457cf - - - -] 10.0.0.49 "DELETE /v2.0/security-groups/0f572a84-7beb-4159-8162-e6e2a6b73e53 HTTP/1.1" status: 204 len: 168 time: 0.2645214
2026-09-01 19:49:35.171 10 INFO neutron.db.ovn_revision_numbers_db [None req-e489199c-baeb-4977-a15d-82cba393b879 e8f6cb9d979f4f68863f5b5ee3098f32 9028f440acb64fd99caf8d503d0457cf - - default default] Successfully bumped revision number for resource a748cf5b-342d-4f38-b857-18068f4f6f13 (type: security_groups) to 1
2026-09-01 19:49:35.199 10 INFO neutron.wsgi [None req-e489199c-baeb-4977-a15d-82cba393b879 e8f6cb9d979f4f68863f5b5ee3098f32 9028f440acb64fd99caf8d503d0457cf - - default default] 10.0.0.49 "GET /v2.0/security-groups?tenant_id=837361ae6ea84ceba2420f9adcc7f577&name=default HTTP/1.1" status: 200 len: 3000 time: 0.1680846
2026-09-01 19:49:35.375 10 INFO neutron.wsgi [None req-dd3234de-0438-47bc-8889-f6560b011817 e8f6cb9d979f4f68863f5b5ee3098f32 9028f440acb64fd99caf8d503d0457cf - - - -] 10.0.0.49 "DELETE /v2.0/security-groups/a748cf5b-342d-4f38-b857-18068f4f6f13 HTTP/1.1" status: 204 len: 168 time: 0.1698601
2026-09-01 19:49:35.685 10 INFO neutron.db.ovn_revision_numbers_db [None req-97437557-fabc-4789-9ca2-f93646d41096 e8f6cb9d979f4f68863f5b5ee3098f32 9028f440acb64fd99caf8d503d0457cf - - default default] Successfully bumped revision number for resource a3eef23b-e928-4726-84cb-8eee98b1e224 (type: security_groups) to 1
2026-09-01 19:49:35.731 10 INFO neutron.wsgi [None req-97437557-fabc-4789-9ca2-f93646d41096 e8f6cb9d979f4f68863f5b5ee3098f32 9028f440acb64fd99caf8d503d0457cf - - default default] 10.0.0.49 "GET /v2.0/security-groups?tenant_id=7c6add4e3b2b4b7fa6e6e9a95712167a&name=default HTTP/1.1" status: 200 len: 3000 time: 0.1797888
2026-09-01 19:49:35.993 10 INFO neutron.wsgi [None req-465d426f-cd24-4aa2-9ee7-79cc110b9c80 e8f6cb9d979f4f68863f5b5ee3098f32 9028f440acb64fd99caf8d503d0457cf - - - -] 10.0.0.49 "DELETE /v2.0/security-groups/a3eef23b-e928-4726-84cb-8eee98b1e224 HTTP/1.1" status: 204 len: 168 time: 0.2540557
2026-09-01 19:49:37.974 10 INFO neutron.wsgi [None req-644e8335-5080-4b82-b955-4dd7d13e6955 e8f6cb9d979f4f68863f5b5ee3098f32 9028f440acb64fd99caf8d503d0457cf - - default default] 10.0.0.245 "GET /v2.0/network-ip-availabilities HTTP/1.1" status: 200 len: 1280 time: 0.1302736
2026-09-01 19:49:38.012 10 INFO neutron.wsgi [None req-2417ef74-4b72-4760-abca-a8f5e33be64d e8f6cb9d979f4f68863f5b5ee3098f32 9028f440acb64fd99caf8d503d0457cf - - default default] 10.0.0.245 "GET /v2.0/floatingips HTTP/1.1" status: 200 len: 193 time: 0.0374243
2026-09-01 19:49:38.046 10 INFO neutron.wsgi [None req-d32193b6-052e-4a20-8ea7-170c9199085c e8f6cb9d979f4f68863f5b5ee3098f32 9028f440acb64fd99caf8d503d0457cf - - default default] 10.0.0.245 "GET /v2.0/ports HTTP/1.1" status: 200 len: 5251 time: 0.0321395
2026-09-01 19:49:38.085 10 INFO neutron.wsgi [None req-fe96d015-bdc5-4de1-ae1b-146bc4aae660 e8f6cb9d979f4f68863f5b5ee3098f32 9028f440acb64fd99caf8d503d0457cf - - default default] 10.0.0.245 "GET /v2.0/routers HTTP/1.1" status: 200 len: 189 time: 0.0321817
2026-09-01 19:49:38.096 10 INFO neutron.wsgi [None req-afb54d27-cfcd-45c2-900a-7bc6839d377a e8f6cb9d979f4f68863f5b5ee3098f32 9028f440acb64fd99caf8d503d0457cf - - default default] 10.0.0.245 "GET /v2.0/agents?binary=ovn-controller HTTP/1.1" status: 200 len: 591 time: 0.0097487
2026-09-01 19:49:38.105 10 INFO neutron.wsgi [None req-61694e9d-067a-4303-9dde-8b76d45a54ef e8f6cb9d979f4f68863f5b5ee3098f32 9028f440acb64fd99caf8d503d0457cf - - default default] 10.0.0.245 "GET /v2.0/agents HTTP/1.1" status: 200 len: 997 time: 0.0086417
2026-09-01 19:49:38.158 10 INFO neutron.wsgi [None req-29c19766-fa65-4ded-8598-937c9b1908fc e8f6cb9d979f4f68863f5b5ee3098f32 9028f440acb64fd99caf8d503d0457cf - - default default] 10.0.0.245 "GET /v2.0/networks HTTP/1.1" status: 200 len: 2350 time: 0.0513220
2026-09-01 19:49:38.195 10 INFO neutron.wsgi [None req-1390cd9b-d574-45e0-9b6a-3c394468a8e6 e8f6cb9d979f4f68863f5b5ee3098f32 9028f440acb64fd99caf8d503d0457cf - - default default] 10.0.0.245 "GET /v2.0/subnets HTTP/1.1" status: 200 len: 1437 time: 0.0346663
2026-09-01 19:49:38.206 10 INFO neutron.wsgi [None req-351f4517-5196-4a7b-b19e-03f2009df079 e8f6cb9d979f4f68863f5b5ee3098f32 9028f440acb64fd99caf8d503d0457cf - - default default] 10.0.0.245 "GET /v2.0/subnetpools HTTP/1.1" status: 200 len: 193 time: 0.0091407
2026-09-01 19:49:38.232 10 INFO neutron.wsgi [None req-f0e87c4f-4638-4fc5-a4b7-e1a96d0b0295 e8f6cb9d979f4f68863f5b5ee3098f32 9028f440acb64fd99caf8d503d0457cf - - default default] 10.0.0.245 "GET /v2.0/subnets HTTP/1.1" status: 200 len: 1437 time: 0.0257790
2026-09-01 19:49:38.309 10 INFO neutron.wsgi [None req-79371928-d367-48e1-81f1-45212a2778c2 e8f6cb9d979f4f68863f5b5ee3098f32 9028f440acb64fd99caf8d503d0457cf - - default default] 10.0.0.245 "GET /v2.0/security-groups HTTP/1.1" status: 200 len: 16799 time: 0.0753155
2026-09-01 19:49:39.665 10 INFO neutron.wsgi [-] 10.0.0.204 "GET / HTTP/1.1" status: 200 len: 246 time: 0.0030384
2026-09-01 19:49:39.665 9 INFO neutron.wsgi [-] 10.0.0.204 "GET / HTTP/1.1" status: 200 len: 246 time: 0.0036421
2026-09-01 19:49:40.927 10 INFO neutron.db.ovn_revision_numbers_db [None req-8ff8831a-cb3f-4177-a786-2d1440a207e3 0a0c4b360ba844b184da01c7994452ab 74f03631d96a415ab255c7f2501e3f02 - - - -] Successfully bumped revision number for resource 66700a1d-f96b-4cd1-82fc-c51951ad19d4 (type: security_groups) to 1
