2026-09-01 19:47:15.977 9 INFO neutron.wsgi [None req-996e6ed0-d37e-4c33-929c-733d3b77b17b d8cc2d380872473c8ddf5a44dd0d279d ff0af4ff94444f549f466d7117fac645 - - default default] 10.0.0.49 "GET /v2.0/routers/eedd8781-b322-416b-a294-4b78b990e6df HTTP/1.1" status: 200 len: 662 time: 0.0569973
2026-09-01 19:47:16.416 9 INFO neutron.db.ovn_revision_numbers_db [None req-f5c7a597-7578-45a3-8b97-20294cc78b75 d8cc2d380872473c8ddf5a44dd0d279d ff0af4ff94444f549f466d7117fac645 - - - -] Successfully bumped revision number for resource eedd8781-b322-416b-a294-4b78b990e6df (type: routers) to 4
2026-09-01 19:47:16.419 9 INFO neutron.wsgi [None req-f5c7a597-7578-45a3-8b97-20294cc78b75 d8cc2d380872473c8ddf5a44dd0d279d ff0af4ff94444f549f466d7117fac645 - - - -] 10.0.0.49 "PUT /v2.0/routers/eedd8781-b322-416b-a294-4b78b990e6df HTTP/1.1" status: 200 len: 662 time: 0.4371200
2026-09-01 19:47:16.443 10 INFO neutron.wsgi [None req-a9a45496-3e03-4e93-853c-a4061415fe66 d8cc2d380872473c8ddf5a44dd0d279d ff0af4ff94444f549f466d7117fac645 - - default default] 10.0.0.49 "GET /v2.0/ports?device_id=eedd8781-b322-416b-a294-4b78b990e6df HTTP/1.1" status: 200 len: 205 time: 0.0170834
2026-09-01 19:47:16.623 9 INFO neutron.wsgi [None req-80a48683-5631-4699-9628-5870d660b4a6 d8cc2d380872473c8ddf5a44dd0d279d ff0af4ff94444f549f466d7117fac645 - - - -] 10.0.0.49 "DELETE /v2.0/routers/eedd8781-b322-416b-a294-4b78b990e6df HTTP/1.1" status: 204 len: 168 time: 0.1746883
2026-09-01 19:47:16.685 9 INFO neutron.wsgi [None req-b95742f3-5a40-45c0-9c12-bb0296236c7a d8cc2d380872473c8ddf5a44dd0d279d ff0af4ff94444f549f466d7117fac645 - - default default] 10.0.0.49 "GET /v2.0/routers/2b11010d-4ba0-4f34-ab1d-6d23b2f83465 HTTP/1.1" status: 200 len: 655 time: 0.0552740
2026-09-01 19:47:17.338 9 INFO neutron.db.ovn_revision_numbers_db [None req-593e8c72-b06c-42ef-9b36-003d195cbe54 d8cc2d380872473c8ddf5a44dd0d279d ff0af4ff94444f549f466d7117fac645 - - - -] Successfully bumped revision number for resource 2b11010d-4ba0-4f34-ab1d-6d23b2f83465 (type: routers) to 3
2026-09-01 19:47:17.341 9 INFO neutron.wsgi [None req-593e8c72-b06c-42ef-9b36-003d195cbe54 d8cc2d380872473c8ddf5a44dd0d279d ff0af4ff94444f549f466d7117fac645 - - - -] 10.0.0.49 "PUT /v2.0/routers/2b11010d-4ba0-4f34-ab1d-6d23b2f83465 HTTP/1.1" status: 200 len: 655 time: 0.6486852
2026-09-01 19:47:17.379 9 INFO neutron.wsgi [None req-73304142-be00-4e22-b9f5-9423bdacd42e d8cc2d380872473c8ddf5a44dd0d279d ff0af4ff94444f549f466d7117fac645 - - default default] 10.0.0.49 "GET /v2.0/ports?device_id=2b11010d-4ba0-4f34-ab1d-6d23b2f83465 HTTP/1.1" status: 200 len: 205 time: 0.0347636
2026-09-01 19:47:17.640 10 INFO neutron.wsgi [None req-d4c48da3-9dd7-4900-b18d-f47f4ad4168f d8cc2d380872473c8ddf5a44dd0d279d ff0af4ff94444f549f466d7117fac645 - - - -] 10.0.0.49 "DELETE /v2.0/routers/2b11010d-4ba0-4f34-ab1d-6d23b2f83465 HTTP/1.1" status: 204 len: 168 time: 0.2556248
2026-09-01 19:47:18.760 9 INFO neutron.db.ovn_revision_numbers_db [None req-ba36eb7c-9f68-46fa-9405-8641ba081599 e8f6cb9d979f4f68863f5b5ee3098f32 9028f440acb64fd99caf8d503d0457cf - - default default] Successfully bumped revision number for resource b71a0168-e724-490c-bc3c-e70d9f9b4cc0 (type: security_groups) to 1
2026-09-01 19:47:18.777 9 INFO neutron.wsgi [None req-ba36eb7c-9f68-46fa-9405-8641ba081599 e8f6cb9d979f4f68863f5b5ee3098f32 9028f440acb64fd99caf8d503d0457cf - - default default] 10.0.0.49 "GET /v2.0/security-groups?tenant_id=5be72f47202e45609dd47a4a136b70e3&name=default HTTP/1.1" status: 200 len: 2996 time: 0.2817850
2026-09-01 19:47:19.181 10 INFO neutron.wsgi [None req-52c79c56-e840-4f5e-8a38-24089373ed30 e8f6cb9d979f4f68863f5b5ee3098f32 9028f440acb64fd99caf8d503d0457cf - - - -] 10.0.0.49 "DELETE /v2.0/security-groups/b71a0168-e724-490c-bc3c-e70d9f9b4cc0 HTTP/1.1" status: 204 len: 168 time: 0.3982372
2026-09-01 19:47:19.412 10 INFO neutron.db.ovn_revision_numbers_db [None req-9fc48b2c-1c97-4934-9b2d-82c650c7a24a e8f6cb9d979f4f68863f5b5ee3098f32 9028f440acb64fd99caf8d503d0457cf - - default default] Successfully bumped revision number for resource 68bef943-6db7-4427-8d24-666e482f29cc (type: security_groups) to 1
2026-09-01 19:47:19.436 10 INFO neutron.wsgi [None req-9fc48b2c-1c97-4934-9b2d-82c650c7a24a e8f6cb9d979f4f68863f5b5ee3098f32 9028f440acb64fd99caf8d503d0457cf - - default default] 10.0.0.49 "GET /v2.0/security-groups?tenant_id=ff0af4ff94444f549f466d7117fac645&name=default HTTP/1.1" status: 200 len: 2996 time: 0.1402845
2026-09-01 19:47:19.590 10 INFO neutron.wsgi [None req-2a43b31c-f850-4765-adee-b0130871c5e5 e8f6cb9d979f4f68863f5b5ee3098f32 9028f440acb64fd99caf8d503d0457cf - - - -] 10.0.0.49 "DELETE /v2.0/security-groups/68bef943-6db7-4427-8d24-666e482f29cc HTTP/1.1" status: 204 len: 168 time: 0.1503506
2026-09-01 19:47:19.970 9 INFO neutron.db.ovn_revision_numbers_db [None req-ae66a8f4-af95-4793-8886-45bc48926ef4 e8f6cb9d979f4f68863f5b5ee3098f32 9028f440acb64fd99caf8d503d0457cf - - default default] Successfully bumped revision number for resource 67baaede-8d1c-4129-9181-522e9e642544 (type: security_groups) to 1
2026-09-01 19:47:19.992 9 INFO neutron.wsgi [None req-ae66a8f4-af95-4793-8886-45bc48926ef4 e8f6cb9d979f4f68863f5b5ee3098f32 9028f440acb64fd99caf8d503d0457cf - - default default] 10.0.0.49 "GET /v2.0/security-groups?tenant_id=a578a0eecaf7421ba62f62cee5461327&name=default HTTP/1.1" status: 200 len: 2996 time: 0.1184361
2026-09-01 19:47:20.135 9 INFO neutron.wsgi [None req-04782df4-6ab1-4c8a-8b0a-76feed78accb e8f6cb9d979f4f68863f5b5ee3098f32 9028f440acb64fd99caf8d503d0457cf - - - -] 10.0.0.49 "DELETE /v2.0/security-groups/67baaede-8d1c-4129-9181-522e9e642544 HTTP/1.1" status: 204 len: 168 time: 0.1385236
2026-09-01 19:47:22.215 9 INFO neutron.wsgi [req-6c8c3d18-a352-450c-897e-6fefec291d12 req-d7856efb-7d71-4b94-8a37-61e1f808dbf2 2eb829645dc84a12ba1eaafe09ac41ed 0544e5c0acb34493854b37a01c3ea747 - - 4fed95107a39400d92e76b56041241c9 4fed95107a39400d92e76b56041241c9] 10.0.0.251 "GET /v2.0/ports?device_id=48f023f0-8b0f-4df6-9255-0b2df1db7873 HTTP/1.1" status: 200 len: 1361 time: 0.0553601
2026-09-01 19:47:22.270 9 INFO neutron.wsgi [req-6c8c3d18-a352-450c-897e-6fefec291d12 req-b03600f3-3d6b-431f-bb0b-1348351d34a3 2eb829645dc84a12ba1eaafe09ac41ed 0544e5c0acb34493854b37a01c3ea747 - - 4fed95107a39400d92e76b56041241c9 4fed95107a39400d92e76b56041241c9] 10.0.0.251 "GET /v2.0/security-groups?id=8156311b-a59f-443b-91f9-62cdb0a4b3ff&fields=id&fields=name HTTP/1.1" status: 200 len: 313 time: 0.0487483
2026-09-01 19:47:24.125 9 WARNING neutron.scheduler.dhcp_agent_scheduler [None req-2aa2301c-2c69-4bbb-9469-339d3aba2c4e 4c788fb7430646a0be215f10c3cbe393 83684db3df0b4e03800c016905a9e455 - - - -] No more DHCP agents
2026-09-01 19:47:24.131 9 WARNING neutron.api.rpc.agentnotifiers.dhcp_rpc_agent_api [None req-2aa2301c-2c69-4bbb-9469-339d3aba2c4e 4c788fb7430646a0be215f10c3cbe393 83684db3df0b4e03800c016905a9e455 - - - -] Unable to schedule network 93bf1c25-0a06-418b-a902-e837ecbf3fdd: no agents available; will retry on subsequent port and subnet creation events.
2026-09-01 19:47:24.554 9 INFO neutron.db.ovn_revision_numbers_db [None req-2aa2301c-2c69-4bbb-9469-339d3aba2c4e 4c788fb7430646a0be215f10c3cbe393 83684db3df0b4e03800c016905a9e455 - - - -] Successfully bumped revision number for resource 5633b636-0be6-43fb-b33d-1e7142cae475 (type: floatingips) to 0
2026-09-01 19:47:24.570 9 INFO neutron.wsgi [None req-2aa2301c-2c69-4bbb-9469-339d3aba2c4e 4c788fb7430646a0be215f10c3cbe393 83684db3df0b4e03800c016905a9e455 - - - -] 10.0.0.49 "POST /v2.0/floatingips HTTP/1.1" status: 201 len: 751 time: 0.8595662
2026-09-01 19:47:24.611 9 INFO neutron.wsgi [None req-81c55cdf-1dbe-4f6a-8d3f-142b9f145952 4c788fb7430646a0be215f10c3cbe393 83684db3df0b4e03800c016905a9e455 - - - -] 10.0.0.49 "PUT /v2.0/floatingips/5633b636-0be6-43fb-b33d-1e7142cae475/tags HTTP/1.1" status: 200 len: 218 time: 0.0359473
2026-09-01 19:47:24.643 9 INFO neutron.wsgi [None req-b0704e43-469e-49b2-9a65-d982f51ad07a 4c788fb7430646a0be215f10c3cbe393 83684db3df0b4e03800c016905a9e455 - - default default] 10.0.0.49 "GET /v2.0/floatingips/5633b636-0be6-43fb-b33d-1e7142cae475/tags HTTP/1.1" status: 200 len: 218 time: 0.0273709
2026-09-01 19:47:24.664 10 INFO neutron.wsgi [None req-9ee2302c-75a6-40cc-8967-da7ac99089ed afe912465f20440a807e26db6582ae20 b4b1be25a9264df8aa21c4478a98a329 - - default default] 10.0.0.49 "GET /v2.0/ports?project_id=531c0513ef284f53a2c4703bd8c588ec&network_id=af69e34f-c437-4854-901a-01e9a2a4c406 HTTP/1.1" status: 200 len: 3462 time: 0.0737557
2026-09-01 19:47:24.667 10 INFO neutron.wsgi [-] 10.0.0.204 "GET / HTTP/1.1" status: 200 len: 246 time: 0.0015566
2026-09-01 19:47:24.669 10 INFO neutron.wsgi [-] 10.0.0.204 "GET / HTTP/1.1" status: 200 len: 246 time: 0.0010438
2026-09-01 19:47:24.711 9 INFO neutron.wsgi [None req-c11dcf99-ee41-45f4-bbaa-910e4d5feb89 4c788fb7430646a0be215f10c3cbe393 83684db3df0b4e03800c016905a9e455 - - - -] 10.0.0.49 "PUT /v2.0/floatingips/5633b636-0be6-43fb-b33d-1e7142cae475/tags/green HTTP/1.1" status: 201 len: 201 time: 0.0578880
2026-09-01 19:47:24.760 9 INFO neutron.wsgi [None req-22e5f6ee-0ab1-4f70-b073-f89750598bc9 4c788fb7430646a0be215f10c3cbe393 83684db3df0b4e03800c016905a9e455 - - default default] 10.0.0.49 "GET /v2.0/floatingips/5633b636-0be6-43fb-b33d-1e7142cae475/tags HTTP/1.1" status: 200 len: 227 time: 0.0422788
2026-09-01 19:47:24.820 10 INFO neutron.wsgi [None req-6f2c0128-cd8e-4e96-bcf7-6d17ad022a46 4c788fb7430646a0be215f10c3cbe393 83684db3df0b4e03800c016905a9e455 - - - -] 10.0.0.49 "PUT /v2.0/floatingips/5633b636-0be6-43fb-b33d-1e7142cae475/tags/red HTTP/1.1" status: 201 len: 201 time: 0.0464447
2026-09-01 19:47:24.866 9 INFO neutron.wsgi [None req-9a10c1c8-0381-4953-a256-b56625622aeb 4c788fb7430646a0be215f10c3cbe393 83684db3df0b4e03800c016905a9e455 - - default default] 10.0.0.49 "GET /v2.0/floatingips/5633b636-0be6-43fb-b33d-1e7142cae475/tags HTTP/1.1" status: 200 len: 227 time: 0.0377896
2026-09-01 19:47:24.909 10 INFO neutron.wsgi [None req-95111974-b7fb-4ea0-af94-9720e0574e94 afe912465f20440a807e26db6582ae20 b4b1be25a9264df8aa21c4478a98a329 - - default default] 10.0.0.49 "GET /v2.0/subnets?network_id=93bf1c25-0a06-418b-a902-e837ecbf3fdd HTTP/1.1" status: 200 len: 838 time: 0.0492666
2026-09-01 19:47:24.910 9 INFO neutron.wsgi [None req-a53db16f-32bd-453f-8281-84e534b4e14c 4c788fb7430646a0be215f10c3cbe393 83684db3df0b4e03800c016905a9e455 - - - -] 10.0.0.49 "PUT /v2.0/floatingips/5633b636-0be6-43fb-b33d-1e7142cae475/tags/black.or.white HTTP/1.1" status: 201 len: 201 time: 0.0382242
2026-09-01 19:47:24.941 9 INFO neutron.wsgi [None req-9d908069-bb02-474e-bfeb-f97bc059217d 4c788fb7430646a0be215f10c3cbe393 83684db3df0b4e03800c016905a9e455 - - default default] 10.0.0.49 "GET /v2.0/floatingips/5633b636-0be6-43fb-b33d-1e7142cae475/tags HTTP/1.1" status: 200 len: 245 time: 0.0236089
2026-09-01 19:47:24.982 9 INFO neutron.wsgi [None req-ef4e919d-977c-463b-a5c6-affc972ea126 4c788fb7430646a0be215f10c3cbe393 83684db3df0b4e03800c016905a9e455 - - - -] 10.0.0.49 "PUT /v2.0/floatingips/5633b636-0be6-43fb-b33d-1e7142cae475/tags HTTP/1.1" status: 200 len: 230 time: 0.0347638
2026-09-01 19:47:25.010 9 INFO neutron.wsgi [None req-c8b7a36b-caad-40a8-a947-1ea6c25c117b 4c788fb7430646a0be215f10c3cbe393 83684db3df0b4e03800c016905a9e455 - - default default] 10.0.0.49 "GET /v2.0/floatingips/5633b636-0be6-43fb-b33d-1e7142cae475/tags HTTP/1.1" status: 200 len: 230 time: 0.0236342
2026-09-01 19:47:25.057 9 INFO neutron.wsgi [None req-75ce08a6-4c19-406e-b446-342f412b24dc 4c788fb7430646a0be215f10c3cbe393 83684db3df0b4e03800c016905a9e455 - - default default] 10.0.0.49 "GET /v2.0/floatingips/5633b636-0be6-43fb-b33d-1e7142cae475/tags/red HTTP/1.1" status: 204 len: 168 time: 0.0415764
2026-09-01 19:47:25.092 9 INFO neutron.api.v2.resource [None req-f6afb350-6aca-4d80-b313-5cdb1654f81b 4c788fb7430646a0be215f10c3cbe393 83684db3df0b4e03800c016905a9e455 - - default default] show failed (client error): The resource could not be found.
2026-09-01 19:47:25.094 9 INFO neutron.wsgi [None req-f6afb350-6aca-4d80-b313-5cdb1654f81b 4c788fb7430646a0be215f10c3cbe393 83684db3df0b4e03800c016905a9e455 - - default default] 10.0.0.49 "GET /v2.0/floatingips/5633b636-0be6-43fb-b33d-1e7142cae475/tags/green HTTP/1.1" status: 404 len: 299 time: 0.0315018
2026-09-01 19:47:25.156 9 INFO neutron.wsgi [None req-1d2f1d8f-db49-4660-9037-608f6238bf81 4c788fb7430646a0be215f10c3cbe393 83684db3df0b4e03800c016905a9e455 - - - -] 10.0.0.49 "DELETE /v2.0/floatingips/5633b636-0be6-43fb-b33d-1e7142cae475/tags/red HTTP/1.1" status: 204 len: 168 time: 0.0569375
2026-09-01 19:47:25.187 9 INFO neutron.wsgi [None req-3ce6b34c-0978-4bf1-9b8a-1904b463a70c 4c788fb7430646a0be215f10c3cbe393 83684db3df0b4e03800c016905a9e455 - - default default] 10.0.0.49 "GET /v2.0/floatingips/5633b636-0be6-43fb-b33d-1e7142cae475/tags HTTP/1.1" status: 200 len: 223 time: 0.0268834
2026-09-01 19:47:25.219 9 INFO neutron.api.v2.resource [None req-9722d76c-7463-4ee9-b1ab-55988d2af0ef 4c788fb7430646a0be215f10c3cbe393 83684db3df0b4e03800c016905a9e455 - - - -] delete failed (client error): The resource could not be found.
2026-09-01 19:47:25.220 9 INFO neutron.wsgi [None req-9722d76c-7463-4ee9-b1ab-55988d2af0ef 4c788fb7430646a0be215f10c3cbe393 83684db3df0b4e03800c016905a9e455 - - - -] 10.0.0.49 "DELETE /v2.0/floatingips/5633b636-0be6-43fb-b33d-1e7142cae475/tags/green HTTP/1.1" status: 404 len: 299 time: 0.0296285
2026-09-01 19:47:25.231 10 INFO neutron.db.l3_db [None req-21b5bf6b-f205-4386-9901-72723596d16c 2ec787a27158493fb54e46befb7537f0 531c0513ef284f53a2c4703bd8c588ec - - - -] Floating IP b93c7288-00c7-47c2-bc47-f9ee5f01d0c7 disassociated. External IP: 10.96.250.219, port: 56e2219b-76c6-494f-8140-e77be0ce9af0.
2026-09-01 19:47:25.290 10 INFO neutron.db.ovn_revision_numbers_db [None req-21b5bf6b-f205-4386-9901-72723596d16c 2ec787a27158493fb54e46befb7537f0 531c0513ef284f53a2c4703bd8c588ec - - - -] Successfully bumped revision number for resource b93c7288-00c7-47c2-bc47-f9ee5f01d0c7 (type: floatingips) to 2
2026-09-01 19:47:25.294 10 INFO neutron.wsgi [None req-302ab157-d717-4576-8049-8053505e2adc 4c788fb7430646a0be215f10c3cbe393 83684db3df0b4e03800c016905a9e455 - - - -] 10.0.0.49 "DELETE /v2.0/floatingips/5633b636-0be6-43fb-b33d-1e7142cae475/tags HTTP/1.1" status: 204 len: 168 time: 0.0699165
2026-09-01 19:47:25.334 9 INFO neutron.wsgi [None req-4dd5a47d-978b-48ce-bc06-18ffaee0d944 4c788fb7430646a0be215f10c3cbe393 83684db3df0b4e03800c016905a9e455 - - default default] 10.0.0.49 "GET /v2.0/floatingips/5633b636-0be6-43fb-b33d-1e7142cae475/tags HTTP/1.1" status: 200 len: 205 time: 0.0341418 /var/lib/openstack/lib/python3.10/site-packages/pycadf/identifier.py:71: UserWarning: Invalid uuid: neutron. To ensure interoperability, identifiers should be a valid uuid. warnings.warn(('Invalid uuid: %s. To ensure interoperability, '
2026-09-01 19:47:25.391 10 INFO neutron.wsgi [None req-21b5bf6b-f205-4386-9901-72723596d16c 2ec787a27158493fb54e46befb7537f0 531c0513ef284f53a2c4703bd8c588ec - - - -] 10.0.0.49 "PUT /v2.0/floatingips/b93c7288-00c7-47c2-bc47-f9ee5f01d0c7 HTTP/1.1" status: 200 len: 748 time: 0.3472421
2026-09-01 19:47:25.451 9 INFO neutron.wsgi [None req-aa2482d9-ee9d-43de-8064-7b55610617cc 2ec787a27158493fb54e46befb7537f0 531c0513ef284f53a2c4703bd8c588ec - - default default] 10.0.0.49 "GET /v2.0/floatingips/b93c7288-00c7-47c2-bc47-f9ee5f01d0c7 HTTP/1.1" status: 200 len: 746 time: 0.0529535
2026-09-01 19:47:25.455 10 INFO neutron.notifiers.nova [-] Nova event matching ['req-359c050e-7376-453f-b8f3-d89d01f05dca'] response: {'name': 'network-changed', 'server_uuid': '48f023f0-8b0f-4df6-9255-0b2df1db7873', 'tag': '56e2219b-76c6-494f-8140-e77be0ce9af0', 'status': 'completed', 'code': 200}
2026-09-01 19:47:25.509 10 INFO neutron.wsgi [req-033ca622-2279-414d-a07a-c2196496b1f7 req-4b2cfb26-885e-480a-a47e-aa5598882272 2eb829645dc84a12ba1eaafe09ac41ed 0544e5c0acb34493854b37a01c3ea747 - - 4fed95107a39400d92e76b56041241c9 4fed95107a39400d92e76b56041241c9] 162.253.55.125 "GET /v2.0/ports?tenant_id=531c0513ef284f53a2c4703bd8c588ec&device_id=48f023f0-8b0f-4df6-9255-0b2df1db7873 HTTP/1.1" status: 200 len: 1361 time: 0.0430083
2026-09-01 19:47:25.593 10 INFO neutron.wsgi [req-033ca622-2279-414d-a07a-c2196496b1f7 req-8a085bd8-a00b-413e-a509-e991e76f4785 2eb829645dc84a12ba1eaafe09ac41ed 0544e5c0acb34493854b37a01c3ea747 - - 4fed95107a39400d92e76b56041241c9 4fed95107a39400d92e76b56041241c9] 162.253.55.125 "GET /v2.0/networks?id=af69e34f-c437-4854-901a-01e9a2a4c406 HTTP/1.1" status: 200 len: 959 time: 0.0692689
2026-09-01 19:47:25.666 10 INFO neutron.wsgi [req-033ca622-2279-414d-a07a-c2196496b1f7 req-b4423e0e-9fc4-4731-9d46-a74cee13cfc2 2eb829645dc84a12ba1eaafe09ac41ed 0544e5c0acb34493854b37a01c3ea747 - - 4fed95107a39400d92e76b56041241c9 4fed95107a39400d92e76b56041241c9] 162.253.55.125 "GET /v2.0/floatingips?fixed_ip_address=10.100.0.4&port_id=56e2219b-76c6-494f-8140-e77be0ce9af0 HTTP/1.1" status: 200 len: 217 time: 0.0619099
2026-09-01 19:47:25.749 10 INFO neutron.wsgi [req-033ca622-2279-414d-a07a-c2196496b1f7 req-769f9241-b53d-48f8-a80b-9cc5bc723cb2 2eb829645dc84a12ba1eaafe09ac41ed 0544e5c0acb34493854b37a01c3ea747 - - 4fed95107a39400d92e76b56041241c9 4fed95107a39400d92e76b56041241c9] 162.253.55.125 "GET /v2.0/subnets?id=b3b15816-22ff-4282-b955-2a141692d091 HTTP/1.1" status: 200 len: 853 time: 0.0749276
2026-09-01 19:47:25.798 10 INFO neutron.wsgi [req-033ca622-2279-414d-a07a-c2196496b1f7 req-2a556a76-b0df-43f1-835d-46be86efbc75 2eb829645dc84a12ba1eaafe09ac41ed 0544e5c0acb34493854b37a01c3ea747 - - 4fed95107a39400d92e76b56041241c9 4fed95107a39400d92e76b56041241c9] 162.253.55.125 "GET /v2.0/ports?network_id=af69e34f-c437-4854-901a-01e9a2a4c406&device_owner=network%3Adhcp HTTP/1.1" status: 200 len: 210 time: 0.0425584
2026-09-01 19:47:25.870 10 INFO neutron.wsgi [None req-d61790c7-64a5-4695-acdd-1c2e0befac15 4c788fb7430646a0be215f10c3cbe393 83684db3df0b4e03800c016905a9e455 - - - -] 10.0.0.49 "DELETE /v2.0/floatingips/5633b636-0be6-43fb-b33d-1e7142cae475 HTTP/1.1" status: 204 len: 168 time: 0.5287898
2026-09-01 19:47:25.877 10 INFO neutron.wsgi [req-033ca622-2279-414d-a07a-c2196496b1f7 req-3df8e670-6e25-46b1-923f-548efc85123d 2eb829645dc84a12ba1eaafe09ac41ed 0544e5c0acb34493854b37a01c3ea747 - - 4fed95107a39400d92e76b56041241c9 4fed95107a39400d92e76b56041241c9] 162.253.55.125 "GET /v2.0/networks/af69e34f-c437-4854-901a-01e9a2a4c406?fields=segments HTTP/1.1" status: 200 len: 212 time: 0.0677240
2026-09-01 19:47:25.964 10 INFO neutron.wsgi [req-033ca622-2279-414d-a07a-c2196496b1f7 req-98aef86a-c92f-4c51-baa3-90ff603c5d69 2eb829645dc84a12ba1eaafe09ac41ed 0544e5c0acb34493854b37a01c3ea747 - - 4fed95107a39400d92e76b56041241c9 4fed95107a39400d92e76b56041241c9] 162.253.55.125 "GET /v2.0/networks/af69e34f-c437-4854-901a-01e9a2a4c406?fields=provider%3Aphysical_network&fields=provider%3Anetwork_type HTTP/1.1" status: 200 len: 277 time: 0.0805919
2026-09-01 19:47:26.671 9 INFO neutron.db.ovn_revision_numbers_db [None req-0e0df7a4-9c5e-4889-9900-b2e593cee0ab 2ec787a27158493fb54e46befb7537f0 531c0513ef284f53a2c4703bd8c588ec - - - -] Successfully bumped revision number for resource 8bdd1b99-5041-4a71-bb5e-b39ed90394d5 (type: security_groups) to 1
2026-09-01 19:47:26.711 9 INFO neutron.wsgi [None req-0e0df7a4-9c5e-4889-9900-b2e593cee0ab 2ec787a27158493fb54e46befb7537f0 531c0513ef284f53a2c4703bd8c588ec - - - -] 10.0.0.49 "POST /v2.0/security-groups HTTP/1.1" status: 201 len: 1809 time: 0.1670077
2026-09-01 19:47:26.903 9 INFO neutron.db.ovn_revision_numbers_db [None req-111400d4-758c-46d9-a11f-affc3a898815 2ec787a27158493fb54e46befb7537f0 531c0513ef284f53a2c4703bd8c588ec - - - -] Successfully bumped revision number for resource 402b94be-dc25-4e07-b60c-0d7aafb48dae (type: security_group_rules) to 0
2026-09-01 19:47:26.917 9 INFO neutron.db.ovn_revision_numbers_db [None req-e7cb47ec-a4e2-4022-9121-f402ebb6bec4 e8f6cb9d979f4f68863f5b5ee3098f32 9028f440acb64fd99caf8d503d0457cf - - default default] Successfully bumped revision number for resource f07a0599-1802-441e-ba98-50c058ef92ef (type: security_groups) to 1
2026-09-01 19:47:26.939 9 INFO neutron.wsgi [None req-e7cb47ec-a4e2-4022-9121-f402ebb6bec4 e8f6cb9d979f4f68863f5b5ee3098f32 9028f440acb64fd99caf8d503d0457cf - - default default] 10.0.0.49 "GET /v2.0/security-groups?tenant_id=83684db3df0b4e03800c016905a9e455&name=default HTTP/1.1" status: 200 len: 2996 time: 0.3652339
2026-09-01 19:47:26.942 9 INFO neutron.wsgi [None req-111400d4-758c-46d9-a11f-affc3a898815 2ec787a27158493fb54e46befb7537f0 531c0513ef284f53a2c4703bd8c588ec - - - -] 10.0.0.49 "POST /v2.0/security-group-rules HTTP/1.1" status: 201 len: 764 time: 0.2232320
2026-09-01 19:47:27.089 9 INFO neutron.wsgi [None req-094e58f6-eac6-4b13-888c-cf4276c50e54 e8f6cb9d979f4f68863f5b5ee3098f32 9028f440acb64fd99caf8d503d0457cf - - - -] 10.0.0.49 "DELETE /v2.0/security-groups/f07a0599-1802-441e-ba98-50c058ef92ef HTTP/1.1" status: 204 len: 168 time: 0.1434271
2026-09-01 19:47:27.120 10 INFO neutron.db.ovn_revision_numbers_db [None req-a56ae7d3-e402-4ab0-9e44-a03a7b010770 2ec787a27158493fb54e46befb7537f0 531c0513ef284f53a2c4703bd8c588ec - - - -] Successfully bumped revision number for resource 97005247-02a6-4872-b202-44d940966dfb (type: security_group_rules) to 0
2026-09-01 19:47:27.158 10 INFO neutron.wsgi [None req-a56ae7d3-e402-4ab0-9e44-a03a7b010770 2ec787a27158493fb54e46befb7537f0 531c0513ef284f53a2c4703bd8c588ec - - - -] 10.0.0.49 "POST /v2.0/security-group-rules HTTP/1.1" status: 201 len: 763 time: 0.2084897
2026-09-01 19:47:27.286 10 INFO neutron.db.ovn_revision_numbers_db [None req-6b34d4fe-aee3-4494-9792-cad1447fd213 2ec787a27158493fb54e46befb7537f0 531c0513ef284f53a2c4703bd8c588ec - - - -] Successfully bumped revision number for resource e88df239-9d43-4a1b-a4fc-5695303d6e7d (type: security_group_rules) to 0
2026-09-01 19:47:27.315 9 INFO neutron.db.ovn_revision_numbers_db [None req-0d84b08e-efe4-4a62-811f-c83e63e27d37 e8f6cb9d979f4f68863f5b5ee3098f32 9028f440acb64fd99caf8d503d0457cf - - default default] Successfully bumped revision number for resource 5cb4fbf6-fcb3-412b-8a7d-a4354b02c81f (type: security_groups) to 1
2026-09-01 19:47:27.327 10 INFO neutron.wsgi [None req-6b34d4fe-aee3-4494-9792-cad1447fd213 2ec787a27158493fb54e46befb7537f0 531c0513ef284f53a2c4703bd8c588ec - - - -] 10.0.0.49 "POST /v2.0/security-group-rules HTTP/1.1" status: 201 len: 769 time: 0.1638310
2026-09-01 19:47:27.333 9 INFO neutron.wsgi [None req-0d84b08e-efe4-4a62-811f-c83e63e27d37 e8f6cb9d979f4f68863f5b5ee3098f32 9028f440acb64fd99caf8d503d0457cf - - default default] 10.0.0.49 "GET /v2.0/security-groups?tenant_id=52bc4fb18b894f78a1b4eb1b037331f3&name=default HTTP/1.1" status: 200 len: 2996 time: 0.1287477
2026-09-01 19:47:27.447 10 INFO neutron.db.ovn_revision_numbers_db [None req-49d3b685-9552-4e30-a661-76e2d11164da 2ec787a27158493fb54e46befb7537f0 531c0513ef284f53a2c4703bd8c588ec - - - -] Successfully bumped revision number for resource 89042f3d-5ff6-4750-8c34-b0f3fc6ff06b (type: security_group_rules) to 0
2026-09-01 19:47:27.494 10 INFO neutron.wsgi [None req-49d3b685-9552-4e30-a661-76e2d11164da 2ec787a27158493fb54e46befb7537f0 531c0513ef284f53a2c4703bd8c588ec - - - -] 10.0.0.49 "POST /v2.0/security-group-rules HTTP/1.1" status: 201 len: 768 time: 0.1606860
2026-09-01 19:47:27.526 10 INFO neutron.db.securitygroups_db [None req-82a69e8e-60de-441c-b140-bc023dfbb794 2ec787a27158493fb54e46befb7537f0 531c0513ef284f53a2c4703bd8c588ec - - - -] Project 531c0513ef284f53a2c4703bd8c588ec added a security group rule with legacy IPv6 ICMP protocol name icmp, ipv6-icmp should be used instead. It was automatically converted.
2026-09-01 19:47:27.544 9 INFO neutron.wsgi [None req-58989694-8d4d-4882-b5eb-310a54b27cd0 e8f6cb9d979f4f68863f5b5ee3098f32 9028f440acb64fd99caf8d503d0457cf - - - -] 10.0.0.49 "DELETE /v2.0/security-groups/5cb4fbf6-fcb3-412b-8a7d-a4354b02c81f HTTP/1.1" status: 204 len: 168 time: 0.2047977
2026-09-01 19:47:27.637 10 INFO neutron.db.ovn_revision_numbers_db [None req-82a69e8e-60de-441c-b140-bc023dfbb794 2ec787a27158493fb54e46befb7537f0 531c0513ef284f53a2c4703bd8c588ec - - - -] Successfully bumped revision number for resource 1c306e51-edf3-47f9-94eb-6650337a7d7f (type: security_group_rules) to 0
2026-09-01 19:47:27.672 10 INFO neutron.wsgi [None req-82a69e8e-60de-441c-b140-bc023dfbb794 2ec787a27158493fb54e46befb7537f0 531c0513ef284f53a2c4703bd8c588ec - - - -] 10.0.0.49 "POST /v2.0/security-group-rules HTTP/1.1" status: 201 len: 774 time: 0.1706586
2026-09-01 19:47:27.706 10 INFO neutron.db.securitygroups_db [None req-c1ecb61a-b726-43ee-ab75-cfd0d8ca8afd 2ec787a27158493fb54e46befb7537f0 531c0513ef284f53a2c4703bd8c588ec - - - -] Project 531c0513ef284f53a2c4703bd8c588ec added a security group rule with legacy IPv6 ICMP protocol name icmp, ipv6-icmp should be used instead. It was automatically converted.
2026-09-01 19:47:27.839 10 INFO neutron.db.ovn_revision_numbers_db [None req-c1ecb61a-b726-43ee-ab75-cfd0d8ca8afd 2ec787a27158493fb54e46befb7537f0 531c0513ef284f53a2c4703bd8c588ec - - - -] Successfully bumped revision number for resource 135340ac-f287-4f94-8d41-9a17e615fa27 (type: security_group_rules) to 0
2026-09-01 19:47:27.871 10 INFO neutron.wsgi [None req-c1ecb61a-b726-43ee-ab75-cfd0d8ca8afd 2ec787a27158493fb54e46befb7537f0 531c0513ef284f53a2c4703bd8c588ec - - - -] 10.0.0.49 "POST /v2.0/security-group-rules HTTP/1.1" status: 201 len: 773 time: 0.1941757
2026-09-01 19:47:28.475 9 INFO neutron.wsgi [None req-b9c01336-caf5-4516-81a9-9900bc258268 2ec787a27158493fb54e46befb7537f0 531c0513ef284f53a2c4703bd8c588ec - - default default] 10.0.0.49 "GET /v2.0/networks HTTP/1.1" status: 200 len: 1493 time: 0.2399559
2026-09-01 19:47:28.599 10 INFO neutron.wsgi [req-94c59d31-2472-49b4-9cbe-c1d4ab662efb req-ea37b9a1-7087-410e-8ffc-071d39bee018 2ec787a27158493fb54e46befb7537f0 531c0513ef284f53a2c4703bd8c588ec - - default default] 10.0.0.126 "GET /v2.0/security-groups?name=tempest-secgroup-smoke-370353849&fields=id&tenant_id=531c0513ef284f53a2c4703bd8c588ec HTTP/1.1" status: 200 len: 267 time: 0.0413790
2026-09-01 19:47:28.674 10 INFO neutron.wsgi [req-94c59d31-2472-49b4-9cbe-c1d4ab662efb req-481a4e1d-ecce-4bd5-aea9-1e5303ed21bd 2ec787a27158493fb54e46befb7537f0 531c0513ef284f53a2c4703bd8c588ec - - default default] 10.0.0.126 "GET /v2.0/networks?id=af69e34f-c437-4854-901a-01e9a2a4c406 HTTP/1.1" status: 200 len: 860 time: 0.0671649
2026-09-01 19:47:28.688 10 INFO neutron.wsgi [req-94c59d31-2472-49b4-9cbe-c1d4ab662efb req-e2d9f791-98aa-4660-adbe-47dbba1ed09f 2ec787a27158493fb54e46befb7537f0 531c0513ef284f53a2c4703bd8c588ec - - default default] 10.0.0.126 "GET /v2.0/quotas/531c0513ef284f53a2c4703bd8c588ec HTTP/1.1" status: 200 len: 386 time: 0.0083385
2026-09-01 19:47:28.791 10 INFO neutron.wsgi [req-94c59d31-2472-49b4-9cbe-c1d4ab662efb req-3be55f5d-eb7b-48cf-a461-de92ed3a93ea 2ec787a27158493fb54e46befb7537f0 531c0513ef284f53a2c4703bd8c588ec - - default default] 10.0.0.126 "GET /v2.0/ports?tenant_id=531c0513ef284f53a2c4703bd8c588ec&fields=id HTTP/1.1" status: 200 len: 348 time: 0.0953441
2026-09-01 19:47:28.854 10 INFO neutron.wsgi [req-94c59d31-2472-49b4-9cbe-c1d4ab662efb req-785773f3-607f-4d3b-8edb-f95a2926cbc0 2eb829645dc84a12ba1eaafe09ac41ed 0544e5c0acb34493854b37a01c3ea747 - - 4fed95107a39400d92e76b56041241c9 4fed95107a39400d92e76b56041241c9] 10.0.0.126 "GET /v2.0/networks/af69e34f-c437-4854-901a-01e9a2a4c406?fields=segments HTTP/1.1" status: 200 len: 212 time: 0.0481007
2026-09-01 19:47:28.908 10 INFO neutron.wsgi [req-94c59d31-2472-49b4-9cbe-c1d4ab662efb req-72080c6e-8bfe-467a-b16a-30d506267dce 2eb829645dc84a12ba1eaafe09ac41ed 0544e5c0acb34493854b37a01c3ea747 - - 4fed95107a39400d92e76b56041241c9 4fed95107a39400d92e76b56041241c9] 10.0.0.126 "GET /v2.0/networks/af69e34f-c437-4854-901a-01e9a2a4c406?fields=provider%3Aphysical_network&fields=provider%3Anetwork_type HTTP/1.1" status: 200 len: 277 time: 0.0430539
2026-09-01 19:47:29.096 9 INFO neutron.wsgi [req-dfffe7d6-edbc-4016-92df-9228980e3d6d req-b0fc65a6-31ad-4825-a066-ac91eb808ce0 2ec787a27158493fb54e46befb7537f0 531c0513ef284f53a2c4703bd8c588ec - - default default] 10.0.0.126 "GET /v2.0/ports?device_id=48ad5602-1055-4c88-b2cb-d60018e29c59 HTTP/1.1" status: 200 len: 210 time: 0.0340731
2026-09-01 19:47:30.030 10 INFO neutron.wsgi [req-94c59d31-2472-49b4-9cbe-c1d4ab662efb req-de0c9b32-5b2e-46dc-9546-93fc60b5bdb4 2ec787a27158493fb54e46befb7537f0 531c0513ef284f53a2c4703bd8c588ec - - default default] 162.253.55.125 "GET /v2.0/networks?id=af69e34f-c437-4854-901a-01e9a2a4c406 HTTP/1.1" status: 200 len: 860 time: 0.0673630
2026-09-01 19:47:30.091 10 INFO neutron.wsgi [req-94c59d31-2472-49b4-9cbe-c1d4ab662efb req-06306d15-040a-4e3c-9711-991ee50a680c 2ec787a27158493fb54e46befb7537f0 531c0513ef284f53a2c4703bd8c588ec - - default default] 162.253.55.125 "GET /v2.0/security-groups?fields=id&fields=name&tenant_id=531c0513ef284f53a2c4703bd8c588ec HTTP/1.1" status: 200 len: 472 time: 0.0530145
2026-09-01 19:47:30.215 10 INFO neutron.wsgi [req-ecade7db-bc04-4c10-8ebc-f7c807bf4f51 req-904ba3a5-8186-4244-a6ce-ac9becde4998 2ec787a27158493fb54e46befb7537f0 531c0513ef284f53a2c4703bd8c588ec - - default default] 10.0.0.126 "GET /v2.0/ports?device_id=48ad5602-1055-4c88-b2cb-d60018e29c59 HTTP/1.1" status: 200 len: 210 time: 0.0327663
2026-09-01 19:47:30.383 10 WARNING neutron.scheduler.dhcp_agent_scheduler [None req-caea327f-d885-42fc-995e-daaa64c82d39 2ec787a27158493fb54e46befb7537f0 531c0513ef284f53a2c4703bd8c588ec - - - -] No more DHCP agents
2026-09-01 19:47:30.385 10 WARNING neutron.api.rpc.agentnotifiers.dhcp_rpc_agent_api [None req-caea327f-d885-42fc-995e-daaa64c82d39 2ec787a27158493fb54e46befb7537f0 531c0513ef284f53a2c4703bd8c588ec - - - -] Unable to schedule network af69e34f-c437-4854-901a-01e9a2a4c406: no agents available; will retry on subsequent port and subnet creation events.
2026-09-01 19:47:30.538 10 INFO neutron.db.ovn_revision_numbers_db [None req-caea327f-d885-42fc-995e-daaa64c82d39 2ec787a27158493fb54e46befb7537f0 531c0513ef284f53a2c4703bd8c588ec - - - -] Successfully bumped revision number for resource 75970b33-2456-4e94-a258-a85898ae5bc2 (type: ports) to 1
2026-09-01 19:47:30.558 10 INFO neutron.wsgi [None req-caea327f-d885-42fc-995e-daaa64c82d39 2ec787a27158493fb54e46befb7537f0 531c0513ef284f53a2c4703bd8c588ec - - - -] 162.253.55.125 "POST /v2.0/ports HTTP/1.1" status: 201 len: 1158 time: 0.4620748 /var/lib/openstack/lib/python3.10/site-packages/pycadf/identifier.py:71: UserWarning: Invalid uuid: neutron. To ensure interoperability, identifiers should be a valid uuid. warnings.warn(('Invalid uuid: %s. To ensure interoperability, '
2026-09-01 19:47:30.945 10 INFO neutron.db.ovn_revision_numbers_db [None req-fb8be37b-8238-4c57-bd67-d51b0b8a5fb1 2eb829645dc84a12ba1eaafe09ac41ed 0544e5c0acb34493854b37a01c3ea747 - - - -] Successfully bumped revision number for resource 75970b33-2456-4e94-a258-a85898ae5bc2 (type: ports) to 2
2026-09-01 19:47:31.173 9 INFO neutron.db.ovn_revision_numbers_db [None req-a47cf534-2b19-41e2-968c-f27fb29c897a 7c65db751b854a2286d022ccd4d88674 9c8eeda61ec14c84b9de76ee6d755e30 - - - -] Successfully bumped revision number for resource 607253e0-4627-40b8-8bea-017b25a6e3b1 (type: security_groups) to 1
2026-09-01 19:47:31.177 10 INFO neutron.db.ovn_revision_numbers_db [None req-fb8be37b-8238-4c57-bd67-d51b0b8a5fb1 2eb829645dc84a12ba1eaafe09ac41ed 0544e5c0acb34493854b37a01c3ea747 - - - -] Successfully bumped revision number for resource 75970b33-2456-4e94-a258-a85898ae5bc2 (type: ports) to 2
2026-09-01 19:47:31.196 10 INFO neutron.wsgi [None req-fb8be37b-8238-4c57-bd67-d51b0b8a5fb1 2eb829645dc84a12ba1eaafe09ac41ed 0544e5c0acb34493854b37a01c3ea747 - - - -] 162.253.55.125 "PUT /v2.0/ports/75970b33-2456-4e94-a258-a85898ae5bc2 HTTP/1.1" status: 200 len: 1328 time: 0.6291113 /var/lib/openstack/lib/python3.10/site-packages/pycadf/identifier.py:71: UserWarning: Invalid uuid: neutron. To ensure interoperability, identifiers should be a valid uuid. warnings.warn(('Invalid uuid: %s. To ensure interoperability, '
2026-09-01 19:47:31.256 9 INFO neutron.db.segments_db [None req-a47cf534-2b19-41e2-968c-f27fb29c897a 7c65db751b854a2286d022ccd4d88674 9c8eeda61ec14c84b9de76ee6d755e30 - - - -] Added segment 0da323f7-6c0b-4c53-b885-065ad053da3f of type geneve for network e1ac9fc7-3e88-46fa-9124-625ad0bd76c3
2026-09-01 19:47:31.390 9 INFO neutron.db.ovn_revision_numbers_db [None req-a47cf534-2b19-41e2-968c-f27fb29c897a 7c65db751b854a2286d022ccd4d88674 9c8eeda61ec14c84b9de76ee6d755e30 - - - -] Successfully bumped revision number for resource e1ac9fc7-3e88-46fa-9124-625ad0bd76c3 (type: networks) to 1
2026-09-01 19:47:31.404 9 INFO neutron.wsgi [None req-775757c0-bf8c-4cbe-9303-578f81e13ec0 e8f6cb9d979f4f68863f5b5ee3098f32 9028f440acb64fd99caf8d503d0457cf - - default default] 162.253.55.125 "GET /v2.0/extensions/security-group HTTP/1.1" status: 200 len: 369 time: 0.0038509
2026-09-01 19:47:31.414 9 INFO neutron.wsgi [None req-5e7ed31f-1c89-4200-9c43-95850ccbef34 e8f6cb9d979f4f68863f5b5ee3098f32 9028f440acb64fd99caf8d503d0457cf - - default default] 162.253.55.125 "GET /v2.0/extensions/dns-integration HTTP/1.1" status: 200 len: 371 time: 0.0032537
2026-09-01 19:47:31.428 9 INFO neutron.wsgi [None req-79519366-87e0-4ed0-8595-a2c3a4f6340a e8f6cb9d979f4f68863f5b5ee3098f32 9028f440acb64fd99caf8d503d0457cf - - default default] 162.253.55.125 "GET /v2.0/extensions/qos HTTP/1.1" status: 200 len: 365 time: 0.0109489
2026-09-01 19:47:31.437 9 INFO neutron.wsgi [None req-6b2d55de-026b-4b22-bfbe-94df65013373 e8f6cb9d979f4f68863f5b5ee3098f32 9028f440acb64fd99caf8d503d0457cf - - default default] 162.253.55.125 "GET /v2.0/extensions/allowed-address-pairs HTTP/1.1" status: 200 len: 383 time: 0.0052733
2026-09-01 19:47:31.488 9 INFO neutron.wsgi [None req-99a8d2c9-fb98-453c-949e-6489bc2db716 e8f6cb9d979f4f68863f5b5ee3098f32 9028f440acb64fd99caf8d503d0457cf - - default default] 162.253.55.125 "GET /v2.0/subnets/092ef875-35df-4e7e-978a-4f0d60320e33 HTTP/1.1" status: 200 len: 851 time: 0.0449581
2026-09-01 19:47:31.516 10 INFO neutron.notifiers.nova [-] Nova event matching ['req-f48ad506-ab73-475e-a88f-d37cd9b35b0c'] response: {'name': 'network-changed', 'server_uuid': '48ad5602-1055-4c88-b2cb-d60018e29c59', 'tag': '75970b33-2456-4e94-a258-a85898ae5bc2', 'status': 'completed', 'code': 200}
2026-09-01 19:47:31.553 10 INFO neutron.wsgi [req-94c59d31-2472-49b4-9cbe-c1d4ab662efb req-9d747c0b-e993-47ff-b692-7822f956f47e 2eb829645dc84a12ba1eaafe09ac41ed 0544e5c0acb34493854b37a01c3ea747 - - 4fed95107a39400d92e76b56041241c9 4fed95107a39400d92e76b56041241c9] 162.253.55.125 "GET /v2.0/ports?tenant_id=531c0513ef284f53a2c4703bd8c588ec&device_id=48ad5602-1055-4c88-b2cb-d60018e29c59 HTTP/1.1" status: 200 len: 1359 time: 0.3034356
2026-09-01 19:47:31.559 9 INFO neutron.wsgi [None req-97e93f9f-6f41-43eb-b1a1-d4757a67e3c7 e8f6cb9d979f4f68863f5b5ee3098f32 9028f440acb64fd99caf8d503d0457cf - - default default] 162.253.55.125 "GET /v2.0/ports?device_id=fe30e563-7dab-44c6-917c-a2b8aa5d8d39 HTTP/1.1" status: 200 len: 1365 time: 0.0258858
2026-09-01 19:47:31.563 10 INFO neutron.wsgi [req-6059e422-8a6b-4315-b8c4-64d19d8ad88c req-2ec9956b-9a11-451f-86bb-519713464131 2ec787a27158493fb54e46befb7537f0 531c0513ef284f53a2c4703bd8c588ec - - default default] 10.0.0.126 "GET /v2.0/ports?device_id=48ad5602-1055-4c88-b2cb-d60018e29c59 HTTP/1.1" status: 200 len: 1168 time: 0.0454562
2026-09-01 19:47:31.584 10 INFO neutron.wsgi [req-94c59d31-2472-49b4-9cbe-c1d4ab662efb req-8027d298-1bfc-4b7c-956b-f7d964d35da9 2eb829645dc84a12ba1eaafe09ac41ed 0544e5c0acb34493854b37a01c3ea747 - - 4fed95107a39400d92e76b56041241c9 4fed95107a39400d92e76b56041241c9] 162.253.55.125 "GET /v2.0/floatingips?fixed_ip_address=10.100.0.7&port_id=75970b33-2456-4e94-a258-a85898ae5bc2 HTTP/1.1" status: 200 len: 217 time: 0.0199354
2026-09-01 19:47:31.626 10 INFO neutron.wsgi [req-6059e422-8a6b-4315-b8c4-64d19d8ad88c req-8aadd731-c2bb-4eba-8230-72b65b5340b1 2ec787a27158493fb54e46befb7537f0 531c0513ef284f53a2c4703bd8c588ec - - default default] 10.0.0.126 "GET /v2.0/security-groups?id=8bdd1b99-5041-4a71-bb5e-b39ed90394d5&fields=id&fields=name HTTP/1.1" status: 200 len: 312 time: 0.0450077
2026-09-01 19:47:31.638 10 INFO neutron.wsgi [req-94c59d31-2472-49b4-9cbe-c1d4ab662efb req-0f573470-e466-4316-8d01-c44dc3733293 2eb829645dc84a12ba1eaafe09ac41ed 0544e5c0acb34493854b37a01c3ea747 - - 4fed95107a39400d92e76b56041241c9 4fed95107a39400d92e76b56041241c9] 162.253.55.125 "GET /v2.0/subnets?id=b3b15816-22ff-4282-b955-2a141692d091 HTTP/1.1" status: 200 len: 853 time: 0.0467303
2026-09-01 19:47:31.685 10 INFO neutron.wsgi [req-94c59d31-2472-49b4-9cbe-c1d4ab662efb req-477fba59-2642-4c75-a8d9-afdc4bddfa38 2eb829645dc84a12ba1eaafe09ac41ed 0544e5c0acb34493854b37a01c3ea747 - - 4fed95107a39400d92e76b56041241c9 4fed95107a39400d92e76b56041241c9] 162.253.55.125 "GET /v2.0/ports?network_id=af69e34f-c437-4854-901a-01e9a2a4c406&device_owner=network%3Adhcp HTTP/1.1" status: 200 len: 210 time: 0.0372019
2026-09-01 19:47:31.762 10 INFO neutron.wsgi [req-94c59d31-2472-49b4-9cbe-c1d4ab662efb req-77331dd4-61f6-4957-a70f-094897762777 2eb829645dc84a12ba1eaafe09ac41ed 0544e5c0acb34493854b37a01c3ea747 - - 4fed95107a39400d92e76b56041241c9 4fed95107a39400d92e76b56041241c9] 162.253.55.125 "GET /v2.0/networks/af69e34f-c437-4854-901a-01e9a2a4c406?fields=segments HTTP/1.1" status: 200 len: 212 time: 0.0725946
2026-09-01 19:47:31.814 10 INFO neutron.wsgi [req-94c59d31-2472-49b4-9cbe-c1d4ab662efb req-5e373a75-443d-4e49-9c25-4db9f0d9ddf5 2eb829645dc84a12ba1eaafe09ac41ed 0544e5c0acb34493854b37a01c3ea747 - - 4fed95107a39400d92e76b56041241c9 4fed95107a39400d92e76b56041241c9] 162.253.55.125 "GET /v2.0/networks/af69e34f-c437-4854-901a-01e9a2a4c406?fields=provider%3Aphysical_network&fields=provider%3Anetwork_type HTTP/1.1" status: 200 len: 277 time: 0.0473258
2026-09-01 19:47:31.843 9 WARNING neutron.scheduler.dhcp_agent_scheduler [None req-a47cf534-2b19-41e2-968c-f27fb29c897a 7c65db751b854a2286d022ccd4d88674 9c8eeda61ec14c84b9de76ee6d755e30 - - - -] No more DHCP agents
2026-09-01 19:47:31.847 9 WARNING neutron.api.rpc.agentnotifiers.dhcp_rpc_agent_api [None req-a47cf534-2b19-41e2-968c-f27fb29c897a 7c65db751b854a2286d022ccd4d88674 9c8eeda61ec14c84b9de76ee6d755e30 - - - -] Unable to schedule network e1ac9fc7-3e88-46fa-9124-625ad0bd76c3: no agents available; will retry on subsequent port and subnet creation events.
2026-09-01 19:47:31.891 10 INFO neutron.wsgi [req-51ca2bb1-bb54-475c-94d1-cdfc9d698eb0 req-ef82ca5a-635c-48bd-9959-05a0c4ed10a5 2eb829645dc84a12ba1eaafe09ac41ed 0544e5c0acb34493854b37a01c3ea747 - - 4fed95107a39400d92e76b56041241c9 4fed95107a39400d92e76b56041241c9] 162.253.55.125 "GET /v2.0/ports?tenant_id=531c0513ef284f53a2c4703bd8c588ec&device_id=48ad5602-1055-4c88-b2cb-d60018e29c59 HTTP/1.1" status: 200 len: 1359 time: 0.0314562
2026-09-01 19:47:31.922 9 INFO neutron.db.ovn_revision_numbers_db [None req-a47cf534-2b19-41e2-968c-f27fb29c897a 7c65db751b854a2286d022ccd4d88674 9c8eeda61ec14c84b9de76ee6d755e30 - - - -] Successfully bumped revision number for resource 2136adad-3791-4ae3-9b66-0268c6f3a53b (type: ports) to 1
2026-09-01 19:47:31.949 9 INFO neutron.wsgi [None req-a47cf534-2b19-41e2-968c-f27fb29c897a 7c65db751b854a2286d022ccd4d88674 9c8eeda61ec14c84b9de76ee6d755e30 - - - -] 10.0.0.49 "POST /v2.0/networks HTTP/1.1" status: 201 len: 831 time: 1.0626495
2026-09-01 19:47:32.008 10 INFO neutron.wsgi [req-51ca2bb1-bb54-475c-94d1-cdfc9d698eb0 req-46a96e78-8468-48f7-b567-6bb12a2bbfe5 2eb829645dc84a12ba1eaafe09ac41ed 0544e5c0acb34493854b37a01c3ea747 - - 4fed95107a39400d92e76b56041241c9 4fed95107a39400d92e76b56041241c9] 162.253.55.125 "GET /v2.0/networks?id=af69e34f-c437-4854-901a-01e9a2a4c406 HTTP/1.1" status: 200 len: 959 time: 0.1121879
2026-09-01 19:47:32.034 10 INFO neutron.plugins.ml2.drivers.ovn.mech_driver.mech_driver [None req-3f4f5cba-9913-478e-8bd0-1edd776517b6 - - - - - -] OVN reports status up for port: 75970b33-2456-4e94-a258-a85898ae5bc2
2026-09-01 19:47:32.049 10 INFO neutron.wsgi [req-51ca2bb1-bb54-475c-94d1-cdfc9d698eb0 req-353381e3-a78a-4cd3-a488-0cfe92c8c53f 2eb829645dc84a12ba1eaafe09ac41ed 0544e5c0acb34493854b37a01c3ea747 - - 4fed95107a39400d92e76b56041241c9 4fed95107a39400d92e76b56041241c9] 162.253.55.125 "GET /v2.0/floatingips?fixed_ip_address=10.100.0.7&port_id=75970b33-2456-4e94-a258-a85898ae5bc2 HTTP/1.1" status: 200 len: 217 time: 0.0355024
2026-09-01 19:47:32.059 10 INFO neutron.plugins.ml2.plugin [None req-3f4f5cba-9913-478e-8bd0-1edd776517b6 - - - - - -] Attempt 1 to provision port 75970b33-2456-4e94-a258-a85898ae5bc2
2026-09-01 19:47:32.060 10 INFO neutron.wsgi [None req-5bcec147-a675-4354-b4ed-1fca8300b1a8 7c65db751b854a2286d022ccd4d88674 9c8eeda61ec14c84b9de76ee6d755e30 - - - -] 10.0.0.49 "PUT /v2.0/networks/e1ac9fc7-3e88-46fa-9124-625ad0bd76c3/tags HTTP/1.1" status: 200 len: 218 time: 0.1038060
2026-09-01 19:47:32.086 10 INFO neutron.wsgi [req-51ca2bb1-bb54-475c-94d1-cdfc9d698eb0 req-b52b2b4e-a876-4a19-aaaf-77e04a5443d5 2eb829645dc84a12ba1eaafe09ac41ed 0544e5c0acb34493854b37a01c3ea747 - - 4fed95107a39400d92e76b56041241c9 4fed95107a39400d92e76b56041241c9] 162.253.55.125 "GET /v2.0/subnets?id=b3b15816-22ff-4282-b955-2a141692d091 HTTP/1.1" status: 200 len: 853 time: 0.0335779
2026-09-01 19:47:32.107 10 INFO neutron.wsgi [req-51ca2bb1-bb54-475c-94d1-cdfc9d698eb0 req-3a436a43-6f43-4617-85be-842f5dccd87d 2eb829645dc84a12ba1eaafe09ac41ed 0544e5c0acb34493854b37a01c3ea747 - - 4fed95107a39400d92e76b56041241c9 4fed95107a39400d92e76b56041241c9] 162.253.55.125 "GET /v2.0/ports?network_id=af69e34f-c437-4854-901a-01e9a2a4c406&device_owner=network%3Adhcp HTTP/1.1" status: 200 len: 210 time: 0.0171258
2026-09-01 19:47:32.117 9 INFO neutron.wsgi [None req-eb27c091-705d-4a47-9e2f-9615d6196f36 7c65db751b854a2286d022ccd4d88674 9c8eeda61ec14c84b9de76ee6d755e30 - - default default] 10.0.0.49 "GET /v2.0/networks/e1ac9fc7-3e88-46fa-9124-625ad0bd76c3/tags HTTP/1.1" status: 200 len: 218 time: 0.0460372 /var/lib/openstack/lib/python3.10/site-packages/pycadf/identifier.py:71: UserWarning: Invalid uuid: neutron. To ensure interoperability, identifiers should be a valid uuid. warnings.warn(('Invalid uuid: %s. To ensure interoperability, '
2026-09-01 19:47:32.178 9 INFO neutron.wsgi [None req-c1efb1ca-e6fa-43d9-9949-76ca274cec2f 7c65db751b854a2286d022ccd4d88674 9c8eeda61ec14c84b9de76ee6d755e30 - - - -] 10.0.0.49 "PUT /v2.0/networks/e1ac9fc7-3e88-46fa-9124-625ad0bd76c3/tags/green HTTP/1.1" status: 201 len: 201 time: 0.0543730
2026-09-01 19:47:32.178 10 INFO neutron.wsgi [req-51ca2bb1-bb54-475c-94d1-cdfc9d698eb0 req-b59d40f0-16fa-43ec-983d-553cfb0bae7e 2eb829645dc84a12ba1eaafe09ac41ed 0544e5c0acb34493854b37a01c3ea747 - - 4fed95107a39400d92e76b56041241c9 4fed95107a39400d92e76b56041241c9] 162.253.55.125 "GET /v2.0/networks/af69e34f-c437-4854-901a-01e9a2a4c406?fields=segments HTTP/1.1" status: 200 len: 212 time: 0.0669968
2026-09-01 19:47:32.186 9 WARNING neutron.scheduler.dhcp_agent_scheduler [None req-32e891d9-daac-4826-a21f-62d021c5f560 e8f6cb9d979f4f68863f5b5ee3098f32 9028f440acb64fd99caf8d503d0457cf - - - -] No more DHCP agents
2026-09-01 19:47:32.190 9 WARNING neutron.api.rpc.agentnotifiers.dhcp_rpc_agent_api [None req-32e891d9-daac-4826-a21f-62d021c5f560 e8f6cb9d979f4f68863f5b5ee3098f32 9028f440acb64fd99caf8d503d0457cf - - - -] Unable to schedule network 265c6581-8502-45a0-879c-12b2cca998a0: no agents available; will retry on subsequent port and subnet creation events.
2026-09-01 19:47:32.243 10 INFO neutron.wsgi [None req-9345deda-6aa8-469b-b180-fe2eff55e80b 7c65db751b854a2286d022ccd4d88674 9c8eeda61ec14c84b9de76ee6d755e30 - - default default] 10.0.0.49 "GET /v2.0/networks/e1ac9fc7-3e88-46fa-9124-625ad0bd76c3/tags HTTP/1.1" status: 200 len: 227 time: 0.0572586 /var/lib/openstack/lib/python3.10/site-packages/pycadf/identifier.py:71: UserWarning: Invalid uuid: neutron. To ensure interoperability, identifiers should be a valid uuid. warnings.warn(('Invalid uuid: %s. To ensure interoperability, '
2026-09-01 19:47:32.297 10 INFO neutron.wsgi [req-51ca2bb1-bb54-475c-94d1-cdfc9d698eb0 req-65c04e54-e736-4459-8cf7-36e8ca99997c 2eb829645dc84a12ba1eaafe09ac41ed 0544e5c0acb34493854b37a01c3ea747 - - 4fed95107a39400d92e76b56041241c9 4fed95107a39400d92e76b56041241c9] 162.253.55.125 "GET /v2.0/networks/af69e34f-c437-4854-901a-01e9a2a4c406?fields=provider%3Aphysical_network&fields=provider%3Anetwork_type HTTP/1.1" status: 200 len: 277 time: 0.1004412
2026-09-01 19:47:32.305 9 INFO neutron.wsgi [None req-fe7555e6-938d-49a5-b063-5f74ba074a5d 7c65db751b854a2286d022ccd4d88674 9c8eeda61ec14c84b9de76ee6d755e30 - - - -] 10.0.0.49 "PUT /v2.0/networks/e1ac9fc7-3e88-46fa-9124-625ad0bd76c3/tags/red HTTP/1.1" status: 201 len: 201 time: 0.0554206
2026-09-01 19:47:32.363 9 INFO neutron.wsgi [None req-2553990b-8931-4170-9136-e1782367b578 7c65db751b854a2286d022ccd4d88674 9c8eeda61ec14c84b9de76ee6d755e30 - - default default] 10.0.0.49 "GET /v2.0/networks/e1ac9fc7-3e88-46fa-9124-625ad0bd76c3/tags HTTP/1.1" status: 200 len: 227 time: 0.0499415
2026-09-01 19:47:32.406 9 INFO neutron.db.ovn_revision_numbers_db [None req-32e891d9-daac-4826-a21f-62d021c5f560 e8f6cb9d979f4f68863f5b5ee3098f32 9028f440acb64fd99caf8d503d0457cf - - - -] Successfully bumped revision number for resource b9d575eb-89b3-4515-9ed2-790ef057a03b (type: ports) to 1
2026-09-01 19:47:32.414 10 INFO neutron.db.ovn_revision_numbers_db [None req-3f4f5cba-9913-478e-8bd0-1edd776517b6 - - - - - -] Successfully bumped revision number for resource 75970b33-2456-4e94-a258-a85898ae5bc2 (type: ports) to 4
2026-09-01 19:47:32.419 9 INFO neutron.wsgi [None req-0b1fdfd9-e479-4fe1-b755-11874127146d 7c65db751b854a2286d022ccd4d88674 9c8eeda61ec14c84b9de76ee6d755e30 - - - -] 10.0.0.49 "PUT /v2.0/networks/e1ac9fc7-3e88-46fa-9124-625ad0bd76c3/tags/black.or.white HTTP/1.1" status: 201 len: 201 time: 0.0499136
2026-09-01 19:47:32.426 9 INFO neutron.wsgi [None req-32e891d9-daac-4826-a21f-62d021c5f560 e8f6cb9d979f4f68863f5b5ee3098f32 9028f440acb64fd99caf8d503d0457cf - - - -] 162.253.55.125 "POST /v2.0/ports HTTP/1.1" status: 201 len: 1302 time: 0.8518946
2026-09-01 19:47:32.484 10 INFO neutron.wsgi [None req-98b4d89b-719f-4def-98f3-2f465b389253 7c65db751b854a2286d022ccd4d88674 9c8eeda61ec14c84b9de76ee6d755e30 - - default default] 10.0.0.49 "GET /v2.0/networks/e1ac9fc7-3e88-46fa-9124-625ad0bd76c3/tags HTTP/1.1" status: 200 len: 245 time: 0.0576079
2026-09-01 19:47:32.508 9 INFO neutron.wsgi [req-f7c9ca1b-acfd-485a-b039-854ead7300f5 req-10ea6852-cd9a-4ec9-affa-d0a67307c56e e8f6cb9d979f4f68863f5b5ee3098f32 9028f440acb64fd99caf8d503d0457cf - - default default] 10.0.0.126 "GET /v2.0/ports/b9d575eb-89b3-4515-9ed2-790ef057a03b HTTP/1.1" status: 200 len: 1297 time: 0.0365679
2026-09-01 19:47:32.535 9 INFO neutron.wsgi [req-f7c9ca1b-acfd-485a-b039-854ead7300f5 req-52f2d5fc-7d23-423f-9b0b-04ca452b7eff e8f6cb9d979f4f68863f5b5ee3098f32 9028f440acb64fd99caf8d503d0457cf - - default default] 10.0.0.126 "GET /v2.0/extensions HTTP/1.1" status: 200 len: 16525 time: 0.0206466
2026-09-01 19:47:32.562 10 INFO neutron.wsgi [None req-d1e0adac-2e44-4511-abdc-96796b5ae353 7c65db751b854a2286d022ccd4d88674 9c8eeda61ec14c84b9de76ee6d755e30 - - - -] 10.0.0.49 "PUT /v2.0/networks/e1ac9fc7-3e88-46fa-9124-625ad0bd76c3/tags HTTP/1.1" status: 200 len: 230 time: 0.0694740 /var/lib/openstack/lib/python3.10/site-packages/pycadf/identifier.py:71: UserWarning: Invalid uuid: neutron. To ensure interoperability, identifiers should be a valid uuid. warnings.warn(('Invalid uuid: %s. To ensure interoperability, '
2026-09-01 19:47:32.600 10 INFO neutron.wsgi [None req-a38ce4ec-0262-41b2-a2e3-2009fd30547b 7c65db751b854a2286d022ccd4d88674 9c8eeda61ec14c84b9de76ee6d755e30 - - default default] 10.0.0.49 "GET /v2.0/networks/e1ac9fc7-3e88-46fa-9124-625ad0bd76c3/tags HTTP/1.1" status: 200 len: 230 time: 0.0335670
2026-09-01 19:47:32.650 10 INFO neutron.wsgi [None req-123011da-b217-4bf6-8789-b5d385c6737f 7c65db751b854a2286d022ccd4d88674 9c8eeda61ec14c84b9de76ee6d755e30 - - default default] 10.0.0.49 "GET /v2.0/networks/e1ac9fc7-3e88-46fa-9124-625ad0bd76c3/tags/red HTTP/1.1" status: 204 len: 168 time: 0.0450871
2026-09-01 19:47:32.689 10 INFO neutron.wsgi [req-f7c9ca1b-acfd-485a-b039-854ead7300f5 req-0eac1427-ad3a-46fa-9160-ce412d8788a3 2eb829645dc84a12ba1eaafe09ac41ed 0544e5c0acb34493854b37a01c3ea747 - - 4fed95107a39400d92e76b56041241c9 4fed95107a39400d92e76b56041241c9] 162.253.55.125 "GET /v2.0/ports/b9d575eb-89b3-4515-9ed2-790ef057a03b?fields=binding%3Avnic_type&fields=binding%3Aprofile&fields=network_id&fields=resource_request&fields=numa_affinity_policy&fields=device_profile HTTP/1.1" status: 200 len: 335 time: 0.0420280
2026-09-01 19:47:32.708 9 INFO neutron.api.v2.resource [None req-11bb61ed-d6c1-4f32-b2ad-9872506a83ad 7c65db751b854a2286d022ccd4d88674 9c8eeda61ec14c84b9de76ee6d755e30 - - default default] show failed (client error): The resource could not be found.
2026-09-01 19:47:32.710 9 INFO neutron.wsgi [None req-11bb61ed-d6c1-4f32-b2ad-9872506a83ad 7c65db751b854a2286d022ccd4d88674 9c8eeda61ec14c84b9de76ee6d755e30 - - default default] 10.0.0.49 "GET /v2.0/networks/e1ac9fc7-3e88-46fa-9124-625ad0bd76c3/tags/green HTTP/1.1" status: 404 len: 299 time: 0.0542397
2026-09-01 19:47:32.785 10 INFO neutron.wsgi [req-be0bb8c1-920d-4ae6-b113-a9c8ab3bf80a req-17bf30ea-5572-4a22-9499-75bdbf3e474c 2ec787a27158493fb54e46befb7537f0 531c0513ef284f53a2c4703bd8c588ec - - default default] 10.0.0.126 "GET /v2.0/ports?device_id=48ad5602-1055-4c88-b2cb-d60018e29c59 HTTP/1.1" status: 200 len: 1170 time: 0.0563223
2026-09-01 19:47:32.796 9 INFO neutron.wsgi [None req-b17f3cfd-e89c-4989-a700-a434e32e6688 7c65db751b854a2286d022ccd4d88674 9c8eeda61ec14c84b9de76ee6d755e30 - - - -] 10.0.0.49 "DELETE /v2.0/networks/e1ac9fc7-3e88-46fa-9124-625ad0bd76c3/tags/red HTTP/1.1" status: 204 len: 168 time: 0.0799909
