2026-09-01 19:46:20.617 10 INFO neutron.wsgi [req-66a9264d-cdba-4337-a76b-9623891c7d10 req-08727610-58f8-4540-b521-ae52abbc6ed7 2eb829645dc84a12ba1eaafe09ac41ed 0544e5c0acb34493854b37a01c3ea747 - - 4fed95107a39400d92e76b56041241c9 4fed95107a39400d92e76b56041241c9] 162.253.55.125 "GET /v2.0/networks/4e5e97db-519e-4486-a130-8e9ae295519b?fields=provider%3Aphysical_network&fields=provider%3Anetwork_type HTTP/1.1" status: 200 len: 277 time: 0.0734024
2026-09-01 19:46:20.686 9 INFO neutron.db.ovn_revision_numbers_db [None req-c97ac826-3c02-4f79-acee-b81564cc8941 1e40c041d0a941da864dddd8ee54a12f 663c9bf10140460d9fae92d5c36b6873 - - - -] Successfully bumped revision number for resource 662f6d13-c9ff-4aad-a623-a7c0bd9cf185 (type: ports) to 2
2026-09-01 19:46:20.695 9 INFO neutron.wsgi [None req-c97ac826-3c02-4f79-acee-b81564cc8941 1e40c041d0a941da864dddd8ee54a12f 663c9bf10140460d9fae92d5c36b6873 - - - -] 10.0.0.49 "PUT /v2.0/ports/662f6d13-c9ff-4aad-a623-a7c0bd9cf185 HTTP/1.1" status: 200 len: 946 time: 0.2483613 /var/lib/openstack/lib/python3.10/site-packages/pycadf/identifier.py:71: UserWarning: Invalid uuid: neutron. To ensure interoperability, identifiers should be a valid uuid. warnings.warn(('Invalid uuid: %s. To ensure interoperability, '
2026-09-01 19:46:20.755 10 INFO neutron.wsgi [None req-7cbf9b37-b426-4ddb-b6b4-cb8d48f1e295 e8f6cb9d979f4f68863f5b5ee3098f32 9028f440acb64fd99caf8d503d0457cf - - default default] 10.0.0.49 "GET /v2.0/security-groups?tenant_id=23dd1556014c4608a3b2a21c67bb0edf&name=default HTTP/1.1" status: 200 len: 2996 time: 0.1814005
2026-09-01 19:46:20.910 9 INFO neutron.wsgi [None req-5eddaa69-9d93-4c1f-8a5a-eca0c2d09dcf 1e40c041d0a941da864dddd8ee54a12f 663c9bf10140460d9fae92d5c36b6873 - - - -] 10.0.0.49 "DELETE /v2.0/ports/662f6d13-c9ff-4aad-a623-a7c0bd9cf185 HTTP/1.1" status: 204 len: 168 time: 0.2083583
2026-09-01 19:46:20.917 10 INFO neutron.wsgi [None req-d2acf795-3657-4bc7-85af-3039a0f9a9de e8f6cb9d979f4f68863f5b5ee3098f32 9028f440acb64fd99caf8d503d0457cf - - - -] 10.0.0.49 "DELETE /v2.0/security-groups/5a32dc04-00e6-4cdf-b8f6-749df6f91bc3 HTTP/1.1" status: 204 len: 168 time: 0.1546056
2026-09-01 19:46:20.973 9 INFO neutron.wsgi [None req-6551b368-6641-44eb-b51b-5b1d14248aa7 1e40c041d0a941da864dddd8ee54a12f 663c9bf10140460d9fae92d5c36b6873 - - default default] 10.0.0.49 "GET /v2.0/ports HTTP/1.1" status: 200 len: 1729 time: 0.0583713
2026-09-01 19:46:20.992 9 INFO neutron.pecan_wsgi.hooks.translation [None req-ecbdde3f-315d-4d1e-862d-fd2c3ef69e10 1e40c041d0a941da864dddd8ee54a12f 663c9bf10140460d9fae92d5c36b6873 - - default default] GET failed (client error): The resource could not be found.
2026-09-01 19:46:20.993 9 INFO neutron.wsgi [None req-ecbdde3f-315d-4d1e-862d-fd2c3ef69e10 1e40c041d0a941da864dddd8ee54a12f 663c9bf10140460d9fae92d5c36b6873 - - default default] 10.0.0.49 "GET /v2.0/ports/662f6d13-c9ff-4aad-a623-a7c0bd9cf185 HTTP/1.1" status: 404 len: 333 time: 0.0140233
2026-09-01 19:46:21.027 9 INFO neutron.wsgi [None req-e2dbdf07-1052-473d-9283-62cee8879b07 1e40c041d0a941da864dddd8ee54a12f 663c9bf10140460d9fae92d5c36b6873 - - default default] 10.0.0.49 "GET /v2.0/ports HTTP/1.1" status: 200 len: 1729 time: 0.0288246
2026-09-01 19:46:21.054 9 INFO neutron.wsgi [None req-d53c67e8-ac5c-4f5a-8bb3-54a832855cb7 1e40c041d0a941da864dddd8ee54a12f 663c9bf10140460d9fae92d5c36b6873 - - default default] 10.0.0.49 "GET /v2.0/ports/c310ed1d-9b4a-4d84-b2a5-bd0e54933ddb HTTP/1.1" status: 200 len: 969 time: 0.0220244
2026-09-01 19:46:21.073 9 INFO neutron.pecan_wsgi.hooks.translation [None req-47684f66-a906-4abc-b757-c0282361c2a0 1e40c041d0a941da864dddd8ee54a12f 663c9bf10140460d9fae92d5c36b6873 - - - -] DELETE failed (client error): The resource could not be found.
2026-09-01 19:46:21.075 9 INFO neutron.wsgi [None req-47684f66-a906-4abc-b757-c0282361c2a0 1e40c041d0a941da864dddd8ee54a12f 663c9bf10140460d9fae92d5c36b6873 - - - -] 10.0.0.49 "DELETE /v2.0/ports/993a5ea0-aafa-4ae1-bbe4-be5266526746 HTTP/1.1" status: 404 len: 333 time: 0.0148427
2026-09-01 19:46:21.099 9 INFO neutron.pecan_wsgi.hooks.translation [None req-aabcb885-7c5b-4721-8f23-844889d38230 1e40c041d0a941da864dddd8ee54a12f 663c9bf10140460d9fae92d5c36b6873 - - - -] DELETE failed (client error): The resource could not be found.
2026-09-01 19:46:21.101 9 INFO neutron.wsgi [None req-aabcb885-7c5b-4721-8f23-844889d38230 1e40c041d0a941da864dddd8ee54a12f 663c9bf10140460d9fae92d5c36b6873 - - - -] 10.0.0.49 "DELETE /v2.0/subnets/0b36101b-9db2-42ba-82b1-357efce34d07 HTTP/1.1" status: 404 len: 337 time: 0.0157609
2026-09-01 19:46:21.120 9 INFO neutron.pecan_wsgi.hooks.translation [None req-c4ddc48d-81d2-497b-8d31-94257389887e 1e40c041d0a941da864dddd8ee54a12f 663c9bf10140460d9fae92d5c36b6873 - - - -] DELETE failed (client error): The resource could not be found.
2026-09-01 19:46:21.122 9 INFO neutron.wsgi [None req-c4ddc48d-81d2-497b-8d31-94257389887e 1e40c041d0a941da864dddd8ee54a12f 663c9bf10140460d9fae92d5c36b6873 - - - -] 10.0.0.49 "DELETE /v2.0/subnets/da6ccf70-b852-4afa-9b93-3033314a7483 HTTP/1.1" status: 404 len: 337 time: 0.0169342
2026-09-01 19:46:21.413 9 INFO neutron.wsgi [None req-141dd048-664f-45c8-bd54-3e47f2062583 1e40c041d0a941da864dddd8ee54a12f 663c9bf10140460d9fae92d5c36b6873 - - - -] 10.0.0.49 "DELETE /v2.0/ports/c310ed1d-9b4a-4d84-b2a5-bd0e54933ddb HTTP/1.1" status: 204 len: 168 time: 0.2875144
2026-09-01 19:46:21.796 10 INFO neutron.services.segments.plugin [-] Segment efbab046-70a8-4c66-b04a-5492348b19cd resource provider aggregate not found
2026-09-01 19:46:21.807 10 INFO neutron.services.segments.plugin [-] Segment efbab046-70a8-4c66-b04a-5492348b19cd resource provider aggregate not found
2026-09-01 19:46:21.829 10 INFO neutron.services.segments.plugin [-] Segment efbab046-70a8-4c66-b04a-5492348b19cd resource provider not found; error: Placement Client Error (4xx): {"errors": [{"status": 404, "title": "Not Found", "detail": "The resource could not be found.\n\n No resource provider with uuid efbab046-70a8-4c66-b04a-5492348b19cd found for delete ", "request_id": "req-8673a0fe-92b5-42d1-aadc-2c0e7e9ffc91"}]}
2026-09-01 19:46:21.830 10 INFO neutron.services.segments.plugin [-] Segment efbab046-70a8-4c66-b04a-5492348b19cd resource provider not found; error: Placement Client Error (4xx): {"errors": [{"status": 404, "title": "Not Found", "detail": "The resource could not be found.\n\n No resource provider with uuid efbab046-70a8-4c66-b04a-5492348b19cd found for delete ", "request_id": "req-6352b979-d28f-404c-bcf8-5ce0a9b44fc3"}]}
2026-09-01 19:46:21.872 10 INFO neutron.wsgi [None req-f80cb41f-b187-4029-8534-47e51ec9794a 1e40c041d0a941da864dddd8ee54a12f 663c9bf10140460d9fae92d5c36b6873 - - - -] 10.0.0.49 "DELETE /v2.0/networks/fddaef17-7163-4c1b-94a2-61c89d1bc157 HTTP/1.1" status: 204 len: 168 time: 0.4543033
2026-09-01 19:46:22.785 10 INFO neutron.wsgi [None req-06a484f2-7613-4f9f-820a-3724325b96e2 e8f6cb9d979f4f68863f5b5ee3098f32 9028f440acb64fd99caf8d503d0457cf - - default default] 10.0.0.49 "GET /v2.0/security-groups?tenant_id=663c9bf10140460d9fae92d5c36b6873&name=default HTTP/1.1" status: 200 len: 2996 time: 0.2837405
2026-09-01 19:46:22.961 10 INFO neutron.wsgi [None req-4487897b-3846-4c8d-9ae5-d4469fc4fd8b ba0292dfef2b461ea4852c85606d2425 c932cf5797f74e6fbc0f934be9e687d5 - - - -] 10.0.0.49 "POST /v2.0/subnetpools HTTP/1.1" status: 201 len: 748 time: 0.0992737
2026-09-01 19:46:22.979 10 INFO neutron.wsgi [None req-dfeef75c-52a9-4e0b-ab73-8f102c7c6ae2 e8f6cb9d979f4f68863f5b5ee3098f32 9028f440acb64fd99caf8d503d0457cf - - - -] 10.0.0.49 "DELETE /v2.0/security-groups/b257a782-94fa-4130-b8af-7d105cdbadef HTTP/1.1" status: 204 len: 168 time: 0.1728992
2026-09-01 19:46:23.000 9 INFO neutron.wsgi [None req-adbfb5ab-2c7b-459c-8d4e-375f152c52a3 ba0292dfef2b461ea4852c85606d2425 c932cf5797f74e6fbc0f934be9e687d5 - - default default] 10.0.0.49 "GET /v2.0/subnetpools/98ca7771-36d0-4c0d-9fe2-2a4ba49943fb HTTP/1.1" status: 200 len: 743 time: 0.0320709
2026-09-01 19:46:23.054 9 INFO neutron.wsgi [None req-bf043b56-127b-4e0f-9676-11a2a5366f2d ba0292dfef2b461ea4852c85606d2425 c932cf5797f74e6fbc0f934be9e687d5 - - - -] 10.0.0.49 "PUT /v2.0/subnetpools/98ca7771-36d0-4c0d-9fe2-2a4ba49943fb HTTP/1.1" status: 200 len: 694 time: 0.0504153
2026-09-01 19:46:23.126 9 INFO neutron.wsgi [None req-d8aeeb86-99ba-4ed1-80e4-f3c33e76b171 ba0292dfef2b461ea4852c85606d2425 c932cf5797f74e6fbc0f934be9e687d5 - - - -] 10.0.0.49 "DELETE /v2.0/subnetpools/98ca7771-36d0-4c0d-9fe2-2a4ba49943fb HTTP/1.1" status: 204 len: 168 time: 0.0673187
2026-09-01 19:46:23.150 9 INFO neutron.api.v2.resource [None req-d26f683f-243d-471c-ac12-df3065b2f982 ba0292dfef2b461ea4852c85606d2425 c932cf5797f74e6fbc0f934be9e687d5 - - default default] show failed (client error): The resource could not be found.
2026-09-01 19:46:23.152 9 INFO neutron.wsgi [None req-d26f683f-243d-471c-ac12-df3065b2f982 ba0292dfef2b461ea4852c85606d2425 c932cf5797f74e6fbc0f934be9e687d5 - - default default] 10.0.0.49 "GET /v2.0/subnetpools/98ca7771-36d0-4c0d-9fe2-2a4ba49943fb HTTP/1.1" status: 404 len: 346 time: 0.0201242
2026-09-01 19:46:23.181 10 INFO neutron.api.v2.resource [None req-73fc1ba1-380c-43aa-b99a-9915edf45982 ba0292dfef2b461ea4852c85606d2425 c932cf5797f74e6fbc0f934be9e687d5 - - - -] delete failed (client error): The resource could not be found.
2026-09-01 19:46:23.183 10 INFO neutron.wsgi [None req-73fc1ba1-380c-43aa-b99a-9915edf45982 ba0292dfef2b461ea4852c85606d2425 c932cf5797f74e6fbc0f934be9e687d5 - - - -] 10.0.0.49 "DELETE /v2.0/subnetpools/98ca7771-36d0-4c0d-9fe2-2a4ba49943fb HTTP/1.1" status: 404 len: 346 time: 0.0251019
2026-09-01 19:46:23.915 10 INFO neutron.db.ovn_revision_numbers_db [None req-fc090153-6e33-4b98-81da-6659979b9600 e8f6cb9d979f4f68863f5b5ee3098f32 9028f440acb64fd99caf8d503d0457cf - - default default] Successfully bumped revision number for resource d299ea70-8ea8-419b-83eb-61de66cf41c6 (type: security_groups) to 1
2026-09-01 19:46:23.949 10 INFO neutron.wsgi [None req-fc090153-6e33-4b98-81da-6659979b9600 e8f6cb9d979f4f68863f5b5ee3098f32 9028f440acb64fd99caf8d503d0457cf - - default default] 10.0.0.49 "GET /v2.0/security-groups?tenant_id=c932cf5797f74e6fbc0f934be9e687d5&name=default HTTP/1.1" status: 200 len: 2996 time: 0.2858047
2026-09-01 19:46:24.192 10 INFO neutron.wsgi [None req-063b26b1-80d7-4f44-ac37-7465b751ba16 e8f6cb9d979f4f68863f5b5ee3098f32 9028f440acb64fd99caf8d503d0457cf - - - -] 10.0.0.49 "DELETE /v2.0/security-groups/d299ea70-8ea8-419b-83eb-61de66cf41c6 HTTP/1.1" status: 204 len: 168 time: 0.2372556
2026-09-01 19:46:24.661 9 INFO neutron.wsgi [-] 10.0.0.204 "GET / HTTP/1.1" status: 200 len: 246 time: 0.0014064
2026-09-01 19:46:24.663 10 INFO neutron.wsgi [-] 10.0.0.204 "GET / HTTP/1.1" status: 200 len: 246 time: 0.0025914
2026-09-01 19:46:27.298 9 INFO neutron.db.ovn_revision_numbers_db [None req-dd00e2b2-0ae2-4a77-8311-af7fefbae407 e8f6cb9d979f4f68863f5b5ee3098f32 9028f440acb64fd99caf8d503d0457cf - - default default] Successfully bumped revision number for resource d8982b4c-63f9-48c2-9207-9494eb43e51f (type: security_groups) to 1
2026-09-01 19:46:27.315 9 INFO neutron.wsgi [None req-dd00e2b2-0ae2-4a77-8311-af7fefbae407 e8f6cb9d979f4f68863f5b5ee3098f32 9028f440acb64fd99caf8d503d0457cf - - default default] 10.0.0.49 "GET /v2.0/security-groups?tenant_id=b01f51c13f1c48a9ab44837c08bb2928&name=default HTTP/1.1" status: 200 len: 2996 time: 0.5130031
2026-09-01 19:46:27.470 9 INFO neutron.wsgi [None req-1059afcb-b5a0-4840-9471-06a078c51e8d e8f6cb9d979f4f68863f5b5ee3098f32 9028f440acb64fd99caf8d503d0457cf - - - -] 10.0.0.49 "DELETE /v2.0/security-groups/d8982b4c-63f9-48c2-9207-9494eb43e51f HTTP/1.1" status: 204 len: 168 time: 0.1471288
2026-09-01 19:46:29.414 9 INFO neutron.db.ovn_revision_numbers_db [None req-c738ab71-0c22-46d0-9d15-30874d617237 e8f6cb9d979f4f68863f5b5ee3098f32 9028f440acb64fd99caf8d503d0457cf - - default default] Successfully bumped revision number for resource a3a64be1-aa22-4377-b1cb-0bb0b7093601 (type: security_groups) to 1
2026-09-01 19:46:29.436 9 INFO neutron.wsgi [None req-c738ab71-0c22-46d0-9d15-30874d617237 e8f6cb9d979f4f68863f5b5ee3098f32 9028f440acb64fd99caf8d503d0457cf - - default default] 10.0.0.49 "GET /v2.0/security-groups?tenant_id=ed3566bbb24c4251bb955590b84e5735&name=default HTTP/1.1" status: 200 len: 2996 time: 0.2636542
2026-09-01 19:46:29.584 9 INFO neutron.wsgi [None req-ae170e77-e1cc-4102-b518-4809050065b4 e8f6cb9d979f4f68863f5b5ee3098f32 9028f440acb64fd99caf8d503d0457cf - - - -] 10.0.0.49 "DELETE /v2.0/security-groups/a3a64be1-aa22-4377-b1cb-0bb0b7093601 HTTP/1.1" status: 204 len: 168 time: 0.1425009
2026-09-01 19:46:29.868 9 INFO neutron.db.ovn_revision_numbers_db [None req-df6731c4-2ad1-464c-abdb-8076df556870 e8f6cb9d979f4f68863f5b5ee3098f32 9028f440acb64fd99caf8d503d0457cf - - default default] Successfully bumped revision number for resource 7da746da-3b1e-4bea-ab93-73dd3a42c8eb (type: security_groups) to 1
2026-09-01 19:46:29.885 9 INFO neutron.wsgi [None req-df6731c4-2ad1-464c-abdb-8076df556870 e8f6cb9d979f4f68863f5b5ee3098f32 9028f440acb64fd99caf8d503d0457cf - - default default] 10.0.0.49 "GET /v2.0/security-groups?tenant_id=210c8a6db261497cb4728806f0f3d38d&name=default HTTP/1.1" status: 200 len: 2996 time: 0.1314888
2026-09-01 19:46:30.080 9 INFO neutron.wsgi [None req-64e1d5de-3ac1-41d6-a7f2-bd6d32ebeb0a e8f6cb9d979f4f68863f5b5ee3098f32 9028f440acb64fd99caf8d503d0457cf - - - -] 10.0.0.49 "DELETE /v2.0/security-groups/7da746da-3b1e-4bea-ab93-73dd3a42c8eb HTTP/1.1" status: 204 len: 168 time: 0.1898777
2026-09-01 19:46:30.243 10 INFO neutron.wsgi [req-bdabb513-2e8c-4e3b-825c-14ab72d525de req-01b7bdd9-c403-487b-8e8c-df94b54cd21b 2eb829645dc84a12ba1eaafe09ac41ed 0544e5c0acb34493854b37a01c3ea747 - - 4fed95107a39400d92e76b56041241c9 4fed95107a39400d92e76b56041241c9] 10.0.0.251 "GET /v2.0/ports?device_id=c5a38f13-c043-43e2-bb92-2bbb67164fbf HTTP/1.1" status: 200 len: 1594 time: 0.0345874
2026-09-01 19:46:30.283 10 INFO neutron.wsgi [req-bdabb513-2e8c-4e3b-825c-14ab72d525de req-85919963-4102-4ffb-8951-81edf9f364f7 2eb829645dc84a12ba1eaafe09ac41ed 0544e5c0acb34493854b37a01c3ea747 - - 4fed95107a39400d92e76b56041241c9 4fed95107a39400d92e76b56041241c9] 10.0.0.251 "GET /v2.0/security-groups?id=2212406b-d2a8-4cb4-a679-721cd04e20d0&fields=id&fields=name HTTP/1.1" status: 200 len: 310 time: 0.0348098
2026-09-01 19:46:32.276 10 INFO neutron.db.ovn_revision_numbers_db [None req-c3e1520a-4e88-406b-bc57-20dbdc89ff22 e8f6cb9d979f4f68863f5b5ee3098f32 9028f440acb64fd99caf8d503d0457cf - - - -] Successfully bumped revision number for resource 87c663ce-8c2c-472c-a825-d2edefadf37f (type: security_groups) to 1
2026-09-01 19:46:32.346 10 INFO neutron.db.segments_db [None req-c3e1520a-4e88-406b-bc57-20dbdc89ff22 e8f6cb9d979f4f68863f5b5ee3098f32 9028f440acb64fd99caf8d503d0457cf - - - -] Added segment 18225400-fd9a-46d4-9edf-9da96fcc10fb of type geneve for network 0a99abd9-9c76-4e21-be01-4d1f080ea219
2026-09-01 19:46:32.481 10 INFO neutron.db.ovn_revision_numbers_db [None req-c3e1520a-4e88-406b-bc57-20dbdc89ff22 e8f6cb9d979f4f68863f5b5ee3098f32 9028f440acb64fd99caf8d503d0457cf - - - -] Successfully bumped revision number for resource 0a99abd9-9c76-4e21-be01-4d1f080ea219 (type: networks) to 1
2026-09-01 19:46:32.860 10 WARNING neutron.scheduler.dhcp_agent_scheduler [None req-c3e1520a-4e88-406b-bc57-20dbdc89ff22 e8f6cb9d979f4f68863f5b5ee3098f32 9028f440acb64fd99caf8d503d0457cf - - - -] No more DHCP agents
2026-09-01 19:46:32.862 10 WARNING neutron.api.rpc.agentnotifiers.dhcp_rpc_agent_api [None req-c3e1520a-4e88-406b-bc57-20dbdc89ff22 e8f6cb9d979f4f68863f5b5ee3098f32 9028f440acb64fd99caf8d503d0457cf - - - -] Unable to schedule network 0a99abd9-9c76-4e21-be01-4d1f080ea219: no agents available; will retry on subsequent port and subnet creation events.
2026-09-01 19:46:32.921 10 INFO neutron.db.ovn_revision_numbers_db [None req-c3e1520a-4e88-406b-bc57-20dbdc89ff22 e8f6cb9d979f4f68863f5b5ee3098f32 9028f440acb64fd99caf8d503d0457cf - - - -] Successfully bumped revision number for resource e1b18459-d586-4c07-8c5c-28ed7b7125a8 (type: ports) to 1
2026-09-01 19:46:32.945 10 INFO neutron.wsgi [None req-c3e1520a-4e88-406b-bc57-20dbdc89ff22 e8f6cb9d979f4f68863f5b5ee3098f32 9028f440acb64fd99caf8d503d0457cf - - - -] 10.0.0.49 "POST /v2.0/networks HTTP/1.1" status: 201 len: 943 time: 1.0415440
2026-09-01 19:46:33.133 9 WARNING neutron.scheduler.dhcp_agent_scheduler [None req-dc37ae02-b5f7-4eec-b773-8a41847e63db e8f6cb9d979f4f68863f5b5ee3098f32 9028f440acb64fd99caf8d503d0457cf - - - -] No more DHCP agents
2026-09-01 19:46:33.134 9 WARNING neutron.api.rpc.agentnotifiers.dhcp_rpc_agent_api [None req-dc37ae02-b5f7-4eec-b773-8a41847e63db e8f6cb9d979f4f68863f5b5ee3098f32 9028f440acb64fd99caf8d503d0457cf - - - -] Unable to schedule network 0a99abd9-9c76-4e21-be01-4d1f080ea219: no agents available; will retry on subsequent port and subnet creation events.
2026-09-01 19:46:33.595 9 INFO neutron.db.ovn_revision_numbers_db [None req-dc37ae02-b5f7-4eec-b773-8a41847e63db e8f6cb9d979f4f68863f5b5ee3098f32 9028f440acb64fd99caf8d503d0457cf - - - -] Successfully bumped revision number for resource e1b18459-d586-4c07-8c5c-28ed7b7125a8 (type: ports) to 2
2026-09-01 19:46:33.619 9 INFO neutron.db.ovn_revision_numbers_db [None req-dc37ae02-b5f7-4eec-b773-8a41847e63db e8f6cb9d979f4f68863f5b5ee3098f32 9028f440acb64fd99caf8d503d0457cf - - - -] Successfully bumped revision number for resource 6dafc8d6-beb2-483e-9892-8271e0d1d0d8 (type: subnets) to 0
2026-09-01 19:46:33.641 9 INFO neutron.wsgi [None req-dc37ae02-b5f7-4eec-b773-8a41847e63db e8f6cb9d979f4f68863f5b5ee3098f32 9028f440acb64fd99caf8d503d0457cf - - - -] 10.0.0.49 "POST /v2.0/subnets HTTP/1.1" status: 201 len: 863 time: 0.6906943
2026-09-01 19:46:34.128 9 WARNING neutron.scheduler.dhcp_agent_scheduler [None req-39a7ad7b-4984-4ce8-9652-bf58675af9cb e8f6cb9d979f4f68863f5b5ee3098f32 9028f440acb64fd99caf8d503d0457cf - - - -] No more DHCP agents
2026-09-01 19:46:34.130 9 WARNING neutron.api.rpc.agentnotifiers.dhcp_rpc_agent_api [None req-39a7ad7b-4984-4ce8-9652-bf58675af9cb e8f6cb9d979f4f68863f5b5ee3098f32 9028f440acb64fd99caf8d503d0457cf - - - -] Unable to schedule network 93bf1c25-0a06-418b-a902-e837ecbf3fdd: no agents available; will retry on subsequent port and subnet creation events.
2026-09-01 19:46:34.197 9 INFO neutron.wsgi [None req-ef7de6c4-8883-4db7-a5d5-8d2e4c71c811 25476e5876ce45c699ca978e38c70b21 b9b5356ec1e14ddc875619408ff94d1a - - default default] 10.0.0.49 "GET /v2.0/subnets/092ef875-35df-4e7e-978a-4f0d60320e33 HTTP/1.1" status: 200 len: 846 time: 0.0300210
2026-09-01 19:46:34.260 9 INFO neutron.db.ovn_revision_numbers_db [None req-39a7ad7b-4984-4ce8-9652-bf58675af9cb e8f6cb9d979f4f68863f5b5ee3098f32 9028f440acb64fd99caf8d503d0457cf - - - -] Successfully bumped revision number for resource e316a08d-a5f2-48cb-a089-78529eae5a79 (type: ports) to 1
2026-09-01 19:46:34.807 9 INFO neutron.wsgi [None req-0e8d1d94-0b2e-45b9-af12-aff080ab7d6a e8f6cb9d979f4f68863f5b5ee3098f32 9028f440acb64fd99caf8d503d0457cf - - default default] 10.0.0.232 "GET /v2.0/extensions/security-group HTTP/1.1" status: 200 len: 369 time: 0.0563641
2026-09-01 19:46:34.822 9 INFO neutron.wsgi [None req-2221663e-a7f0-4317-8667-500512c74c54 e8f6cb9d979f4f68863f5b5ee3098f32 9028f440acb64fd99caf8d503d0457cf - - default default] 10.0.0.232 "GET /v2.0/extensions/dns-integration HTTP/1.1" status: 200 len: 371 time: 0.0071723
2026-09-01 19:46:34.842 9 INFO neutron.wsgi [None req-76f28c09-204a-4cd0-9985-4a57311bc285 e8f6cb9d979f4f68863f5b5ee3098f32 9028f440acb64fd99caf8d503d0457cf - - default default] 10.0.0.232 "GET /v2.0/extensions/qos HTTP/1.1" status: 200 len: 365 time: 0.0124564
2026-09-01 19:46:34.847 10 INFO neutron.plugins.ml2.drivers.ovn.mech_driver.mech_driver [None req-3f4f5cba-9913-478e-8bd0-1edd776517b6 - - - - - -] OVN reports status up for port: e316a08d-a5f2-48cb-a089-78529eae5a79
2026-09-01 19:46:34.861 9 INFO neutron.wsgi [None req-ebf76687-101c-4d6d-9549-9c317a7fee92 e8f6cb9d979f4f68863f5b5ee3098f32 9028f440acb64fd99caf8d503d0457cf - - default default] 10.0.0.232 "GET /v2.0/extensions/allowed-address-pairs HTTP/1.1" status: 200 len: 383 time: 0.0072265
2026-09-01 19:46:34.865 10 INFO neutron.plugins.ml2.drivers.ovn.mech_driver.ovsdb.ovsdb_monitor [None req-610340c9-7939-4081-b64a-557a471ef31f - - - - - -] Router a4675ef8-10ab-47b2-a60e-39acd6dde68c is bound to host instance
2026-09-01 19:46:34.867 10 INFO neutron.plugins.ml2.plugin [None req-3f4f5cba-9913-478e-8bd0-1edd776517b6 - - - - - -] Attempt 1 to provision port e316a08d-a5f2-48cb-a089-78529eae5a79
2026-09-01 19:46:34.871 9 INFO neutron.db.ovn_revision_numbers_db [None req-39a7ad7b-4984-4ce8-9652-bf58675af9cb e8f6cb9d979f4f68863f5b5ee3098f32 9028f440acb64fd99caf8d503d0457cf - - - -] Successfully bumped revision number for resource e316a08d-a5f2-48cb-a089-78529eae5a79 (type: router_ports) to 1
2026-09-01 19:46:34.944 9 INFO neutron.db.ovn_revision_numbers_db [None req-39a7ad7b-4984-4ce8-9652-bf58675af9cb e8f6cb9d979f4f68863f5b5ee3098f32 9028f440acb64fd99caf8d503d0457cf - - - -] Successfully bumped revision number for resource a4675ef8-10ab-47b2-a60e-39acd6dde68c (type: routers) to 3
2026-09-01 19:46:34.966 9 INFO neutron.wsgi [None req-39a7ad7b-4984-4ce8-9652-bf58675af9cb e8f6cb9d979f4f68863f5b5ee3098f32 9028f440acb64fd99caf8d503d0457cf - - - -] 10.0.0.49 "POST /v2.0/routers HTTP/1.1" status: 201 len: 874 time: 1.3212795
2026-09-01 19:46:35.284 10 INFO neutron.db.ovn_revision_numbers_db [None req-610340c9-7939-4081-b64a-557a471ef31f - - - - - -] Successfully bumped revision number for resource e316a08d-a5f2-48cb-a089-78529eae5a79 (type: ports) to 1
2026-09-01 19:46:35.338 9 INFO neutron.wsgi [-] 10.0.0.232 "GET / HTTP/1.1" status: 200 len: 284 time: 0.0015118
2026-09-01 19:46:35.379 9 INFO neutron.wsgi [None req-cf690a8d-f152-4b23-a731-15b048d1a041 3d72fe091b7e4e45b0bbdbcb786342d1 820bad566a644fdead11b3cdccf9060b - - default default] 10.0.0.232 "GET /v2.0/subnets/092ef875-35df-4e7e-978a-4f0d60320e33 HTTP/1.1" status: 200 len: 833 time: 0.0337358
2026-09-01 19:46:35.402 9 INFO neutron.wsgi [None req-629b34a5-37ac-4b06-b4ab-630014e1ef83 e8f6cb9d979f4f68863f5b5ee3098f32 9028f440acb64fd99caf8d503d0457cf - - default default] 10.0.0.232 "GET /v2.0/extensions/security-group HTTP/1.1" status: 200 len: 369 time: 0.0053203
2026-09-01 19:46:35.408 9 WARNING neutron.scheduler.dhcp_agent_scheduler [None req-e42a451a-dab8-4f30-a5ad-55441dcd07bc e8f6cb9d979f4f68863f5b5ee3098f32 9028f440acb64fd99caf8d503d0457cf - - default default] No more DHCP agents
2026-09-01 19:46:35.410 9 WARNING neutron.api.rpc.agentnotifiers.dhcp_rpc_agent_api [None req-e42a451a-dab8-4f30-a5ad-55441dcd07bc e8f6cb9d979f4f68863f5b5ee3098f32 9028f440acb64fd99caf8d503d0457cf - - default default] Unable to schedule network 0a99abd9-9c76-4e21-be01-4d1f080ea219: no agents available; will retry on subsequent port and subnet creation events.
2026-09-01 19:46:35.414 9 INFO neutron.wsgi [None req-c64bbde0-17e5-4e9c-b89e-e5f201e23fa5 e8f6cb9d979f4f68863f5b5ee3098f32 9028f440acb64fd99caf8d503d0457cf - - default default] 10.0.0.232 "GET /v2.0/extensions/dns-integration HTTP/1.1" status: 200 len: 371 time: 0.0043530
2026-09-01 19:46:35.428 9 INFO neutron.wsgi [None req-a10ae8be-42ef-4cf7-9897-0f5e1dc1a1ed e8f6cb9d979f4f68863f5b5ee3098f32 9028f440acb64fd99caf8d503d0457cf - - default default] 10.0.0.232 "GET /v2.0/extensions/qos HTTP/1.1" status: 200 len: 365 time: 0.0042636
2026-09-01 19:46:35.443 9 INFO neutron.wsgi [None req-84126c04-3ef1-47f9-a47f-05fed8d4321b e8f6cb9d979f4f68863f5b5ee3098f32 9028f440acb64fd99caf8d503d0457cf - - default default] 10.0.0.232 "GET /v2.0/extensions/allowed-address-pairs HTTP/1.1" status: 200 len: 383 time: 0.0039179
2026-09-01 19:46:35.481 10 INFO neutron.db.ovn_revision_numbers_db [None req-610340c9-7939-4081-b64a-557a471ef31f - - - - - -] Successfully bumped revision number for resource e316a08d-a5f2-48cb-a089-78529eae5a79 (type: router_ports) to 3
2026-09-01 19:46:35.490 9 INFO neutron.wsgi [None req-7a208951-3e5c-410f-b05e-ba3e0ac26b0a e8f6cb9d979f4f68863f5b5ee3098f32 9028f440acb64fd99caf8d503d0457cf - - default default] 10.0.0.232 "GET /v2.0/subnets/092ef875-35df-4e7e-978a-4f0d60320e33 HTTP/1.1" status: 200 len: 851 time: 0.0316663
2026-09-01 19:46:35.565 9 INFO neutron.db.ovn_revision_numbers_db [None req-e42a451a-dab8-4f30-a5ad-55441dcd07bc e8f6cb9d979f4f68863f5b5ee3098f32 9028f440acb64fd99caf8d503d0457cf - - default default] Successfully bumped revision number for resource 6afb27fa-cbf2-4a9f-af5d-942bc21ea89b (type: ports) to 1
2026-09-01 19:46:35.613 10 INFO neutron.db.ovn_revision_numbers_db [None req-610340c9-7939-4081-b64a-557a471ef31f - - - - - -] Successfully bumped revision number for resource e316a08d-a5f2-48cb-a089-78529eae5a79 (type: ports) to 2
2026-09-01 19:46:35.786 9 INFO neutron.wsgi [None req-6c05c552-c11b-49de-8192-ba2f40ca30b8 e8f6cb9d979f4f68863f5b5ee3098f32 9028f440acb64fd99caf8d503d0457cf - - default default] 10.0.0.232 "GET /v2.0/extensions/security-group HTTP/1.1" status: 200 len: 369 time: 0.0058403
2026-09-01 19:46:35.793 9 INFO neutron.wsgi [None req-b2ac14b0-d0cb-4db9-8562-d1524365d8ac e8f6cb9d979f4f68863f5b5ee3098f32 9028f440acb64fd99caf8d503d0457cf - - default default] 10.0.0.232 "GET /v2.0/extensions/dns-integration HTTP/1.1" status: 200 len: 371 time: 0.0044336
2026-09-01 19:46:35.801 9 INFO neutron.wsgi [None req-b7e8c919-c30a-4f1c-b900-c791d8176d0f e8f6cb9d979f4f68863f5b5ee3098f32 9028f440acb64fd99caf8d503d0457cf - - default default] 10.0.0.232 "GET /v2.0/extensions/qos HTTP/1.1" status: 200 len: 365 time: 0.0048964
2026-09-01 19:46:35.813 9 INFO neutron.wsgi [None req-df61df61-7885-4469-995c-bf93c07e60de e8f6cb9d979f4f68863f5b5ee3098f32 9028f440acb64fd99caf8d503d0457cf - - default default] 10.0.0.232 "GET /v2.0/extensions/allowed-address-pairs HTTP/1.1" status: 200 len: 383 time: 0.0033278
2026-09-01 19:46:35.860 10 INFO neutron.db.ovn_revision_numbers_db [None req-610340c9-7939-4081-b64a-557a471ef31f - - - - - -] Successfully bumped revision number for resource e316a08d-a5f2-48cb-a089-78529eae5a79 (type: ports) to 4
2026-09-01 19:46:35.896 9 INFO neutron.wsgi [None req-bd1dc508-5e2b-4dc1-850e-e62a44e956d9 e8f6cb9d979f4f68863f5b5ee3098f32 9028f440acb64fd99caf8d503d0457cf - - default default] 10.0.0.232 "GET /v2.0/networks/265c6581-8502-45a0-879c-12b2cca998a0 HTTP/1.1" status: 200 len: 1001 time: 0.0789344
2026-09-01 19:46:35.908 9 INFO neutron.wsgi [None req-1a73c091-e8be-40c0-8ba0-bc143b79abee e8f6cb9d979f4f68863f5b5ee3098f32 9028f440acb64fd99caf8d503d0457cf - - default default] 10.0.0.232 "GET /v2.0/extensions/project-id HTTP/1.1" status: 200 len: 403 time: 0.0042632
2026-09-01 19:46:36.071 10 INFO neutron.db.ovn_revision_numbers_db [None req-610340c9-7939-4081-b64a-557a471ef31f - - - - - -] Successfully bumped revision number for resource e316a08d-a5f2-48cb-a089-78529eae5a79 (type: router_ports) to 4
2026-09-01 19:46:36.509 9 INFO neutron.db.ovn_revision_numbers_db [None req-e42a451a-dab8-4f30-a5ad-55441dcd07bc e8f6cb9d979f4f68863f5b5ee3098f32 9028f440acb64fd99caf8d503d0457cf - - default default] Successfully bumped revision number for resource 6afb27fa-cbf2-4a9f-af5d-942bc21ea89b (type: router_ports) to 2
2026-09-01 19:46:36.649 9 WARNING neutron.scheduler.dhcp_agent_scheduler [None req-0b5c7938-7a35-456c-9e2a-535d3da7f4ec e8f6cb9d979f4f68863f5b5ee3098f32 9028f440acb64fd99caf8d503d0457cf - - - -] No more DHCP agents
2026-09-01 19:46:36.655 9 WARNING neutron.api.rpc.agentnotifiers.dhcp_rpc_agent_api [None req-0b5c7938-7a35-456c-9e2a-535d3da7f4ec e8f6cb9d979f4f68863f5b5ee3098f32 9028f440acb64fd99caf8d503d0457cf - - - -] Unable to schedule network 265c6581-8502-45a0-879c-12b2cca998a0: no agents available; will retry on subsequent port and subnet creation events.
2026-09-01 19:46:36.783 9 INFO neutron.db.ovn_revision_numbers_db [None req-e42a451a-dab8-4f30-a5ad-55441dcd07bc e8f6cb9d979f4f68863f5b5ee3098f32 9028f440acb64fd99caf8d503d0457cf - - default default] Successfully bumped revision number for resource 6afb27fa-cbf2-4a9f-af5d-942bc21ea89b (type: ports) to 2
2026-09-01 19:46:36.893 9 INFO neutron.db.ovn_revision_numbers_db [None req-0b5c7938-7a35-456c-9e2a-535d3da7f4ec e8f6cb9d979f4f68863f5b5ee3098f32 9028f440acb64fd99caf8d503d0457cf - - - -] Successfully bumped revision number for resource 696de3e9-95f8-4eb7-974a-30a3c5666dcc (type: ports) to 1
2026-09-01 19:46:36.896 9 WARNING neutron.scheduler.dhcp_agent_scheduler [None req-e42a451a-dab8-4f30-a5ad-55441dcd07bc e8f6cb9d979f4f68863f5b5ee3098f32 9028f440acb64fd99caf8d503d0457cf - - default default] No more DHCP agents
2026-09-01 19:46:36.897 9 WARNING neutron.api.rpc.agentnotifiers.dhcp_rpc_agent_api [None req-e42a451a-dab8-4f30-a5ad-55441dcd07bc e8f6cb9d979f4f68863f5b5ee3098f32 9028f440acb64fd99caf8d503d0457cf - - default default] Unable to schedule network 0a99abd9-9c76-4e21-be01-4d1f080ea219: no agents available; will retry on subsequent port and subnet creation events.
2026-09-01 19:46:36.934 9 INFO neutron.wsgi [None req-0b5c7938-7a35-456c-9e2a-535d3da7f4ec e8f6cb9d979f4f68863f5b5ee3098f32 9028f440acb64fd99caf8d503d0457cf - - - -] 10.0.0.232 "POST /v2.0/ports HTTP/1.1" status: 201 len: 1333 time: 1.0206342
2026-09-01 19:46:37.263 10 INFO neutron.plugins.ml2.drivers.ovn.mech_driver.mech_driver [None req-3f4f5cba-9913-478e-8bd0-1edd776517b6 - - - - - -] OVN reports status up for port: 6afb27fa-cbf2-4a9f-af5d-942bc21ea89b
2026-09-01 19:46:37.274 10 INFO neutron.plugins.ml2.plugin [None req-3f4f5cba-9913-478e-8bd0-1edd776517b6 - - - - - -] Attempt 1 to provision port 6afb27fa-cbf2-4a9f-af5d-942bc21ea89b
2026-09-01 19:46:37.435 9 INFO neutron.db.ovn_revision_numbers_db [None req-e42a451a-dab8-4f30-a5ad-55441dcd07bc e8f6cb9d979f4f68863f5b5ee3098f32 9028f440acb64fd99caf8d503d0457cf - - - -] Successfully bumped revision number for resource 6afb27fa-cbf2-4a9f-af5d-942bc21ea89b (type: router_ports) to 2
2026-09-01 19:46:37.437 9 INFO neutron.wsgi [None req-e42a451a-dab8-4f30-a5ad-55441dcd07bc e8f6cb9d979f4f68863f5b5ee3098f32 9028f440acb64fd99caf8d503d0457cf - - - -] 10.0.0.49 "PUT /v2.0/routers/a4675ef8-10ab-47b2-a60e-39acd6dde68c/add_router_interface HTTP/1.1" status: 200 len: 503 time: 2.4663222
2026-09-01 19:46:37.535 10 INFO neutron.db.ovn_revision_numbers_db [None req-3f4f5cba-9913-478e-8bd0-1edd776517b6 - - - - - -] Successfully bumped revision number for resource 6afb27fa-cbf2-4a9f-af5d-942bc21ea89b (type: ports) to 3
2026-09-01 19:46:37.632 10 INFO neutron.db.ovn_revision_numbers_db [None req-3f4f5cba-9913-478e-8bd0-1edd776517b6 - - - - - -] Successfully bumped revision number for resource 6afb27fa-cbf2-4a9f-af5d-942bc21ea89b (type: router_ports) to 3
2026-09-01 19:46:37.999 10 INFO neutron.wsgi [None req-6943ccd2-fc56-4e4c-a0b7-ae988447aeaf e8f6cb9d979f4f68863f5b5ee3098f32 9028f440acb64fd99caf8d503d0457cf - - default default] 10.0.0.245 "GET /v2.0/networks HTTP/1.1" status: 200 len: 5476 time: 0.1602972
2026-09-01 19:46:38.272 10 INFO neutron.wsgi [None req-94146c6c-876d-4fea-85ec-d031078699df e8f6cb9d979f4f68863f5b5ee3098f32 9028f440acb64fd99caf8d503d0457cf - - default default] 10.0.0.245 "GET /v2.0/subnets HTTP/1.1" status: 200 len: 6150 time: 0.2709553
2026-09-01 19:46:38.284 10 INFO neutron.wsgi [None req-1c817aa1-12fb-4855-8026-d7fc52f9bf7b e8f6cb9d979f4f68863f5b5ee3098f32 9028f440acb64fd99caf8d503d0457cf - - default default] 10.0.0.245 "GET /v2.0/agents HTTP/1.1" status: 200 len: 997 time: 0.0093646
2026-09-01 19:46:38.331 10 INFO neutron.wsgi [None req-615d5ea5-d98e-402d-9417-3c8bb6e1cf73 e8f6cb9d979f4f68863f5b5ee3098f32 9028f440acb64fd99caf8d503d0457cf - - default default] 10.0.0.245 "GET /v2.0/ports HTTP/1.1" status: 200 len: 21640 time: 0.0462234 /var/lib/openstack/lib/python3.10/site-packages/pycadf/identifier.py:71: UserWarning: Invalid uuid: neutron. To ensure interoperability, identifiers should be a valid uuid. warnings.warn(('Invalid uuid: %s. To ensure interoperability, '
2026-09-01 19:46:38.337 9 INFO neutron.wsgi [None req-bf6cad36-1f49-41b0-b599-1e8c4c5c336c e8f6cb9d979f4f68863f5b5ee3098f32 9028f440acb64fd99caf8d503d0457cf - - default default] 162.253.55.125 "GET /v2.0/extensions/security-group HTTP/1.1" status: 200 len: 369 time: 0.0451267
2026-09-01 19:46:38.347 9 INFO neutron.wsgi [None req-7ab9ddf6-f3d8-4bbe-ab2c-7e91fede9f73 e8f6cb9d979f4f68863f5b5ee3098f32 9028f440acb64fd99caf8d503d0457cf - - default default] 162.253.55.125 "GET /v2.0/extensions/dns-integration HTTP/1.1" status: 200 len: 371 time: 0.0052843
2026-09-01 19:46:38.358 9 INFO neutron.wsgi [None req-b2a9cea9-d0b2-4bc9-b227-9c862f68d665 e8f6cb9d979f4f68863f5b5ee3098f32 9028f440acb64fd99caf8d503d0457cf - - default default] 162.253.55.125 "GET /v2.0/extensions/qos HTTP/1.1" status: 200 len: 365 time: 0.0049460
2026-09-01 19:46:38.375 9 INFO neutron.wsgi [None req-f450f28d-0bc4-4fbc-880e-63df87509f39 e8f6cb9d979f4f68863f5b5ee3098f32 9028f440acb64fd99caf8d503d0457cf - - default default] 162.253.55.125 "GET /v2.0/extensions/allowed-address-pairs HTTP/1.1" status: 200 len: 383 time: 0.0095341
2026-09-01 19:46:38.413 10 INFO neutron.wsgi [None req-dc2435ac-ff2a-4471-8f54-83c184670ddc e8f6cb9d979f4f68863f5b5ee3098f32 9028f440acb64fd99caf8d503d0457cf - - default default] 10.0.0.245 "GET /v2.0/security-groups HTTP/1.1" status: 200 len: 30290 time: 0.0682049
2026-09-01 19:46:38.414 9 INFO neutron.wsgi [None req-27e8b073-9e0a-458a-a78c-19f22738883a e8f6cb9d979f4f68863f5b5ee3098f32 9028f440acb64fd99caf8d503d0457cf - - default default] 162.253.55.125 "GET /v2.0/ports/696de3e9-95f8-4eb7-974a-30a3c5666dcc HTTP/1.1" status: 200 len: 1328 time: 0.0298016
2026-09-01 19:46:38.522 10 INFO neutron.wsgi [None req-d4825940-1686-41b1-8c6f-37ec60aeafbb e8f6cb9d979f4f68863f5b5ee3098f32 9028f440acb64fd99caf8d503d0457cf - - default default] 10.0.0.245 "GET /v2.0/routers HTTP/1.1" status: 200 len: 1522 time: 0.0965273
2026-09-01 19:46:38.531 10 INFO neutron.wsgi [None req-7da86f08-5921-438d-bb8a-1bcd45883500 e8f6cb9d979f4f68863f5b5ee3098f32 9028f440acb64fd99caf8d503d0457cf - - default default] 10.0.0.245 "GET /v2.0/agents?binary=ovn-controller HTTP/1.1" status: 200 len: 591 time: 0.0082967
2026-09-01 19:46:38.543 10 INFO neutron.wsgi [None req-3611a192-795d-45a9-9570-c33908f5a9cd e8f6cb9d979f4f68863f5b5ee3098f32 9028f440acb64fd99caf8d503d0457cf - - default default] 10.0.0.245 "GET /v2.0/network-ip-availabilities HTTP/1.1" status: 200 len: 3833 time: 0.0111384
2026-09-01 19:46:38.547 9 INFO neutron.wsgi [None req-e2e94bd9-24d9-4e68-95ea-9d99f654afbb e8f6cb9d979f4f68863f5b5ee3098f32 9028f440acb64fd99caf8d503d0457cf - - default default] 162.253.55.125 "GET /v2.0/extensions/security-group HTTP/1.1" status: 200 len: 369 time: 0.0076616
2026-09-01 19:46:38.559 9 INFO neutron.wsgi [None req-65187cc7-38b3-440c-863d-03a5b0d35dbf e8f6cb9d979f4f68863f5b5ee3098f32 9028f440acb64fd99caf8d503d0457cf - - default default] 162.253.55.125 "GET /v2.0/extensions/dns-integration HTTP/1.1" status: 200 len: 371 time: 0.0082011
2026-09-01 19:46:38.570 9 INFO neutron.wsgi [None req-222b719e-fdd6-4d9a-bb93-e8a0af1d3043 e8f6cb9d979f4f68863f5b5ee3098f32 9028f440acb64fd99caf8d503d0457cf - - default default] 162.253.55.125 "GET /v2.0/extensions/qos HTTP/1.1" status: 200 len: 365 time: 0.0068803
2026-09-01 19:46:38.581 9 INFO neutron.wsgi [None req-62fd3f09-002f-473c-bd10-c74b4f0bb8be e8f6cb9d979f4f68863f5b5ee3098f32 9028f440acb64fd99caf8d503d0457cf - - default default] 162.253.55.125 "GET /v2.0/extensions/allowed-address-pairs HTTP/1.1" status: 200 len: 383 time: 0.0069623
2026-09-01 19:46:38.592 10 INFO neutron.wsgi [None req-9f97049b-1900-46cb-836f-779c5cdb4e48 e8f6cb9d979f4f68863f5b5ee3098f32 9028f440acb64fd99caf8d503d0457cf - - default default] 10.0.0.245 "GET /v2.0/floatingips HTTP/1.1" status: 200 len: 1879 time: 0.0479240
2026-09-01 19:46:38.615 9 INFO neutron.wsgi [None req-fb505148-f626-4406-87c4-04d563935e77 e8f6cb9d979f4f68863f5b5ee3098f32 9028f440acb64fd99caf8d503d0457cf - - default default] 162.253.55.125 "GET /v2.0/security-groups?name=lb-ec1b9b7e-c7ba-43a8-9b35-d9f5732a3e94 HTTP/1.1" status: 200 len: 221 time: 0.0290427
2026-09-01 19:46:38.624 10 INFO neutron.wsgi [None req-947b78ec-5d02-4bc5-86d3-558d95f6d211 e8f6cb9d979f4f68863f5b5ee3098f32 9028f440acb64fd99caf8d503d0457cf - - default default] 10.0.0.245 "GET /v2.0/subnets HTTP/1.1" status: 200 len: 6150 time: 0.0304685
2026-09-01 19:46:38.655 10 INFO neutron.wsgi [None req-a3ec1231-aacd-467c-b683-7929e3c69cc0 e8f6cb9d979f4f68863f5b5ee3098f32 9028f440acb64fd99caf8d503d0457cf - - default default] 10.0.0.245 "GET /v2.0/subnetpools HTTP/1.1" status: 200 len: 193 time: 0.0258846
2026-09-01 19:46:38.710 9 INFO neutron.db.ovn_revision_numbers_db [None req-be3c9d25-3977-428f-b4c3-8bdfc7c4db28 e8f6cb9d979f4f68863f5b5ee3098f32 9028f440acb64fd99caf8d503d0457cf - - - -] Successfully bumped revision number for resource ba14ae0a-7723-411c-9a7c-cea255c46e90 (type: security_groups) to 1
2026-09-01 19:46:38.727 9 INFO neutron.wsgi [None req-be3c9d25-3977-428f-b4c3-8bdfc7c4db28 e8f6cb9d979f4f68863f5b5ee3098f32 9028f440acb64fd99caf8d503d0457cf - - - -] 162.253.55.125 "POST /v2.0/security-groups HTTP/1.1" status: 201 len: 1777 time: 0.1059678
2026-09-01 19:46:38.751 9 INFO neutron.wsgi [None req-4b90bf09-d7c6-4534-a21f-98a9e92f3ab0 e8f6cb9d979f4f68863f5b5ee3098f32 9028f440acb64fd99caf8d503d0457cf - - default default] 162.253.55.125 "GET /v2.0/security-group-rules?security_group_id=ba14ae0a-7723-411c-9a7c-cea255c46e90 HTTP/1.1" status: 200 len: 1318 time: 0.0177631
2026-09-01 19:46:39.113 9 INFO neutron.db.ovn_revision_numbers_db [None req-66c6e7b2-2d92-4bbc-bad0-9feb9b57e463 e8f6cb9d979f4f68863f5b5ee3098f32 9028f440acb64fd99caf8d503d0457cf - - - -] Successfully bumped revision number for resource 696de3e9-95f8-4eb7-974a-30a3c5666dcc (type: ports) to 2
2026-09-01 19:46:39.124 9 INFO neutron.wsgi [None req-66c6e7b2-2d92-4bbc-bad0-9feb9b57e463 e8f6cb9d979f4f68863f5b5ee3098f32 9028f440acb64fd99caf8d503d0457cf - - - -] 162.253.55.125 "PUT /v2.0/ports/696de3e9-95f8-4eb7-974a-30a3c5666dcc HTTP/1.1" status: 200 len: 1328 time: 0.3666389 /var/lib/openstack/lib/python3.10/site-packages/pycadf/identifier.py:71: UserWarning: Invalid uuid: neutron. To ensure interoperability, identifiers should be a valid uuid. warnings.warn(('Invalid uuid: %s. To ensure interoperability, '
2026-09-01 19:46:39.144 9 INFO neutron.wsgi [None req-0bda8338-3df5-4b35-86b2-6e74a2742495 e8f6cb9d979f4f68863f5b5ee3098f32 9028f440acb64fd99caf8d503d0457cf - - default default] 162.253.55.125 "GET /v2.0/extensions/security-group HTTP/1.1" status: 200 len: 369 time: 0.0072896
2026-09-01 19:46:39.156 9 INFO neutron.wsgi [None req-4b3b2403-5cee-44ca-8254-9070c30b600f e8f6cb9d979f4f68863f5b5ee3098f32 9028f440acb64fd99caf8d503d0457cf - - default default] 162.253.55.125 "GET /v2.0/extensions/dns-integration HTTP/1.1" status: 200 len: 371 time: 0.0059283
2026-09-01 19:46:39.169 9 INFO neutron.wsgi [None req-2404443b-334e-4113-925a-db7d0b8f967d e8f6cb9d979f4f68863f5b5ee3098f32 9028f440acb64fd99caf8d503d0457cf - - default default] 162.253.55.125 "GET /v2.0/extensions/qos HTTP/1.1" status: 200 len: 365 time: 0.0063975
2026-09-01 19:46:39.184 9 INFO neutron.wsgi [None req-a7deba90-0a5e-410d-b28a-7f1df69ba076 e8f6cb9d979f4f68863f5b5ee3098f32 9028f440acb64fd99caf8d503d0457cf - - default default] 162.253.55.125 "GET /v2.0/extensions/allowed-address-pairs HTTP/1.1" status: 200 len: 383 time: 0.0074451
2026-09-01 19:46:39.237 9 INFO neutron.wsgi [None req-2ac9f9da-72fa-4035-9e84-4d8915286e00 e8f6cb9d979f4f68863f5b5ee3098f32 9028f440acb64fd99caf8d503d0457cf - - default default] 162.253.55.125 "GET /v2.0/subnets/092ef875-35df-4e7e-978a-4f0d60320e33 HTTP/1.1" status: 200 len: 851 time: 0.0436769
2026-09-01 19:46:39.664 9 INFO neutron.wsgi [-] 10.0.0.204 "GET / HTTP/1.1" status: 200 len: 246 time: 0.0024383
2026-09-01 19:46:39.670 9 INFO neutron.wsgi [-] 10.0.0.204 "GET / HTTP/1.1" status: 200 len: 246 time: 0.0048881
2026-09-01 19:46:39.743 10 INFO neutron.wsgi [req-3b8bc7b6-e89f-4aac-9f60-6d24f580bcb3 req-3c32d51b-9d36-4274-af32-e064d9238f2d 4ac7356d8255442cb66b98de4066f925 137d75b45b9a4592a0c9f431f91a324c - - default default] 10.0.0.126 "GET /v2.0/networks?id=0a99abd9-9c76-4e21-be01-4d1f080ea219 HTTP/1.1" status: 200 len: 872 time: 0.1207280
2026-09-01 19:46:39.760 10 INFO neutron.wsgi [req-3b8bc7b6-e89f-4aac-9f60-6d24f580bcb3 req-7303fed7-e323-481e-a1b4-ff5301af4fc7 4ac7356d8255442cb66b98de4066f925 137d75b45b9a4592a0c9f431f91a324c - - default default] 10.0.0.126 "GET /v2.0/quotas/137d75b45b9a4592a0c9f431f91a324c HTTP/1.1" status: 200 len: 386 time: 0.0103636
2026-09-01 19:46:39.880 10 INFO neutron.wsgi [req-3b8bc7b6-e89f-4aac-9f60-6d24f580bcb3 req-febaae56-bc2b-4127-b47c-ec5d8c5b2791 4ac7356d8255442cb66b98de4066f925 137d75b45b9a4592a0c9f431f91a324c - - default default] 10.0.0.126 "GET /v2.0/ports?tenant_id=137d75b45b9a4592a0c9f431f91a324c&fields=id HTTP/1.1" status: 200 len: 302 time: 0.1147630
2026-09-01 19:46:39.946 10 INFO neutron.wsgi [req-3b8bc7b6-e89f-4aac-9f60-6d24f580bcb3 req-2259b8d9-af08-4299-9cce-7ead5cb8469d 2eb829645dc84a12ba1eaafe09ac41ed 0544e5c0acb34493854b37a01c3ea747 - - 4fed95107a39400d92e76b56041241c9 4fed95107a39400d92e76b56041241c9] 10.0.0.126 "GET /v2.0/networks/0a99abd9-9c76-4e21-be01-4d1f080ea219?fields=segments HTTP/1.1" status: 200 len: 212 time: 0.0541246
2026-09-01 19:46:39.998 10 INFO neutron.wsgi [req-3b8bc7b6-e89f-4aac-9f60-6d24f580bcb3 req-714c2e62-4b4f-4ad9-a792-74c37792d23d 2eb829645dc84a12ba1eaafe09ac41ed 0544e5c0acb34493854b37a01c3ea747 - - 4fed95107a39400d92e76b56041241c9 4fed95107a39400d92e76b56041241c9] 10.0.0.126 "GET /v2.0/networks/0a99abd9-9c76-4e21-be01-4d1f080ea219?fields=provider%3Aphysical_network&fields=provider%3Anetwork_type HTTP/1.1" status: 200 len: 277 time: 0.0464234
2026-09-01 19:46:40.156 9 INFO neutron.wsgi [req-cda67386-b669-4ba5-ab37-53fc69342619 req-45d1d49a-2ac5-4f3c-99c6-24bbdc74dd9e 4ac7356d8255442cb66b98de4066f925 137d75b45b9a4592a0c9f431f91a324c - - default default] 10.0.0.126 "GET /v2.0/ports?device_id=5bfbf6f9-d2e4-4bdd-88ed-5aaa9bb6cd45 HTTP/1.1" status: 200 len: 210 time: 0.0245121
2026-09-01 19:46:41.026 10 INFO neutron.wsgi [req-3b8bc7b6-e89f-4aac-9f60-6d24f580bcb3 req-4673df8e-ed81-4f63-a46e-8e307cb41614 4ac7356d8255442cb66b98de4066f925 137d75b45b9a4592a0c9f431f91a324c - - default default] 162.253.55.125 "GET /v2.0/networks?id=0a99abd9-9c76-4e21-be01-4d1f080ea219 HTTP/1.1" status: 200 len: 872 time: 0.0969229
2026-09-01 19:46:41.263 10 INFO neutron.wsgi [req-341d4c90-c911-4974-9f23-4dbb65fd8b91 req-c2b4a179-5e95-4630-bd06-ba44a5789c1d 4ac7356d8255442cb66b98de4066f925 137d75b45b9a4592a0c9f431f91a324c - - default default] 10.0.0.126 "GET /v2.0/ports?device_id=5bfbf6f9-d2e4-4bdd-88ed-5aaa9bb6cd45 HTTP/1.1" status: 200 len: 210 time: 0.0386753
2026-09-01 19:46:41.394 10 WARNING neutron.scheduler.dhcp_agent_scheduler [None req-00fd04f0-8bcc-4636-9dc6-3b19f888e9d5 4ac7356d8255442cb66b98de4066f925 137d75b45b9a4592a0c9f431f91a324c - - - -] No more DHCP agents
2026-09-01 19:46:41.397 10 WARNING neutron.api.rpc.agentnotifiers.dhcp_rpc_agent_api [None req-00fd04f0-8bcc-4636-9dc6-3b19f888e9d5 4ac7356d8255442cb66b98de4066f925 137d75b45b9a4592a0c9f431f91a324c - - - -] Unable to schedule network 0a99abd9-9c76-4e21-be01-4d1f080ea219: no agents available; will retry on subsequent port and subnet creation events.
2026-09-01 19:46:41.525 10 INFO neutron.db.ovn_revision_numbers_db [None req-00fd04f0-8bcc-4636-9dc6-3b19f888e9d5 4ac7356d8255442cb66b98de4066f925 137d75b45b9a4592a0c9f431f91a324c - - - -] Successfully bumped revision number for resource 20415cbf-3783-460f-81e5-1a676fb4397a (type: ports) to 1
2026-09-01 19:46:41.553 10 INFO neutron.wsgi [None req-00fd04f0-8bcc-4636-9dc6-3b19f888e9d5 4ac7356d8255442cb66b98de4066f925 137d75b45b9a4592a0c9f431f91a324c - - - -] 162.253.55.125 "POST /v2.0/ports HTTP/1.1" status: 201 len: 1158 time: 0.5197034 /var/lib/openstack/lib/python3.10/site-packages/pycadf/identifier.py:71: UserWarning: Invalid uuid: neutron. To ensure interoperability, identifiers should be a valid uuid. warnings.warn(('Invalid uuid: %s. To ensure interoperability, '
2026-09-01 19:46:42.049 10 INFO neutron.db.ovn_revision_numbers_db [None req-2a424dc7-6f5e-4b0a-9b70-e7d0674a7d66 2eb829645dc84a12ba1eaafe09ac41ed 0544e5c0acb34493854b37a01c3ea747 - - - -] Successfully bumped revision number for resource 20415cbf-3783-460f-81e5-1a676fb4397a (type: ports) to 2
2026-09-01 19:46:42.173 10 INFO neutron.db.ovn_revision_numbers_db [None req-2a424dc7-6f5e-4b0a-9b70-e7d0674a7d66 2eb829645dc84a12ba1eaafe09ac41ed 0544e5c0acb34493854b37a01c3ea747 - - - -] Successfully bumped revision number for resource 20415cbf-3783-460f-81e5-1a676fb4397a (type: ports) to 2
2026-09-01 19:46:42.183 10 INFO neutron.wsgi [None req-2a424dc7-6f5e-4b0a-9b70-e7d0674a7d66 2eb829645dc84a12ba1eaafe09ac41ed 0544e5c0acb34493854b37a01c3ea747 - - - -] 162.253.55.125 "PUT /v2.0/ports/20415cbf-3783-460f-81e5-1a676fb4397a HTTP/1.1" status: 200 len: 1328 time: 0.6191998
2026-09-01 19:46:42.228 10 INFO neutron.notifiers.nova [-] Nova event matching ['req-7f0660f5-d4e0-4e0a-a7cf-2806f73d9f0e'] response: {'name': 'network-changed', 'server_uuid': '5bfbf6f9-d2e4-4bdd-88ed-5aaa9bb6cd45', 'tag': '20415cbf-3783-460f-81e5-1a676fb4397a', 'status': 'completed', 'code': 200} /var/lib/openstack/lib/python3.10/site-packages/pycadf/identifier.py:71: UserWarning: Invalid uuid: neutron. To ensure interoperability, identifiers should be a valid uuid. warnings.warn(('Invalid uuid: %s. To ensure interoperability, '
2026-09-01 19:46:42.261 10 INFO neutron.wsgi [req-3b8bc7b6-e89f-4aac-9f60-6d24f580bcb3 req-f908b27c-890d-45a1-82b1-bab027bd7d9c 2eb829645dc84a12ba1eaafe09ac41ed 0544e5c0acb34493854b37a01c3ea747 - - 4fed95107a39400d92e76b56041241c9 4fed95107a39400d92e76b56041241c9] 162.253.55.125 "GET /v2.0/ports?tenant_id=137d75b45b9a4592a0c9f431f91a324c&device_id=5bfbf6f9-d2e4-4bdd-88ed-5aaa9bb6cd45 HTTP/1.1" status: 200 len: 1359 time: 0.0310662
2026-09-01 19:46:42.289 10 INFO neutron.wsgi [req-3b8bc7b6-e89f-4aac-9f60-6d24f580bcb3 req-cdbfebdd-0280-4c2d-a7a2-f7fa8fa061a8 2eb829645dc84a12ba1eaafe09ac41ed 0544e5c0acb34493854b37a01c3ea747 - - 4fed95107a39400d92e76b56041241c9 4fed95107a39400d92e76b56041241c9] 162.253.55.125 "GET /v2.0/floatingips?fixed_ip_address=10.100.0.8&port_id=20415cbf-3783-460f-81e5-1a676fb4397a HTTP/1.1" status: 200 len: 217 time: 0.0232766
2026-09-01 19:46:42.322 10 INFO neutron.wsgi [req-3b8bc7b6-e89f-4aac-9f60-6d24f580bcb3 req-fdd11c0d-d3e7-4eae-9fc8-eebdf75c516d 2eb829645dc84a12ba1eaafe09ac41ed 0544e5c0acb34493854b37a01c3ea747 - - 4fed95107a39400d92e76b56041241c9 4fed95107a39400d92e76b56041241c9] 162.253.55.125 "GET /v2.0/subnets?id=6dafc8d6-beb2-483e-9892-8271e0d1d0d8 HTTP/1.1" status: 200 len: 866 time: 0.0287292
2026-09-01 19:46:42.341 10 INFO neutron.wsgi [req-3b8bc7b6-e89f-4aac-9f60-6d24f580bcb3 req-11252c0a-8981-4824-8bcb-6aae0b78a638 2eb829645dc84a12ba1eaafe09ac41ed 0544e5c0acb34493854b37a01c3ea747 - - 4fed95107a39400d92e76b56041241c9 4fed95107a39400d92e76b56041241c9] 162.253.55.125 "GET /v2.0/ports?network_id=0a99abd9-9c76-4e21-be01-4d1f080ea219&device_owner=network%3Adhcp HTTP/1.1" status: 200 len: 210 time: 0.0149426
2026-09-01 19:46:42.401 10 INFO neutron.wsgi [req-3d175a5c-cff8-413d-b838-ec69cb235a6e req-570b0ad9-398c-4417-9b29-bf2899b8ccc0 4ac7356d8255442cb66b98de4066f925 137d75b45b9a4592a0c9f431f91a324c - - default default] 10.0.0.126 "GET /v2.0/ports?device_id=5bfbf6f9-d2e4-4bdd-88ed-5aaa9bb6cd45 HTTP/1.1" status: 200 len: 1168 time: 0.0562954
2026-09-01 19:46:42.417 10 INFO neutron.wsgi [req-3b8bc7b6-e89f-4aac-9f60-6d24f580bcb3 req-d4a86480-64cc-4da8-9247-13a8462a905e 2eb829645dc84a12ba1eaafe09ac41ed 0544e5c0acb34493854b37a01c3ea747 - - 4fed95107a39400d92e76b56041241c9 4fed95107a39400d92e76b56041241c9] 162.253.55.125 "GET /v2.0/networks/0a99abd9-9c76-4e21-be01-4d1f080ea219?fields=segments HTTP/1.1" status: 200 len: 212 time: 0.0711749
2026-09-01 19:46:42.444 10 INFO neutron.wsgi [req-3d175a5c-cff8-413d-b838-ec69cb235a6e req-a7a1c629-6fe2-4f88-ae75-e998226c709f 4ac7356d8255442cb66b98de4066f925 137d75b45b9a4592a0c9f431f91a324c - - default default] 10.0.0.126 "GET /v2.0/security-groups?id=87c663ce-8c2c-472c-a825-d2edefadf37f&fields=id&fields=name HTTP/1.1" status: 200 len: 286 time: 0.0346253
2026-09-01 19:46:42.473 10 INFO neutron.wsgi [req-3b8bc7b6-e89f-4aac-9f60-6d24f580bcb3 req-c2801b43-ae64-492c-9024-1a46ff1b6e6d 2eb829645dc84a12ba1eaafe09ac41ed 0544e5c0acb34493854b37a01c3ea747 - - 4fed95107a39400d92e76b56041241c9 4fed95107a39400d92e76b56041241c9] 162.253.55.125 "GET /v2.0/networks/0a99abd9-9c76-4e21-be01-4d1f080ea219?fields=provider%3Aphysical_network&fields=provider%3Anetwork_type HTTP/1.1" status: 200 len: 277 time: 0.0514917
2026-09-01 19:46:42.547 9 INFO neutron.db.ovn_revision_numbers_db [None req-898f94ab-c504-4bfe-bae7-524a847bf7a2 e8f6cb9d979f4f68863f5b5ee3098f32 9028f440acb64fd99caf8d503d0457cf - - default default] Successfully bumped revision number for resource e0c50358-d410-4f0f-8d47-1c55df9d44a4 (type: security_groups) to 1
2026-09-01 19:46:42.555 10 INFO neutron.wsgi [req-7c5c233b-c6ae-4414-9bd2-69e82f236654 req-d754ff3f-4a20-4006-b79c-71d01b2a320f 2eb829645dc84a12ba1eaafe09ac41ed 0544e5c0acb34493854b37a01c3ea747 - - 4fed95107a39400d92e76b56041241c9 4fed95107a39400d92e76b56041241c9] 162.253.55.125 "GET /v2.0/ports?tenant_id=137d75b45b9a4592a0c9f431f91a324c&device_id=5bfbf6f9-d2e4-4bdd-88ed-5aaa9bb6cd45 HTTP/1.1" status: 200 len: 1359 time: 0.0400872
2026-09-01 19:46:42.563 10 WARNING neutron.plugins.ml2.drivers.ovn.mech_driver.ovsdb.ovn_client [None req-3f4f5cba-9913-478e-8bd0-1edd776517b6 - - - - - -] No hosting information found for port 6afb27fa-cbf2-4a9f-af5d-942bc21ea89b: RuntimeError: No hosting information found for port 6afb27fa-cbf2-4a9f-af5d-942bc21ea89b
