2026-08-04 16:37:58.803 10 INFO neutron.wsgi [req-25272cc1-3236-415a-bb90-6eb418254862 req-68068645-2151-45cf-bc54-0083c11d8a2e 48b8f7742b7f451d897d97f35e4e8cda 42cf299add8c4ec794fbb04d277cd1d6 - - default default] 10.0.0.245 "GET /v2.0/ports?device_id=c0de101e-2f41-490b-a7b6-95f346ff40a3 HTTP/1.1" status: 200 len: 1168 time: 0.0731037
2026-08-04 16:37:58.876 9 INFO neutron.wsgi [req-ca7f8e83-66f3-42c4-bdcf-005b7c0a8567 req-d501179b-a8a9-4bb2-806f-85b67a352c66 94beb1c0deda49459b59a8e4aa8f0590 45492bb1d0154d5b96d0dd35cc77cd8e - - default default] 10.0.0.245 "GET /v2.0/ports/7b8687fc-0c42-4567-92b2-3ffd14c525d9 HTTP/1.1" status: 200 len: 1167 time: 0.1418362
2026-08-04 16:37:58.890 10 INFO neutron.wsgi [req-25272cc1-3236-415a-bb90-6eb418254862 req-3e34006e-0121-49eb-b884-0b3ed337c099 48b8f7742b7f451d897d97f35e4e8cda 42cf299add8c4ec794fbb04d277cd1d6 - - default default] 10.0.0.245 "GET /v2.0/security-groups?id=1ef22770-a9fc-43ed-8ef2-b03a6378e709&fields=id&fields=name HTTP/1.1" status: 200 len: 313 time: 0.0781457
2026-08-04 16:37:58.987 9 INFO neutron.db.ovn_revision_numbers_db [None req-bf202515-1b3a-4823-9d5f-3cd274afef13 - - - - - -] Successfully bumped revision number for resource c4ee5764-eb81-44fb-a230-b32926612c31 (type: ports) to 5
2026-08-04 16:37:59.026 9 INFO neutron.plugins.ml2.drivers.ovn.mech_driver.mech_driver [None req-bf202515-1b3a-4823-9d5f-3cd274afef13 - - - - - -] OVN reports status up for port: c4ee5764-eb81-44fb-a230-b32926612c31
2026-08-04 16:37:59.027 10 INFO neutron.wsgi [None req-809428ae-79b5-43a6-bc80-90704c3d7bd6 a3f0da88359746168f09a688784f9914 d0f464190a4f4cc1a88b2b1440b70bcc - - - -] 10.0.0.167 "DELETE /v2.0/floatingips/4e2b0926-b395-4f58-a8cf-ae3294df84a4 HTTP/1.1" status: 204 len: 168 time: 0.5634594
2026-08-04 16:37:59.053 9 INFO neutron.plugins.ml2.plugin [None req-bf202515-1b3a-4823-9d5f-3cd274afef13 - - - - - -] Attempt 1 to provision port c4ee5764-eb81-44fb-a230-b32926612c31
2026-08-04 16:37:59.138 10 INFO neutron.wsgi [req-0064bccb-bf36-425e-ade5-e62237bd76a0 req-f4c14c21-58ec-45c9-a8a3-c601b520601f 94beb1c0deda49459b59a8e4aa8f0590 45492bb1d0154d5b96d0dd35cc77cd8e - - default default] 199.19.213.137 "GET /v2.0/subnets?network_id=5ce1134e-3a4e-49f9-b2c4-0a66b854de78 HTTP/1.1" status: 200 len: 859 time: 0.0954378
2026-08-04 16:37:59.212 10 INFO neutron.wsgi [req-0064bccb-bf36-425e-ade5-e62237bd76a0 req-05ad462b-db2e-4b37-908a-1419700470b5 94beb1c0deda49459b59a8e4aa8f0590 45492bb1d0154d5b96d0dd35cc77cd8e - - default default] 199.19.213.137 "GET /v2.0/ports?device_id=3c201e0c-7e2a-4961-8038-6c69f588baea&device_owner=compute%3Anova&network_id=5ce1134e-3a4e-49f9-b2c4-0a66b854de78 HTTP/1.1" status: 200 len: 1170 time: 0.0663013
2026-08-04 16:37:59.458 9 INFO neutron.notifiers.nova [-] Nova event matching ['req-44cbc491-6f0b-43f1-bf27-338bb53cbcec'] response: {'server_uuid': 'c0de101e-2f41-490b-a7b6-95f346ff40a3', 'name': 'network-vif-unplugged', 'status': 'completed', 'tag': 'c4ee5764-eb81-44fb-a230-b32926612c31', 'code': 200}
2026-08-04 16:37:59.459 9 INFO neutron.notifiers.nova [-] Nova event matching ['req-44cbc491-6f0b-43f1-bf27-338bb53cbcec'] response: {'server_uuid': 'c0de101e-2f41-490b-a7b6-95f346ff40a3', 'name': 'network-vif-plugged', 'status': 'completed', 'tag': 'c4ee5764-eb81-44fb-a230-b32926612c31', 'code': 200}
2026-08-04 16:37:59.459 9 INFO neutron.notifiers.nova [-] Nova event matching ['req-44cbc491-6f0b-43f1-bf27-338bb53cbcec'] response: {'server_uuid': 'c0de101e-2f41-490b-a7b6-95f346ff40a3', 'name': 'network-vif-plugged', 'status': 'completed', 'tag': 'c4ee5764-eb81-44fb-a230-b32926612c31', 'code': 200}
2026-08-04 16:37:59.509 9 INFO neutron.db.ovn_revision_numbers_db [None req-bf202515-1b3a-4823-9d5f-3cd274afef13 - - - - - -] Successfully bumped revision number for resource c4ee5764-eb81-44fb-a230-b32926612c31 (type: ports) to 6
2026-08-04 16:37:59.653 9 INFO neutron.wsgi [None req-7cad0b8e-c2e5-4284-8b26-2ad22b406f1e d5867e2ccba9447db1c50aa0b7871135 6ec4ecb5933647d1accc41abf0065313 - - - -] 10.0.0.167 "PUT /v2.0/routers/867a1325-9a9f-4f0a-8bf1-f99a8a76436d/remove_router_interface HTTP/1.1" status: 200 len: 503 time: 2.0240438 /var/lib/openstack/lib/python3.10/site-packages/pycadf/identifier.py:71: UserWarning: Invalid uuid: neutron. To ensure interoperability, identifiers should be a valid uuid. warnings.warn(('Invalid uuid: %s. To ensure interoperability, '
2026-08-04 16:38:00.010 9 INFO neutron.wsgi [req-954f94e8-be49-4936-8916-157abc1ac40a req-18976bc4-ba7c-4492-bef7-e5b2bcfcee31 48b8f7742b7f451d897d97f35e4e8cda 42cf299add8c4ec794fbb04d277cd1d6 - - default default] 10.0.0.245 "GET /v2.0/ports?device_id=c0de101e-2f41-490b-a7b6-95f346ff40a3 HTTP/1.1" status: 200 len: 1170 time: 0.0546005
2026-08-04 16:38:00.088 9 INFO neutron.wsgi [req-954f94e8-be49-4936-8916-157abc1ac40a req-ef2c5e76-08a4-4285-92ef-421c1782415b 48b8f7742b7f451d897d97f35e4e8cda 42cf299add8c4ec794fbb04d277cd1d6 - - default default] 10.0.0.245 "GET /v2.0/security-groups?id=1ef22770-a9fc-43ed-8ef2-b03a6378e709&fields=id&fields=name HTTP/1.1" status: 200 len: 313 time: 0.0680728
2026-08-04 16:38:00.114 10 INFO neutron.db.ovn_revision_numbers_db [None req-e477ed52-701e-4d0c-9dd3-8d6d706b3862 94beb1c0deda49459b59a8e4aa8f0590 45492bb1d0154d5b96d0dd35cc77cd8e - - - -] Successfully bumped revision number for resource 7b8687fc-0c42-4567-92b2-3ffd14c525d9 (type: ports) to 5
2026-08-04 16:38:00.131 10 INFO neutron.wsgi [None req-e477ed52-701e-4d0c-9dd3-8d6d706b3862 94beb1c0deda49459b59a8e4aa8f0590 45492bb1d0154d5b96d0dd35cc77cd8e - - - -] 199.19.213.137 "PUT /v2.0/ports/7b8687fc-0c42-4567-92b2-3ffd14c525d9 HTTP/1.1" status: 200 len: 1345 time: 0.9135327 /var/lib/openstack/lib/python3.10/site-packages/pycadf/identifier.py:71: UserWarning: Invalid uuid: neutron. To ensure interoperability, identifiers should be a valid uuid. warnings.warn(('Invalid uuid: %s. To ensure interoperability, '
2026-08-04 16:38:00.181 10 INFO neutron.notifiers.nova [-] Nova event matching ['req-fb1f1743-1fe9-466c-8093-d7664dd4a4b0'] response: {'name': 'network-changed', 'server_uuid': '3c201e0c-7e2a-4961-8038-6c69f588baea', 'tag': '7b8687fc-0c42-4567-92b2-3ffd14c525d9', 'status': 'completed', 'code': 200}
2026-08-04 16:38:00.219 10 INFO neutron.wsgi [req-0064bccb-bf36-425e-ade5-e62237bd76a0 req-871fef1d-f94c-43e5-a7f2-66009ed944aa 3b097d311a4a4c638583644899515cab 4c787b13fdd14d349750e6d5144fb437 - - 5542a1e84d6847768ce2ec334b584dc7 5542a1e84d6847768ce2ec334b584dc7] 199.19.213.137 "GET /v2.0/ports?tenant_id=45492bb1d0154d5b96d0dd35cc77cd8e&device_id=3c201e0c-7e2a-4961-8038-6c69f588baea HTTP/1.1" status: 200 len: 1538 time: 0.0486321
2026-08-04 16:38:00.305 10 INFO neutron.wsgi [req-0064bccb-bf36-425e-ade5-e62237bd76a0 req-2b5b9bd0-a56d-4489-80a3-2f69e439a67a 3b097d311a4a4c638583644899515cab 4c787b13fdd14d349750e6d5144fb437 - - 5542a1e84d6847768ce2ec334b584dc7 5542a1e84d6847768ce2ec334b584dc7] 199.19.213.137 "GET /v2.0/networks?id=5ce1134e-3a4e-49f9-b2c4-0a66b854de78 HTTP/1.1" status: 200 len: 981 time: 0.0783720
2026-08-04 16:38:00.341 10 INFO neutron.wsgi [req-0064bccb-bf36-425e-ade5-e62237bd76a0 req-61e86bb4-c2b3-4190-9290-b86e3d1baee1 3b097d311a4a4c638583644899515cab 4c787b13fdd14d349750e6d5144fb437 - - 5542a1e84d6847768ce2ec334b584dc7 5542a1e84d6847768ce2ec334b584dc7] 199.19.213.137 "GET /v2.0/floatingips?fixed_ip_address=10.100.0.3&port_id=7b8687fc-0c42-4567-92b2-3ffd14c525d9 HTTP/1.1" status: 200 len: 217 time: 0.0246234
2026-08-04 16:38:00.410 10 INFO neutron.wsgi [req-0064bccb-bf36-425e-ade5-e62237bd76a0 req-3ed533a7-4185-4b84-83e8-8f76766d8871 3b097d311a4a4c638583644899515cab 4c787b13fdd14d349750e6d5144fb437 - - 5542a1e84d6847768ce2ec334b584dc7 5542a1e84d6847768ce2ec334b584dc7] 199.19.213.137 "GET /v2.0/floatingips?fixed_ip_address=10.100.0.9&port_id=7b8687fc-0c42-4567-92b2-3ffd14c525d9 HTTP/1.1" status: 200 len: 1059 time: 0.0600295
2026-08-04 16:38:00.501 10 INFO neutron.wsgi [req-0064bccb-bf36-425e-ade5-e62237bd76a0 req-9534e709-7839-45c2-8999-60e7d05b6f65 3b097d311a4a4c638583644899515cab 4c787b13fdd14d349750e6d5144fb437 - - 5542a1e84d6847768ce2ec334b584dc7 5542a1e84d6847768ce2ec334b584dc7] 199.19.213.137 "GET /v2.0/subnets?id=ff80c4cb-109d-40d3-a624-a18cba354ed6 HTTP/1.1" status: 200 len: 877 time: 0.0832705
2026-08-04 16:38:00.622 10 INFO neutron.wsgi [req-0064bccb-bf36-425e-ade5-e62237bd76a0 req-5f113308-c8f3-4c0b-bb49-cc6c1eb92c44 3b097d311a4a4c638583644899515cab 4c787b13fdd14d349750e6d5144fb437 - - 5542a1e84d6847768ce2ec334b584dc7 5542a1e84d6847768ce2ec334b584dc7] 199.19.213.137 "GET /v2.0/ports?network_id=5ce1134e-3a4e-49f9-b2c4-0a66b854de78&device_owner=network%3Adhcp HTTP/1.1" status: 200 len: 210 time: 0.1128318
2026-08-04 16:38:00.656 9 INFO neutron.wsgi [None req-cbff7a50-a899-488b-b4d6-a06b4b7f8fe1 d5867e2ccba9447db1c50aa0b7871135 6ec4ecb5933647d1accc41abf0065313 - - - -] 10.0.0.167 "DELETE /v2.0/routers/867a1325-9a9f-4f0a-8bf1-f99a8a76436d HTTP/1.1" status: 204 len: 168 time: 0.9954505
2026-08-04 16:38:00.754 10 INFO neutron.wsgi [req-0064bccb-bf36-425e-ade5-e62237bd76a0 req-df0bb5f0-2761-409b-a782-29f9b917ba7e 3b097d311a4a4c638583644899515cab 4c787b13fdd14d349750e6d5144fb437 - - 5542a1e84d6847768ce2ec334b584dc7 5542a1e84d6847768ce2ec334b584dc7] 199.19.213.137 "GET /v2.0/networks/5ce1134e-3a4e-49f9-b2c4-0a66b854de78?fields=segments HTTP/1.1" status: 200 len: 212 time: 0.1242986
2026-08-04 16:38:00.912 10 INFO neutron.wsgi [req-0064bccb-bf36-425e-ade5-e62237bd76a0 req-beba1641-ca94-4c09-9115-716a76bcdffd 3b097d311a4a4c638583644899515cab 4c787b13fdd14d349750e6d5144fb437 - - 5542a1e84d6847768ce2ec334b584dc7 5542a1e84d6847768ce2ec334b584dc7] 199.19.213.137 "GET /v2.0/networks/5ce1134e-3a4e-49f9-b2c4-0a66b854de78?fields=provider%3Aphysical_network&fields=provider%3Anetwork_type HTTP/1.1" status: 200 len: 277 time: 0.1435654
2026-08-04 16:38:01.037 10 INFO neutron.wsgi [req-96afa39c-95c8-4bc1-b813-67991f2f5ae9 req-4ee87edb-4556-4f50-8b46-4990c452aa42 3b097d311a4a4c638583644899515cab 4c787b13fdd14d349750e6d5144fb437 - - 5542a1e84d6847768ce2ec334b584dc7 5542a1e84d6847768ce2ec334b584dc7] 199.19.213.137 "GET /v2.0/ports?tenant_id=45492bb1d0154d5b96d0dd35cc77cd8e&device_id=3c201e0c-7e2a-4961-8038-6c69f588baea HTTP/1.1" status: 200 len: 1538 time: 0.0542471
2026-08-04 16:38:01.072 10 INFO neutron.wsgi [None req-28ad5e70-31e9-4458-b896-34d04934ceb6 d5867e2ccba9447db1c50aa0b7871135 6ec4ecb5933647d1accc41abf0065313 - - - -] 10.0.0.167 "DELETE /v2.0/subnets/bd5fbbc2-e8ea-4db7-892d-abb3f50193c1 HTTP/1.1" status: 204 len: 168 time: 0.4085410
2026-08-04 16:38:01.396 10 INFO neutron.wsgi [req-96afa39c-95c8-4bc1-b813-67991f2f5ae9 req-45b435e7-8f7e-45af-b0b0-25580742a53a 3b097d311a4a4c638583644899515cab 4c787b13fdd14d349750e6d5144fb437 - - 5542a1e84d6847768ce2ec334b584dc7 5542a1e84d6847768ce2ec334b584dc7] 199.19.213.137 "GET /v2.0/networks?id=5ce1134e-3a4e-49f9-b2c4-0a66b854de78 HTTP/1.1" status: 200 len: 981 time: 0.3383734
2026-08-04 16:38:01.446 10 INFO neutron.wsgi [req-96afa39c-95c8-4bc1-b813-67991f2f5ae9 req-2196b7e7-6b89-4185-98d2-b58fcfa3ec3a 3b097d311a4a4c638583644899515cab 4c787b13fdd14d349750e6d5144fb437 - - 5542a1e84d6847768ce2ec334b584dc7 5542a1e84d6847768ce2ec334b584dc7] 199.19.213.137 "GET /v2.0/floatingips?fixed_ip_address=10.100.0.3&port_id=7b8687fc-0c42-4567-92b2-3ffd14c525d9 HTTP/1.1" status: 200 len: 217 time: 0.0407383
2026-08-04 16:38:01.455 10 INFO neutron.wsgi [req-db812b32-70f9-4527-a72a-7df4f0671fd4 req-88fb9075-7d9d-49f8-831d-9d368f74927f 94beb1c0deda49459b59a8e4aa8f0590 45492bb1d0154d5b96d0dd35cc77cd8e - - default default] 10.0.0.245 "GET /v2.0/ports?device_id=3c201e0c-7e2a-4961-8038-6c69f588baea HTTP/1.1" status: 200 len: 1348 time: 0.0646517
2026-08-04 16:38:01.493 9 INFO neutron.services.segments.plugin [-] Segment 773ebbd8-ffb7-4777-86d3-e26cd31ddd0b resource provider aggregate not found
2026-08-04 16:38:01.501 9 INFO neutron.services.segments.plugin [-] Segment 773ebbd8-ffb7-4777-86d3-e26cd31ddd0b resource provider aggregate not found
2026-08-04 16:38:01.530 10 INFO neutron.wsgi [req-db812b32-70f9-4527-a72a-7df4f0671fd4 req-6e825ded-8df9-40e6-b243-faf189d44437 94beb1c0deda49459b59a8e4aa8f0590 45492bb1d0154d5b96d0dd35cc77cd8e - - default default] 10.0.0.245 "GET /v2.0/security-groups?id=83cd799c-ef39-4110-93a7-df80241dffd2&fields=id&fields=name HTTP/1.1" status: 200 len: 313 time: 0.0660586
2026-08-04 16:38:01.532 10 INFO neutron.wsgi [req-96afa39c-95c8-4bc1-b813-67991f2f5ae9 req-066ec355-513d-4bbd-92ec-db81a91ac957 3b097d311a4a4c638583644899515cab 4c787b13fdd14d349750e6d5144fb437 - - 5542a1e84d6847768ce2ec334b584dc7 5542a1e84d6847768ce2ec334b584dc7] 199.19.213.137 "GET /v2.0/floatingips?fixed_ip_address=10.100.0.9&port_id=7b8687fc-0c42-4567-92b2-3ffd14c525d9 HTTP/1.1" status: 200 len: 1059 time: 0.0683670
2026-08-04 16:38:01.538 9 INFO neutron.services.segments.plugin [-] Segment 773ebbd8-ffb7-4777-86d3-e26cd31ddd0b resource provider not found; error: Placement Client Error (4xx): {"errors": [{"status": 404, "title": "Not Found", "detail": "The resource could not be found.\n\n No resource provider with uuid 773ebbd8-ffb7-4777-86d3-e26cd31ddd0b found for delete ", "request_id": "req-ef415141-65b6-492a-809b-2652f294db93"}]}
2026-08-04 16:38:01.540 9 INFO neutron.notifiers.nova [-] Nova event matching ['req-1f324967-4c11-45f5-8ec3-75651335fa5a'] response: {'server_uuid': 'c0de101e-2f41-490b-a7b6-95f346ff40a3', 'name': 'network-vif-plugged', 'status': 'completed', 'tag': 'c4ee5764-eb81-44fb-a230-b32926612c31', 'code': 200}
2026-08-04 16:38:01.543 9 INFO neutron.services.segments.plugin [-] Segment 773ebbd8-ffb7-4777-86d3-e26cd31ddd0b resource provider not found; error: Placement Client Error (4xx): {"errors": [{"status": 404, "title": "Not Found", "detail": "The resource could not be found.\n\n No resource provider with uuid 773ebbd8-ffb7-4777-86d3-e26cd31ddd0b found for delete ", "request_id": "req-26594295-6760-4aa2-9b2b-8966d676c5d7"}]} /var/lib/openstack/lib/python3.10/site-packages/pycadf/identifier.py:71: UserWarning: Invalid uuid: neutron. To ensure interoperability, identifiers should be a valid uuid. warnings.warn(('Invalid uuid: %s. To ensure interoperability, '
2026-08-04 16:38:01.582 9 INFO neutron.wsgi [None req-c9984742-7e27-4395-946b-09e917c6dfd3 d5867e2ccba9447db1c50aa0b7871135 6ec4ecb5933647d1accc41abf0065313 - - - -] 10.0.0.167 "DELETE /v2.0/networks/1ac5eef9-ceee-473f-8b70-c813acda88c5 HTTP/1.1" status: 204 len: 168 time: 0.5028656
2026-08-04 16:38:01.601 10 INFO neutron.wsgi [None req-e33147c2-b405-4019-a2fb-b09b6c083895 d5867e2ccba9447db1c50aa0b7871135 6ec4ecb5933647d1accc41abf0065313 - - - -] 10.0.0.167 "PUT /v2.0/routers/f16acd14-2a54-4917-be87-90bd6ebd3e02/remove_router_interface HTTP/1.1" status: 200 len: 503 time: 2.5633099
2026-08-04 16:38:01.615 10 INFO neutron.wsgi [req-96afa39c-95c8-4bc1-b813-67991f2f5ae9 req-1883fd20-e185-4de1-bf91-1d5f335f14b2 3b097d311a4a4c638583644899515cab 4c787b13fdd14d349750e6d5144fb437 - - 5542a1e84d6847768ce2ec334b584dc7 5542a1e84d6847768ce2ec334b584dc7] 199.19.213.137 "GET /v2.0/subnets?id=ff80c4cb-109d-40d3-a624-a18cba354ed6 HTTP/1.1" status: 200 len: 877 time: 0.0598152
2026-08-04 16:38:01.648 10 INFO neutron.wsgi [req-96afa39c-95c8-4bc1-b813-67991f2f5ae9 req-3f003dd7-a0b9-4ded-929d-52ea711c5fc3 3b097d311a4a4c638583644899515cab 4c787b13fdd14d349750e6d5144fb437 - - 5542a1e84d6847768ce2ec334b584dc7 5542a1e84d6847768ce2ec334b584dc7] 199.19.213.137 "GET /v2.0/ports?network_id=5ce1134e-3a4e-49f9-b2c4-0a66b854de78&device_owner=network%3Adhcp HTTP/1.1" status: 200 len: 210 time: 0.0229897
2026-08-04 16:38:01.738 10 INFO neutron.wsgi [req-96afa39c-95c8-4bc1-b813-67991f2f5ae9 req-b9f9ef0e-e8ca-4fb2-8b4a-f45dcf0f875d 3b097d311a4a4c638583644899515cab 4c787b13fdd14d349750e6d5144fb437 - - 5542a1e84d6847768ce2ec334b584dc7 5542a1e84d6847768ce2ec334b584dc7] 199.19.213.137 "GET /v2.0/networks/5ce1134e-3a4e-49f9-b2c4-0a66b854de78?fields=segments HTTP/1.1" status: 200 len: 212 time: 0.0810812
2026-08-04 16:38:01.774 10 INFO neutron.wsgi [None req-42776c63-682f-4018-806c-423c10ad08ba d5867e2ccba9447db1c50aa0b7871135 6ec4ecb5933647d1accc41abf0065313 - - default default] 10.0.0.167 "GET /v2.0/security-groups?tenant_id=59142cfbdea946e3af77a5e879e4f0b0&name=default HTTP/1.1" status: 200 len: 2996 time: 0.0444887
2026-08-04 16:38:01.817 10 INFO neutron.wsgi [req-96afa39c-95c8-4bc1-b813-67991f2f5ae9 req-7c81e1a8-d5e6-4f39-8e0b-da8f0b997b97 3b097d311a4a4c638583644899515cab 4c787b13fdd14d349750e6d5144fb437 - - 5542a1e84d6847768ce2ec334b584dc7 5542a1e84d6847768ce2ec334b584dc7] 199.19.213.137 "GET /v2.0/networks/5ce1134e-3a4e-49f9-b2c4-0a66b854de78?fields=provider%3Aphysical_network&fields=provider%3Anetwork_type HTTP/1.1" status: 200 len: 277 time: 0.0728068
2026-08-04 16:38:01.918 10 INFO neutron.wsgi [req-422c28f7-551f-4864-a455-0d09ac444154 req-6738b770-6128-4feb-bcc7-46baa35d4863 94beb1c0deda49459b59a8e4aa8f0590 45492bb1d0154d5b96d0dd35cc77cd8e - - default default] 199.19.213.137 "GET /v2.0/ports?device_id=3c201e0c-7e2a-4961-8038-6c69f588baea&device_owner=compute%3Anova&fixed_ips=ip_address%3D10.100.0.3 HTTP/1.1" status: 200 len: 1348 time: 0.0758424
2026-08-04 16:38:02.056 9 INFO neutron.wsgi [None req-19cadeb7-a29e-4162-ae70-1cba5c897787 d5867e2ccba9447db1c50aa0b7871135 6ec4ecb5933647d1accc41abf0065313 - - - -] 10.0.0.167 "DELETE /v2.0/security-groups/da823e03-2b23-4364-a584-c046d4b92dcb HTTP/1.1" status: 204 len: 168 time: 0.2727389
2026-08-04 16:38:02.302 9 INFO neutron.wsgi [None req-b8dc8ce1-a0cd-4b47-93b9-c95a6a66f0ab d5867e2ccba9447db1c50aa0b7871135 6ec4ecb5933647d1accc41abf0065313 - - - -] 10.0.0.167 "DELETE /v2.0/routers/f16acd14-2a54-4917-be87-90bd6ebd3e02 HTTP/1.1" status: 204 len: 168 time: 0.6937873
2026-08-04 16:38:02.406 10 INFO neutron.db.ovn_revision_numbers_db [None req-f403fb58-77e8-42bb-a928-9bcc880dda32 94beb1c0deda49459b59a8e4aa8f0590 45492bb1d0154d5b96d0dd35cc77cd8e - - - -] Successfully bumped revision number for resource 7b8687fc-0c42-4567-92b2-3ffd14c525d9 (type: ports) to 6
2026-08-04 16:38:02.418 10 INFO neutron.wsgi [None req-f403fb58-77e8-42bb-a928-9bcc880dda32 94beb1c0deda49459b59a8e4aa8f0590 45492bb1d0154d5b96d0dd35cc77cd8e - - - -] 199.19.213.137 "PUT /v2.0/ports/7b8687fc-0c42-4567-92b2-3ffd14c525d9 HTTP/1.1" status: 200 len: 1167 time: 0.4943593 /var/lib/openstack/lib/python3.10/site-packages/pycadf/identifier.py:71: UserWarning: Invalid uuid: neutron. To ensure interoperability, identifiers should be a valid uuid. warnings.warn(('Invalid uuid: %s. To ensure interoperability, '
2026-08-04 16:38:02.470 10 INFO neutron.notifiers.nova [-] Nova event matching ['req-8a931d01-dd04-4cf7-acc7-3af41f0a02dc'] response: {'name': 'network-changed', 'server_uuid': '3c201e0c-7e2a-4961-8038-6c69f588baea', 'tag': '7b8687fc-0c42-4567-92b2-3ffd14c525d9', 'status': 'completed', 'code': 200}
2026-08-04 16:38:02.474 10 INFO neutron.wsgi [req-422c28f7-551f-4864-a455-0d09ac444154 req-201fed40-b199-4d8b-93a2-0222b134a52d 3b097d311a4a4c638583644899515cab 4c787b13fdd14d349750e6d5144fb437 - - 5542a1e84d6847768ce2ec334b584dc7 5542a1e84d6847768ce2ec334b584dc7] 199.19.213.137 "GET /v2.0/ports?tenant_id=45492bb1d0154d5b96d0dd35cc77cd8e&device_id=3c201e0c-7e2a-4961-8038-6c69f588baea HTTP/1.1" status: 200 len: 1361 time: 0.0353606
2026-08-04 16:38:02.546 10 INFO neutron.wsgi [req-422c28f7-551f-4864-a455-0d09ac444154 req-b202b29d-eeee-4f11-9778-55cebf39b71c 3b097d311a4a4c638583644899515cab 4c787b13fdd14d349750e6d5144fb437 - - 5542a1e84d6847768ce2ec334b584dc7 5542a1e84d6847768ce2ec334b584dc7] 199.19.213.137 "GET /v2.0/networks?id=5ce1134e-3a4e-49f9-b2c4-0a66b854de78 HTTP/1.1" status: 200 len: 981 time: 0.0663383
2026-08-04 16:38:02.600 10 INFO neutron.wsgi [req-422c28f7-551f-4864-a455-0d09ac444154 req-fa300c21-6575-45d3-8566-7547a1298131 3b097d311a4a4c638583644899515cab 4c787b13fdd14d349750e6d5144fb437 - - 5542a1e84d6847768ce2ec334b584dc7 5542a1e84d6847768ce2ec334b584dc7] 199.19.213.137 "GET /v2.0/floatingips?fixed_ip_address=10.100.0.9&port_id=7b8687fc-0c42-4567-92b2-3ffd14c525d9 HTTP/1.1" status: 200 len: 1059 time: 0.0455453
2026-08-04 16:38:02.605 9 INFO neutron.wsgi [None req-d0ffea54-700e-4b54-bcb2-151c63e41892 d5867e2ccba9447db1c50aa0b7871135 6ec4ecb5933647d1accc41abf0065313 - - - -] 10.0.0.167 "DELETE /v2.0/subnets/b9c1f5a0-2b4c-4f12-b7bb-26367da4be43 HTTP/1.1" status: 204 len: 168 time: 0.2999315
2026-08-04 16:38:02.645 10 INFO neutron.wsgi [req-422c28f7-551f-4864-a455-0d09ac444154 req-2ab4c2d8-d8c6-42b5-8fb8-d177fa77fb12 3b097d311a4a4c638583644899515cab 4c787b13fdd14d349750e6d5144fb437 - - 5542a1e84d6847768ce2ec334b584dc7 5542a1e84d6847768ce2ec334b584dc7] 199.19.213.137 "GET /v2.0/subnets?id=ff80c4cb-109d-40d3-a624-a18cba354ed6 HTTP/1.1" status: 200 len: 877 time: 0.0333219
2026-08-04 16:38:02.680 10 INFO neutron.wsgi [req-422c28f7-551f-4864-a455-0d09ac444154 req-ff40e2aa-8d99-4338-a74e-e9daae9e17b3 3b097d311a4a4c638583644899515cab 4c787b13fdd14d349750e6d5144fb437 - - 5542a1e84d6847768ce2ec334b584dc7 5542a1e84d6847768ce2ec334b584dc7] 199.19.213.137 "GET /v2.0/ports?network_id=5ce1134e-3a4e-49f9-b2c4-0a66b854de78&device_owner=network%3Adhcp HTTP/1.1" status: 200 len: 210 time: 0.0244339
2026-08-04 16:38:02.778 10 INFO neutron.wsgi [req-422c28f7-551f-4864-a455-0d09ac444154 req-8755cd49-8b79-41b2-aa67-a47a332ee4be 3b097d311a4a4c638583644899515cab 4c787b13fdd14d349750e6d5144fb437 - - 5542a1e84d6847768ce2ec334b584dc7 5542a1e84d6847768ce2ec334b584dc7] 199.19.213.137 "GET /v2.0/networks/5ce1134e-3a4e-49f9-b2c4-0a66b854de78?fields=segments HTTP/1.1" status: 200 len: 212 time: 0.0930719
2026-08-04 16:38:02.857 10 INFO neutron.wsgi [req-422c28f7-551f-4864-a455-0d09ac444154 req-889ccd14-7f26-48ba-84e1-b7f5fdfe0346 3b097d311a4a4c638583644899515cab 4c787b13fdd14d349750e6d5144fb437 - - 5542a1e84d6847768ce2ec334b584dc7 5542a1e84d6847768ce2ec334b584dc7] 199.19.213.137 "GET /v2.0/networks/5ce1134e-3a4e-49f9-b2c4-0a66b854de78?fields=provider%3Aphysical_network&fields=provider%3Anetwork_type HTTP/1.1" status: 200 len: 277 time: 0.0696335
2026-08-04 16:38:02.957 10 INFO neutron.wsgi [req-18814e12-6148-44b5-9831-1da8735b29ca req-d4bdd006-afd8-4f55-8186-e36408af06e4 3b097d311a4a4c638583644899515cab 4c787b13fdd14d349750e6d5144fb437 - - 5542a1e84d6847768ce2ec334b584dc7 5542a1e84d6847768ce2ec334b584dc7] 199.19.213.137 "GET /v2.0/ports?tenant_id=45492bb1d0154d5b96d0dd35cc77cd8e&device_id=3c201e0c-7e2a-4961-8038-6c69f588baea HTTP/1.1" status: 200 len: 1361 time: 0.0466521
2026-08-04 16:38:03.035 10 INFO neutron.wsgi [req-18814e12-6148-44b5-9831-1da8735b29ca req-0ccb27ad-78e9-4101-96f6-853d2a5db3b3 3b097d311a4a4c638583644899515cab 4c787b13fdd14d349750e6d5144fb437 - - 5542a1e84d6847768ce2ec334b584dc7 5542a1e84d6847768ce2ec334b584dc7] 199.19.213.137 "GET /v2.0/networks?id=5ce1134e-3a4e-49f9-b2c4-0a66b854de78 HTTP/1.1" status: 200 len: 981 time: 0.0691011
2026-08-04 16:38:03.097 10 INFO neutron.wsgi [req-18814e12-6148-44b5-9831-1da8735b29ca req-204b2296-eab4-4382-8f81-aa63f4371562 3b097d311a4a4c638583644899515cab 4c787b13fdd14d349750e6d5144fb437 - - 5542a1e84d6847768ce2ec334b584dc7 5542a1e84d6847768ce2ec334b584dc7] 199.19.213.137 "GET /v2.0/floatingips?fixed_ip_address=10.100.0.9&port_id=7b8687fc-0c42-4567-92b2-3ffd14c525d9 HTTP/1.1" status: 200 len: 1059 time: 0.0522199
2026-08-04 16:38:03.141 9 INFO neutron.wsgi [None req-8bf3a31d-aa30-47ac-a632-974ac973f298 d5867e2ccba9447db1c50aa0b7871135 6ec4ecb5933647d1accc41abf0065313 - - - -] 10.0.0.167 "DELETE /v2.0/networks/c3fd87a2-5b68-4aea-987f-00750d2a60f4 HTTP/1.1" status: 204 len: 168 time: 0.5309076
2026-08-04 16:38:03.167 10 INFO neutron.wsgi [req-18814e12-6148-44b5-9831-1da8735b29ca req-8fc6c6fa-6d77-4994-8368-7f71508a27d8 3b097d311a4a4c638583644899515cab 4c787b13fdd14d349750e6d5144fb437 - - 5542a1e84d6847768ce2ec334b584dc7 5542a1e84d6847768ce2ec334b584dc7] 199.19.213.137 "GET /v2.0/subnets?id=ff80c4cb-109d-40d3-a624-a18cba354ed6 HTTP/1.1" status: 200 len: 877 time: 0.0615594
2026-08-04 16:38:03.200 10 INFO neutron.wsgi [req-18814e12-6148-44b5-9831-1da8735b29ca req-a1c5b8a2-1b93-47a6-b394-adc59bdd96c0 3b097d311a4a4c638583644899515cab 4c787b13fdd14d349750e6d5144fb437 - - 5542a1e84d6847768ce2ec334b584dc7 5542a1e84d6847768ce2ec334b584dc7] 199.19.213.137 "GET /v2.0/ports?network_id=5ce1134e-3a4e-49f9-b2c4-0a66b854de78&device_owner=network%3Adhcp HTTP/1.1" status: 200 len: 210 time: 0.0277317
2026-08-04 16:38:03.267 10 INFO neutron.wsgi [req-18814e12-6148-44b5-9831-1da8735b29ca req-10caf51c-7909-45f9-89ab-7bca7ba5e5ba 3b097d311a4a4c638583644899515cab 4c787b13fdd14d349750e6d5144fb437 - - 5542a1e84d6847768ce2ec334b584dc7 5542a1e84d6847768ce2ec334b584dc7] 199.19.213.137 "GET /v2.0/networks/5ce1134e-3a4e-49f9-b2c4-0a66b854de78?fields=segments HTTP/1.1" status: 200 len: 212 time: 0.0628786
2026-08-04 16:38:03.319 9 INFO neutron.wsgi [None req-c82f37ab-e6a4-4478-a581-436e0d5fa3bd d5867e2ccba9447db1c50aa0b7871135 6ec4ecb5933647d1accc41abf0065313 - - default default] 10.0.0.167 "GET /v2.0/security-groups?tenant_id=d0f464190a4f4cc1a88b2b1440b70bcc&name=default HTTP/1.1" status: 200 len: 2996 time: 0.0329740
2026-08-04 16:38:03.336 10 INFO neutron.wsgi [req-18814e12-6148-44b5-9831-1da8735b29ca req-8f19373c-cc02-46a5-b919-0152abf49bf9 3b097d311a4a4c638583644899515cab 4c787b13fdd14d349750e6d5144fb437 - - 5542a1e84d6847768ce2ec334b584dc7 5542a1e84d6847768ce2ec334b584dc7] 199.19.213.137 "GET /v2.0/networks/5ce1134e-3a4e-49f9-b2c4-0a66b854de78?fields=provider%3Aphysical_network&fields=provider%3Anetwork_type HTTP/1.1" status: 200 len: 277 time: 0.0625935
2026-08-04 16:38:03.566 9 INFO neutron.wsgi [None req-b886a441-ff34-4d7a-9439-2ba86af1e5ae d5867e2ccba9447db1c50aa0b7871135 6ec4ecb5933647d1accc41abf0065313 - - - -] 10.0.0.167 "DELETE /v2.0/security-groups/29176d30-6338-45b0-94ec-0716abfd6e83 HTTP/1.1" status: 204 len: 168 time: 0.2397532
2026-08-04 16:38:03.567 9 INFO neutron.services.segments.plugin [-] Segment 64048438-1329-4b84-a33c-fb393c00eb82 resource provider aggregate not found
2026-08-04 16:38:03.578 9 INFO neutron.services.segments.plugin [-] Segment 64048438-1329-4b84-a33c-fb393c00eb82 resource provider aggregate not found
2026-08-04 16:38:03.588 9 INFO neutron.services.segments.plugin [-] Segment 64048438-1329-4b84-a33c-fb393c00eb82 resource provider not found; error: Placement Client Error (4xx): {"errors": [{"status": 404, "title": "Not Found", "detail": "The resource could not be found.\n\n No resource provider with uuid 64048438-1329-4b84-a33c-fb393c00eb82 found for delete ", "request_id": "req-e9caa20a-b53e-4633-97ba-ba70db53d28b"}]}
2026-08-04 16:38:03.595 9 INFO neutron.services.segments.plugin [-] Segment 64048438-1329-4b84-a33c-fb393c00eb82 resource provider not found; error: Placement Client Error (4xx): {"errors": [{"status": 404, "title": "Not Found", "detail": "The resource could not be found.\n\n No resource provider with uuid 64048438-1329-4b84-a33c-fb393c00eb82 found for delete ", "request_id": "req-90f2a0a0-fdae-4b40-9c79-18fb6d6e98dd"}]}
2026-08-04 16:38:03.947 9 INFO neutron.plugins.ml2.drivers.ovn.mech_driver.mech_driver [None req-bf202515-1b3a-4823-9d5f-3cd274afef13 - - - - - -] OVN reports status down for port: 7b8687fc-0c42-4567-92b2-3ffd14c525d9
2026-08-04 16:38:04.029 9 INFO neutron.wsgi [req-82d3ba72-d349-4f5e-a3c6-7311035cbe17 req-849292b6-5774-4ae4-9c30-e78f77526e7c 94beb1c0deda49459b59a8e4aa8f0590 45492bb1d0154d5b96d0dd35cc77cd8e - - default default] 10.0.0.245 "GET /v2.0/ports?device_id=3c201e0c-7e2a-4961-8038-6c69f588baea HTTP/1.1" status: 200 len: 1170 time: 0.1158416
2026-08-04 16:38:04.106 9 INFO neutron.wsgi [req-82d3ba72-d349-4f5e-a3c6-7311035cbe17 req-3f82812e-9f07-4a04-97a7-9ecc8d6f937c 94beb1c0deda49459b59a8e4aa8f0590 45492bb1d0154d5b96d0dd35cc77cd8e - - default default] 10.0.0.245 "GET /v2.0/security-groups?id=83cd799c-ef39-4110-93a7-df80241dffd2&fields=id&fields=name HTTP/1.1" status: 200 len: 313 time: 0.0649810
2026-08-04 16:38:04.126 9 INFO neutron.notifiers.nova [-] Nova event matching ['req-644f6542-7f5c-4f29-b1ea-8ffba46b5c17'] response: {'server_uuid': '3c201e0c-7e2a-4961-8038-6c69f588baea', 'name': 'network-vif-unplugged', 'status': 'completed', 'tag': '7b8687fc-0c42-4567-92b2-3ffd14c525d9', 'code': 200}
2026-08-04 16:38:04.280 9 INFO neutron.db.ovn_revision_numbers_db [None req-bf202515-1b3a-4823-9d5f-3cd274afef13 - - - - - -] Successfully bumped revision number for resource 7b8687fc-0c42-4567-92b2-3ffd14c525d9 (type: ports) to 7
2026-08-04 16:38:04.369 10 INFO neutron.wsgi [req-6bbad23e-ac47-4cfb-8a06-60ddc2d16972 req-6b11f39e-9679-4c46-9877-60117b79fd97 94beb1c0deda49459b59a8e4aa8f0590 45492bb1d0154d5b96d0dd35cc77cd8e - - default default] 199.19.213.137 "GET /v2.0/ports?device_id=3c201e0c-7e2a-4961-8038-6c69f588baea HTTP/1.1" status: 200 len: 1168 time: 0.1005828
2026-08-04 16:38:04.720 10 INFO neutron.db.l3_db [None req-03147952-5ab8-4542-b53f-f7afe5d91449 94beb1c0deda49459b59a8e4aa8f0590 45492bb1d0154d5b96d0dd35cc77cd8e - - - -] Floating IP da018efd-cf54-432b-b248-ca2715103de2 disassociated. External IP: 10.96.250.212, port: 7b8687fc-0c42-4567-92b2-3ffd14c525d9. /var/lib/openstack/lib/python3.10/site-packages/pycadf/identifier.py:71: UserWarning: Invalid uuid: neutron. To ensure interoperability, identifiers should be a valid uuid. warnings.warn(('Invalid uuid: %s. To ensure interoperability, '
2026-08-04 16:38:04.937 10 INFO neutron.wsgi [None req-03147952-5ab8-4542-b53f-f7afe5d91449 94beb1c0deda49459b59a8e4aa8f0590 45492bb1d0154d5b96d0dd35cc77cd8e - - - -] 199.19.213.137 "DELETE /v2.0/ports/7b8687fc-0c42-4567-92b2-3ffd14c525d9 HTTP/1.1" status: 204 len: 173 time: 0.5619154
2026-08-04 16:38:04.984 10 INFO neutron.notifiers.nova [-] Nova event matching ['req-531fc8ac-a69d-49a3-9576-c8c4c4506de8'] response: {'server_uuid': '3c201e0c-7e2a-4961-8038-6c69f588baea', 'name': 'network-vif-deleted', 'tag': '7b8687fc-0c42-4567-92b2-3ffd14c525d9', 'status': 'completed', 'code': 200}
2026-08-04 16:38:05.045 9 INFO neutron.db.ovn_revision_numbers_db [None req-e75885bd-7d1f-4936-8728-54a712fe9915 d5867e2ccba9447db1c50aa0b7871135 6ec4ecb5933647d1accc41abf0065313 - - default default] Successfully bumped revision number for resource aaec3474-1b32-4923-976c-b792a692ebde (type: security_groups) to 1
2026-08-04 16:38:05.071 9 INFO neutron.wsgi [None req-e75885bd-7d1f-4936-8728-54a712fe9915 d5867e2ccba9447db1c50aa0b7871135 6ec4ecb5933647d1accc41abf0065313 - - default default] 10.0.0.167 "GET /v2.0/security-groups?tenant_id=73fd4d272fb74bf88ef1d4157e4c2ea3&name=default HTTP/1.1" status: 200 len: 2996 time: 0.3265090 /var/lib/openstack/lib/python3.10/site-packages/pycadf/identifier.py:71: UserWarning: Invalid uuid: neutron. To ensure interoperability, identifiers should be a valid uuid. warnings.warn(('Invalid uuid: %s. To ensure interoperability, '
2026-08-04 16:38:05.213 10 INFO neutron.wsgi [req-406b0984-d73a-4d3a-ab11-dbc8f97123db req-bab35856-4eb2-4d58-834d-392f39d78ee7 94beb1c0deda49459b59a8e4aa8f0590 45492bb1d0154d5b96d0dd35cc77cd8e - - default default] 10.0.0.245 "GET /v2.0/ports?device_id=3c201e0c-7e2a-4961-8038-6c69f588baea HTTP/1.1" status: 200 len: 210 time: 0.0299382
2026-08-04 16:38:05.263 9 INFO neutron.wsgi [None req-50af79d7-fc01-417d-ad0f-4a71e9b0335c d5867e2ccba9447db1c50aa0b7871135 6ec4ecb5933647d1accc41abf0065313 - - - -] 10.0.0.167 "DELETE /v2.0/security-groups/aaec3474-1b32-4923-976c-b792a692ebde HTTP/1.1" status: 204 len: 168 time: 0.1866860
2026-08-04 16:38:06.162 9 INFO neutron.notifiers.nova [-] Nova event matching ['req-d99b78e1-e061-43ee-9600-6369963689e2'] response: {'server_uuid': '3c201e0c-7e2a-4961-8038-6c69f588baea', 'name': 'network-vif-plugged', 'status': 'completed', 'tag': '7b8687fc-0c42-4567-92b2-3ffd14c525d9', 'code': 200}
2026-08-04 16:38:06.425 10 INFO neutron.wsgi [None req-593fb863-d21c-4e4e-a823-3997c4c46573 94beb1c0deda49459b59a8e4aa8f0590 45492bb1d0154d5b96d0dd35cc77cd8e - - - -] 10.0.0.167 "DELETE /v2.0/security-groups/83cd799c-ef39-4110-93a7-df80241dffd2 HTTP/1.1" status: 204 len: 168 time: 0.1280215
2026-08-04 16:38:06.449 10 INFO neutron.api.v2.resource [None req-43da9c69-c4ca-4482-a281-a7742453e3bb 94beb1c0deda49459b59a8e4aa8f0590 45492bb1d0154d5b96d0dd35cc77cd8e - - default default] show failed (client error): The resource could not be found.
2026-08-04 16:38:06.450 10 INFO neutron.wsgi [None req-43da9c69-c4ca-4482-a281-a7742453e3bb 94beb1c0deda49459b59a8e4aa8f0590 45492bb1d0154d5b96d0dd35cc77cd8e - - default default] 10.0.0.167 "GET /v2.0/security-groups/83cd799c-ef39-4110-93a7-df80241dffd2 HTTP/1.1" status: 404 len: 347 time: 0.0175843
2026-08-04 16:38:06.806 10 INFO neutron.wsgi [None req-c3989c47-4afb-45ba-87b1-f80671a1d220 94beb1c0deda49459b59a8e4aa8f0590 45492bb1d0154d5b96d0dd35cc77cd8e - - - -] 10.0.0.167 "DELETE /v2.0/floatingips/da018efd-cf54-432b-b248-ca2715103de2 HTTP/1.1" status: 204 len: 168 time: 0.3521464
2026-08-04 16:38:07.450 9 INFO neutron.wsgi [None req-0b5928fc-b980-4005-9d2c-f253e28ac70b 741a7aaf0aed4bb2897b117ba9e7df31 0568f8ba71ea40da88aa811e44b95afb - - default default] 10.0.0.167 "GET /v2.0/extensions HTTP/1.1" status: 200 len: 16520 time: 0.2635305
2026-08-04 16:38:07.476 9 INFO neutron.wsgi [None req-071d7c9e-2cac-4923-b339-eb8f5bb3bf29 741a7aaf0aed4bb2897b117ba9e7df31 0568f8ba71ea40da88aa811e44b95afb - - default default] 10.0.0.167 "GET /v2.0/extensions/address-group HTTP/1.1" status: 200 len: 353 time: 0.0136769
2026-08-04 16:38:07.485 9 INFO neutron.wsgi [None req-cad1c197-ed5d-4538-9f9a-0704ed171e6e 741a7aaf0aed4bb2897b117ba9e7df31 0568f8ba71ea40da88aa811e44b95afb - - default default] 10.0.0.167 "GET /v2.0/extensions/address-scope HTTP/1.1" status: 200 len: 357 time: 0.0046523
2026-08-04 16:38:07.494 9 INFO neutron.wsgi [None req-7b2b9851-c4e9-4bce-a82c-b93e904a018b 741a7aaf0aed4bb2897b117ba9e7df31 0568f8ba71ea40da88aa811e44b95afb - - default default] 10.0.0.167 "GET /v2.0/extensions/agent HTTP/1.1" status: 200 len: 347 time: 0.0042613
2026-08-04 16:38:07.504 9 INFO neutron.wsgi [None req-dce8402a-2688-4fe6-beb8-54273674c356 741a7aaf0aed4bb2897b117ba9e7df31 0568f8ba71ea40da88aa811e44b95afb - - default default] 10.0.0.167 "GET /v2.0/extensions/allowed-address-pairs HTTP/1.1" status: 200 len: 378 time: 0.0054624
2026-08-04 16:38:07.516 9 INFO neutron.wsgi [None req-38d9dc89-be76-4652-9694-34f699e60e93 741a7aaf0aed4bb2897b117ba9e7df31 0568f8ba71ea40da88aa811e44b95afb - - default default] 10.0.0.167 "GET /v2.0/extensions/auto-allocated-topology HTTP/1.1" status: 200 len: 394 time: 0.0067894
2026-08-04 16:38:07.526 9 INFO neutron.wsgi [None req-fe7bb254-5f2e-4d51-bb40-22680d970ba4 741a7aaf0aed4bb2897b117ba9e7df31 0568f8ba71ea40da88aa811e44b95afb - - default default] 10.0.0.167 "GET /v2.0/extensions/availability_zone HTTP/1.1" status: 200 len: 372 time: 0.0054286
2026-08-04 16:38:07.538 9 INFO neutron.wsgi [None req-0a8a263c-a7ba-40f1-80d3-057f3878a230 741a7aaf0aed4bb2897b117ba9e7df31 0568f8ba71ea40da88aa811e44b95afb - - default default] 10.0.0.167 "GET /v2.0/extensions/default-subnetpools HTTP/1.1" status: 200 len: 405 time: 0.0067377
2026-08-04 16:38:07.546 9 INFO neutron.wsgi [None req-5b214c70-e181-4ca7-a5ef-cad911a72d18 741a7aaf0aed4bb2897b117ba9e7df31 0568f8ba71ea40da88aa811e44b95afb - - default default] 10.0.0.167 "GET /v2.0/extensions/dhcp_agent_scheduler HTTP/1.1" status: 200 len: 381 time: 0.0046816
2026-08-04 16:38:07.555 9 INFO neutron.wsgi [None req-fb3d4c34-0225-4254-a877-cfb775845493 741a7aaf0aed4bb2897b117ba9e7df31 0568f8ba71ea40da88aa811e44b95afb - - default default] 10.0.0.167 "GET /v2.0/extensions/dns-integration HTTP/1.1" status: 200 len: 366 time: 0.0045002
2026-08-04 16:38:07.568 9 INFO neutron.wsgi [None req-4113624d-8d15-4fb6-a41b-fb996150b881 741a7aaf0aed4bb2897b117ba9e7df31 0568f8ba71ea40da88aa811e44b95afb - - default default] 10.0.0.167 "GET /v2.0/extensions/dns-domain-ports HTTP/1.1" status: 200 len: 399 time: 0.0054345
2026-08-04 16:38:07.578 9 INFO neutron.wsgi [None req-bc086d5d-2a6a-44ef-abd7-45712ab5404b 741a7aaf0aed4bb2897b117ba9e7df31 0568f8ba71ea40da88aa811e44b95afb - - default default] 10.0.0.167 "GET /v2.0/extensions/dns-integration-domain-keywords HTTP/1.1" status: 200 len: 477 time: 0.0056949
2026-08-04 16:38:07.585 9 INFO neutron.wsgi [None req-8d82e8a5-80bb-46d7-86f3-86696869d7f8 741a7aaf0aed4bb2897b117ba9e7df31 0568f8ba71ea40da88aa811e44b95afb - - default default] 10.0.0.167 "GET /v2.0/extensions/external-net HTTP/1.1" status: 200 len: 394 time: 0.0036640
2026-08-04 16:38:07.593 9 INFO neutron.wsgi [None req-48208523-5e67-4f6d-89f3-bbc0c8349509 741a7aaf0aed4bb2897b117ba9e7df31 0568f8ba71ea40da88aa811e44b95afb - - default default] 10.0.0.167 "GET /v2.0/extensions/extra_dhcp_opt HTTP/1.1" status: 200 len: 498 time: 0.0047112
2026-08-04 16:38:07.613 9 INFO neutron.wsgi [None req-0d911710-3ee2-43dc-85ad-308554219933 741a7aaf0aed4bb2897b117ba9e7df31 0568f8ba71ea40da88aa811e44b95afb - - default default] 10.0.0.167 "GET /v2.0/extensions/extraroute HTTP/1.1" status: 200 len: 375 time: 0.0167074
2026-08-04 16:38:07.623 9 INFO neutron.wsgi [None req-5e2ecdf9-6201-4de9-961c-53706a6bb2fa 741a7aaf0aed4bb2897b117ba9e7df31 0568f8ba71ea40da88aa811e44b95afb - - default default] 10.0.0.167 "GET /v2.0/extensions/filter-validation HTTP/1.1" status: 200 len: 392 time: 0.0052686
2026-08-04 16:38:07.635 9 INFO neutron.wsgi [None req-8dac8704-c840-4a82-a729-3c81c62d29f3 741a7aaf0aed4bb2897b117ba9e7df31 0568f8ba71ea40da88aa811e44b95afb - - default default] 10.0.0.167 "GET /v2.0/extensions/floating-ip-port-forwarding-detail HTTP/1.1" status: 200 len: 465 time: 0.0072057
2026-08-04 16:38:07.644 9 INFO neutron.wsgi [None req-9cd14444-d522-42bd-bed1-529623de45b4 741a7aaf0aed4bb2897b117ba9e7df31 0568f8ba71ea40da88aa811e44b95afb - - default default] 10.0.0.167 "GET /v2.0/extensions/fip-port-details HTTP/1.1" status: 200 len: 406 time: 0.0053136
2026-08-04 16:38:07.654 9 INFO neutron.wsgi [None req-7a7276a9-9846-4cdb-96cd-59e1d747f617 741a7aaf0aed4bb2897b117ba9e7df31 0568f8ba71ea40da88aa811e44b95afb - - default default] 10.0.0.167 "GET /v2.0/extensions/flavors HTTP/1.1" status: 200 len: 387 time: 0.0048821
2026-08-04 16:38:07.665 9 INFO neutron.wsgi [None req-054b7dc4-f5cb-4642-918b-32c4adec4943 741a7aaf0aed4bb2897b117ba9e7df31 0568f8ba71ea40da88aa811e44b95afb - - default default] 10.0.0.167 "GET /v2.0/extensions/floatingip-pools HTTP/1.1" status: 200 len: 382 time: 0.0055702
2026-08-04 16:38:07.673 9 INFO neutron.wsgi [None req-69e7595a-a87f-4546-a926-b5803b2d3afc 741a7aaf0aed4bb2897b117ba9e7df31 0568f8ba71ea40da88aa811e44b95afb - - default default] 10.0.0.167 "GET /v2.0/extensions/ip_allocation HTTP/1.1" status: 200 len: 356 time: 0.0046630
2026-08-04 16:38:07.682 9 INFO neutron.wsgi [None req-498fb1e0-51c6-477d-8bb3-6f46bc507eb9 741a7aaf0aed4bb2897b117ba9e7df31 0568f8ba71ea40da88aa811e44b95afb - - default default] 10.0.0.167 "GET /v2.0/extensions/l2_adjacency HTTP/1.1" status: 200 len: 372 time: 0.0044513
2026-08-04 16:38:07.692 9 INFO neutron.wsgi [None req-43f69675-3c06-4a04-aead-01131bbdfa50 741a7aaf0aed4bb2897b117ba9e7df31 0568f8ba71ea40da88aa811e44b95afb - - default default] 10.0.0.167 "GET /v2.0/extensions/router HTTP/1.1" status: 200 len: 450 time: 0.0043721
2026-08-04 16:38:07.702 9 INFO neutron.wsgi [None req-be2848f6-51c3-4bb6-a5fc-d427ed123d34 741a7aaf0aed4bb2897b117ba9e7df31 0568f8ba71ea40da88aa811e44b95afb - - default default] 10.0.0.167 "GET /v2.0/extensions/ext-gw-mode HTTP/1.1" status: 200 len: 462 time: 0.0045619
2026-08-04 16:38:07.709 9 INFO neutron.wsgi [None req-c121cf2f-d817-4200-9b5d-83de3c0166cb 741a7aaf0aed4bb2897b117ba9e7df31 0568f8ba71ea40da88aa811e44b95afb - - default default] 10.0.0.167 "GET /v2.0/extensions/logging HTTP/1.1" status: 200 len: 407 time: 0.0039780
2026-08-04 16:38:07.722 9 INFO neutron.wsgi [None req-8b4f2c21-dea3-48d8-a81f-1877cfdf5e7a 741a7aaf0aed4bb2897b117ba9e7df31 0568f8ba71ea40da88aa811e44b95afb - - default default] 10.0.0.167 "GET /v2.0/extensions/multi-provider HTTP/1.1" status: 200 len: 406 time: 0.0070453
2026-08-04 16:38:07.731 9 INFO neutron.wsgi [None req-da1294d4-e8dc-40a9-a82e-8d25f796397b 741a7aaf0aed4bb2897b117ba9e7df31 0568f8ba71ea40da88aa811e44b95afb - - default default] 10.0.0.167 "GET /v2.0/extensions/net-mtu HTTP/1.1" status: 200 len: 370 time: 0.0049114
2026-08-04 16:38:07.757 10 INFO neutron.wsgi [None req-f13ff3dc-9b96-411d-a831-1b992bb263c6 741a7aaf0aed4bb2897b117ba9e7df31 0568f8ba71ea40da88aa811e44b95afb - - default default] 10.0.0.167 "GET /v2.0/extensions/net-mtu-writable HTTP/1.1" status: 200 len: 401 time: 0.0065358
2026-08-04 16:38:07.770 9 INFO neutron.wsgi [None req-57aa15ba-51d9-4087-ac58-7d3ff8148b38 741a7aaf0aed4bb2897b117ba9e7df31 0568f8ba71ea40da88aa811e44b95afb - - default default] 10.0.0.167 "GET /v2.0/extensions/network_availability_zone HTTP/1.1" status: 200 len: 394 time: 0.0075364
2026-08-04 16:38:07.779 9 INFO neutron.wsgi [None req-5391c31e-2374-4c65-997b-b6efc2e22771 741a7aaf0aed4bb2897b117ba9e7df31 0568f8ba71ea40da88aa811e44b95afb - - default default] 10.0.0.167 "GET /v2.0/extensions/network-ip-availability HTTP/1.1" status: 200 len: 410 time: 0.0054643
2026-08-04 16:38:07.789 9 INFO neutron.wsgi [None req-0c515da9-be91-4a67-b5f6-08850b4a64da 741a7aaf0aed4bb2897b117ba9e7df31 0568f8ba71ea40da88aa811e44b95afb - - default default] 10.0.0.167 "GET /v2.0/extensions/pagination HTTP/1.1" status: 200 len: 386 time: 0.0051520
2026-08-04 16:38:07.805 10 INFO neutron.wsgi [None req-d43fe2d0-a24b-47e6-ad4d-b7e0395a7a97 741a7aaf0aed4bb2897b117ba9e7df31 0568f8ba71ea40da88aa811e44b95afb - - default default] 10.0.0.167 "GET /v2.0/extensions/port-device-profile HTTP/1.1" status: 200 len: 383 time: 0.0115728
2026-08-04 16:38:07.815 10 INFO neutron.wsgi [None req-1d8747ea-625b-47ad-a211-7c13eaeca2f0 741a7aaf0aed4bb2897b117ba9e7df31 0568f8ba71ea40da88aa811e44b95afb - - default default] 10.0.0.167 "GET /v2.0/extensions/port-mac-address-regenerate HTTP/1.1" status: 200 len: 403 time: 0.0044827
2026-08-04 16:38:07.827 9 INFO neutron.wsgi [None req-4e7e3b41-cbeb-46a6-921f-27bb4118653b 741a7aaf0aed4bb2897b117ba9e7df31 0568f8ba71ea40da88aa811e44b95afb - - default default] 10.0.0.167 "GET /v2.0/extensions/port-numa-affinity-policy HTTP/1.1" status: 200 len: 392 time: 0.0053234
2026-08-04 16:38:07.839 9 INFO neutron.wsgi [None req-060cdda5-dc90-4523-95b7-b100622b0af7 741a7aaf0aed4bb2897b117ba9e7df31 0568f8ba71ea40da88aa811e44b95afb - - default default] 10.0.0.167 "GET /v2.0/extensions/port-resource-request HTTP/1.1" status: 200 len: 379 time: 0.0083251
2026-08-04 16:38:07.855 10 INFO neutron.wsgi [None req-f6e37754-bb7c-46e7-88c2-d6408f30987b 741a7aaf0aed4bb2897b117ba9e7df31 0568f8ba71ea40da88aa811e44b95afb - - default default] 10.0.0.167 "GET /v2.0/extensions/port-resource-request-groups HTTP/1.1" status: 200 len: 465 time: 0.0100174
2026-08-04 16:38:07.866 9 INFO neutron.wsgi [None req-d3d54d5d-0cb6-4d7e-a886-65b3b80b0cb2 741a7aaf0aed4bb2897b117ba9e7df31 0568f8ba71ea40da88aa811e44b95afb - - default default] 10.0.0.167 "GET /v2.0/extensions/binding HTTP/1.1" status: 200 len: 387 time: 0.0060916
2026-08-04 16:38:07.877 10 INFO neutron.wsgi [None req-f03fdc30-3ba0-4d2b-ad03-8653d0bbaa4b 741a7aaf0aed4bb2897b117ba9e7df31 0568f8ba71ea40da88aa811e44b95afb - - default default] 10.0.0.167 "GET /v2.0/extensions/binding-extended HTTP/1.1" status: 200 len: 406 time: 0.0061054
2026-08-04 16:38:07.892 9 INFO neutron.wsgi [None req-302d6ec1-80be-466b-b7bf-fd731238c5e4 741a7aaf0aed4bb2897b117ba9e7df31 0568f8ba71ea40da88aa811e44b95afb - - default default] 10.0.0.167 "GET /v2.0/extensions/port-security HTTP/1.1" status: 200 len: 354 time: 0.0097280
2026-08-04 16:38:07.903 10 INFO neutron.wsgi [None req-1480fef0-fae6-4a26-88b8-35e5f58be35f 741a7aaf0aed4bb2897b117ba9e7df31 0568f8ba71ea40da88aa811e44b95afb - - default default] 10.0.0.167 "GET /v2.0/extensions/project-id HTTP/1.1" status: 200 len: 398 time: 0.0058441
2026-08-04 16:38:07.925 10 INFO neutron.wsgi [None req-77972789-2a03-46d0-9aab-705ddacfdf74 741a7aaf0aed4bb2897b117ba9e7df31 0568f8ba71ea40da88aa811e44b95afb - - default default] 10.0.0.167 "GET /v2.0/extensions/provider HTTP/1.1" status: 200 len: 385 time: 0.0158622
2026-08-04 16:38:07.938 9 INFO neutron.wsgi [None req-a00c651e-f8ea-4681-ba6f-dcef15bdc9e2 741a7aaf0aed4bb2897b117ba9e7df31 0568f8ba71ea40da88aa811e44b95afb - - default default] 10.0.0.167 "GET /v2.0/extensions/qos HTTP/1.1" status: 200 len: 360 time: 0.0070043
2026-08-04 16:38:07.949 9 INFO neutron.wsgi [None req-f19867bb-5700-4ac1-95f1-61772a0c5139 741a7aaf0aed4bb2897b117ba9e7df31 0568f8ba71ea40da88aa811e44b95afb - - default default] 10.0.0.167 "GET /v2.0/extensions/qos-bw-limit-direction HTTP/1.1" status: 200 len: 452 time: 0.0062561
2026-08-04 16:38:07.956 9 INFO neutron.wsgi [None req-2698ac07-1286-4f4f-9a22-0a23694ba290 741a7aaf0aed4bb2897b117ba9e7df31 0568f8ba71ea40da88aa811e44b95afb - - default default] 10.0.0.167 "GET /v2.0/extensions/qos-bw-minimum-ingress HTTP/1.1" status: 200 len: 445 time: 0.0043342
2026-08-04 16:38:07.966 9 INFO neutron.wsgi [None req-688907f8-998d-47af-81e4-f2d024130200 741a7aaf0aed4bb2897b117ba9e7df31 0568f8ba71ea40da88aa811e44b95afb - - default default] 10.0.0.167 "GET /v2.0/extensions/qos-default HTTP/1.1" status: 200 len: 377 time: 0.0052323
2026-08-04 16:38:07.975 9 INFO neutron.wsgi [None req-63931ff0-bb82-4acf-979a-06644f0ab225 741a7aaf0aed4bb2897b117ba9e7df31 0568f8ba71ea40da88aa811e44b95afb - - default default] 10.0.0.167 "GET /v2.0/extensions/qos-fip HTTP/1.1" status: 200 len: 372 time: 0.0046051
2026-08-04 16:38:07.987 9 INFO neutron.wsgi [None req-aabc176c-40d8-4ada-9a88-32f7524fcc75 741a7aaf0aed4bb2897b117ba9e7df31 0568f8ba71ea40da88aa811e44b95afb - - default default] 10.0.0.167 "GET /v2.0/extensions/qos-gateway-ip HTTP/1.1" status: 200 len: 391 time: 0.0068526
2026-08-04 16:38:07.998 9 INFO neutron.wsgi [None req-9155c867-486d-43ff-9945-1c051cacf9d0 741a7aaf0aed4bb2897b117ba9e7df31 0568f8ba71ea40da88aa811e44b95afb - - default default] 10.0.0.167 "GET /v2.0/extensions/qos-port-network-policy HTTP/1.1" status: 200 len: 403 time: 0.0052919
2026-08-04 16:38:08.014 9 INFO neutron.wsgi [None req-66c4add7-8409-4754-8a68-4978f68a2c2a 741a7aaf0aed4bb2897b117ba9e7df31 0568f8ba71ea40da88aa811e44b95afb - - default default] 10.0.0.167 "GET /v2.0/extensions/qos-pps-minimum HTTP/1.1" status: 200 len: 397 time: 0.0112562
2026-08-04 16:38:08.024 9 INFO neutron.wsgi [None req-73eea284-2545-47a1-bc96-635733d499eb 741a7aaf0aed4bb2897b117ba9e7df31 0568f8ba71ea40da88aa811e44b95afb - - default default] 10.0.0.167 "GET /v2.0/extensions/qos-pps-minimum-rule-alias HTTP/1.1" status: 200 len: 471 time: 0.0051219
2026-08-04 16:38:08.032 9 INFO neutron.wsgi [None req-2cef0753-156e-44c7-9f9b-fd656f613953 741a7aaf0aed4bb2897b117ba9e7df31 0568f8ba71ea40da88aa811e44b95afb - - default default] 10.0.0.167 "GET /v2.0/extensions/qos-pps HTTP/1.1" status: 200 len: 389 time: 0.0047998
2026-08-04 16:38:08.040 9 INFO neutron.wsgi [None req-96ea8532-e09f-4f77-9a58-8fd4aac5d59d 741a7aaf0aed4bb2897b117ba9e7df31 0568f8ba71ea40da88aa811e44b95afb - - default default] 10.0.0.167 "GET /v2.0/extensions/qos-rule-type-details HTTP/1.1" status: 200 len: 423 time: 0.0043888
2026-08-04 16:38:08.055 9 INFO neutron.wsgi [None req-4d985760-04e7-4efb-8e44-db6a68fe056b 741a7aaf0aed4bb2897b117ba9e7df31 0568f8ba71ea40da88aa811e44b95afb - - default default] 10.0.0.167 "GET /v2.0/extensions/qos-rule-type-filter HTTP/1.1" status: 200 len: 567 time: 0.0081985
2026-08-04 16:38:08.065 10 INFO neutron.wsgi [None req-84093a1a-3cdd-47c6-8ce1-ae981c90bd1c d5867e2ccba9447db1c50aa0b7871135 6ec4ecb5933647d1accc41abf0065313 - - - -] 10.0.0.167 "PUT /v2.0/routers/c4e99516-10fb-4d65-b6a5-32ebf79456b7/remove_router_interface HTTP/1.1" status: 200 len: 503 time: 1.1807716
2026-08-04 16:38:08.067 9 INFO neutron.wsgi [None req-8fefa378-225c-497b-acf9-96cb49d66291 741a7aaf0aed4bb2897b117ba9e7df31 0568f8ba71ea40da88aa811e44b95afb - - default default] 10.0.0.167 "GET /v2.0/extensions/qos-rules-alias HTTP/1.1" status: 200 len: 448 time: 0.0066531
2026-08-04 16:38:08.084 9 INFO neutron.wsgi [None req-b2c85f58-02c1-4404-8b92-1f09e1c9a177 741a7aaf0aed4bb2897b117ba9e7df31 0568f8ba71ea40da88aa811e44b95afb - - default default] 10.0.0.167 "GET /v2.0/extensions/quota-check-limit HTTP/1.1" status: 200 len: 420 time: 0.0140595
2026-08-04 16:38:08.116 9 INFO neutron.wsgi [None req-2893e96b-974a-45e0-836f-52fa165b3acd 741a7aaf0aed4bb2897b117ba9e7df31 0568f8ba71ea40da88aa811e44b95afb - - default default] 10.0.0.167 "GET /v2.0/extensions/quotas HTTP/1.1" status: 200 len: 386 time: 0.0281067 /var/lib/openstack/lib/python3.10/site-packages/pycadf/identifier.py:71: UserWarning: Invalid uuid: neutron. To ensure interoperability, identifiers should be a valid uuid. warnings.warn(('Invalid uuid: %s. To ensure interoperability, '
2026-08-04 16:38:08.133 10 INFO neutron.wsgi [None req-5eb0c210-bda6-47b8-b708-7d5cce122c26 741a7aaf0aed4bb2897b117ba9e7df31 0568f8ba71ea40da88aa811e44b95afb - - default default] 10.0.0.167 "GET /v2.0/extensions/quota_details HTTP/1.1" status: 200 len: 407 time: 0.0093875
2026-08-04 16:38:08.141 10 INFO neutron.wsgi [None req-b35326bf-28d6-4754-a0ec-e19433d6fd82 741a7aaf0aed4bb2897b117ba9e7df31 0568f8ba71ea40da88aa811e44b95afb - - default default] 10.0.0.167 "GET /v2.0/extensions/rbac-policies HTTP/1.1" status: 200 len: 417 time: 0.0030000
2026-08-04 16:38:08.149 10 INFO neutron.wsgi [None req-033ceebb-75ec-4a56-94ec-8c5385e736f9 741a7aaf0aed4bb2897b117ba9e7df31 0568f8ba71ea40da88aa811e44b95afb - - default default] 10.0.0.167 "GET /v2.0/extensions/rbac-address-scope HTTP/1.1" status: 200 len: 384 time: 0.0044146
2026-08-04 16:38:08.157 10 INFO neutron.wsgi [None req-8ebfd300-b853-4154-8bb7-8a84d550e58c 741a7aaf0aed4bb2897b117ba9e7df31 0568f8ba71ea40da88aa811e44b95afb - - default default] 10.0.0.167 "GET /v2.0/extensions/rbac-security-groups HTTP/1.1" status: 200 len: 404 time: 0.0048270
