2026-08-04 16:40:25.931 9 INFO neutron.services.segments.plugin [-] Segment 9f61ac8d-2edf-4527-ae18-b1ddcff536a1 resource provider not found; error: Placement Client Error (4xx): {"errors": [{"status": 404, "title": "Not Found", "detail": "The resource could not be found.\n\n No resource provider with uuid 9f61ac8d-2edf-4527-ae18-b1ddcff536a1 found for delete ", "request_id": "req-63835a62-5d07-4e0a-9f8c-d87c2a4f7d3c"}]}
2026-08-04 16:40:25.951 9 WARNING neutron.plugins.ml2.drivers.ovn.mech_driver.ovsdb.ovn_client [None req-bf202515-1b3a-4823-9d5f-3cd274afef13 - - - - - -] No port found with ID 2b3f0e36-890a-4d10-a3e5-8b684c3b4a9c: RuntimeError: No port found with ID 2b3f0e36-890a-4d10-a3e5-8b684c3b4a9c
2026-08-04 16:40:25.955 9 INFO neutron.services.segments.plugin [-] Segment 9f61ac8d-2edf-4527-ae18-b1ddcff536a1 resource provider not found; error: Placement Client Error (4xx): {"errors": [{"status": 404, "title": "Not Found", "detail": "The resource could not be found.\n\n No resource provider with uuid 9f61ac8d-2edf-4527-ae18-b1ddcff536a1 found for delete ", "request_id": "req-65e489aa-8d27-45cc-a090-e551c00976bc"}]}
2026-08-04 16:40:25.990 9 INFO neutron.wsgi [None req-ed459087-6bc3-454b-bda3-461337d1821f d5867e2ccba9447db1c50aa0b7871135 6ec4ecb5933647d1accc41abf0065313 - - - -] 10.0.0.167 "DELETE /v2.0/security-groups/db42e93d-b762-439f-a781-041aa727bcf6 HTTP/1.1" status: 204 len: 168 time: 1.8343055
2026-08-04 16:40:26.087 9 INFO neutron.wsgi [req-47d9af6f-2a7f-4361-8333-42353c7e9392 req-a54d21da-6ac5-45e0-91dd-33e6771654c0 300b7f39c17742369be4c302359533a0 5d86ef1e5a9845929ee76314147496be - - default default] 10.0.0.245 "GET /v2.0/ports?device_id=36561392-7e15-4b24-b7ed-9983450cf1c3 HTTP/1.1" status: 200 len: 1208 time: 0.1581488 /var/lib/openstack/lib/python3.10/site-packages/pycadf/identifier.py:71: UserWarning: Invalid uuid: neutron. To ensure interoperability, identifiers should be a valid uuid. warnings.warn(('Invalid uuid: %s. To ensure interoperability, '
2026-08-04 16:40:26.161 10 WARNING neutron.scheduler.dhcp_agent_scheduler [None req-3e79bcc4-9d56-4e00-862c-e752f67553fd 24a4631e5ffe476189cffc1d3e00f0a3 b23bbbfd047a49188cb157c8df7e3ef6 - - - -] No more DHCP agents
2026-08-04 16:40:26.165 10 WARNING neutron.api.rpc.agentnotifiers.dhcp_rpc_agent_api [None req-3e79bcc4-9d56-4e00-862c-e752f67553fd 24a4631e5ffe476189cffc1d3e00f0a3 b23bbbfd047a49188cb157c8df7e3ef6 - - - -] Unable to schedule network 61d1bb28-b8fd-4ce2-9fb9-c853b9ebe6f7: no agents available; will retry on subsequent port and subnet creation events.
2026-08-04 16:40:26.166 9 INFO neutron.wsgi [req-47d9af6f-2a7f-4361-8333-42353c7e9392 req-e72a80fd-10ad-4972-99fa-e9ccd58f6c7c 300b7f39c17742369be4c302359533a0 5d86ef1e5a9845929ee76314147496be - - default default] 10.0.0.245 "GET /v2.0/security-groups?id=48aeca1d-4068-4c4f-9acf-365c741b7f71&id=43a55673-f4be-4250-b5d5-ccc4dee78326&fields=id&fields=name HTTP/1.1" status: 200 len: 406 time: 0.0692794
2026-08-04 16:40:26.195 9 INFO neutron.db.ovn_revision_numbers_db [None req-20200c9d-9428-4b06-94c3-cc323fbfce81 3b097d311a4a4c638583644899515cab 4c787b13fdd14d349750e6d5144fb437 - - - -] Successfully bumped revision number for resource 01ccc319-f731-4b19-b5a9-ca0a6056360f (type: ports) to 2
2026-08-04 16:40:28.097 10 INFO neutron.wsgi [-] 10.0.0.139 "GET / HTTP/1.1" status: 200 len: 247 time: 0.0021973
2026-08-04 16:40:31.413 10 INFO neutron.wsgi [-] 10.0.0.139 "GET / HTTP/1.1" status: 200 len: 247 time: 0.0016201
2026-08-04 16:40:31.639 10 INFO neutron.wsgi [req-3c4bdcb2-7b4b-4341-a0cb-833c3043bdd3 req-9959a569-26d6-40fd-98f2-9a5430b3ffa9 300b7f39c17742369be4c302359533a0 5d86ef1e5a9845929ee76314147496be - - default default] 10.0.0.245 "GET /v2.0/ports?device_id=36561392-7e15-4b24-b7ed-9983450cf1c3 HTTP/1.1" status: 200 len: 1208 time: 0.1041458
2026-08-04 16:40:31.692 10 INFO neutron.wsgi [req-3c4bdcb2-7b4b-4341-a0cb-833c3043bdd3 req-5427c842-548f-41b2-b2fb-7c1e3094fa96 300b7f39c17742369be4c302359533a0 5d86ef1e5a9845929ee76314147496be - - default default] 10.0.0.245 "GET /v2.0/security-groups?id=48aeca1d-4068-4c4f-9acf-365c741b7f71&id=43a55673-f4be-4250-b5d5-ccc4dee78326&fields=id&fields=name HTTP/1.1" status: 200 len: 406 time: 0.0427165
2026-08-04 16:40:33.876 10 INFO neutron.db.ovn_revision_numbers_db [None req-3e79bcc4-9d56-4e00-862c-e752f67553fd 24a4631e5ffe476189cffc1d3e00f0a3 b23bbbfd047a49188cb157c8df7e3ef6 - - - -] Successfully bumped revision number for resource 5ce58f6f-7fed-45c0-a33a-72b0b60c6b08 (type: ports) to 1
2026-08-04 16:40:33.944 10 INFO neutron.db.ovn_revision_numbers_db [None req-d5d1a192-26b7-48bc-a27d-c929900f5463 d5867e2ccba9447db1c50aa0b7871135 6ec4ecb5933647d1accc41abf0065313 - - default default] Successfully bumped revision number for resource dde787a7-72cc-4ad8-b022-7946887e16ec (type: security_groups) to 1
2026-08-04 16:40:33.953 10 INFO neutron.wsgi [None req-e41f23d9-e1e2-4a39-9318-c8a7d437b3a1 d5867e2ccba9447db1c50aa0b7871135 6ec4ecb5933647d1accc41abf0065313 - - default default] 10.0.0.167 "GET /v2.0/security-groups?tenant_id=112f3ffe992045ceaf535553246185ef&name=default HTTP/1.1" status: 200 len: 2996 time: 7.5010617
2026-08-04 16:40:34.013 10 INFO neutron.wsgi [None req-d5d1a192-26b7-48bc-a27d-c929900f5463 d5867e2ccba9447db1c50aa0b7871135 6ec4ecb5933647d1accc41abf0065313 - - default default] 10.0.0.167 "GET /v2.0/security-groups?tenant_id=7922a524001c46cb919e67ea0ebcc654&name=default HTTP/1.1" status: 200 len: 2996 time: 7.8896413 /var/lib/openstack/lib/python3.10/site-packages/pycadf/identifier.py:71: UserWarning: Invalid uuid: neutron. To ensure interoperability, identifiers should be a valid uuid. warnings.warn(('Invalid uuid: %s. To ensure interoperability, '
2026-08-04 16:40:34.428 9 INFO neutron.db.ovn_revision_numbers_db [None req-20200c9d-9428-4b06-94c3-cc323fbfce81 3b097d311a4a4c638583644899515cab 4c787b13fdd14d349750e6d5144fb437 - - - -] Successfully bumped revision number for resource 01ccc319-f731-4b19-b5a9-ca0a6056360f (type: ports) to 2
2026-08-04 16:40:34.433 9 INFO neutron.wsgi [req-ec410bdf-44df-401d-9077-8d1b188ee5b4 req-632b360f-8a3b-49f4-808b-8aa5b61bd7c5 300b7f39c17742369be4c302359533a0 5d86ef1e5a9845929ee76314147496be - - default default] 10.0.0.245 "GET /v2.0/ports?device_id=36561392-7e15-4b24-b7ed-9983450cf1c3 HTTP/1.1" status: 200 len: 1208 time: 0.5041609
2026-08-04 16:40:34.465 9 INFO neutron.wsgi [None req-20200c9d-9428-4b06-94c3-cc323fbfce81 3b097d311a4a4c638583644899515cab 4c787b13fdd14d349750e6d5144fb437 - - - -] 199.19.213.137 "PUT /v2.0/ports/01ccc319-f731-4b19-b5a9-ca0a6056360f HTTP/1.1" status: 200 len: 1367 time: 10.1946328
2026-08-04 16:40:34.527 9 INFO neutron.notifiers.nova [-] Nova event matching ['req-5d0816f0-051d-4f9e-9982-f345bc29dc0c'] response: {'name': 'network-changed', 'server_uuid': '36561392-7e15-4b24-b7ed-9983450cf1c3', 'tag': '01ccc319-f731-4b19-b5a9-ca0a6056360f', 'status': 'completed', 'code': 200}
2026-08-04 16:40:34.542 9 INFO neutron.wsgi [req-ec410bdf-44df-401d-9077-8d1b188ee5b4 req-e3cfd136-9f38-4416-95aa-f026961e753c 300b7f39c17742369be4c302359533a0 5d86ef1e5a9845929ee76314147496be - - default default] 10.0.0.245 "GET /v2.0/security-groups?id=48aeca1d-4068-4c4f-9acf-365c741b7f71&id=43a55673-f4be-4250-b5d5-ccc4dee78326&fields=id&fields=name HTTP/1.1" status: 200 len: 406 time: 0.0993938
2026-08-04 16:40:34.563 9 INFO neutron.wsgi [req-c65f7374-20b7-4fd7-b799-528631b5f1ad req-cb17d229-ac17-495c-8c25-4cd279ce82b5 3b097d311a4a4c638583644899515cab 4c787b13fdd14d349750e6d5144fb437 - - 5542a1e84d6847768ce2ec334b584dc7 5542a1e84d6847768ce2ec334b584dc7] 199.19.213.137 "GET /v2.0/ports?tenant_id=5d86ef1e5a9845929ee76314147496be&device_id=36561392-7e15-4b24-b7ed-9983450cf1c3 HTTP/1.1" status: 200 len: 1398 time: 0.0355315
2026-08-04 16:40:34.621 9 INFO neutron.wsgi [req-c65f7374-20b7-4fd7-b799-528631b5f1ad req-9f6b1312-7a03-4745-8376-50bf590a4526 3b097d311a4a4c638583644899515cab 4c787b13fdd14d349750e6d5144fb437 - - 5542a1e84d6847768ce2ec334b584dc7 5542a1e84d6847768ce2ec334b584dc7] 199.19.213.137 "GET /v2.0/floatingips?fixed_ip_address=10.100.0.9&port_id=01ccc319-f731-4b19-b5a9-ca0a6056360f HTTP/1.1" status: 200 len: 217 time: 0.0485473
2026-08-04 16:40:34.683 9 INFO neutron.wsgi [req-c65f7374-20b7-4fd7-b799-528631b5f1ad req-07e5f3a7-27f0-4d51-8644-71a265c9ee21 3b097d311a4a4c638583644899515cab 4c787b13fdd14d349750e6d5144fb437 - - 5542a1e84d6847768ce2ec334b584dc7 5542a1e84d6847768ce2ec334b584dc7] 199.19.213.137 "GET /v2.0/subnets?id=ad5ef209-9413-4c67-8c04-86e44566ab89 HTTP/1.1" status: 200 len: 866 time: 0.0509446
2026-08-04 16:40:34.723 9 INFO neutron.wsgi [req-c65f7374-20b7-4fd7-b799-528631b5f1ad req-bf48c9e5-13cb-48a7-93dd-78ad980a2457 3b097d311a4a4c638583644899515cab 4c787b13fdd14d349750e6d5144fb437 - - 5542a1e84d6847768ce2ec334b584dc7 5542a1e84d6847768ce2ec334b584dc7] 199.19.213.137 "GET /v2.0/ports?network_id=7ab91807-5402-422c-9f41-e7ffd8110bb4&device_owner=network%3Adhcp HTTP/1.1" status: 200 len: 210 time: 0.0284202
2026-08-04 16:40:34.826 9 INFO neutron.wsgi [req-c65f7374-20b7-4fd7-b799-528631b5f1ad req-4c44d9d5-4dea-4aa0-a768-83279f3806ad 3b097d311a4a4c638583644899515cab 4c787b13fdd14d349750e6d5144fb437 - - 5542a1e84d6847768ce2ec334b584dc7 5542a1e84d6847768ce2ec334b584dc7] 199.19.213.137 "GET /v2.0/networks/7ab91807-5402-422c-9f41-e7ffd8110bb4?fields=segments HTTP/1.1" status: 200 len: 212 time: 0.0870221
2026-08-04 16:40:34.845 9 INFO neutron.wsgi [None req-a5edfa73-549c-4e2d-83fe-764a6767c64a d5867e2ccba9447db1c50aa0b7871135 6ec4ecb5933647d1accc41abf0065313 - - - -] 10.0.0.167 "DELETE /v2.0/security-groups/dde787a7-72cc-4ad8-b022-7946887e16ec HTTP/1.1" status: 204 len: 168 time: 0.8228204
2026-08-04 16:40:34.851 10 INFO neutron.db.ovn_revision_numbers_db [None req-3e79bcc4-9d56-4e00-862c-e752f67553fd 24a4631e5ffe476189cffc1d3e00f0a3 b23bbbfd047a49188cb157c8df7e3ef6 - - - -] Successfully bumped revision number for resource 5ce58f6f-7fed-45c0-a33a-72b0b60c6b08 (type: router_ports) to 1
2026-08-04 16:40:34.852 9 INFO neutron.plugins.ml2.drivers.ovn.mech_driver.mech_driver [None req-bf202515-1b3a-4823-9d5f-3cd274afef13 - - - - - -] OVN reports status up for port: 5ce58f6f-7fed-45c0-a33a-72b0b60c6b08
2026-08-04 16:40:34.866 9 INFO neutron.plugins.ml2.plugin [None req-bf202515-1b3a-4823-9d5f-3cd274afef13 - - - - - -] Attempt 1 to provision port 5ce58f6f-7fed-45c0-a33a-72b0b60c6b08
2026-08-04 16:40:34.936 9 INFO neutron.wsgi [req-c65f7374-20b7-4fd7-b799-528631b5f1ad req-a600ede7-8097-4981-8eb9-94c428c9fb25 3b097d311a4a4c638583644899515cab 4c787b13fdd14d349750e6d5144fb437 - - 5542a1e84d6847768ce2ec334b584dc7 5542a1e84d6847768ce2ec334b584dc7] 199.19.213.137 "GET /v2.0/networks/7ab91807-5402-422c-9f41-e7ffd8110bb4?fields=provider%3Aphysical_network&fields=provider%3Anetwork_type HTTP/1.1" status: 200 len: 277 time: 0.0987587
2026-08-04 16:40:34.946 10 INFO neutron.db.ovn_revision_numbers_db [None req-3e79bcc4-9d56-4e00-862c-e752f67553fd 24a4631e5ffe476189cffc1d3e00f0a3 b23bbbfd047a49188cb157c8df7e3ef6 - - - -] Successfully bumped revision number for resource 80ad1edc-31c8-4480-a0a2-4e7be05e19a2 (type: routers) to 3
2026-08-04 16:40:34.975 10 INFO neutron.wsgi [None req-3e79bcc4-9d56-4e00-862c-e752f67553fd 24a4631e5ffe476189cffc1d3e00f0a3 b23bbbfd047a49188cb157c8df7e3ef6 - - - -] 10.0.0.167 "POST /v2.0/routers HTTP/1.1" status: 201 len: 871 time: 10.9882662
2026-08-04 16:40:35.039 9 INFO neutron.wsgi [req-082def1a-ef42-402f-b069-8f34dce1415f req-45823dce-0445-4565-938c-ced4fda8525c 3b097d311a4a4c638583644899515cab 4c787b13fdd14d349750e6d5144fb437 - - 5542a1e84d6847768ce2ec334b584dc7 5542a1e84d6847768ce2ec334b584dc7] 199.19.213.137 "GET /v2.0/ports?tenant_id=5d86ef1e5a9845929ee76314147496be&device_id=36561392-7e15-4b24-b7ed-9983450cf1c3 HTTP/1.1" status: 200 len: 1398 time: 0.0389121
2026-08-04 16:40:35.104 10 INFO neutron.wsgi [None req-1586f097-8785-4caf-b16b-4b19bf61e28a 24a4631e5ffe476189cffc1d3e00f0a3 b23bbbfd047a49188cb157c8df7e3ef6 - - default default] 10.0.0.167 "GET /v2.0/routers/80ad1edc-31c8-4480-a0a2-4e7be05e19a2 HTTP/1.1" status: 200 len: 872 time: 0.1246409
2026-08-04 16:40:35.132 9 INFO neutron.wsgi [req-082def1a-ef42-402f-b069-8f34dce1415f req-145e52aa-2352-4609-92db-5c16918a5e0b 3b097d311a4a4c638583644899515cab 4c787b13fdd14d349750e6d5144fb437 - - 5542a1e84d6847768ce2ec334b584dc7 5542a1e84d6847768ce2ec334b584dc7] 199.19.213.137 "GET /v2.0/networks?id=7ab91807-5402-422c-9f41-e7ffd8110bb4 HTTP/1.1" status: 200 len: 971 time: 0.0851445
2026-08-04 16:40:35.166 9 INFO neutron.wsgi [req-082def1a-ef42-402f-b069-8f34dce1415f req-c9b8e7c9-5b70-40a7-9ee1-288c4bed94b4 3b097d311a4a4c638583644899515cab 4c787b13fdd14d349750e6d5144fb437 - - 5542a1e84d6847768ce2ec334b584dc7 5542a1e84d6847768ce2ec334b584dc7] 199.19.213.137 "GET /v2.0/floatingips?fixed_ip_address=10.100.0.9&port_id=01ccc319-f731-4b19-b5a9-ca0a6056360f HTTP/1.1" status: 200 len: 217 time: 0.0305715
2026-08-04 16:40:35.209 10 INFO neutron.wsgi [req-34584f8a-5aa3-4256-99a1-808de43aa25f req-69a00616-33a9-4fec-ad1f-24e7fd12e287 3b097d311a4a4c638583644899515cab 4c787b13fdd14d349750e6d5144fb437 - - 5542a1e84d6847768ce2ec334b584dc7 5542a1e84d6847768ce2ec334b584dc7] 199.19.213.137 "GET /v2.0/ports?device_id=36561392-7e15-4b24-b7ed-9983450cf1c3 HTTP/1.1" status: 200 len: 1398 time: 0.0691259
2026-08-04 16:40:35.237 9 INFO neutron.wsgi [req-082def1a-ef42-402f-b069-8f34dce1415f req-42b1ed17-f538-4091-a816-c77ae7dfac7a 3b097d311a4a4c638583644899515cab 4c787b13fdd14d349750e6d5144fb437 - - 5542a1e84d6847768ce2ec334b584dc7 5542a1e84d6847768ce2ec334b584dc7] 199.19.213.137 "GET /v2.0/subnets?id=ad5ef209-9413-4c67-8c04-86e44566ab89 HTTP/1.1" status: 200 len: 866 time: 0.0661864
2026-08-04 16:40:35.245 10 INFO neutron.wsgi [None req-a46bfada-8d77-4c19-96b4-31d39ae99c1f 24a4631e5ffe476189cffc1d3e00f0a3 b23bbbfd047a49188cb157c8df7e3ef6 - - default default] 10.0.0.167 "GET /v2.0/routers HTTP/1.1" status: 200 len: 875 time: 0.1332746
2026-08-04 16:40:35.271 9 INFO neutron.wsgi [req-082def1a-ef42-402f-b069-8f34dce1415f req-a019e353-10ca-4887-a727-46fe3f2bab2b 3b097d311a4a4c638583644899515cab 4c787b13fdd14d349750e6d5144fb437 - - 5542a1e84d6847768ce2ec334b584dc7 5542a1e84d6847768ce2ec334b584dc7] 199.19.213.137 "GET /v2.0/ports?network_id=7ab91807-5402-422c-9f41-e7ffd8110bb4&device_owner=network%3Adhcp HTTP/1.1" status: 200 len: 210 time: 0.0259497
2026-08-04 16:40:35.306 10 INFO neutron.wsgi [req-34584f8a-5aa3-4256-99a1-808de43aa25f req-11abe973-f562-4543-b720-041a28b3c953 3b097d311a4a4c638583644899515cab 4c787b13fdd14d349750e6d5144fb437 - - 5542a1e84d6847768ce2ec334b584dc7 5542a1e84d6847768ce2ec334b584dc7] 199.19.213.137 "GET /v2.0/security-groups?id=48aeca1d-4068-4c4f-9acf-365c741b7f71&id=43a55673-f4be-4250-b5d5-ccc4dee78326&fields=id&fields=name HTTP/1.1" status: 200 len: 406 time: 0.0889761
2026-08-04 16:40:35.340 9 INFO neutron.wsgi [req-082def1a-ef42-402f-b069-8f34dce1415f req-1ad12483-7f60-4da7-adb9-57dd1609acb1 3b097d311a4a4c638583644899515cab 4c787b13fdd14d349750e6d5144fb437 - - 5542a1e84d6847768ce2ec334b584dc7 5542a1e84d6847768ce2ec334b584dc7] 199.19.213.137 "GET /v2.0/networks/7ab91807-5402-422c-9f41-e7ffd8110bb4?fields=segments HTTP/1.1" status: 200 len: 212 time: 0.0638742
2026-08-04 16:40:35.420 9 INFO neutron.wsgi [req-082def1a-ef42-402f-b069-8f34dce1415f req-1d93f186-8072-4289-9627-57091fffe461 3b097d311a4a4c638583644899515cab 4c787b13fdd14d349750e6d5144fb437 - - 5542a1e84d6847768ce2ec334b584dc7 5542a1e84d6847768ce2ec334b584dc7] 199.19.213.137 "GET /v2.0/networks/7ab91807-5402-422c-9f41-e7ffd8110bb4?fields=provider%3Aphysical_network&fields=provider%3Anetwork_type HTTP/1.1" status: 200 len: 277 time: 0.0696471
2026-08-04 16:40:35.682 10 INFO neutron.wsgi [req-dcee99ff-04f5-47aa-bbfe-92bcd6244aa9 req-ff29a30f-7c33-4438-acea-e96763bc6617 300b7f39c17742369be4c302359533a0 5d86ef1e5a9845929ee76314147496be - - default default] 10.0.0.245 "GET /v2.0/ports?device_id=36561392-7e15-4b24-b7ed-9983450cf1c3 HTTP/1.1" status: 200 len: 1208 time: 0.0445225
2026-08-04 16:40:35.769 10 INFO neutron.wsgi [req-dcee99ff-04f5-47aa-bbfe-92bcd6244aa9 req-559d192a-d3fe-49c1-b475-dbf24bada8e7 300b7f39c17742369be4c302359533a0 5d86ef1e5a9845929ee76314147496be - - default default] 10.0.0.245 "GET /v2.0/security-groups?id=48aeca1d-4068-4c4f-9acf-365c741b7f71&id=43a55673-f4be-4250-b5d5-ccc4dee78326&fields=id&fields=name HTTP/1.1" status: 200 len: 406 time: 0.0774238
2026-08-04 16:40:35.829 10 INFO neutron.db.ovn_revision_numbers_db [None req-74541c91-b040-4300-8df6-949b93ad7719 24a4631e5ffe476189cffc1d3e00f0a3 b23bbbfd047a49188cb157c8df7e3ef6 - - - -] Successfully bumped revision number for resource 80ad1edc-31c8-4480-a0a2-4e7be05e19a2 (type: routers) to 4
2026-08-04 16:40:35.833 10 INFO neutron.wsgi [None req-74541c91-b040-4300-8df6-949b93ad7719 24a4631e5ffe476189cffc1d3e00f0a3 b23bbbfd047a49188cb157c8df7e3ef6 - - - -] 10.0.0.167 "PUT /v2.0/routers/80ad1edc-31c8-4480-a0a2-4e7be05e19a2 HTTP/1.1" status: 200 len: 879 time: 0.5819039
2026-08-04 16:40:35.939 10 INFO neutron.wsgi [None req-fac0032c-82e2-4121-b79e-25b6d91399d6 24a4631e5ffe476189cffc1d3e00f0a3 b23bbbfd047a49188cb157c8df7e3ef6 - - default default] 10.0.0.167 "GET /v2.0/routers/80ad1edc-31c8-4480-a0a2-4e7be05e19a2 HTTP/1.1" status: 200 len: 879 time: 0.1019497
2026-08-04 16:40:35.973 10 INFO neutron.wsgi [None req-fa730625-52f8-4689-ab12-42e782c55c24 24a4631e5ffe476189cffc1d3e00f0a3 b23bbbfd047a49188cb157c8df7e3ef6 - - default default] 10.0.0.167 "GET /v2.0/ports?device_id=80ad1edc-31c8-4480-a0a2-4e7be05e19a2 HTTP/1.1" status: 200 len: 205 time: 0.0261271
2026-08-04 16:40:36.185 9 INFO neutron.wsgi [None req-d0fe19b1-28e3-4665-8b14-6befdea1d163 d5867e2ccba9447db1c50aa0b7871135 6ec4ecb5933647d1accc41abf0065313 - - - -] 10.0.0.167 "DELETE /v2.0/security-groups/a70b0f55-704d-4ceb-a301-9ee0f0bc2af4 HTTP/1.1" status: 204 len: 168 time: 0.2220302
2026-08-04 16:40:36.430 9 INFO neutron.db.ovn_revision_numbers_db [None req-111490e6-b9ea-42bf-9572-e754d1f80914 d5867e2ccba9447db1c50aa0b7871135 6ec4ecb5933647d1accc41abf0065313 - - default default] Successfully bumped revision number for resource d24c3aa7-88a3-4d0b-9cda-7a00a561d101 (type: security_groups) to 1
2026-08-04 16:40:36.471 9 INFO neutron.wsgi [None req-111490e6-b9ea-42bf-9572-e754d1f80914 d5867e2ccba9447db1c50aa0b7871135 6ec4ecb5933647d1accc41abf0065313 - - default default] 10.0.0.167 "GET /v2.0/security-groups?tenant_id=b17ace206683452e92006ad26b816c41&name=default HTTP/1.1" status: 200 len: 2996 time: 0.1603158
2026-08-04 16:40:36.484 10 INFO neutron.wsgi [None req-e0cbd309-11d1-443f-8f66-d3803b6e2b9e d5867e2ccba9447db1c50aa0b7871135 6ec4ecb5933647d1accc41abf0065313 - - default default] 10.0.0.218 "GET /v2.0/floatingips HTTP/1.1" status: 200 len: 730 time: 0.7130427
2026-08-04 16:40:36.554 10 INFO neutron.wsgi [None req-8eb78400-6528-4e05-b6b9-3bcad3701afe d5867e2ccba9447db1c50aa0b7871135 6ec4ecb5933647d1accc41abf0065313 - - default default] 10.0.0.218 "GET /v2.0/ports HTTP/1.1" status: 200 len: 14786 time: 0.0693488
2026-08-04 16:40:36.695 10 INFO neutron.wsgi [None req-7e4f32f2-aabb-4b10-b0be-23389c755907 d5867e2ccba9447db1c50aa0b7871135 6ec4ecb5933647d1accc41abf0065313 - - default default] 10.0.0.218 "GET /v2.0/networks HTTP/1.1" status: 200 len: 3865 time: 0.1338162
2026-08-04 16:40:36.732 9 INFO neutron.wsgi [None req-78fa28a2-f264-4cf1-9160-6739d466e800 d5867e2ccba9447db1c50aa0b7871135 6ec4ecb5933647d1accc41abf0065313 - - - -] 10.0.0.167 "DELETE /v2.0/security-groups/d24c3aa7-88a3-4d0b-9cda-7a00a561d101 HTTP/1.1" status: 204 len: 168 time: 0.2547345
2026-08-04 16:40:36.800 10 INFO neutron.wsgi [None req-dcb17d44-a0a2-456e-a540-bb8de5572610 d5867e2ccba9447db1c50aa0b7871135 6ec4ecb5933647d1accc41abf0065313 - - default default] 10.0.0.218 "GET /v2.0/routers HTTP/1.1" status: 200 len: 2205 time: 0.1009939
2026-08-04 16:40:36.834 10 INFO neutron.wsgi [None req-d515726d-4c8f-4a3e-9de9-2b31b18663ba d5867e2ccba9447db1c50aa0b7871135 6ec4ecb5933647d1accc41abf0065313 - - default default] 10.0.0.218 "GET /v2.0/agents?binary=ovn-controller HTTP/1.1" status: 200 len: 591 time: 0.0329721
2026-08-04 16:40:36.873 10 INFO neutron.wsgi [None req-6fbb9b62-10cd-4c27-9611-430900f5bc71 d5867e2ccba9447db1c50aa0b7871135 6ec4ecb5933647d1accc41abf0065313 - - default default] 10.0.0.218 "GET /v2.0/agents HTTP/1.1" status: 200 len: 997 time: 0.0338168
2026-08-04 16:40:36.908 10 INFO neutron.wsgi [None req-17eef4b7-de21-484d-8d8f-dce4dba2f26c d5867e2ccba9447db1c50aa0b7871135 6ec4ecb5933647d1accc41abf0065313 - - default default] 10.0.0.218 "GET /v2.0/network-ip-availabilities HTTP/1.1" status: 200 len: 2222 time: 0.0319712
2026-08-04 16:40:36.926 9 INFO neutron.wsgi [req-6547b2c1-304b-41cb-82b6-eb5104e3ed29 req-705ee91f-fc51-468c-852a-93568a8310ee 300b7f39c17742369be4c302359533a0 5d86ef1e5a9845929ee76314147496be - - default default] 10.0.0.245 "GET /v2.0/ports?device_id=36561392-7e15-4b24-b7ed-9983450cf1c3 HTTP/1.1" status: 200 len: 1208 time: 0.0608280
2026-08-04 16:40:37.006 9 INFO neutron.wsgi [req-6547b2c1-304b-41cb-82b6-eb5104e3ed29 req-a08ebe5c-9f8f-411e-9831-eb803e19d047 300b7f39c17742369be4c302359533a0 5d86ef1e5a9845929ee76314147496be - - default default] 10.0.0.245 "GET /v2.0/security-groups?id=48aeca1d-4068-4c4f-9acf-365c741b7f71&id=43a55673-f4be-4250-b5d5-ccc4dee78326&fields=id&fields=name HTTP/1.1" status: 200 len: 406 time: 0.0727661
2026-08-04 16:40:37.110 10 INFO neutron.wsgi [None req-c25d7bb2-6b3e-4992-aac1-95e9b5bf3717 d5867e2ccba9447db1c50aa0b7871135 6ec4ecb5933647d1accc41abf0065313 - - default default] 10.0.0.218 "GET /v2.0/security-groups HTTP/1.1" status: 200 len: 32974 time: 0.1976550
2026-08-04 16:40:37.163 10 INFO neutron.wsgi [None req-fe058dfa-2e11-4820-9d40-30c21704e7ea d5867e2ccba9447db1c50aa0b7871135 6ec4ecb5933647d1accc41abf0065313 - - default default] 10.0.0.218 "GET /v2.0/subnets HTTP/1.1" status: 200 len: 2744 time: 0.0459495
2026-08-04 16:40:37.209 10 INFO neutron.wsgi [None req-44e47ac9-703b-4baa-8fea-018225e85fed d5867e2ccba9447db1c50aa0b7871135 6ec4ecb5933647d1accc41abf0065313 - - default default] 10.0.0.218 "GET /v2.0/subnets HTTP/1.1" status: 200 len: 2744 time: 0.0435386
2026-08-04 16:40:37.228 10 INFO neutron.wsgi [None req-eec2eb9b-db14-4921-8e47-0c04ec99b7c0 d5867e2ccba9447db1c50aa0b7871135 6ec4ecb5933647d1accc41abf0065313 - - default default] 10.0.0.218 "GET /v2.0/subnetpools HTTP/1.1" status: 200 len: 193 time: 0.0180316
2026-08-04 16:40:37.366 10 INFO neutron.wsgi [None req-422934c8-51ea-46bf-969e-9f737b746092 24a4631e5ffe476189cffc1d3e00f0a3 b23bbbfd047a49188cb157c8df7e3ef6 - - - -] 10.0.0.167 "DELETE /v2.0/routers/80ad1edc-31c8-4480-a0a2-4e7be05e19a2 HTTP/1.1" status: 204 len: 168 time: 1.3873308
2026-08-04 16:40:37.401 10 INFO neutron.wsgi [None req-b8ea6625-f8ef-4e97-bbe5-f5ec60548fdd 24a4631e5ffe476189cffc1d3e00f0a3 b23bbbfd047a49188cb157c8df7e3ef6 - - default default] 10.0.0.167 "GET /v2.0/ports?device_id=80ad1edc-31c8-4480-a0a2-4e7be05e19a2 HTTP/1.1" status: 200 len: 205 time: 0.0272853
2026-08-04 16:40:37.440 10 INFO neutron.api.v2.resource [None req-445d8f85-80e9-4a36-9944-c8224e1cd33c 24a4631e5ffe476189cffc1d3e00f0a3 b23bbbfd047a49188cb157c8df7e3ef6 - - - -] delete failed (client error): The resource could not be found.
2026-08-04 16:40:37.441 10 INFO neutron.wsgi [None req-445d8f85-80e9-4a36-9944-c8224e1cd33c 24a4631e5ffe476189cffc1d3e00f0a3 b23bbbfd047a49188cb157c8df7e3ef6 - - - -] 10.0.0.167 "DELETE /v2.0/routers/80ad1edc-31c8-4480-a0a2-4e7be05e19a2 HTTP/1.1" status: 404 len: 336 time: 0.0346587
2026-08-04 16:40:37.471 10 INFO neutron.wsgi [None req-5f76c878-28b4-4a15-ae0c-174b271a1ac0 24a4631e5ffe476189cffc1d3e00f0a3 b23bbbfd047a49188cb157c8df7e3ef6 - - default default] 10.0.0.167 "GET /v2.0/ports?device_id=a184c833-ca1f-47ce-871a-63700c0ed950 HTTP/1.1" status: 200 len: 205 time: 0.0247033
2026-08-04 16:40:37.516 10 INFO neutron.api.v2.resource [None req-b1d36393-3971-4a62-aaa3-804250cb4f7d 24a4631e5ffe476189cffc1d3e00f0a3 b23bbbfd047a49188cb157c8df7e3ef6 - - - -] delete failed (client error): The resource could not be found.
2026-08-04 16:40:37.518 10 INFO neutron.wsgi [None req-b1d36393-3971-4a62-aaa3-804250cb4f7d 24a4631e5ffe476189cffc1d3e00f0a3 b23bbbfd047a49188cb157c8df7e3ef6 - - - -] 10.0.0.167 "DELETE /v2.0/routers/a184c833-ca1f-47ce-871a-63700c0ed950 HTTP/1.1" status: 404 len: 336 time: 0.0350604
2026-08-04 16:40:37.543 10 INFO neutron.pecan_wsgi.hooks.translation [None req-bf2cff18-c92e-4aa5-86bf-c2cfe4f9133f 24a4631e5ffe476189cffc1d3e00f0a3 b23bbbfd047a49188cb157c8df7e3ef6 - - - -] DELETE failed (client error): The resource could not be found.
2026-08-04 16:40:37.547 10 INFO neutron.wsgi [None req-bf2cff18-c92e-4aa5-86bf-c2cfe4f9133f 24a4631e5ffe476189cffc1d3e00f0a3 b23bbbfd047a49188cb157c8df7e3ef6 - - - -] 10.0.0.167 "DELETE /v2.0/subnets/77677637-4ed7-49ce-ba9d-67855238c412 HTTP/1.1" status: 404 len: 337 time: 0.0245817
2026-08-04 16:40:37.579 10 INFO neutron.wsgi [None req-136c8f99-808f-486c-80bf-f9c71a872c5b 24a4631e5ffe476189cffc1d3e00f0a3 b23bbbfd047a49188cb157c8df7e3ef6 - - default default] 10.0.0.167 "GET /v2.0/ports?device_id=1be2ade6-376f-4dfd-a568-50d5914fe300 HTTP/1.1" status: 200 len: 205 time: 0.0257354
2026-08-04 16:40:37.610 10 INFO neutron.api.v2.resource [None req-a3da162d-bf30-4fc1-948f-913f7703914b 24a4631e5ffe476189cffc1d3e00f0a3 b23bbbfd047a49188cb157c8df7e3ef6 - - - -] delete failed (client error): The resource could not be found.
2026-08-04 16:40:37.612 10 INFO neutron.wsgi [None req-a3da162d-bf30-4fc1-948f-913f7703914b 24a4631e5ffe476189cffc1d3e00f0a3 b23bbbfd047a49188cb157c8df7e3ef6 - - - -] 10.0.0.167 "DELETE /v2.0/routers/1be2ade6-376f-4dfd-a568-50d5914fe300 HTTP/1.1" status: 404 len: 336 time: 0.0268211
2026-08-04 16:40:37.639 10 INFO neutron.pecan_wsgi.hooks.translation [None req-151f46e5-ee34-4b2a-b73b-f6ae2be534ff 24a4631e5ffe476189cffc1d3e00f0a3 b23bbbfd047a49188cb157c8df7e3ef6 - - - -] DELETE failed (client error): The resource could not be found.
2026-08-04 16:40:37.642 10 INFO neutron.wsgi [None req-151f46e5-ee34-4b2a-b73b-f6ae2be534ff 24a4631e5ffe476189cffc1d3e00f0a3 b23bbbfd047a49188cb157c8df7e3ef6 - - - -] 10.0.0.167 "DELETE /v2.0/subnets/da9bb5d0-dd7a-4043-9734-5794bb125db3 HTTP/1.1" status: 404 len: 337 time: 0.0251012
2026-08-04 16:40:37.669 10 INFO neutron.wsgi [None req-79146eea-0aa6-4170-bdb0-273c629e3287 24a4631e5ffe476189cffc1d3e00f0a3 b23bbbfd047a49188cb157c8df7e3ef6 - - default default] 10.0.0.167 "GET /v2.0/ports?device_id=823a9290-4273-4048-afc7-37d6b0a01b36 HTTP/1.1" status: 200 len: 205 time: 0.0231376
2026-08-04 16:40:37.702 10 INFO neutron.api.v2.resource [None req-f29db948-c90c-49b9-b2e5-99196d065254 24a4631e5ffe476189cffc1d3e00f0a3 b23bbbfd047a49188cb157c8df7e3ef6 - - - -] delete failed (client error): The resource could not be found.
2026-08-04 16:40:37.703 10 INFO neutron.wsgi [None req-f29db948-c90c-49b9-b2e5-99196d065254 24a4631e5ffe476189cffc1d3e00f0a3 b23bbbfd047a49188cb157c8df7e3ef6 - - - -] 10.0.0.167 "DELETE /v2.0/routers/823a9290-4273-4048-afc7-37d6b0a01b36 HTTP/1.1" status: 404 len: 336 time: 0.0273931
2026-08-04 16:40:37.730 10 INFO neutron.pecan_wsgi.hooks.translation [None req-845166ff-ecb5-4b27-b41a-9dc379ced7d6 24a4631e5ffe476189cffc1d3e00f0a3 b23bbbfd047a49188cb157c8df7e3ef6 - - - -] DELETE failed (client error): The resource could not be found.
2026-08-04 16:40:37.732 10 INFO neutron.wsgi [None req-845166ff-ecb5-4b27-b41a-9dc379ced7d6 24a4631e5ffe476189cffc1d3e00f0a3 b23bbbfd047a49188cb157c8df7e3ef6 - - - -] 10.0.0.167 "DELETE /v2.0/subnets/6a566039-9cdd-4f9b-a11a-322dc857eca6 HTTP/1.1" status: 404 len: 337 time: 0.0226486
2026-08-04 16:40:37.757 10 INFO neutron.pecan_wsgi.hooks.translation [None req-1accca5b-543c-4411-9a1c-b1a918add37a 24a4631e5ffe476189cffc1d3e00f0a3 b23bbbfd047a49188cb157c8df7e3ef6 - - - -] DELETE failed (client error): The resource could not be found.
2026-08-04 16:40:37.761 10 INFO neutron.wsgi [None req-1accca5b-543c-4411-9a1c-b1a918add37a 24a4631e5ffe476189cffc1d3e00f0a3 b23bbbfd047a49188cb157c8df7e3ef6 - - - -] 10.0.0.167 "DELETE /v2.0/subnets/8ee376a4-9062-4fcf-babd-0d896551f18c HTTP/1.1" status: 404 len: 337 time: 0.0235660
2026-08-04 16:40:38.159 10 INFO neutron.wsgi [req-2e20acdd-aa90-4f1a-a6f4-3ae02ac82d0d req-c23efd8e-2a73-46d2-93c2-15e1bf1795b5 300b7f39c17742369be4c302359533a0 5d86ef1e5a9845929ee76314147496be - - default default] 10.0.0.245 "GET /v2.0/ports?device_id=36561392-7e15-4b24-b7ed-9983450cf1c3 HTTP/1.1" status: 200 len: 1208 time: 0.0887878
2026-08-04 16:40:38.210 10 INFO neutron.wsgi [req-2e20acdd-aa90-4f1a-a6f4-3ae02ac82d0d req-b0df6a8b-bd8c-450f-8887-708df3ddb416 300b7f39c17742369be4c302359533a0 5d86ef1e5a9845929ee76314147496be - - default default] 10.0.0.245 "GET /v2.0/security-groups?id=48aeca1d-4068-4c4f-9acf-365c741b7f71&id=43a55673-f4be-4250-b5d5-ccc4dee78326&fields=id&fields=name HTTP/1.1" status: 200 len: 406 time: 0.0444965
2026-08-04 16:40:38.526 9 INFO neutron.wsgi [None req-aebad738-0dc9-4ebe-b17c-965720c4ad21 d5867e2ccba9447db1c50aa0b7871135 6ec4ecb5933647d1accc41abf0065313 - - default default] 10.0.0.167 "GET /v2.0/security-groups?tenant_id=b23bbbfd047a49188cb157c8df7e3ef6&name=default HTTP/1.1" status: 200 len: 2996 time: 0.2174489
2026-08-04 16:40:38.742 9 INFO neutron.wsgi [None req-ad4be358-77c8-46d8-9702-4ff4fc5c37ae d5867e2ccba9447db1c50aa0b7871135 6ec4ecb5933647d1accc41abf0065313 - - - -] 10.0.0.167 "DELETE /v2.0/security-groups/1b527f07-2705-487d-99a6-26b499f6b994 HTTP/1.1" status: 204 len: 168 time: 0.2074263
2026-08-04 16:40:39.324 9 INFO neutron.wsgi [req-728d2a96-c8d0-4432-8130-b2fc0467e012 req-fe31692c-3129-4fb9-be0a-be6bebff26f5 300b7f39c17742369be4c302359533a0 5d86ef1e5a9845929ee76314147496be - - default default] 10.0.0.245 "GET /v2.0/ports?device_id=36561392-7e15-4b24-b7ed-9983450cf1c3 HTTP/1.1" status: 200 len: 1208 time: 0.0457737
2026-08-04 16:40:39.388 9 INFO neutron.wsgi [req-728d2a96-c8d0-4432-8130-b2fc0467e012 req-186a62d7-766d-476a-a010-64d55b50f66f 300b7f39c17742369be4c302359533a0 5d86ef1e5a9845929ee76314147496be - - default default] 10.0.0.245 "GET /v2.0/security-groups?id=48aeca1d-4068-4c4f-9acf-365c741b7f71&id=43a55673-f4be-4250-b5d5-ccc4dee78326&fields=id&fields=name HTTP/1.1" status: 200 len: 406 time: 0.0591025
2026-08-04 16:40:39.702 9 WARNING neutron.plugins.ml2.drivers.ovn.mech_driver.ovsdb.ovn_client [None req-bf202515-1b3a-4823-9d5f-3cd274afef13 - - - - - -] No port found with ID 5ce58f6f-7fed-45c0-a33a-72b0b60c6b08: RuntimeError: No port found with ID 5ce58f6f-7fed-45c0-a33a-72b0b60c6b08
2026-08-04 16:40:39.703 9 INFO neutron.plugins.ml2.drivers.ovn.mech_driver.mech_driver [None req-bf202515-1b3a-4823-9d5f-3cd274afef13 - - - - - -] OVN reports status up for port: 01ccc319-f731-4b19-b5a9-ca0a6056360f
2026-08-04 16:40:39.718 9 INFO neutron.plugins.ml2.plugin [None req-bf202515-1b3a-4823-9d5f-3cd274afef13 - - - - - -] Attempt 1 to provision port 01ccc319-f731-4b19-b5a9-ca0a6056360f
2026-08-04 16:40:39.795 10 INFO neutron.db.ovn_revision_numbers_db [None req-54b7575e-632e-4939-9e7b-e908fcbb58d8 195b4e4247a04f87850d3e3c58bf609b 1dd370ea1b52458f831340e959f54656 - - - -] Successfully bumped revision number for resource 699965d5-759b-461f-9fc5-11cd137ead3a (type: security_groups) to 1
2026-08-04 16:40:39.838 9 INFO neutron.notifiers.nova [-] Nova event matching ['req-67091aa5-0aaf-4f73-958e-e11acdd9de67'] response: {'server_uuid': '36561392-7e15-4b24-b7ed-9983450cf1c3', 'name': 'network-vif-plugged', 'status': 'completed', 'tag': '01ccc319-f731-4b19-b5a9-ca0a6056360f', 'code': 200}
2026-08-04 16:40:39.855 10 INFO neutron.db.segments_db [None req-54b7575e-632e-4939-9e7b-e908fcbb58d8 195b4e4247a04f87850d3e3c58bf609b 1dd370ea1b52458f831340e959f54656 - - - -] Added segment 4035b300-8887-4e61-af46-0de45c8c751e of type geneve for network 333af0a6-f8bb-4e87-ad7b-0d1a22033267
2026-08-04 16:40:40.033 10 INFO neutron.db.ovn_revision_numbers_db [None req-54b7575e-632e-4939-9e7b-e908fcbb58d8 195b4e4247a04f87850d3e3c58bf609b 1dd370ea1b52458f831340e959f54656 - - - -] Successfully bumped revision number for resource 333af0a6-f8bb-4e87-ad7b-0d1a22033267 (type: networks) to 1
2026-08-04 16:40:40.071 9 INFO neutron.db.ovn_revision_numbers_db [None req-bf202515-1b3a-4823-9d5f-3cd274afef13 - - - - - -] Successfully bumped revision number for resource 01ccc319-f731-4b19-b5a9-ca0a6056360f (type: ports) to 4
2026-08-04 16:40:40.235 10 WARNING neutron.scheduler.dhcp_agent_scheduler [None req-54b7575e-632e-4939-9e7b-e908fcbb58d8 195b4e4247a04f87850d3e3c58bf609b 1dd370ea1b52458f831340e959f54656 - - - -] No more DHCP agents
2026-08-04 16:40:40.250 10 WARNING neutron.api.rpc.agentnotifiers.dhcp_rpc_agent_api [None req-54b7575e-632e-4939-9e7b-e908fcbb58d8 195b4e4247a04f87850d3e3c58bf609b 1dd370ea1b52458f831340e959f54656 - - - -] Unable to schedule network 333af0a6-f8bb-4e87-ad7b-0d1a22033267: no agents available; will retry on subsequent port and subnet creation events.
2026-08-04 16:40:40.345 10 INFO neutron.db.ovn_revision_numbers_db [None req-54b7575e-632e-4939-9e7b-e908fcbb58d8 195b4e4247a04f87850d3e3c58bf609b 1dd370ea1b52458f831340e959f54656 - - - -] Successfully bumped revision number for resource 96f0fc6e-cea6-4fcb-b726-a88e25255f5b (type: ports) to 1
2026-08-04 16:40:40.386 10 INFO neutron.wsgi [None req-54b7575e-632e-4939-9e7b-e908fcbb58d8 195b4e4247a04f87850d3e3c58bf609b 1dd370ea1b52458f831340e959f54656 - - - -] 10.0.0.167 "POST /v2.0/networks HTTP/1.1" status: 201 len: 928 time: 0.8369603 /var/lib/openstack/lib/python3.10/site-packages/pycadf/identifier.py:71: UserWarning: Invalid uuid: neutron. To ensure interoperability, identifiers should be a valid uuid. warnings.warn(('Invalid uuid: %s. To ensure interoperability, '
2026-08-04 16:40:40.625 10 WARNING neutron.scheduler.dhcp_agent_scheduler [None req-ef275fa0-de2c-4ba2-99ce-4647de935ad7 195b4e4247a04f87850d3e3c58bf609b 1dd370ea1b52458f831340e959f54656 - - - -] No more DHCP agents
2026-08-04 16:40:40.627 10 WARNING neutron.api.rpc.agentnotifiers.dhcp_rpc_agent_api [None req-ef275fa0-de2c-4ba2-99ce-4647de935ad7 195b4e4247a04f87850d3e3c58bf609b 1dd370ea1b52458f831340e959f54656 - - - -] Unable to schedule network 333af0a6-f8bb-4e87-ad7b-0d1a22033267: no agents available; will retry on subsequent port and subnet creation events.
2026-08-04 16:40:40.639 9 INFO neutron.wsgi [req-ca6287ef-d827-498b-aed3-83ce822cff51 req-c86dab3e-d67b-41e4-8d03-2c58373537af 300b7f39c17742369be4c302359533a0 5d86ef1e5a9845929ee76314147496be - - default default] 10.0.0.245 "GET /v2.0/ports?device_id=36561392-7e15-4b24-b7ed-9983450cf1c3 HTTP/1.1" status: 200 len: 1210 time: 0.1112630
2026-08-04 16:40:40.698 9 INFO neutron.wsgi [req-ca6287ef-d827-498b-aed3-83ce822cff51 req-273dd5bd-e596-48d7-afe1-6fffae7052e1 300b7f39c17742369be4c302359533a0 5d86ef1e5a9845929ee76314147496be - - default default] 10.0.0.245 "GET /v2.0/security-groups?id=48aeca1d-4068-4c4f-9acf-365c741b7f71&id=43a55673-f4be-4250-b5d5-ccc4dee78326&fields=id&fields=name HTTP/1.1" status: 200 len: 406 time: 0.0525875
2026-08-04 16:40:40.812 10 INFO neutron.wsgi [req-2a4106f1-fe68-41ea-a6e2-818088ba7f98 req-fbf16dd0-eb1f-4df2-9624-5ed846c482ae 300b7f39c17742369be4c302359533a0 5d86ef1e5a9845929ee76314147496be - - default default] 10.0.0.245 "GET /v2.0/ports?device_id=36561392-7e15-4b24-b7ed-9983450cf1c3 HTTP/1.1" status: 200 len: 1210 time: 0.0399513
2026-08-04 16:40:40.959 10 INFO neutron.wsgi [None req-012c74ca-4667-4c9b-bd68-1cd81e636d54 05d9aa958783471ba59ead5444d01b09 8c47b059617b452d86666e6ee647592d - - - -] 10.0.0.167 "POST /v2.0/subnetpools HTTP/1.1" status: 201 len: 748 time: 0.2604363
2026-08-04 16:40:41.083 9 INFO neutron.wsgi [None req-316e0f2b-0f5c-46f5-8d71-423d4b598ef0 05d9aa958783471ba59ead5444d01b09 8c47b059617b452d86666e6ee647592d - - default default] 10.0.0.167 "GET /v2.0/subnetpools/c51e92c0-5bb9-447f-9c5e-ed917d0c76ed HTTP/1.1" status: 200 len: 743 time: 0.1180756
2026-08-04 16:40:41.191 10 INFO neutron.wsgi [None req-6028bb59-79d1-4e24-9375-fa128ef3a882 05d9aa958783471ba59ead5444d01b09 8c47b059617b452d86666e6ee647592d - - - -] 10.0.0.167 "PUT /v2.0/subnetpools/c51e92c0-5bb9-447f-9c5e-ed917d0c76ed HTTP/1.1" status: 200 len: 695 time: 0.1008525
2026-08-04 16:40:41.197 9 INFO neutron.db.l3_db [None req-3eed89cc-0eb1-49ef-a9da-bf3412e8be97 300b7f39c17742369be4c302359533a0 5d86ef1e5a9845929ee76314147496be - - - -] Floating IP 9f9251ff-c594-442a-8020-ee511a55cbaf associated. External IP: 10.96.250.212, port: 01ccc319-f731-4b19-b5a9-ca0a6056360f.
2026-08-04 16:40:41.265 10 INFO neutron.wsgi [None req-03743beb-42d5-455b-9053-b576a757f8c8 05d9aa958783471ba59ead5444d01b09 8c47b059617b452d86666e6ee647592d - - - -] 10.0.0.167 "DELETE /v2.0/subnetpools/c51e92c0-5bb9-447f-9c5e-ed917d0c76ed HTTP/1.1" status: 204 len: 168 time: 0.0668137
2026-08-04 16:40:41.284 10 INFO neutron.api.v2.resource [None req-762340eb-88c3-4c21-9a9a-f871939a4e06 05d9aa958783471ba59ead5444d01b09 8c47b059617b452d86666e6ee647592d - - default default] show failed (client error): The resource could not be found.
2026-08-04 16:40:41.285 10 INFO neutron.wsgi [None req-762340eb-88c3-4c21-9a9a-f871939a4e06 05d9aa958783471ba59ead5444d01b09 8c47b059617b452d86666e6ee647592d - - default default] 10.0.0.167 "GET /v2.0/subnetpools/c51e92c0-5bb9-447f-9c5e-ed917d0c76ed HTTP/1.1" status: 404 len: 346 time: 0.0148370
2026-08-04 16:40:41.300 10 INFO neutron.db.ovn_revision_numbers_db [None req-ef275fa0-de2c-4ba2-99ce-4647de935ad7 195b4e4247a04f87850d3e3c58bf609b 1dd370ea1b52458f831340e959f54656 - - - -] Successfully bumped revision number for resource 96f0fc6e-cea6-4fcb-b726-a88e25255f5b (type: ports) to 2
2026-08-04 16:40:41.316 10 INFO neutron.api.v2.resource [None req-aeeaaac3-2ce4-4716-9e3f-5d41d2b9ca70 05d9aa958783471ba59ead5444d01b09 8c47b059617b452d86666e6ee647592d - - - -] delete failed (client error): The resource could not be found.
2026-08-04 16:40:41.317 10 INFO neutron.wsgi [None req-aeeaaac3-2ce4-4716-9e3f-5d41d2b9ca70 05d9aa958783471ba59ead5444d01b09 8c47b059617b452d86666e6ee647592d - - - -] 10.0.0.167 "DELETE /v2.0/subnetpools/c51e92c0-5bb9-447f-9c5e-ed917d0c76ed HTTP/1.1" status: 404 len: 346 time: 0.0260189
2026-08-04 16:40:41.338 10 INFO neutron.db.ovn_revision_numbers_db [None req-ef275fa0-de2c-4ba2-99ce-4647de935ad7 195b4e4247a04f87850d3e3c58bf609b 1dd370ea1b52458f831340e959f54656 - - - -] Successfully bumped revision number for resource ad2a4453-89bd-4ddf-a8c9-bb08e06c68bf (type: subnets) to 0
2026-08-04 16:40:41.368 10 INFO neutron.wsgi [None req-ef275fa0-de2c-4ba2-99ce-4647de935ad7 195b4e4247a04f87850d3e3c58bf609b 1dd370ea1b52458f831340e959f54656 - - - -] 10.0.0.167 "POST /v2.0/subnets HTTP/1.1" status: 201 len: 819 time: 0.9752150
2026-08-04 16:40:41.379 10 WARNING neutron.api.v2.base [None req-f05a2a3f-9f93-4d78-aa26-b35c70355611 195b4e4247a04f87850d3e3c58bf609b 1dd370ea1b52458f831340e959f54656 - - - -] An exception happened while processing the request body. The exception message is [Invalid input for target_tenant. Reason: 'None' is not a valid string.].: webob.exc.HTTPBadRequest: Invalid input for target_tenant. Reason: 'None' is not a valid string.
2026-08-04 16:40:41.380 10 INFO neutron.api.v2.resource [None req-f05a2a3f-9f93-4d78-aa26-b35c70355611 195b4e4247a04f87850d3e3c58bf609b 1dd370ea1b52458f831340e959f54656 - - - -] create failed (client error): Invalid input for target_tenant. Reason: 'None' is not a valid string.
2026-08-04 16:40:41.382 10 INFO neutron.wsgi [None req-f05a2a3f-9f93-4d78-aa26-b35c70355611 195b4e4247a04f87850d3e3c58bf609b 1dd370ea1b52458f831340e959f54656 - - - -] 10.0.0.167 "POST /v2.0/rbac-policies HTTP/1.1" status: 400 len: 346 time: 0.0088544
2026-08-04 16:40:41.499 9 INFO neutron.db.ovn_revision_numbers_db [None req-3eed89cc-0eb1-49ef-a9da-bf3412e8be97 300b7f39c17742369be4c302359533a0 5d86ef1e5a9845929ee76314147496be - - - -] Successfully bumped revision number for resource 9f9251ff-c594-442a-8020-ee511a55cbaf (type: floatingips) to 1
2026-08-04 16:40:41.612 9 INFO neutron.db.ovn_revision_numbers_db [None req-3eed89cc-0eb1-49ef-a9da-bf3412e8be97 300b7f39c17742369be4c302359533a0 5d86ef1e5a9845929ee76314147496be - - - -] Successfully bumped revision number for resource 9f9251ff-c594-442a-8020-ee511a55cbaf (type: floatingips) to 2
2026-08-04 16:40:41.641 9 INFO neutron.wsgi [None req-3eed89cc-0eb1-49ef-a9da-bf3412e8be97 300b7f39c17742369be4c302359533a0 5d86ef1e5a9845929ee76314147496be - - - -] 10.0.0.167 "PUT /v2.0/floatingips/9f9251ff-c594-442a-8020-ee511a55cbaf HTTP/1.1" status: 200 len: 1049 time: 0.8109028
2026-08-04 16:40:41.887 9 INFO neutron.notifiers.nova [-] Nova event matching ['req-738c5db6-b323-4c4c-ad74-f829db38f1b8'] response: {'server_uuid': '36561392-7e15-4b24-b7ed-9983450cf1c3', 'name': 'network-vif-plugged', 'status': 'completed', 'tag': '01ccc319-f731-4b19-b5a9-ca0a6056360f', 'code': 200}
2026-08-04 16:40:41.888 9 INFO neutron.notifiers.nova [-] Nova event matching ['req-738c5db6-b323-4c4c-ad74-f829db38f1b8'] response: {'name': 'network-changed', 'server_uuid': '36561392-7e15-4b24-b7ed-9983450cf1c3', 'tag': '01ccc319-f731-4b19-b5a9-ca0a6056360f', 'status': 'completed', 'code': 200} /var/lib/openstack/lib/python3.10/site-packages/pycadf/identifier.py:71: UserWarning: Invalid uuid: neutron. To ensure interoperability, identifiers should be a valid uuid. warnings.warn(('Invalid uuid: %s. To ensure interoperability, '
2026-08-04 16:40:41.957 9 INFO neutron.wsgi [req-79c00426-33b2-4e27-99fe-407681ddf85b req-cf49739e-a1ef-42db-85d7-d96dc5b40f51 3b097d311a4a4c638583644899515cab 4c787b13fdd14d349750e6d5144fb437 - - 5542a1e84d6847768ce2ec334b584dc7 5542a1e84d6847768ce2ec334b584dc7] 199.19.213.137 "GET /v2.0/ports?tenant_id=5d86ef1e5a9845929ee76314147496be&device_id=36561392-7e15-4b24-b7ed-9983450cf1c3 HTTP/1.1" status: 200 len: 1400 time: 0.0397336
2026-08-04 16:40:42.040 10 INFO neutron.services.segments.plugin [-] Segment 4035b300-8887-4e61-af46-0de45c8c751e resource provider aggregate not found
2026-08-04 16:40:42.047 9 INFO neutron.wsgi [req-79c00426-33b2-4e27-99fe-407681ddf85b req-0d8ca747-5fa9-4d7a-b757-8d689933c467 3b097d311a4a4c638583644899515cab 4c787b13fdd14d349750e6d5144fb437 - - 5542a1e84d6847768ce2ec334b584dc7 5542a1e84d6847768ce2ec334b584dc7] 199.19.213.137 "GET /v2.0/networks?id=7ab91807-5402-422c-9f41-e7ffd8110bb4 HTTP/1.1" status: 200 len: 971 time: 0.0765262
2026-08-04 16:40:42.047 10 INFO neutron.services.segments.plugin [-] Segment 4035b300-8887-4e61-af46-0de45c8c751e resource provider aggregate not found
2026-08-04 16:40:42.060 10 INFO neutron.services.segments.plugin [-] Segment 4035b300-8887-4e61-af46-0de45c8c751e resource provider not found; error: Placement Client Error (4xx): {"errors": [{"status": 404, "title": "Not Found", "detail": "The resource could not be found.\n\n No resource provider with uuid 4035b300-8887-4e61-af46-0de45c8c751e found for delete ", "request_id": "req-28680fa1-cdc9-43e2-8534-fc718963e40f"}]}
2026-08-04 16:40:42.076 10 INFO neutron.services.segments.plugin [-] Segment 4035b300-8887-4e61-af46-0de45c8c751e resource provider not found; error: Placement Client Error (4xx): {"errors": [{"status": 404, "title": "Not Found", "detail": "The resource could not be found.\n\n No resource provider with uuid 4035b300-8887-4e61-af46-0de45c8c751e found for delete ", "request_id": "req-0ad2b14d-caee-41c1-82a1-40eb5a567453"}]}
2026-08-04 16:40:42.103 10 INFO neutron.wsgi [None req-2db89f8f-f293-4511-b5e9-602d100a3160 195b4e4247a04f87850d3e3c58bf609b 1dd370ea1b52458f831340e959f54656 - - - -] 10.0.0.167 "DELETE /v2.0/networks/333af0a6-f8bb-4e87-ad7b-0d1a22033267 HTTP/1.1" status: 204 len: 168 time: 0.7146146
2026-08-04 16:40:42.139 9 INFO neutron.wsgi [req-79c00426-33b2-4e27-99fe-407681ddf85b req-1f5ed570-89d4-4c11-99d3-cd21ef6d2aae 3b097d311a4a4c638583644899515cab 4c787b13fdd14d349750e6d5144fb437 - - 5542a1e84d6847768ce2ec334b584dc7 5542a1e84d6847768ce2ec334b584dc7] 199.19.213.137 "GET /v2.0/floatingips?fixed_ip_address=10.100.0.9&port_id=01ccc319-f731-4b19-b5a9-ca0a6056360f HTTP/1.1" status: 200 len: 1059 time: 0.0861797
2026-08-04 16:40:42.183 9 INFO neutron.wsgi [req-79c00426-33b2-4e27-99fe-407681ddf85b req-373be4fd-b7e4-4b73-ac53-b765fe627d86 3b097d311a4a4c638583644899515cab 4c787b13fdd14d349750e6d5144fb437 - - 5542a1e84d6847768ce2ec334b584dc7 5542a1e84d6847768ce2ec334b584dc7] 199.19.213.137 "GET /v2.0/subnets?id=ad5ef209-9413-4c67-8c04-86e44566ab89 HTTP/1.1" status: 200 len: 866 time: 0.0368569
2026-08-04 16:40:42.215 9 INFO neutron.wsgi [req-79c00426-33b2-4e27-99fe-407681ddf85b req-0bf5acd7-a91b-426c-9522-885ab7cb7c9d 3b097d311a4a4c638583644899515cab 4c787b13fdd14d349750e6d5144fb437 - - 5542a1e84d6847768ce2ec334b584dc7 5542a1e84d6847768ce2ec334b584dc7] 199.19.213.137 "GET /v2.0/ports?network_id=7ab91807-5402-422c-9f41-e7ffd8110bb4&device_owner=network%3Adhcp HTTP/1.1" status: 200 len: 210 time: 0.0242038
2026-08-04 16:40:42.225 9 INFO neutron.db.segments_db [None req-5016c42a-04a3-423c-9916-79872e1fa315 195b4e4247a04f87850d3e3c58bf609b 1dd370ea1b52458f831340e959f54656 - - - -] Added segment 31f06e78-11ce-4ac9-a75b-91276aa172ab of type geneve for network b96587f7-95f6-4302-bf3c-8c1928069c06
2026-08-04 16:40:42.327 10 INFO neutron.db.ovn_revision_numbers_db [None req-7802a4bc-55c1-48cc-bb8f-7136fb2324d5 d5867e2ccba9447db1c50aa0b7871135 6ec4ecb5933647d1accc41abf0065313 - - default default] Successfully bumped revision number for resource d799b9c8-fc64-429a-8a6d-8448d33bc2da (type: security_groups) to 1
2026-08-04 16:40:42.340 9 INFO neutron.wsgi [req-79c00426-33b2-4e27-99fe-407681ddf85b req-29a8b4ab-f20d-4541-86df-e747281213e4 3b097d311a4a4c638583644899515cab 4c787b13fdd14d349750e6d5144fb437 - - 5542a1e84d6847768ce2ec334b584dc7 5542a1e84d6847768ce2ec334b584dc7] 199.19.213.137 "GET /v2.0/networks/7ab91807-5402-422c-9f41-e7ffd8110bb4?fields=segments HTTP/1.1" status: 200 len: 212 time: 0.1158121
2026-08-04 16:40:42.358 10 INFO neutron.wsgi [None req-7802a4bc-55c1-48cc-bb8f-7136fb2324d5 d5867e2ccba9447db1c50aa0b7871135 6ec4ecb5933647d1accc41abf0065313 - - default default] 10.0.0.167 "GET /v2.0/security-groups?tenant_id=8c47b059617b452d86666e6ee647592d&name=default HTTP/1.1" status: 200 len: 2996 time: 0.3538811
2026-08-04 16:40:42.438 9 INFO neutron.db.ovn_revision_numbers_db [None req-5016c42a-04a3-423c-9916-79872e1fa315 195b4e4247a04f87850d3e3c58bf609b 1dd370ea1b52458f831340e959f54656 - - - -] Successfully bumped revision number for resource b96587f7-95f6-4302-bf3c-8c1928069c06 (type: networks) to 1
2026-08-04 16:40:42.444 9 INFO neutron.wsgi [req-79c00426-33b2-4e27-99fe-407681ddf85b req-8109cdba-3420-468f-8f1d-aaaa531bc457 3b097d311a4a4c638583644899515cab 4c787b13fdd14d349750e6d5144fb437 - - 5542a1e84d6847768ce2ec334b584dc7 5542a1e84d6847768ce2ec334b584dc7] 199.19.213.137 "GET /v2.0/networks/7ab91807-5402-422c-9f41-e7ffd8110bb4?fields=provider%3Aphysical_network&fields=provider%3Anetwork_type HTTP/1.1" status: 200 len: 277 time: 0.0930650
2026-08-04 16:40:42.481 10 INFO neutron.wsgi [-] 10.0.0.139 "GET / HTTP/1.1" status: 200 len: 247 time: 0.0068924
2026-08-04 16:40:42.486 10 INFO neutron.wsgi [-] 10.0.0.139 "GET / HTTP/1.1" status: 200 len: 247 time: 0.0039263
2026-08-04 16:40:42.606 10 INFO neutron.wsgi [None req-54971b21-2bda-4901-bb5b-03615ad8ca65 d5867e2ccba9447db1c50aa0b7871135 6ec4ecb5933647d1accc41abf0065313 - - - -] 10.0.0.167 "DELETE /v2.0/security-groups/d799b9c8-fc64-429a-8a6d-8448d33bc2da HTTP/1.1" status: 204 len: 168 time: 0.2435963
2026-08-04 16:40:42.655 9 WARNING neutron.scheduler.dhcp_agent_scheduler [None req-5016c42a-04a3-423c-9916-79872e1fa315 195b4e4247a04f87850d3e3c58bf609b 1dd370ea1b52458f831340e959f54656 - - - -] No more DHCP agents
2026-08-04 16:40:42.657 9 WARNING neutron.api.rpc.agentnotifiers.dhcp_rpc_agent_api [None req-5016c42a-04a3-423c-9916-79872e1fa315 195b4e4247a04f87850d3e3c58bf609b 1dd370ea1b52458f831340e959f54656 - - - -] Unable to schedule network b96587f7-95f6-4302-bf3c-8c1928069c06: no agents available; will retry on subsequent port and subnet creation events.
2026-08-04 16:40:42.732 9 INFO neutron.db.ovn_revision_numbers_db [None req-5016c42a-04a3-423c-9916-79872e1fa315 195b4e4247a04f87850d3e3c58bf609b 1dd370ea1b52458f831340e959f54656 - - - -] Successfully bumped revision number for resource 8fbea926-afee-43f4-9adf-847c862c4a63 (type: ports) to 1
2026-08-04 16:40:42.756 9 INFO neutron.wsgi [None req-5016c42a-04a3-423c-9916-79872e1fa315 195b4e4247a04f87850d3e3c58bf609b 1dd370ea1b52458f831340e959f54656 - - - -] 10.0.0.167 "POST /v2.0/networks HTTP/1.1" status: 201 len: 928 time: 0.6443012
2026-08-04 16:40:42.943 9 WARNING neutron.scheduler.dhcp_agent_scheduler [None req-6369a35b-0ac9-4ddf-b194-83bf16e166e3 195b4e4247a04f87850d3e3c58bf609b 1dd370ea1b52458f831340e959f54656 - - - -] No more DHCP agents
2026-08-04 16:40:42.947 9 WARNING neutron.api.rpc.agentnotifiers.dhcp_rpc_agent_api [None req-6369a35b-0ac9-4ddf-b194-83bf16e166e3 195b4e4247a04f87850d3e3c58bf609b 1dd370ea1b52458f831340e959f54656 - - - -] Unable to schedule network b96587f7-95f6-4302-bf3c-8c1928069c06: no agents available; will retry on subsequent port and subnet creation events.
2026-08-04 16:40:43.536 9 INFO neutron.db.ovn_revision_numbers_db [None req-6369a35b-0ac9-4ddf-b194-83bf16e166e3 195b4e4247a04f87850d3e3c58bf609b 1dd370ea1b52458f831340e959f54656 - - - -] Successfully bumped revision number for resource 8fbea926-afee-43f4-9adf-847c862c4a63 (type: ports) to 2
2026-08-04 16:40:43.554 9 INFO neutron.db.ovn_revision_numbers_db [None req-6369a35b-0ac9-4ddf-b194-83bf16e166e3 195b4e4247a04f87850d3e3c58bf609b 1dd370ea1b52458f831340e959f54656 - - - -] Successfully bumped revision number for resource 17063c06-847b-47c3-ad68-1f3a4714d8de (type: subnets) to 0
2026-08-04 16:40:43.578 9 INFO neutron.wsgi [None req-6369a35b-0ac9-4ddf-b194-83bf16e166e3 195b4e4247a04f87850d3e3c58bf609b 1dd370ea1b52458f831340e959f54656 - - - -] 10.0.0.167 "POST /v2.0/subnets HTTP/1.1" status: 201 len: 822 time: 0.8103411
