2026-08-04 16:37:45.721 9 INFO neutron.wsgi [req-b5408a44-b165-4d0d-9b55-7dbe458afe11 req-d75f41b4-d8ab-4415-9988-50dfb499f8e9 3b097d311a4a4c638583644899515cab 4c787b13fdd14d349750e6d5144fb437 - - 5542a1e84d6847768ce2ec334b584dc7 5542a1e84d6847768ce2ec334b584dc7] 199.19.213.137 "GET /v2.0/subnets?id=bd5fbbc2-e8ea-4db7-892d-abb3f50193c1 HTTP/1.1" status: 200 len: 869 time: 0.0403004
2026-08-04 16:37:45.754 9 INFO neutron.wsgi [req-b5408a44-b165-4d0d-9b55-7dbe458afe11 req-8ffdb680-393a-446a-a793-29a0c641c48a 3b097d311a4a4c638583644899515cab 4c787b13fdd14d349750e6d5144fb437 - - 5542a1e84d6847768ce2ec334b584dc7 5542a1e84d6847768ce2ec334b584dc7] 199.19.213.137 "GET /v2.0/ports?network_id=1ac5eef9-ceee-473f-8b70-c813acda88c5&device_owner=network%3Adhcp HTTP/1.1" status: 200 len: 210 time: 0.0242066
2026-08-04 16:37:45.833 9 INFO neutron.wsgi [req-b5408a44-b165-4d0d-9b55-7dbe458afe11 req-16a83b9a-f6f0-44c3-a5c4-fbdb09fac433 3b097d311a4a4c638583644899515cab 4c787b13fdd14d349750e6d5144fb437 - - 5542a1e84d6847768ce2ec334b584dc7 5542a1e84d6847768ce2ec334b584dc7] 199.19.213.137 "GET /v2.0/networks/1ac5eef9-ceee-473f-8b70-c813acda88c5?fields=segments HTTP/1.1" status: 200 len: 212 time: 0.0699246
2026-08-04 16:37:45.904 9 INFO neutron.wsgi [req-b5408a44-b165-4d0d-9b55-7dbe458afe11 req-891a88f9-82f3-464a-a012-5bc91487286c 3b097d311a4a4c638583644899515cab 4c787b13fdd14d349750e6d5144fb437 - - 5542a1e84d6847768ce2ec334b584dc7 5542a1e84d6847768ce2ec334b584dc7] 199.19.213.137 "GET /v2.0/networks/1ac5eef9-ceee-473f-8b70-c813acda88c5?fields=provider%3Aphysical_network&fields=provider%3Anetwork_type HTTP/1.1" status: 200 len: 277 time: 0.0611238
2026-08-04 16:37:46.031 10 INFO neutron.db.ovn_revision_numbers_db [None req-2a3fe43b-ffd1-47f5-821c-b35dea42ef8e 3b097d311a4a4c638583644899515cab 4c787b13fdd14d349750e6d5144fb437 - - - -] Successfully bumped revision number for resource b2c37539-c57f-4420-a601-d57ca2d2325a (type: ports) to 2
2026-08-04 16:37:46.121 9 INFO neutron.wsgi [req-ab60729c-7504-4e38-8627-5de755028e28 req-15a18ef6-bc8f-4221-b5ae-9f9cd535031c a3f0da88359746168f09a688784f9914 d0f464190a4f4cc1a88b2b1440b70bcc - - default default] 10.0.0.245 "GET /v2.0/ports?device_id=d13c0df4-c436-4896-8961-15cbe5230467 HTTP/1.1" status: 200 len: 1168 time: 0.1032875
2026-08-04 16:37:46.165 9 INFO neutron.wsgi [req-ab60729c-7504-4e38-8627-5de755028e28 req-17ffe1ea-ba96-4171-8c7e-f9405525a2e3 a3f0da88359746168f09a688784f9914 d0f464190a4f4cc1a88b2b1440b70bcc - - default default] 10.0.0.245 "GET /v2.0/security-groups?id=7a27f236-b8aa-4b97-a3a8-9871994832e9&fields=id&fields=name HTTP/1.1" status: 200 len: 313 time: 0.0357630
2026-08-04 16:37:46.250 10 INFO neutron.db.ovn_revision_numbers_db [None req-2a3fe43b-ffd1-47f5-821c-b35dea42ef8e 3b097d311a4a4c638583644899515cab 4c787b13fdd14d349750e6d5144fb437 - - - -] Successfully bumped revision number for resource b2c37539-c57f-4420-a601-d57ca2d2325a (type: ports) to 2
2026-08-04 16:37:46.267 10 INFO neutron.wsgi [None req-2a3fe43b-ffd1-47f5-821c-b35dea42ef8e 3b097d311a4a4c638583644899515cab 4c787b13fdd14d349750e6d5144fb437 - - - -] 199.19.213.137 "PUT /v2.0/ports/b2c37539-c57f-4420-a601-d57ca2d2325a HTTP/1.1" status: 200 len: 1328 time: 0.6749730 /var/lib/openstack/lib/python3.10/site-packages/pycadf/identifier.py:71: UserWarning: Invalid uuid: neutron. To ensure interoperability, identifiers should be a valid uuid. warnings.warn(('Invalid uuid: %s. To ensure interoperability, '
2026-08-04 16:37:46.318 10 INFO neutron.notifiers.nova [-] Nova event matching ['req-0dd50f3e-a88a-4810-8831-c320f45491d9'] response: {'name': 'network-changed', 'server_uuid': 'd13c0df4-c436-4896-8961-15cbe5230467', 'tag': 'b2c37539-c57f-4420-a601-d57ca2d2325a', 'status': 'completed', 'code': 200}
2026-08-04 16:37:46.353 10 INFO neutron.wsgi [req-2a57d9b5-8a2b-4853-b366-4f07738b53a2 req-507b2a6a-cea3-4dc9-86a0-e9ebe2c93573 3b097d311a4a4c638583644899515cab 4c787b13fdd14d349750e6d5144fb437 - - 5542a1e84d6847768ce2ec334b584dc7 5542a1e84d6847768ce2ec334b584dc7] 199.19.213.137 "GET /v2.0/ports?tenant_id=d0f464190a4f4cc1a88b2b1440b70bcc&device_id=d13c0df4-c436-4896-8961-15cbe5230467 HTTP/1.1" status: 200 len: 1359 time: 0.0478709
2026-08-04 16:37:46.383 10 INFO neutron.wsgi [req-2a57d9b5-8a2b-4853-b366-4f07738b53a2 req-e80da555-a1c8-4ff1-b242-8d0ae8615b1a 3b097d311a4a4c638583644899515cab 4c787b13fdd14d349750e6d5144fb437 - - 5542a1e84d6847768ce2ec334b584dc7 5542a1e84d6847768ce2ec334b584dc7] 199.19.213.137 "GET /v2.0/floatingips?fixed_ip_address=10.100.0.4&port_id=b2c37539-c57f-4420-a601-d57ca2d2325a HTTP/1.1" status: 200 len: 217 time: 0.0241525
2026-08-04 16:37:46.431 10 INFO neutron.wsgi [req-2a57d9b5-8a2b-4853-b366-4f07738b53a2 req-6f160eaa-913c-4d2b-8485-22b946b1d32e 3b097d311a4a4c638583644899515cab 4c787b13fdd14d349750e6d5144fb437 - - 5542a1e84d6847768ce2ec334b584dc7 5542a1e84d6847768ce2ec334b584dc7] 199.19.213.137 "GET /v2.0/subnets?id=b9c1f5a0-2b4c-4f12-b7bb-26367da4be43 HTTP/1.1" status: 200 len: 873 time: 0.0412016
2026-08-04 16:37:46.470 10 INFO neutron.wsgi [req-2a57d9b5-8a2b-4853-b366-4f07738b53a2 req-5f7ec01e-d42b-4333-8c21-ba228c753d6a 3b097d311a4a4c638583644899515cab 4c787b13fdd14d349750e6d5144fb437 - - 5542a1e84d6847768ce2ec334b584dc7 5542a1e84d6847768ce2ec334b584dc7] 199.19.213.137 "GET /v2.0/ports?network_id=c3fd87a2-5b68-4aea-987f-00750d2a60f4&device_owner=network%3Adhcp HTTP/1.1" status: 200 len: 210 time: 0.0238736
2026-08-04 16:37:46.544 10 INFO neutron.wsgi [req-2a57d9b5-8a2b-4853-b366-4f07738b53a2 req-87c7ebce-45d6-462f-ac18-a92f45df6ea9 3b097d311a4a4c638583644899515cab 4c787b13fdd14d349750e6d5144fb437 - - 5542a1e84d6847768ce2ec334b584dc7 5542a1e84d6847768ce2ec334b584dc7] 199.19.213.137 "GET /v2.0/networks/c3fd87a2-5b68-4aea-987f-00750d2a60f4?fields=segments HTTP/1.1" status: 200 len: 212 time: 0.0661049
2026-08-04 16:37:46.587 9 INFO neutron.wsgi [req-c140de94-9afe-46e5-8b91-47376dc392f4 req-6ed846d2-eb15-43b8-b93c-ffa051d20c4e 6b29a5bbca9448459c965e972b94ffbe 59142cfbdea946e3af77a5e879e4f0b0 - - default default] 10.0.0.245 "GET /v2.0/ports?device_id=1cc66a52-8229-44ef-a086-e4584ed8fef9 HTTP/1.1" status: 200 len: 1168 time: 0.1353714
2026-08-04 16:37:46.648 9 INFO neutron.wsgi [req-c140de94-9afe-46e5-8b91-47376dc392f4 req-aec70d7f-d7d4-4a60-9bed-886a93733466 6b29a5bbca9448459c965e972b94ffbe 59142cfbdea946e3af77a5e879e4f0b0 - - default default] 10.0.0.245 "GET /v2.0/security-groups?id=a969dc0f-54ad-4161-856f-e8a9ae8276b6&fields=id&fields=name HTTP/1.1" status: 200 len: 313 time: 0.0526428
2026-08-04 16:37:46.650 10 INFO neutron.wsgi [req-2a57d9b5-8a2b-4853-b366-4f07738b53a2 req-56983d95-6e50-4b12-8086-a0cd88bbe7a5 3b097d311a4a4c638583644899515cab 4c787b13fdd14d349750e6d5144fb437 - - 5542a1e84d6847768ce2ec334b584dc7 5542a1e84d6847768ce2ec334b584dc7] 199.19.213.137 "GET /v2.0/networks/c3fd87a2-5b68-4aea-987f-00750d2a60f4?fields=provider%3Aphysical_network&fields=provider%3Anetwork_type HTTP/1.1" status: 200 len: 277 time: 0.0990703
2026-08-04 16:37:46.749 10 INFO neutron.wsgi [req-152ef241-a5fd-4782-badf-0f15098fcd44 req-c170545d-bfe6-49b4-aeee-0818ef299f10 3b097d311a4a4c638583644899515cab 4c787b13fdd14d349750e6d5144fb437 - - 5542a1e84d6847768ce2ec334b584dc7 5542a1e84d6847768ce2ec334b584dc7] 199.19.213.137 "GET /v2.0/ports?tenant_id=d0f464190a4f4cc1a88b2b1440b70bcc&device_id=d13c0df4-c436-4896-8961-15cbe5230467 HTTP/1.1" status: 200 len: 1359 time: 0.0455194
2026-08-04 16:37:46.847 10 INFO neutron.wsgi [req-152ef241-a5fd-4782-badf-0f15098fcd44 req-573045bb-6dc8-42b0-b578-ec42825934e2 3b097d311a4a4c638583644899515cab 4c787b13fdd14d349750e6d5144fb437 - - 5542a1e84d6847768ce2ec334b584dc7 5542a1e84d6847768ce2ec334b584dc7] 199.19.213.137 "GET /v2.0/networks?id=c3fd87a2-5b68-4aea-987f-00750d2a60f4 HTTP/1.1" status: 200 len: 978 time: 0.0886354
2026-08-04 16:37:46.890 10 INFO neutron.wsgi [req-152ef241-a5fd-4782-badf-0f15098fcd44 req-debd30b3-66b9-4bcc-97fc-f42d81de23b3 3b097d311a4a4c638583644899515cab 4c787b13fdd14d349750e6d5144fb437 - - 5542a1e84d6847768ce2ec334b584dc7 5542a1e84d6847768ce2ec334b584dc7] 199.19.213.137 "GET /v2.0/floatingips?fixed_ip_address=10.100.0.4&port_id=b2c37539-c57f-4420-a601-d57ca2d2325a HTTP/1.1" status: 200 len: 217 time: 0.0340104
2026-08-04 16:37:46.932 10 INFO neutron.wsgi [req-152ef241-a5fd-4782-badf-0f15098fcd44 req-89b5e748-a666-4b49-b08c-5aaf6f064fbc 3b097d311a4a4c638583644899515cab 4c787b13fdd14d349750e6d5144fb437 - - 5542a1e84d6847768ce2ec334b584dc7 5542a1e84d6847768ce2ec334b584dc7] 199.19.213.137 "GET /v2.0/subnets?id=b9c1f5a0-2b4c-4f12-b7bb-26367da4be43 HTTP/1.1" status: 200 len: 873 time: 0.0336645
2026-08-04 16:37:46.965 10 INFO neutron.wsgi [req-152ef241-a5fd-4782-badf-0f15098fcd44 req-630dc46f-b226-4ebb-a2fd-5a5fad73f24c 3b097d311a4a4c638583644899515cab 4c787b13fdd14d349750e6d5144fb437 - - 5542a1e84d6847768ce2ec334b584dc7 5542a1e84d6847768ce2ec334b584dc7] 199.19.213.137 "GET /v2.0/ports?network_id=c3fd87a2-5b68-4aea-987f-00750d2a60f4&device_owner=network%3Adhcp HTTP/1.1" status: 200 len: 210 time: 0.0265415
2026-08-04 16:37:47.034 10 INFO neutron.wsgi [req-152ef241-a5fd-4782-badf-0f15098fcd44 req-08318172-495a-4a69-a172-a3e669720fc8 3b097d311a4a4c638583644899515cab 4c787b13fdd14d349750e6d5144fb437 - - 5542a1e84d6847768ce2ec334b584dc7 5542a1e84d6847768ce2ec334b584dc7] 199.19.213.137 "GET /v2.0/networks/c3fd87a2-5b68-4aea-987f-00750d2a60f4?fields=segments HTTP/1.1" status: 200 len: 212 time: 0.0612354
2026-08-04 16:37:47.095 10 INFO neutron.wsgi [req-152ef241-a5fd-4782-badf-0f15098fcd44 req-4c6b90b8-6de1-4e26-a199-332e7386bffb 3b097d311a4a4c638583644899515cab 4c787b13fdd14d349750e6d5144fb437 - - 5542a1e84d6847768ce2ec334b584dc7 5542a1e84d6847768ce2ec334b584dc7] 199.19.213.137 "GET /v2.0/networks/c3fd87a2-5b68-4aea-987f-00750d2a60f4?fields=provider%3Aphysical_network&fields=provider%3Anetwork_type HTTP/1.1" status: 200 len: 277 time: 0.0536053
2026-08-04 16:37:47.269 10 INFO neutron.wsgi [req-e08c80b1-6f4c-44f2-a6f4-9d33fcde25f1 req-7ea1f5e7-50b2-45b9-86b0-64c1fcd22158 a3f0da88359746168f09a688784f9914 d0f464190a4f4cc1a88b2b1440b70bcc - - default default] 10.0.0.245 "GET /v2.0/ports?device_id=d13c0df4-c436-4896-8961-15cbe5230467 HTTP/1.1" status: 200 len: 1168 time: 0.0357251
2026-08-04 16:37:47.307 10 INFO neutron.wsgi [req-e08c80b1-6f4c-44f2-a6f4-9d33fcde25f1 req-9c91b0b8-cad2-4b84-a538-9ae9ca5b610c a3f0da88359746168f09a688784f9914 d0f464190a4f4cc1a88b2b1440b70bcc - - default default] 10.0.0.245 "GET /v2.0/security-groups?id=7a27f236-b8aa-4b97-a3a8-9871994832e9&fields=id&fields=name HTTP/1.1" status: 200 len: 313 time: 0.0319364
2026-08-04 16:37:47.778 9 INFO neutron.wsgi [req-28239734-5a61-4f06-aee0-0b8fc0a1bdf2 req-a9d3d229-0a9f-4a31-a7c4-60648f505232 6b29a5bbca9448459c965e972b94ffbe 59142cfbdea946e3af77a5e879e4f0b0 - - default default] 10.0.0.245 "GET /v2.0/ports?device_id=1cc66a52-8229-44ef-a086-e4584ed8fef9 HTTP/1.1" status: 200 len: 1168 time: 0.0453246
2026-08-04 16:37:47.827 9 INFO neutron.wsgi [req-28239734-5a61-4f06-aee0-0b8fc0a1bdf2 req-de3169cb-b202-435a-af71-d39f1b757c23 6b29a5bbca9448459c965e972b94ffbe 59142cfbdea946e3af77a5e879e4f0b0 - - default default] 10.0.0.245 "GET /v2.0/security-groups?id=a969dc0f-54ad-4161-856f-e8a9ae8276b6&fields=id&fields=name HTTP/1.1" status: 200 len: 313 time: 0.0397229
2026-08-04 16:37:48.524 10 INFO neutron.wsgi [req-acbaf063-d0bb-4191-a259-f7e9cd47de10 req-035aaf4f-512a-4dba-869d-19991add44de a3f0da88359746168f09a688784f9914 d0f464190a4f4cc1a88b2b1440b70bcc - - default default] 10.0.0.245 "GET /v2.0/ports?device_id=d13c0df4-c436-4896-8961-15cbe5230467 HTTP/1.1" status: 200 len: 1168 time: 0.1329379
2026-08-04 16:37:48.574 10 INFO neutron.wsgi [req-acbaf063-d0bb-4191-a259-f7e9cd47de10 req-d9c8ec3b-424e-4b8f-a728-b377073d0ce0 a3f0da88359746168f09a688784f9914 d0f464190a4f4cc1a88b2b1440b70bcc - - default default] 10.0.0.245 "GET /v2.0/security-groups?id=7a27f236-b8aa-4b97-a3a8-9871994832e9&fields=id&fields=name HTTP/1.1" status: 200 len: 313 time: 0.0430188
2026-08-04 16:37:48.932 9 INFO neutron.wsgi [req-c8b31869-b8d2-48dd-befd-7cf295bbe033 req-14a8a4ce-ce51-4071-af55-0eae9bcec8db 6b29a5bbca9448459c965e972b94ffbe 59142cfbdea946e3af77a5e879e4f0b0 - - default default] 10.0.0.245 "GET /v2.0/ports?device_id=1cc66a52-8229-44ef-a086-e4584ed8fef9 HTTP/1.1" status: 200 len: 1168 time: 0.0421619
2026-08-04 16:37:48.979 9 INFO neutron.wsgi [req-c8b31869-b8d2-48dd-befd-7cf295bbe033 req-bd054344-2fb5-44f6-98eb-6afa7085c7e6 6b29a5bbca9448459c965e972b94ffbe 59142cfbdea946e3af77a5e879e4f0b0 - - default default] 10.0.0.245 "GET /v2.0/security-groups?id=a969dc0f-54ad-4161-856f-e8a9ae8276b6&fields=id&fields=name HTTP/1.1" status: 200 len: 313 time: 0.0387697
2026-08-04 16:37:49.694 10 INFO neutron.wsgi [req-2e593643-500a-4f3e-a133-ebd7fc6d29a7 req-199c0b99-77aa-46cc-98ad-191a4db53601 a3f0da88359746168f09a688784f9914 d0f464190a4f4cc1a88b2b1440b70bcc - - default default] 10.0.0.245 "GET /v2.0/ports?device_id=d13c0df4-c436-4896-8961-15cbe5230467 HTTP/1.1" status: 200 len: 1168 time: 0.0487387
2026-08-04 16:37:49.753 10 INFO neutron.wsgi [req-2e593643-500a-4f3e-a133-ebd7fc6d29a7 req-90b65d9c-dfc7-495a-9175-d50fdeaf8dbe a3f0da88359746168f09a688784f9914 d0f464190a4f4cc1a88b2b1440b70bcc - - default default] 10.0.0.245 "GET /v2.0/security-groups?id=7a27f236-b8aa-4b97-a3a8-9871994832e9&fields=id&fields=name HTTP/1.1" status: 200 len: 313 time: 0.0517826
2026-08-04 16:37:50.085 9 INFO neutron.wsgi [req-bfdb9b4a-c457-4e7e-8588-160571709c52 req-bbb50b42-cd0a-4039-a496-ac028718aee7 6b29a5bbca9448459c965e972b94ffbe 59142cfbdea946e3af77a5e879e4f0b0 - - default default] 10.0.0.245 "GET /v2.0/ports?device_id=1cc66a52-8229-44ef-a086-e4584ed8fef9 HTTP/1.1" status: 200 len: 1168 time: 0.0415306
2026-08-04 16:37:50.131 9 INFO neutron.wsgi [req-bfdb9b4a-c457-4e7e-8588-160571709c52 req-b69a8e24-9685-42b2-9f47-7aabaddfd3b4 6b29a5bbca9448459c965e972b94ffbe 59142cfbdea946e3af77a5e879e4f0b0 - - default default] 10.0.0.245 "GET /v2.0/security-groups?id=a969dc0f-54ad-4161-856f-e8a9ae8276b6&fields=id&fields=name HTTP/1.1" status: 200 len: 313 time: 0.0376508
2026-08-04 16:37:50.867 10 INFO neutron.wsgi [req-63192aa1-114c-4897-9987-470951c0c1da req-e029322c-a2cf-478c-8295-e0b71c589a16 a3f0da88359746168f09a688784f9914 d0f464190a4f4cc1a88b2b1440b70bcc - - default default] 10.0.0.245 "GET /v2.0/ports?device_id=d13c0df4-c436-4896-8961-15cbe5230467 HTTP/1.1" status: 200 len: 1168 time: 0.0414922
2026-08-04 16:37:50.913 10 INFO neutron.wsgi [req-63192aa1-114c-4897-9987-470951c0c1da req-5ac11997-4500-491e-8cfd-b005792eede4 a3f0da88359746168f09a688784f9914 d0f464190a4f4cc1a88b2b1440b70bcc - - default default] 10.0.0.245 "GET /v2.0/security-groups?id=7a27f236-b8aa-4b97-a3a8-9871994832e9&fields=id&fields=name HTTP/1.1" status: 200 len: 313 time: 0.0371430
2026-08-04 16:37:51.084 9 WARNING neutron.plugins.ml2.drivers.ovn.mech_driver.ovsdb.ovn_client [None req-bf202515-1b3a-4823-9d5f-3cd274afef13 - - - - - -] No hosting information found for port e535fd3f-f567-486c-9f38-7d1d415e0262: RuntimeError: No hosting information found for port e535fd3f-f567-486c-9f38-7d1d415e0262
2026-08-04 16:37:51.104 9 INFO neutron.plugins.ml2.drivers.ovn.mech_driver.mech_driver [None req-bf202515-1b3a-4823-9d5f-3cd274afef13 - - - - - -] OVN reports status up for port: 76b52b61-3f99-495b-a55e-69fe151a2803
2026-08-04 16:37:51.120 9 INFO neutron.plugins.ml2.plugin [None req-bf202515-1b3a-4823-9d5f-3cd274afef13 - - - - - -] Attempt 1 to provision port 76b52b61-3f99-495b-a55e-69fe151a2803 /var/lib/openstack/lib/python3.10/site-packages/pycadf/identifier.py:71: UserWarning: Invalid uuid: neutron. To ensure interoperability, identifiers should be a valid uuid. warnings.warn(('Invalid uuid: %s. To ensure interoperability, '
2026-08-04 16:37:51.236 9 INFO neutron.notifiers.nova [-] Nova event matching ['req-0166d1ed-a651-4679-8685-d0d64c1b9d89'] response: {'server_uuid': '1cc66a52-8229-44ef-a086-e4584ed8fef9', 'name': 'network-vif-plugged', 'status': 'completed', 'tag': '76b52b61-3f99-495b-a55e-69fe151a2803', 'code': 200}
2026-08-04 16:37:51.244 9 INFO neutron.wsgi [req-ef7e6900-59cf-4f43-a3a2-704cced2febc req-56be881c-89b7-4e4a-a85f-f85f08352155 6b29a5bbca9448459c965e972b94ffbe 59142cfbdea946e3af77a5e879e4f0b0 - - default default] 10.0.0.245 "GET /v2.0/ports?device_id=1cc66a52-8229-44ef-a086-e4584ed8fef9 HTTP/1.1" status: 200 len: 1170 time: 0.0368040
2026-08-04 16:37:51.295 9 INFO neutron.wsgi [req-ef7e6900-59cf-4f43-a3a2-704cced2febc req-5d45ebdd-bd67-4381-80fb-4265a235ffa7 6b29a5bbca9448459c965e972b94ffbe 59142cfbdea946e3af77a5e879e4f0b0 - - default default] 10.0.0.245 "GET /v2.0/security-groups?id=a969dc0f-54ad-4161-856f-e8a9ae8276b6&fields=id&fields=name HTTP/1.1" status: 200 len: 313 time: 0.0391517
2026-08-04 16:37:51.409 9 INFO neutron.db.ovn_revision_numbers_db [None req-bf202515-1b3a-4823-9d5f-3cd274afef13 - - - - - -] Successfully bumped revision number for resource 76b52b61-3f99-495b-a55e-69fe151a2803 (type: ports) to 4
2026-08-04 16:37:51.481 9 INFO neutron.plugins.ml2.drivers.ovn.mech_driver.mech_driver [None req-bf202515-1b3a-4823-9d5f-3cd274afef13 - - - - - -] OVN reports status up for port: b2c37539-c57f-4420-a601-d57ca2d2325a
2026-08-04 16:37:51.505 9 INFO neutron.plugins.ml2.plugin [None req-bf202515-1b3a-4823-9d5f-3cd274afef13 - - - - - -] Attempt 1 to provision port b2c37539-c57f-4420-a601-d57ca2d2325a
2026-08-04 16:37:51.816 9 INFO neutron.db.ovn_revision_numbers_db [None req-bf202515-1b3a-4823-9d5f-3cd274afef13 - - - - - -] Successfully bumped revision number for resource b2c37539-c57f-4420-a601-d57ca2d2325a (type: ports) to 4
2026-08-04 16:37:52.028 10 INFO neutron.wsgi [req-2f3f6fb1-a06b-4608-824e-10e898de2317 req-3bb2e3c9-6fe0-4474-a2c0-c75a1d9a9c09 a3f0da88359746168f09a688784f9914 d0f464190a4f4cc1a88b2b1440b70bcc - - default default] 10.0.0.245 "GET /v2.0/ports?device_id=d13c0df4-c436-4896-8961-15cbe5230467 HTTP/1.1" status: 200 len: 1170 time: 0.0428219
2026-08-04 16:37:52.096 10 INFO neutron.wsgi [req-2f3f6fb1-a06b-4608-824e-10e898de2317 req-fd0a69a4-550b-4aaf-8a41-c8ee4d1ad21a a3f0da88359746168f09a688784f9914 d0f464190a4f4cc1a88b2b1440b70bcc - - default default] 10.0.0.245 "GET /v2.0/security-groups?id=7a27f236-b8aa-4b97-a3a8-9871994832e9&fields=id&fields=name HTTP/1.1" status: 200 len: 313 time: 0.0593107 /var/lib/openstack/lib/python3.10/site-packages/pycadf/identifier.py:71: UserWarning: Invalid uuid: neutron. To ensure interoperability, identifiers should be a valid uuid. warnings.warn(('Invalid uuid: %s. To ensure interoperability, '
2026-08-04 16:37:52.466 9 INFO neutron.wsgi [req-528fcf1a-9939-4778-b51c-b181ad03eda9 req-4e922c46-6b76-4df1-af12-bfdcc244da81 3b097d311a4a4c638583644899515cab 4c787b13fdd14d349750e6d5144fb437 - - 5542a1e84d6847768ce2ec334b584dc7 5542a1e84d6847768ce2ec334b584dc7] 10.0.0.145 "GET /v2.0/ports?device_id=c0de101e-2f41-490b-a7b6-95f346ff40a3 HTTP/1.1" status: 200 len: 1361 time: 0.3877287
2026-08-04 16:37:52.520 9 INFO neutron.wsgi [req-528fcf1a-9939-4778-b51c-b181ad03eda9 req-f3a9cb19-aebe-4382-9309-573b175f6832 3b097d311a4a4c638583644899515cab 4c787b13fdd14d349750e6d5144fb437 - - 5542a1e84d6847768ce2ec334b584dc7 5542a1e84d6847768ce2ec334b584dc7] 10.0.0.145 "GET /v2.0/security-groups?id=1ef22770-a9fc-43ed-8ef2-b03a6378e709&fields=id&fields=name HTTP/1.1" status: 200 len: 313 time: 0.0443802
2026-08-04 16:37:52.550 9 INFO neutron.wsgi [req-808795ee-a110-4939-82ef-49d58e608397 req-9bb1a6a4-17e1-4eae-a6fb-57e5902873e3 6b29a5bbca9448459c965e972b94ffbe 59142cfbdea946e3af77a5e879e4f0b0 - - default default] 10.0.0.245 "GET /v2.0/ports?device_id=1cc66a52-8229-44ef-a086-e4584ed8fef9 HTTP/1.1" status: 200 len: 1170 time: 0.1317835
2026-08-04 16:37:52.598 9 INFO neutron.wsgi [req-808795ee-a110-4939-82ef-49d58e608397 req-65edab10-310e-4ddf-b723-92353e90924d 6b29a5bbca9448459c965e972b94ffbe 59142cfbdea946e3af77a5e879e4f0b0 - - default default] 10.0.0.245 "GET /v2.0/security-groups?id=a969dc0f-54ad-4161-856f-e8a9ae8276b6&fields=id&fields=name HTTP/1.1" status: 200 len: 313 time: 0.0414736
2026-08-04 16:37:52.792 10 INFO neutron.wsgi [req-70589907-97ea-4d88-9741-11ba8ca3767c req-4754c4c6-7447-45b0-a7fb-cbcda740ed3a 6b29a5bbca9448459c965e972b94ffbe 59142cfbdea946e3af77a5e879e4f0b0 - - default default] 10.0.0.245 "GET /v2.0/ports?device_id=1cc66a52-8229-44ef-a086-e4584ed8fef9 HTTP/1.1" status: 200 len: 1170 time: 0.1166232
2026-08-04 16:37:53.292 9 INFO neutron.wsgi [req-74c717ce-4d4e-47a7-a9a2-a376dc16e93c req-5704609a-51ac-4c5f-bf17-ae849f85e2ba a3f0da88359746168f09a688784f9914 d0f464190a4f4cc1a88b2b1440b70bcc - - default default] 10.0.0.245 "GET /v2.0/ports?device_id=d13c0df4-c436-4896-8961-15cbe5230467 HTTP/1.1" status: 200 len: 1170 time: 0.1313157
2026-08-04 16:37:53.293 9 INFO neutron.notifiers.nova [-] Nova event matching ['req-e58e4577-41bf-4d53-8b5b-a433f88d2998'] response: {'server_uuid': '1cc66a52-8229-44ef-a086-e4584ed8fef9', 'name': 'network-vif-plugged', 'status': 'completed', 'tag': '76b52b61-3f99-495b-a55e-69fe151a2803', 'code': 200}
2026-08-04 16:37:53.293 9 INFO neutron.notifiers.nova [-] Nova event matching ['req-e58e4577-41bf-4d53-8b5b-a433f88d2998'] response: {'server_uuid': 'd13c0df4-c436-4896-8961-15cbe5230467', 'name': 'network-vif-plugged', 'status': 'completed', 'tag': 'b2c37539-c57f-4420-a601-d57ca2d2325a', 'code': 200}
2026-08-04 16:37:53.295 9 INFO neutron.notifiers.nova [-] Nova event matching ['req-e58e4577-41bf-4d53-8b5b-a433f88d2998'] response: {'server_uuid': 'd13c0df4-c436-4896-8961-15cbe5230467', 'name': 'network-vif-plugged', 'status': 'completed', 'tag': 'b2c37539-c57f-4420-a601-d57ca2d2325a', 'code': 200}
2026-08-04 16:37:53.367 9 INFO neutron.wsgi [req-74c717ce-4d4e-47a7-a9a2-a376dc16e93c req-045038fb-8d3f-4108-b07c-1d0c7a24adf3 a3f0da88359746168f09a688784f9914 d0f464190a4f4cc1a88b2b1440b70bcc - - default default] 10.0.0.245 "GET /v2.0/security-groups?id=7a27f236-b8aa-4b97-a3a8-9871994832e9&fields=id&fields=name HTTP/1.1" status: 200 len: 313 time: 0.0574818
2026-08-04 16:37:53.410 9 INFO neutron.wsgi [req-e2bbbf1c-6577-4ba9-a025-c3f099434215 req-aeabf26d-8f87-4e97-97a8-66a25311e56e 3b097d311a4a4c638583644899515cab 4c787b13fdd14d349750e6d5144fb437 - - 5542a1e84d6847768ce2ec334b584dc7 5542a1e84d6847768ce2ec334b584dc7] 10.0.0.145 "GET /v2.0/ports?device_id=3c201e0c-7e2a-4961-8038-6c69f588baea HTTP/1.1" status: 200 len: 1361 time: 0.0414233
2026-08-04 16:37:53.460 9 INFO neutron.wsgi [req-e2bbbf1c-6577-4ba9-a025-c3f099434215 req-7d5c13da-ed34-43f3-b263-8cfeecfb0727 3b097d311a4a4c638583644899515cab 4c787b13fdd14d349750e6d5144fb437 - - 5542a1e84d6847768ce2ec334b584dc7 5542a1e84d6847768ce2ec334b584dc7] 10.0.0.145 "GET /v2.0/security-groups?id=83cd799c-ef39-4110-93a7-df80241dffd2&fields=id&fields=name HTTP/1.1" status: 200 len: 313 time: 0.0411656
2026-08-04 16:37:53.503 10 INFO neutron.db.l3_db [None req-f894d70b-972b-4370-a53b-79e3c65882df 6b29a5bbca9448459c965e972b94ffbe 59142cfbdea946e3af77a5e879e4f0b0 - - - -] Floating IP 71596348-33da-4945-b171-2640b2aaa463 associated. External IP: 10.96.250.204, port: 76b52b61-3f99-495b-a55e-69fe151a2803.
2026-08-04 16:37:53.757 10 INFO neutron.db.ovn_revision_numbers_db [None req-f894d70b-972b-4370-a53b-79e3c65882df 6b29a5bbca9448459c965e972b94ffbe 59142cfbdea946e3af77a5e879e4f0b0 - - - -] Successfully bumped revision number for resource 71596348-33da-4945-b171-2640b2aaa463 (type: floatingips) to 1
2026-08-04 16:37:53.884 10 INFO neutron.db.ovn_revision_numbers_db [None req-f894d70b-972b-4370-a53b-79e3c65882df 6b29a5bbca9448459c965e972b94ffbe 59142cfbdea946e3af77a5e879e4f0b0 - - - -] Successfully bumped revision number for resource 71596348-33da-4945-b171-2640b2aaa463 (type: floatingips) to 2
2026-08-04 16:37:53.911 10 INFO neutron.wsgi [None req-f894d70b-972b-4370-a53b-79e3c65882df 6b29a5bbca9448459c965e972b94ffbe 59142cfbdea946e3af77a5e879e4f0b0 - - - -] 10.0.0.167 "PUT /v2.0/floatingips/71596348-33da-4945-b171-2640b2aaa463 HTTP/1.1" status: 200 len: 1049 time: 1.1045508
2026-08-04 16:37:53.949 10 INFO neutron.notifiers.nova [-] Nova event matching ['req-5bbcbff3-4c02-4963-8f99-93c6c1674a7c'] response: {'name': 'network-changed', 'server_uuid': '1cc66a52-8229-44ef-a086-e4584ed8fef9', 'tag': '76b52b61-3f99-495b-a55e-69fe151a2803', 'status': 'completed', 'code': 200}
2026-08-04 16:37:54.033 10 INFO neutron.wsgi [req-a08db082-b8ec-4ac9-94e0-6477585ae570 req-1f4f2950-40b4-4034-b917-5a23309a17fa 3b097d311a4a4c638583644899515cab 4c787b13fdd14d349750e6d5144fb437 - - 5542a1e84d6847768ce2ec334b584dc7 5542a1e84d6847768ce2ec334b584dc7] 199.19.213.137 "GET /v2.0/ports?tenant_id=59142cfbdea946e3af77a5e879e4f0b0&device_id=1cc66a52-8229-44ef-a086-e4584ed8fef9 HTTP/1.1" status: 200 len: 1361 time: 0.0582740
2026-08-04 16:37:54.039 10 INFO neutron.wsgi [req-e87c1d97-da8f-4e2d-a136-ff9bd2ee61c6 req-bcd7ea78-2649-41bf-b1cb-7990a19e3bc2 6b29a5bbca9448459c965e972b94ffbe 59142cfbdea946e3af77a5e879e4f0b0 - - default default] 10.0.0.245 "GET /v2.0/ports?device_id=1cc66a52-8229-44ef-a086-e4584ed8fef9 HTTP/1.1" status: 200 len: 1170 time: 0.0539596
2026-08-04 16:37:54.110 10 INFO neutron.wsgi [req-e87c1d97-da8f-4e2d-a136-ff9bd2ee61c6 req-065a29ca-f47d-4a1b-bcb1-be0e40b0328e 6b29a5bbca9448459c965e972b94ffbe 59142cfbdea946e3af77a5e879e4f0b0 - - default default] 10.0.0.245 "GET /v2.0/security-groups?id=a969dc0f-54ad-4161-856f-e8a9ae8276b6&fields=id&fields=name HTTP/1.1" status: 200 len: 313 time: 0.0605800
2026-08-04 16:37:54.121 10 INFO neutron.wsgi [req-a08db082-b8ec-4ac9-94e0-6477585ae570 req-b2c3d5c4-91b5-47c6-bb1f-65d88b34a423 3b097d311a4a4c638583644899515cab 4c787b13fdd14d349750e6d5144fb437 - - 5542a1e84d6847768ce2ec334b584dc7 5542a1e84d6847768ce2ec334b584dc7] 199.19.213.137 "GET /v2.0/networks?id=1ac5eef9-ceee-473f-8b70-c813acda88c5 HTTP/1.1" status: 200 len: 974 time: 0.0817263
2026-08-04 16:37:54.182 10 INFO neutron.wsgi [req-a08db082-b8ec-4ac9-94e0-6477585ae570 req-08e7a4e6-ac91-4686-aea3-05963e3ca18d 3b097d311a4a4c638583644899515cab 4c787b13fdd14d349750e6d5144fb437 - - 5542a1e84d6847768ce2ec334b584dc7 5542a1e84d6847768ce2ec334b584dc7] 199.19.213.137 "GET /v2.0/floatingips?fixed_ip_address=10.100.0.9&port_id=76b52b61-3f99-495b-a55e-69fe151a2803 HTTP/1.1" status: 200 len: 1059 time: 0.0513713
2026-08-04 16:37:54.239 10 INFO neutron.wsgi [req-a08db082-b8ec-4ac9-94e0-6477585ae570 req-c2504ea5-156f-472f-94a3-b9b05024faaf 3b097d311a4a4c638583644899515cab 4c787b13fdd14d349750e6d5144fb437 - - 5542a1e84d6847768ce2ec334b584dc7 5542a1e84d6847768ce2ec334b584dc7] 199.19.213.137 "GET /v2.0/subnets?id=bd5fbbc2-e8ea-4db7-892d-abb3f50193c1 HTTP/1.1" status: 200 len: 869 time: 0.0512302
2026-08-04 16:37:54.271 10 INFO neutron.wsgi [req-a08db082-b8ec-4ac9-94e0-6477585ae570 req-f51b54fb-1f64-45de-ad55-9bd468ed0971 3b097d311a4a4c638583644899515cab 4c787b13fdd14d349750e6d5144fb437 - - 5542a1e84d6847768ce2ec334b584dc7 5542a1e84d6847768ce2ec334b584dc7] 199.19.213.137 "GET /v2.0/ports?network_id=1ac5eef9-ceee-473f-8b70-c813acda88c5&device_owner=network%3Adhcp HTTP/1.1" status: 200 len: 210 time: 0.0231273
2026-08-04 16:37:54.362 10 INFO neutron.wsgi [req-a08db082-b8ec-4ac9-94e0-6477585ae570 req-5e212540-7181-445f-a59a-d829e5acc34f 3b097d311a4a4c638583644899515cab 4c787b13fdd14d349750e6d5144fb437 - - 5542a1e84d6847768ce2ec334b584dc7 5542a1e84d6847768ce2ec334b584dc7] 199.19.213.137 "GET /v2.0/networks/1ac5eef9-ceee-473f-8b70-c813acda88c5?fields=segments HTTP/1.1" status: 200 len: 212 time: 0.0825486
2026-08-04 16:37:54.442 10 INFO neutron.wsgi [req-a08db082-b8ec-4ac9-94e0-6477585ae570 req-aea56c93-9056-427f-9ff6-5bd9ac0788d6 3b097d311a4a4c638583644899515cab 4c787b13fdd14d349750e6d5144fb437 - - 5542a1e84d6847768ce2ec334b584dc7 5542a1e84d6847768ce2ec334b584dc7] 199.19.213.137 "GET /v2.0/networks/1ac5eef9-ceee-473f-8b70-c813acda88c5?fields=provider%3Aphysical_network&fields=provider%3Anetwork_type HTTP/1.1" status: 200 len: 277 time: 0.0719950 /var/lib/openstack/lib/python3.10/site-packages/pycadf/identifier.py:71: UserWarning: Invalid uuid: neutron. To ensure interoperability, identifiers should be a valid uuid. warnings.warn(('Invalid uuid: %s. To ensure interoperability, '
2026-08-04 16:37:54.491 9 INFO neutron.wsgi [req-0875652c-587a-441f-9d34-244c6c9ec83d req-6182174b-e946-415c-83b2-91ce1d1a2c64 a3f0da88359746168f09a688784f9914 d0f464190a4f4cc1a88b2b1440b70bcc - - default default] 10.0.0.245 "GET /v2.0/ports?device_id=d13c0df4-c436-4896-8961-15cbe5230467 HTTP/1.1" status: 200 len: 1170 time: 0.0490797
2026-08-04 16:37:54.565 9 INFO neutron.wsgi [req-0875652c-587a-441f-9d34-244c6c9ec83d req-a2395ac9-9a87-41b4-abdf-a6217eecb9b5 a3f0da88359746168f09a688784f9914 d0f464190a4f4cc1a88b2b1440b70bcc - - default default] 10.0.0.245 "GET /v2.0/security-groups?id=7a27f236-b8aa-4b97-a3a8-9871994832e9&fields=id&fields=name HTTP/1.1" status: 200 len: 313 time: 0.0648985
2026-08-04 16:37:54.605 10 INFO neutron.wsgi [req-b6573324-50c6-430c-8a8f-3caebe662528 req-d340492c-3a2a-4b79-b988-9884c5a8cc2c 6b29a5bbca9448459c965e972b94ffbe 59142cfbdea946e3af77a5e879e4f0b0 - - default default] 10.0.0.245 "GET /v2.0/ports?device_id=1cc66a52-8229-44ef-a086-e4584ed8fef9 HTTP/1.1" status: 200 len: 1170 time: 0.0643425
2026-08-04 16:37:54.654 10 INFO neutron.wsgi [req-b6573324-50c6-430c-8a8f-3caebe662528 req-ab3612c3-871a-4ead-a623-4219f7264b94 6b29a5bbca9448459c965e972b94ffbe 59142cfbdea946e3af77a5e879e4f0b0 - - default default] 10.0.0.245 "GET /v2.0/security-groups?id=a969dc0f-54ad-4161-856f-e8a9ae8276b6&fields=id&fields=name HTTP/1.1" status: 200 len: 313 time: 0.0378525
2026-08-04 16:37:54.705 9 INFO neutron.wsgi [req-9df306fa-e4c3-4ae8-9bb4-628c816cfa99 req-e1ccb435-fe36-4307-9ff3-c8388c0a4769 a3f0da88359746168f09a688784f9914 d0f464190a4f4cc1a88b2b1440b70bcc - - default default] 10.0.0.245 "GET /v2.0/ports?device_id=d13c0df4-c436-4896-8961-15cbe5230467 HTTP/1.1" status: 200 len: 1170 time: 0.0561323
2026-08-04 16:37:54.729 9 INFO neutron.plugins.ml2.drivers.ovn.mech_driver.mech_driver [None req-bf202515-1b3a-4823-9d5f-3cd274afef13 - - - - - -] OVN reports status down for port: 76b52b61-3f99-495b-a55e-69fe151a2803
2026-08-04 16:37:54.999 10 INFO neutron.db.l3_db [None req-81aa8dcf-4b5a-4a1f-bc08-ab5224c9a080 a3f0da88359746168f09a688784f9914 d0f464190a4f4cc1a88b2b1440b70bcc - - - -] Floating IP 4e2b0926-b395-4f58-a8cf-ae3294df84a4 associated. External IP: 10.96.250.218, port: b2c37539-c57f-4420-a601-d57ca2d2325a.
2026-08-04 16:37:55.091 9 INFO neutron.db.ovn_revision_numbers_db [None req-bf202515-1b3a-4823-9d5f-3cd274afef13 - - - - - -] Successfully bumped revision number for resource 76b52b61-3f99-495b-a55e-69fe151a2803 (type: ports) to 5
2026-08-04 16:37:55.129 10 INFO neutron.wsgi [req-480fa321-4091-4596-8859-d3f07bf9510a req-b3b1e99b-13ef-45e3-a14f-7ae69fd93324 6b29a5bbca9448459c965e972b94ffbe 59142cfbdea946e3af77a5e879e4f0b0 - - default default] 199.19.213.137 "GET /v2.0/ports?device_id=1cc66a52-8229-44ef-a086-e4584ed8fef9 HTTP/1.1" status: 200 len: 1168 time: 0.0740526
2026-08-04 16:37:55.256 10 INFO neutron.db.ovn_revision_numbers_db [None req-81aa8dcf-4b5a-4a1f-bc08-ab5224c9a080 a3f0da88359746168f09a688784f9914 d0f464190a4f4cc1a88b2b1440b70bcc - - - -] Successfully bumped revision number for resource 4e2b0926-b395-4f58-a8cf-ae3294df84a4 (type: floatingips) to 1
2026-08-04 16:37:55.341 9 INFO neutron.notifiers.nova [-] Nova event matching ['req-81a4b8ee-3597-460b-9003-fafc3e8e59fc'] response: {'server_uuid': '1cc66a52-8229-44ef-a086-e4584ed8fef9', 'name': 'network-vif-unplugged', 'status': 'completed', 'tag': '76b52b61-3f99-495b-a55e-69fe151a2803', 'code': 200}
2026-08-04 16:37:55.342 9 INFO neutron.notifiers.nova [-] Nova event matching ['req-81a4b8ee-3597-460b-9003-fafc3e8e59fc'] response: {'server_uuid': '1cc66a52-8229-44ef-a086-e4584ed8fef9', 'name': 'network-vif-plugged', 'status': 'completed', 'tag': '76b52b61-3f99-495b-a55e-69fe151a2803', 'code': 200}
2026-08-04 16:37:55.397 10 INFO neutron.db.ovn_revision_numbers_db [None req-81aa8dcf-4b5a-4a1f-bc08-ab5224c9a080 a3f0da88359746168f09a688784f9914 d0f464190a4f4cc1a88b2b1440b70bcc - - - -] Successfully bumped revision number for resource 4e2b0926-b395-4f58-a8cf-ae3294df84a4 (type: floatingips) to 2
2026-08-04 16:37:55.502 10 INFO neutron.wsgi [None req-81aa8dcf-4b5a-4a1f-bc08-ab5224c9a080 a3f0da88359746168f09a688784f9914 d0f464190a4f4cc1a88b2b1440b70bcc - - - -] 10.0.0.167 "PUT /v2.0/floatingips/4e2b0926-b395-4f58-a8cf-ae3294df84a4 HTTP/1.1" status: 200 len: 1049 time: 0.7857845 /var/lib/openstack/lib/python3.10/site-packages/pycadf/identifier.py:71: UserWarning: Invalid uuid: neutron. To ensure interoperability, identifiers should be a valid uuid. warnings.warn(('Invalid uuid: %s. To ensure interoperability, '
2026-08-04 16:37:55.600 9 INFO neutron.wsgi [req-fe9aee7d-d023-4c87-8b99-3b189f2aad2a req-edc5c02b-da0b-4c86-b012-929cf076f825 a3f0da88359746168f09a688784f9914 d0f464190a4f4cc1a88b2b1440b70bcc - - default default] 10.0.0.245 "GET /v2.0/ports?device_id=d13c0df4-c436-4896-8961-15cbe5230467 HTTP/1.1" status: 200 len: 1170 time: 0.0374022
2026-08-04 16:37:55.639 9 INFO neutron.wsgi [req-fe9aee7d-d023-4c87-8b99-3b189f2aad2a req-9169b5cd-9b2d-495d-a0f5-7065756d864a a3f0da88359746168f09a688784f9914 d0f464190a4f4cc1a88b2b1440b70bcc - - default default] 10.0.0.245 "GET /v2.0/security-groups?id=7a27f236-b8aa-4b97-a3a8-9871994832e9&fields=id&fields=name HTTP/1.1" status: 200 len: 313 time: 0.0353045
2026-08-04 16:37:55.773 9 INFO neutron.wsgi [req-102965e9-8f27-4a06-aa28-11b834bb019d req-60badab5-a4d2-48fb-85a7-b9fca2fbd0d2 6b29a5bbca9448459c965e972b94ffbe 59142cfbdea946e3af77a5e879e4f0b0 - - default default] 10.0.0.245 "GET /v2.0/ports?device_id=1cc66a52-8229-44ef-a086-e4584ed8fef9 HTTP/1.1" status: 200 len: 1168 time: 0.0436473
2026-08-04 16:37:55.816 9 INFO neutron.wsgi [req-102965e9-8f27-4a06-aa28-11b834bb019d req-094a3b43-4151-482f-93d5-fbf783a76624 6b29a5bbca9448459c965e972b94ffbe 59142cfbdea946e3af77a5e879e4f0b0 - - default default] 10.0.0.245 "GET /v2.0/security-groups?id=a969dc0f-54ad-4161-856f-e8a9ae8276b6&fields=id&fields=name HTTP/1.1" status: 200 len: 313 time: 0.0316918
2026-08-04 16:37:55.893 10 INFO neutron.db.l3_db [None req-b6d10ad2-7d5a-4010-9db8-050eff1bb6e2 6b29a5bbca9448459c965e972b94ffbe 59142cfbdea946e3af77a5e879e4f0b0 - - - -] Floating IP 71596348-33da-4945-b171-2640b2aaa463 disassociated. External IP: 10.96.250.204, port: 76b52b61-3f99-495b-a55e-69fe151a2803. /var/lib/openstack/lib/python3.10/site-packages/pycadf/identifier.py:71: UserWarning: Invalid uuid: neutron. To ensure interoperability, identifiers should be a valid uuid. warnings.warn(('Invalid uuid: %s. To ensure interoperability, '
2026-08-04 16:37:55.995 9 INFO neutron.plugins.ml2.drivers.ovn.mech_driver.mech_driver [None req-bf202515-1b3a-4823-9d5f-3cd274afef13 - - - - - -] OVN reports status down for port: b2c37539-c57f-4420-a601-d57ca2d2325a
2026-08-04 16:37:56.001 9 INFO neutron.wsgi [req-e9e8e308-d50c-4ec8-b4fd-c9010d422876 req-42bb1d19-5975-4468-a317-5acac96afca8 a3f0da88359746168f09a688784f9914 d0f464190a4f4cc1a88b2b1440b70bcc - - default default] 10.0.0.245 "GET /v2.0/ports?device_id=d13c0df4-c436-4896-8961-15cbe5230467 HTTP/1.1" status: 200 len: 1170 time: 0.0483589
2026-08-04 16:37:56.003 10 INFO neutron.notifiers.nova [-] Nova event matching ['req-03692906-0129-4e4c-b1ef-cab288834b1f'] response: {'name': 'network-changed', 'server_uuid': 'd13c0df4-c436-4896-8961-15cbe5230467', 'tag': 'b2c37539-c57f-4420-a601-d57ca2d2325a', 'status': 'completed', 'code': 200}
2026-08-04 16:37:56.067 9 INFO neutron.wsgi [req-e9e8e308-d50c-4ec8-b4fd-c9010d422876 req-2e481d3e-f945-414d-9dae-90b9947cd6f3 a3f0da88359746168f09a688784f9914 d0f464190a4f4cc1a88b2b1440b70bcc - - default default] 10.0.0.245 "GET /v2.0/security-groups?id=7a27f236-b8aa-4b97-a3a8-9871994832e9&fields=id&fields=name HTTP/1.1" status: 200 len: 313 time: 0.0536211
2026-08-04 16:37:56.083 9 INFO neutron.wsgi [req-133b46b7-8334-4a60-bde5-8d830a8ae962 req-c56df907-c486-41a7-a078-f2cf58a7f824 3b097d311a4a4c638583644899515cab 4c787b13fdd14d349750e6d5144fb437 - - 5542a1e84d6847768ce2ec334b584dc7 5542a1e84d6847768ce2ec334b584dc7] 199.19.213.137 "GET /v2.0/ports?tenant_id=d0f464190a4f4cc1a88b2b1440b70bcc&device_id=d13c0df4-c436-4896-8961-15cbe5230467 HTTP/1.1" status: 200 len: 1361 time: 0.0483334
2026-08-04 16:37:56.145 10 INFO neutron.wsgi [None req-b6d10ad2-7d5a-4010-9db8-050eff1bb6e2 6b29a5bbca9448459c965e972b94ffbe 59142cfbdea946e3af77a5e879e4f0b0 - - - -] 199.19.213.137 "DELETE /v2.0/ports/76b52b61-3f99-495b-a55e-69fe151a2803 HTTP/1.1" status: 204 len: 173 time: 1.0105076
2026-08-04 16:37:56.164 9 INFO neutron.wsgi [req-133b46b7-8334-4a60-bde5-8d830a8ae962 req-0a02f4f3-5069-4377-a102-82073194fc63 3b097d311a4a4c638583644899515cab 4c787b13fdd14d349750e6d5144fb437 - - 5542a1e84d6847768ce2ec334b584dc7 5542a1e84d6847768ce2ec334b584dc7] 199.19.213.137 "GET /v2.0/networks?id=c3fd87a2-5b68-4aea-987f-00750d2a60f4 HTTP/1.1" status: 200 len: 978 time: 0.0726471
2026-08-04 16:37:56.224 9 INFO neutron.wsgi [req-133b46b7-8334-4a60-bde5-8d830a8ae962 req-5d4f6020-bf48-4bf7-8847-a8540d618927 3b097d311a4a4c638583644899515cab 4c787b13fdd14d349750e6d5144fb437 - - 5542a1e84d6847768ce2ec334b584dc7 5542a1e84d6847768ce2ec334b584dc7] 199.19.213.137 "GET /v2.0/floatingips?fixed_ip_address=10.100.0.4&port_id=b2c37539-c57f-4420-a601-d57ca2d2325a HTTP/1.1" status: 200 len: 1057 time: 0.0526972
2026-08-04 16:37:56.275 9 INFO neutron.wsgi [req-133b46b7-8334-4a60-bde5-8d830a8ae962 req-82cfc4f6-bc3a-4b12-a20d-3f7acecd10be 3b097d311a4a4c638583644899515cab 4c787b13fdd14d349750e6d5144fb437 - - 5542a1e84d6847768ce2ec334b584dc7 5542a1e84d6847768ce2ec334b584dc7] 199.19.213.137 "GET /v2.0/subnets?id=b9c1f5a0-2b4c-4f12-b7bb-26367da4be43 HTTP/1.1" status: 200 len: 873 time: 0.0435410
2026-08-04 16:37:56.321 9 INFO neutron.wsgi [req-133b46b7-8334-4a60-bde5-8d830a8ae962 req-cb15e49f-ea06-4613-882d-ff3a92bb999d 3b097d311a4a4c638583644899515cab 4c787b13fdd14d349750e6d5144fb437 - - 5542a1e84d6847768ce2ec334b584dc7 5542a1e84d6847768ce2ec334b584dc7] 199.19.213.137 "GET /v2.0/ports?network_id=c3fd87a2-5b68-4aea-987f-00750d2a60f4&device_owner=network%3Adhcp HTTP/1.1" status: 200 len: 210 time: 0.0371542
2026-08-04 16:37:56.388 10 INFO neutron.wsgi [req-ed4ec63b-9e27-4e48-b29c-ce021889d09e req-aa3083a3-7312-4ec5-8153-054b379e5bb3 a3f0da88359746168f09a688784f9914 d0f464190a4f4cc1a88b2b1440b70bcc - - default default] 199.19.213.137 "GET /v2.0/ports?device_id=d13c0df4-c436-4896-8961-15cbe5230467 HTTP/1.1" status: 200 len: 1168 time: 0.1049099
2026-08-04 16:37:56.393 9 INFO neutron.db.ovn_revision_numbers_db [None req-bf202515-1b3a-4823-9d5f-3cd274afef13 - - - - - -] Successfully bumped revision number for resource b2c37539-c57f-4420-a601-d57ca2d2325a (type: ports) to 5
2026-08-04 16:37:56.413 9 INFO neutron.wsgi [req-133b46b7-8334-4a60-bde5-8d830a8ae962 req-b1884717-3c67-417e-b8de-7f657d1daf02 3b097d311a4a4c638583644899515cab 4c787b13fdd14d349750e6d5144fb437 - - 5542a1e84d6847768ce2ec334b584dc7 5542a1e84d6847768ce2ec334b584dc7] 199.19.213.137 "GET /v2.0/networks/c3fd87a2-5b68-4aea-987f-00750d2a60f4?fields=segments HTTP/1.1" status: 200 len: 212 time: 0.0770259
2026-08-04 16:37:56.517 9 INFO neutron.wsgi [req-133b46b7-8334-4a60-bde5-8d830a8ae962 req-e8969f76-22f0-4a50-ac24-b8b484d22eff 3b097d311a4a4c638583644899515cab 4c787b13fdd14d349750e6d5144fb437 - - 5542a1e84d6847768ce2ec334b584dc7 5542a1e84d6847768ce2ec334b584dc7] 199.19.213.137 "GET /v2.0/networks/c3fd87a2-5b68-4aea-987f-00750d2a60f4?fields=provider%3Aphysical_network&fields=provider%3Anetwork_type HTTP/1.1" status: 200 len: 277 time: 0.0883417
2026-08-04 16:37:56.783 10 INFO neutron.wsgi [req-3a614e9c-5d3a-4b58-9420-df12219548ed req-ca7bb7d7-bb70-468f-8e33-fc4a481f9064 48b8f7742b7f451d897d97f35e4e8cda 42cf299add8c4ec794fbb04d277cd1d6 - - default default] 10.0.0.245 "GET /v2.0/ports?device_id=c0de101e-2f41-490b-a7b6-95f346ff40a3 HTTP/1.1" status: 200 len: 1170 time: 0.1361873
2026-08-04 16:37:56.803 10 INFO neutron.db.l3_db [None req-ae0accee-5912-4d83-baee-b7b79206dc75 a3f0da88359746168f09a688784f9914 d0f464190a4f4cc1a88b2b1440b70bcc - - - -] Floating IP 4e2b0926-b395-4f58-a8cf-ae3294df84a4 disassociated. External IP: 10.96.250.218, port: b2c37539-c57f-4420-a601-d57ca2d2325a.
2026-08-04 16:37:56.865 10 INFO neutron.wsgi [req-3a614e9c-5d3a-4b58-9420-df12219548ed req-ac510b1c-7794-4a5f-bd23-3615d25df552 48b8f7742b7f451d897d97f35e4e8cda 42cf299add8c4ec794fbb04d277cd1d6 - - default default] 10.0.0.245 "GET /v2.0/security-groups?id=1ef22770-a9fc-43ed-8ef2-b03a6378e709&fields=id&fields=name HTTP/1.1" status: 200 len: 313 time: 0.0706813 /var/lib/openstack/lib/python3.10/site-packages/pycadf/identifier.py:71: UserWarning: Invalid uuid: neutron. To ensure interoperability, identifiers should be a valid uuid. warnings.warn(('Invalid uuid: %s. To ensure interoperability, '
2026-08-04 16:37:57.002 10 INFO neutron.wsgi [None req-ae0accee-5912-4d83-baee-b7b79206dc75 a3f0da88359746168f09a688784f9914 d0f464190a4f4cc1a88b2b1440b70bcc - - - -] 199.19.213.137 "DELETE /v2.0/ports/b2c37539-c57f-4420-a601-d57ca2d2325a HTTP/1.1" status: 204 len: 173 time: 0.6099880
2026-08-04 16:37:57.074 9 INFO neutron.wsgi [req-01e1e7ea-c3ea-4392-9e41-076e7db3b141 req-a4020d91-c554-465c-8fc8-a95e5c34c277 48b8f7742b7f451d897d97f35e4e8cda 42cf299add8c4ec794fbb04d277cd1d6 - - default default] 10.0.0.245 "GET /v2.0/ports?device_id=c0de101e-2f41-490b-a7b6-95f346ff40a3 HTTP/1.1" status: 200 len: 1170 time: 0.1152003
2026-08-04 16:37:57.123 9 INFO neutron.wsgi [req-01e1e7ea-c3ea-4392-9e41-076e7db3b141 req-d0f9d041-600d-46ac-bf84-7c7991061fe4 48b8f7742b7f451d897d97f35e4e8cda 42cf299add8c4ec794fbb04d277cd1d6 - - default default] 10.0.0.245 "GET /v2.0/security-groups?id=1ef22770-a9fc-43ed-8ef2-b03a6378e709&fields=id&fields=name HTTP/1.1" status: 200 len: 313 time: 0.0403194
2026-08-04 16:37:57.125 9 INFO neutron.wsgi [None req-ab42bf6f-6382-4812-b6c0-0df561e02ef9 6b29a5bbca9448459c965e972b94ffbe 59142cfbdea946e3af77a5e879e4f0b0 - - - -] 10.0.0.167 "DELETE /v2.0/security-groups/a969dc0f-54ad-4161-856f-e8a9ae8276b6 HTTP/1.1" status: 204 len: 168 time: 0.1967840
2026-08-04 16:37:57.157 10 INFO neutron.api.v2.resource [None req-f04e7a40-241f-494a-9659-e11c132bbff1 6b29a5bbca9448459c965e972b94ffbe 59142cfbdea946e3af77a5e879e4f0b0 - - default default] show failed (client error): The resource could not be found.
2026-08-04 16:37:57.158 10 INFO neutron.wsgi [None req-f04e7a40-241f-494a-9659-e11c132bbff1 6b29a5bbca9448459c965e972b94ffbe 59142cfbdea946e3af77a5e879e4f0b0 - - default default] 10.0.0.167 "GET /v2.0/security-groups/a969dc0f-54ad-4161-856f-e8a9ae8276b6 HTTP/1.1" status: 404 len: 347 time: 0.0247989
2026-08-04 16:37:57.178 10 INFO neutron.wsgi [req-045b6ebb-a25f-4ec6-b13a-0e8d87295e3f req-3cf1b9be-3f46-49f7-ae37-d110998780d8 a3f0da88359746168f09a688784f9914 d0f464190a4f4cc1a88b2b1440b70bcc - - default default] 10.0.0.245 "GET /v2.0/ports?device_id=d13c0df4-c436-4896-8961-15cbe5230467 HTTP/1.1" status: 200 len: 210 time: 0.0187044
2026-08-04 16:37:57.410 9 INFO neutron.notifiers.nova [-] Nova event matching ['req-f81e3664-1dc1-465f-8c0a-84dbcb198339'] response: {'server_uuid': 'd13c0df4-c436-4896-8961-15cbe5230467', 'name': 'network-vif-unplugged', 'status': 'completed', 'tag': 'b2c37539-c57f-4420-a601-d57ca2d2325a', 'code': 200}
2026-08-04 16:37:57.411 9 INFO neutron.notifiers.nova [-] Nova event matching ['req-f81e3664-1dc1-465f-8c0a-84dbcb198339'] response: {'server_uuid': 'd13c0df4-c436-4896-8961-15cbe5230467', 'name': 'network-vif-plugged', 'status': 'completed', 'tag': 'b2c37539-c57f-4420-a601-d57ca2d2325a', 'code': 200}
2026-08-04 16:37:57.481 10 INFO neutron.wsgi [-] 10.0.0.139 "GET / HTTP/1.1" status: 200 len: 247 time: 0.0061867
2026-08-04 16:37:57.485 10 INFO neutron.wsgi [-] 10.0.0.139 "GET / HTTP/1.1" status: 200 len: 247 time: 0.0019569
2026-08-04 16:37:57.596 10 INFO neutron.wsgi [req-3976867c-308b-4472-ba96-a57b236d98ba req-b80c1bc3-d72b-47a8-8d74-b5f14eed7af5 48b8f7742b7f451d897d97f35e4e8cda 42cf299add8c4ec794fbb04d277cd1d6 - - default default] 10.0.0.245 "GET /v2.0/ports?device_id=c0de101e-2f41-490b-a7b6-95f346ff40a3 HTTP/1.1" status: 200 len: 1170 time: 0.0739625
2026-08-04 16:37:57.598 10 INFO neutron.wsgi [req-ffd977b4-ed79-4049-8486-7a2fec25531d req-63b0cf6e-c6f8-447b-9494-75b531e4a246 3b097d311a4a4c638583644899515cab 4c787b13fdd14d349750e6d5144fb437 - - 5542a1e84d6847768ce2ec334b584dc7 5542a1e84d6847768ce2ec334b584dc7] 199.19.213.137 "GET /v2.0/ports?tenant_id=42cf299add8c4ec794fbb04d277cd1d6&device_id=c0de101e-2f41-490b-a7b6-95f346ff40a3 HTTP/1.1" status: 200 len: 1361 time: 0.0728874
2026-08-04 16:37:57.624 9 INFO neutron.wsgi [None req-cd6d47a7-efec-4dfc-9e48-6a204447288a 6b29a5bbca9448459c965e972b94ffbe 59142cfbdea946e3af77a5e879e4f0b0 - - - -] 10.0.0.167 "DELETE /v2.0/floatingips/71596348-33da-4945-b171-2640b2aaa463 HTTP/1.1" status: 204 len: 168 time: 0.4601820
2026-08-04 16:37:57.655 10 INFO neutron.wsgi [req-3976867c-308b-4472-ba96-a57b236d98ba req-adda9d38-8bcc-4dc0-a777-d449d9f331d8 48b8f7742b7f451d897d97f35e4e8cda 42cf299add8c4ec794fbb04d277cd1d6 - - default default] 10.0.0.245 "GET /v2.0/security-groups?id=1ef22770-a9fc-43ed-8ef2-b03a6378e709&fields=id&fields=name HTTP/1.1" status: 200 len: 313 time: 0.0506148
2026-08-04 16:37:57.674 10 INFO neutron.wsgi [req-ffd977b4-ed79-4049-8486-7a2fec25531d req-f395ce19-d8ca-4d7a-8707-758249f4034f 3b097d311a4a4c638583644899515cab 4c787b13fdd14d349750e6d5144fb437 - - 5542a1e84d6847768ce2ec334b584dc7 5542a1e84d6847768ce2ec334b584dc7] 199.19.213.137 "GET /v2.0/networks?id=70b215a9-f63b-4ada-9ec6-61824dc8c661 HTTP/1.1" status: 200 len: 974 time: 0.0681951
2026-08-04 16:37:57.729 10 INFO neutron.wsgi [req-ffd977b4-ed79-4049-8486-7a2fec25531d req-5411aa76-acc9-456c-880d-ae84ce755fd9 3b097d311a4a4c638583644899515cab 4c787b13fdd14d349750e6d5144fb437 - - 5542a1e84d6847768ce2ec334b584dc7 5542a1e84d6847768ce2ec334b584dc7] 199.19.213.137 "GET /v2.0/floatingips?fixed_ip_address=10.100.0.9&port_id=c4ee5764-eb81-44fb-a230-b32926612c31 HTTP/1.1" status: 200 len: 1059 time: 0.0497880
2026-08-04 16:37:57.766 10 INFO neutron.wsgi [req-ffd977b4-ed79-4049-8486-7a2fec25531d req-eeacb1a9-9e7b-4fbb-9c77-8a9f9c2872da 3b097d311a4a4c638583644899515cab 4c787b13fdd14d349750e6d5144fb437 - - 5542a1e84d6847768ce2ec334b584dc7 5542a1e84d6847768ce2ec334b584dc7] 199.19.213.137 "GET /v2.0/subnets?id=53ea0092-b514-4906-944f-80d02b660833 HTTP/1.1" status: 200 len: 869 time: 0.0282159
2026-08-04 16:37:57.803 10 INFO neutron.wsgi [req-ffd977b4-ed79-4049-8486-7a2fec25531d req-facc737a-b476-4ee9-bd8b-7650b8544c42 3b097d311a4a4c638583644899515cab 4c787b13fdd14d349750e6d5144fb437 - - 5542a1e84d6847768ce2ec334b584dc7 5542a1e84d6847768ce2ec334b584dc7] 199.19.213.137 "GET /v2.0/ports?network_id=70b215a9-f63b-4ada-9ec6-61824dc8c661&device_owner=network%3Adhcp HTTP/1.1" status: 200 len: 210 time: 0.0278213
2026-08-04 16:37:57.894 10 INFO neutron.wsgi [req-ffd977b4-ed79-4049-8486-7a2fec25531d req-9a7c39ca-a3fb-49aa-9d3f-6819d616d6f2 3b097d311a4a4c638583644899515cab 4c787b13fdd14d349750e6d5144fb437 - - 5542a1e84d6847768ce2ec334b584dc7 5542a1e84d6847768ce2ec334b584dc7] 199.19.213.137 "GET /v2.0/networks/70b215a9-f63b-4ada-9ec6-61824dc8c661?fields=segments HTTP/1.1" status: 200 len: 212 time: 0.0814011
2026-08-04 16:37:57.972 10 INFO neutron.wsgi [req-ffd977b4-ed79-4049-8486-7a2fec25531d req-15c70163-7be4-427f-a4e8-63e1dbea1383 3b097d311a4a4c638583644899515cab 4c787b13fdd14d349750e6d5144fb437 - - 5542a1e84d6847768ce2ec334b584dc7 5542a1e84d6847768ce2ec334b584dc7] 199.19.213.137 "GET /v2.0/networks/70b215a9-f63b-4ada-9ec6-61824dc8c661?fields=provider%3Aphysical_network&fields=provider%3Anetwork_type HTTP/1.1" status: 200 len: 277 time: 0.0722013
2026-08-04 16:37:58.068 10 INFO neutron.notifiers.nova [-] Nova event matching ['req-54d35da4-658d-42f5-bbc8-99aa5b8ecddd'] response: {'server_uuid': '1cc66a52-8229-44ef-a086-e4584ed8fef9', 'name': 'network-vif-deleted', 'tag': '76b52b61-3f99-495b-a55e-69fe151a2803', 'status': 'completed', 'code': 200}
2026-08-04 16:37:58.068 10 INFO neutron.notifiers.nova [-] Nova event matching ['req-54d35da4-658d-42f5-bbc8-99aa5b8ecddd'] response: {'server_uuid': 'd13c0df4-c436-4896-8961-15cbe5230467', 'name': 'network-vif-deleted', 'tag': 'b2c37539-c57f-4420-a601-d57ca2d2325a', 'status': 'completed', 'code': 200}
2026-08-04 16:37:58.229 9 INFO neutron.plugins.ml2.drivers.ovn.mech_driver.mech_driver [None req-bf202515-1b3a-4823-9d5f-3cd274afef13 - - - - - -] OVN reports status down for port: c4ee5764-eb81-44fb-a230-b32926612c31
2026-08-04 16:37:58.436 10 INFO neutron.wsgi [None req-aa579774-cb9f-4fcd-89f7-4cd89fd86d90 a3f0da88359746168f09a688784f9914 d0f464190a4f4cc1a88b2b1440b70bcc - - - -] 10.0.0.167 "DELETE /v2.0/security-groups/7a27f236-b8aa-4b97-a3a8-9871994832e9 HTTP/1.1" status: 204 len: 168 time: 0.1714818
2026-08-04 16:37:58.455 10 INFO neutron.api.v2.resource [None req-29c070e8-3bde-4a64-97ad-c94efab6cd58 a3f0da88359746168f09a688784f9914 d0f464190a4f4cc1a88b2b1440b70bcc - - default default] show failed (client error): The resource could not be found.
2026-08-04 16:37:58.457 10 INFO neutron.wsgi [None req-29c070e8-3bde-4a64-97ad-c94efab6cd58 a3f0da88359746168f09a688784f9914 d0f464190a4f4cc1a88b2b1440b70bcc - - default default] 10.0.0.167 "GET /v2.0/security-groups/7a27f236-b8aa-4b97-a3a8-9871994832e9 HTTP/1.1" status: 404 len: 347 time: 0.0172355
2026-08-04 16:37:58.672 10 INFO neutron.wsgi [req-48c68211-a7cf-408e-8c25-9fbd78f676af req-a3d7a665-2818-410b-926f-ce9ab7b8dfe9 94beb1c0deda49459b59a8e4aa8f0590 45492bb1d0154d5b96d0dd35cc77cd8e - - default default] 10.0.0.245 "GET /v2.0/ports?device_id=3c201e0c-7e2a-4961-8038-6c69f588baea HTTP/1.1" status: 200 len: 1170 time: 0.1504135
