2026-08-04 16:40:00.202 10 INFO neutron.api.v2.resource [None req-2758cdf6-bbee-40a9-86ac-33d69f46b0f1 ad8aab60cb554c88adfae811d1d72ff2 20e66de933b948dab554543a025be6bf - - - -] delete failed (client error): The resource could not be found.
2026-08-04 16:40:00.204 10 INFO neutron.wsgi [None req-2758cdf6-bbee-40a9-86ac-33d69f46b0f1 ad8aab60cb554c88adfae811d1d72ff2 20e66de933b948dab554543a025be6bf - - - -] 10.0.0.167 "DELETE /v2.0/floatingips/b170ee50-da30-4c87-b726-ec46df632b72/tags/green HTTP/1.1" status: 404 len: 299 time: 0.0709507
2026-08-04 16:40:00.230 10 INFO neutron.db.ovn_revision_numbers_db [None req-ff3aac5c-f839-4308-b6be-54c5efddef59 d5867e2ccba9447db1c50aa0b7871135 6ec4ecb5933647d1accc41abf0065313 - - - -] Successfully bumped revision number for resource ad5ef209-9413-4c67-8c04-86e44566ab89 (type: subnets) to 0
2026-08-04 16:40:00.250 10 INFO neutron.wsgi [None req-ff3aac5c-f839-4308-b6be-54c5efddef59 d5867e2ccba9447db1c50aa0b7871135 6ec4ecb5933647d1accc41abf0065313 - - - -] 10.0.0.167 "POST /v2.0/subnets HTTP/1.1" status: 201 len: 863 time: 1.3579409
2026-08-04 16:40:00.253 10 INFO neutron.wsgi [None req-94b05df6-55a4-40ec-9c63-91f4ad45312c ad8aab60cb554c88adfae811d1d72ff2 20e66de933b948dab554543a025be6bf - - - -] 10.0.0.167 "DELETE /v2.0/floatingips/b170ee50-da30-4c87-b726-ec46df632b72/tags HTTP/1.1" status: 204 len: 168 time: 0.0443809
2026-08-04 16:40:00.299 9 INFO neutron.wsgi [None req-8552a8ed-5cb9-41ad-92bb-00fb6d3af038 ad8aab60cb554c88adfae811d1d72ff2 20e66de933b948dab554543a025be6bf - - default default] 10.0.0.167 "GET /v2.0/floatingips/b170ee50-da30-4c87-b726-ec46df632b72/tags HTTP/1.1" status: 200 len: 205 time: 0.0400715
2026-08-04 16:40:00.878 10 WARNING neutron.scheduler.dhcp_agent_scheduler [None req-9396d97a-ca50-4a88-80c1-27421aa81b90 d5867e2ccba9447db1c50aa0b7871135 6ec4ecb5933647d1accc41abf0065313 - - - -] No more DHCP agents
2026-08-04 16:40:00.882 10 WARNING neutron.api.rpc.agentnotifiers.dhcp_rpc_agent_api [None req-9396d97a-ca50-4a88-80c1-27421aa81b90 d5867e2ccba9447db1c50aa0b7871135 6ec4ecb5933647d1accc41abf0065313 - - - -] Unable to schedule network 61d1bb28-b8fd-4ce2-9fb9-c853b9ebe6f7: no agents available; will retry on subsequent port and subnet creation events.
2026-08-04 16:40:00.965 9 INFO neutron.wsgi [None req-15f333d8-49f0-43de-a908-c79b40cbe289 24a4631e5ffe476189cffc1d3e00f0a3 b23bbbfd047a49188cb157c8df7e3ef6 - - - -] 10.0.0.167 "PUT /v2.0/routers/823a9290-4273-4048-afc7-37d6b0a01b36/remove_router_interface HTTP/1.1" status: 200 len: 503 time: 0.9791627 /var/lib/openstack/lib/python3.10/site-packages/pycadf/identifier.py:71: UserWarning: Invalid uuid: neutron. To ensure interoperability, identifiers should be a valid uuid. warnings.warn(('Invalid uuid: %s. To ensure interoperability, '
2026-08-04 16:40:01.017 9 INFO neutron.wsgi [None req-6742be2e-30e0-4cb7-999c-4f9274207faa ad8aab60cb554c88adfae811d1d72ff2 20e66de933b948dab554543a025be6bf - - - -] 10.0.0.167 "DELETE /v2.0/floatingips/b170ee50-da30-4c87-b726-ec46df632b72 HTTP/1.1" status: 204 len: 168 time: 0.7098396
2026-08-04 16:40:01.076 10 INFO neutron.db.ovn_revision_numbers_db [None req-9396d97a-ca50-4a88-80c1-27421aa81b90 d5867e2ccba9447db1c50aa0b7871135 6ec4ecb5933647d1accc41abf0065313 - - - -] Successfully bumped revision number for resource 7ee33d62-006c-4780-9c22-7b0939a4fd87 (type: ports) to 1
2026-08-04 16:40:01.140 9 INFO neutron.wsgi [None req-826e33e5-3fbc-4e2f-af9f-6074a05a1b7c 24a4631e5ffe476189cffc1d3e00f0a3 b23bbbfd047a49188cb157c8df7e3ef6 - - default default] 10.0.0.167 "GET /v2.0/ports/b19926bc-dd1a-4afb-ad40-dd0adc275d76 HTTP/1.1" status: 200 len: 1141 time: 0.1658616
2026-08-04 16:40:02.157 9 INFO neutron.db.ovn_revision_numbers_db [None req-1a5f3b82-643b-4757-979a-3340dfb59a30 d5867e2ccba9447db1c50aa0b7871135 6ec4ecb5933647d1accc41abf0065313 - - default default] Successfully bumped revision number for resource 96cbcdf9-6a23-4499-a62b-8af982b22eec (type: security_groups) to 1
2026-08-04 16:40:02.197 9 INFO neutron.wsgi [None req-1a5f3b82-643b-4757-979a-3340dfb59a30 d5867e2ccba9447db1c50aa0b7871135 6ec4ecb5933647d1accc41abf0065313 - - default default] 10.0.0.167 "GET /v2.0/security-groups?tenant_id=d508b7fa039845b387bedcbf42e4df3b&name=default HTTP/1.1" status: 200 len: 2996 time: 0.3491099
2026-08-04 16:40:02.282 10 INFO neutron.db.ovn_revision_numbers_db [None req-9396d97a-ca50-4a88-80c1-27421aa81b90 d5867e2ccba9447db1c50aa0b7871135 6ec4ecb5933647d1accc41abf0065313 - - - -] Successfully bumped revision number for resource 7ee33d62-006c-4780-9c22-7b0939a4fd87 (type: router_ports) to 1
2026-08-04 16:40:02.307 9 INFO neutron.plugins.ml2.drivers.ovn.mech_driver.ovsdb.ovsdb_monitor [None req-30f422d8-be54-4dc4-b573-1e31daa43e0c - - - - - -] Router 3d603087-22fa-4b91-8a54-6d46299229dc is bound to host instance
2026-08-04 16:40:02.372 10 INFO neutron.db.ovn_revision_numbers_db [None req-9396d97a-ca50-4a88-80c1-27421aa81b90 d5867e2ccba9447db1c50aa0b7871135 6ec4ecb5933647d1accc41abf0065313 - - - -] Successfully bumped revision number for resource 3d603087-22fa-4b91-8a54-6d46299229dc (type: routers) to 3
2026-08-04 16:40:02.385 10 INFO neutron.wsgi [None req-9396d97a-ca50-4a88-80c1-27421aa81b90 d5867e2ccba9447db1c50aa0b7871135 6ec4ecb5933647d1accc41abf0065313 - - - -] 10.0.0.167 "POST /v2.0/routers HTTP/1.1" status: 201 len: 874 time: 2.1292834
2026-08-04 16:40:02.431 10 WARNING neutron.plugins.ml2.drivers.ovn.mech_driver.ovsdb.ovn_client [None req-7c6bcefe-38c6-4de3-97a5-15c8a5274d3d - - - - - -] No port found with ID b19926bc-dd1a-4afb-ad40-dd0adc275d76: RuntimeError: No port found with ID b19926bc-dd1a-4afb-ad40-dd0adc275d76
2026-08-04 16:40:02.608 9 INFO neutron.wsgi [None req-9e1765e6-b2a4-4bea-bfb7-e741cffed7b2 24a4631e5ffe476189cffc1d3e00f0a3 b23bbbfd047a49188cb157c8df7e3ef6 - - - -] 10.0.0.167 "PUT /v2.0/routers/823a9290-4273-4048-afc7-37d6b0a01b36/remove_router_interface HTTP/1.1" status: 200 len: 503 time: 1.4584761
2026-08-04 16:40:02.647 10 INFO neutron.wsgi [None req-062360c6-d252-4c02-aeaf-bb8b73da62cc 24a4631e5ffe476189cffc1d3e00f0a3 b23bbbfd047a49188cb157c8df7e3ef6 - - default default] 10.0.0.167 "GET /v2.0/ports?device_id=823a9290-4273-4048-afc7-37d6b0a01b36 HTTP/1.1" status: 200 len: 205 time: 0.0221746
2026-08-04 16:40:02.704 9 INFO neutron.wsgi [None req-72f768c3-3561-4e27-ad8d-731d70668e77 d5867e2ccba9447db1c50aa0b7871135 6ec4ecb5933647d1accc41abf0065313 - - - -] 10.0.0.167 "DELETE /v2.0/security-groups/96cbcdf9-6a23-4499-a62b-8af982b22eec HTTP/1.1" status: 204 len: 168 time: 0.4998167 /var/lib/openstack/lib/python3.10/site-packages/pycadf/identifier.py:71: UserWarning: Invalid uuid: neutron. To ensure interoperability, identifiers should be a valid uuid. warnings.warn(('Invalid uuid: %s. To ensure interoperability, '
2026-08-04 16:40:02.918 10 INFO neutron.wsgi [None req-2ccdaa08-268d-4eca-bfee-07b38e2fd29e 24a4631e5ffe476189cffc1d3e00f0a3 b23bbbfd047a49188cb157c8df7e3ef6 - - - -] 10.0.0.167 "DELETE /v2.0/routers/823a9290-4273-4048-afc7-37d6b0a01b36 HTTP/1.1" status: 204 len: 168 time: 0.2653985
2026-08-04 16:40:03.008 10 WARNING neutron.scheduler.dhcp_agent_scheduler [None req-24a6cb5d-dea0-4243-a4d8-cecd7a8c7e47 d5867e2ccba9447db1c50aa0b7871135 6ec4ecb5933647d1accc41abf0065313 - - default default] No more DHCP agents
2026-08-04 16:40:03.018 10 WARNING neutron.api.rpc.agentnotifiers.dhcp_rpc_agent_api [None req-24a6cb5d-dea0-4243-a4d8-cecd7a8c7e47 d5867e2ccba9447db1c50aa0b7871135 6ec4ecb5933647d1accc41abf0065313 - - default default] Unable to schedule network 7ab91807-5402-422c-9f41-e7ffd8110bb4: no agents available; will retry on subsequent port and subnet creation events.
2026-08-04 16:40:03.033 9 INFO neutron.db.ovn_revision_numbers_db [None req-fba94af2-2bc0-4aeb-9315-f453aa203b9f d5867e2ccba9447db1c50aa0b7871135 6ec4ecb5933647d1accc41abf0065313 - - default default] Successfully bumped revision number for resource e0f38722-e141-41a1-8efa-fc5a8558da44 (type: security_groups) to 1
2026-08-04 16:40:03.079 9 INFO neutron.wsgi [None req-fba94af2-2bc0-4aeb-9315-f453aa203b9f d5867e2ccba9447db1c50aa0b7871135 6ec4ecb5933647d1accc41abf0065313 - - default default] 10.0.0.167 "GET /v2.0/security-groups?tenant_id=20e66de933b948dab554543a025be6bf&name=default HTTP/1.1" status: 200 len: 2996 time: 0.2717929
2026-08-04 16:40:03.148 9 INFO neutron.db.ovn_revision_numbers_db [None req-30f422d8-be54-4dc4-b573-1e31daa43e0c - - - - - -] Successfully bumped revision number for resource 7ee33d62-006c-4780-9c22-7b0939a4fd87 (type: ports) to 1
2026-08-04 16:40:03.228 10 INFO neutron.wsgi [None req-75340241-ef79-4712-b1bb-bcf1ca14ad74 24a4631e5ffe476189cffc1d3e00f0a3 b23bbbfd047a49188cb157c8df7e3ef6 - - - -] 10.0.0.167 "DELETE /v2.0/subnets/6a566039-9cdd-4f9b-a11a-322dc857eca6 HTTP/1.1" status: 204 len: 168 time: 0.3039088
2026-08-04 16:40:03.270 10 INFO neutron.db.ovn_revision_numbers_db [None req-24a6cb5d-dea0-4243-a4d8-cecd7a8c7e47 d5867e2ccba9447db1c50aa0b7871135 6ec4ecb5933647d1accc41abf0065313 - - default default] Successfully bumped revision number for resource 07bc5f4e-906b-4f33-8495-1e5cb410c13a (type: ports) to 1
2026-08-04 16:40:03.424 9 INFO neutron.db.ovn_revision_numbers_db [None req-30f422d8-be54-4dc4-b573-1e31daa43e0c - - - - - -] Successfully bumped revision number for resource 7ee33d62-006c-4780-9c22-7b0939a4fd87 (type: router_ports) to 3
2026-08-04 16:40:03.501 10 INFO neutron.wsgi [None req-78bac9d3-d764-4bdf-b173-a5fb155f2961 d5867e2ccba9447db1c50aa0b7871135 6ec4ecb5933647d1accc41abf0065313 - - - -] 10.0.0.167 "DELETE /v2.0/security-groups/e0f38722-e141-41a1-8efa-fc5a8558da44 HTTP/1.1" status: 204 len: 168 time: 0.4128997
2026-08-04 16:40:03.570 10 INFO neutron.wsgi [None req-2360239d-cabf-4247-9414-341312e569de 24a4631e5ffe476189cffc1d3e00f0a3 b23bbbfd047a49188cb157c8df7e3ef6 - - - -] 10.0.0.167 "DELETE /v2.0/subnets/8ee376a4-9062-4fcf-babd-0d896551f18c HTTP/1.1" status: 204 len: 168 time: 0.3313231
2026-08-04 16:40:03.679 9 INFO neutron.db.ovn_revision_numbers_db [None req-30f422d8-be54-4dc4-b573-1e31daa43e0c - - - - - -] Successfully bumped revision number for resource 7ee33d62-006c-4780-9c22-7b0939a4fd87 (type: ports) to 2
2026-08-04 16:40:03.870 10 INFO neutron.plugins.ml2.drivers.ovn.mech_driver.mech_driver [None req-7c6bcefe-38c6-4de3-97a5-15c8a5274d3d - - - - - -] OVN reports status up for port: 07bc5f4e-906b-4f33-8495-1e5cb410c13a
2026-08-04 16:40:03.876 10 INFO neutron.db.ovn_revision_numbers_db [None req-24a6cb5d-dea0-4243-a4d8-cecd7a8c7e47 d5867e2ccba9447db1c50aa0b7871135 6ec4ecb5933647d1accc41abf0065313 - - default default] Successfully bumped revision number for resource 07bc5f4e-906b-4f33-8495-1e5cb410c13a (type: router_ports) to 2
2026-08-04 16:40:03.878 10 INFO neutron.plugins.ml2.plugin [None req-7c6bcefe-38c6-4de3-97a5-15c8a5274d3d - - - - - -] Attempt 1 to provision port 07bc5f4e-906b-4f33-8495-1e5cb410c13a
2026-08-04 16:40:04.010 9 INFO neutron.db.ovn_revision_numbers_db [None req-30f422d8-be54-4dc4-b573-1e31daa43e0c - - - - - -] Successfully bumped revision number for resource 7ee33d62-006c-4780-9c22-7b0939a4fd87 (type: ports) to 4
2026-08-04 16:40:04.055 9 INFO neutron.services.segments.plugin [-] Segment f92942c1-a9b5-443a-91c3-349ae98018bf resource provider aggregate not found
2026-08-04 16:40:04.072 10 INFO neutron.db.ovn_revision_numbers_db [None req-24a6cb5d-dea0-4243-a4d8-cecd7a8c7e47 d5867e2ccba9447db1c50aa0b7871135 6ec4ecb5933647d1accc41abf0065313 - - default default] Successfully bumped revision number for resource 07bc5f4e-906b-4f33-8495-1e5cb410c13a (type: ports) to 2
2026-08-04 16:40:04.079 9 INFO neutron.services.segments.plugin [-] Segment f92942c1-a9b5-443a-91c3-349ae98018bf resource provider aggregate not found
2026-08-04 16:40:04.106 9 INFO neutron.services.segments.plugin [-] Segment f92942c1-a9b5-443a-91c3-349ae98018bf resource provider not found; error: Placement Client Error (4xx): {"errors": [{"status": 404, "title": "Not Found", "detail": "The resource could not be found.\n\n No resource provider with uuid f92942c1-a9b5-443a-91c3-349ae98018bf found for delete ", "request_id": "req-fa374c1f-7f69-4aba-ab72-ba2a9607851f"}]}
2026-08-04 16:40:04.107 9 INFO neutron.services.segments.plugin [-] Segment f92942c1-a9b5-443a-91c3-349ae98018bf resource provider not found; error: Placement Client Error (4xx): {"errors": [{"status": 404, "title": "Not Found", "detail": "The resource could not be found.\n\n No resource provider with uuid f92942c1-a9b5-443a-91c3-349ae98018bf found for delete ", "request_id": "req-a8f2566d-60a8-4aa9-bd9a-95c2084708cc"}]}
2026-08-04 16:40:04.154 9 INFO neutron.wsgi [None req-5f7df735-f4f5-4980-a86a-f6a5bbf7f77c 24a4631e5ffe476189cffc1d3e00f0a3 b23bbbfd047a49188cb157c8df7e3ef6 - - - -] 10.0.0.167 "DELETE /v2.0/networks/8c8bbd60-05d1-42f6-8005-3505f1a7b2c8 HTTP/1.1" status: 204 len: 168 time: 0.5685632
2026-08-04 16:40:04.425 9 INFO neutron.db.ovn_revision_numbers_db [None req-30f422d8-be54-4dc4-b573-1e31daa43e0c - - - - - -] Successfully bumped revision number for resource 7ee33d62-006c-4780-9c22-7b0939a4fd87 (type: router_ports) to 4
2026-08-04 16:40:04.451 10 WARNING neutron.scheduler.dhcp_agent_scheduler [None req-24a6cb5d-dea0-4243-a4d8-cecd7a8c7e47 d5867e2ccba9447db1c50aa0b7871135 6ec4ecb5933647d1accc41abf0065313 - - default default] No more DHCP agents
2026-08-04 16:40:04.452 10 WARNING neutron.api.rpc.agentnotifiers.dhcp_rpc_agent_api [None req-24a6cb5d-dea0-4243-a4d8-cecd7a8c7e47 d5867e2ccba9447db1c50aa0b7871135 6ec4ecb5933647d1accc41abf0065313 - - default default] Unable to schedule network 7ab91807-5402-422c-9f41-e7ffd8110bb4: no agents available; will retry on subsequent port and subnet creation events.
2026-08-04 16:40:04.486 10 INFO neutron.db.ovn_revision_numbers_db [None req-7c6bcefe-38c6-4de3-97a5-15c8a5274d3d - - - - - -] Successfully bumped revision number for resource 07bc5f4e-906b-4f33-8495-1e5cb410c13a (type: ports) to 3
2026-08-04 16:40:04.712 10 INFO neutron.db.ovn_revision_numbers_db [None req-7c6bcefe-38c6-4de3-97a5-15c8a5274d3d - - - - - -] Successfully bumped revision number for resource 07bc5f4e-906b-4f33-8495-1e5cb410c13a (type: router_ports) to 3
2026-08-04 16:40:04.740 9 INFO neutron.wsgi [None req-03e460a5-c238-4677-9809-8c77b7e25e8a 24a4631e5ffe476189cffc1d3e00f0a3 b23bbbfd047a49188cb157c8df7e3ef6 - - - -] 10.0.0.167 "DELETE /v2.0/networks/e47f72f5-4969-4101-a0cf-6f153b98405f HTTP/1.1" status: 204 len: 168 time: 0.5774987
2026-08-04 16:40:04.890 10 INFO neutron.db.segments_db [None req-1b574afb-ebdc-4230-a828-fca57f2628b9 24a4631e5ffe476189cffc1d3e00f0a3 b23bbbfd047a49188cb157c8df7e3ef6 - - - -] Added segment 8b2814b2-cff2-4e59-9aa5-d4fc8d5be322 of type geneve for network 688c3e0a-a471-43b3-a029-f73e575ed382
2026-08-04 16:40:05.075 10 INFO neutron.db.ovn_revision_numbers_db [None req-1b574afb-ebdc-4230-a828-fca57f2628b9 24a4631e5ffe476189cffc1d3e00f0a3 b23bbbfd047a49188cb157c8df7e3ef6 - - - -] Successfully bumped revision number for resource 688c3e0a-a471-43b3-a029-f73e575ed382 (type: networks) to 1
2026-08-04 16:40:05.075 9 WARNING neutron.plugins.ml2.drivers.ovn.mech_driver.ovsdb.ovn_client [None req-bf202515-1b3a-4823-9d5f-3cd274afef13 - - - - - -] No port found with ID 37e57903-b094-42ac-9704-0b2319395e34: RuntimeError: No port found with ID 37e57903-b094-42ac-9704-0b2319395e34
2026-08-04 16:40:05.075 9 INFO neutron.plugins.ml2.drivers.ovn.mech_driver.mech_driver [None req-bf202515-1b3a-4823-9d5f-3cd274afef13 - - - - - -] OVN reports status up for port: 7ee33d62-006c-4780-9c22-7b0939a4fd87
2026-08-04 16:40:05.088 9 INFO neutron.plugins.ml2.plugin [None req-bf202515-1b3a-4823-9d5f-3cd274afef13 - - - - - -] Attempt 1 to provision port 7ee33d62-006c-4780-9c22-7b0939a4fd87
2026-08-04 16:40:05.306 10 INFO neutron.db.ovn_revision_numbers_db [None req-24a6cb5d-dea0-4243-a4d8-cecd7a8c7e47 d5867e2ccba9447db1c50aa0b7871135 6ec4ecb5933647d1accc41abf0065313 - - - -] Successfully bumped revision number for resource 07bc5f4e-906b-4f33-8495-1e5cb410c13a (type: router_ports) to 3
2026-08-04 16:40:05.308 10 INFO neutron.wsgi [None req-24a6cb5d-dea0-4243-a4d8-cecd7a8c7e47 d5867e2ccba9447db1c50aa0b7871135 6ec4ecb5933647d1accc41abf0065313 - - - -] 10.0.0.167 "PUT /v2.0/routers/3d603087-22fa-4b91-8a54-6d46299229dc/add_router_interface HTTP/1.1" status: 200 len: 503 time: 2.9175329
2026-08-04 16:40:05.371 10 WARNING neutron.scheduler.dhcp_agent_scheduler [None req-1b574afb-ebdc-4230-a828-fca57f2628b9 24a4631e5ffe476189cffc1d3e00f0a3 b23bbbfd047a49188cb157c8df7e3ef6 - - - -] No more DHCP agents
2026-08-04 16:40:05.374 10 WARNING neutron.api.rpc.agentnotifiers.dhcp_rpc_agent_api [None req-1b574afb-ebdc-4230-a828-fca57f2628b9 24a4631e5ffe476189cffc1d3e00f0a3 b23bbbfd047a49188cb157c8df7e3ef6 - - - -] Unable to schedule network 688c3e0a-a471-43b3-a029-f73e575ed382: no agents available; will retry on subsequent port and subnet creation events.
2026-08-04 16:40:05.453 10 INFO neutron.db.ovn_revision_numbers_db [None req-1b574afb-ebdc-4230-a828-fca57f2628b9 24a4631e5ffe476189cffc1d3e00f0a3 b23bbbfd047a49188cb157c8df7e3ef6 - - - -] Successfully bumped revision number for resource 43d4f88c-46d5-4cc7-b039-dcf5ffe8e592 (type: ports) to 1
2026-08-04 16:40:05.485 10 INFO neutron.wsgi [None req-1b574afb-ebdc-4230-a828-fca57f2628b9 24a4631e5ffe476189cffc1d3e00f0a3 b23bbbfd047a49188cb157c8df7e3ef6 - - - -] 10.0.0.167 "POST /v2.0/networks HTTP/1.1" status: 201 len: 832 time: 0.7314222
2026-08-04 16:40:05.803 10 WARNING neutron.scheduler.dhcp_agent_scheduler [None req-afc35f0b-5bc9-4427-bb93-e1f453c7ccc9 24a4631e5ffe476189cffc1d3e00f0a3 b23bbbfd047a49188cb157c8df7e3ef6 - - - -] No more DHCP agents
2026-08-04 16:40:05.805 10 WARNING neutron.api.rpc.agentnotifiers.dhcp_rpc_agent_api [None req-afc35f0b-5bc9-4427-bb93-e1f453c7ccc9 24a4631e5ffe476189cffc1d3e00f0a3 b23bbbfd047a49188cb157c8df7e3ef6 - - - -] Unable to schedule network 688c3e0a-a471-43b3-a029-f73e575ed382: no agents available; will retry on subsequent port and subnet creation events.
2026-08-04 16:40:05.822 10 INFO neutron.db.ovn_revision_numbers_db [None req-afc35f0b-5bc9-4427-bb93-e1f453c7ccc9 24a4631e5ffe476189cffc1d3e00f0a3 b23bbbfd047a49188cb157c8df7e3ef6 - - - -] Successfully bumped revision number for resource da9bb5d0-dd7a-4043-9734-5794bb125db3 (type: subnets) to 0
2026-08-04 16:40:05.838 10 INFO neutron.wsgi [None req-afc35f0b-5bc9-4427-bb93-e1f453c7ccc9 24a4631e5ffe476189cffc1d3e00f0a3 b23bbbfd047a49188cb157c8df7e3ef6 - - - -] 10.0.0.167 "POST /v2.0/subnets HTTP/1.1" status: 201 len: 821 time: 0.3440087
2026-08-04 16:40:06.037 10 INFO neutron.db.ovn_revision_numbers_db [None req-df52ae06-64d3-465d-b338-e07d4a51ee8c 24a4631e5ffe476189cffc1d3e00f0a3 b23bbbfd047a49188cb157c8df7e3ef6 - - - -] Successfully bumped revision number for resource 1be2ade6-376f-4dfd-a568-50d5914fe300 (type: routers) to 1
2026-08-04 16:40:06.055 10 INFO neutron.wsgi [None req-df52ae06-64d3-465d-b338-e07d4a51ee8c 24a4631e5ffe476189cffc1d3e00f0a3 b23bbbfd047a49188cb157c8df7e3ef6 - - - -] 10.0.0.167 "POST /v2.0/routers HTTP/1.1" status: 201 len: 691 time: 0.2105961
2026-08-04 16:40:06.135 9 INFO neutron.services.segments.plugin [-] Segment b2327792-d5e5-45d0-b116-395e276e4922 resource provider aggregate not found
2026-08-04 16:40:06.146 9 INFO neutron.services.segments.plugin [-] Segment b2327792-d5e5-45d0-b116-395e276e4922 resource provider aggregate not found
2026-08-04 16:40:06.159 9 INFO neutron.services.segments.plugin [-] Segment b2327792-d5e5-45d0-b116-395e276e4922 resource provider not found; error: Placement Client Error (4xx): {"errors": [{"status": 404, "title": "Not Found", "detail": "The resource could not be found.\n\n No resource provider with uuid b2327792-d5e5-45d0-b116-395e276e4922 found for delete ", "request_id": "req-5af239df-cb12-4f75-bf9d-81730979f7aa"}]}
2026-08-04 16:40:06.174 9 INFO neutron.services.segments.plugin [-] Segment b2327792-d5e5-45d0-b116-395e276e4922 resource provider not found; error: Placement Client Error (4xx): {"errors": [{"status": 404, "title": "Not Found", "detail": "The resource could not be found.\n\n No resource provider with uuid b2327792-d5e5-45d0-b116-395e276e4922 found for delete ", "request_id": "req-2516013f-1a9c-41f4-b18b-00a0c20eb0bd"}]}
2026-08-04 16:40:06.439 10 WARNING neutron.scheduler.dhcp_agent_scheduler [None req-13608db2-5b0c-4707-bea8-0d5247e686d2 24a4631e5ffe476189cffc1d3e00f0a3 b23bbbfd047a49188cb157c8df7e3ef6 - - - -] No more DHCP agents
2026-08-04 16:40:06.441 10 WARNING neutron.api.rpc.agentnotifiers.dhcp_rpc_agent_api [None req-13608db2-5b0c-4707-bea8-0d5247e686d2 24a4631e5ffe476189cffc1d3e00f0a3 b23bbbfd047a49188cb157c8df7e3ef6 - - - -] Unable to schedule network 688c3e0a-a471-43b3-a029-f73e575ed382: no agents available; will retry on subsequent port and subnet creation events. /var/lib/openstack/lib/python3.10/site-packages/pycadf/identifier.py:71: UserWarning: Invalid uuid: neutron. To ensure interoperability, identifiers should be a valid uuid. warnings.warn(('Invalid uuid: %s. To ensure interoperability, '
2026-08-04 16:40:06.544 10 INFO neutron.db.ovn_revision_numbers_db [None req-13608db2-5b0c-4707-bea8-0d5247e686d2 24a4631e5ffe476189cffc1d3e00f0a3 b23bbbfd047a49188cb157c8df7e3ef6 - - - -] Successfully bumped revision number for resource 4eecfc41-debc-43b1-953a-9eda4fbf8b53 (type: ports) to 1
2026-08-04 16:40:06.571 10 INFO neutron.wsgi [None req-13608db2-5b0c-4707-bea8-0d5247e686d2 24a4631e5ffe476189cffc1d3e00f0a3 b23bbbfd047a49188cb157c8df7e3ef6 - - - -] 10.0.0.167 "POST /v2.0/ports HTTP/1.1" status: 201 len: 1163 time: 0.5111103
2026-08-04 16:40:06.722 10 INFO neutron.db.ovn_revision_numbers_db [None req-c9cbf648-0825-451b-ab22-ea11db0ecc87 d5867e2ccba9447db1c50aa0b7871135 6ec4ecb5933647d1accc41abf0065313 - - - -] Successfully bumped revision number for resource 82a393cd-41b7-4151-98b7-e41363fa3c7f (type: security_groups) to 1
2026-08-04 16:40:06.782 10 INFO neutron.db.segments_db [None req-c9cbf648-0825-451b-ab22-ea11db0ecc87 d5867e2ccba9447db1c50aa0b7871135 6ec4ecb5933647d1accc41abf0065313 - - - -] Added segment 9ab2f2eb-fb06-4591-806e-65f7ba78f231 of type geneve for network 92eab7bd-d077-44f7-be1a-e3e7b63f04fc
2026-08-04 16:40:07.371 9 INFO neutron.db.ovn_revision_numbers_db [None req-e28e5e6a-b650-483c-8bdc-8b3e21d71a4f c776674a2378431a9a8a7a6fcec34900 5d7a6b7dcb114fafa48bf3c5e61a4e48 - - - -] Successfully bumped revision number for resource 9d3e0506-cb54-4a23-9f19-0eecb23ee930 (type: security_groups) to 1
2026-08-04 16:40:07.445 9 INFO neutron.db.segments_db [None req-e28e5e6a-b650-483c-8bdc-8b3e21d71a4f c776674a2378431a9a8a7a6fcec34900 5d7a6b7dcb114fafa48bf3c5e61a4e48 - - - -] Added segment 316b9f12-ff25-4682-b901-10702d2a3fcd of type geneve for network 32c2c907-21c8-43ca-8a3d-021d7660bb9b
2026-08-04 16:40:07.570 10 INFO neutron.db.ovn_revision_numbers_db [None req-c9cbf648-0825-451b-ab22-ea11db0ecc87 d5867e2ccba9447db1c50aa0b7871135 6ec4ecb5933647d1accc41abf0065313 - - - -] Successfully bumped revision number for resource 92eab7bd-d077-44f7-be1a-e3e7b63f04fc (type: networks) to 1
2026-08-04 16:40:07.656 9 INFO neutron.db.ovn_revision_numbers_db [None req-e28e5e6a-b650-483c-8bdc-8b3e21d71a4f c776674a2378431a9a8a7a6fcec34900 5d7a6b7dcb114fafa48bf3c5e61a4e48 - - - -] Successfully bumped revision number for resource 32c2c907-21c8-43ca-8a3d-021d7660bb9b (type: networks) to 1
2026-08-04 16:40:07.703 9 INFO neutron.plugins.ml2.drivers.ovn.mech_driver.mech_driver [None req-bf202515-1b3a-4823-9d5f-3cd274afef13 - - - - - -] OVN reports status up for port: 4eecfc41-debc-43b1-953a-9eda4fbf8b53
2026-08-04 16:40:07.717 9 INFO neutron.plugins.ml2.plugin [None req-bf202515-1b3a-4823-9d5f-3cd274afef13 - - - - - -] Attempt 1 to provision port 4eecfc41-debc-43b1-953a-9eda4fbf8b53
2026-08-04 16:40:07.735 10 INFO neutron.db.ovn_revision_numbers_db [None req-45dbabbc-52df-4300-a60a-00f963c63d61 24a4631e5ffe476189cffc1d3e00f0a3 b23bbbfd047a49188cb157c8df7e3ef6 - - default default] Successfully bumped revision number for resource 4eecfc41-debc-43b1-953a-9eda4fbf8b53 (type: router_ports) to 2
2026-08-04 16:40:07.820 10 WARNING neutron.scheduler.dhcp_agent_scheduler [None req-c9cbf648-0825-451b-ab22-ea11db0ecc87 d5867e2ccba9447db1c50aa0b7871135 6ec4ecb5933647d1accc41abf0065313 - - - -] No more DHCP agents
2026-08-04 16:40:07.824 10 WARNING neutron.api.rpc.agentnotifiers.dhcp_rpc_agent_api [None req-c9cbf648-0825-451b-ab22-ea11db0ecc87 d5867e2ccba9447db1c50aa0b7871135 6ec4ecb5933647d1accc41abf0065313 - - - -] Unable to schedule network 92eab7bd-d077-44f7-be1a-e3e7b63f04fc: no agents available; will retry on subsequent port and subnet creation events.
2026-08-04 16:40:07.945 10 INFO neutron.db.ovn_revision_numbers_db [None req-45dbabbc-52df-4300-a60a-00f963c63d61 24a4631e5ffe476189cffc1d3e00f0a3 b23bbbfd047a49188cb157c8df7e3ef6 - - default default] Successfully bumped revision number for resource 4eecfc41-debc-43b1-953a-9eda4fbf8b53 (type: ports) to 2
2026-08-04 16:40:07.950 10 INFO neutron.db.ovn_revision_numbers_db [None req-c9cbf648-0825-451b-ab22-ea11db0ecc87 d5867e2ccba9447db1c50aa0b7871135 6ec4ecb5933647d1accc41abf0065313 - - - -] Successfully bumped revision number for resource 033aadbf-7e37-4e86-a1e3-0a810bdef8c6 (type: ports) to 1
2026-08-04 16:40:07.990 10 INFO neutron.wsgi [None req-c9cbf648-0825-451b-ab22-ea11db0ecc87 d5867e2ccba9447db1c50aa0b7871135 6ec4ecb5933647d1accc41abf0065313 - - - -] 10.0.0.167 "POST /v2.0/networks HTTP/1.1" status: 201 len: 942 time: 1.4620459 /var/lib/openstack/lib/python3.10/site-packages/pycadf/identifier.py:71: UserWarning: Invalid uuid: neutron. To ensure interoperability, identifiers should be a valid uuid. warnings.warn(('Invalid uuid: %s. To ensure interoperability, '
2026-08-04 16:40:08.268 10 WARNING neutron.scheduler.dhcp_agent_scheduler [None req-3eb956cb-aace-4256-93fd-fc2a59426f39 d5867e2ccba9447db1c50aa0b7871135 6ec4ecb5933647d1accc41abf0065313 - - - -] No more DHCP agents
2026-08-04 16:40:08.271 10 WARNING neutron.api.rpc.agentnotifiers.dhcp_rpc_agent_api [None req-3eb956cb-aace-4256-93fd-fc2a59426f39 d5867e2ccba9447db1c50aa0b7871135 6ec4ecb5933647d1accc41abf0065313 - - - -] Unable to schedule network 92eab7bd-d077-44f7-be1a-e3e7b63f04fc: no agents available; will retry on subsequent port and subnet creation events.
2026-08-04 16:40:08.279 9 WARNING neutron.scheduler.dhcp_agent_scheduler [None req-e28e5e6a-b650-483c-8bdc-8b3e21d71a4f c776674a2378431a9a8a7a6fcec34900 5d7a6b7dcb114fafa48bf3c5e61a4e48 - - - -] No more DHCP agents
2026-08-04 16:40:08.284 9 WARNING neutron.api.rpc.agentnotifiers.dhcp_rpc_agent_api [None req-e28e5e6a-b650-483c-8bdc-8b3e21d71a4f c776674a2378431a9a8a7a6fcec34900 5d7a6b7dcb114fafa48bf3c5e61a4e48 - - - -] Unable to schedule network 32c2c907-21c8-43ca-8a3d-021d7660bb9b: no agents available; will retry on subsequent port and subnet creation events.
2026-08-04 16:40:08.380 9 INFO neutron.db.ovn_revision_numbers_db [None req-e28e5e6a-b650-483c-8bdc-8b3e21d71a4f c776674a2378431a9a8a7a6fcec34900 5d7a6b7dcb114fafa48bf3c5e61a4e48 - - - -] Successfully bumped revision number for resource 05c69e7e-d1ff-4e06-99f7-1bb289322ef3 (type: ports) to 1
2026-08-04 16:40:08.419 9 INFO neutron.wsgi [None req-e28e5e6a-b650-483c-8bdc-8b3e21d71a4f c776674a2378431a9a8a7a6fcec34900 5d7a6b7dcb114fafa48bf3c5e61a4e48 - - - -] 10.0.0.167 "POST /v2.0/networks HTTP/1.1" status: 201 len: 830 time: 1.4149871
2026-08-04 16:40:08.454 9 INFO neutron.db.ovn_revision_numbers_db [None req-bf202515-1b3a-4823-9d5f-3cd274afef13 - - - - - -] Successfully bumped revision number for resource 4eecfc41-debc-43b1-953a-9eda4fbf8b53 (type: ports) to 3
2026-08-04 16:40:08.522 9 INFO neutron.wsgi [None req-e91ace94-832b-406d-a3c8-917c253fd754 c776674a2378431a9a8a7a6fcec34900 5d7a6b7dcb114fafa48bf3c5e61a4e48 - - - -] 10.0.0.167 "PUT /v2.0/networks/32c2c907-21c8-43ca-8a3d-021d7660bb9b/tags HTTP/1.1" status: 200 len: 218 time: 0.0867414 /var/lib/openstack/lib/python3.10/site-packages/pycadf/identifier.py:71: UserWarning: Invalid uuid: neutron. To ensure interoperability, identifiers should be a valid uuid. warnings.warn(('Invalid uuid: %s. To ensure interoperability, '
2026-08-04 16:40:08.595 9 INFO neutron.wsgi [None req-4ddc6242-47d3-4a57-978f-38ed12c8a4b1 c776674a2378431a9a8a7a6fcec34900 5d7a6b7dcb114fafa48bf3c5e61a4e48 - - default default] 10.0.0.167 "GET /v2.0/networks/32c2c907-21c8-43ca-8a3d-021d7660bb9b/tags HTTP/1.1" status: 200 len: 218 time: 0.0651941
2026-08-04 16:40:08.603 10 INFO neutron.db.ovn_revision_numbers_db [None req-45dbabbc-52df-4300-a60a-00f963c63d61 24a4631e5ffe476189cffc1d3e00f0a3 b23bbbfd047a49188cb157c8df7e3ef6 - - default default] Successfully bumped revision number for resource 4eecfc41-debc-43b1-953a-9eda4fbf8b53 (type: router_ports) to 4
2026-08-04 16:40:08.663 9 INFO neutron.wsgi [None req-de552d42-b005-4169-be15-fcf5aa17d2a1 c776674a2378431a9a8a7a6fcec34900 5d7a6b7dcb114fafa48bf3c5e61a4e48 - - - -] 10.0.0.167 "PUT /v2.0/networks/32c2c907-21c8-43ca-8a3d-021d7660bb9b/tags/green HTTP/1.1" status: 201 len: 201 time: 0.0619245 /var/lib/openstack/lib/python3.10/site-packages/pycadf/identifier.py:71: UserWarning: Invalid uuid: neutron. To ensure interoperability, identifiers should be a valid uuid. warnings.warn(('Invalid uuid: %s. To ensure interoperability, '
2026-08-04 16:40:08.699 9 INFO neutron.wsgi [req-d1583356-c845-48bc-b3d4-e0eb1860a7cc req-fce12ad8-caeb-42b1-8516-e680ef804c81 3b097d311a4a4c638583644899515cab 4c787b13fdd14d349750e6d5144fb437 - - 5542a1e84d6847768ce2ec334b584dc7 5542a1e84d6847768ce2ec334b584dc7] 10.0.0.145 "GET /v2.0/ports?device_id=2f50cd5d-95b4-4dc8-ae63-6fde5662ca95 HTTP/1.1" status: 200 len: 1361 time: 0.0352819
2026-08-04 16:40:08.743 9 INFO neutron.wsgi [req-d1583356-c845-48bc-b3d4-e0eb1860a7cc req-9db47cef-6c0b-43e4-b318-1e90e306624b 3b097d311a4a4c638583644899515cab 4c787b13fdd14d349750e6d5144fb437 - - 5542a1e84d6847768ce2ec334b584dc7 5542a1e84d6847768ce2ec334b584dc7] 10.0.0.145 "GET /v2.0/security-groups?id=7db03cce-3095-4199-9308-0243cf428489&fields=id&fields=name HTTP/1.1" status: 200 len: 312 time: 0.0353212
2026-08-04 16:40:08.753 10 INFO neutron.wsgi [None req-e7e3a6b3-ee5e-4c29-a45f-9c1e2111b289 c776674a2378431a9a8a7a6fcec34900 5d7a6b7dcb114fafa48bf3c5e61a4e48 - - default default] 10.0.0.167 "GET /v2.0/networks/32c2c907-21c8-43ca-8a3d-021d7660bb9b/tags HTTP/1.1" status: 200 len: 227 time: 0.0842025
2026-08-04 16:40:08.778 10 INFO neutron.db.ovn_revision_numbers_db [None req-45dbabbc-52df-4300-a60a-00f963c63d61 24a4631e5ffe476189cffc1d3e00f0a3 b23bbbfd047a49188cb157c8df7e3ef6 - - default default] Successfully bumped revision number for resource 4eecfc41-debc-43b1-953a-9eda4fbf8b53 (type: ports) to 4
2026-08-04 16:40:08.811 9 INFO neutron.wsgi [None req-d1eef287-a3a7-43c7-b852-16d602661868 c776674a2378431a9a8a7a6fcec34900 5d7a6b7dcb114fafa48bf3c5e61a4e48 - - - -] 10.0.0.167 "PUT /v2.0/networks/32c2c907-21c8-43ca-8a3d-021d7660bb9b/tags/red HTTP/1.1" status: 201 len: 201 time: 0.0468376
2026-08-04 16:40:08.865 9 INFO neutron.wsgi [None req-79e943b6-51a4-457d-8116-8cb7a80f56e7 c776674a2378431a9a8a7a6fcec34900 5d7a6b7dcb114fafa48bf3c5e61a4e48 - - default default] 10.0.0.167 "GET /v2.0/networks/32c2c907-21c8-43ca-8a3d-021d7660bb9b/tags HTTP/1.1" status: 200 len: 227 time: 0.0476124
2026-08-04 16:40:08.891 10 WARNING neutron.scheduler.dhcp_agent_scheduler [None req-45dbabbc-52df-4300-a60a-00f963c63d61 24a4631e5ffe476189cffc1d3e00f0a3 b23bbbfd047a49188cb157c8df7e3ef6 - - default default] No more DHCP agents
2026-08-04 16:40:08.893 10 WARNING neutron.api.rpc.agentnotifiers.dhcp_rpc_agent_api [None req-45dbabbc-52df-4300-a60a-00f963c63d61 24a4631e5ffe476189cffc1d3e00f0a3 b23bbbfd047a49188cb157c8df7e3ef6 - - default default] Unable to schedule network 688c3e0a-a471-43b3-a029-f73e575ed382: no agents available; will retry on subsequent port and subnet creation events.
2026-08-04 16:40:08.919 9 INFO neutron.wsgi [None req-1038b5d3-1fd2-45b9-8c66-514dda2c0cc8 c776674a2378431a9a8a7a6fcec34900 5d7a6b7dcb114fafa48bf3c5e61a4e48 - - - -] 10.0.0.167 "PUT /v2.0/networks/32c2c907-21c8-43ca-8a3d-021d7660bb9b/tags/black.or.white HTTP/1.1" status: 201 len: 201 time: 0.0466850
2026-08-04 16:40:08.959 9 INFO neutron.wsgi [None req-52d06a99-a529-414b-833c-bfd6d944a455 c776674a2378431a9a8a7a6fcec34900 5d7a6b7dcb114fafa48bf3c5e61a4e48 - - default default] 10.0.0.167 "GET /v2.0/networks/32c2c907-21c8-43ca-8a3d-021d7660bb9b/tags HTTP/1.1" status: 200 len: 245 time: 0.0342810
2026-08-04 16:40:09.013 10 INFO neutron.db.ovn_revision_numbers_db [None req-3eb956cb-aace-4256-93fd-fc2a59426f39 d5867e2ccba9447db1c50aa0b7871135 6ec4ecb5933647d1accc41abf0065313 - - - -] Successfully bumped revision number for resource 033aadbf-7e37-4e86-a1e3-0a810bdef8c6 (type: ports) to 2
2026-08-04 16:40:09.016 9 INFO neutron.wsgi [None req-ffbf67ab-3d36-4791-ab5d-a791a6cf502d c776674a2378431a9a8a7a6fcec34900 5d7a6b7dcb114fafa48bf3c5e61a4e48 - - - -] 10.0.0.167 "PUT /v2.0/networks/32c2c907-21c8-43ca-8a3d-021d7660bb9b/tags HTTP/1.1" status: 200 len: 230 time: 0.0504751
2026-08-04 16:40:09.041 10 INFO neutron.db.ovn_revision_numbers_db [None req-3eb956cb-aace-4256-93fd-fc2a59426f39 d5867e2ccba9447db1c50aa0b7871135 6ec4ecb5933647d1accc41abf0065313 - - - -] Successfully bumped revision number for resource f41f48ed-75c4-4c07-8608-8bdd796be638 (type: subnets) to 0
2026-08-04 16:40:09.058 9 INFO neutron.wsgi [None req-e681040b-67f9-4e30-917d-689a3a6633c1 c776674a2378431a9a8a7a6fcec34900 5d7a6b7dcb114fafa48bf3c5e61a4e48 - - default default] 10.0.0.167 "GET /v2.0/networks/32c2c907-21c8-43ca-8a3d-021d7660bb9b/tags HTTP/1.1" status: 200 len: 230 time: 0.0352886
2026-08-04 16:40:09.066 10 INFO neutron.wsgi [None req-3eb956cb-aace-4256-93fd-fc2a59426f39 d5867e2ccba9447db1c50aa0b7871135 6ec4ecb5933647d1accc41abf0065313 - - - -] 10.0.0.167 "POST /v2.0/subnets HTTP/1.1" status: 201 len: 862 time: 1.0682945
2026-08-04 16:40:09.111 9 INFO neutron.wsgi [None req-6001e5f9-9bc4-45d0-add6-670c1b1d0877 c776674a2378431a9a8a7a6fcec34900 5d7a6b7dcb114fafa48bf3c5e61a4e48 - - default default] 10.0.0.167 "GET /v2.0/networks/32c2c907-21c8-43ca-8a3d-021d7660bb9b/tags/red HTTP/1.1" status: 204 len: 168 time: 0.0452690
2026-08-04 16:40:09.114 10 INFO neutron.db.ovn_revision_numbers_db [None req-45dbabbc-52df-4300-a60a-00f963c63d61 24a4631e5ffe476189cffc1d3e00f0a3 b23bbbfd047a49188cb157c8df7e3ef6 - - - -] Successfully bumped revision number for resource 4eecfc41-debc-43b1-953a-9eda4fbf8b53 (type: router_ports) to 4
2026-08-04 16:40:09.117 10 INFO neutron.wsgi [None req-45dbabbc-52df-4300-a60a-00f963c63d61 24a4631e5ffe476189cffc1d3e00f0a3 b23bbbfd047a49188cb157c8df7e3ef6 - - - -] 10.0.0.167 "PUT /v2.0/routers/1be2ade6-376f-4dfd-a568-50d5914fe300/add_router_interface HTTP/1.1" status: 200 len: 503 time: 2.5376239
2026-08-04 16:40:09.167 10 INFO neutron.wsgi [None req-f17730b6-4bd3-4a47-b632-ac1a17d54edc 24a4631e5ffe476189cffc1d3e00f0a3 b23bbbfd047a49188cb157c8df7e3ef6 - - default default] 10.0.0.167 "GET /v2.0/ports/4eecfc41-debc-43b1-953a-9eda4fbf8b53 HTTP/1.1" status: 200 len: 1221 time: 0.0446529
2026-08-04 16:40:09.203 9 INFO neutron.api.v2.resource [None req-3d0060f0-7db8-4919-86c1-9f77f7426085 c776674a2378431a9a8a7a6fcec34900 5d7a6b7dcb114fafa48bf3c5e61a4e48 - - default default] show failed (client error): The resource could not be found.
2026-08-04 16:40:09.206 9 INFO neutron.wsgi [None req-3d0060f0-7db8-4919-86c1-9f77f7426085 c776674a2378431a9a8a7a6fcec34900 5d7a6b7dcb114fafa48bf3c5e61a4e48 - - default default] 10.0.0.167 "GET /v2.0/networks/32c2c907-21c8-43ca-8a3d-021d7660bb9b/tags/green HTTP/1.1" status: 404 len: 299 time: 0.0874059
2026-08-04 16:40:09.346 9 INFO neutron.wsgi [None req-6c413bdf-3d77-4812-9f66-c3bd42d6f471 c776674a2378431a9a8a7a6fcec34900 5d7a6b7dcb114fafa48bf3c5e61a4e48 - - - -] 10.0.0.167 "DELETE /v2.0/networks/32c2c907-21c8-43ca-8a3d-021d7660bb9b/tags/red HTTP/1.1" status: 204 len: 168 time: 0.1356411
2026-08-04 16:40:09.429 9 INFO neutron.wsgi [None req-6e89a10d-2a5a-495e-8e52-aa03f768c03c c776674a2378431a9a8a7a6fcec34900 5d7a6b7dcb114fafa48bf3c5e61a4e48 - - default default] 10.0.0.167 "GET /v2.0/networks/32c2c907-21c8-43ca-8a3d-021d7660bb9b/tags HTTP/1.1" status: 200 len: 223 time: 0.0775232
2026-08-04 16:40:09.569 9 INFO neutron.api.v2.resource [None req-2d900d4c-429d-4da1-9b97-301df8f57151 c776674a2378431a9a8a7a6fcec34900 5d7a6b7dcb114fafa48bf3c5e61a4e48 - - - -] delete failed (client error): The resource could not be found.
2026-08-04 16:40:09.571 9 INFO neutron.wsgi [None req-2d900d4c-429d-4da1-9b97-301df8f57151 c776674a2378431a9a8a7a6fcec34900 5d7a6b7dcb114fafa48bf3c5e61a4e48 - - - -] 10.0.0.167 "DELETE /v2.0/networks/32c2c907-21c8-43ca-8a3d-021d7660bb9b/tags/green HTTP/1.1" status: 404 len: 299 time: 0.1356251
2026-08-04 16:40:09.630 10 WARNING neutron.plugins.ml2.drivers.ovn.mech_driver.ovsdb.ovn_client [None req-7c6bcefe-38c6-4de3-97a5-15c8a5274d3d - - - - - -] No hosting information found for port 07bc5f4e-906b-4f33-8495-1e5cb410c13a: RuntimeError: No hosting information found for port 07bc5f4e-906b-4f33-8495-1e5cb410c13a
2026-08-04 16:40:09.678 9 INFO neutron.wsgi [None req-e527a686-8423-4d1d-b7de-8efaea5cdc60 c776674a2378431a9a8a7a6fcec34900 5d7a6b7dcb114fafa48bf3c5e61a4e48 - - - -] 10.0.0.167 "DELETE /v2.0/networks/32c2c907-21c8-43ca-8a3d-021d7660bb9b/tags HTTP/1.1" status: 204 len: 168 time: 0.0986538 /var/lib/openstack/lib/python3.10/site-packages/pycadf/identifier.py:71: UserWarning: Invalid uuid: neutron. To ensure interoperability, identifiers should be a valid uuid. warnings.warn(('Invalid uuid: %s. To ensure interoperability, '
2026-08-04 16:40:09.733 10 INFO neutron.wsgi [None req-d8ad5642-54b0-429b-9657-76da74e88d61 c776674a2378431a9a8a7a6fcec34900 5d7a6b7dcb114fafa48bf3c5e61a4e48 - - default default] 10.0.0.167 "GET /v2.0/networks/32c2c907-21c8-43ca-8a3d-021d7660bb9b/tags HTTP/1.1" status: 200 len: 205 time: 0.0486553
2026-08-04 16:40:09.909 9 WARNING neutron.scheduler.dhcp_agent_scheduler [None req-8d9e40d1-acd3-4901-a345-d9a073887fc8 d5867e2ccba9447db1c50aa0b7871135 6ec4ecb5933647d1accc41abf0065313 - - - -] No more DHCP agents
2026-08-04 16:40:09.910 9 WARNING neutron.api.rpc.agentnotifiers.dhcp_rpc_agent_api [None req-8d9e40d1-acd3-4901-a345-d9a073887fc8 d5867e2ccba9447db1c50aa0b7871135 6ec4ecb5933647d1accc41abf0065313 - - - -] Unable to schedule network 61d1bb28-b8fd-4ce2-9fb9-c853b9ebe6f7: no agents available; will retry on subsequent port and subnet creation events.
2026-08-04 16:40:09.994 10 INFO neutron.wsgi [None req-fce2d12f-4bac-49c5-8cf3-e06fe907a330 24a4631e5ffe476189cffc1d3e00f0a3 b23bbbfd047a49188cb157c8df7e3ef6 - - - -] 10.0.0.167 "PUT /v2.0/routers/1be2ade6-376f-4dfd-a568-50d5914fe300/remove_router_interface HTTP/1.1" status: 200 len: 503 time: 0.8206031
2026-08-04 16:40:10.142 9 INFO neutron.api.v2.resource [None req-08fce30f-ba56-4a7e-998d-088ba5fd5891 24a4631e5ffe476189cffc1d3e00f0a3 b23bbbfd047a49188cb157c8df7e3ef6 - - default default] remove_router_interface failed (client error): The resource could not be found.
2026-08-04 16:40:10.144 9 INFO neutron.wsgi [None req-08fce30f-ba56-4a7e-998d-088ba5fd5891 24a4631e5ffe476189cffc1d3e00f0a3 b23bbbfd047a49188cb157c8df7e3ef6 - - default default] 10.0.0.167 "PUT /v2.0/routers/1be2ade6-376f-4dfd-a568-50d5914fe300/remove_router_interface HTTP/1.1" status: 404 len: 398 time: 0.1350098 /var/lib/openstack/lib/python3.10/site-packages/pycadf/identifier.py:71: UserWarning: Invalid uuid: neutron. To ensure interoperability, identifiers should be a valid uuid. warnings.warn(('Invalid uuid: %s. To ensure interoperability, '
2026-08-04 16:40:10.183 10 INFO neutron.wsgi [None req-f8eb0b1d-d321-4394-b729-10f0b933464f 24a4631e5ffe476189cffc1d3e00f0a3 b23bbbfd047a49188cb157c8df7e3ef6 - - default default] 10.0.0.167 "GET /v2.0/ports?device_id=1be2ade6-376f-4dfd-a568-50d5914fe300 HTTP/1.1" status: 200 len: 205 time: 0.0273211
2026-08-04 16:40:10.210 9 INFO neutron.wsgi [req-166d8668-9a47-4b3a-98a1-8ff42955dce4 req-dce6e7de-3613-4273-a449-b58fa9e8220b 3b097d311a4a4c638583644899515cab 4c787b13fdd14d349750e6d5144fb437 - - 5542a1e84d6847768ce2ec334b584dc7 5542a1e84d6847768ce2ec334b584dc7] 199.19.213.137 "GET /v2.0/ports?device_id=6925e372-887f-4d63-a5e6-55d298d8ccf2&fields=binding%3Ahost_id&fields=binding%3Avif_type HTTP/1.1" status: 200 len: 265 time: 0.0424399
2026-08-04 16:40:10.259 9 INFO neutron.db.ovn_revision_numbers_db [None req-8d9e40d1-acd3-4901-a345-d9a073887fc8 d5867e2ccba9447db1c50aa0b7871135 6ec4ecb5933647d1accc41abf0065313 - - - -] Successfully bumped revision number for resource 5824e5b6-f7a9-491d-93d5-aa5b1941f974 (type: ports) to 1
2026-08-04 16:40:10.333 9 INFO neutron.wsgi [req-166d8668-9a47-4b3a-98a1-8ff42955dce4 req-ef97d5a2-e159-4918-b7c9-53b85f97d032 3b097d311a4a4c638583644899515cab 4c787b13fdd14d349750e6d5144fb437 - - 5542a1e84d6847768ce2ec334b584dc7 5542a1e84d6847768ce2ec334b584dc7] 199.19.213.137 "GET /v2.0/ports?tenant_id=3469255b6d514984ba92b742515a68d4&device_id=6925e372-887f-4d63-a5e6-55d298d8ccf2 HTTP/1.1" status: 200 len: 1365 time: 0.0638871
2026-08-04 16:40:10.528 9 INFO neutron.wsgi [req-166d8668-9a47-4b3a-98a1-8ff42955dce4 req-e2b480d8-e351-4cef-b98b-7087a9514e57 3b097d311a4a4c638583644899515cab 4c787b13fdd14d349750e6d5144fb437 - - 5542a1e84d6847768ce2ec334b584dc7 5542a1e84d6847768ce2ec334b584dc7] 199.19.213.137 "GET /v2.0/networks?id=601353a9-6921-4d00-9d21-818aee7513e6 HTTP/1.1" status: 200 len: 958 time: 0.1593592
2026-08-04 16:40:10.760 10 INFO neutron.services.segments.plugin [-] Segment 316b9f12-ff25-4682-b901-10702d2a3fcd resource provider aggregate not found
2026-08-04 16:40:10.774 10 INFO neutron.services.segments.plugin [-] Segment 316b9f12-ff25-4682-b901-10702d2a3fcd resource provider aggregate not found
2026-08-04 16:40:10.780 10 INFO neutron.services.segments.plugin [-] Segment 316b9f12-ff25-4682-b901-10702d2a3fcd resource provider not found; error: Placement Client Error (4xx): {"errors": [{"status": 404, "title": "Not Found", "detail": "The resource could not be found.\n\n No resource provider with uuid 316b9f12-ff25-4682-b901-10702d2a3fcd found for delete ", "request_id": "req-fd0746b8-df5f-4067-a9af-8a35583a923e"}]}
2026-08-04 16:40:10.812 10 INFO neutron.services.segments.plugin [-] Segment 316b9f12-ff25-4682-b901-10702d2a3fcd resource provider not found; error: Placement Client Error (4xx): {"errors": [{"status": 404, "title": "Not Found", "detail": "The resource could not be found.\n\n No resource provider with uuid 316b9f12-ff25-4682-b901-10702d2a3fcd found for delete ", "request_id": "req-7d5a2c41-eb4a-47f7-b01b-449cc54deced"}]}
2026-08-04 16:40:10.872 10 INFO neutron.wsgi [None req-2f99a181-c732-447e-a606-051b1ac28b7b c776674a2378431a9a8a7a6fcec34900 5d7a6b7dcb114fafa48bf3c5e61a4e48 - - - -] 10.0.0.167 "DELETE /v2.0/networks/32c2c907-21c8-43ca-8a3d-021d7660bb9b HTTP/1.1" status: 204 len: 168 time: 1.1291707
2026-08-04 16:40:10.876 10 INFO neutron.wsgi [None req-f068ddd3-6fa4-49f8-bfaa-2987e8627571 24a4631e5ffe476189cffc1d3e00f0a3 b23bbbfd047a49188cb157c8df7e3ef6 - - - -] 10.0.0.167 "DELETE /v2.0/routers/1be2ade6-376f-4dfd-a568-50d5914fe300 HTTP/1.1" status: 204 len: 168 time: 0.6819298
2026-08-04 16:40:10.911 9 INFO neutron.wsgi [req-166d8668-9a47-4b3a-98a1-8ff42955dce4 req-49d8da95-3b6a-4e3d-a0cd-28e4c9fcdc0e 3b097d311a4a4c638583644899515cab 4c787b13fdd14d349750e6d5144fb437 - - 5542a1e84d6847768ce2ec334b584dc7 5542a1e84d6847768ce2ec334b584dc7] 199.19.213.137 "GET /v2.0/floatingips?fixed_ip_address=10.100.0.11&port_id=a7a5f203-48f1-49f9-9176-e6dceef2e485 HTTP/1.1" status: 200 len: 217 time: 0.3538146
2026-08-04 16:40:10.965 9 INFO neutron.wsgi [req-166d8668-9a47-4b3a-98a1-8ff42955dce4 req-19cba909-2f8f-4455-b4ab-aee0b5134356 3b097d311a4a4c638583644899515cab 4c787b13fdd14d349750e6d5144fb437 - - 5542a1e84d6847768ce2ec334b584dc7 5542a1e84d6847768ce2ec334b584dc7] 199.19.213.137 "GET /v2.0/subnets?id=563f4110-3213-45d0-88e7-506754260e8b HTTP/1.1" status: 200 len: 852 time: 0.0452809
2026-08-04 16:40:11.011 9 INFO neutron.wsgi [req-166d8668-9a47-4b3a-98a1-8ff42955dce4 req-6089a8c0-1cad-48a5-aadd-b3aefd443e83 3b097d311a4a4c638583644899515cab 4c787b13fdd14d349750e6d5144fb437 - - 5542a1e84d6847768ce2ec334b584dc7 5542a1e84d6847768ce2ec334b584dc7] 199.19.213.137 "GET /v2.0/ports?network_id=601353a9-6921-4d00-9d21-818aee7513e6&device_owner=network%3Adhcp HTTP/1.1" status: 200 len: 210 time: 0.0267260
2026-08-04 16:40:11.106 10 INFO neutron.wsgi [None req-de3e92e7-ec28-4e1b-a9ce-11700cb659ea 24a4631e5ffe476189cffc1d3e00f0a3 b23bbbfd047a49188cb157c8df7e3ef6 - - - -] 10.0.0.167 "DELETE /v2.0/subnets/da9bb5d0-dd7a-4043-9734-5794bb125db3 HTTP/1.1" status: 204 len: 168 time: 0.2207365
2026-08-04 16:40:11.117 9 INFO neutron.wsgi [req-166d8668-9a47-4b3a-98a1-8ff42955dce4 req-e354fa39-fd5a-4c69-89d2-0985441593f5 3b097d311a4a4c638583644899515cab 4c787b13fdd14d349750e6d5144fb437 - - 5542a1e84d6847768ce2ec334b584dc7 5542a1e84d6847768ce2ec334b584dc7] 199.19.213.137 "GET /v2.0/networks/601353a9-6921-4d00-9d21-818aee7513e6?fields=segments HTTP/1.1" status: 200 len: 212 time: 0.0966048
2026-08-04 16:40:11.206 9 INFO neutron.wsgi [req-166d8668-9a47-4b3a-98a1-8ff42955dce4 req-cad604cb-5a10-4e1a-9593-ae7a33adfe99 3b097d311a4a4c638583644899515cab 4c787b13fdd14d349750e6d5144fb437 - - 5542a1e84d6847768ce2ec334b584dc7 5542a1e84d6847768ce2ec334b584dc7] 199.19.213.137 "GET /v2.0/networks/601353a9-6921-4d00-9d21-818aee7513e6?fields=provider%3Aphysical_network&fields=provider%3Anetwork_type HTTP/1.1" status: 200 len: 277 time: 0.0758183
2026-08-04 16:40:11.491 9 INFO neutron.plugins.ml2.drivers.ovn.mech_driver.ovsdb.ovsdb_monitor [None req-30f422d8-be54-4dc4-b573-1e31daa43e0c - - - - - -] Router 76d7169b-7b76-429a-841c-d76ab9c690c7 is bound to host instance
2026-08-04 16:40:11.498 10 INFO neutron.plugins.ml2.drivers.ovn.mech_driver.mech_driver [None req-7c6bcefe-38c6-4de3-97a5-15c8a5274d3d - - - - - -] OVN reports status up for port: 5824e5b6-f7a9-491d-93d5-aa5b1941f974
2026-08-04 16:40:11.511 10 INFO neutron.plugins.ml2.plugin [None req-7c6bcefe-38c6-4de3-97a5-15c8a5274d3d - - - - - -] Attempt 1 to provision port 5824e5b6-f7a9-491d-93d5-aa5b1941f974
2026-08-04 16:40:11.512 9 INFO neutron.db.ovn_revision_numbers_db [None req-8d9e40d1-acd3-4901-a345-d9a073887fc8 d5867e2ccba9447db1c50aa0b7871135 6ec4ecb5933647d1accc41abf0065313 - - - -] Successfully bumped revision number for resource 5824e5b6-f7a9-491d-93d5-aa5b1941f974 (type: router_ports) to 1
2026-08-04 16:40:11.623 10 INFO neutron.wsgi [None req-09ed5d97-453d-478c-9436-ce5540c8a992 24a4631e5ffe476189cffc1d3e00f0a3 b23bbbfd047a49188cb157c8df7e3ef6 - - - -] 10.0.0.167 "DELETE /v2.0/networks/688c3e0a-a471-43b3-a029-f73e575ed382 HTTP/1.1" status: 204 len: 168 time: 0.5111132
2026-08-04 16:40:11.640 9 INFO neutron.db.ovn_revision_numbers_db [None req-8d9e40d1-acd3-4901-a345-d9a073887fc8 d5867e2ccba9447db1c50aa0b7871135 6ec4ecb5933647d1accc41abf0065313 - - - -] Successfully bumped revision number for resource 76d7169b-7b76-429a-841c-d76ab9c690c7 (type: routers) to 3
2026-08-04 16:40:11.676 9 INFO neutron.wsgi [None req-8d9e40d1-acd3-4901-a345-d9a073887fc8 d5867e2ccba9447db1c50aa0b7871135 6ec4ecb5933647d1accc41abf0065313 - - - -] 10.0.0.167 "POST /v2.0/routers HTTP/1.1" status: 201 len: 873 time: 2.6060262
2026-08-04 16:40:11.773 9 INFO neutron.db.segments_db [None req-b2928bd2-2dff-47fb-8756-478115a7db03 24a4631e5ffe476189cffc1d3e00f0a3 b23bbbfd047a49188cb157c8df7e3ef6 - - - -] Added segment a6b7b587-2357-4fbc-9126-1ceda40a7e8a of type geneve for network 41718aac-e28c-4c64-88ec-5cd78eeb0306
2026-08-04 16:40:11.987 9 INFO neutron.db.ovn_revision_numbers_db [None req-b2928bd2-2dff-47fb-8756-478115a7db03 24a4631e5ffe476189cffc1d3e00f0a3 b23bbbfd047a49188cb157c8df7e3ef6 - - - -] Successfully bumped revision number for resource 41718aac-e28c-4c64-88ec-5cd78eeb0306 (type: networks) to 1
2026-08-04 16:40:12.142 9 INFO neutron.wsgi [req-4c3c26af-9167-46bc-9cbb-c11f72d2f17d req-00c0dfad-554e-40bb-ad5b-afbed4ffa663 b13fe8f6226246959105a34c536e0a4d 3469255b6d514984ba92b742515a68d4 - - default default] 10.0.0.245 "GET /v2.0/ports?device_id=2f50cd5d-95b4-4dc8-ae63-6fde5662ca95 HTTP/1.1" status: 200 len: 1170 time: 0.2392802
2026-08-04 16:40:12.238 9 INFO neutron.wsgi [req-4c3c26af-9167-46bc-9cbb-c11f72d2f17d req-74ce7090-dc26-495c-9c4a-8e60b88e5838 b13fe8f6226246959105a34c536e0a4d 3469255b6d514984ba92b742515a68d4 - - default default] 10.0.0.245 "GET /v2.0/security-groups?id=7db03cce-3095-4199-9308-0243cf428489&fields=id&fields=name HTTP/1.1" status: 200 len: 312 time: 0.0829825
2026-08-04 16:40:12.258 9 INFO neutron.db.ovn_revision_numbers_db [None req-96cffadb-9999-441a-a6f3-68900201432f d5867e2ccba9447db1c50aa0b7871135 6ec4ecb5933647d1accc41abf0065313 - - default default] Successfully bumped revision number for resource 394a0161-f0d6-4bf8-ba9c-4359a3e77365 (type: security_groups) to 1
2026-08-04 16:40:12.282 10 WARNING neutron.scheduler.dhcp_agent_scheduler [None req-f4d0ca54-9f5e-4b59-a299-98ffa78f7790 d5867e2ccba9447db1c50aa0b7871135 6ec4ecb5933647d1accc41abf0065313 - - default default] No more DHCP agents
2026-08-04 16:40:12.283 10 WARNING neutron.api.rpc.agentnotifiers.dhcp_rpc_agent_api [None req-f4d0ca54-9f5e-4b59-a299-98ffa78f7790 d5867e2ccba9447db1c50aa0b7871135 6ec4ecb5933647d1accc41abf0065313 - - default default] Unable to schedule network 92eab7bd-d077-44f7-be1a-e3e7b63f04fc: no agents available; will retry on subsequent port and subnet creation events.
2026-08-04 16:40:12.328 9 INFO neutron.wsgi [None req-96cffadb-9999-441a-a6f3-68900201432f d5867e2ccba9447db1c50aa0b7871135 6ec4ecb5933647d1accc41abf0065313 - - default default] 10.0.0.167 "GET /v2.0/security-groups?tenant_id=cbf2bc03e128411588a0604f6f3de9cd&name=default HTTP/1.1" status: 200 len: 2996 time: 0.5770769
