2026-08-04 16:44:04.465 9 INFO neutron.wsgi [req-e373f50a-28dd-43fb-9f6b-f07724a9b3fb req-6a2cd13e-4cc2-4b06-9973-e1dea29a1ffe 3b097d311a4a4c638583644899515cab 4c787b13fdd14d349750e6d5144fb437 - - 5542a1e84d6847768ce2ec334b584dc7 5542a1e84d6847768ce2ec334b584dc7] 199.19.213.137 "GET /v2.0/networks/bdbeebb9-d8d0-4d22-99ae-fb6c22fa761b?fields=provider%3Aphysical_network&fields=provider%3Anetwork_type HTTP/1.1" status: 200 len: 277 time: 0.0699310
2026-08-04 16:44:04.566 9 INFO neutron.wsgi [req-c12f9ba5-6a1a-4ca1-b305-0d0e7df69a98 req-5bd77329-ffb1-4814-a87a-7345e39b4433 3b097d311a4a4c638583644899515cab 4c787b13fdd14d349750e6d5144fb437 - - 5542a1e84d6847768ce2ec334b584dc7 5542a1e84d6847768ce2ec334b584dc7] 199.19.213.137 "GET /v2.0/ports?tenant_id=6ec4ecb5933647d1accc41abf0065313&device_id=ffb928dc-ae19-439f-9382-6ddc66672514 HTTP/1.1" status: 200 len: 3997 time: 0.0483873
2026-08-04 16:44:04.578 9 INFO neutron.plugins.ml2.drivers.ovn.mech_driver.mech_driver [None req-bf202515-1b3a-4823-9d5f-3cd274afef13 - - - - - -] OVN reports status up for port: cb1b09da-bc19-4c4f-b224-cda5f5d5af56
2026-08-04 16:44:04.615 9 INFO neutron.plugins.ml2.plugin [None req-bf202515-1b3a-4823-9d5f-3cd274afef13 - - - - - -] Attempt 1 to provision port cb1b09da-bc19-4c4f-b224-cda5f5d5af56
2026-08-04 16:44:04.653 9 INFO neutron.wsgi [req-c12f9ba5-6a1a-4ca1-b305-0d0e7df69a98 req-540162b2-abaf-4fcf-b550-37a9e1e94f15 3b097d311a4a4c638583644899515cab 4c787b13fdd14d349750e6d5144fb437 - - 5542a1e84d6847768ce2ec334b584dc7 5542a1e84d6847768ce2ec334b584dc7] 199.19.213.137 "GET /v2.0/networks?id=bdbeebb9-d8d0-4d22-99ae-fb6c22fa761b HTTP/1.1" status: 200 len: 1002 time: 0.0789657
2026-08-04 16:44:04.706 9 INFO neutron.wsgi [req-c12f9ba5-6a1a-4ca1-b305-0d0e7df69a98 req-5d90ae92-1afd-4330-ad16-ec39adbd6d6c 3b097d311a4a4c638583644899515cab 4c787b13fdd14d349750e6d5144fb437 - - 5542a1e84d6847768ce2ec334b584dc7 5542a1e84d6847768ce2ec334b584dc7] 199.19.213.137 "GET /v2.0/floatingips?fixed_ip_address=10.2.1.74&port_id=cb1b09da-bc19-4c4f-b224-cda5f5d5af56 HTTP/1.1" status: 200 len: 217 time: 0.0458302
2026-08-04 16:44:04.742 9 INFO neutron.wsgi [req-c12f9ba5-6a1a-4ca1-b305-0d0e7df69a98 req-3f6d7fe6-f5e4-442a-b83a-828db7445a8f 3b097d311a4a4c638583644899515cab 4c787b13fdd14d349750e6d5144fb437 - - 5542a1e84d6847768ce2ec334b584dc7 5542a1e84d6847768ce2ec334b584dc7] 199.19.213.137 "GET /v2.0/floatingips?fixed_ip_address=fd7b%3Af9f7%3Afff%3A4eca%3A%3Ad1&port_id=cb1b09da-bc19-4c4f-b224-cda5f5d5af56 HTTP/1.1" status: 200 len: 217 time: 0.0289223
2026-08-04 16:44:04.775 10 INFO neutron.wsgi [req-e373f50a-28dd-43fb-9f6b-f07724a9b3fb req-39478f46-f654-4cdb-990e-abc186f7313b d5867e2ccba9447db1c50aa0b7871135 6ec4ecb5933647d1accc41abf0065313 - - default default] 10.0.0.245 "GET /v2.0/ports/cb1b09da-bc19-4c4f-b224-cda5f5d5af56 HTTP/1.1" status: 200 len: 1577 time: 0.0436435
2026-08-04 16:44:04.800 9 INFO neutron.wsgi [req-c12f9ba5-6a1a-4ca1-b305-0d0e7df69a98 req-d295f53b-bc44-4982-8bed-20940cab0f9d 3b097d311a4a4c638583644899515cab 4c787b13fdd14d349750e6d5144fb437 - - 5542a1e84d6847768ce2ec334b584dc7 5542a1e84d6847768ce2ec334b584dc7] 199.19.213.137 "GET /v2.0/subnets?id=48fcc462-429d-4843-81af-2639d9ade788&id=682494f6-9712-497c-8904-4d7f10ae1e76 HTTP/1.1" status: 200 len: 1561 time: 0.0501072
2026-08-04 16:44:04.854 9 INFO neutron.wsgi [req-c12f9ba5-6a1a-4ca1-b305-0d0e7df69a98 req-b9486bdf-1d1c-4f66-b99f-2180cbfdb681 3b097d311a4a4c638583644899515cab 4c787b13fdd14d349750e6d5144fb437 - - 5542a1e84d6847768ce2ec334b584dc7 5542a1e84d6847768ce2ec334b584dc7] 199.19.213.137 "GET /v2.0/ports?network_id=bdbeebb9-d8d0-4d22-99ae-fb6c22fa761b&device_owner=network%3Adhcp HTTP/1.1" status: 200 len: 210 time: 0.0306938
2026-08-04 16:44:04.857 9 INFO neutron.wsgi [None req-89a2d9f3-7d5b-4a78-a097-eafc2a885989 d5867e2ccba9447db1c50aa0b7871135 6ec4ecb5933647d1accc41abf0065313 - - default default] 199.19.213.137 "GET /v2.0/ports/cb1b09da-bc19-4c4f-b224-cda5f5d5af56 HTTP/1.1" status: 200 len: 1579 time: 0.0677555
2026-08-04 16:44:04.921 9 INFO neutron.wsgi [req-c12f9ba5-6a1a-4ca1-b305-0d0e7df69a98 req-26241d00-583b-4713-8ddf-e277c2b89bd2 3b097d311a4a4c638583644899515cab 4c787b13fdd14d349750e6d5144fb437 - - 5542a1e84d6847768ce2ec334b584dc7 5542a1e84d6847768ce2ec334b584dc7] 199.19.213.137 "GET /v2.0/ports?network_id=bdbeebb9-d8d0-4d22-99ae-fb6c22fa761b&device_owner=network%3Adhcp HTTP/1.1" status: 200 len: 210 time: 0.0579290
2026-08-04 16:44:04.929 9 INFO neutron.wsgi [None req-7402aadd-5f0c-4632-8369-a88900855e7f d5867e2ccba9447db1c50aa0b7871135 6ec4ecb5933647d1accc41abf0065313 - - default default] 199.19.213.137 "GET /v2.0/ports/cb1b09da-bc19-4c4f-b224-cda5f5d5af56 HTTP/1.1" status: 200 len: 1579 time: 0.0650759
2026-08-04 16:44:05.028 9 INFO neutron.wsgi [req-c12f9ba5-6a1a-4ca1-b305-0d0e7df69a98 req-e16402f5-c66d-4220-bac2-c1d84d87dbfb 3b097d311a4a4c638583644899515cab 4c787b13fdd14d349750e6d5144fb437 - - 5542a1e84d6847768ce2ec334b584dc7 5542a1e84d6847768ce2ec334b584dc7] 199.19.213.137 "GET /v2.0/networks/bdbeebb9-d8d0-4d22-99ae-fb6c22fa761b?fields=segments HTTP/1.1" status: 200 len: 212 time: 0.0986755
2026-08-04 16:44:05.544 9 INFO neutron.wsgi [req-c12f9ba5-6a1a-4ca1-b305-0d0e7df69a98 req-057fad6f-e017-4e19-9a35-aac08b3b203c 3b097d311a4a4c638583644899515cab 4c787b13fdd14d349750e6d5144fb437 - - 5542a1e84d6847768ce2ec334b584dc7 5542a1e84d6847768ce2ec334b584dc7] 199.19.213.137 "GET /v2.0/networks/bdbeebb9-d8d0-4d22-99ae-fb6c22fa761b?fields=provider%3Aphysical_network&fields=provider%3Anetwork_type HTTP/1.1" status: 200 len: 277 time: 0.4984293
2026-08-04 16:44:05.546 9 INFO neutron.db.ovn_revision_numbers_db [None req-bf202515-1b3a-4823-9d5f-3cd274afef13 - - - - - -] Successfully bumped revision number for resource cb1b09da-bc19-4c4f-b224-cda5f5d5af56 (type: ports) to 4
2026-08-04 16:44:05.604 9 INFO neutron.notifiers.nova [-] Nova event matching ['req-be2993d6-ff9c-407b-8e6a-8ac948d49e65'] response: {'server_uuid': 'ffb928dc-ae19-439f-9382-6ddc66672514', 'name': 'network-vif-plugged', 'status': 'completed', 'tag': 'cb1b09da-bc19-4c4f-b224-cda5f5d5af56', 'code': 200}
2026-08-04 16:44:05.858 9 INFO neutron.db.ovn_revision_numbers_db [None req-2e006a53-8fe1-460f-853a-b8098ff73d25 d5867e2ccba9447db1c50aa0b7871135 6ec4ecb5933647d1accc41abf0065313 - - - -] Successfully bumped revision number for resource cb1b09da-bc19-4c4f-b224-cda5f5d5af56 (type: ports) to 5
2026-08-04 16:44:05.868 9 INFO neutron.wsgi [None req-2e006a53-8fe1-460f-853a-b8098ff73d25 d5867e2ccba9447db1c50aa0b7871135 6ec4ecb5933647d1accc41abf0065313 - - - -] 199.19.213.137 "PUT /v2.0/ports/cb1b09da-bc19-4c4f-b224-cda5f5d5af56 HTTP/1.1" status: 200 len: 1326 time: 0.9317396 /var/lib/openstack/lib/python3.10/site-packages/pycadf/identifier.py:71: UserWarning: Invalid uuid: neutron. To ensure interoperability, identifiers should be a valid uuid. warnings.warn(('Invalid uuid: %s. To ensure interoperability, '
2026-08-04 16:44:05.939 9 INFO neutron.wsgi [None req-217e72ca-81c6-4ade-8341-0b02efcb313f d5867e2ccba9447db1c50aa0b7871135 6ec4ecb5933647d1accc41abf0065313 - - default default] 199.19.213.137 "GET /v2.0/networks/bdbeebb9-d8d0-4d22-99ae-fb6c22fa761b HTTP/1.1" status: 200 len: 999 time: 0.0648134
2026-08-04 16:44:05.975 9 INFO neutron.wsgi [None req-e5a20c47-ec54-40e4-9c45-9ee1afa101a9 d5867e2ccba9447db1c50aa0b7871135 6ec4ecb5933647d1accc41abf0065313 - - default default] 199.19.213.137 "GET /v2.0/subnets/48fcc462-429d-4843-81af-2639d9ade788 HTTP/1.1" status: 200 len: 848 time: 0.0289276
2026-08-04 16:44:06.047 9 INFO neutron.wsgi [None req-949eb620-327f-4a4e-bc8b-51319a85ccb4 d5867e2ccba9447db1c50aa0b7871135 6ec4ecb5933647d1accc41abf0065313 - - default default] 199.19.213.137 "GET /v2.0/extensions/security-group HTTP/1.1" status: 200 len: 369 time: 0.0053246
2026-08-04 16:44:06.056 9 INFO neutron.wsgi [None req-59027f10-2e30-4cd6-a3f8-b5caa40cd06a d5867e2ccba9447db1c50aa0b7871135 6ec4ecb5933647d1accc41abf0065313 - - default default] 199.19.213.137 "GET /v2.0/extensions/dns-integration HTTP/1.1" status: 200 len: 371 time: 0.0041404
2026-08-04 16:44:06.065 9 INFO neutron.wsgi [None req-5f6567bc-9927-4d12-b6ca-fa08b2b803e7 d5867e2ccba9447db1c50aa0b7871135 6ec4ecb5933647d1accc41abf0065313 - - default default] 199.19.213.137 "GET /v2.0/extensions/qos HTTP/1.1" status: 200 len: 365 time: 0.0048373
2026-08-04 16:44:06.076 9 INFO neutron.wsgi [None req-670769ae-398e-4899-961f-bb732fbea7dc d5867e2ccba9447db1c50aa0b7871135 6ec4ecb5933647d1accc41abf0065313 - - default default] 199.19.213.137 "GET /v2.0/extensions/allowed-address-pairs HTTP/1.1" status: 200 len: 383 time: 0.0061655
2026-08-04 16:44:06.112 9 INFO neutron.wsgi [None req-227198e0-4e63-415a-a84a-64181cdb587f d5867e2ccba9447db1c50aa0b7871135 6ec4ecb5933647d1accc41abf0065313 - - default default] 199.19.213.137 "GET /v2.0/subnets/b3097dad-2691-4b81-8007-21145e10ab7a HTTP/1.1" status: 200 len: 851 time: 0.0286076
2026-08-04 16:44:06.146 9 INFO neutron.wsgi [None req-f6939884-f733-4f52-96fd-24949ea38f55 d5867e2ccba9447db1c50aa0b7871135 6ec4ecb5933647d1accc41abf0065313 - - default default] 199.19.213.137 "GET /v2.0/ports/0ca4cd63-8501-4b4a-bbb3-37bb21f0a3cc HTTP/1.1" status: 200 len: 1340 time: 0.0294552
2026-08-04 16:44:06.177 9 INFO neutron.wsgi [None req-49c11edc-4b61-4a5b-b5d4-3a89a8a079f8 d5867e2ccba9447db1c50aa0b7871135 6ec4ecb5933647d1accc41abf0065313 - - default default] 199.19.213.137 "GET /v2.0/ports/bd511d0f-e38b-4624-9263-d26b96708f17 HTTP/1.1" status: 200 len: 1467 time: 0.0274251
2026-08-04 16:44:06.216 9 INFO neutron.wsgi [None req-297e2318-b439-447c-a0e1-cbcfef02e840 d5867e2ccba9447db1c50aa0b7871135 6ec4ecb5933647d1accc41abf0065313 - - default default] 199.19.213.137 "GET /v2.0/subnets/b3097dad-2691-4b81-8007-21145e10ab7a HTTP/1.1" status: 200 len: 851 time: 0.0324700
2026-08-04 16:44:06.295 9 INFO neutron.wsgi [None req-7cabbf33-461c-41bc-9e68-b3284b689709 d5867e2ccba9447db1c50aa0b7871135 6ec4ecb5933647d1accc41abf0065313 - - default default] 199.19.213.137 "GET /v2.0/networks/d811144f-e3a3-41af-b7a2-21f021be9baf HTTP/1.1" status: 200 len: 1002 time: 0.0727344
2026-08-04 16:44:06.332 9 INFO neutron.wsgi [None req-036e6301-021d-4ae8-977b-7a3b1e40ee3b d5867e2ccba9447db1c50aa0b7871135 6ec4ecb5933647d1accc41abf0065313 - - default default] 199.19.213.137 "GET /v2.0/ports/0ca4cd63-8501-4b4a-bbb3-37bb21f0a3cc HTTP/1.1" status: 200 len: 1340 time: 0.0298712
2026-08-04 16:44:06.376 9 INFO neutron.wsgi [None req-44aab1a7-aec0-47be-93ac-229058bb50b9 d5867e2ccba9447db1c50aa0b7871135 6ec4ecb5933647d1accc41abf0065313 - - default default] 199.19.213.137 "GET /v2.0/subnets/b3097dad-2691-4b81-8007-21145e10ab7a HTTP/1.1" status: 200 len: 851 time: 0.0270352
2026-08-04 16:44:07.647 9 INFO neutron.notifiers.nova [-] Nova event matching ['req-1b9184c0-ede8-4325-b5c8-928f582551c2'] response: {'server_uuid': 'ffb928dc-ae19-439f-9382-6ddc66672514', 'name': 'network-vif-plugged', 'status': 'completed', 'tag': 'cb1b09da-bc19-4c4f-b224-cda5f5d5af56', 'code': 200}
2026-08-04 16:44:07.648 9 INFO neutron.notifiers.nova [-] Nova event matching ['req-1b9184c0-ede8-4325-b5c8-928f582551c2'] response: {'name': 'network-changed', 'server_uuid': 'ffb928dc-ae19-439f-9382-6ddc66672514', 'tag': 'cb1b09da-bc19-4c4f-b224-cda5f5d5af56', 'status': 'completed', 'code': 200}
2026-08-04 16:44:07.714 9 INFO neutron.wsgi [req-893c9f31-abed-43fd-95e1-dd06d7e2725b req-bb58a4fd-d34f-403e-880a-50863a2d4a1f 3b097d311a4a4c638583644899515cab 4c787b13fdd14d349750e6d5144fb437 - - 5542a1e84d6847768ce2ec334b584dc7 5542a1e84d6847768ce2ec334b584dc7] 199.19.213.137 "GET /v2.0/ports?tenant_id=6ec4ecb5933647d1accc41abf0065313&device_id=ffb928dc-ae19-439f-9382-6ddc66672514 HTTP/1.1" status: 200 len: 3774 time: 0.0423515
2026-08-04 16:44:07.784 9 INFO neutron.wsgi [req-893c9f31-abed-43fd-95e1-dd06d7e2725b req-6ae365a7-ab6d-4724-b5c4-9807052515df 3b097d311a4a4c638583644899515cab 4c787b13fdd14d349750e6d5144fb437 - - 5542a1e84d6847768ce2ec334b584dc7 5542a1e84d6847768ce2ec334b584dc7] 199.19.213.137 "GET /v2.0/networks?id=bdbeebb9-d8d0-4d22-99ae-fb6c22fa761b HTTP/1.1" status: 200 len: 1002 time: 0.0621400
2026-08-04 16:44:07.817 9 INFO neutron.wsgi [req-893c9f31-abed-43fd-95e1-dd06d7e2725b req-4cb19c6f-c3e3-458d-a121-01c042db5d01 3b097d311a4a4c638583644899515cab 4c787b13fdd14d349750e6d5144fb437 - - 5542a1e84d6847768ce2ec334b584dc7 5542a1e84d6847768ce2ec334b584dc7] 199.19.213.137 "GET /v2.0/floatingips?fixed_ip_address=10.2.1.74&port_id=cb1b09da-bc19-4c4f-b224-cda5f5d5af56 HTTP/1.1" status: 200 len: 217 time: 0.0257490
2026-08-04 16:44:07.863 9 INFO neutron.wsgi [req-893c9f31-abed-43fd-95e1-dd06d7e2725b req-4b53ef7e-68ea-40b9-87f1-34c5666705dd 3b097d311a4a4c638583644899515cab 4c787b13fdd14d349750e6d5144fb437 - - 5542a1e84d6847768ce2ec334b584dc7 5542a1e84d6847768ce2ec334b584dc7] 199.19.213.137 "GET /v2.0/subnets?id=48fcc462-429d-4843-81af-2639d9ade788 HTTP/1.1" status: 200 len: 851 time: 0.0384784
2026-08-04 16:44:07.892 9 INFO neutron.wsgi [req-893c9f31-abed-43fd-95e1-dd06d7e2725b req-43c368d4-7b8d-4614-aa7a-0a64c0090e43 3b097d311a4a4c638583644899515cab 4c787b13fdd14d349750e6d5144fb437 - - 5542a1e84d6847768ce2ec334b584dc7 5542a1e84d6847768ce2ec334b584dc7] 199.19.213.137 "GET /v2.0/ports?network_id=bdbeebb9-d8d0-4d22-99ae-fb6c22fa761b&device_owner=network%3Adhcp HTTP/1.1" status: 200 len: 210 time: 0.0251195
2026-08-04 16:44:07.976 9 INFO neutron.wsgi [req-893c9f31-abed-43fd-95e1-dd06d7e2725b req-b98553d5-759e-440a-8b02-0639c32d4b63 3b097d311a4a4c638583644899515cab 4c787b13fdd14d349750e6d5144fb437 - - 5542a1e84d6847768ce2ec334b584dc7 5542a1e84d6847768ce2ec334b584dc7] 199.19.213.137 "GET /v2.0/networks/bdbeebb9-d8d0-4d22-99ae-fb6c22fa761b?fields=segments HTTP/1.1" status: 200 len: 212 time: 0.0751531
2026-08-04 16:44:08.047 9 INFO neutron.wsgi [req-893c9f31-abed-43fd-95e1-dd06d7e2725b req-60f10266-81c0-4a50-a711-33d2a396d07a 3b097d311a4a4c638583644899515cab 4c787b13fdd14d349750e6d5144fb437 - - 5542a1e84d6847768ce2ec334b584dc7 5542a1e84d6847768ce2ec334b584dc7] 199.19.213.137 "GET /v2.0/networks/bdbeebb9-d8d0-4d22-99ae-fb6c22fa761b?fields=provider%3Aphysical_network&fields=provider%3Anetwork_type HTTP/1.1" status: 200 len: 277 time: 0.0662911
2026-08-04 16:44:11.435 10 INFO neutron.wsgi [None req-562d2e0b-5710-492a-aeef-61e7f470371e d5867e2ccba9447db1c50aa0b7871135 6ec4ecb5933647d1accc41abf0065313 - - default default] 10.0.0.32 "GET /v2.0/extensions/security-group HTTP/1.1" status: 200 len: 369 time: 0.0054059
2026-08-04 16:44:11.444 10 INFO neutron.wsgi [None req-cd1ce605-1090-4b47-b4ab-b8e0e39d11c1 d5867e2ccba9447db1c50aa0b7871135 6ec4ecb5933647d1accc41abf0065313 - - default default] 10.0.0.32 "GET /v2.0/extensions/dns-integration HTTP/1.1" status: 200 len: 371 time: 0.0033584
2026-08-04 16:44:11.451 10 INFO neutron.wsgi [None req-8443c25c-dce8-4aa3-8db0-54e5c8ac9a04 d5867e2ccba9447db1c50aa0b7871135 6ec4ecb5933647d1accc41abf0065313 - - default default] 10.0.0.32 "GET /v2.0/extensions/qos HTTP/1.1" status: 200 len: 365 time: 0.0035863
2026-08-04 16:44:11.460 10 INFO neutron.wsgi [None req-8f8c3c37-bad5-4ca2-b548-3f4ad47a4582 d5867e2ccba9447db1c50aa0b7871135 6ec4ecb5933647d1accc41abf0065313 - - default default] 10.0.0.32 "GET /v2.0/extensions/allowed-address-pairs HTTP/1.1" status: 200 len: 383 time: 0.0033140
2026-08-04 16:44:11.833 10 INFO neutron.wsgi [-] 10.0.0.32 "GET / HTTP/1.1" status: 200 len: 284 time: 0.0039020
2026-08-04 16:44:11.887 10 INFO neutron.wsgi [None req-bf850582-398c-4c46-9bb1-247fd8af60bd 901e7384df064b83a0ef31795301a8dd 81426bf43d0d4338b795a869351340cb - - default default] 10.0.0.32 "GET /v2.0/subnets/552084a7-9877-4313-9762-aa53985b777b HTTP/1.1" status: 200 len: 830 time: 0.0485055
2026-08-04 16:44:12.283 9 INFO neutron.wsgi [None req-5214216c-46d4-416b-b8c9-5e9c66c79d5e d5867e2ccba9447db1c50aa0b7871135 6ec4ecb5933647d1accc41abf0065313 - - default default] 199.19.213.137 "GET /v2.0/extensions/security-group HTTP/1.1" status: 200 len: 369 time: 0.0074620
2026-08-04 16:44:12.294 9 INFO neutron.wsgi [None req-5a80579f-5f7a-47d2-a98b-d111246db0bf d5867e2ccba9447db1c50aa0b7871135 6ec4ecb5933647d1accc41abf0065313 - - default default] 199.19.213.137 "GET /v2.0/extensions/dns-integration HTTP/1.1" status: 200 len: 371 time: 0.0048850
2026-08-04 16:44:12.302 9 INFO neutron.wsgi [None req-6b62e48c-2f36-42fb-a05b-96722c5e156f d5867e2ccba9447db1c50aa0b7871135 6ec4ecb5933647d1accc41abf0065313 - - default default] 199.19.213.137 "GET /v2.0/extensions/qos HTTP/1.1" status: 200 len: 365 time: 0.0050304
2026-08-04 16:44:12.312 9 INFO neutron.wsgi [None req-bf183295-4d83-45e8-99e8-62b87f586be8 d5867e2ccba9447db1c50aa0b7871135 6ec4ecb5933647d1accc41abf0065313 - - default default] 199.19.213.137 "GET /v2.0/extensions/allowed-address-pairs HTTP/1.1" status: 200 len: 383 time: 0.0053995
2026-08-04 16:44:12.357 9 INFO neutron.wsgi [None req-8771f79d-f5d6-45d3-addc-411cb1bc8f45 d5867e2ccba9447db1c50aa0b7871135 6ec4ecb5933647d1accc41abf0065313 - - default default] 199.19.213.137 "GET /v2.0/subnets/48fcc462-429d-4843-81af-2639d9ade788 HTTP/1.1" status: 200 len: 848 time: 0.0396323
2026-08-04 16:44:12.396 9 INFO neutron.wsgi [None req-9711ea77-8ef3-40ef-9a6b-b0e1fc42cde1 d5867e2ccba9447db1c50aa0b7871135 6ec4ecb5933647d1accc41abf0065313 - - default default] 199.19.213.137 "GET /v2.0/subnets/552084a7-9877-4313-9762-aa53985b777b HTTP/1.1" status: 200 len: 848 time: 0.0320256
2026-08-04 16:44:12.442 9 INFO neutron.wsgi [None req-6a79517d-3ce7-456c-8324-4b6f2e70cf4a d5867e2ccba9447db1c50aa0b7871135 6ec4ecb5933647d1accc41abf0065313 - - default default] 199.19.213.137 "GET /v2.0/ports?device_id=ffb928dc-ae19-439f-9382-6ddc66672514 HTTP/1.1" status: 200 len: 3774 time: 0.0386598
2026-08-04 16:44:12.476 9 INFO neutron.wsgi [-] 10.0.0.139 "GET / HTTP/1.1" status: 200 len: 247 time: 0.0019884
2026-08-04 16:44:12.478 9 INFO neutron.wsgi [-] 10.0.0.139 "GET / HTTP/1.1" status: 200 len: 247 time: 0.0014589
2026-08-04 16:44:12.603 9 INFO neutron.wsgi [None req-ef3276fc-a1c8-4e9b-b88b-8d3f8c433f04 d5867e2ccba9447db1c50aa0b7871135 6ec4ecb5933647d1accc41abf0065313 - - default default] 199.19.213.137 "GET /v2.0/extensions/security-group HTTP/1.1" status: 200 len: 369 time: 0.0074236
2026-08-04 16:44:12.620 9 INFO neutron.wsgi [None req-3a1c3ccd-7841-4922-9608-ef5334aeee5b d5867e2ccba9447db1c50aa0b7871135 6ec4ecb5933647d1accc41abf0065313 - - default default] 199.19.213.137 "GET /v2.0/extensions/dns-integration HTTP/1.1" status: 200 len: 371 time: 0.0093312
2026-08-04 16:44:12.627 9 INFO neutron.wsgi [None req-6d1e70a1-b866-40de-8ded-53e3b06c4a56 d5867e2ccba9447db1c50aa0b7871135 6ec4ecb5933647d1accc41abf0065313 - - default default] 199.19.213.137 "GET /v2.0/extensions/qos HTTP/1.1" status: 200 len: 365 time: 0.0033972
2026-08-04 16:44:12.645 9 INFO neutron.wsgi [None req-b9c51dfd-e80b-4ece-a4a6-6b95c797b315 d5867e2ccba9447db1c50aa0b7871135 6ec4ecb5933647d1accc41abf0065313 - - default default] 199.19.213.137 "GET /v2.0/extensions/allowed-address-pairs HTTP/1.1" status: 200 len: 383 time: 0.0127311
2026-08-04 16:44:12.840 9 INFO neutron.wsgi [req-37976389-c33a-4937-a57e-f724cfe47bf3 req-fe51f851-2b14-45cd-8717-36e8c5a90ffc 3b097d311a4a4c638583644899515cab 4c787b13fdd14d349750e6d5144fb437 - - 5542a1e84d6847768ce2ec334b584dc7 5542a1e84d6847768ce2ec334b584dc7] 199.19.213.137 "GET /v2.0/networks/84b69b15-6350-46f0-94d8-fe44350d43c8?fields=segments HTTP/1.1" status: 200 len: 212 time: 0.0782077
2026-08-04 16:44:12.909 9 INFO neutron.wsgi [req-37976389-c33a-4937-a57e-f724cfe47bf3 req-aa9b14e5-516c-44cf-a25c-30df46af058d 3b097d311a4a4c638583644899515cab 4c787b13fdd14d349750e6d5144fb437 - - 5542a1e84d6847768ce2ec334b584dc7 5542a1e84d6847768ce2ec334b584dc7] 199.19.213.137 "GET /v2.0/networks/84b69b15-6350-46f0-94d8-fe44350d43c8?fields=provider%3Aphysical_network&fields=provider%3Anetwork_type HTTP/1.1" status: 200 len: 277 time: 0.0611241
2026-08-04 16:44:13.009 9 INFO neutron.wsgi [req-37976389-c33a-4937-a57e-f724cfe47bf3 req-8f8e90fa-c735-4455-a049-7c2dd6310b8b d5867e2ccba9447db1c50aa0b7871135 6ec4ecb5933647d1accc41abf0065313 - - default default] 199.19.213.137 "GET /v2.0/networks?id=84b69b15-6350-46f0-94d8-fe44350d43c8 HTTP/1.1" status: 200 len: 1003 time: 0.0834391
2026-08-04 16:44:13.338 9 WARNING neutron.scheduler.dhcp_agent_scheduler [None req-e5ffaf59-c904-4882-a372-94ffcab7d41f d5867e2ccba9447db1c50aa0b7871135 6ec4ecb5933647d1accc41abf0065313 - - - -] No more DHCP agents
2026-08-04 16:44:13.340 9 WARNING neutron.api.rpc.agentnotifiers.dhcp_rpc_agent_api [None req-e5ffaf59-c904-4882-a372-94ffcab7d41f d5867e2ccba9447db1c50aa0b7871135 6ec4ecb5933647d1accc41abf0065313 - - - -] Unable to schedule network 84b69b15-6350-46f0-94d8-fe44350d43c8: no agents available; will retry on subsequent port and subnet creation events.
2026-08-04 16:44:13.508 9 INFO neutron.db.ovn_revision_numbers_db [None req-e5ffaf59-c904-4882-a372-94ffcab7d41f d5867e2ccba9447db1c50aa0b7871135 6ec4ecb5933647d1accc41abf0065313 - - - -] Successfully bumped revision number for resource 14a4c64a-b76e-493e-b78c-0859adb96eb0 (type: ports) to 1
2026-08-04 16:44:13.531 9 INFO neutron.wsgi [None req-e5ffaf59-c904-4882-a372-94ffcab7d41f d5867e2ccba9447db1c50aa0b7871135 6ec4ecb5933647d1accc41abf0065313 - - - -] 199.19.213.137 "POST /v2.0/ports HTTP/1.1" status: 201 len: 1512 time: 0.5183306 /var/lib/openstack/lib/python3.10/site-packages/pycadf/identifier.py:71: UserWarning: Invalid uuid: neutron. To ensure interoperability, identifiers should be a valid uuid. warnings.warn(('Invalid uuid: %s. To ensure interoperability, '
2026-08-04 16:44:14.001 9 INFO neutron.db.ovn_revision_numbers_db [None req-4470058b-11d1-4360-aee5-e50d4a098f88 3b097d311a4a4c638583644899515cab 4c787b13fdd14d349750e6d5144fb437 - - - -] Successfully bumped revision number for resource 14a4c64a-b76e-493e-b78c-0859adb96eb0 (type: ports) to 2
2026-08-04 16:44:14.178 10 INFO neutron.wsgi [req-7e8cf9f4-7856-4f7a-91bb-0840733d0bf2 req-e10845fe-aef7-4236-8ac7-5d904d9a4021 3b097d311a4a4c638583644899515cab 4c787b13fdd14d349750e6d5144fb437 - - 5542a1e84d6847768ce2ec334b584dc7 5542a1e84d6847768ce2ec334b584dc7] 199.19.213.137 "GET /v2.0/ports?device_id=84f16b2a-1b30-4fd3-9f6c-e5edee98a4c7&fields=binding%3Ahost_id&fields=binding%3Avif_type HTTP/1.1" status: 200 len: 265 time: 0.0362332
2026-08-04 16:44:14.223 9 INFO neutron.db.ovn_revision_numbers_db [None req-4470058b-11d1-4360-aee5-e50d4a098f88 3b097d311a4a4c638583644899515cab 4c787b13fdd14d349750e6d5144fb437 - - - -] Successfully bumped revision number for resource 14a4c64a-b76e-493e-b78c-0859adb96eb0 (type: ports) to 2
2026-08-04 16:44:14.243 9 INFO neutron.wsgi [None req-4470058b-11d1-4360-aee5-e50d4a098f88 3b097d311a4a4c638583644899515cab 4c787b13fdd14d349750e6d5144fb437 - - - -] 199.19.213.137 "PUT /v2.0/ports/14a4c64a-b76e-493e-b78c-0859adb96eb0 HTTP/1.1" status: 200 len: 1561 time: 0.7013490
2026-08-04 16:44:14.252 10 INFO neutron.wsgi [req-7e8cf9f4-7856-4f7a-91bb-0840733d0bf2 req-97ef8e73-dd73-4a22-b2f4-b8c56a7e7f33 3b097d311a4a4c638583644899515cab 4c787b13fdd14d349750e6d5144fb437 - - 5542a1e84d6847768ce2ec334b584dc7 5542a1e84d6847768ce2ec334b584dc7] 199.19.213.137 "GET /v2.0/ports?tenant_id=81426bf43d0d4338b795a869351340cb&device_id=84f16b2a-1b30-4fd3-9f6c-e5edee98a4c7 HTTP/1.1" status: 200 len: 1594 time: 0.0532026
2026-08-04 16:44:14.284 9 INFO neutron.notifiers.nova [-] Nova event matching ['req-73682aea-d5ff-4dec-91b4-80ca784b3d42'] response: {'name': 'network-changed', 'server_uuid': 'ffb928dc-ae19-439f-9382-6ddc66672514', 'tag': '14a4c64a-b76e-493e-b78c-0859adb96eb0', 'status': 'completed', 'code': 200} /var/lib/openstack/lib/python3.10/site-packages/pycadf/identifier.py:71: UserWarning: Invalid uuid: neutron. To ensure interoperability, identifiers should be a valid uuid. warnings.warn(('Invalid uuid: %s. To ensure interoperability, '
2026-08-04 16:44:14.336 9 INFO neutron.wsgi [req-37976389-c33a-4937-a57e-f724cfe47bf3 req-cae136e0-813b-40f7-94bd-0ea1a69c7a72 3b097d311a4a4c638583644899515cab 4c787b13fdd14d349750e6d5144fb437 - - 5542a1e84d6847768ce2ec334b584dc7 5542a1e84d6847768ce2ec334b584dc7] 199.19.213.137 "GET /v2.0/ports?tenant_id=6ec4ecb5933647d1accc41abf0065313&device_id=ffb928dc-ae19-439f-9382-6ddc66672514 HTTP/1.1" status: 200 len: 5155 time: 0.0499868
2026-08-04 16:44:14.372 9 INFO neutron.wsgi [req-37976389-c33a-4937-a57e-f724cfe47bf3 req-ab76dab6-330a-4d6e-9ace-fe5332c127ce 3b097d311a4a4c638583644899515cab 4c787b13fdd14d349750e6d5144fb437 - - 5542a1e84d6847768ce2ec334b584dc7 5542a1e84d6847768ce2ec334b584dc7] 199.19.213.137 "GET /v2.0/floatingips?fixed_ip_address=172.24.0.144&port_id=29edd645-1deb-4b24-a12f-1d46a810caf0 HTTP/1.1" status: 200 len: 217 time: 0.0269346
2026-08-04 16:44:14.392 10 INFO neutron.wsgi [req-7e8cf9f4-7856-4f7a-91bb-0840733d0bf2 req-ff6347f9-e3e7-4e8c-8939-572a99af8ec4 3b097d311a4a4c638583644899515cab 4c787b13fdd14d349750e6d5144fb437 - - 5542a1e84d6847768ce2ec334b584dc7 5542a1e84d6847768ce2ec334b584dc7] 199.19.213.137 "GET /v2.0/networks?id=84b69b15-6350-46f0-94d8-fe44350d43c8 HTTP/1.1" status: 200 len: 1003 time: 0.1083167
2026-08-04 16:44:14.438 9 INFO neutron.wsgi [req-37976389-c33a-4937-a57e-f724cfe47bf3 req-44c9e3e0-cc45-4c9d-aea2-ffe2ff3f3ac9 3b097d311a4a4c638583644899515cab 4c787b13fdd14d349750e6d5144fb437 - - 5542a1e84d6847768ce2ec334b584dc7 5542a1e84d6847768ce2ec334b584dc7] 199.19.213.137 "GET /v2.0/subnets?id=6f98a756-cdca-488c-83af-539bdd7f26fd HTTP/1.1" status: 200 len: 829 time: 0.0568447
2026-08-04 16:44:14.477 9 INFO neutron.wsgi [req-37976389-c33a-4937-a57e-f724cfe47bf3 req-33bf4507-a78d-4850-82b9-5f088a2bc15d 3b097d311a4a4c638583644899515cab 4c787b13fdd14d349750e6d5144fb437 - - 5542a1e84d6847768ce2ec334b584dc7 5542a1e84d6847768ce2ec334b584dc7] 199.19.213.137 "GET /v2.0/ports?network_id=65213645-7076-4233-ab3b-c79ca8cda06b&device_owner=network%3Adhcp HTTP/1.1" status: 200 len: 210 time: 0.0313804
2026-08-04 16:44:14.497 10 INFO neutron.wsgi [req-7e8cf9f4-7856-4f7a-91bb-0840733d0bf2 req-83d43898-77dc-4286-b25b-a36e3ffae550 3b097d311a4a4c638583644899515cab 4c787b13fdd14d349750e6d5144fb437 - - 5542a1e84d6847768ce2ec334b584dc7 5542a1e84d6847768ce2ec334b584dc7] 199.19.213.137 "GET /v2.0/floatingips?fixed_ip_address=10.2.2.116&port_id=63c1285e-000b-4408-b53d-4d0c45bff975 HTTP/1.1" status: 200 len: 1059 time: 0.0967889
2026-08-04 16:44:14.535 10 INFO neutron.wsgi [req-7e8cf9f4-7856-4f7a-91bb-0840733d0bf2 req-fe146b28-85e2-4da2-b14d-3b12797b9bff 3b097d311a4a4c638583644899515cab 4c787b13fdd14d349750e6d5144fb437 - - 5542a1e84d6847768ce2ec334b584dc7 5542a1e84d6847768ce2ec334b584dc7] 199.19.213.137 "GET /v2.0/floatingips?fixed_ip_address=fd77%3A1457%3A4cf0%3A26a8%3A%3A288&port_id=63c1285e-000b-4408-b53d-4d0c45bff975 HTTP/1.1" status: 200 len: 217 time: 0.0307639
2026-08-04 16:44:14.563 9 INFO neutron.wsgi [req-37976389-c33a-4937-a57e-f724cfe47bf3 req-c55d0aca-6dcf-426a-93fe-be2170adf07e 3b097d311a4a4c638583644899515cab 4c787b13fdd14d349750e6d5144fb437 - - 5542a1e84d6847768ce2ec334b584dc7 5542a1e84d6847768ce2ec334b584dc7] 199.19.213.137 "GET /v2.0/networks/65213645-7076-4233-ab3b-c79ca8cda06b?fields=segments HTTP/1.1" status: 200 len: 212 time: 0.0769777
2026-08-04 16:44:14.597 10 INFO neutron.wsgi [req-7e8cf9f4-7856-4f7a-91bb-0840733d0bf2 req-20c65d04-396b-46d5-ba98-fd30cad6e4f2 3b097d311a4a4c638583644899515cab 4c787b13fdd14d349750e6d5144fb437 - - 5542a1e84d6847768ce2ec334b584dc7 5542a1e84d6847768ce2ec334b584dc7] 199.19.213.137 "GET /v2.0/subnets?id=2b9dd96d-ffee-4687-9f48-f34449bfa37c&id=552084a7-9877-4313-9762-aa53985b777b HTTP/1.1" status: 200 len: 1565 time: 0.0549128
2026-08-04 16:44:14.637 9 INFO neutron.wsgi [req-37976389-c33a-4937-a57e-f724cfe47bf3 req-f855f00f-5050-42b3-a103-c2dbbd09134f 3b097d311a4a4c638583644899515cab 4c787b13fdd14d349750e6d5144fb437 - - 5542a1e84d6847768ce2ec334b584dc7 5542a1e84d6847768ce2ec334b584dc7] 199.19.213.137 "GET /v2.0/networks/65213645-7076-4233-ab3b-c79ca8cda06b?fields=provider%3Aphysical_network&fields=provider%3Anetwork_type HTTP/1.1" status: 200 len: 277 time: 0.0650659
2026-08-04 16:44:14.642 10 INFO neutron.wsgi [req-7e8cf9f4-7856-4f7a-91bb-0840733d0bf2 req-a6ccab87-0f5b-40d5-8c62-0057fb26d605 3b097d311a4a4c638583644899515cab 4c787b13fdd14d349750e6d5144fb437 - - 5542a1e84d6847768ce2ec334b584dc7 5542a1e84d6847768ce2ec334b584dc7] 199.19.213.137 "GET /v2.0/ports?network_id=84b69b15-6350-46f0-94d8-fe44350d43c8&device_owner=network%3Adhcp HTTP/1.1" status: 200 len: 210 time: 0.0359058
2026-08-04 16:44:14.671 9 INFO neutron.wsgi [req-37976389-c33a-4937-a57e-f724cfe47bf3 req-3f59c563-3875-48e2-93c1-4c4981f4565a 3b097d311a4a4c638583644899515cab 4c787b13fdd14d349750e6d5144fb437 - - 5542a1e84d6847768ce2ec334b584dc7 5542a1e84d6847768ce2ec334b584dc7] 199.19.213.137 "GET /v2.0/floatingips?fixed_ip_address=10.1.1.17&port_id=bd511d0f-e38b-4624-9263-d26b96708f17 HTTP/1.1" status: 200 len: 217 time: 0.0224252
2026-08-04 16:44:14.674 10 INFO neutron.wsgi [req-7e8cf9f4-7856-4f7a-91bb-0840733d0bf2 req-cad43b14-cfe8-4120-83c5-191d2a2c7473 3b097d311a4a4c638583644899515cab 4c787b13fdd14d349750e6d5144fb437 - - 5542a1e84d6847768ce2ec334b584dc7 5542a1e84d6847768ce2ec334b584dc7] 199.19.213.137 "GET /v2.0/ports?network_id=84b69b15-6350-46f0-94d8-fe44350d43c8&device_owner=network%3Adhcp HTTP/1.1" status: 200 len: 210 time: 0.0252194
2026-08-04 16:44:14.719 9 INFO neutron.wsgi [req-37976389-c33a-4937-a57e-f724cfe47bf3 req-6675d8e6-c474-44c3-8d3a-69aeb51fbda9 3b097d311a4a4c638583644899515cab 4c787b13fdd14d349750e6d5144fb437 - - 5542a1e84d6847768ce2ec334b584dc7 5542a1e84d6847768ce2ec334b584dc7] 199.19.213.137 "GET /v2.0/subnets?id=b3097dad-2691-4b81-8007-21145e10ab7a HTTP/1.1" status: 200 len: 854 time: 0.0338452
2026-08-04 16:44:14.743 10 INFO neutron.wsgi [req-7e8cf9f4-7856-4f7a-91bb-0840733d0bf2 req-47875d8d-efdd-4dd2-96d9-02ef19bda70f 3b097d311a4a4c638583644899515cab 4c787b13fdd14d349750e6d5144fb437 - - 5542a1e84d6847768ce2ec334b584dc7 5542a1e84d6847768ce2ec334b584dc7] 199.19.213.137 "GET /v2.0/networks/84b69b15-6350-46f0-94d8-fe44350d43c8?fields=segments HTTP/1.1" status: 200 len: 212 time: 0.0573716
2026-08-04 16:44:14.752 9 INFO neutron.wsgi [req-37976389-c33a-4937-a57e-f724cfe47bf3 req-25cdb17b-905d-46d5-acf9-3657c2edbc4e 3b097d311a4a4c638583644899515cab 4c787b13fdd14d349750e6d5144fb437 - - 5542a1e84d6847768ce2ec334b584dc7 5542a1e84d6847768ce2ec334b584dc7] 199.19.213.137 "GET /v2.0/ports?network_id=d811144f-e3a3-41af-b7a2-21f021be9baf&device_owner=network%3Adhcp HTTP/1.1" status: 200 len: 210 time: 0.0249388
2026-08-04 16:44:14.813 10 INFO neutron.wsgi [req-7e8cf9f4-7856-4f7a-91bb-0840733d0bf2 req-d65392f5-04ea-4618-a2d9-0c0eb49e0053 3b097d311a4a4c638583644899515cab 4c787b13fdd14d349750e6d5144fb437 - - 5542a1e84d6847768ce2ec334b584dc7 5542a1e84d6847768ce2ec334b584dc7] 199.19.213.137 "GET /v2.0/networks/84b69b15-6350-46f0-94d8-fe44350d43c8?fields=provider%3Aphysical_network&fields=provider%3Anetwork_type HTTP/1.1" status: 200 len: 277 time: 0.0610499
2026-08-04 16:44:14.825 9 INFO neutron.wsgi [req-37976389-c33a-4937-a57e-f724cfe47bf3 req-84b7e6d9-0ac1-425e-89d6-fe87bff1249a 3b097d311a4a4c638583644899515cab 4c787b13fdd14d349750e6d5144fb437 - - 5542a1e84d6847768ce2ec334b584dc7 5542a1e84d6847768ce2ec334b584dc7] 199.19.213.137 "GET /v2.0/networks/d811144f-e3a3-41af-b7a2-21f021be9baf?fields=segments HTTP/1.1" status: 200 len: 212 time: 0.0693440
2026-08-04 16:44:14.889 9 INFO neutron.wsgi [req-37976389-c33a-4937-a57e-f724cfe47bf3 req-7ced34f0-8fcf-4f7b-878f-b3763ec17fcb 3b097d311a4a4c638583644899515cab 4c787b13fdd14d349750e6d5144fb437 - - 5542a1e84d6847768ce2ec334b584dc7 5542a1e84d6847768ce2ec334b584dc7] 199.19.213.137 "GET /v2.0/networks/d811144f-e3a3-41af-b7a2-21f021be9baf?fields=provider%3Aphysical_network&fields=provider%3Anetwork_type HTTP/1.1" status: 200 len: 277 time: 0.0585186
2026-08-04 16:44:14.925 9 INFO neutron.wsgi [req-37976389-c33a-4937-a57e-f724cfe47bf3 req-b9f036e7-80f6-4000-882b-ba1460439acd 3b097d311a4a4c638583644899515cab 4c787b13fdd14d349750e6d5144fb437 - - 5542a1e84d6847768ce2ec334b584dc7 5542a1e84d6847768ce2ec334b584dc7] 199.19.213.137 "GET /v2.0/floatingips?fixed_ip_address=10.2.1.74&port_id=cb1b09da-bc19-4c4f-b224-cda5f5d5af56 HTTP/1.1" status: 200 len: 217 time: 0.0264814
2026-08-04 16:44:14.970 9 INFO neutron.wsgi [req-37976389-c33a-4937-a57e-f724cfe47bf3 req-9c1c1e17-d4be-4a79-bc38-1ef5b63afba9 3b097d311a4a4c638583644899515cab 4c787b13fdd14d349750e6d5144fb437 - - 5542a1e84d6847768ce2ec334b584dc7 5542a1e84d6847768ce2ec334b584dc7] 199.19.213.137 "GET /v2.0/subnets?id=48fcc462-429d-4843-81af-2639d9ade788 HTTP/1.1" status: 200 len: 851 time: 0.0372062
2026-08-04 16:44:14.997 9 INFO neutron.wsgi [req-37976389-c33a-4937-a57e-f724cfe47bf3 req-69a91c21-1129-4be2-a61f-749d1de7263c 3b097d311a4a4c638583644899515cab 4c787b13fdd14d349750e6d5144fb437 - - 5542a1e84d6847768ce2ec334b584dc7 5542a1e84d6847768ce2ec334b584dc7] 199.19.213.137 "GET /v2.0/ports?network_id=bdbeebb9-d8d0-4d22-99ae-fb6c22fa761b&device_owner=network%3Adhcp HTTP/1.1" status: 200 len: 210 time: 0.0207033
2026-08-04 16:44:15.071 9 INFO neutron.wsgi [req-37976389-c33a-4937-a57e-f724cfe47bf3 req-666e950d-4a87-41b7-8a1c-3d9415b3f071 3b097d311a4a4c638583644899515cab 4c787b13fdd14d349750e6d5144fb437 - - 5542a1e84d6847768ce2ec334b584dc7 5542a1e84d6847768ce2ec334b584dc7] 199.19.213.137 "GET /v2.0/networks/bdbeebb9-d8d0-4d22-99ae-fb6c22fa761b?fields=segments HTTP/1.1" status: 200 len: 212 time: 0.0633552
2026-08-04 16:44:15.138 9 INFO neutron.wsgi [req-37976389-c33a-4937-a57e-f724cfe47bf3 req-e2b2e4ff-98aa-4d1c-bee3-4de1e5648564 3b097d311a4a4c638583644899515cab 4c787b13fdd14d349750e6d5144fb437 - - 5542a1e84d6847768ce2ec334b584dc7 5542a1e84d6847768ce2ec334b584dc7] 199.19.213.137 "GET /v2.0/networks/bdbeebb9-d8d0-4d22-99ae-fb6c22fa761b?fields=provider%3Aphysical_network&fields=provider%3Anetwork_type HTTP/1.1" status: 200 len: 277 time: 0.0589590
2026-08-04 16:44:15.176 9 INFO neutron.wsgi [req-37976389-c33a-4937-a57e-f724cfe47bf3 req-dd1b726f-21dd-44d7-a30e-4b953443f69e 3b097d311a4a4c638583644899515cab 4c787b13fdd14d349750e6d5144fb437 - - 5542a1e84d6847768ce2ec334b584dc7 5542a1e84d6847768ce2ec334b584dc7] 199.19.213.137 "GET /v2.0/floatingips?fixed_ip_address=10.2.2.200&port_id=14a4c64a-b76e-493e-b78c-0859adb96eb0 HTTP/1.1" status: 200 len: 217 time: 0.0290506
2026-08-04 16:44:15.204 9 INFO neutron.wsgi [req-37976389-c33a-4937-a57e-f724cfe47bf3 req-62a18dfa-fc27-4dca-bad3-739d89463881 3b097d311a4a4c638583644899515cab 4c787b13fdd14d349750e6d5144fb437 - - 5542a1e84d6847768ce2ec334b584dc7 5542a1e84d6847768ce2ec334b584dc7] 199.19.213.137 "GET /v2.0/floatingips?fixed_ip_address=fd77%3A1457%3A4cf0%3A26a8%3A%3A388&port_id=14a4c64a-b76e-493e-b78c-0859adb96eb0 HTTP/1.1" status: 200 len: 217 time: 0.0217535
2026-08-04 16:44:15.240 9 INFO neutron.wsgi [req-37976389-c33a-4937-a57e-f724cfe47bf3 req-8b00d3f1-0a0f-4f29-a323-6f44bf7a3f32 3b097d311a4a4c638583644899515cab 4c787b13fdd14d349750e6d5144fb437 - - 5542a1e84d6847768ce2ec334b584dc7 5542a1e84d6847768ce2ec334b584dc7] 199.19.213.137 "GET /v2.0/subnets?id=2b9dd96d-ffee-4687-9f48-f34449bfa37c&id=552084a7-9877-4313-9762-aa53985b777b HTTP/1.1" status: 200 len: 1565 time: 0.0290875
2026-08-04 16:44:15.275 9 INFO neutron.wsgi [req-37976389-c33a-4937-a57e-f724cfe47bf3 req-45ea2c7d-780b-4e19-a2eb-8419b900e01b 3b097d311a4a4c638583644899515cab 4c787b13fdd14d349750e6d5144fb437 - - 5542a1e84d6847768ce2ec334b584dc7 5542a1e84d6847768ce2ec334b584dc7] 199.19.213.137 "GET /v2.0/ports?network_id=84b69b15-6350-46f0-94d8-fe44350d43c8&device_owner=network%3Adhcp HTTP/1.1" status: 200 len: 210 time: 0.0267243
2026-08-04 16:44:15.307 9 INFO neutron.wsgi [req-37976389-c33a-4937-a57e-f724cfe47bf3 req-f06e5f99-1d39-4347-be77-587b74057b78 3b097d311a4a4c638583644899515cab 4c787b13fdd14d349750e6d5144fb437 - - 5542a1e84d6847768ce2ec334b584dc7 5542a1e84d6847768ce2ec334b584dc7] 199.19.213.137 "GET /v2.0/ports?network_id=84b69b15-6350-46f0-94d8-fe44350d43c8&device_owner=network%3Adhcp HTTP/1.1" status: 200 len: 210 time: 0.0248208
2026-08-04 16:44:15.374 9 INFO neutron.wsgi [req-37976389-c33a-4937-a57e-f724cfe47bf3 req-b6f31b81-3dd7-4eeb-87f4-22626836bf74 3b097d311a4a4c638583644899515cab 4c787b13fdd14d349750e6d5144fb437 - - 5542a1e84d6847768ce2ec334b584dc7 5542a1e84d6847768ce2ec334b584dc7] 199.19.213.137 "GET /v2.0/networks/84b69b15-6350-46f0-94d8-fe44350d43c8?fields=segments HTTP/1.1" status: 200 len: 212 time: 0.0598197
2026-08-04 16:44:15.456 9 INFO neutron.wsgi [req-37976389-c33a-4937-a57e-f724cfe47bf3 req-70fca409-85a8-4cc7-8df5-2cbab0fb7b88 3b097d311a4a4c638583644899515cab 4c787b13fdd14d349750e6d5144fb437 - - 5542a1e84d6847768ce2ec334b584dc7 5542a1e84d6847768ce2ec334b584dc7] 199.19.213.137 "GET /v2.0/networks/84b69b15-6350-46f0-94d8-fe44350d43c8?fields=provider%3Aphysical_network&fields=provider%3Anetwork_type HTTP/1.1" status: 200 len: 277 time: 0.0744071
2026-08-04 16:44:15.579 9 INFO neutron.plugins.ml2.drivers.ovn.mech_driver.mech_driver [None req-bf202515-1b3a-4823-9d5f-3cd274afef13 - - - - - -] OVN reports status up for port: 14a4c64a-b76e-493e-b78c-0859adb96eb0
2026-08-04 16:44:15.584 9 INFO neutron.wsgi [req-f26f7c0d-2f9d-4430-8e3f-50319c1b77af req-588430d9-35ed-4313-b3bf-a59c8ffc0942 3b097d311a4a4c638583644899515cab 4c787b13fdd14d349750e6d5144fb437 - - 5542a1e84d6847768ce2ec334b584dc7 5542a1e84d6847768ce2ec334b584dc7] 199.19.213.137 "GET /v2.0/ports?tenant_id=6ec4ecb5933647d1accc41abf0065313&device_id=ffb928dc-ae19-439f-9382-6ddc66672514 HTTP/1.1" status: 200 len: 5155 time: 0.0698116
2026-08-04 16:44:15.602 9 INFO neutron.plugins.ml2.plugin [None req-bf202515-1b3a-4823-9d5f-3cd274afef13 - - - - - -] Attempt 1 to provision port 14a4c64a-b76e-493e-b78c-0859adb96eb0
2026-08-04 16:44:15.697 9 INFO neutron.wsgi [req-f26f7c0d-2f9d-4430-8e3f-50319c1b77af req-95777c2a-8f44-43c5-b117-693c09ef732b 3b097d311a4a4c638583644899515cab 4c787b13fdd14d349750e6d5144fb437 - - 5542a1e84d6847768ce2ec334b584dc7 5542a1e84d6847768ce2ec334b584dc7] 199.19.213.137 "GET /v2.0/networks?id=84b69b15-6350-46f0-94d8-fe44350d43c8 HTTP/1.1" status: 200 len: 1003 time: 0.0957806
2026-08-04 16:44:15.741 9 INFO neutron.wsgi [req-f26f7c0d-2f9d-4430-8e3f-50319c1b77af req-6589d473-246c-43c2-ab48-18d9046fb18b 3b097d311a4a4c638583644899515cab 4c787b13fdd14d349750e6d5144fb437 - - 5542a1e84d6847768ce2ec334b584dc7 5542a1e84d6847768ce2ec334b584dc7] 199.19.213.137 "GET /v2.0/floatingips?fixed_ip_address=10.2.2.200&port_id=14a4c64a-b76e-493e-b78c-0859adb96eb0 HTTP/1.1" status: 200 len: 217 time: 0.0313506
2026-08-04 16:44:15.783 9 INFO neutron.wsgi [req-f26f7c0d-2f9d-4430-8e3f-50319c1b77af req-1b35f42a-75e0-4d52-af43-187d55f7162b 3b097d311a4a4c638583644899515cab 4c787b13fdd14d349750e6d5144fb437 - - 5542a1e84d6847768ce2ec334b584dc7 5542a1e84d6847768ce2ec334b584dc7] 199.19.213.137 "GET /v2.0/floatingips?fixed_ip_address=fd77%3A1457%3A4cf0%3A26a8%3A%3A388&port_id=14a4c64a-b76e-493e-b78c-0859adb96eb0 HTTP/1.1" status: 200 len: 217 time: 0.0310822
2026-08-04 16:44:15.844 10 INFO neutron.wsgi [req-37976389-c33a-4937-a57e-f724cfe47bf3 req-17ba45aa-75cb-4793-9dde-c5f5e8f55c19 d5867e2ccba9447db1c50aa0b7871135 6ec4ecb5933647d1accc41abf0065313 - - default default] 10.0.0.245 "GET /v2.0/ports/14a4c64a-b76e-493e-b78c-0859adb96eb0 HTTP/1.1" status: 200 len: 1591 time: 0.0385687
2026-08-04 16:44:16.117 9 INFO neutron.wsgi [None req-b34d7263-5701-493f-8445-95b5c9036f23 d5867e2ccba9447db1c50aa0b7871135 6ec4ecb5933647d1accc41abf0065313 - - default default] 199.19.213.137 "GET /v2.0/ports/14a4c64a-b76e-493e-b78c-0859adb96eb0 HTTP/1.1" status: 200 len: 1591 time: 0.0422964
2026-08-04 16:44:16.124 9 INFO neutron.wsgi [req-f26f7c0d-2f9d-4430-8e3f-50319c1b77af req-94b21272-c658-4442-83c3-38b8a6eb3dfd 3b097d311a4a4c638583644899515cab 4c787b13fdd14d349750e6d5144fb437 - - 5542a1e84d6847768ce2ec334b584dc7 5542a1e84d6847768ce2ec334b584dc7] 199.19.213.137 "GET /v2.0/subnets?id=2b9dd96d-ffee-4687-9f48-f34449bfa37c&id=552084a7-9877-4313-9762-aa53985b777b HTTP/1.1" status: 200 len: 1565 time: 0.3199461
2026-08-04 16:44:16.171 9 INFO neutron.wsgi [req-f26f7c0d-2f9d-4430-8e3f-50319c1b77af req-2d7c1d80-b0fe-4716-94da-fdfd8340b61f 3b097d311a4a4c638583644899515cab 4c787b13fdd14d349750e6d5144fb437 - - 5542a1e84d6847768ce2ec334b584dc7 5542a1e84d6847768ce2ec334b584dc7] 199.19.213.137 "GET /v2.0/ports?network_id=84b69b15-6350-46f0-94d8-fe44350d43c8&device_owner=network%3Adhcp HTTP/1.1" status: 200 len: 210 time: 0.0379155
2026-08-04 16:44:16.176 9 INFO neutron.wsgi [None req-2f553416-54a6-4755-ade3-6a767086a8e5 d5867e2ccba9447db1c50aa0b7871135 6ec4ecb5933647d1accc41abf0065313 - - default default] 199.19.213.137 "GET /v2.0/ports/14a4c64a-b76e-493e-b78c-0859adb96eb0 HTTP/1.1" status: 200 len: 1591 time: 0.0511713
2026-08-04 16:44:16.228 9 INFO neutron.wsgi [req-f26f7c0d-2f9d-4430-8e3f-50319c1b77af req-e6c6f771-039b-44aa-8590-73069618c49d 3b097d311a4a4c638583644899515cab 4c787b13fdd14d349750e6d5144fb437 - - 5542a1e84d6847768ce2ec334b584dc7 5542a1e84d6847768ce2ec334b584dc7] 199.19.213.137 "GET /v2.0/ports?network_id=84b69b15-6350-46f0-94d8-fe44350d43c8&device_owner=network%3Adhcp HTTP/1.1" status: 200 len: 210 time: 0.0480938
2026-08-04 16:44:16.340 9 INFO neutron.wsgi [req-f26f7c0d-2f9d-4430-8e3f-50319c1b77af req-7fc6358b-05aa-496a-a64c-b29f996ac367 3b097d311a4a4c638583644899515cab 4c787b13fdd14d349750e6d5144fb437 - - 5542a1e84d6847768ce2ec334b584dc7 5542a1e84d6847768ce2ec334b584dc7] 199.19.213.137 "GET /v2.0/networks/84b69b15-6350-46f0-94d8-fe44350d43c8?fields=segments HTTP/1.1" status: 200 len: 212 time: 0.1046803
2026-08-04 16:44:16.344 9 INFO neutron.notifiers.nova [-] Nova event matching ['req-fbecc129-1221-462d-b862-48d6e65c76fb'] response: {'server_uuid': 'ffb928dc-ae19-439f-9382-6ddc66672514', 'name': 'network-vif-plugged', 'status': 'completed', 'tag': '14a4c64a-b76e-493e-b78c-0859adb96eb0', 'code': 200}
2026-08-04 16:44:16.346 9 INFO neutron.db.ovn_revision_numbers_db [None req-bf202515-1b3a-4823-9d5f-3cd274afef13 - - - - - -] Successfully bumped revision number for resource 14a4c64a-b76e-493e-b78c-0859adb96eb0 (type: ports) to 4
2026-08-04 16:44:16.476 9 INFO neutron.wsgi [req-f26f7c0d-2f9d-4430-8e3f-50319c1b77af req-7749e695-e530-4614-972b-f986176c648b 3b097d311a4a4c638583644899515cab 4c787b13fdd14d349750e6d5144fb437 - - 5542a1e84d6847768ce2ec334b584dc7 5542a1e84d6847768ce2ec334b584dc7] 199.19.213.137 "GET /v2.0/networks/84b69b15-6350-46f0-94d8-fe44350d43c8?fields=provider%3Aphysical_network&fields=provider%3Anetwork_type HTTP/1.1" status: 200 len: 277 time: 0.1263692
2026-08-04 16:44:16.825 9 INFO neutron.db.ovn_revision_numbers_db [None req-cf75b81b-025e-4dc1-a758-c80446d0639c d5867e2ccba9447db1c50aa0b7871135 6ec4ecb5933647d1accc41abf0065313 - - - -] Successfully bumped revision number for resource 14a4c64a-b76e-493e-b78c-0859adb96eb0 (type: ports) to 5
2026-08-04 16:44:16.835 9 INFO neutron.wsgi [None req-cf75b81b-025e-4dc1-a758-c80446d0639c d5867e2ccba9447db1c50aa0b7871135 6ec4ecb5933647d1accc41abf0065313 - - - -] 199.19.213.137 "PUT /v2.0/ports/14a4c64a-b76e-493e-b78c-0859adb96eb0 HTTP/1.1" status: 200 len: 1330 time: 0.6470931 /var/lib/openstack/lib/python3.10/site-packages/pycadf/identifier.py:71: UserWarning: Invalid uuid: neutron. To ensure interoperability, identifiers should be a valid uuid. warnings.warn(('Invalid uuid: %s. To ensure interoperability, '
2026-08-04 16:44:16.902 9 INFO neutron.wsgi [None req-4a5780ee-6129-4811-93e4-ef1839272632 d5867e2ccba9447db1c50aa0b7871135 6ec4ecb5933647d1accc41abf0065313 - - default default] 199.19.213.137 "GET /v2.0/networks/84b69b15-6350-46f0-94d8-fe44350d43c8 HTTP/1.1" status: 200 len: 1000 time: 0.0612268
2026-08-04 16:44:16.947 9 INFO neutron.wsgi [None req-012db77f-7f00-432f-96cc-015f332469bd d5867e2ccba9447db1c50aa0b7871135 6ec4ecb5933647d1accc41abf0065313 - - default default] 199.19.213.137 "GET /v2.0/subnets/552084a7-9877-4313-9762-aa53985b777b HTTP/1.1" status: 200 len: 848 time: 0.0353322
2026-08-04 16:44:17.034 9 INFO neutron.wsgi [None req-86009867-90be-449d-82b2-4f37446381cc d5867e2ccba9447db1c50aa0b7871135 6ec4ecb5933647d1accc41abf0065313 - - default default] 199.19.213.137 "GET /v2.0/extensions/security-group HTTP/1.1" status: 200 len: 369 time: 0.0071075
2026-08-04 16:44:17.044 9 INFO neutron.wsgi [None req-58ecae60-1e9e-4682-bbd5-d6d079d274db d5867e2ccba9447db1c50aa0b7871135 6ec4ecb5933647d1accc41abf0065313 - - default default] 199.19.213.137 "GET /v2.0/extensions/dns-integration HTTP/1.1" status: 200 len: 371 time: 0.0051069
2026-08-04 16:44:17.052 9 INFO neutron.wsgi [None req-fb78dece-6a61-488b-9d5e-bc020c20cb90 d5867e2ccba9447db1c50aa0b7871135 6ec4ecb5933647d1accc41abf0065313 - - default default] 199.19.213.137 "GET /v2.0/extensions/qos HTTP/1.1" status: 200 len: 365 time: 0.0045397
2026-08-04 16:44:17.064 9 INFO neutron.wsgi [None req-4d925ec5-f800-45ea-8298-23f5ca0a7e70 d5867e2ccba9447db1c50aa0b7871135 6ec4ecb5933647d1accc41abf0065313 - - default default] 199.19.213.137 "GET /v2.0/extensions/allowed-address-pairs HTTP/1.1" status: 200 len: 383 time: 0.0055709
2026-08-04 16:44:17.099 9 INFO neutron.wsgi [None req-06644262-ebab-43eb-8f9f-164a2745db86 d5867e2ccba9447db1c50aa0b7871135 6ec4ecb5933647d1accc41abf0065313 - - default default] 199.19.213.137 "GET /v2.0/subnets/b3097dad-2691-4b81-8007-21145e10ab7a HTTP/1.1" status: 200 len: 851 time: 0.0289962
2026-08-04 16:44:17.128 9 INFO neutron.wsgi [None req-5135aea0-74a6-443f-8ed2-9ba32f549ca1 d5867e2ccba9447db1c50aa0b7871135 6ec4ecb5933647d1accc41abf0065313 - - default default] 199.19.213.137 "GET /v2.0/ports/0ca4cd63-8501-4b4a-bbb3-37bb21f0a3cc HTTP/1.1" status: 200 len: 1340 time: 0.0233541
2026-08-04 16:44:17.163 9 INFO neutron.wsgi [None req-79a7ab73-b147-43ce-88b2-06386165a3e1 d5867e2ccba9447db1c50aa0b7871135 6ec4ecb5933647d1accc41abf0065313 - - default default] 199.19.213.137 "GET /v2.0/ports/bd511d0f-e38b-4624-9263-d26b96708f17 HTTP/1.1" status: 200 len: 1467 time: 0.0271542
2026-08-04 16:44:17.208 9 INFO neutron.wsgi [None req-c953242e-e1b7-4150-8a4a-34485e83280a d5867e2ccba9447db1c50aa0b7871135 6ec4ecb5933647d1accc41abf0065313 - - default default] 199.19.213.137 "GET /v2.0/subnets/b3097dad-2691-4b81-8007-21145e10ab7a HTTP/1.1" status: 200 len: 851 time: 0.0379238
2026-08-04 16:44:17.274 9 INFO neutron.wsgi [None req-516caee5-46bc-45d6-9345-80742f4c8e33 d5867e2ccba9447db1c50aa0b7871135 6ec4ecb5933647d1accc41abf0065313 - - default default] 199.19.213.137 "GET /v2.0/networks/d811144f-e3a3-41af-b7a2-21f021be9baf HTTP/1.1" status: 200 len: 1002 time: 0.0598450
2026-08-04 16:44:17.309 9 INFO neutron.wsgi [None req-588a31dd-af07-4153-931b-3a0bb97caa0a d5867e2ccba9447db1c50aa0b7871135 6ec4ecb5933647d1accc41abf0065313 - - default default] 199.19.213.137 "GET /v2.0/ports/0ca4cd63-8501-4b4a-bbb3-37bb21f0a3cc HTTP/1.1" status: 200 len: 1340 time: 0.0280018
2026-08-04 16:44:17.351 9 INFO neutron.wsgi [None req-d7a3cc35-2629-4398-812b-8440890d88d6 d5867e2ccba9447db1c50aa0b7871135 6ec4ecb5933647d1accc41abf0065313 - - default default] 199.19.213.137 "GET /v2.0/subnets/b3097dad-2691-4b81-8007-21145e10ab7a HTTP/1.1" status: 200 len: 851 time: 0.0340579
2026-08-04 16:44:18.385 9 INFO neutron.notifiers.nova [-] Nova event matching ['req-fec5e94c-efa9-47b2-b3fb-6b48e68e5179'] response: {'server_uuid': 'ffb928dc-ae19-439f-9382-6ddc66672514', 'name': 'network-vif-plugged', 'status': 'completed', 'tag': '14a4c64a-b76e-493e-b78c-0859adb96eb0', 'code': 200}
2026-08-04 16:44:18.386 9 INFO neutron.notifiers.nova [-] Nova event matching ['req-fec5e94c-efa9-47b2-b3fb-6b48e68e5179'] response: {'name': 'network-changed', 'server_uuid': 'ffb928dc-ae19-439f-9382-6ddc66672514', 'tag': '14a4c64a-b76e-493e-b78c-0859adb96eb0', 'status': 'completed', 'code': 200}
2026-08-04 16:44:18.464 9 INFO neutron.wsgi [req-73fdf9a8-c8ca-4ed5-90d6-dc18730bfddb req-a2764a5d-1dfc-40a4-b00f-8f3017bfe0d8 3b097d311a4a4c638583644899515cab 4c787b13fdd14d349750e6d5144fb437 - - 5542a1e84d6847768ce2ec334b584dc7 5542a1e84d6847768ce2ec334b584dc7] 199.19.213.137 "GET /v2.0/ports?tenant_id=6ec4ecb5933647d1accc41abf0065313&device_id=ffb928dc-ae19-439f-9382-6ddc66672514 HTTP/1.1" status: 200 len: 4924 time: 0.0515630
2026-08-04 16:44:18.543 9 INFO neutron.wsgi [req-73fdf9a8-c8ca-4ed5-90d6-dc18730bfddb req-d2de5689-fca5-41f9-b55f-62137b2520d7 3b097d311a4a4c638583644899515cab 4c787b13fdd14d349750e6d5144fb437 - - 5542a1e84d6847768ce2ec334b584dc7 5542a1e84d6847768ce2ec334b584dc7] 199.19.213.137 "GET /v2.0/networks?id=84b69b15-6350-46f0-94d8-fe44350d43c8 HTTP/1.1" status: 200 len: 1003 time: 0.0701857
2026-08-04 16:44:18.578 9 INFO neutron.wsgi [req-73fdf9a8-c8ca-4ed5-90d6-dc18730bfddb req-64c5b4c5-d5ef-46c4-b8aa-3fb562d4d0e1 3b097d311a4a4c638583644899515cab 4c787b13fdd14d349750e6d5144fb437 - - 5542a1e84d6847768ce2ec334b584dc7 5542a1e84d6847768ce2ec334b584dc7] 199.19.213.137 "GET /v2.0/floatingips?fixed_ip_address=10.2.2.200&port_id=14a4c64a-b76e-493e-b78c-0859adb96eb0 HTTP/1.1" status: 200 len: 217 time: 0.0268798
2026-08-04 16:44:18.666 9 INFO neutron.wsgi [req-73fdf9a8-c8ca-4ed5-90d6-dc18730bfddb req-c658418b-37ad-4a9b-b4fd-74033acbd250 3b097d311a4a4c638583644899515cab 4c787b13fdd14d349750e6d5144fb437 - - 5542a1e84d6847768ce2ec334b584dc7 5542a1e84d6847768ce2ec334b584dc7] 199.19.213.137 "GET /v2.0/subnets?id=552084a7-9877-4313-9762-aa53985b777b HTTP/1.1" status: 200 len: 851 time: 0.0794377
2026-08-04 16:44:18.752 9 INFO neutron.wsgi [req-73fdf9a8-c8ca-4ed5-90d6-dc18730bfddb req-2735a6d1-636b-46e6-8cbf-14dc80c7e187 3b097d311a4a4c638583644899515cab 4c787b13fdd14d349750e6d5144fb437 - - 5542a1e84d6847768ce2ec334b584dc7 5542a1e84d6847768ce2ec334b584dc7] 199.19.213.137 "GET /v2.0/ports?network_id=84b69b15-6350-46f0-94d8-fe44350d43c8&device_owner=network%3Adhcp HTTP/1.1" status: 200 len: 210 time: 0.0792096
