2026-08-04 16:41:03.325 10 INFO neutron.services.segments.plugin [-] Segment bcc10049-5f98-4bd7-bc4c-7d2ca206670b resource provider not found; error: Placement Client Error (4xx): {"errors": [{"status": 404, "title": "Not Found", "detail": "The resource could not be found.\n\n No resource provider with uuid bcc10049-5f98-4bd7-bc4c-7d2ca206670b found for delete ", "request_id": "req-35f69075-2592-4682-bd54-34910edd3a15"}]}
2026-08-04 16:41:03.332 10 INFO neutron.services.segments.plugin [-] Segment bcc10049-5f98-4bd7-bc4c-7d2ca206670b resource provider not found; error: Placement Client Error (4xx): {"errors": [{"status": 404, "title": "Not Found", "detail": "The resource could not be found.\n\n No resource provider with uuid bcc10049-5f98-4bd7-bc4c-7d2ca206670b found for delete ", "request_id": "req-b248307a-685f-4186-be6b-c836eec3cee4"}]}
2026-08-04 16:41:03.355 10 INFO neutron.wsgi [None req-503e1be0-182c-4a00-9cff-ced4afbfc1f5 ad01531e7033464c9dc2a4479d1efcca 353bfbd7eb8140a29f73b381e7da293d - - - -] 10.0.0.167 "DELETE /v2.0/networks/c8790df8-481a-4e3b-a714-6d3e45c96b98 HTTP/1.1" status: 204 len: 168 time: 0.8065369
2026-08-04 16:41:03.457 10 INFO neutron.wsgi [None req-d07dd1b6-bdbc-4049-b13a-96c5f8ca85d8 300b7f39c17742369be4c302359533a0 5d86ef1e5a9845929ee76314147496be - - - -] 10.0.0.167 "DELETE /v2.0/security-groups/43a55673-f4be-4250-b5d5-ccc4dee78326 HTTP/1.1" status: 204 len: 168 time: 0.2282031
2026-08-04 16:41:03.472 10 INFO neutron.api.v2.resource [None req-c6778d36-2c45-4a8c-a5ae-df49a429b2c6 300b7f39c17742369be4c302359533a0 5d86ef1e5a9845929ee76314147496be - - default default] show failed (client error): The resource could not be found.
2026-08-04 16:41:03.474 10 INFO neutron.wsgi [None req-c6778d36-2c45-4a8c-a5ae-df49a429b2c6 300b7f39c17742369be4c302359533a0 5d86ef1e5a9845929ee76314147496be - - default default] 10.0.0.167 "GET /v2.0/security-groups/43a55673-f4be-4250-b5d5-ccc4dee78326 HTTP/1.1" status: 404 len: 347 time: 0.0121646
2026-08-04 16:41:03.647 9 INFO neutron.db.ovn_revision_numbers_db [None req-327de84a-7a1c-471c-a347-8b1dd5b134b4 482fb89b2dc248caaa853245ca3734a7 e8c70fc87ad24d7180acc5f43157cb32 - - - -] Successfully bumped revision number for resource 9b86f510-9671-4af7-bf80-57f47e2b75fd (type: routers) to 4
2026-08-04 16:41:03.651 9 INFO neutron.wsgi [None req-327de84a-7a1c-471c-a347-8b1dd5b134b4 482fb89b2dc248caaa853245ca3734a7 e8c70fc87ad24d7180acc5f43157cb32 - - - -] 10.0.0.167 "PUT /v2.0/routers/9b86f510-9671-4af7-bf80-57f47e2b75fd HTTP/1.1" status: 200 len: 662 time: 0.6275349
2026-08-04 16:41:03.699 9 INFO neutron.wsgi [None req-a805cd87-41d4-4961-898d-cb42488b927e 482fb89b2dc248caaa853245ca3734a7 e8c70fc87ad24d7180acc5f43157cb32 - - default default] 10.0.0.167 "GET /v2.0/ports?device_id=9b86f510-9671-4af7-bf80-57f47e2b75fd HTTP/1.1" status: 200 len: 205 time: 0.0390832
2026-08-04 16:41:03.928 10 INFO neutron.wsgi [None req-6808168d-9692-47a7-af8f-eb0fcdb9b0f5 300b7f39c17742369be4c302359533a0 5d86ef1e5a9845929ee76314147496be - - - -] 10.0.0.167 "DELETE /v2.0/floatingips/9f9251ff-c594-442a-8020-ee511a55cbaf HTTP/1.1" status: 204 len: 168 time: 0.4502325
2026-08-04 16:41:04.095 10 INFO neutron.wsgi [None req-263e5084-183c-40f5-a1d7-f2a049af5979 300b7f39c17742369be4c302359533a0 5d86ef1e5a9845929ee76314147496be - - - -] 10.0.0.167 "DELETE /v2.0/security-groups/48aeca1d-4068-4c4f-9acf-365c741b7f71 HTTP/1.1" status: 204 len: 168 time: 0.1599698
2026-08-04 16:41:04.459 9 INFO neutron.wsgi [None req-2dcec28f-18fc-4c36-8ad6-bab4ac21fdd5 482fb89b2dc248caaa853245ca3734a7 e8c70fc87ad24d7180acc5f43157cb32 - - - -] 10.0.0.167 "DELETE /v2.0/routers/9b86f510-9671-4af7-bf80-57f47e2b75fd HTTP/1.1" status: 204 len: 168 time: 0.7520795
2026-08-04 16:41:04.526 9 INFO neutron.wsgi [None req-f0e93d81-1c3d-46b3-8ba3-cf741baed276 ad01531e7033464c9dc2a4479d1efcca 353bfbd7eb8140a29f73b381e7da293d - - - -] 10.0.0.167 "DELETE /v2.0/networks/082e2eae-b80c-4a40-8791-bfaef6d776ff HTTP/1.1" status: 204 len: 168 time: 1.1663945
2026-08-04 16:41:04.557 9 INFO neutron.wsgi [None req-7edab030-a3e5-4564-8bc2-938aedf326bf 482fb89b2dc248caaa853245ca3734a7 e8c70fc87ad24d7180acc5f43157cb32 - - default default] 10.0.0.167 "GET /v2.0/routers/b4bac4cc-6809-4b9a-81ef-a07486f78ce8 HTTP/1.1" status: 200 len: 655 time: 0.0941281
2026-08-04 16:41:05.027 9 INFO neutron.services.segments.plugin [-] Segment 08c3d390-fbed-4854-8308-113c4eb3aafe resource provider aggregate not found
2026-08-04 16:41:05.036 9 INFO neutron.services.segments.plugin [-] Segment 08c3d390-fbed-4854-8308-113c4eb3aafe resource provider aggregate not found
2026-08-04 16:41:05.060 9 INFO neutron.services.segments.plugin [-] Segment 08c3d390-fbed-4854-8308-113c4eb3aafe resource provider not found; error: Placement Client Error (4xx): {"errors": [{"status": 404, "title": "Not Found", "detail": "The resource could not be found.\n\n No resource provider with uuid 08c3d390-fbed-4854-8308-113c4eb3aafe found for delete ", "request_id": "req-f7f09cee-2799-478f-8bf3-16979d53edfc"}]}
2026-08-04 16:41:05.060 9 INFO neutron.services.segments.plugin [-] Segment 08c3d390-fbed-4854-8308-113c4eb3aafe resource provider not found; error: Placement Client Error (4xx): {"errors": [{"status": 404, "title": "Not Found", "detail": "The resource could not be found.\n\n No resource provider with uuid 08c3d390-fbed-4854-8308-113c4eb3aafe found for delete ", "request_id": "req-e82c3f79-1713-4453-a517-ae9c111eba63"}]}
2026-08-04 16:41:05.143 9 INFO neutron.db.ovn_revision_numbers_db [None req-8ed25046-8c76-46a1-bf6c-dde70eb6ae8f 482fb89b2dc248caaa853245ca3734a7 e8c70fc87ad24d7180acc5f43157cb32 - - - -] Successfully bumped revision number for resource b4bac4cc-6809-4b9a-81ef-a07486f78ce8 (type: routers) to 3
2026-08-04 16:41:05.148 9 INFO neutron.wsgi [None req-8ed25046-8c76-46a1-bf6c-dde70eb6ae8f 482fb89b2dc248caaa853245ca3734a7 e8c70fc87ad24d7180acc5f43157cb32 - - - -] 10.0.0.167 "PUT /v2.0/routers/b4bac4cc-6809-4b9a-81ef-a07486f78ce8 HTTP/1.1" status: 200 len: 655 time: 0.5815921
2026-08-04 16:41:05.173 9 INFO neutron.wsgi [None req-8273806f-34a3-4ac5-9569-a4f531f1ec6b 482fb89b2dc248caaa853245ca3734a7 e8c70fc87ad24d7180acc5f43157cb32 - - default default] 10.0.0.167 "GET /v2.0/ports?device_id=b4bac4cc-6809-4b9a-81ef-a07486f78ce8 HTTP/1.1" status: 200 len: 205 time: 0.0197241
2026-08-04 16:41:05.417 9 INFO neutron.wsgi [None req-634707dc-06c2-4c2a-ac5b-a878e27c4ebf 482fb89b2dc248caaa853245ca3734a7 e8c70fc87ad24d7180acc5f43157cb32 - - - -] 10.0.0.167 "DELETE /v2.0/routers/b4bac4cc-6809-4b9a-81ef-a07486f78ce8 HTTP/1.1" status: 204 len: 168 time: 0.2383330
2026-08-04 16:41:05.763 10 INFO neutron.wsgi [None req-dae1a786-76b9-4115-bd20-c3aff0c7c219 d5867e2ccba9447db1c50aa0b7871135 6ec4ecb5933647d1accc41abf0065313 - - - -] 10.0.0.167 "PUT /v2.0/routers/3d603087-22fa-4b91-8a54-6d46299229dc/remove_router_interface HTTP/1.1" status: 200 len: 503 time: 1.6080463 /var/lib/openstack/lib/python3.10/site-packages/pycadf/identifier.py:71: UserWarning: Invalid uuid: neutron. To ensure interoperability, identifiers should be a valid uuid. warnings.warn(('Invalid uuid: %s. To ensure interoperability, '
2026-08-04 16:41:05.883 9 INFO neutron.db.ovn_revision_numbers_db [None req-389ec171-9c2e-41d3-b255-5af6883f6bfd d5867e2ccba9447db1c50aa0b7871135 6ec4ecb5933647d1accc41abf0065313 - - default default] Successfully bumped revision number for resource ed2bedf4-d5b1-4005-bd1c-92e68f688119 (type: security_groups) to 1
2026-08-04 16:41:05.913 9 INFO neutron.wsgi [None req-389ec171-9c2e-41d3-b255-5af6883f6bfd d5867e2ccba9447db1c50aa0b7871135 6ec4ecb5933647d1accc41abf0065313 - - default default] 10.0.0.167 "GET /v2.0/security-groups?tenant_id=42989b2eddbd4c9da6fb58344c0896f6&name=default HTTP/1.1" status: 200 len: 2996 time: 0.3797023
2026-08-04 16:41:06.151 9 INFO neutron.wsgi [None req-62e05d62-f564-4bad-aa5d-5c107c1da000 d5867e2ccba9447db1c50aa0b7871135 6ec4ecb5933647d1accc41abf0065313 - - - -] 10.0.0.167 "DELETE /v2.0/security-groups/ed2bedf4-d5b1-4005-bd1c-92e68f688119 HTTP/1.1" status: 204 len: 168 time: 0.2329865
2026-08-04 16:41:06.361 9 INFO neutron.wsgi [None req-b2165212-a816-4dcc-9792-68052d2abf45 d5867e2ccba9447db1c50aa0b7871135 6ec4ecb5933647d1accc41abf0065313 - - default default] 10.0.0.167 "GET /v2.0/security-groups?tenant_id=353bfbd7eb8140a29f73b381e7da293d&name=default HTTP/1.1" status: 200 len: 2996 time: 0.0330427
2026-08-04 16:41:06.560 10 INFO neutron.wsgi [None req-97ae7b71-b85c-4fc2-a027-7cfffedc6b6f d5867e2ccba9447db1c50aa0b7871135 6ec4ecb5933647d1accc41abf0065313 - - - -] 10.0.0.167 "DELETE /v2.0/routers/3d603087-22fa-4b91-8a54-6d46299229dc HTTP/1.1" status: 204 len: 168 time: 0.7916512
2026-08-04 16:41:06.624 9 INFO neutron.wsgi [None req-e8bd99ad-b355-49b3-b8ae-5e3c73eb2ee2 d5867e2ccba9447db1c50aa0b7871135 6ec4ecb5933647d1accc41abf0065313 - - - -] 10.0.0.167 "DELETE /v2.0/security-groups/1d98a20c-32bb-4893-9254-ed6d7ccad031 HTTP/1.1" status: 204 len: 168 time: 0.2580497
2026-08-04 16:41:06.829 10 INFO neutron.db.ovn_revision_numbers_db [None req-e333a374-549f-4139-9b72-165532c188a4 d5867e2ccba9447db1c50aa0b7871135 6ec4ecb5933647d1accc41abf0065313 - - default default] Successfully bumped revision number for resource 4246aef3-c4ac-4e4b-a565-7c4f75291413 (type: security_groups) to 1
2026-08-04 16:41:06.851 10 INFO neutron.wsgi [None req-0b42c018-5eeb-4468-9a7b-ddcd52081320 d5867e2ccba9447db1c50aa0b7871135 6ec4ecb5933647d1accc41abf0065313 - - - -] 10.0.0.167 "DELETE /v2.0/subnets/ad5ef209-9413-4c67-8c04-86e44566ab89 HTTP/1.1" status: 204 len: 168 time: 0.2860513
2026-08-04 16:41:06.854 9 INFO neutron.db.ovn_revision_numbers_db [None req-239265b0-23fc-4299-afaf-0570e4058483 d5867e2ccba9447db1c50aa0b7871135 6ec4ecb5933647d1accc41abf0065313 - - default default] Successfully bumped revision number for resource 371243fc-1a4b-48ae-9123-9da83082bd29 (type: security_groups) to 1
2026-08-04 16:41:06.870 10 INFO neutron.wsgi [None req-e333a374-549f-4139-9b72-165532c188a4 d5867e2ccba9447db1c50aa0b7871135 6ec4ecb5933647d1accc41abf0065313 - - default default] 10.0.0.167 "GET /v2.0/security-groups?tenant_id=d8c2f54448a545b0a09db93280ec640e&name=default HTTP/1.1" status: 200 len: 2996 time: 0.4658654
2026-08-04 16:41:06.904 9 INFO neutron.wsgi [None req-239265b0-23fc-4299-afaf-0570e4058483 d5867e2ccba9447db1c50aa0b7871135 6ec4ecb5933647d1accc41abf0065313 - - default default] 10.0.0.167 "GET /v2.0/security-groups?tenant_id=19b0be5466c642479585b8278cab9b4a&name=default HTTP/1.1" status: 200 len: 2996 time: 0.1646981
2026-08-04 16:41:07.101 10 INFO neutron.wsgi [None req-13361f8d-c30c-461b-be91-0a75d23cac23 d5867e2ccba9447db1c50aa0b7871135 6ec4ecb5933647d1accc41abf0065313 - - - -] 10.0.0.167 "DELETE /v2.0/security-groups/4246aef3-c4ac-4e4b-a565-7c4f75291413 HTTP/1.1" status: 204 len: 168 time: 0.2256341
2026-08-04 16:41:07.147 10 INFO neutron.wsgi [None req-ea560ee4-996f-430a-a2ee-a6ed66ba74a9 d5867e2ccba9447db1c50aa0b7871135 6ec4ecb5933647d1accc41abf0065313 - - - -] 10.0.0.167 "DELETE /v2.0/security-groups/371243fc-1a4b-48ae-9123-9da83082bd29 HTTP/1.1" status: 204 len: 168 time: 0.2366860
2026-08-04 16:41:07.282 9 INFO neutron.services.segments.plugin [-] Segment faba31e2-9e82-4a66-b6f3-bc27d9d469af resource provider aggregate not found
2026-08-04 16:41:07.293 9 INFO neutron.services.segments.plugin [-] Segment faba31e2-9e82-4a66-b6f3-bc27d9d469af resource provider aggregate not found
2026-08-04 16:41:07.312 9 INFO neutron.services.segments.plugin [-] Segment faba31e2-9e82-4a66-b6f3-bc27d9d469af resource provider not found; error: Placement Client Error (4xx): {"errors": [{"status": 404, "title": "Not Found", "detail": "The resource could not be found.\n\n No resource provider with uuid faba31e2-9e82-4a66-b6f3-bc27d9d469af found for delete ", "request_id": "req-2a1d09c4-75f2-4cb7-b77e-4df666923018"}]}
2026-08-04 16:41:07.328 9 INFO neutron.services.segments.plugin [-] Segment faba31e2-9e82-4a66-b6f3-bc27d9d469af resource provider not found; error: Placement Client Error (4xx): {"errors": [{"status": 404, "title": "Not Found", "detail": "The resource could not be found.\n\n No resource provider with uuid faba31e2-9e82-4a66-b6f3-bc27d9d469af found for delete ", "request_id": "req-028b77b1-63a0-4c5e-91fa-5d9d67f3c8dd"}]}
2026-08-04 16:41:07.347 9 INFO neutron.wsgi [None req-e9ae8ff1-9b62-459e-b996-5e1e370c2efd d5867e2ccba9447db1c50aa0b7871135 6ec4ecb5933647d1accc41abf0065313 - - - -] 10.0.0.167 "DELETE /v2.0/networks/7ab91807-5402-422c-9f41-e7ffd8110bb4 HTTP/1.1" status: 204 len: 168 time: 0.4869578
2026-08-04 16:41:07.414 10 INFO neutron.db.ovn_revision_numbers_db [None req-b54b5590-788f-43e0-a699-132a359e1125 d5867e2ccba9447db1c50aa0b7871135 6ec4ecb5933647d1accc41abf0065313 - - default default] Successfully bumped revision number for resource 58a831ff-fa28-40b2-aff7-91bb7b6c5f0f (type: security_groups) to 1
2026-08-04 16:41:07.453 10 INFO neutron.wsgi [None req-b54b5590-788f-43e0-a699-132a359e1125 d5867e2ccba9447db1c50aa0b7871135 6ec4ecb5933647d1accc41abf0065313 - - default default] 10.0.0.167 "GET /v2.0/security-groups?tenant_id=e8c70fc87ad24d7180acc5f43157cb32&name=default HTTP/1.1" status: 200 len: 2996 time: 0.1965230
2026-08-04 16:41:07.701 9 INFO neutron.wsgi [None req-a881eed5-49b6-4b3a-a031-7a3f433d5edd d5867e2ccba9447db1c50aa0b7871135 6ec4ecb5933647d1accc41abf0065313 - - - -] 10.0.0.167 "DELETE /v2.0/security-groups/58a831ff-fa28-40b2-aff7-91bb7b6c5f0f HTTP/1.1" status: 204 len: 168 time: 0.2414806
2026-08-04 16:41:08.019 10 INFO neutron.db.ovn_revision_numbers_db [None req-64b387a8-e78f-498e-8cc3-b492b583b8a6 d5867e2ccba9447db1c50aa0b7871135 6ec4ecb5933647d1accc41abf0065313 - - default default] Successfully bumped revision number for resource a4397aa0-fdca-48b7-914d-13b8fcf5e7a0 (type: security_groups) to 1
2026-08-04 16:41:08.050 10 INFO neutron.wsgi [None req-64b387a8-e78f-498e-8cc3-b492b583b8a6 d5867e2ccba9447db1c50aa0b7871135 6ec4ecb5933647d1accc41abf0065313 - - default default] 10.0.0.167 "GET /v2.0/security-groups?tenant_id=560512d2777f435d9bc147bb964c308a&name=default HTTP/1.1" status: 200 len: 2996 time: 0.1942208
2026-08-04 16:41:08.274 9 INFO neutron.wsgi [None req-aec7fb13-25e7-498c-9dbb-886c3ce12b16 d5867e2ccba9447db1c50aa0b7871135 6ec4ecb5933647d1accc41abf0065313 - - - -] 10.0.0.167 "DELETE /v2.0/security-groups/a4397aa0-fdca-48b7-914d-13b8fcf5e7a0 HTTP/1.1" status: 204 len: 168 time: 0.2162414
2026-08-04 16:41:08.467 10 INFO neutron.wsgi [None req-4fff8d3f-49c1-4d4f-8ff6-62bbfef33ec9 d5867e2ccba9447db1c50aa0b7871135 6ec4ecb5933647d1accc41abf0065313 - - - -] 10.0.0.167 "PUT /v2.0/routers/76d7169b-7b76-429a-841c-d76ab9c690c7/remove_router_interface HTTP/1.1" status: 200 len: 503 time: 1.1125462
2026-08-04 16:41:09.160 9 INFO neutron.wsgi [None req-06e47bf6-f703-46da-8f9a-60cf8f1c27a6 d5867e2ccba9447db1c50aa0b7871135 6ec4ecb5933647d1accc41abf0065313 - - - -] 10.0.0.167 "DELETE /v2.0/routers/76d7169b-7b76-429a-841c-d76ab9c690c7 HTTP/1.1" status: 204 len: 168 time: 0.6877403
2026-08-04 16:41:09.395 9 INFO neutron.wsgi [None req-b98c5b7c-2569-488c-87ef-2891bafb2162 d5867e2ccba9447db1c50aa0b7871135 6ec4ecb5933647d1accc41abf0065313 - - - -] 10.0.0.167 "DELETE /v2.0/subnets/f41f48ed-75c4-4c07-8608-8bdd796be638 HTTP/1.1" status: 204 len: 168 time: 0.2240539
2026-08-04 16:41:10.188 9 INFO neutron.services.segments.plugin [-] Segment 9ab2f2eb-fb06-4591-806e-65f7ba78f231 resource provider aggregate not found
2026-08-04 16:41:10.197 9 INFO neutron.services.segments.plugin [-] Segment 9ab2f2eb-fb06-4591-806e-65f7ba78f231 resource provider aggregate not found
2026-08-04 16:41:10.226 9 INFO neutron.services.segments.plugin [-] Segment 9ab2f2eb-fb06-4591-806e-65f7ba78f231 resource provider not found; error: Placement Client Error (4xx): {"errors": [{"status": 404, "title": "Not Found", "detail": "The resource could not be found.\n\n No resource provider with uuid 9ab2f2eb-fb06-4591-806e-65f7ba78f231 found for delete ", "request_id": "req-a755e04c-4aae-4fcd-8a25-206cad079a0d"}]}
2026-08-04 16:41:10.227 9 INFO neutron.services.segments.plugin [-] Segment 9ab2f2eb-fb06-4591-806e-65f7ba78f231 resource provider not found; error: Placement Client Error (4xx): {"errors": [{"status": 404, "title": "Not Found", "detail": "The resource could not be found.\n\n No resource provider with uuid 9ab2f2eb-fb06-4591-806e-65f7ba78f231 found for delete ", "request_id": "req-6c2563ab-10bf-4b98-95b0-fe88c7fe2842"}]}
2026-08-04 16:41:10.264 9 INFO neutron.wsgi [None req-592739ea-de79-4f16-9a09-adf603ddb6df d5867e2ccba9447db1c50aa0b7871135 6ec4ecb5933647d1accc41abf0065313 - - - -] 10.0.0.167 "DELETE /v2.0/networks/92eab7bd-d077-44f7-be1a-e3e7b63f04fc HTTP/1.1" status: 204 len: 168 time: 0.8640437 /var/lib/openstack/lib/python3.10/site-packages/pycadf/identifier.py:71: UserWarning: Invalid uuid: neutron. To ensure interoperability, identifiers should be a valid uuid. warnings.warn(('Invalid uuid: %s. To ensure interoperability, '
2026-08-04 16:41:10.756 10 INFO neutron.wsgi [None req-06ca7cb0-8851-4444-8538-5e8858caa03b d5867e2ccba9447db1c50aa0b7871135 6ec4ecb5933647d1accc41abf0065313 - - default default] 10.0.0.167 "GET /v2.0/security-groups?tenant_id=5d86ef1e5a9845929ee76314147496be&name=default HTTP/1.1" status: 200 len: 2996 time: 0.0606802
2026-08-04 16:41:10.987 10 INFO neutron.wsgi [None req-680f5eaf-3a38-4050-8a6a-0fbbd6de6720 d5867e2ccba9447db1c50aa0b7871135 6ec4ecb5933647d1accc41abf0065313 - - - -] 10.0.0.167 "DELETE /v2.0/security-groups/2663d5fa-306d-45c6-9246-945a08464225 HTTP/1.1" status: 204 len: 168 time: 0.2262242
2026-08-04 16:41:11.230 10 INFO neutron.wsgi [None req-44b80786-a993-46b0-ba40-f6666eea1c67 d5867e2ccba9447db1c50aa0b7871135 6ec4ecb5933647d1accc41abf0065313 - - default default] 10.0.0.167 "GET /v2.0/security-groups?tenant_id=8f6a540c1ba44c68b61900a2e0853ec5&name=default HTTP/1.1" status: 200 len: 2996 time: 0.0346258
2026-08-04 16:41:11.451 10 INFO neutron.wsgi [None req-b0e0dc12-d7ff-411a-94ef-3ea76028a376 d5867e2ccba9447db1c50aa0b7871135 6ec4ecb5933647d1accc41abf0065313 - - - -] 10.0.0.167 "DELETE /v2.0/security-groups/82a393cd-41b7-4151-98b7-e41363fa3c7f HTTP/1.1" status: 204 len: 168 time: 0.2174640
2026-08-04 16:41:12.416 9 INFO neutron.db.ovn_revision_numbers_db [None req-21e79d1c-249b-4be6-9fa7-895acdff27a7 41331a51fc1b40baae0608c32811be9b 2e0cbf92d7824bc4a7116d4d36e61d91 - - - -] Successfully bumped revision number for resource 7b22477d-7722-43bf-9bd7-e4cf25e16cdd (type: security_groups) to 1
2026-08-04 16:41:12.479 9 INFO neutron.db.segments_db [None req-21e79d1c-249b-4be6-9fa7-895acdff27a7 41331a51fc1b40baae0608c32811be9b 2e0cbf92d7824bc4a7116d4d36e61d91 - - - -] Added segment b85090d2-137e-47bc-bacd-4431afc95b1b of type geneve for network 065b957a-6183-4d5a-91a8-5be19844a8db
2026-08-04 16:41:12.482 10 INFO neutron.wsgi [-] 10.0.0.139 "GET / HTTP/1.1" status: 200 len: 247 time: 0.0069306
2026-08-04 16:41:12.484 10 INFO neutron.wsgi [-] 10.0.0.139 "GET / HTTP/1.1" status: 200 len: 247 time: 0.0012076
2026-08-04 16:41:12.657 9 INFO neutron.db.ovn_revision_numbers_db [None req-21e79d1c-249b-4be6-9fa7-895acdff27a7 41331a51fc1b40baae0608c32811be9b 2e0cbf92d7824bc4a7116d4d36e61d91 - - - -] Successfully bumped revision number for resource 065b957a-6183-4d5a-91a8-5be19844a8db (type: networks) to 1
2026-08-04 16:41:12.845 9 WARNING neutron.scheduler.dhcp_agent_scheduler [None req-21e79d1c-249b-4be6-9fa7-895acdff27a7 41331a51fc1b40baae0608c32811be9b 2e0cbf92d7824bc4a7116d4d36e61d91 - - - -] No more DHCP agents
2026-08-04 16:41:12.846 9 WARNING neutron.api.rpc.agentnotifiers.dhcp_rpc_agent_api [None req-21e79d1c-249b-4be6-9fa7-895acdff27a7 41331a51fc1b40baae0608c32811be9b 2e0cbf92d7824bc4a7116d4d36e61d91 - - - -] Unable to schedule network 065b957a-6183-4d5a-91a8-5be19844a8db: no agents available; will retry on subsequent port and subnet creation events.
2026-08-04 16:41:12.918 9 INFO neutron.db.ovn_revision_numbers_db [None req-21e79d1c-249b-4be6-9fa7-895acdff27a7 41331a51fc1b40baae0608c32811be9b 2e0cbf92d7824bc4a7116d4d36e61d91 - - - -] Successfully bumped revision number for resource 3c8e3179-d586-4b37-9646-28c19f65af73 (type: ports) to 1
2026-08-04 16:41:12.942 9 INFO neutron.wsgi [None req-21e79d1c-249b-4be6-9fa7-895acdff27a7 41331a51fc1b40baae0608c32811be9b 2e0cbf92d7824bc4a7116d4d36e61d91 - - - -] 10.0.0.167 "POST /v2.0/networks HTTP/1.1" status: 201 len: 830 time: 0.8970242
2026-08-04 16:41:13.218 9 WARNING neutron.scheduler.dhcp_agent_scheduler [None req-efc27c7f-148c-4cd3-9fcd-3beea2542167 41331a51fc1b40baae0608c32811be9b 2e0cbf92d7824bc4a7116d4d36e61d91 - - - -] No more DHCP agents
2026-08-04 16:41:13.221 9 WARNING neutron.api.rpc.agentnotifiers.dhcp_rpc_agent_api [None req-efc27c7f-148c-4cd3-9fcd-3beea2542167 41331a51fc1b40baae0608c32811be9b 2e0cbf92d7824bc4a7116d4d36e61d91 - - - -] Unable to schedule network 065b957a-6183-4d5a-91a8-5be19844a8db: no agents available; will retry on subsequent port and subnet creation events.
2026-08-04 16:41:13.279 10 INFO neutron.wsgi [None req-9c8be562-d11b-4ada-a2e8-f21de3644998 c4e28e8e7e4a4d2fb31ae07dfde7ee5f 2f67a15afa1c4778a399fff4252924a4 - - - -] 10.0.0.167 "POST /v2.0/subnetpools HTTP/1.1" status: 201 len: 715 time: 0.3017924
2026-08-04 16:41:13.293 9 INFO neutron.db.ovn_revision_numbers_db [None req-efc27c7f-148c-4cd3-9fcd-3beea2542167 41331a51fc1b40baae0608c32811be9b 2e0cbf92d7824bc4a7116d4d36e61d91 - - - -] Successfully bumped revision number for resource be41b35e-5982-4d67-bb55-5c682e3594c1 (type: ports) to 1
2026-08-04 16:41:13.318 9 INFO neutron.wsgi [None req-efc27c7f-148c-4cd3-9fcd-3beea2542167 41331a51fc1b40baae0608c32811be9b 2e0cbf92d7824bc4a7116d4d36e61d91 - - - -] 10.0.0.167 "POST /v2.0/ports HTTP/1.1" status: 201 len: 942 time: 0.3700078
2026-08-04 16:41:13.347 10 INFO neutron.wsgi [None req-7def824e-4d49-4ef7-9c2a-1eba17eceaa9 c4e28e8e7e4a4d2fb31ae07dfde7ee5f 2f67a15afa1c4778a399fff4252924a4 - - - -] 10.0.0.167 "POST /v2.0/subnetpools HTTP/1.1" status: 201 len: 715 time: 0.0585051
2026-08-04 16:41:13.435 10 INFO neutron.db.segments_db [None req-853b57dd-ac74-4841-a113-82668dcbce22 41331a51fc1b40baae0608c32811be9b 2e0cbf92d7824bc4a7116d4d36e61d91 - - - -] Added segment 5df53ca4-c22f-430a-a515-ee3a51977c8d of type geneve for network be01a81d-e58a-403a-b5c3-5877a2d8a2d3
2026-08-04 16:41:13.448 10 INFO neutron.wsgi [None req-f78c3e96-e93d-4b18-9b7b-ef2b00c48d78 c4e28e8e7e4a4d2fb31ae07dfde7ee5f 2f67a15afa1c4778a399fff4252924a4 - - - -] 10.0.0.167 "POST /v2.0/subnetpools HTTP/1.1" status: 201 len: 715 time: 0.0909393
2026-08-04 16:41:13.581 10 INFO neutron.wsgi [None req-7c6fea86-7131-4c0d-a978-a0caf9c170ed c4e28e8e7e4a4d2fb31ae07dfde7ee5f 2f67a15afa1c4778a399fff4252924a4 - - - -] 10.0.0.167 "POST /v2.0/subnetpools HTTP/1.1" status: 201 len: 715 time: 0.1260624 /var/lib/openstack/lib/python3.10/site-packages/pycadf/identifier.py:71: UserWarning: Invalid uuid: neutron. To ensure interoperability, identifiers should be a valid uuid. warnings.warn(('Invalid uuid: %s. To ensure interoperability, '
2026-08-04 16:41:13.613 10 INFO neutron.db.ovn_revision_numbers_db [None req-853b57dd-ac74-4841-a113-82668dcbce22 41331a51fc1b40baae0608c32811be9b 2e0cbf92d7824bc4a7116d4d36e61d91 - - - -] Successfully bumped revision number for resource be01a81d-e58a-403a-b5c3-5877a2d8a2d3 (type: networks) to 1
2026-08-04 16:41:13.662 9 INFO neutron.wsgi [None req-b871d8de-a08a-4ebc-a608-7f8f3bf964a2 c4e28e8e7e4a4d2fb31ae07dfde7ee5f 2f67a15afa1c4778a399fff4252924a4 - - - -] 10.0.0.167 "POST /v2.0/subnetpools HTTP/1.1" status: 201 len: 715 time: 0.0732563
2026-08-04 16:41:13.723 9 INFO neutron.wsgi [None req-a59e660c-f870-42f8-9c70-bde3a4fcf73d c4e28e8e7e4a4d2fb31ae07dfde7ee5f 2f67a15afa1c4778a399fff4252924a4 - - - -] 10.0.0.167 "PUT /v2.0/subnetpools/7b6b21d7-74be-4146-bdb3-9bb81787d6f6/tags HTTP/1.1" status: 200 len: 210 time: 0.0549710
2026-08-04 16:41:13.760 9 INFO neutron.wsgi [None req-9efa1c15-686f-4e69-9596-f92a0dcd6570 c4e28e8e7e4a4d2fb31ae07dfde7ee5f 2f67a15afa1c4778a399fff4252924a4 - - - -] 10.0.0.167 "PUT /v2.0/subnetpools/23b8a8de-dbcc-41a7-a284-1add35927007/tags HTTP/1.1" status: 200 len: 218 time: 0.0313718
2026-08-04 16:41:13.797 9 INFO neutron.wsgi [None req-be93c8bd-6c7b-423c-ab04-9c4769529ed4 c4e28e8e7e4a4d2fb31ae07dfde7ee5f 2f67a15afa1c4778a399fff4252924a4 - - - -] 10.0.0.167 "PUT /v2.0/subnetpools/97ee7121-9ddd-4567-8bd5-12d899bb437f/tags HTTP/1.1" status: 200 len: 227 time: 0.0318644
2026-08-04 16:41:13.830 9 INFO neutron.wsgi [None req-d2058723-fcc0-4e50-bab4-6cdd1b5961c2 c4e28e8e7e4a4d2fb31ae07dfde7ee5f 2f67a15afa1c4778a399fff4252924a4 - - - -] 10.0.0.167 "PUT /v2.0/subnetpools/781c6d07-2fa9-4e5c-b2cc-418e793bbba0/tags HTTP/1.1" status: 200 len: 212 time: 0.0286903
2026-08-04 16:41:13.872 9 INFO neutron.wsgi [None req-83bef683-9729-45a3-8e99-7bc675408e61 c4e28e8e7e4a4d2fb31ae07dfde7ee5f 2f67a15afa1c4778a399fff4252924a4 - - default default] 10.0.0.167 "GET /v2.0/subnetpools?tags=red HTTP/1.1" status: 200 len: 1758 time: 0.0354464
2026-08-04 16:41:13.925 9 INFO neutron.wsgi [None req-ac7c5fe5-605a-4b9f-b47a-c09f1fe6b45f c4e28e8e7e4a4d2fb31ae07dfde7ee5f 2f67a15afa1c4778a399fff4252924a4 - - default default] 10.0.0.167 "GET /v2.0/subnetpools?tags=red%2Cblue HTTP/1.1" status: 200 len: 1251 time: 0.0464127
2026-08-04 16:41:13.974 9 INFO neutron.wsgi [None req-0bc9d10f-a0f1-4160-a450-72404facced2 c4e28e8e7e4a4d2fb31ae07dfde7ee5f 2f67a15afa1c4778a399fff4252924a4 - - default default] 10.0.0.167 "GET /v2.0/subnetpools?tags-any=blue HTTP/1.1" status: 200 len: 1251 time: 0.0421407
2026-08-04 16:41:14.004 9 INFO neutron.wsgi [None req-e4799a68-16b1-447f-9785-82f17af2a496 c4e28e8e7e4a4d2fb31ae07dfde7ee5f 2f67a15afa1c4778a399fff4252924a4 - - default default] 10.0.0.167 "GET /v2.0/subnetpools?tags-any=red%2Cblue HTTP/1.1" status: 200 len: 1758 time: 0.0251105
2026-08-04 16:41:14.039 9 INFO neutron.wsgi [None req-cf9e9f86-ead5-4f01-a369-f4bcab8c1dba c4e28e8e7e4a4d2fb31ae07dfde7ee5f 2f67a15afa1c4778a399fff4252924a4 - - default default] 10.0.0.167 "GET /v2.0/subnetpools?not-tags=red HTTP/1.1" status: 200 len: 1223 time: 0.0293658
2026-08-04 16:41:14.086 9 INFO neutron.wsgi [None req-ef6036ae-18d7-49bf-9939-40a469078afb c4e28e8e7e4a4d2fb31ae07dfde7ee5f 2f67a15afa1c4778a399fff4252924a4 - - default default] 10.0.0.167 "GET /v2.0/subnetpools?not-tags=red%2Cblue HTTP/1.1" status: 200 len: 1730 time: 0.0418460
2026-08-04 16:41:14.136 10 WARNING neutron.scheduler.dhcp_agent_scheduler [None req-853b57dd-ac74-4841-a113-82668dcbce22 41331a51fc1b40baae0608c32811be9b 2e0cbf92d7824bc4a7116d4d36e61d91 - - - -] No more DHCP agents
2026-08-04 16:41:14.142 10 INFO neutron.wsgi [None req-0c81eda3-9a2d-4b6a-a26c-223970980718 c4e28e8e7e4a4d2fb31ae07dfde7ee5f 2f67a15afa1c4778a399fff4252924a4 - - default default] 10.0.0.167 "GET /v2.0/subnetpools?not-tags-any=blue HTTP/1.1" status: 200 len: 1730 time: 0.0476105
2026-08-04 16:41:14.144 10 WARNING neutron.api.rpc.agentnotifiers.dhcp_rpc_agent_api [None req-853b57dd-ac74-4841-a113-82668dcbce22 41331a51fc1b40baae0608c32811be9b 2e0cbf92d7824bc4a7116d4d36e61d91 - - - -] Unable to schedule network be01a81d-e58a-403a-b5c3-5877a2d8a2d3: no agents available; will retry on subsequent port and subnet creation events.
2026-08-04 16:41:14.185 9 INFO neutron.wsgi [None req-5e43a450-8a53-4a14-acf4-2450c93ccf05 c4e28e8e7e4a4d2fb31ae07dfde7ee5f 2f67a15afa1c4778a399fff4252924a4 - - default default] 10.0.0.167 "GET /v2.0/subnetpools?not-tags-any=red%2Cblue HTTP/1.1" status: 200 len: 1223 time: 0.0338953
2026-08-04 16:41:14.218 10 INFO neutron.db.ovn_revision_numbers_db [None req-853b57dd-ac74-4841-a113-82668dcbce22 41331a51fc1b40baae0608c32811be9b 2e0cbf92d7824bc4a7116d4d36e61d91 - - - -] Successfully bumped revision number for resource 38fdaf3f-e97c-49d8-8984-041748951251 (type: ports) to 1
2026-08-04 16:41:14.243 10 INFO neutron.wsgi [None req-853b57dd-ac74-4841-a113-82668dcbce22 41331a51fc1b40baae0608c32811be9b 2e0cbf92d7824bc4a7116d4d36e61d91 - - - -] 10.0.0.167 "POST /v2.0/networks HTTP/1.1" status: 201 len: 831 time: 0.9185209
2026-08-04 16:41:14.259 9 INFO neutron.wsgi [None req-04f5dc3a-4af4-49a6-949b-c5cdb877d708 c4e28e8e7e4a4d2fb31ae07dfde7ee5f 2f67a15afa1c4778a399fff4252924a4 - - - -] 10.0.0.167 "DELETE /v2.0/subnetpools/7b6b21d7-74be-4146-bdb3-9bb81787d6f6 HTTP/1.1" status: 204 len: 168 time: 0.0651183
2026-08-04 16:41:14.329 10 INFO neutron.wsgi [None req-2d59bd5f-8dfc-440f-ac6d-97ad6f8eb7e8 c4e28e8e7e4a4d2fb31ae07dfde7ee5f 2f67a15afa1c4778a399fff4252924a4 - - - -] 10.0.0.167 "DELETE /v2.0/subnetpools/23b8a8de-dbcc-41a7-a284-1add35927007 HTTP/1.1" status: 204 len: 168 time: 0.0651665
2026-08-04 16:41:14.393 10 INFO neutron.wsgi [None req-316fbc40-f4c1-4936-ac15-d7161a1447c6 c4e28e8e7e4a4d2fb31ae07dfde7ee5f 2f67a15afa1c4778a399fff4252924a4 - - - -] 10.0.0.167 "DELETE /v2.0/subnetpools/97ee7121-9ddd-4567-8bd5-12d899bb437f HTTP/1.1" status: 204 len: 168 time: 0.0589011
2026-08-04 16:41:14.462 10 INFO neutron.wsgi [None req-309ff60f-d1ba-4c1c-bcc2-531701e3b0c9 c4e28e8e7e4a4d2fb31ae07dfde7ee5f 2f67a15afa1c4778a399fff4252924a4 - - - -] 10.0.0.167 "DELETE /v2.0/subnetpools/781c6d07-2fa9-4e5c-b2cc-418e793bbba0 HTTP/1.1" status: 204 len: 168 time: 0.0628781
2026-08-04 16:41:14.538 9 WARNING neutron.scheduler.dhcp_agent_scheduler [None req-7d71c1f4-887c-4e97-8489-6fe07d14de01 41331a51fc1b40baae0608c32811be9b 2e0cbf92d7824bc4a7116d4d36e61d91 - - - -] No more DHCP agents
2026-08-04 16:41:14.542 9 WARNING neutron.api.rpc.agentnotifiers.dhcp_rpc_agent_api [None req-7d71c1f4-887c-4e97-8489-6fe07d14de01 41331a51fc1b40baae0608c32811be9b 2e0cbf92d7824bc4a7116d4d36e61d91 - - - -] Unable to schedule network be01a81d-e58a-403a-b5c3-5877a2d8a2d3: no agents available; will retry on subsequent port and subnet creation events.
2026-08-04 16:41:14.548 10 INFO neutron.wsgi [None req-b992ac7e-f78d-4593-9859-bb1acbec06b0 c4e28e8e7e4a4d2fb31ae07dfde7ee5f 2f67a15afa1c4778a399fff4252924a4 - - - -] 10.0.0.167 "DELETE /v2.0/subnetpools/19520c89-9c8d-44af-840d-2b91e3874f8a HTTP/1.1" status: 204 len: 168 time: 0.0794938
2026-08-04 16:41:14.638 9 INFO neutron.db.ovn_revision_numbers_db [None req-7d71c1f4-887c-4e97-8489-6fe07d14de01 41331a51fc1b40baae0608c32811be9b 2e0cbf92d7824bc4a7116d4d36e61d91 - - - -] Successfully bumped revision number for resource 696cd3a4-cf19-47d9-88da-fb1428400263 (type: ports) to 1
2026-08-04 16:41:14.663 9 INFO neutron.wsgi [None req-7d71c1f4-887c-4e97-8489-6fe07d14de01 41331a51fc1b40baae0608c32811be9b 2e0cbf92d7824bc4a7116d4d36e61d91 - - - -] 10.0.0.167 "POST /v2.0/ports HTTP/1.1" status: 201 len: 942 time: 0.4140778 /var/lib/openstack/lib/python3.10/site-packages/pycadf/identifier.py:71: UserWarning: Invalid uuid: neutron. To ensure interoperability, identifiers should be a valid uuid. warnings.warn(('Invalid uuid: %s. To ensure interoperability, '
2026-08-04 16:41:14.775 9 INFO neutron.db.segments_db [None req-5e38c6a2-02ad-4af8-8072-270cc93eaf5e 41331a51fc1b40baae0608c32811be9b 2e0cbf92d7824bc4a7116d4d36e61d91 - - - -] Added segment b5f6bd58-daeb-4e0c-81d2-f3d27ed4bbd9 of type geneve for network 8096d833-5ceb-4e09-8982-7b577f1c75ed
2026-08-04 16:41:14.930 9 INFO neutron.db.ovn_revision_numbers_db [None req-5e38c6a2-02ad-4af8-8072-270cc93eaf5e 41331a51fc1b40baae0608c32811be9b 2e0cbf92d7824bc4a7116d4d36e61d91 - - - -] Successfully bumped revision number for resource 8096d833-5ceb-4e09-8982-7b577f1c75ed (type: networks) to 1
2026-08-04 16:41:15.165 9 WARNING neutron.scheduler.dhcp_agent_scheduler [None req-5e38c6a2-02ad-4af8-8072-270cc93eaf5e 41331a51fc1b40baae0608c32811be9b 2e0cbf92d7824bc4a7116d4d36e61d91 - - - -] No more DHCP agents
2026-08-04 16:41:15.168 9 WARNING neutron.api.rpc.agentnotifiers.dhcp_rpc_agent_api [None req-5e38c6a2-02ad-4af8-8072-270cc93eaf5e 41331a51fc1b40baae0608c32811be9b 2e0cbf92d7824bc4a7116d4d36e61d91 - - - -] Unable to schedule network 8096d833-5ceb-4e09-8982-7b577f1c75ed: no agents available; will retry on subsequent port and subnet creation events.
2026-08-04 16:41:15.257 9 INFO neutron.db.ovn_revision_numbers_db [None req-5e38c6a2-02ad-4af8-8072-270cc93eaf5e 41331a51fc1b40baae0608c32811be9b 2e0cbf92d7824bc4a7116d4d36e61d91 - - - -] Successfully bumped revision number for resource 909940f5-ca61-47a2-a618-c70856018b7e (type: ports) to 1
2026-08-04 16:41:15.288 9 INFO neutron.wsgi [None req-5e38c6a2-02ad-4af8-8072-270cc93eaf5e 41331a51fc1b40baae0608c32811be9b 2e0cbf92d7824bc4a7116d4d36e61d91 - - - -] 10.0.0.167 "POST /v2.0/networks HTTP/1.1" status: 201 len: 831 time: 0.6194930
2026-08-04 16:41:15.596 9 WARNING neutron.scheduler.dhcp_agent_scheduler [None req-992576ca-b3fb-4086-8ff4-8ac1f12aca80 41331a51fc1b40baae0608c32811be9b 2e0cbf92d7824bc4a7116d4d36e61d91 - - - -] No more DHCP agents
2026-08-04 16:41:15.597 9 WARNING neutron.api.rpc.agentnotifiers.dhcp_rpc_agent_api [None req-992576ca-b3fb-4086-8ff4-8ac1f12aca80 41331a51fc1b40baae0608c32811be9b 2e0cbf92d7824bc4a7116d4d36e61d91 - - - -] Unable to schedule network 8096d833-5ceb-4e09-8982-7b577f1c75ed: no agents available; will retry on subsequent port and subnet creation events.
2026-08-04 16:41:15.662 9 INFO neutron.db.ovn_revision_numbers_db [None req-992576ca-b3fb-4086-8ff4-8ac1f12aca80 41331a51fc1b40baae0608c32811be9b 2e0cbf92d7824bc4a7116d4d36e61d91 - - - -] Successfully bumped revision number for resource cf1e1f34-1df8-451a-a584-36645c53501f (type: ports) to 1
2026-08-04 16:41:15.687 9 INFO neutron.wsgi [None req-992576ca-b3fb-4086-8ff4-8ac1f12aca80 41331a51fc1b40baae0608c32811be9b 2e0cbf92d7824bc4a7116d4d36e61d91 - - - -] 10.0.0.167 "POST /v2.0/ports HTTP/1.1" status: 201 len: 942 time: 0.3952270 /var/lib/openstack/lib/python3.10/site-packages/pycadf/identifier.py:71: UserWarning: Invalid uuid: neutron. To ensure interoperability, identifiers should be a valid uuid. warnings.warn(('Invalid uuid: %s. To ensure interoperability, '
2026-08-04 16:41:15.780 9 INFO neutron.db.segments_db [None req-77663220-77d2-4dd0-bd6d-eeaf7b3b394c 41331a51fc1b40baae0608c32811be9b 2e0cbf92d7824bc4a7116d4d36e61d91 - - - -] Added segment bb6bea15-3373-42e0-a91e-7dd63b7352ab of type geneve for network 5208deef-6ac9-4b77-a6fb-cd1cde5c9e6e
2026-08-04 16:41:15.819 10 INFO neutron.db.ovn_revision_numbers_db [None req-923fba0e-2d8f-4219-b917-ed5e77cd9b5f d5867e2ccba9447db1c50aa0b7871135 6ec4ecb5933647d1accc41abf0065313 - - default default] Successfully bumped revision number for resource 6dd4e33e-bea6-43e0-81ba-ba272ed08165 (type: security_groups) to 1
2026-08-04 16:41:15.843 10 INFO neutron.wsgi [None req-923fba0e-2d8f-4219-b917-ed5e77cd9b5f d5867e2ccba9447db1c50aa0b7871135 6ec4ecb5933647d1accc41abf0065313 - - default default] 10.0.0.167 "GET /v2.0/security-groups?tenant_id=d1fc2aee4659426e909d947d74ad924a&name=default HTTP/1.1" status: 200 len: 2996 time: 0.3877470
2026-08-04 16:41:15.932 9 INFO neutron.db.ovn_revision_numbers_db [None req-77663220-77d2-4dd0-bd6d-eeaf7b3b394c 41331a51fc1b40baae0608c32811be9b 2e0cbf92d7824bc4a7116d4d36e61d91 - - - -] Successfully bumped revision number for resource 5208deef-6ac9-4b77-a6fb-cd1cde5c9e6e (type: networks) to 1
2026-08-04 16:41:16.163 9 WARNING neutron.scheduler.dhcp_agent_scheduler [None req-77663220-77d2-4dd0-bd6d-eeaf7b3b394c 41331a51fc1b40baae0608c32811be9b 2e0cbf92d7824bc4a7116d4d36e61d91 - - - -] No more DHCP agents
2026-08-04 16:41:16.166 9 WARNING neutron.api.rpc.agentnotifiers.dhcp_rpc_agent_api [None req-77663220-77d2-4dd0-bd6d-eeaf7b3b394c 41331a51fc1b40baae0608c32811be9b 2e0cbf92d7824bc4a7116d4d36e61d91 - - - -] Unable to schedule network 5208deef-6ac9-4b77-a6fb-cd1cde5c9e6e: no agents available; will retry on subsequent port and subnet creation events.
2026-08-04 16:41:16.185 9 INFO neutron.wsgi [None req-ace2bffa-26a6-412e-932e-7755743c58cc d5867e2ccba9447db1c50aa0b7871135 6ec4ecb5933647d1accc41abf0065313 - - - -] 10.0.0.167 "DELETE /v2.0/security-groups/6dd4e33e-bea6-43e0-81ba-ba272ed08165 HTTP/1.1" status: 204 len: 168 time: 0.3341608
2026-08-04 16:41:16.245 9 INFO neutron.db.ovn_revision_numbers_db [None req-77663220-77d2-4dd0-bd6d-eeaf7b3b394c 41331a51fc1b40baae0608c32811be9b 2e0cbf92d7824bc4a7116d4d36e61d91 - - - -] Successfully bumped revision number for resource 7fba8006-d50e-4d62-868a-eb3b0923d225 (type: ports) to 1
2026-08-04 16:41:16.275 9 INFO neutron.wsgi [None req-77663220-77d2-4dd0-bd6d-eeaf7b3b394c 41331a51fc1b40baae0608c32811be9b 2e0cbf92d7824bc4a7116d4d36e61d91 - - - -] 10.0.0.167 "POST /v2.0/networks HTTP/1.1" status: 201 len: 830 time: 0.5821292
2026-08-04 16:41:16.401 10 INFO neutron.db.ovn_revision_numbers_db [None req-e744d99c-8aa7-4f5a-9d2b-9a492755dd5e d5867e2ccba9447db1c50aa0b7871135 6ec4ecb5933647d1accc41abf0065313 - - default default] Successfully bumped revision number for resource 580b0fc6-1144-45a3-8634-94ea6e3c7c6a (type: security_groups) to 1
2026-08-04 16:41:16.429 10 INFO neutron.wsgi [None req-e744d99c-8aa7-4f5a-9d2b-9a492755dd5e d5867e2ccba9447db1c50aa0b7871135 6ec4ecb5933647d1accc41abf0065313 - - default default] 10.0.0.167 "GET /v2.0/security-groups?tenant_id=f5b1f7996b0441deaa075026bde07cfa&name=default HTTP/1.1" status: 200 len: 2996 time: 0.1295629
2026-08-04 16:41:16.602 9 WARNING neutron.scheduler.dhcp_agent_scheduler [None req-b1d739a7-00ce-4285-bce4-ab1ed0f59857 41331a51fc1b40baae0608c32811be9b 2e0cbf92d7824bc4a7116d4d36e61d91 - - - -] No more DHCP agents
2026-08-04 16:41:16.606 9 WARNING neutron.api.rpc.agentnotifiers.dhcp_rpc_agent_api [None req-b1d739a7-00ce-4285-bce4-ab1ed0f59857 41331a51fc1b40baae0608c32811be9b 2e0cbf92d7824bc4a7116d4d36e61d91 - - - -] Unable to schedule network 5208deef-6ac9-4b77-a6fb-cd1cde5c9e6e: no agents available; will retry on subsequent port and subnet creation events.
2026-08-04 16:41:16.685 10 INFO neutron.wsgi [None req-911c55a2-ff0b-4498-aa19-2fe93b72be19 d5867e2ccba9447db1c50aa0b7871135 6ec4ecb5933647d1accc41abf0065313 - - - -] 10.0.0.167 "DELETE /v2.0/security-groups/580b0fc6-1144-45a3-8634-94ea6e3c7c6a HTTP/1.1" status: 204 len: 168 time: 0.2492712
2026-08-04 16:41:16.736 9 INFO neutron.db.ovn_revision_numbers_db [None req-b1d739a7-00ce-4285-bce4-ab1ed0f59857 41331a51fc1b40baae0608c32811be9b 2e0cbf92d7824bc4a7116d4d36e61d91 - - - -] Successfully bumped revision number for resource 91b9a392-c47a-4961-9685-64ee126dca5c (type: ports) to 1
2026-08-04 16:41:16.787 9 INFO neutron.wsgi [None req-b1d739a7-00ce-4285-bce4-ab1ed0f59857 41331a51fc1b40baae0608c32811be9b 2e0cbf92d7824bc4a7116d4d36e61d91 - - - -] 10.0.0.167 "POST /v2.0/ports HTTP/1.1" status: 201 len: 942 time: 0.5067630 /var/lib/openstack/lib/python3.10/site-packages/pycadf/identifier.py:71: UserWarning: Invalid uuid: neutron. To ensure interoperability, identifiers should be a valid uuid. warnings.warn(('Invalid uuid: %s. To ensure interoperability, '
2026-08-04 16:41:16.884 9 WARNING neutron.scheduler.dhcp_agent_scheduler [None req-a49bdc4e-1f60-409c-982a-545945bdb06e 8abb05898cff4fa4a18165b39301715a 2131b311791a414ca9d386419344725c - - - -] No more DHCP agents
2026-08-04 16:41:16.887 9 WARNING neutron.api.rpc.agentnotifiers.dhcp_rpc_agent_api [None req-a49bdc4e-1f60-409c-982a-545945bdb06e 8abb05898cff4fa4a18165b39301715a 2131b311791a414ca9d386419344725c - - - -] Unable to schedule network 61d1bb28-b8fd-4ce2-9fb9-c853b9ebe6f7: no agents available; will retry on subsequent port and subnet creation events.
2026-08-04 16:41:16.932 9 INFO neutron.db.segments_db [None req-26a04ade-9f0c-42d0-9993-152387392bea 41331a51fc1b40baae0608c32811be9b 2e0cbf92d7824bc4a7116d4d36e61d91 - - - -] Added segment 95fa6132-41fa-40de-8d54-51413a8e508c of type geneve for network 3cdc3007-49fc-4344-96be-e343b142126c
2026-08-04 16:41:17.011 10 INFO neutron.db.ovn_revision_numbers_db [None req-b0c326eb-07a3-4bdc-889f-6722b12227f7 d5867e2ccba9447db1c50aa0b7871135 6ec4ecb5933647d1accc41abf0065313 - - default default] Successfully bumped revision number for resource 192f9789-6876-4667-ac6f-1fc2a7555b03 (type: security_groups) to 1
2026-08-04 16:41:17.034 10 INFO neutron.wsgi [None req-b0c326eb-07a3-4bdc-889f-6722b12227f7 d5867e2ccba9447db1c50aa0b7871135 6ec4ecb5933647d1accc41abf0065313 - - default default] 10.0.0.167 "GET /v2.0/security-groups?tenant_id=2f67a15afa1c4778a399fff4252924a4&name=default HTTP/1.1" status: 200 len: 2996 time: 0.1425803
2026-08-04 16:41:17.115 9 INFO neutron.db.ovn_revision_numbers_db [None req-26a04ade-9f0c-42d0-9993-152387392bea 41331a51fc1b40baae0608c32811be9b 2e0cbf92d7824bc4a7116d4d36e61d91 - - - -] Successfully bumped revision number for resource 3cdc3007-49fc-4344-96be-e343b142126c (type: networks) to 1
2026-08-04 16:41:17.239 10 INFO neutron.wsgi [None req-c46d4de0-7480-45cc-b57a-f24f4ada091e d5867e2ccba9447db1c50aa0b7871135 6ec4ecb5933647d1accc41abf0065313 - - - -] 10.0.0.167 "DELETE /v2.0/security-groups/192f9789-6876-4667-ac6f-1fc2a7555b03 HTTP/1.1" status: 204 len: 168 time: 0.1997118
2026-08-04 16:41:17.683 9 WARNING neutron.scheduler.dhcp_agent_scheduler [None req-26a04ade-9f0c-42d0-9993-152387392bea 41331a51fc1b40baae0608c32811be9b 2e0cbf92d7824bc4a7116d4d36e61d91 - - - -] No more DHCP agents
2026-08-04 16:41:17.686 9 WARNING neutron.api.rpc.agentnotifiers.dhcp_rpc_agent_api [None req-26a04ade-9f0c-42d0-9993-152387392bea 41331a51fc1b40baae0608c32811be9b 2e0cbf92d7824bc4a7116d4d36e61d91 - - - -] Unable to schedule network 3cdc3007-49fc-4344-96be-e343b142126c: no agents available; will retry on subsequent port and subnet creation events.
2026-08-04 16:41:17.708 9 INFO neutron.db.ovn_revision_numbers_db [None req-a49bdc4e-1f60-409c-982a-545945bdb06e 8abb05898cff4fa4a18165b39301715a 2131b311791a414ca9d386419344725c - - - -] Successfully bumped revision number for resource da3c2c14-07f5-4fb1-b727-03bb33470be4 (type: floatingips) to 0
2026-08-04 16:41:17.748 9 INFO neutron.wsgi [None req-a49bdc4e-1f60-409c-982a-545945bdb06e 8abb05898cff4fa4a18165b39301715a 2131b311791a414ca9d386419344725c - - - -] 10.0.0.167 "POST /v2.0/floatingips HTTP/1.1" status: 201 len: 751 time: 1.5171607
2026-08-04 16:41:17.763 9 INFO neutron.db.ovn_revision_numbers_db [None req-26a04ade-9f0c-42d0-9993-152387392bea 41331a51fc1b40baae0608c32811be9b 2e0cbf92d7824bc4a7116d4d36e61d91 - - - -] Successfully bumped revision number for resource 785a5dbc-2ad0-42fa-a34c-72c1a35ff52e (type: ports) to 1
2026-08-04 16:41:17.795 9 INFO neutron.wsgi [None req-26a04ade-9f0c-42d0-9993-152387392bea 41331a51fc1b40baae0608c32811be9b 2e0cbf92d7824bc4a7116d4d36e61d91 - - - -] 10.0.0.167 "POST /v2.0/networks HTTP/1.1" status: 201 len: 831 time: 1.0007129
2026-08-04 16:41:18.034 10 WARNING neutron.scheduler.dhcp_agent_scheduler [None req-b71b7d26-3a92-4380-967a-9e99b4411e19 8abb05898cff4fa4a18165b39301715a 2131b311791a414ca9d386419344725c - - - -] No more DHCP agents
2026-08-04 16:41:18.036 10 WARNING neutron.api.rpc.agentnotifiers.dhcp_rpc_agent_api [None req-b71b7d26-3a92-4380-967a-9e99b4411e19 8abb05898cff4fa4a18165b39301715a 2131b311791a414ca9d386419344725c - - - -] Unable to schedule network 61d1bb28-b8fd-4ce2-9fb9-c853b9ebe6f7: no agents available; will retry on subsequent port and subnet creation events.
2026-08-04 16:41:18.072 9 WARNING neutron.scheduler.dhcp_agent_scheduler [None req-4040c6d6-d61d-43b0-bbe5-739dd37cdfd5 41331a51fc1b40baae0608c32811be9b 2e0cbf92d7824bc4a7116d4d36e61d91 - - - -] No more DHCP agents
2026-08-04 16:41:18.076 9 WARNING neutron.api.rpc.agentnotifiers.dhcp_rpc_agent_api [None req-4040c6d6-d61d-43b0-bbe5-739dd37cdfd5 41331a51fc1b40baae0608c32811be9b 2e0cbf92d7824bc4a7116d4d36e61d91 - - - -] Unable to schedule network 3cdc3007-49fc-4344-96be-e343b142126c: no agents available; will retry on subsequent port and subnet creation events.
2026-08-04 16:41:18.143 9 INFO neutron.db.ovn_revision_numbers_db [None req-4040c6d6-d61d-43b0-bbe5-739dd37cdfd5 41331a51fc1b40baae0608c32811be9b 2e0cbf92d7824bc4a7116d4d36e61d91 - - - -] Successfully bumped revision number for resource e85d820f-b510-4069-ae5e-fabc69a56dde (type: ports) to 1
2026-08-04 16:41:18.175 9 INFO neutron.wsgi [None req-4040c6d6-d61d-43b0-bbe5-739dd37cdfd5 41331a51fc1b40baae0608c32811be9b 2e0cbf92d7824bc4a7116d4d36e61d91 - - - -] 10.0.0.167 "POST /v2.0/ports HTTP/1.1" status: 201 len: 942 time: 0.3750207 /var/lib/openstack/lib/python3.10/site-packages/pycadf/identifier.py:71: UserWarning: Invalid uuid: neutron. To ensure interoperability, identifiers should be a valid uuid. warnings.warn(('Invalid uuid: %s. To ensure interoperability, '
2026-08-04 16:41:18.229 9 INFO neutron.wsgi [None req-29a140c9-d8f6-43ad-ab1a-05ad06bbbbb6 41331a51fc1b40baae0608c32811be9b 2e0cbf92d7824bc4a7116d4d36e61d91 - - - -] 10.0.0.167 "PUT /v2.0/ports/be41b35e-5982-4d67-bb55-5c682e3594c1/tags HTTP/1.1" status: 200 len: 210 time: 0.0485654
2026-08-04 16:41:18.293 10 INFO neutron.wsgi [None req-4ff0b576-48ea-4ba8-88bb-bc0d04afce51 41331a51fc1b40baae0608c32811be9b 2e0cbf92d7824bc4a7116d4d36e61d91 - - - -] 10.0.0.167 "PUT /v2.0/ports/696cd3a4-cf19-47d9-88da-fb1428400263/tags HTTP/1.1" status: 200 len: 218 time: 0.0595560
2026-08-04 16:41:18.357 9 INFO neutron.wsgi [None req-87bea4c4-6c41-4412-9d37-207423e94c4b 41331a51fc1b40baae0608c32811be9b 2e0cbf92d7824bc4a7116d4d36e61d91 - - - -] 10.0.0.167 "PUT /v2.0/ports/cf1e1f34-1df8-451a-a584-36645c53501f/tags HTTP/1.1" status: 200 len: 227 time: 0.0576866
2026-08-04 16:41:18.395 10 INFO neutron.db.ovn_revision_numbers_db [None req-b71b7d26-3a92-4380-967a-9e99b4411e19 8abb05898cff4fa4a18165b39301715a 2131b311791a414ca9d386419344725c - - - -] Successfully bumped revision number for resource 88b1496b-b73c-4123-8638-65b2c539d0d5 (type: floatingips) to 0
2026-08-04 16:41:18.405 9 INFO neutron.wsgi [None req-50340ef0-83a3-4aba-82c2-5896e8eae110 41331a51fc1b40baae0608c32811be9b 2e0cbf92d7824bc4a7116d4d36e61d91 - - - -] 10.0.0.167 "PUT /v2.0/ports/91b9a392-c47a-4961-9685-64ee126dca5c/tags HTTP/1.1" status: 200 len: 212 time: 0.0428672
2026-08-04 16:41:18.415 10 INFO neutron.wsgi [None req-b71b7d26-3a92-4380-967a-9e99b4411e19 8abb05898cff4fa4a18165b39301715a 2131b311791a414ca9d386419344725c - - - -] 10.0.0.167 "POST /v2.0/floatingips HTTP/1.1" status: 201 len: 751 time: 0.6594708
2026-08-04 16:41:18.641 10 INFO neutron.wsgi [None req-2129d14a-c8d4-46b4-a34b-f86401d4e682 41331a51fc1b40baae0608c32811be9b 2e0cbf92d7824bc4a7116d4d36e61d91 - - default default] 10.0.0.167 "GET /v2.0/ports?tags=red HTTP/1.1" status: 200 len: 2448 time: 0.2307782
2026-08-04 16:41:18.724 10 INFO neutron.wsgi [None req-4f2e28b3-011d-4f73-aa7d-095bad47ab74 41331a51fc1b40baae0608c32811be9b 2e0cbf92d7824bc4a7116d4d36e61d91 - - default default] 10.0.0.167 "GET /v2.0/ports?tags=red%2Cblue HTTP/1.1" status: 200 len: 1708 time: 0.0681396
2026-08-04 16:41:18.749 9 WARNING neutron.scheduler.dhcp_agent_scheduler [None req-b7695a9e-7aaa-417a-8735-75f675849e79 8abb05898cff4fa4a18165b39301715a 2131b311791a414ca9d386419344725c - - - -] No more DHCP agents
2026-08-04 16:41:18.752 9 WARNING neutron.api.rpc.agentnotifiers.dhcp_rpc_agent_api [None req-b7695a9e-7aaa-417a-8735-75f675849e79 8abb05898cff4fa4a18165b39301715a 2131b311791a414ca9d386419344725c - - - -] Unable to schedule network 61d1bb28-b8fd-4ce2-9fb9-c853b9ebe6f7: no agents available; will retry on subsequent port and subnet creation events.
2026-08-04 16:41:18.794 10 INFO neutron.wsgi [None req-e4166a9a-1d63-4f00-ab93-3075f9680086 41331a51fc1b40baae0608c32811be9b 2e0cbf92d7824bc4a7116d4d36e61d91 - - default default] 10.0.0.167 "GET /v2.0/ports?tags-any=blue HTTP/1.1" status: 200 len: 1708 time: 0.0635927
2026-08-04 16:41:18.848 10 INFO neutron.wsgi [None req-9a74057f-cefe-4e81-aba0-96fdfc6c67de 41331a51fc1b40baae0608c32811be9b 2e0cbf92d7824bc4a7116d4d36e61d91 - - default default] 10.0.0.167 "GET /v2.0/ports?tags-any=red%2Cblue HTTP/1.1" status: 200 len: 2448 time: 0.0474658
2026-08-04 16:41:19.049 10 INFO neutron.wsgi [None req-0225aee6-5e72-487e-a93b-39b12dfdf02d 41331a51fc1b40baae0608c32811be9b 2e0cbf92d7824bc4a7116d4d36e61d91 - - default default] 10.0.0.167 "GET /v2.0/ports?not-tags=red HTTP/1.1" status: 200 len: 5463 time: 0.1952536
2026-08-04 16:41:19.094 9 INFO neutron.db.ovn_revision_numbers_db [None req-b7695a9e-7aaa-417a-8735-75f675849e79 8abb05898cff4fa4a18165b39301715a 2131b311791a414ca9d386419344725c - - - -] Successfully bumped revision number for resource 51742ffa-85b1-45e1-8cb2-bbfb731a25bd (type: floatingips) to 0
2026-08-04 16:41:19.110 9 INFO neutron.wsgi [None req-b7695a9e-7aaa-417a-8735-75f675849e79 8abb05898cff4fa4a18165b39301715a 2131b311791a414ca9d386419344725c - - - -] 10.0.0.167 "POST /v2.0/floatingips HTTP/1.1" status: 201 len: 751 time: 0.6855710
2026-08-04 16:41:19.153 10 INFO neutron.wsgi [None req-e2f8b762-28f7-43b9-a3fc-4eec41a7dae4 41331a51fc1b40baae0608c32811be9b 2e0cbf92d7824bc4a7116d4d36e61d91 - - default default] 10.0.0.167 "GET /v2.0/ports?not-tags=red%2Cblue HTTP/1.1" status: 200 len: 6203 time: 0.0986812
2026-08-04 16:41:19.240 10 INFO neutron.wsgi [None req-72abbba8-6a00-4eec-97e8-3bf27a7f214f 41331a51fc1b40baae0608c32811be9b 2e0cbf92d7824bc4a7116d4d36e61d91 - - default default] 10.0.0.167 "GET /v2.0/ports?not-tags-any=blue HTTP/1.1" status: 200 len: 6203 time: 0.0809171
2026-08-04 16:41:19.308 10 INFO neutron.wsgi [None req-48540bdd-9870-4ec6-be0f-30239e696705 41331a51fc1b40baae0608c32811be9b 2e0cbf92d7824bc4a7116d4d36e61d91 - - default default] 10.0.0.167 "GET /v2.0/ports?not-tags-any=red%2Cblue HTTP/1.1" status: 200 len: 5463 time: 0.0618944
2026-08-04 16:41:19.409 9 WARNING neutron.scheduler.dhcp_agent_scheduler [None req-dadb6880-17ee-41b7-bf71-26533647ae3d 8abb05898cff4fa4a18165b39301715a 2131b311791a414ca9d386419344725c - - - -] No more DHCP agents
2026-08-04 16:41:19.411 9 WARNING neutron.api.rpc.agentnotifiers.dhcp_rpc_agent_api [None req-dadb6880-17ee-41b7-bf71-26533647ae3d 8abb05898cff4fa4a18165b39301715a 2131b311791a414ca9d386419344725c - - - -] Unable to schedule network 61d1bb28-b8fd-4ce2-9fb9-c853b9ebe6f7: no agents available; will retry on subsequent port and subnet creation events.
