2026-08-04 16:37:25.622 9 INFO neutron.wsgi [req-d250fbd0-17d3-4bd9-b92a-4b243d089d21 req-ed93c47f-1504-4895-8c1c-88e8278d8689 94beb1c0deda49459b59a8e4aa8f0590 45492bb1d0154d5b96d0dd35cc77cd8e - - default default] 10.0.0.245 "GET /v2.0/security-groups?id=83cd799c-ef39-4110-93a7-df80241dffd2&fields=id&fields=name HTTP/1.1" status: 200 len: 313 time: 0.1427612
2026-08-04 16:37:25.675 9 INFO neutron.db.ovn_revision_numbers_db [None req-b01436a7-1c4f-4b47-98d7-31151978080d 94beb1c0deda49459b59a8e4aa8f0590 45492bb1d0154d5b96d0dd35cc77cd8e - - - -] Successfully bumped revision number for resource 7b8687fc-0c42-4567-92b2-3ffd14c525d9 (type: ports) to 1
2026-08-04 16:37:25.745 9 INFO neutron.wsgi [None req-b01436a7-1c4f-4b47-98d7-31151978080d 94beb1c0deda49459b59a8e4aa8f0590 45492bb1d0154d5b96d0dd35cc77cd8e - - - -] 199.19.213.137 "POST /v2.0/ports HTTP/1.1" status: 201 len: 1158 time: 1.3814654
2026-08-04 16:37:25.835 9 INFO neutron.wsgi [None req-deb0df3e-1e71-4ee9-9c42-d693fc73cc5f d5867e2ccba9447db1c50aa0b7871135 6ec4ecb5933647d1accc41abf0065313 - - - -] 10.0.0.167 "DELETE /v2.0/networks/0192e760-de7d-46b1-a604-986d6acd16ff HTTP/1.1" status: 204 len: 168 time: 1.2737100
2026-08-04 16:37:25.906 10 INFO neutron.db.ovn_revision_numbers_db [None req-8050ec5e-d914-46f7-aa32-2fb228c2838b 3b097d311a4a4c638583644899515cab 4c787b13fdd14d349750e6d5144fb437 - - - -] Successfully bumped revision number for resource c4ee5764-eb81-44fb-a230-b32926612c31 (type: ports) to 2 /var/lib/openstack/lib/python3.10/site-packages/pycadf/identifier.py:71: UserWarning: Invalid uuid: neutron. To ensure interoperability, identifiers should be a valid uuid. warnings.warn(('Invalid uuid: %s. To ensure interoperability, '
2026-08-04 16:37:26.055 10 INFO neutron.wsgi [None req-dddd263b-bc48-4ad5-8bce-2e79d63d82ce d5867e2ccba9447db1c50aa0b7871135 6ec4ecb5933647d1accc41abf0065313 - - default default] 10.0.0.167 "GET /v2.0/security-groups?tenant_id=3379f946678349e48b3e398221572038&name=default HTTP/1.1" status: 200 len: 2992 time: 0.0719945
2026-08-04 16:37:26.088 9 INFO neutron.db.ovn_revision_numbers_db [None req-bf202515-1b3a-4823-9d5f-3cd274afef13 - - - - - -] Successfully bumped revision number for resource 2e99c60b-0f8f-48a7-a3ef-a03d45eb88d5 (type: ports) to 3
2026-08-04 16:37:26.170 10 INFO neutron.wsgi [req-909da8da-2248-4254-8534-12780a236ba3 req-3cd0f147-b199-4d58-bd3b-32551247929d 48b8f7742b7f451d897d97f35e4e8cda 42cf299add8c4ec794fbb04d277cd1d6 - - default default] 10.0.0.245 "GET /v2.0/ports?device_id=c0de101e-2f41-490b-a7b6-95f346ff40a3 HTTP/1.1" status: 200 len: 1168 time: 0.1658883 /var/lib/openstack/lib/python3.10/site-packages/pycadf/identifier.py:71: UserWarning: Invalid uuid: neutron. To ensure interoperability, identifiers should be a valid uuid. warnings.warn(('Invalid uuid: %s. To ensure interoperability, '
2026-08-04 16:37:26.211 9 INFO neutron.services.segments.plugin [-] Segment c01ca5e9-a205-4b62-8d9f-c8b3275650e8 resource provider aggregate not found
2026-08-04 16:37:26.230 9 INFO neutron.services.segments.plugin [-] Segment c01ca5e9-a205-4b62-8d9f-c8b3275650e8 resource provider aggregate not found
2026-08-04 16:37:26.248 10 INFO neutron.wsgi [req-909da8da-2248-4254-8534-12780a236ba3 req-0cb418e2-5329-4808-b32b-65a17c91b50d 48b8f7742b7f451d897d97f35e4e8cda 42cf299add8c4ec794fbb04d277cd1d6 - - default default] 10.0.0.245 "GET /v2.0/security-groups?id=1ef22770-a9fc-43ed-8ef2-b03a6378e709&fields=id&fields=name HTTP/1.1" status: 200 len: 313 time: 0.0610638
2026-08-04 16:37:26.250 9 INFO neutron.services.segments.plugin [-] Segment c01ca5e9-a205-4b62-8d9f-c8b3275650e8 resource provider not found; error: Placement Client Error (4xx): {"errors": [{"status": 404, "title": "Not Found", "detail": "The resource could not be found.\n\n No resource provider with uuid c01ca5e9-a205-4b62-8d9f-c8b3275650e8 found for delete ", "request_id": "req-f45fec3e-25b7-43da-8c2b-8fec83656cc3"}]}
2026-08-04 16:37:26.252 9 INFO neutron.services.segments.plugin [-] Segment c01ca5e9-a205-4b62-8d9f-c8b3275650e8 resource provider not found; error: Placement Client Error (4xx): {"errors": [{"status": 404, "title": "Not Found", "detail": "The resource could not be found.\n\n No resource provider with uuid c01ca5e9-a205-4b62-8d9f-c8b3275650e8 found for delete ", "request_id": "req-8126f3be-863c-4c67-9dba-cfe0987e50b6"}]}
2026-08-04 16:37:26.255 10 INFO neutron.db.ovn_revision_numbers_db [None req-8050ec5e-d914-46f7-aa32-2fb228c2838b 3b097d311a4a4c638583644899515cab 4c787b13fdd14d349750e6d5144fb437 - - - -] Successfully bumped revision number for resource c4ee5764-eb81-44fb-a230-b32926612c31 (type: ports) to 2
2026-08-04 16:37:26.280 10 INFO neutron.wsgi [None req-8050ec5e-d914-46f7-aa32-2fb228c2838b 3b097d311a4a4c638583644899515cab 4c787b13fdd14d349750e6d5144fb437 - - - -] 199.19.213.137 "PUT /v2.0/ports/c4ee5764-eb81-44fb-a230-b32926612c31 HTTP/1.1" status: 200 len: 1328 time: 0.8497517
2026-08-04 16:37:26.331 9 INFO neutron.db.ovn_revision_numbers_db [None req-bf202515-1b3a-4823-9d5f-3cd274afef13 - - - - - -] Successfully bumped revision number for resource 2e99c60b-0f8f-48a7-a3ef-a03d45eb88d5 (type: router_ports) to 3
2026-08-04 16:37:26.381 10 INFO neutron.wsgi [req-04964cca-2c22-4877-8bbd-d1e7d4d4fb75 req-2287c623-c658-47ce-87f1-23f3d1a18400 3b097d311a4a4c638583644899515cab 4c787b13fdd14d349750e6d5144fb437 - - 5542a1e84d6847768ce2ec334b584dc7 5542a1e84d6847768ce2ec334b584dc7] 199.19.213.137 "GET /v2.0/ports?tenant_id=42cf299add8c4ec794fbb04d277cd1d6&device_id=c0de101e-2f41-490b-a7b6-95f346ff40a3 HTTP/1.1" status: 200 len: 1359 time: 0.0534487
2026-08-04 16:37:26.429 10 INFO neutron.wsgi [req-04964cca-2c22-4877-8bbd-d1e7d4d4fb75 req-5fb04dec-13a1-4fe2-a7cf-918b2f4a5450 3b097d311a4a4c638583644899515cab 4c787b13fdd14d349750e6d5144fb437 - - 5542a1e84d6847768ce2ec334b584dc7 5542a1e84d6847768ce2ec334b584dc7] 199.19.213.137 "GET /v2.0/floatingips?fixed_ip_address=10.100.0.9&port_id=c4ee5764-eb81-44fb-a230-b32926612c31 HTTP/1.1" status: 200 len: 217 time: 0.0432062
2026-08-04 16:37:26.476 10 INFO neutron.wsgi [None req-36e52ca9-4615-4e4a-8d39-0c3d533d65df d5867e2ccba9447db1c50aa0b7871135 6ec4ecb5933647d1accc41abf0065313 - - - -] 10.0.0.167 "DELETE /v2.0/security-groups/453cf071-25db-401a-adfd-69df22dbe06a HTTP/1.1" status: 204 len: 168 time: 0.4146428
2026-08-04 16:37:26.497 10 INFO neutron.wsgi [req-04964cca-2c22-4877-8bbd-d1e7d4d4fb75 req-665bc9ba-c83c-4408-9bc2-c767c411b46c 3b097d311a4a4c638583644899515cab 4c787b13fdd14d349750e6d5144fb437 - - 5542a1e84d6847768ce2ec334b584dc7 5542a1e84d6847768ce2ec334b584dc7] 199.19.213.137 "GET /v2.0/subnets?id=53ea0092-b514-4906-944f-80d02b660833 HTTP/1.1" status: 200 len: 869 time: 0.0580778
2026-08-04 16:37:26.547 10 INFO neutron.wsgi [req-04964cca-2c22-4877-8bbd-d1e7d4d4fb75 req-241639ae-d6af-4305-9d00-2207f5ff8f4f 3b097d311a4a4c638583644899515cab 4c787b13fdd14d349750e6d5144fb437 - - 5542a1e84d6847768ce2ec334b584dc7 5542a1e84d6847768ce2ec334b584dc7] 199.19.213.137 "GET /v2.0/ports?network_id=70b215a9-f63b-4ada-9ec6-61824dc8c661&device_owner=network%3Adhcp HTTP/1.1" status: 200 len: 210 time: 0.0419059
2026-08-04 16:37:26.617 9 INFO neutron.db.ovn_revision_numbers_db [None req-95e89fac-60c5-47f5-ba53-6c0586361f3a 3b097d311a4a4c638583644899515cab 4c787b13fdd14d349750e6d5144fb437 - - - -] Successfully bumped revision number for resource 7b8687fc-0c42-4567-92b2-3ffd14c525d9 (type: ports) to 2
2026-08-04 16:37:26.627 10 INFO neutron.wsgi [req-04964cca-2c22-4877-8bbd-d1e7d4d4fb75 req-37798f9c-ad5a-44bc-b035-cf37de34ffd3 3b097d311a4a4c638583644899515cab 4c787b13fdd14d349750e6d5144fb437 - - 5542a1e84d6847768ce2ec334b584dc7 5542a1e84d6847768ce2ec334b584dc7] 199.19.213.137 "GET /v2.0/networks/70b215a9-f63b-4ada-9ec6-61824dc8c661?fields=segments HTTP/1.1" status: 200 len: 212 time: 0.0718539 /var/lib/openstack/lib/python3.10/site-packages/pycadf/identifier.py:71: UserWarning: Invalid uuid: neutron. To ensure interoperability, identifiers should be a valid uuid. warnings.warn(('Invalid uuid: %s. To ensure interoperability, '
2026-08-04 16:37:26.744 9 INFO neutron.wsgi [req-2f143d01-0c7f-458a-a0eb-b5d9d2a10f63 req-7f9b4d2d-ec58-4061-a794-90b1b2c2cca8 94beb1c0deda49459b59a8e4aa8f0590 45492bb1d0154d5b96d0dd35cc77cd8e - - default default] 10.0.0.245 "GET /v2.0/ports?device_id=3c201e0c-7e2a-4961-8038-6c69f588baea HTTP/1.1" status: 200 len: 1168 time: 0.0409772
2026-08-04 16:37:26.845 9 INFO neutron.wsgi [None req-36c601ec-73a0-4615-a10b-eb1c4b84d067 d5867e2ccba9447db1c50aa0b7871135 6ec4ecb5933647d1accc41abf0065313 - - - -] 10.0.0.167 "PUT /v2.0/routers/1b8fc292-cc27-4435-97f0-d40fc59e686f/remove_router_interface HTTP/1.1" status: 200 len: 503 time: 2.8333917
2026-08-04 16:37:26.858 9 INFO neutron.wsgi [req-2f143d01-0c7f-458a-a0eb-b5d9d2a10f63 req-802f8a15-9b9d-4c71-9335-5909e8f2ecc6 94beb1c0deda49459b59a8e4aa8f0590 45492bb1d0154d5b96d0dd35cc77cd8e - - default default] 10.0.0.245 "GET /v2.0/security-groups?id=83cd799c-ef39-4110-93a7-df80241dffd2&fields=id&fields=name HTTP/1.1" status: 200 len: 313 time: 0.1071432
2026-08-04 16:37:26.924 9 INFO neutron.db.ovn_revision_numbers_db [None req-95e89fac-60c5-47f5-ba53-6c0586361f3a 3b097d311a4a4c638583644899515cab 4c787b13fdd14d349750e6d5144fb437 - - - -] Successfully bumped revision number for resource 7b8687fc-0c42-4567-92b2-3ffd14c525d9 (type: ports) to 2
2026-08-04 16:37:26.950 10 INFO neutron.wsgi [req-04964cca-2c22-4877-8bbd-d1e7d4d4fb75 req-33c1a9b8-49c5-4467-b51f-d7061268b787 3b097d311a4a4c638583644899515cab 4c787b13fdd14d349750e6d5144fb437 - - 5542a1e84d6847768ce2ec334b584dc7 5542a1e84d6847768ce2ec334b584dc7] 199.19.213.137 "GET /v2.0/networks/70b215a9-f63b-4ada-9ec6-61824dc8c661?fields=provider%3Aphysical_network&fields=provider%3Anetwork_type HTTP/1.1" status: 200 len: 277 time: 0.3103373
2026-08-04 16:37:26.956 9 INFO neutron.wsgi [None req-95e89fac-60c5-47f5-ba53-6c0586361f3a 3b097d311a4a4c638583644899515cab 4c787b13fdd14d349750e6d5144fb437 - - - -] 199.19.213.137 "PUT /v2.0/ports/7b8687fc-0c42-4567-92b2-3ffd14c525d9 HTTP/1.1" status: 200 len: 1328 time: 1.2024093 /var/lib/openstack/lib/python3.10/site-packages/pycadf/identifier.py:71: UserWarning: Invalid uuid: neutron. To ensure interoperability, identifiers should be a valid uuid. warnings.warn(('Invalid uuid: %s. To ensure interoperability, '
2026-08-04 16:37:27.010 10 INFO neutron.notifiers.nova [-] Nova event matching ['req-a033a2b5-5d0d-4ad8-9c54-3ca554b96c2f'] response: {'name': 'network-changed', 'server_uuid': 'c0de101e-2f41-490b-a7b6-95f346ff40a3', 'tag': 'c4ee5764-eb81-44fb-a230-b32926612c31', 'status': 'completed', 'code': 200}
2026-08-04 16:37:27.060 9 INFO neutron.wsgi [req-1253ad82-eeb6-4d25-b954-fadcb44f2e21 req-6ad49a94-7e00-4268-ae1e-96d6ad125ddc 3b097d311a4a4c638583644899515cab 4c787b13fdd14d349750e6d5144fb437 - - 5542a1e84d6847768ce2ec334b584dc7 5542a1e84d6847768ce2ec334b584dc7] 199.19.213.137 "GET /v2.0/ports?tenant_id=45492bb1d0154d5b96d0dd35cc77cd8e&device_id=3c201e0c-7e2a-4961-8038-6c69f588baea HTTP/1.1" status: 200 len: 1359 time: 0.0550025
2026-08-04 16:37:27.072 10 INFO neutron.wsgi [req-a56ffe84-6cd6-4ab0-8276-8d014ded577d req-cf9f3b16-9ef3-4156-ba98-5c779dc2b36c 3b097d311a4a4c638583644899515cab 4c787b13fdd14d349750e6d5144fb437 - - 5542a1e84d6847768ce2ec334b584dc7 5542a1e84d6847768ce2ec334b584dc7] 199.19.213.137 "GET /v2.0/ports?tenant_id=42cf299add8c4ec794fbb04d277cd1d6&device_id=c0de101e-2f41-490b-a7b6-95f346ff40a3 HTTP/1.1" status: 200 len: 1359 time: 0.0470989
2026-08-04 16:37:27.109 9 INFO neutron.wsgi [req-1253ad82-eeb6-4d25-b954-fadcb44f2e21 req-8376a6bf-90ed-4f47-b8d3-a468f2b3502e 3b097d311a4a4c638583644899515cab 4c787b13fdd14d349750e6d5144fb437 - - 5542a1e84d6847768ce2ec334b584dc7 5542a1e84d6847768ce2ec334b584dc7] 199.19.213.137 "GET /v2.0/floatingips?fixed_ip_address=10.100.0.9&port_id=7b8687fc-0c42-4567-92b2-3ffd14c525d9 HTTP/1.1" status: 200 len: 217 time: 0.0396588
2026-08-04 16:37:27.154 10 INFO neutron.wsgi [req-a56ffe84-6cd6-4ab0-8276-8d014ded577d req-ace9d579-15b0-4b77-b98e-c5f491c6fed7 3b097d311a4a4c638583644899515cab 4c787b13fdd14d349750e6d5144fb437 - - 5542a1e84d6847768ce2ec334b584dc7 5542a1e84d6847768ce2ec334b584dc7] 199.19.213.137 "GET /v2.0/networks?id=70b215a9-f63b-4ada-9ec6-61824dc8c661 HTTP/1.1" status: 200 len: 974 time: 0.0784554
2026-08-04 16:37:27.170 9 INFO neutron.wsgi [req-1253ad82-eeb6-4d25-b954-fadcb44f2e21 req-f82b115f-cb24-46b8-83b8-42594ef8dec6 3b097d311a4a4c638583644899515cab 4c787b13fdd14d349750e6d5144fb437 - - 5542a1e84d6847768ce2ec334b584dc7 5542a1e84d6847768ce2ec334b584dc7] 199.19.213.137 "GET /v2.0/subnets?id=ff80c4cb-109d-40d3-a624-a18cba354ed6 HTTP/1.1" status: 200 len: 877 time: 0.0369122
2026-08-04 16:37:27.218 9 INFO neutron.wsgi [req-1253ad82-eeb6-4d25-b954-fadcb44f2e21 req-48c835f4-59b4-4a10-b986-af876c77e5aa 3b097d311a4a4c638583644899515cab 4c787b13fdd14d349750e6d5144fb437 - - 5542a1e84d6847768ce2ec334b584dc7 5542a1e84d6847768ce2ec334b584dc7] 199.19.213.137 "GET /v2.0/ports?network_id=5ce1134e-3a4e-49f9-b2c4-0a66b854de78&device_owner=network%3Adhcp HTTP/1.1" status: 200 len: 210 time: 0.0339794
2026-08-04 16:37:27.223 10 INFO neutron.wsgi [req-a56ffe84-6cd6-4ab0-8276-8d014ded577d req-37302a5e-74c4-4403-8797-4462a4ce05dd 3b097d311a4a4c638583644899515cab 4c787b13fdd14d349750e6d5144fb437 - - 5542a1e84d6847768ce2ec334b584dc7 5542a1e84d6847768ce2ec334b584dc7] 199.19.213.137 "GET /v2.0/floatingips?fixed_ip_address=10.100.0.9&port_id=c4ee5764-eb81-44fb-a230-b32926612c31 HTTP/1.1" status: 200 len: 217 time: 0.0397873
2026-08-04 16:37:27.287 10 INFO neutron.wsgi [req-a56ffe84-6cd6-4ab0-8276-8d014ded577d req-2efdf9ce-c564-441a-9d3e-0dd494e67460 3b097d311a4a4c638583644899515cab 4c787b13fdd14d349750e6d5144fb437 - - 5542a1e84d6847768ce2ec334b584dc7 5542a1e84d6847768ce2ec334b584dc7] 199.19.213.137 "GET /v2.0/subnets?id=53ea0092-b514-4906-944f-80d02b660833 HTTP/1.1" status: 200 len: 869 time: 0.0435658
2026-08-04 16:37:27.314 9 INFO neutron.wsgi [req-1253ad82-eeb6-4d25-b954-fadcb44f2e21 req-36a5189a-9af6-4ad4-ba29-88548e90b1bb 3b097d311a4a4c638583644899515cab 4c787b13fdd14d349750e6d5144fb437 - - 5542a1e84d6847768ce2ec334b584dc7 5542a1e84d6847768ce2ec334b584dc7] 199.19.213.137 "GET /v2.0/networks/5ce1134e-3a4e-49f9-b2c4-0a66b854de78?fields=segments HTTP/1.1" status: 200 len: 212 time: 0.0756805
2026-08-04 16:37:27.374 10 INFO neutron.wsgi [req-a56ffe84-6cd6-4ab0-8276-8d014ded577d req-d5e15402-283d-43be-af75-730bee59b311 3b097d311a4a4c638583644899515cab 4c787b13fdd14d349750e6d5144fb437 - - 5542a1e84d6847768ce2ec334b584dc7 5542a1e84d6847768ce2ec334b584dc7] 199.19.213.137 "GET /v2.0/ports?network_id=70b215a9-f63b-4ada-9ec6-61824dc8c661&device_owner=network%3Adhcp HTTP/1.1" status: 200 len: 210 time: 0.0496213
2026-08-04 16:37:27.389 10 INFO neutron.wsgi [req-c949a607-3e7a-402c-8080-99c458a6a7b2 req-f3a30951-4457-42d2-b180-1d03b3fe317d 48b8f7742b7f451d897d97f35e4e8cda 42cf299add8c4ec794fbb04d277cd1d6 - - default default] 10.0.0.245 "GET /v2.0/ports?device_id=c0de101e-2f41-490b-a7b6-95f346ff40a3 HTTP/1.1" status: 200 len: 1168 time: 0.0631223
2026-08-04 16:37:27.475 10 INFO neutron.wsgi [-] 10.0.0.139 "GET / HTTP/1.1" status: 200 len: 247 time: 0.0013647
2026-08-04 16:37:27.476 10 INFO neutron.wsgi [-] 10.0.0.139 "GET / HTTP/1.1" status: 200 len: 247 time: 0.0008700
2026-08-04 16:37:27.483 10 INFO neutron.wsgi [req-c949a607-3e7a-402c-8080-99c458a6a7b2 req-96038a17-17bb-491f-be5d-af4c7f6a656e 48b8f7742b7f451d897d97f35e4e8cda 42cf299add8c4ec794fbb04d277cd1d6 - - default default] 10.0.0.245 "GET /v2.0/security-groups?id=1ef22770-a9fc-43ed-8ef2-b03a6378e709&fields=id&fields=name HTTP/1.1" status: 200 len: 313 time: 0.0721166
2026-08-04 16:37:27.517 10 INFO neutron.wsgi [req-a56ffe84-6cd6-4ab0-8276-8d014ded577d req-e472fbb9-bb9a-4ce3-9438-cc991a0c2892 3b097d311a4a4c638583644899515cab 4c787b13fdd14d349750e6d5144fb437 - - 5542a1e84d6847768ce2ec334b584dc7 5542a1e84d6847768ce2ec334b584dc7] 199.19.213.137 "GET /v2.0/networks/70b215a9-f63b-4ada-9ec6-61824dc8c661?fields=segments HTTP/1.1" status: 200 len: 212 time: 0.1265438
2026-08-04 16:37:27.594 9 INFO neutron.notifiers.nova [-] Nova event matching ['req-fd39e43e-d7eb-429d-a7f3-bb92672165d3'] response: {'name': 'network-changed', 'server_uuid': '3c201e0c-7e2a-4961-8038-6c69f588baea', 'tag': '7b8687fc-0c42-4567-92b2-3ffd14c525d9', 'status': 'completed', 'code': 200}
2026-08-04 16:37:27.612 9 INFO neutron.wsgi [req-1253ad82-eeb6-4d25-b954-fadcb44f2e21 req-442122c0-5469-4654-b04e-92f1ded09cfe 3b097d311a4a4c638583644899515cab 4c787b13fdd14d349750e6d5144fb437 - - 5542a1e84d6847768ce2ec334b584dc7 5542a1e84d6847768ce2ec334b584dc7] 199.19.213.137 "GET /v2.0/networks/5ce1134e-3a4e-49f9-b2c4-0a66b854de78?fields=provider%3Aphysical_network&fields=provider%3Anetwork_type HTTP/1.1" status: 200 len: 277 time: 0.2725751
2026-08-04 16:37:27.755 10 INFO neutron.wsgi [req-a56ffe84-6cd6-4ab0-8276-8d014ded577d req-3311ad88-03d2-4c02-b26a-002764b86098 3b097d311a4a4c638583644899515cab 4c787b13fdd14d349750e6d5144fb437 - - 5542a1e84d6847768ce2ec334b584dc7 5542a1e84d6847768ce2ec334b584dc7] 199.19.213.137 "GET /v2.0/networks/70b215a9-f63b-4ada-9ec6-61824dc8c661?fields=provider%3Aphysical_network&fields=provider%3Anetwork_type HTTP/1.1" status: 200 len: 277 time: 0.1283760
2026-08-04 16:37:27.769 9 INFO neutron.wsgi [req-b88ac8ea-bc77-4802-a465-dd24df921394 req-d2dbc4a4-43bc-4265-8dd9-96316acac28a 3b097d311a4a4c638583644899515cab 4c787b13fdd14d349750e6d5144fb437 - - 5542a1e84d6847768ce2ec334b584dc7 5542a1e84d6847768ce2ec334b584dc7] 199.19.213.137 "GET /v2.0/ports?tenant_id=45492bb1d0154d5b96d0dd35cc77cd8e&device_id=3c201e0c-7e2a-4961-8038-6c69f588baea HTTP/1.1" status: 200 len: 1359 time: 0.0500245
2026-08-04 16:37:27.784 10 INFO neutron.wsgi [None req-52a7db7c-008c-4b22-b8ec-e21f95294642 d5867e2ccba9447db1c50aa0b7871135 6ec4ecb5933647d1accc41abf0065313 - - - -] 10.0.0.167 "DELETE /v2.0/routers/1b8fc292-cc27-4435-97f0-d40fc59e686f HTTP/1.1" status: 204 len: 168 time: 0.9313266
2026-08-04 16:37:27.856 9 INFO neutron.wsgi [req-b88ac8ea-bc77-4802-a465-dd24df921394 req-6e163cda-48db-4e47-86a8-452f1fa88b59 3b097d311a4a4c638583644899515cab 4c787b13fdd14d349750e6d5144fb437 - - 5542a1e84d6847768ce2ec334b584dc7 5542a1e84d6847768ce2ec334b584dc7] 199.19.213.137 "GET /v2.0/networks?id=5ce1134e-3a4e-49f9-b2c4-0a66b854de78 HTTP/1.1" status: 200 len: 981 time: 0.0800052
2026-08-04 16:37:27.900 9 INFO neutron.wsgi [req-b88ac8ea-bc77-4802-a465-dd24df921394 req-e9a584b7-6e7f-4c30-979f-42e5691ab9d8 3b097d311a4a4c638583644899515cab 4c787b13fdd14d349750e6d5144fb437 - - 5542a1e84d6847768ce2ec334b584dc7 5542a1e84d6847768ce2ec334b584dc7] 199.19.213.137 "GET /v2.0/floatingips?fixed_ip_address=10.100.0.9&port_id=7b8687fc-0c42-4567-92b2-3ffd14c525d9 HTTP/1.1" status: 200 len: 217 time: 0.0334964
2026-08-04 16:37:27.953 9 INFO neutron.wsgi [req-b88ac8ea-bc77-4802-a465-dd24df921394 req-1dd5b9fb-3814-44dc-9342-0e6d90367467 3b097d311a4a4c638583644899515cab 4c787b13fdd14d349750e6d5144fb437 - - 5542a1e84d6847768ce2ec334b584dc7 5542a1e84d6847768ce2ec334b584dc7] 199.19.213.137 "GET /v2.0/subnets?id=ff80c4cb-109d-40d3-a624-a18cba354ed6 HTTP/1.1" status: 200 len: 877 time: 0.0429242
2026-08-04 16:37:27.976 10 INFO neutron.wsgi [None req-158252f2-b795-4149-8747-023ddf8bbc7d d5867e2ccba9447db1c50aa0b7871135 6ec4ecb5933647d1accc41abf0065313 - - - -] 10.0.0.167 "DELETE /v2.0/subnets/70437353-0066-49e5-9d99-d9a41d9ad74b HTTP/1.1" status: 204 len: 168 time: 0.1871612
2026-08-04 16:37:28.006 9 INFO neutron.wsgi [req-b88ac8ea-bc77-4802-a465-dd24df921394 req-d65bf541-b592-4285-8e61-1bc68dd6dce4 3b097d311a4a4c638583644899515cab 4c787b13fdd14d349750e6d5144fb437 - - 5542a1e84d6847768ce2ec334b584dc7 5542a1e84d6847768ce2ec334b584dc7] 199.19.213.137 "GET /v2.0/ports?network_id=5ce1134e-3a4e-49f9-b2c4-0a66b854de78&device_owner=network%3Adhcp HTTP/1.1" status: 200 len: 210 time: 0.0349634
2026-08-04 16:37:28.015 9 INFO neutron.wsgi [req-d3a5758b-52d8-4ab5-9aa7-189c60015697 req-95e96398-9637-4bca-96e0-ebb0af4f1193 94beb1c0deda49459b59a8e4aa8f0590 45492bb1d0154d5b96d0dd35cc77cd8e - - default default] 10.0.0.245 "GET /v2.0/ports?device_id=3c201e0c-7e2a-4961-8038-6c69f588baea HTTP/1.1" status: 200 len: 1168 time: 0.0774744
2026-08-04 16:37:28.093 9 INFO neutron.wsgi [req-d3a5758b-52d8-4ab5-9aa7-189c60015697 req-78c40654-4ecf-4285-ab5a-edf23b5f7246 94beb1c0deda49459b59a8e4aa8f0590 45492bb1d0154d5b96d0dd35cc77cd8e - - default default] 10.0.0.245 "GET /v2.0/security-groups?id=83cd799c-ef39-4110-93a7-df80241dffd2&fields=id&fields=name HTTP/1.1" status: 200 len: 313 time: 0.0644071
2026-08-04 16:37:28.115 9 INFO neutron.wsgi [req-b88ac8ea-bc77-4802-a465-dd24df921394 req-d14c2b4c-8dc2-4d6d-a84c-ada5db113abf 3b097d311a4a4c638583644899515cab 4c787b13fdd14d349750e6d5144fb437 - - 5542a1e84d6847768ce2ec334b584dc7 5542a1e84d6847768ce2ec334b584dc7] 199.19.213.137 "GET /v2.0/networks/5ce1134e-3a4e-49f9-b2c4-0a66b854de78?fields=segments HTTP/1.1" status: 200 len: 212 time: 0.0953808
2026-08-04 16:37:28.228 9 INFO neutron.wsgi [req-b88ac8ea-bc77-4802-a465-dd24df921394 req-93098bd4-9ac6-4043-9581-43bbe9c1becb 3b097d311a4a4c638583644899515cab 4c787b13fdd14d349750e6d5144fb437 - - 5542a1e84d6847768ce2ec334b584dc7 5542a1e84d6847768ce2ec334b584dc7] 199.19.213.137 "GET /v2.0/networks/5ce1134e-3a4e-49f9-b2c4-0a66b854de78?fields=provider%3Aphysical_network&fields=provider%3Anetwork_type HTTP/1.1" status: 200 len: 277 time: 0.1063499
2026-08-04 16:37:28.435 9 INFO neutron.services.segments.plugin [-] Segment 86d2f5cd-a665-4d1f-9c00-be46e9fbe196 resource provider aggregate not found
2026-08-04 16:37:28.445 9 INFO neutron.services.segments.plugin [-] Segment 86d2f5cd-a665-4d1f-9c00-be46e9fbe196 resource provider aggregate not found
2026-08-04 16:37:28.480 9 INFO neutron.services.segments.plugin [-] Segment 86d2f5cd-a665-4d1f-9c00-be46e9fbe196 resource provider not found; error: Placement Client Error (4xx): {"errors": [{"status": 404, "title": "Not Found", "detail": "The resource could not be found.\n\n No resource provider with uuid 86d2f5cd-a665-4d1f-9c00-be46e9fbe196 found for delete ", "request_id": "req-114d1930-baf9-484b-b536-6ddb07a3f018"}]}
2026-08-04 16:37:28.491 9 INFO neutron.services.segments.plugin [-] Segment 86d2f5cd-a665-4d1f-9c00-be46e9fbe196 resource provider not found; error: Placement Client Error (4xx): {"errors": [{"status": 404, "title": "Not Found", "detail": "The resource could not be found.\n\n No resource provider with uuid 86d2f5cd-a665-4d1f-9c00-be46e9fbe196 found for delete ", "request_id": "req-3b17bd50-1346-4a73-a94c-7051fb688851"}]}
2026-08-04 16:37:28.516 9 INFO neutron.wsgi [None req-ccf7289d-90a8-4719-aeb5-60db9e2e2c4b d5867e2ccba9447db1c50aa0b7871135 6ec4ecb5933647d1accc41abf0065313 - - - -] 10.0.0.167 "DELETE /v2.0/networks/a1765ce1-993a-45ac-8e0b-d3e2584a55be HTTP/1.1" status: 204 len: 168 time: 0.5329840
2026-08-04 16:37:28.604 10 INFO neutron.wsgi [req-6d8f239f-381a-4c44-8619-dd02fea2bc50 req-2a7c2870-9c12-481b-a860-a06ef966c91d 48b8f7742b7f451d897d97f35e4e8cda 42cf299add8c4ec794fbb04d277cd1d6 - - default default] 10.0.0.245 "GET /v2.0/ports?device_id=c0de101e-2f41-490b-a7b6-95f346ff40a3 HTTP/1.1" status: 200 len: 1168 time: 0.0337746
2026-08-04 16:37:28.650 10 INFO neutron.wsgi [req-6d8f239f-381a-4c44-8619-dd02fea2bc50 req-4b29d631-d8f1-4152-a868-a0f52e54de1c 48b8f7742b7f451d897d97f35e4e8cda 42cf299add8c4ec794fbb04d277cd1d6 - - default default] 10.0.0.245 "GET /v2.0/security-groups?id=1ef22770-a9fc-43ed-8ef2-b03a6378e709&fields=id&fields=name HTTP/1.1" status: 200 len: 313 time: 0.0388961
2026-08-04 16:37:28.717 10 INFO neutron.wsgi [None req-819adbdd-ccfa-45cd-a948-a7b9bcd63521 d5867e2ccba9447db1c50aa0b7871135 6ec4ecb5933647d1accc41abf0065313 - - default default] 10.0.0.167 "GET /v2.0/security-groups?tenant_id=e0b4ec56dbf64b4faee906dd4aba6b02&name=default HTTP/1.1" status: 200 len: 2992 time: 0.0491917
2026-08-04 16:37:28.718 9 INFO neutron.db.ovn_revision_numbers_db [None req-d463399d-d4f9-436e-a14e-bf916f6d5c55 d5867e2ccba9447db1c50aa0b7871135 6ec4ecb5933647d1accc41abf0065313 - - - -] Successfully bumped revision number for resource 29176d30-6338-45b0-94ec-0716abfd6e83 (type: security_groups) to 1
2026-08-04 16:37:28.772 9 INFO neutron.db.segments_db [None req-d463399d-d4f9-436e-a14e-bf916f6d5c55 d5867e2ccba9447db1c50aa0b7871135 6ec4ecb5933647d1accc41abf0065313 - - - -] Added segment 64048438-1329-4b84-a33c-fb393c00eb82 of type geneve for network c3fd87a2-5b68-4aea-987f-00750d2a60f4
2026-08-04 16:37:28.889 9 INFO neutron.db.ovn_revision_numbers_db [None req-d463399d-d4f9-436e-a14e-bf916f6d5c55 d5867e2ccba9447db1c50aa0b7871135 6ec4ecb5933647d1accc41abf0065313 - - - -] Successfully bumped revision number for resource c3fd87a2-5b68-4aea-987f-00750d2a60f4 (type: networks) to 1
2026-08-04 16:37:28.929 10 INFO neutron.wsgi [None req-77b391a0-0326-425f-b86f-9b142cc9d4b0 d5867e2ccba9447db1c50aa0b7871135 6ec4ecb5933647d1accc41abf0065313 - - - -] 10.0.0.167 "DELETE /v2.0/security-groups/8b362507-8d94-4d6d-a3fe-cf7901eb99c5 HTTP/1.1" status: 204 len: 168 time: 0.2060609
2026-08-04 16:37:29.059 9 WARNING neutron.scheduler.dhcp_agent_scheduler [None req-d463399d-d4f9-436e-a14e-bf916f6d5c55 d5867e2ccba9447db1c50aa0b7871135 6ec4ecb5933647d1accc41abf0065313 - - - -] No more DHCP agents
2026-08-04 16:37:29.061 9 WARNING neutron.api.rpc.agentnotifiers.dhcp_rpc_agent_api [None req-d463399d-d4f9-436e-a14e-bf916f6d5c55 d5867e2ccba9447db1c50aa0b7871135 6ec4ecb5933647d1accc41abf0065313 - - - -] Unable to schedule network c3fd87a2-5b68-4aea-987f-00750d2a60f4: no agents available; will retry on subsequent port and subnet creation events.
2026-08-04 16:37:29.140 9 INFO neutron.db.ovn_revision_numbers_db [None req-d463399d-d4f9-436e-a14e-bf916f6d5c55 d5867e2ccba9447db1c50aa0b7871135 6ec4ecb5933647d1accc41abf0065313 - - - -] Successfully bumped revision number for resource bffe77c7-530d-435b-bad1-04ee23990fb4 (type: ports) to 1
2026-08-04 16:37:29.158 9 INFO neutron.wsgi [None req-d463399d-d4f9-436e-a14e-bf916f6d5c55 d5867e2ccba9447db1c50aa0b7871135 6ec4ecb5933647d1accc41abf0065313 - - - -] 10.0.0.167 "POST /v2.0/networks HTTP/1.1" status: 201 len: 950 time: 0.7680049
2026-08-04 16:37:29.227 9 INFO neutron.wsgi [req-b9a46629-3910-478c-b334-2b798d30b0e9 req-f10fde1b-48d8-4e60-b98e-38d23b8ecfc8 94beb1c0deda49459b59a8e4aa8f0590 45492bb1d0154d5b96d0dd35cc77cd8e - - default default] 10.0.0.245 "GET /v2.0/ports?device_id=3c201e0c-7e2a-4961-8038-6c69f588baea HTTP/1.1" status: 200 len: 1168 time: 0.0452189
2026-08-04 16:37:29.275 9 INFO neutron.wsgi [req-b9a46629-3910-478c-b334-2b798d30b0e9 req-137f2ec6-78f8-4330-b741-86e67e363b38 94beb1c0deda49459b59a8e4aa8f0590 45492bb1d0154d5b96d0dd35cc77cd8e - - default default] 10.0.0.245 "GET /v2.0/security-groups?id=83cd799c-ef39-4110-93a7-df80241dffd2&fields=id&fields=name HTTP/1.1" status: 200 len: 313 time: 0.0399232
2026-08-04 16:37:29.336 9 WARNING neutron.scheduler.dhcp_agent_scheduler [None req-f2e6ddef-8694-4929-b369-9e93978e224d d5867e2ccba9447db1c50aa0b7871135 6ec4ecb5933647d1accc41abf0065313 - - - -] No more DHCP agents
2026-08-04 16:37:29.338 9 WARNING neutron.api.rpc.agentnotifiers.dhcp_rpc_agent_api [None req-f2e6ddef-8694-4929-b369-9e93978e224d d5867e2ccba9447db1c50aa0b7871135 6ec4ecb5933647d1accc41abf0065313 - - - -] Unable to schedule network c3fd87a2-5b68-4aea-987f-00750d2a60f4: no agents available; will retry on subsequent port and subnet creation events.
2026-08-04 16:37:29.758 10 INFO neutron.wsgi [req-14ad5da6-d4d0-4ab2-8cd1-25ed7cfc61da req-49c51614-cc1a-41d0-a05d-b934a679036d 48b8f7742b7f451d897d97f35e4e8cda 42cf299add8c4ec794fbb04d277cd1d6 - - default default] 10.0.0.245 "GET /v2.0/ports?device_id=c0de101e-2f41-490b-a7b6-95f346ff40a3 HTTP/1.1" status: 200 len: 1168 time: 0.0374804
2026-08-04 16:37:29.795 10 INFO neutron.wsgi [req-14ad5da6-d4d0-4ab2-8cd1-25ed7cfc61da req-3c9b219c-f1eb-47a4-89bc-1aabed38bdeb 48b8f7742b7f451d897d97f35e4e8cda 42cf299add8c4ec794fbb04d277cd1d6 - - default default] 10.0.0.245 "GET /v2.0/security-groups?id=1ef22770-a9fc-43ed-8ef2-b03a6378e709&fields=id&fields=name HTTP/1.1" status: 200 len: 313 time: 0.0297523
2026-08-04 16:37:29.848 9 INFO neutron.db.ovn_revision_numbers_db [None req-f2e6ddef-8694-4929-b369-9e93978e224d d5867e2ccba9447db1c50aa0b7871135 6ec4ecb5933647d1accc41abf0065313 - - - -] Successfully bumped revision number for resource bffe77c7-530d-435b-bad1-04ee23990fb4 (type: ports) to 2
2026-08-04 16:37:29.864 9 INFO neutron.db.ovn_revision_numbers_db [None req-f2e6ddef-8694-4929-b369-9e93978e224d d5867e2ccba9447db1c50aa0b7871135 6ec4ecb5933647d1accc41abf0065313 - - - -] Successfully bumped revision number for resource b9c1f5a0-2b4c-4f12-b7bb-26367da4be43 (type: subnets) to 0
2026-08-04 16:37:29.879 9 INFO neutron.wsgi [None req-f2e6ddef-8694-4929-b369-9e93978e224d d5867e2ccba9447db1c50aa0b7871135 6ec4ecb5933647d1accc41abf0065313 - - - -] 10.0.0.167 "POST /v2.0/subnets HTTP/1.1" status: 201 len: 870 time: 0.7156644
2026-08-04 16:37:30.406 9 INFO neutron.wsgi [req-9a9109a8-3a21-4b4b-8260-c5c62424860e req-ec5b7557-0f62-40fa-8afc-8d81746f7474 94beb1c0deda49459b59a8e4aa8f0590 45492bb1d0154d5b96d0dd35cc77cd8e - - default default] 10.0.0.245 "GET /v2.0/ports?device_id=3c201e0c-7e2a-4961-8038-6c69f588baea HTTP/1.1" status: 200 len: 1168 time: 0.0446556
2026-08-04 16:37:30.456 9 INFO neutron.wsgi [req-9a9109a8-3a21-4b4b-8260-c5c62424860e req-5c65f871-bfcb-4d2a-9165-8d5f59412325 94beb1c0deda49459b59a8e4aa8f0590 45492bb1d0154d5b96d0dd35cc77cd8e - - default default] 10.0.0.245 "GET /v2.0/security-groups?id=83cd799c-ef39-4110-93a7-df80241dffd2&fields=id&fields=name HTTP/1.1" status: 200 len: 313 time: 0.0453043
2026-08-04 16:37:30.459 9 WARNING neutron.scheduler.dhcp_agent_scheduler [None req-66097b05-8dad-4eb5-b895-5e58c723b3f0 d5867e2ccba9447db1c50aa0b7871135 6ec4ecb5933647d1accc41abf0065313 - - - -] No more DHCP agents
2026-08-04 16:37:30.461 9 WARNING neutron.api.rpc.agentnotifiers.dhcp_rpc_agent_api [None req-66097b05-8dad-4eb5-b895-5e58c723b3f0 d5867e2ccba9447db1c50aa0b7871135 6ec4ecb5933647d1accc41abf0065313 - - - -] Unable to schedule network 61d1bb28-b8fd-4ce2-9fb9-c853b9ebe6f7: no agents available; will retry on subsequent port and subnet creation events.
2026-08-04 16:37:30.801 9 INFO neutron.db.ovn_revision_numbers_db [None req-66097b05-8dad-4eb5-b895-5e58c723b3f0 d5867e2ccba9447db1c50aa0b7871135 6ec4ecb5933647d1accc41abf0065313 - - - -] Successfully bumped revision number for resource 3f330f77-867c-4c0a-a344-d8b09840a1cb (type: ports) to 1
2026-08-04 16:37:30.913 10 INFO neutron.wsgi [req-e71e5b34-304d-40e9-9930-c0ec107f709e req-bf44d150-9e0b-469a-b00f-30a3c71791f5 48b8f7742b7f451d897d97f35e4e8cda 42cf299add8c4ec794fbb04d277cd1d6 - - default default] 10.0.0.245 "GET /v2.0/ports?device_id=c0de101e-2f41-490b-a7b6-95f346ff40a3 HTTP/1.1" status: 200 len: 1168 time: 0.0331533
2026-08-04 16:37:30.979 10 INFO neutron.wsgi [req-e71e5b34-304d-40e9-9930-c0ec107f709e req-9f35fd45-cee9-493e-b23d-569bc323ea90 48b8f7742b7f451d897d97f35e4e8cda 42cf299add8c4ec794fbb04d277cd1d6 - - default default] 10.0.0.245 "GET /v2.0/security-groups?id=1ef22770-a9fc-43ed-8ef2-b03a6378e709&fields=id&fields=name HTTP/1.1" status: 200 len: 313 time: 0.0579658
2026-08-04 16:37:31.198 10 INFO neutron.db.ovn_revision_numbers_db [None req-8779bc0b-d542-4365-a12c-d0da1f0aeeec d5867e2ccba9447db1c50aa0b7871135 6ec4ecb5933647d1accc41abf0065313 - - - -] Successfully bumped revision number for resource da823e03-2b23-4364-a584-c046d4b92dcb (type: security_groups) to 1
2026-08-04 16:37:31.260 10 INFO neutron.db.segments_db [None req-8779bc0b-d542-4365-a12c-d0da1f0aeeec d5867e2ccba9447db1c50aa0b7871135 6ec4ecb5933647d1accc41abf0065313 - - - -] Added segment 773ebbd8-ffb7-4777-86d3-e26cd31ddd0b of type geneve for network 1ac5eef9-ceee-473f-8b70-c813acda88c5
2026-08-04 16:37:31.406 10 INFO neutron.db.ovn_revision_numbers_db [None req-8779bc0b-d542-4365-a12c-d0da1f0aeeec d5867e2ccba9447db1c50aa0b7871135 6ec4ecb5933647d1accc41abf0065313 - - - -] Successfully bumped revision number for resource 1ac5eef9-ceee-473f-8b70-c813acda88c5 (type: networks) to 1
2026-08-04 16:37:31.571 10 INFO neutron.plugins.ml2.drivers.ovn.mech_driver.mech_driver [None req-7c6bcefe-38c6-4de3-97a5-15c8a5274d3d - - - - - -] OVN reports status up for port: 3f330f77-867c-4c0a-a344-d8b09840a1cb
2026-08-04 16:37:31.580 10 INFO neutron.plugins.ml2.drivers.ovn.mech_driver.ovsdb.ovsdb_monitor [-] Router f16acd14-2a54-4917-be87-90bd6ebd3e02 is bound to host instance
2026-08-04 16:37:31.584 9 INFO neutron.db.ovn_revision_numbers_db [None req-66097b05-8dad-4eb5-b895-5e58c723b3f0 d5867e2ccba9447db1c50aa0b7871135 6ec4ecb5933647d1accc41abf0065313 - - - -] Successfully bumped revision number for resource 3f330f77-867c-4c0a-a344-d8b09840a1cb (type: router_ports) to 1
2026-08-04 16:37:31.694 9 INFO neutron.db.ovn_revision_numbers_db [None req-66097b05-8dad-4eb5-b895-5e58c723b3f0 d5867e2ccba9447db1c50aa0b7871135 6ec4ecb5933647d1accc41abf0065313 - - - -] Successfully bumped revision number for resource f16acd14-2a54-4917-be87-90bd6ebd3e02 (type: routers) to 3
2026-08-04 16:37:31.701 9 INFO neutron.wsgi [req-6187d3ee-0ae7-4169-9d8c-269e245c5b01 req-e2781669-052d-4241-8c7d-5434bed27419 94beb1c0deda49459b59a8e4aa8f0590 45492bb1d0154d5b96d0dd35cc77cd8e - - default default] 10.0.0.245 "GET /v2.0/ports?device_id=3c201e0c-7e2a-4961-8038-6c69f588baea HTTP/1.1" status: 200 len: 1168 time: 0.1391757
2026-08-04 16:37:31.724 9 INFO neutron.wsgi [None req-66097b05-8dad-4eb5-b895-5e58c723b3f0 d5867e2ccba9447db1c50aa0b7871135 6ec4ecb5933647d1accc41abf0065313 - - - -] 10.0.0.167 "POST /v2.0/routers HTTP/1.1" status: 201 len: 881 time: 1.8393795
2026-08-04 16:37:31.737 9 WARNING neutron.plugins.ml2.drivers.ovn.mech_driver.ovsdb.ovn_client [None req-bf202515-1b3a-4823-9d5f-3cd274afef13 - - - - - -] No hosting information found for port 2e99c60b-0f8f-48a7-a3ef-a03d45eb88d5: RuntimeError: No hosting information found for port 2e99c60b-0f8f-48a7-a3ef-a03d45eb88d5
2026-08-04 16:37:31.737 9 INFO neutron.plugins.ml2.drivers.ovn.mech_driver.mech_driver [None req-bf202515-1b3a-4823-9d5f-3cd274afef13 - - - - - -] OVN reports status up for port: 4f09ab71-9c03-49b3-944c-c6bdf53b9aa1
2026-08-04 16:37:31.763 9 INFO neutron.plugins.ml2.plugin [None req-bf202515-1b3a-4823-9d5f-3cd274afef13 - - - - - -] Attempt 1 to provision port 4f09ab71-9c03-49b3-944c-c6bdf53b9aa1
2026-08-04 16:37:31.767 9 INFO neutron.wsgi [req-6187d3ee-0ae7-4169-9d8c-269e245c5b01 req-4caf79b8-2447-4598-964a-23a0ae320927 94beb1c0deda49459b59a8e4aa8f0590 45492bb1d0154d5b96d0dd35cc77cd8e - - default default] 10.0.0.245 "GET /v2.0/security-groups?id=83cd799c-ef39-4110-93a7-df80241dffd2&fields=id&fields=name HTTP/1.1" status: 200 len: 313 time: 0.0534902
2026-08-04 16:37:31.782 10 INFO neutron.plugins.ml2.plugin [None req-7c6bcefe-38c6-4de3-97a5-15c8a5274d3d - - - - - -] Attempt 1 to provision port 3f330f77-867c-4c0a-a344-d8b09840a1cb
2026-08-04 16:37:31.811 10 WARNING neutron.scheduler.dhcp_agent_scheduler [None req-8779bc0b-d542-4365-a12c-d0da1f0aeeec d5867e2ccba9447db1c50aa0b7871135 6ec4ecb5933647d1accc41abf0065313 - - - -] No more DHCP agents
2026-08-04 16:37:31.814 10 WARNING neutron.api.rpc.agentnotifiers.dhcp_rpc_agent_api [None req-8779bc0b-d542-4365-a12c-d0da1f0aeeec d5867e2ccba9447db1c50aa0b7871135 6ec4ecb5933647d1accc41abf0065313 - - - -] Unable to schedule network 1ac5eef9-ceee-473f-8b70-c813acda88c5: no agents available; will retry on subsequent port and subnet creation events.
2026-08-04 16:37:31.931 10 INFO neutron.db.ovn_revision_numbers_db [None req-8779bc0b-d542-4365-a12c-d0da1f0aeeec d5867e2ccba9447db1c50aa0b7871135 6ec4ecb5933647d1accc41abf0065313 - - - -] Successfully bumped revision number for resource b9d43b8a-0aa9-41cb-b4da-cbc4955249e3 (type: ports) to 1
2026-08-04 16:37:31.957 10 INFO neutron.wsgi [None req-8779bc0b-d542-4365-a12c-d0da1f0aeeec d5867e2ccba9447db1c50aa0b7871135 6ec4ecb5933647d1accc41abf0065313 - - - -] 10.0.0.167 "POST /v2.0/networks HTTP/1.1" status: 201 len: 946 time: 1.1835907
2026-08-04 16:37:32.214 10 INFO neutron.wsgi [req-53a599c2-13f1-4298-a721-96159bc56061 req-bd4882bd-06b7-4683-ab8e-63b152f88473 48b8f7742b7f451d897d97f35e4e8cda 42cf299add8c4ec794fbb04d277cd1d6 - - default default] 10.0.0.245 "GET /v2.0/ports?device_id=c0de101e-2f41-490b-a7b6-95f346ff40a3 HTTP/1.1" status: 200 len: 1168 time: 0.1633575
2026-08-04 16:37:32.246 9 INFO neutron.db.ovn_revision_numbers_db [None req-bf202515-1b3a-4823-9d5f-3cd274afef13 - - - - - -] Successfully bumped revision number for resource 4f09ab71-9c03-49b3-944c-c6bdf53b9aa1 (type: ports) to 3
2026-08-04 16:37:32.277 10 WARNING neutron.scheduler.dhcp_agent_scheduler [None req-4e42cc33-c358-4fee-bdb7-bee24b14e7a0 d5867e2ccba9447db1c50aa0b7871135 6ec4ecb5933647d1accc41abf0065313 - - - -] No more DHCP agents
2026-08-04 16:37:32.282 10 WARNING neutron.api.rpc.agentnotifiers.dhcp_rpc_agent_api [None req-4e42cc33-c358-4fee-bdb7-bee24b14e7a0 d5867e2ccba9447db1c50aa0b7871135 6ec4ecb5933647d1accc41abf0065313 - - - -] Unable to schedule network 1ac5eef9-ceee-473f-8b70-c813acda88c5: no agents available; will retry on subsequent port and subnet creation events.
2026-08-04 16:37:32.309 10 INFO neutron.wsgi [req-53a599c2-13f1-4298-a721-96159bc56061 req-49219d6b-8d85-40aa-ae93-81c533597424 48b8f7742b7f451d897d97f35e4e8cda 42cf299add8c4ec794fbb04d277cd1d6 - - default default] 10.0.0.245 "GET /v2.0/security-groups?id=1ef22770-a9fc-43ed-8ef2-b03a6378e709&fields=id&fields=name HTTP/1.1" status: 200 len: 313 time: 0.0861619
2026-08-04 16:37:32.413 9 INFO neutron.db.ovn_revision_numbers_db [None req-bf202515-1b3a-4823-9d5f-3cd274afef13 - - - - - -] Successfully bumped revision number for resource 4f09ab71-9c03-49b3-944c-c6bdf53b9aa1 (type: router_ports) to 3
2026-08-04 16:37:32.481 9 WARNING neutron.scheduler.dhcp_agent_scheduler [None req-40e96355-034c-4249-a85b-d9aec41418ce d5867e2ccba9447db1c50aa0b7871135 6ec4ecb5933647d1accc41abf0065313 - - default default] No more DHCP agents
2026-08-04 16:37:32.484 9 WARNING neutron.api.rpc.agentnotifiers.dhcp_rpc_agent_api [None req-40e96355-034c-4249-a85b-d9aec41418ce d5867e2ccba9447db1c50aa0b7871135 6ec4ecb5933647d1accc41abf0065313 - - default default] Unable to schedule network c3fd87a2-5b68-4aea-987f-00750d2a60f4: no agents available; will retry on subsequent port and subnet creation events.
2026-08-04 16:37:32.661 10 INFO neutron.db.ovn_revision_numbers_db [None req-5afe7411-ce3d-44b4-a7be-264a2e0f35b5 - - - - - -] Successfully bumped revision number for resource 3f330f77-867c-4c0a-a344-d8b09840a1cb (type: ports) to 1
2026-08-04 16:37:32.729 9 INFO neutron.db.ovn_revision_numbers_db [None req-40e96355-034c-4249-a85b-d9aec41418ce d5867e2ccba9447db1c50aa0b7871135 6ec4ecb5933647d1accc41abf0065313 - - default default] Successfully bumped revision number for resource eb6262cd-c861-4217-aafe-187455a11258 (type: ports) to 1
2026-08-04 16:37:32.894 9 INFO neutron.wsgi [req-72e1de18-0050-44fb-8779-cf668b6f62f2 req-57f73419-5af2-46c8-b627-976f4592add5 94beb1c0deda49459b59a8e4aa8f0590 45492bb1d0154d5b96d0dd35cc77cd8e - - default default] 10.0.0.245 "GET /v2.0/ports?device_id=3c201e0c-7e2a-4961-8038-6c69f588baea HTTP/1.1" status: 200 len: 1168 time: 0.0650983
2026-08-04 16:37:32.948 9 INFO neutron.wsgi [req-72e1de18-0050-44fb-8779-cf668b6f62f2 req-f204c1a6-074e-4043-a353-dfe256974d20 94beb1c0deda49459b59a8e4aa8f0590 45492bb1d0154d5b96d0dd35cc77cd8e - - default default] 10.0.0.245 "GET /v2.0/security-groups?id=83cd799c-ef39-4110-93a7-df80241dffd2&fields=id&fields=name HTTP/1.1" status: 200 len: 313 time: 0.0448680
2026-08-04 16:37:33.059 10 INFO neutron.db.ovn_revision_numbers_db [None req-5afe7411-ce3d-44b4-a7be-264a2e0f35b5 - - - - - -] Successfully bumped revision number for resource 3f330f77-867c-4c0a-a344-d8b09840a1cb (type: router_ports) to 3
2026-08-04 16:37:33.095 10 INFO neutron.db.ovn_revision_numbers_db [None req-4e42cc33-c358-4fee-bdb7-bee24b14e7a0 d5867e2ccba9447db1c50aa0b7871135 6ec4ecb5933647d1accc41abf0065313 - - - -] Successfully bumped revision number for resource b9d43b8a-0aa9-41cb-b4da-cbc4955249e3 (type: ports) to 2
2026-08-04 16:37:33.122 10 INFO neutron.db.ovn_revision_numbers_db [None req-4e42cc33-c358-4fee-bdb7-bee24b14e7a0 d5867e2ccba9447db1c50aa0b7871135 6ec4ecb5933647d1accc41abf0065313 - - - -] Successfully bumped revision number for resource bd5fbbc2-e8ea-4db7-892d-abb3f50193c1 (type: subnets) to 0
2026-08-04 16:37:33.141 10 INFO neutron.wsgi [None req-4e42cc33-c358-4fee-bdb7-bee24b14e7a0 d5867e2ccba9447db1c50aa0b7871135 6ec4ecb5933647d1accc41abf0065313 - - - -] 10.0.0.167 "POST /v2.0/subnets HTTP/1.1" status: 201 len: 866 time: 1.1764245
2026-08-04 16:37:33.225 10 INFO neutron.db.ovn_revision_numbers_db [None req-5afe7411-ce3d-44b4-a7be-264a2e0f35b5 - - - - - -] Successfully bumped revision number for resource 3f330f77-867c-4c0a-a344-d8b09840a1cb (type: ports) to 2
2026-08-04 16:37:33.279 9 INFO neutron.db.ovn_revision_numbers_db [None req-40e96355-034c-4249-a85b-d9aec41418ce d5867e2ccba9447db1c50aa0b7871135 6ec4ecb5933647d1accc41abf0065313 - - default default] Successfully bumped revision number for resource eb6262cd-c861-4217-aafe-187455a11258 (type: router_ports) to 2
2026-08-04 16:37:33.436 9 INFO neutron.db.ovn_revision_numbers_db [None req-40e96355-034c-4249-a85b-d9aec41418ce d5867e2ccba9447db1c50aa0b7871135 6ec4ecb5933647d1accc41abf0065313 - - default default] Successfully bumped revision number for resource eb6262cd-c861-4217-aafe-187455a11258 (type: ports) to 2
2026-08-04 16:37:33.516 9 WARNING neutron.scheduler.dhcp_agent_scheduler [None req-40e96355-034c-4249-a85b-d9aec41418ce d5867e2ccba9447db1c50aa0b7871135 6ec4ecb5933647d1accc41abf0065313 - - default default] No more DHCP agents
2026-08-04 16:37:33.517 9 WARNING neutron.api.rpc.agentnotifiers.dhcp_rpc_agent_api [None req-40e96355-034c-4249-a85b-d9aec41418ce d5867e2ccba9447db1c50aa0b7871135 6ec4ecb5933647d1accc41abf0065313 - - default default] Unable to schedule network c3fd87a2-5b68-4aea-987f-00750d2a60f4: no agents available; will retry on subsequent port and subnet creation events.
2026-08-04 16:37:33.663 10 INFO neutron.wsgi [req-ba190311-2573-4a3a-9444-5229df9ef2f9 req-ea8203c0-e22e-47c4-9e01-56cb14d5ab77 48b8f7742b7f451d897d97f35e4e8cda 42cf299add8c4ec794fbb04d277cd1d6 - - default default] 10.0.0.245 "GET /v2.0/ports?device_id=c0de101e-2f41-490b-a7b6-95f346ff40a3 HTTP/1.1" status: 200 len: 1168 time: 0.0743804
2026-08-04 16:37:33.748 10 INFO neutron.wsgi [req-ba190311-2573-4a3a-9444-5229df9ef2f9 req-f910a006-374b-4f93-80c6-d1c88c1fe9ce 48b8f7742b7f451d897d97f35e4e8cda 42cf299add8c4ec794fbb04d277cd1d6 - - default default] 10.0.0.245 "GET /v2.0/security-groups?id=1ef22770-a9fc-43ed-8ef2-b03a6378e709&fields=id&fields=name HTTP/1.1" status: 200 len: 313 time: 0.0792327
2026-08-04 16:37:33.997 10 INFO neutron.db.ovn_revision_numbers_db [None req-5afe7411-ce3d-44b4-a7be-264a2e0f35b5 - - - - - -] Successfully bumped revision number for resource 3f330f77-867c-4c0a-a344-d8b09840a1cb (type: ports) to 4
2026-08-04 16:37:34.068 9 INFO neutron.wsgi [req-70860251-18e7-4b63-8ec8-79ce13c340e6 req-19e6df36-2164-4ffe-be1a-b7b22cfde80a 94beb1c0deda49459b59a8e4aa8f0590 45492bb1d0154d5b96d0dd35cc77cd8e - - default default] 10.0.0.245 "GET /v2.0/ports?device_id=3c201e0c-7e2a-4961-8038-6c69f588baea HTTP/1.1" status: 200 len: 1168 time: 0.0575204
2026-08-04 16:37:34.106 9 INFO neutron.wsgi [req-70860251-18e7-4b63-8ec8-79ce13c340e6 req-6699b93c-2b52-4361-96ee-c7fcf47f0956 94beb1c0deda49459b59a8e4aa8f0590 45492bb1d0154d5b96d0dd35cc77cd8e - - default default] 10.0.0.245 "GET /v2.0/security-groups?id=83cd799c-ef39-4110-93a7-df80241dffd2&fields=id&fields=name HTTP/1.1" status: 200 len: 313 time: 0.0314205
2026-08-04 16:37:34.214 10 WARNING neutron.scheduler.dhcp_agent_scheduler [None req-b5ae1ffa-92cf-40b6-a35a-61962e60224b d5867e2ccba9447db1c50aa0b7871135 6ec4ecb5933647d1accc41abf0065313 - - - -] No more DHCP agents
2026-08-04 16:37:34.217 10 WARNING neutron.api.rpc.agentnotifiers.dhcp_rpc_agent_api [None req-b5ae1ffa-92cf-40b6-a35a-61962e60224b d5867e2ccba9447db1c50aa0b7871135 6ec4ecb5933647d1accc41abf0065313 - - - -] Unable to schedule network 61d1bb28-b8fd-4ce2-9fb9-c853b9ebe6f7: no agents available; will retry on subsequent port and subnet creation events.
2026-08-04 16:37:34.292 9 INFO neutron.db.ovn_revision_numbers_db [None req-40e96355-034c-4249-a85b-d9aec41418ce d5867e2ccba9447db1c50aa0b7871135 6ec4ecb5933647d1accc41abf0065313 - - - -] Successfully bumped revision number for resource eb6262cd-c861-4217-aafe-187455a11258 (type: router_ports) to 2
2026-08-04 16:37:34.295 9 INFO neutron.wsgi [None req-40e96355-034c-4249-a85b-d9aec41418ce d5867e2ccba9447db1c50aa0b7871135 6ec4ecb5933647d1accc41abf0065313 - - - -] 10.0.0.167 "PUT /v2.0/routers/f16acd14-2a54-4917-be87-90bd6ebd3e02/add_router_interface HTTP/1.1" status: 200 len: 503 time: 2.5639794
2026-08-04 16:37:34.301 10 INFO neutron.db.ovn_revision_numbers_db [None req-5afe7411-ce3d-44b4-a7be-264a2e0f35b5 - - - - - -] Successfully bumped revision number for resource 3f330f77-867c-4c0a-a344-d8b09840a1cb (type: router_ports) to 4
2026-08-04 16:37:34.375 10 INFO neutron.db.ovn_revision_numbers_db [None req-b5ae1ffa-92cf-40b6-a35a-61962e60224b d5867e2ccba9447db1c50aa0b7871135 6ec4ecb5933647d1accc41abf0065313 - - - -] Successfully bumped revision number for resource 9272c41e-cd57-49a1-af88-9b4a551c1bbc (type: ports) to 1
2026-08-04 16:37:34.914 9 INFO neutron.wsgi [req-a5927baa-afcb-4b31-ab02-f78ff58e7e20 req-f9a620e6-1dc3-484f-bcfc-091fbb1921c3 48b8f7742b7f451d897d97f35e4e8cda 42cf299add8c4ec794fbb04d277cd1d6 - - default default] 10.0.0.245 "GET /v2.0/ports?device_id=c0de101e-2f41-490b-a7b6-95f346ff40a3 HTTP/1.1" status: 200 len: 1168 time: 0.0967371
2026-08-04 16:37:34.967 9 INFO neutron.wsgi [req-a5927baa-afcb-4b31-ab02-f78ff58e7e20 req-f1ffa2e6-00e6-4324-ad87-e2ed2225ad93 48b8f7742b7f451d897d97f35e4e8cda 42cf299add8c4ec794fbb04d277cd1d6 - - default default] 10.0.0.245 "GET /v2.0/security-groups?id=1ef22770-a9fc-43ed-8ef2-b03a6378e709&fields=id&fields=name HTTP/1.1" status: 200 len: 313 time: 0.0421350
2026-08-04 16:37:35.019 9 INFO neutron.db.ovn_revision_numbers_db [None req-1bbc4d2e-f77a-4c63-8ea8-5bb9027aae26 a3f0da88359746168f09a688784f9914 d0f464190a4f4cc1a88b2b1440b70bcc - - - -] Successfully bumped revision number for resource 7a27f236-b8aa-4b97-a3a8-9871994832e9 (type: security_groups) to 1
2026-08-04 16:37:35.041 9 INFO neutron.wsgi [None req-1bbc4d2e-f77a-4c63-8ea8-5bb9027aae26 a3f0da88359746168f09a688784f9914 d0f464190a4f4cc1a88b2b1440b70bcc - - - -] 10.0.0.167 "POST /v2.0/security-groups HTTP/1.1" status: 201 len: 1797 time: 0.1495304
2026-08-04 16:37:35.184 9 INFO neutron.db.ovn_revision_numbers_db [None req-19f6e6a1-2a6b-4d05-b268-aaddb104585f a3f0da88359746168f09a688784f9914 d0f464190a4f4cc1a88b2b1440b70bcc - - - -] Successfully bumped revision number for resource 12de1324-3d14-4cd4-99ff-8ee5618b820c (type: security_group_rules) to 0
2026-08-04 16:37:35.217 9 INFO neutron.wsgi [None req-19f6e6a1-2a6b-4d05-b268-aaddb104585f a3f0da88359746168f09a688784f9914 d0f464190a4f4cc1a88b2b1440b70bcc - - - -] 10.0.0.167 "POST /v2.0/security-group-rules HTTP/1.1" status: 201 len: 764 time: 0.1703515
2026-08-04 16:37:35.277 10 INFO neutron.wsgi [req-f0e3264f-79b5-428c-b3af-75c33371fea7 req-880cb6d9-ddb6-45c5-a0f1-b226146d8e1f 94beb1c0deda49459b59a8e4aa8f0590 45492bb1d0154d5b96d0dd35cc77cd8e - - default default] 10.0.0.245 "GET /v2.0/ports?device_id=3c201e0c-7e2a-4961-8038-6c69f588baea HTTP/1.1" status: 200 len: 1168 time: 0.1057124
2026-08-04 16:37:35.333 10 INFO neutron.wsgi [req-f0e3264f-79b5-428c-b3af-75c33371fea7 req-c2d088b9-d5c7-4a9f-b39c-89817f29ad26 94beb1c0deda49459b59a8e4aa8f0590 45492bb1d0154d5b96d0dd35cc77cd8e - - default default] 10.0.0.245 "GET /v2.0/security-groups?id=83cd799c-ef39-4110-93a7-df80241dffd2&fields=id&fields=name HTTP/1.1" status: 200 len: 313 time: 0.0450268
2026-08-04 16:37:35.359 10 INFO neutron.db.ovn_revision_numbers_db [None req-b5ae1ffa-92cf-40b6-a35a-61962e60224b d5867e2ccba9447db1c50aa0b7871135 6ec4ecb5933647d1accc41abf0065313 - - - -] Successfully bumped revision number for resource 9272c41e-cd57-49a1-af88-9b4a551c1bbc (type: router_ports) to 1
2026-08-04 16:37:35.383 9 INFO neutron.plugins.ml2.drivers.ovn.mech_driver.ovsdb.ovsdb_monitor [None req-30f422d8-be54-4dc4-b573-1e31daa43e0c - - - - - -] Router 867a1325-9a9f-4f0a-8bf1-f99a8a76436d is bound to host instance
2026-08-04 16:37:35.410 9 INFO neutron.db.ovn_revision_numbers_db [None req-188230dd-fd53-46fb-9581-5d967121c4a3 a3f0da88359746168f09a688784f9914 d0f464190a4f4cc1a88b2b1440b70bcc - - - -] Successfully bumped revision number for resource a7a30721-1ec0-4325-9118-4ec2b297f48b (type: security_group_rules) to 0
2026-08-04 16:37:35.444 10 INFO neutron.db.ovn_revision_numbers_db [None req-b5ae1ffa-92cf-40b6-a35a-61962e60224b d5867e2ccba9447db1c50aa0b7871135 6ec4ecb5933647d1accc41abf0065313 - - - -] Successfully bumped revision number for resource 867a1325-9a9f-4f0a-8bf1-f99a8a76436d (type: routers) to 3
2026-08-04 16:37:35.464 10 INFO neutron.wsgi [None req-b5ae1ffa-92cf-40b6-a35a-61962e60224b d5867e2ccba9447db1c50aa0b7871135 6ec4ecb5933647d1accc41abf0065313 - - - -] 10.0.0.167 "POST /v2.0/routers HTTP/1.1" status: 201 len: 877 time: 2.3172126
2026-08-04 16:37:35.483 9 INFO neutron.wsgi [None req-188230dd-fd53-46fb-9581-5d967121c4a3 a3f0da88359746168f09a688784f9914 d0f464190a4f4cc1a88b2b1440b70bcc - - - -] 10.0.0.167 "POST /v2.0/security-group-rules HTTP/1.1" status: 201 len: 769 time: 0.2589805
2026-08-04 16:37:35.714 10 INFO neutron.wsgi [None req-0e6ed311-a6d7-4ec4-a528-402bcdc297ff d5867e2ccba9447db1c50aa0b7871135 6ec4ecb5933647d1accc41abf0065313 - - default default] 10.0.0.218 "GET /v2.0/subnets HTTP/1.1" status: 200 len: 4077 time: 0.1002011
