2026-08-04 16:40:43.591 10 WARNING neutron.api.v2.base [None req-73af0a17-e0d6-421f-9151-726836689a5e 195b4e4247a04f87850d3e3c58bf609b 1dd370ea1b52458f831340e959f54656 - - - -] An exception happened while processing the request body. The exception message is [Invalid input for target_tenant. Reason: '1234123412341234123412341234123412341234123412341234123412341234123412341234123412341234123412341234123412341234123412341234123412341234123412341234123412341234123412341234123412341234123412341234123412341234123412341234123412341234123412341234123412341234123412341234123412341234123412341234123412341234123412341234123412341234123412341234123412341234123412341234123412341234123412341234123412341234' exceeds maximum length of 255.].: webob.exc.HTTPBadRequest: Invalid input for target_tenant. Reason: '1234123412341234123412341234123412341234123412341234123412341234123412341234123412341234123412341234123412341234123412341234123412341234123412341234123412341234123412341234123412341234123412341234123412341234123412341234123412341234123412341234123412341234123412341234123412341234123412341234123412341234123412341234123412341234123412341234123412341234123412341234123412341234123412341234123412341234' exceeds maximum length of 255.
2026-08-04 16:40:43.592 10 INFO neutron.api.v2.resource [None req-73af0a17-e0d6-421f-9151-726836689a5e 195b4e4247a04f87850d3e3c58bf609b 1dd370ea1b52458f831340e959f54656 - - - -] create failed (client error): Invalid input for target_tenant. Reason: '1234123412341234123412341234123412341234123412341234123412341234123412341234123412341234123412341234123412341234123412341234123412341234123412341234123412341234123412341234123412341234123412341234123412341234123412341234123412341234123412341234123412341234123412341234123412341234123412341234123412341234123412341234123412341234123412341234123412341234123412341234123412341234123412341234123412341234' exceeds maximum length of 255.
2026-08-04 16:40:43.593 10 INFO neutron.wsgi [None req-73af0a17-e0d6-421f-9151-726836689a5e 195b4e4247a04f87850d3e3c58bf609b 1dd370ea1b52458f831340e959f54656 - - - -] 10.0.0.167 "POST /v2.0/rbac-policies HTTP/1.1" status: 400 len: 750 time: 0.0085497
2026-08-04 16:40:44.560 10 INFO neutron.wsgi [-] 10.0.0.167 "GET / HTTP/1.1" status: 200 len: 279 time: 0.0021625
2026-08-04 16:40:44.760 9 INFO neutron.services.segments.plugin [-] Segment 31f06e78-11ce-4ac9-a75b-91276aa172ab resource provider aggregate not found
2026-08-04 16:40:44.769 9 INFO neutron.services.segments.plugin [-] Segment 31f06e78-11ce-4ac9-a75b-91276aa172ab resource provider aggregate not found
2026-08-04 16:40:44.782 9 INFO neutron.services.segments.plugin [-] Segment 31f06e78-11ce-4ac9-a75b-91276aa172ab resource provider not found; error: Placement Client Error (4xx): {"errors": [{"status": 404, "title": "Not Found", "detail": "The resource could not be found.\n\n No resource provider with uuid 31f06e78-11ce-4ac9-a75b-91276aa172ab found for delete ", "request_id": "req-6e53d0b6-1431-4593-aa94-23f1e4184786"}]}
2026-08-04 16:40:44.797 9 INFO neutron.services.segments.plugin [-] Segment 31f06e78-11ce-4ac9-a75b-91276aa172ab resource provider not found; error: Placement Client Error (4xx): {"errors": [{"status": 404, "title": "Not Found", "detail": "The resource could not be found.\n\n No resource provider with uuid 31f06e78-11ce-4ac9-a75b-91276aa172ab found for delete ", "request_id": "req-a360bf4f-6ede-4ada-a8c3-91917bdb2ca7"}]}
2026-08-04 16:40:44.809 10 INFO neutron.wsgi [None req-a65d8a7c-cc9b-4553-ae0a-57f3741a1e30 206d4b9f76d3411995afa8c359986412 c3f4f83462af41129bc0cbd9f05a0a19 - - default default] 10.0.0.167 "GET /v2.0/ HTTP/1.1" status: 200 len: 826 time: 0.2421958
2026-08-04 16:40:44.828 9 INFO neutron.wsgi [None req-f88c5ea0-0fd1-46a6-be95-ac5558a298bf 195b4e4247a04f87850d3e3c58bf609b 1dd370ea1b52458f831340e959f54656 - - - -] 10.0.0.167 "DELETE /v2.0/networks/b96587f7-95f6-4302-bf3c-8c1928069c06 HTTP/1.1" status: 204 len: 168 time: 1.2271719
2026-08-04 16:40:44.921 10 INFO neutron.db.segments_db [None req-201d691f-8b21-4a6e-8665-dcc18b037b1e 195b4e4247a04f87850d3e3c58bf609b 1dd370ea1b52458f831340e959f54656 - - - -] Added segment 61230313-45a0-4120-9c54-a100c37768ee of type geneve for network 8c9288bd-de56-4026-984b-ebce50bcc34d
2026-08-04 16:40:45.056 10 INFO neutron.db.ovn_revision_numbers_db [None req-201d691f-8b21-4a6e-8665-dcc18b037b1e 195b4e4247a04f87850d3e3c58bf609b 1dd370ea1b52458f831340e959f54656 - - - -] Successfully bumped revision number for resource 8c9288bd-de56-4026-984b-ebce50bcc34d (type: networks) to 1
2026-08-04 16:40:45.245 10 WARNING neutron.scheduler.dhcp_agent_scheduler [None req-201d691f-8b21-4a6e-8665-dcc18b037b1e 195b4e4247a04f87850d3e3c58bf609b 1dd370ea1b52458f831340e959f54656 - - - -] No more DHCP agents
2026-08-04 16:40:45.246 10 WARNING neutron.api.rpc.agentnotifiers.dhcp_rpc_agent_api [None req-201d691f-8b21-4a6e-8665-dcc18b037b1e 195b4e4247a04f87850d3e3c58bf609b 1dd370ea1b52458f831340e959f54656 - - - -] Unable to schedule network 8c9288bd-de56-4026-984b-ebce50bcc34d: no agents available; will retry on subsequent port and subnet creation events.
2026-08-04 16:40:45.322 10 INFO neutron.db.ovn_revision_numbers_db [None req-201d691f-8b21-4a6e-8665-dcc18b037b1e 195b4e4247a04f87850d3e3c58bf609b 1dd370ea1b52458f831340e959f54656 - - - -] Successfully bumped revision number for resource c49e0440-a013-4117-8efb-b11f587c4964 (type: ports) to 1
2026-08-04 16:40:45.351 10 INFO neutron.wsgi [None req-201d691f-8b21-4a6e-8665-dcc18b037b1e 195b4e4247a04f87850d3e3c58bf609b 1dd370ea1b52458f831340e959f54656 - - - -] 10.0.0.167 "POST /v2.0/networks HTTP/1.1" status: 201 len: 928 time: 0.5168788
2026-08-04 16:40:45.625 9 INFO neutron.db.ovn_revision_numbers_db [None req-f93a5ba6-d7b2-4c1d-a18c-e62172702ef4 d5867e2ccba9447db1c50aa0b7871135 6ec4ecb5933647d1accc41abf0065313 - - default default] Successfully bumped revision number for resource 29cca908-e59c-476c-bd9e-3d69d1ff1e56 (type: security_groups) to 1
2026-08-04 16:40:45.660 9 INFO neutron.wsgi [None req-f93a5ba6-d7b2-4c1d-a18c-e62172702ef4 d5867e2ccba9447db1c50aa0b7871135 6ec4ecb5933647d1accc41abf0065313 - - default default] 10.0.0.167 "GET /v2.0/security-groups?tenant_id=c3f4f83462af41129bc0cbd9f05a0a19&name=default HTTP/1.1" status: 200 len: 2996 time: 0.2912719
2026-08-04 16:40:45.867 9 INFO neutron.wsgi [None req-f59f1b33-545e-4b8f-9dd8-5cad04fd2e8b d5867e2ccba9447db1c50aa0b7871135 6ec4ecb5933647d1accc41abf0065313 - - - -] 10.0.0.167 "DELETE /v2.0/security-groups/29cca908-e59c-476c-bd9e-3d69d1ff1e56 HTTP/1.1" status: 204 len: 168 time: 0.2014444
2026-08-04 16:40:45.934 10 WARNING neutron.scheduler.dhcp_agent_scheduler [None req-0590981a-56b4-488c-a6e8-382672ced338 195b4e4247a04f87850d3e3c58bf609b 1dd370ea1b52458f831340e959f54656 - - - -] No more DHCP agents
2026-08-04 16:40:45.937 10 WARNING neutron.api.rpc.agentnotifiers.dhcp_rpc_agent_api [None req-0590981a-56b4-488c-a6e8-382672ced338 195b4e4247a04f87850d3e3c58bf609b 1dd370ea1b52458f831340e959f54656 - - - -] Unable to schedule network 8c9288bd-de56-4026-984b-ebce50bcc34d: no agents available; will retry on subsequent port and subnet creation events.
2026-08-04 16:40:46.395 10 INFO neutron.db.ovn_revision_numbers_db [None req-0590981a-56b4-488c-a6e8-382672ced338 195b4e4247a04f87850d3e3c58bf609b 1dd370ea1b52458f831340e959f54656 - - - -] Successfully bumped revision number for resource c49e0440-a013-4117-8efb-b11f587c4964 (type: ports) to 2
2026-08-04 16:40:46.409 10 INFO neutron.db.ovn_revision_numbers_db [None req-0590981a-56b4-488c-a6e8-382672ced338 195b4e4247a04f87850d3e3c58bf609b 1dd370ea1b52458f831340e959f54656 - - - -] Successfully bumped revision number for resource 47c1f8cc-edf3-4f3e-b37a-ae74605b5be1 (type: subnets) to 0
2026-08-04 16:40:46.427 10 INFO neutron.wsgi [None req-0590981a-56b4-488c-a6e8-382672ced338 195b4e4247a04f87850d3e3c58bf609b 1dd370ea1b52458f831340e959f54656 - - - -] 10.0.0.167 "POST /v2.0/subnets HTTP/1.1" status: 201 len: 822 time: 1.0656707
2026-08-04 16:40:46.813 9 INFO neutron.wsgi [None req-51184172-eedf-4fa9-a78e-67b109729b55 195b4e4247a04f87850d3e3c58bf609b 1dd370ea1b52458f831340e959f54656 - - - -] 10.0.0.167 "POST /v2.0/rbac-policies HTTP/1.1" status: 201 len: 523 time: 0.3776636
2026-08-04 16:40:47.466 9 INFO neutron.wsgi [None req-cbdbafa5-6ce1-4cc3-b9f3-84fe455708a8 b6f8271e26c7446daa693220617336a3 b2702c64a78a45c99679d33dbe7af666 - - default default] 10.0.0.167 "GET /v2.0/networks/8c9288bd-de56-4026-984b-ebce50bcc34d HTTP/1.1" status: 200 len: 848 time: 0.2827723
2026-08-04 16:40:48.006 10 INFO neutron.pecan_wsgi.hooks.translation [None req-80a87fef-42e2-4423-b7b7-965566cfb8bd 632f6a3ed35c439ba26ce15b4675c3bd b64678d64bd746988988cbe39fe807c1 - - default default] GET failed (client error): The resource could not be found.
2026-08-04 16:40:48.008 10 INFO neutron.wsgi [None req-80a87fef-42e2-4423-b7b7-965566cfb8bd 632f6a3ed35c439ba26ce15b4675c3bd b64678d64bd746988988cbe39fe807c1 - - default default] 10.0.0.167 "GET /v2.0/networks/8c9288bd-de56-4026-984b-ebce50bcc34d HTTP/1.1" status: 404 len: 339 time: 0.1638517
2026-08-04 16:40:48.738 10 INFO neutron.services.segments.plugin [-] Segment 61230313-45a0-4120-9c54-a100c37768ee resource provider aggregate not found
2026-08-04 16:40:48.748 10 INFO neutron.services.segments.plugin [-] Segment 61230313-45a0-4120-9c54-a100c37768ee resource provider aggregate not found
2026-08-04 16:40:48.786 10 INFO neutron.services.segments.plugin [-] Segment 61230313-45a0-4120-9c54-a100c37768ee resource provider not found; error: Placement Client Error (4xx): {"errors": [{"status": 404, "title": "Not Found", "detail": "The resource could not be found.\n\n No resource provider with uuid 61230313-45a0-4120-9c54-a100c37768ee found for delete ", "request_id": "req-cdcca8fe-760e-4e73-8e52-e6a5fd1565be"}]}
2026-08-04 16:40:48.804 10 INFO neutron.services.segments.plugin [-] Segment 61230313-45a0-4120-9c54-a100c37768ee resource provider not found; error: Placement Client Error (4xx): {"errors": [{"status": 404, "title": "Not Found", "detail": "The resource could not be found.\n\n No resource provider with uuid 61230313-45a0-4120-9c54-a100c37768ee found for delete ", "request_id": "req-8494f436-a3f3-4684-994e-3252e6e51d54"}]}
2026-08-04 16:40:48.826 10 INFO neutron.wsgi [None req-6010fa0e-95be-42d6-8568-138119bbbeab 195b4e4247a04f87850d3e3c58bf609b 1dd370ea1b52458f831340e959f54656 - - - -] 10.0.0.167 "DELETE /v2.0/networks/8c9288bd-de56-4026-984b-ebce50bcc34d HTTP/1.1" status: 204 len: 168 time: 0.8139555
2026-08-04 16:40:48.853 9 INFO neutron.pecan_wsgi.hooks.translation [None req-0cb96c6e-687a-4c9e-84e0-2c9db2cc1e8e 195b4e4247a04f87850d3e3c58bf609b 1dd370ea1b52458f831340e959f54656 - - - -] DELETE failed (client error): The resource could not be found.
2026-08-04 16:40:48.857 9 INFO neutron.wsgi [None req-0cb96c6e-687a-4c9e-84e0-2c9db2cc1e8e 195b4e4247a04f87850d3e3c58bf609b 1dd370ea1b52458f831340e959f54656 - - - -] 10.0.0.167 "DELETE /v2.0/subnets/ad2a4453-89bd-4ddf-a8c9-bb08e06c68bf HTTP/1.1" status: 404 len: 337 time: 0.0240583
2026-08-04 16:40:48.880 9 INFO neutron.pecan_wsgi.hooks.translation [None req-1054cd99-b2cd-425a-b2e7-6f3deb3db692 195b4e4247a04f87850d3e3c58bf609b 1dd370ea1b52458f831340e959f54656 - - - -] DELETE failed (client error): The resource could not be found.
2026-08-04 16:40:48.882 9 INFO neutron.wsgi [None req-1054cd99-b2cd-425a-b2e7-6f3deb3db692 195b4e4247a04f87850d3e3c58bf609b 1dd370ea1b52458f831340e959f54656 - - - -] 10.0.0.167 "DELETE /v2.0/subnets/17063c06-847b-47c3-ad68-1f3a4714d8de HTTP/1.1" status: 404 len: 337 time: 0.0195503
2026-08-04 16:40:48.910 9 INFO neutron.pecan_wsgi.hooks.translation [None req-291d3d02-a8d9-4ee1-ade4-7ad00ab6ea75 195b4e4247a04f87850d3e3c58bf609b 1dd370ea1b52458f831340e959f54656 - - - -] DELETE failed (client error): The resource could not be found.
2026-08-04 16:40:48.912 9 INFO neutron.wsgi [None req-291d3d02-a8d9-4ee1-ade4-7ad00ab6ea75 195b4e4247a04f87850d3e3c58bf609b 1dd370ea1b52458f831340e959f54656 - - - -] 10.0.0.167 "DELETE /v2.0/subnets/47c1f8cc-edf3-4f3e-b37a-ae74605b5be1 HTTP/1.1" status: 404 len: 337 time: 0.0249476
2026-08-04 16:40:49.749 9 INFO neutron.db.ovn_revision_numbers_db [None req-e4534667-03eb-4ac5-9005-e770caedb508 d5867e2ccba9447db1c50aa0b7871135 6ec4ecb5933647d1accc41abf0065313 - - default default] Successfully bumped revision number for resource 7899f5b0-d427-423d-8a11-bcc5ed32dc5a (type: security_groups) to 1
2026-08-04 16:40:49.772 9 INFO neutron.wsgi [None req-e4534667-03eb-4ac5-9005-e770caedb508 d5867e2ccba9447db1c50aa0b7871135 6ec4ecb5933647d1accc41abf0065313 - - default default] 10.0.0.167 "GET /v2.0/security-groups?tenant_id=0f55c510560f4dc985c2ac5f1e81bae2&name=default HTTP/1.1" status: 200 len: 2996 time: 0.4381073
2026-08-04 16:40:49.897 9 INFO neutron.wsgi [None req-43b5181e-b1e9-4b2d-8d60-98a643f89aed d5867e2ccba9447db1c50aa0b7871135 6ec4ecb5933647d1accc41abf0065313 - - default default] 10.0.0.167 "GET /v2.0/security-groups?tenant_id=1dd370ea1b52458f831340e959f54656&name=default HTTP/1.1" status: 200 len: 2996 time: 0.1517713
2026-08-04 16:40:50.038 9 INFO neutron.wsgi [None req-52131068-2cd1-4e46-be3b-62469e9bb057 d5867e2ccba9447db1c50aa0b7871135 6ec4ecb5933647d1accc41abf0065313 - - - -] 10.0.0.167 "DELETE /v2.0/security-groups/7899f5b0-d427-423d-8a11-bcc5ed32dc5a HTTP/1.1" status: 204 len: 168 time: 0.2603414
2026-08-04 16:40:50.147 9 INFO neutron.wsgi [None req-86e34901-d63f-4894-8c73-4e3abae9d6b3 d5867e2ccba9447db1c50aa0b7871135 6ec4ecb5933647d1accc41abf0065313 - - - -] 10.0.0.167 "DELETE /v2.0/security-groups/699965d5-759b-461f-9fc5-11cd137ead3a HTTP/1.1" status: 204 len: 168 time: 0.2441969
2026-08-04 16:40:50.434 9 INFO neutron.db.ovn_revision_numbers_db [None req-0ef83ef3-70ee-4e25-8555-cfcbc53dc253 d5867e2ccba9447db1c50aa0b7871135 6ec4ecb5933647d1accc41abf0065313 - - default default] Successfully bumped revision number for resource 6ad5bc2e-a041-4499-b9da-256661b0e31f (type: security_groups) to 1
2026-08-04 16:40:50.459 9 INFO neutron.wsgi [None req-0ef83ef3-70ee-4e25-8555-cfcbc53dc253 d5867e2ccba9447db1c50aa0b7871135 6ec4ecb5933647d1accc41abf0065313 - - default default] 10.0.0.167 "GET /v2.0/security-groups?tenant_id=b2702c64a78a45c99679d33dbe7af666&name=default HTTP/1.1" status: 200 len: 2996 time: 0.1295633
2026-08-04 16:40:50.675 9 INFO neutron.wsgi [None req-d4a19523-fe24-47da-99a7-354b424920b4 d5867e2ccba9447db1c50aa0b7871135 6ec4ecb5933647d1accc41abf0065313 - - - -] 10.0.0.167 "DELETE /v2.0/security-groups/6ad5bc2e-a041-4499-b9da-256661b0e31f HTTP/1.1" status: 204 len: 168 time: 0.2116592
2026-08-04 16:40:50.900 10 INFO neutron.db.ovn_revision_numbers_db [None req-3c9d7a7c-e3ee-4fb8-8f30-eeb0dd9061da d5867e2ccba9447db1c50aa0b7871135 6ec4ecb5933647d1accc41abf0065313 - - default default] Successfully bumped revision number for resource 33efd3a7-8a88-40b1-bdb6-ea99ef1e5f45 (type: security_groups) to 1
2026-08-04 16:40:50.924 10 INFO neutron.wsgi [None req-3c9d7a7c-e3ee-4fb8-8f30-eeb0dd9061da d5867e2ccba9447db1c50aa0b7871135 6ec4ecb5933647d1accc41abf0065313 - - default default] 10.0.0.167 "GET /v2.0/security-groups?tenant_id=b64678d64bd746988988cbe39fe807c1&name=default HTTP/1.1" status: 200 len: 2996 time: 0.1326232
2026-08-04 16:40:51.134 10 INFO neutron.wsgi [None req-9ba64315-6c0c-4faa-a4c4-b4d09a9ed575 d5867e2ccba9447db1c50aa0b7871135 6ec4ecb5933647d1accc41abf0065313 - - - -] 10.0.0.167 "DELETE /v2.0/security-groups/33efd3a7-8a88-40b1-bdb6-ea99ef1e5f45 HTTP/1.1" status: 204 len: 168 time: 0.2045105
2026-08-04 16:40:54.034 15 INFO neutron.plugins.ml2.drivers.ovn.mech_driver.ovsdb.maintenance [None req-acefd632-76f1-4c81-b8a5-ef5d50499376 - - - - - -] Maintenance task: Synchronization finished (took 0.38 seconds)
2026-08-04 16:40:54.805 9 INFO neutron.db.ovn_revision_numbers_db [None req-97fdfbca-6196-46be-b662-a9db648316dd ad01531e7033464c9dc2a4479d1efcca 353bfbd7eb8140a29f73b381e7da293d - - - -] Successfully bumped revision number for resource 1d98a20c-32bb-4893-9254-ed6d7ccad031 (type: security_groups) to 1
2026-08-04 16:40:54.859 9 INFO neutron.db.segments_db [None req-97fdfbca-6196-46be-b662-a9db648316dd ad01531e7033464c9dc2a4479d1efcca 353bfbd7eb8140a29f73b381e7da293d - - - -] Added segment b8757277-5ea5-437f-aae4-6e8b83fb5287 of type geneve for network 097e54fe-168a-4156-9072-649df19c2273
2026-08-04 16:40:54.996 9 INFO neutron.db.ovn_revision_numbers_db [None req-97fdfbca-6196-46be-b662-a9db648316dd ad01531e7033464c9dc2a4479d1efcca 353bfbd7eb8140a29f73b381e7da293d - - - -] Successfully bumped revision number for resource 097e54fe-168a-4156-9072-649df19c2273 (type: networks) to 1
2026-08-04 16:40:55.226 9 WARNING neutron.scheduler.dhcp_agent_scheduler [None req-97fdfbca-6196-46be-b662-a9db648316dd ad01531e7033464c9dc2a4479d1efcca 353bfbd7eb8140a29f73b381e7da293d - - - -] No more DHCP agents
2026-08-04 16:40:55.229 9 WARNING neutron.api.rpc.agentnotifiers.dhcp_rpc_agent_api [None req-97fdfbca-6196-46be-b662-a9db648316dd ad01531e7033464c9dc2a4479d1efcca 353bfbd7eb8140a29f73b381e7da293d - - - -] Unable to schedule network 097e54fe-168a-4156-9072-649df19c2273: no agents available; will retry on subsequent port and subnet creation events.
2026-08-04 16:40:55.298 9 INFO neutron.db.ovn_revision_numbers_db [None req-97fdfbca-6196-46be-b662-a9db648316dd ad01531e7033464c9dc2a4479d1efcca 353bfbd7eb8140a29f73b381e7da293d - - - -] Successfully bumped revision number for resource faef9199-0908-4fd1-8a77-e2587ab7f401 (type: ports) to 1
2026-08-04 16:40:55.333 9 INFO neutron.wsgi [None req-97fdfbca-6196-46be-b662-a9db648316dd ad01531e7033464c9dc2a4479d1efcca 353bfbd7eb8140a29f73b381e7da293d - - - -] 10.0.0.167 "POST /v2.0/networks HTTP/1.1" status: 201 len: 830 time: 0.8726599
2026-08-04 16:40:55.434 9 INFO neutron.db.segments_db [None req-640d5b83-432e-4293-8d47-3a49b49f963a ad01531e7033464c9dc2a4479d1efcca 353bfbd7eb8140a29f73b381e7da293d - - - -] Added segment 3ce2c77a-8f29-41a8-bc09-76af447cf503 of type geneve for network 2d4d8c1f-bb10-4e6f-aeaa-d7ee14ed5417
2026-08-04 16:40:55.608 9 INFO neutron.db.ovn_revision_numbers_db [None req-640d5b83-432e-4293-8d47-3a49b49f963a ad01531e7033464c9dc2a4479d1efcca 353bfbd7eb8140a29f73b381e7da293d - - - -] Successfully bumped revision number for resource 2d4d8c1f-bb10-4e6f-aeaa-d7ee14ed5417 (type: networks) to 1
2026-08-04 16:40:55.821 9 WARNING neutron.scheduler.dhcp_agent_scheduler [None req-640d5b83-432e-4293-8d47-3a49b49f963a ad01531e7033464c9dc2a4479d1efcca 353bfbd7eb8140a29f73b381e7da293d - - - -] No more DHCP agents
2026-08-04 16:40:55.824 9 WARNING neutron.api.rpc.agentnotifiers.dhcp_rpc_agent_api [None req-640d5b83-432e-4293-8d47-3a49b49f963a ad01531e7033464c9dc2a4479d1efcca 353bfbd7eb8140a29f73b381e7da293d - - - -] Unable to schedule network 2d4d8c1f-bb10-4e6f-aeaa-d7ee14ed5417: no agents available; will retry on subsequent port and subnet creation events.
2026-08-04 16:40:55.900 9 INFO neutron.db.ovn_revision_numbers_db [None req-640d5b83-432e-4293-8d47-3a49b49f963a ad01531e7033464c9dc2a4479d1efcca 353bfbd7eb8140a29f73b381e7da293d - - - -] Successfully bumped revision number for resource 89467f95-e834-49b2-849e-4d8fa312cd42 (type: ports) to 1
2026-08-04 16:40:55.933 9 INFO neutron.wsgi [None req-640d5b83-432e-4293-8d47-3a49b49f963a ad01531e7033464c9dc2a4479d1efcca 353bfbd7eb8140a29f73b381e7da293d - - - -] 10.0.0.167 "POST /v2.0/networks HTTP/1.1" status: 201 len: 831 time: 0.5940366
2026-08-04 16:40:56.029 9 INFO neutron.db.segments_db [None req-6c7394f7-6b45-4d04-8d06-c174215dff56 ad01531e7033464c9dc2a4479d1efcca 353bfbd7eb8140a29f73b381e7da293d - - - -] Added segment 66feb796-4b5d-44be-b04b-a063dc467bb5 of type geneve for network b0cacb62-363b-4be9-a351-58b4f731d4fb
2026-08-04 16:40:56.134 10 INFO neutron.db.ovn_revision_numbers_db [None req-7cd762fc-4512-488d-8613-8fa0ff793647 482fb89b2dc248caaa853245ca3734a7 e8c70fc87ad24d7180acc5f43157cb32 - - - -] Successfully bumped revision number for resource 3f6d365a-a59d-4dd0-a6d9-2dc349c11ced (type: routers) to 1
2026-08-04 16:40:56.163 10 INFO neutron.wsgi [None req-7cd762fc-4512-488d-8613-8fa0ff793647 482fb89b2dc248caaa853245ca3734a7 e8c70fc87ad24d7180acc5f43157cb32 - - - -] 10.0.0.167 "POST /v2.0/routers HTTP/1.1" status: 201 len: 654 time: 0.4195552
2026-08-04 16:40:56.175 9 INFO neutron.db.ovn_revision_numbers_db [None req-6c7394f7-6b45-4d04-8d06-c174215dff56 ad01531e7033464c9dc2a4479d1efcca 353bfbd7eb8140a29f73b381e7da293d - - - -] Successfully bumped revision number for resource b0cacb62-363b-4be9-a351-58b4f731d4fb (type: networks) to 1
2026-08-04 16:40:56.435 9 INFO neutron.db.ovn_revision_numbers_db [None req-e4b5b141-6878-45df-942e-b3cd38e9ce8a 482fb89b2dc248caaa853245ca3734a7 e8c70fc87ad24d7180acc5f43157cb32 - - - -] Successfully bumped revision number for resource 1a536bb8-cd6d-4d1c-a2e4-79e80d7ff723 (type: routers) to 1
2026-08-04 16:40:56.468 9 INFO neutron.wsgi [None req-e4b5b141-6878-45df-942e-b3cd38e9ce8a 482fb89b2dc248caaa853245ca3734a7 e8c70fc87ad24d7180acc5f43157cb32 - - - -] 10.0.0.167 "POST /v2.0/routers HTTP/1.1" status: 201 len: 654 time: 0.2998557
2026-08-04 16:40:56.471 9 WARNING neutron.scheduler.dhcp_agent_scheduler [None req-6c7394f7-6b45-4d04-8d06-c174215dff56 ad01531e7033464c9dc2a4479d1efcca 353bfbd7eb8140a29f73b381e7da293d - - - -] No more DHCP agents
2026-08-04 16:40:56.475 9 WARNING neutron.api.rpc.agentnotifiers.dhcp_rpc_agent_api [None req-6c7394f7-6b45-4d04-8d06-c174215dff56 ad01531e7033464c9dc2a4479d1efcca 353bfbd7eb8140a29f73b381e7da293d - - - -] Unable to schedule network b0cacb62-363b-4be9-a351-58b4f731d4fb: no agents available; will retry on subsequent port and subnet creation events.
2026-08-04 16:40:56.595 9 INFO neutron.db.ovn_revision_numbers_db [None req-6c7394f7-6b45-4d04-8d06-c174215dff56 ad01531e7033464c9dc2a4479d1efcca 353bfbd7eb8140a29f73b381e7da293d - - - -] Successfully bumped revision number for resource 108fb6b3-3035-4fbe-ac76-90afddafc435 (type: ports) to 1
2026-08-04 16:40:57.096 9 INFO neutron.wsgi [None req-6c7394f7-6b45-4d04-8d06-c174215dff56 ad01531e7033464c9dc2a4479d1efcca 353bfbd7eb8140a29f73b381e7da293d - - - -] 10.0.0.167 "POST /v2.0/networks HTTP/1.1" status: 201 len: 831 time: 1.1565454
2026-08-04 16:40:57.169 9 INFO neutron.db.ovn_revision_numbers_db [None req-9065120a-b6b4-4bc5-9c2a-516a45dcec10 482fb89b2dc248caaa853245ca3734a7 e8c70fc87ad24d7180acc5f43157cb32 - - - -] Successfully bumped revision number for resource f8ce3281-677c-46f0-b444-d7f5ceaa9e92 (type: routers) to 1
2026-08-04 16:40:57.186 9 INFO neutron.wsgi [None req-9065120a-b6b4-4bc5-9c2a-516a45dcec10 482fb89b2dc248caaa853245ca3734a7 e8c70fc87ad24d7180acc5f43157cb32 - - - -] 10.0.0.167 "POST /v2.0/routers HTTP/1.1" status: 201 len: 654 time: 0.7125161
2026-08-04 16:40:57.215 10 INFO neutron.db.segments_db [None req-3b36e0ef-edd0-4bbe-886f-32065af2aec3 ad01531e7033464c9dc2a4479d1efcca 353bfbd7eb8140a29f73b381e7da293d - - - -] Added segment bcc10049-5f98-4bd7-bc4c-7d2ca206670b of type geneve for network c8790df8-481a-4e3b-a714-6d3e45c96b98
2026-08-04 16:40:57.328 10 INFO neutron.wsgi [req-76bd2ea8-2bae-4cd4-9729-00616b0aa3ad req-2ac0ea32-5b62-455b-9edf-b249a2250d77 300b7f39c17742369be4c302359533a0 5d86ef1e5a9845929ee76314147496be - - default default] 10.0.0.245 "GET /v2.0/ports?device_id=36561392-7e15-4b24-b7ed-9983450cf1c3 HTTP/1.1" status: 200 len: 1210 time: 0.1535161
2026-08-04 16:40:57.390 9 INFO neutron.db.ovn_revision_numbers_db [None req-a982e4c5-b8ae-4a0d-a4f2-811e217e6ce2 482fb89b2dc248caaa853245ca3734a7 e8c70fc87ad24d7180acc5f43157cb32 - - - -] Successfully bumped revision number for resource 9b86f510-9671-4af7-bf80-57f47e2b75fd (type: routers) to 1
2026-08-04 16:40:57.411 9 INFO neutron.wsgi [None req-a982e4c5-b8ae-4a0d-a4f2-811e217e6ce2 482fb89b2dc248caaa853245ca3734a7 e8c70fc87ad24d7180acc5f43157cb32 - - - -] 10.0.0.167 "POST /v2.0/routers HTTP/1.1" status: 201 len: 654 time: 0.2185838
2026-08-04 16:40:57.434 10 INFO neutron.wsgi [req-76bd2ea8-2bae-4cd4-9729-00616b0aa3ad req-dd0dbba6-5ed5-4a85-8857-5288cb89ec69 300b7f39c17742369be4c302359533a0 5d86ef1e5a9845929ee76314147496be - - default default] 10.0.0.245 "GET /v2.0/security-groups?id=48aeca1d-4068-4c4f-9acf-365c741b7f71&id=43a55673-f4be-4250-b5d5-ccc4dee78326&fields=id&fields=name HTTP/1.1" status: 200 len: 406 time: 0.0910413
2026-08-04 16:40:57.450 10 INFO neutron.db.ovn_revision_numbers_db [None req-3b36e0ef-edd0-4bbe-886f-32065af2aec3 ad01531e7033464c9dc2a4479d1efcca 353bfbd7eb8140a29f73b381e7da293d - - - -] Successfully bumped revision number for resource c8790df8-481a-4e3b-a714-6d3e45c96b98 (type: networks) to 1
2026-08-04 16:40:57.481 10 INFO neutron.wsgi [-] 10.0.0.139 "GET / HTTP/1.1" status: 200 len: 247 time: 0.0020628
2026-08-04 16:40:57.486 10 INFO neutron.wsgi [-] 10.0.0.139 "GET / HTTP/1.1" status: 200 len: 247 time: 0.0027502
2026-08-04 16:40:57.629 9 INFO neutron.db.ovn_revision_numbers_db [None req-e55f23a2-357f-4ca2-adfd-2f9db30f0dc9 482fb89b2dc248caaa853245ca3734a7 e8c70fc87ad24d7180acc5f43157cb32 - - - -] Successfully bumped revision number for resource b4bac4cc-6809-4b9a-81ef-a07486f78ce8 (type: routers) to 1
2026-08-04 16:40:57.642 9 INFO neutron.wsgi [None req-e55f23a2-357f-4ca2-adfd-2f9db30f0dc9 482fb89b2dc248caaa853245ca3734a7 e8c70fc87ad24d7180acc5f43157cb32 - - - -] 10.0.0.167 "POST /v2.0/routers HTTP/1.1" status: 201 len: 654 time: 0.2253053
2026-08-04 16:40:57.681 10 INFO neutron.wsgi [None req-2207417c-ab9f-4ea7-8a98-5348bc8415e6 6c4eae32aa914b79ac0f380fa3f19874 8f6a540c1ba44c68b61900a2e0853ec5 - - default default] 10.0.0.167 "GET /v2.0/ports?device_id=36561392-7e15-4b24-b7ed-9983450cf1c3 HTTP/1.1" status: 200 len: 1395 time: 0.2096205
2026-08-04 16:40:57.711 10 WARNING neutron.scheduler.dhcp_agent_scheduler [None req-3b36e0ef-edd0-4bbe-886f-32065af2aec3 ad01531e7033464c9dc2a4479d1efcca 353bfbd7eb8140a29f73b381e7da293d - - - -] No more DHCP agents
2026-08-04 16:40:57.713 10 WARNING neutron.api.rpc.agentnotifiers.dhcp_rpc_agent_api [None req-3b36e0ef-edd0-4bbe-886f-32065af2aec3 ad01531e7033464c9dc2a4479d1efcca 353bfbd7eb8140a29f73b381e7da293d - - - -] Unable to schedule network c8790df8-481a-4e3b-a714-6d3e45c96b98: no agents available; will retry on subsequent port and subnet creation events.
2026-08-04 16:40:57.757 9 INFO neutron.wsgi [None req-1e80f941-62ba-4eeb-bdea-81132a33c59e 482fb89b2dc248caaa853245ca3734a7 e8c70fc87ad24d7180acc5f43157cb32 - - - -] 10.0.0.167 "PUT /v2.0/routers/3f6d365a-a59d-4dd0-a6d9-2dc349c11ced/tags HTTP/1.1" status: 200 len: 210 time: 0.1088545
2026-08-04 16:40:57.805 9 INFO neutron.wsgi [None req-486cb6a9-e19f-4b9f-9792-a2e43f368f4c 300b7f39c17742369be4c302359533a0 5d86ef1e5a9845929ee76314147496be - - default default] 10.0.0.167 "GET /v2.0/floatingips?floating_network_id=61d1bb28-b8fd-4ce2-9fb9-c853b9ebe6f7&port_id=01ccc319-f731-4b19-b5a9-ca0a6056360f HTTP/1.1" status: 200 len: 1054 time: 0.1171727
2026-08-04 16:40:57.842 10 INFO neutron.db.ovn_revision_numbers_db [None req-3b36e0ef-edd0-4bbe-886f-32065af2aec3 ad01531e7033464c9dc2a4479d1efcca 353bfbd7eb8140a29f73b381e7da293d - - - -] Successfully bumped revision number for resource 9f9a2072-6ec8-443d-8ff9-8f9f730e8be6 (type: ports) to 1
2026-08-04 16:40:57.859 10 INFO neutron.wsgi [None req-37e92ad0-7280-4a08-ba59-c4301ff368e6 482fb89b2dc248caaa853245ca3734a7 e8c70fc87ad24d7180acc5f43157cb32 - - - -] 10.0.0.167 "PUT /v2.0/routers/1a536bb8-cd6d-4d1c-a2e4-79e80d7ff723/tags HTTP/1.1" status: 200 len: 218 time: 0.0957515
2026-08-04 16:40:57.904 10 INFO neutron.wsgi [None req-3b36e0ef-edd0-4bbe-886f-32065af2aec3 ad01531e7033464c9dc2a4479d1efcca 353bfbd7eb8140a29f73b381e7da293d - - - -] 10.0.0.167 "POST /v2.0/networks HTTP/1.1" status: 201 len: 831 time: 0.8015480
2026-08-04 16:40:57.947 10 INFO neutron.wsgi [None req-bab753ef-ecc6-4e27-83ca-3a8102a39cfc 482fb89b2dc248caaa853245ca3734a7 e8c70fc87ad24d7180acc5f43157cb32 - - - -] 10.0.0.167 "PUT /v2.0/routers/f8ce3281-677c-46f0-b444-d7f5ceaa9e92/tags HTTP/1.1" status: 200 len: 227 time: 0.0828278
2026-08-04 16:40:58.003 9 INFO neutron.db.segments_db [None req-37e8450e-8f1c-4f60-a69b-9560043c162d ad01531e7033464c9dc2a4479d1efcca 353bfbd7eb8140a29f73b381e7da293d - - - -] Added segment 08c3d390-fbed-4854-8308-113c4eb3aafe of type geneve for network 082e2eae-b80c-4a40-8791-bfaef6d776ff
2026-08-04 16:40:58.022 10 INFO neutron.wsgi [None req-97163f14-2bdf-4fbb-8e4f-3fdb21662439 482fb89b2dc248caaa853245ca3734a7 e8c70fc87ad24d7180acc5f43157cb32 - - - -] 10.0.0.167 "PUT /v2.0/routers/9b86f510-9671-4af7-bf80-57f47e2b75fd/tags HTTP/1.1" status: 200 len: 212 time: 0.0706167
2026-08-04 16:40:58.105 9 INFO neutron.wsgi [req-f8e51284-4001-417e-b97d-0b0d0988980f req-2e82b629-128b-4947-a4df-392e99b04669 3b097d311a4a4c638583644899515cab 4c787b13fdd14d349750e6d5144fb437 - - 5542a1e84d6847768ce2ec334b584dc7 5542a1e84d6847768ce2ec334b584dc7] 10.0.0.145 "GET /v2.0/ports?device_id=36561392-7e15-4b24-b7ed-9983450cf1c3 HTTP/1.1" status: 200 len: 1400 time: 0.0502319
2026-08-04 16:40:58.120 10 INFO neutron.wsgi [None req-67aeae21-4f86-402f-a3ff-615c69f8a549 482fb89b2dc248caaa853245ca3734a7 e8c70fc87ad24d7180acc5f43157cb32 - - default default] 10.0.0.167 "GET /v2.0/routers?tags=red HTTP/1.1" status: 200 len: 1601 time: 0.0908234
2026-08-04 16:40:58.171 9 INFO neutron.db.ovn_revision_numbers_db [None req-37e8450e-8f1c-4f60-a69b-9560043c162d ad01531e7033464c9dc2a4479d1efcca 353bfbd7eb8140a29f73b381e7da293d - - - -] Successfully bumped revision number for resource 082e2eae-b80c-4a40-8791-bfaef6d776ff (type: networks) to 1
2026-08-04 16:40:58.195 9 INFO neutron.wsgi [req-f8e51284-4001-417e-b97d-0b0d0988980f req-c227a9a6-20ae-4961-9096-28a302f53abb 3b097d311a4a4c638583644899515cab 4c787b13fdd14d349750e6d5144fb437 - - 5542a1e84d6847768ce2ec334b584dc7 5542a1e84d6847768ce2ec334b584dc7] 10.0.0.145 "GET /v2.0/security-groups?id=43a55673-f4be-4250-b5d5-ccc4dee78326&id=48aeca1d-4068-4c4f-9acf-365c741b7f71&fields=id&fields=name HTTP/1.1" status: 200 len: 406 time: 0.0791879
2026-08-04 16:40:58.220 10 INFO neutron.wsgi [None req-edc01fd9-a2b9-4716-9925-81f32c80d488 482fb89b2dc248caaa853245ca3734a7 e8c70fc87ad24d7180acc5f43157cb32 - - default default] 10.0.0.167 "GET /v2.0/routers?tags=red%2Cblue HTTP/1.1" status: 200 len: 1144 time: 0.0931084
2026-08-04 16:40:58.337 9 INFO neutron.wsgi [None req-3fc8b958-b8fc-479b-a055-f5583e125ec2 482fb89b2dc248caaa853245ca3734a7 e8c70fc87ad24d7180acc5f43157cb32 - - default default] 10.0.0.167 "GET /v2.0/routers?tags-any=blue HTTP/1.1" status: 200 len: 1144 time: 0.1082773
2026-08-04 16:40:58.439 10 INFO neutron.wsgi [None req-e365c890-452e-4de9-9506-6ce2f311e530 482fb89b2dc248caaa853245ca3734a7 e8c70fc87ad24d7180acc5f43157cb32 - - default default] 10.0.0.167 "GET /v2.0/routers?tags-any=red%2Cblue HTTP/1.1" status: 200 len: 1601 time: 0.0947285
2026-08-04 16:40:58.467 9 WARNING neutron.scheduler.dhcp_agent_scheduler [None req-37e8450e-8f1c-4f60-a69b-9560043c162d ad01531e7033464c9dc2a4479d1efcca 353bfbd7eb8140a29f73b381e7da293d - - - -] No more DHCP agents
2026-08-04 16:40:58.471 9 WARNING neutron.api.rpc.agentnotifiers.dhcp_rpc_agent_api [None req-37e8450e-8f1c-4f60-a69b-9560043c162d ad01531e7033464c9dc2a4479d1efcca 353bfbd7eb8140a29f73b381e7da293d - - - -] Unable to schedule network 082e2eae-b80c-4a40-8791-bfaef6d776ff: no agents available; will retry on subsequent port and subnet creation events.
2026-08-04 16:40:58.559 9 INFO neutron.db.ovn_revision_numbers_db [None req-37e8450e-8f1c-4f60-a69b-9560043c162d ad01531e7033464c9dc2a4479d1efcca 353bfbd7eb8140a29f73b381e7da293d - - - -] Successfully bumped revision number for resource 7be8db6c-a433-4f78-ae60-8e10e687b587 (type: ports) to 1
2026-08-04 16:40:58.591 9 INFO neutron.wsgi [None req-37e8450e-8f1c-4f60-a69b-9560043c162d ad01531e7033464c9dc2a4479d1efcca 353bfbd7eb8140a29f73b381e7da293d - - - -] 10.0.0.167 "POST /v2.0/networks HTTP/1.1" status: 201 len: 831 time: 0.6802769
2026-08-04 16:40:58.673 9 INFO neutron.wsgi [None req-b81f3074-10b2-457a-912a-718353310200 ad01531e7033464c9dc2a4479d1efcca 353bfbd7eb8140a29f73b381e7da293d - - - -] 10.0.0.167 "PUT /v2.0/networks/097e54fe-168a-4156-9072-649df19c2273/tags HTTP/1.1" status: 200 len: 210 time: 0.0753822
2026-08-04 16:40:58.737 9 INFO neutron.wsgi [None req-d8e709c9-6d0a-413a-8257-8ee16b773829 ad01531e7033464c9dc2a4479d1efcca 353bfbd7eb8140a29f73b381e7da293d - - - -] 10.0.0.167 "PUT /v2.0/networks/2d4d8c1f-bb10-4e6f-aeaa-d7ee14ed5417/tags HTTP/1.1" status: 200 len: 218 time: 0.0576084
2026-08-04 16:40:58.802 9 INFO neutron.wsgi [None req-3819b3c9-91ac-46d4-aa99-adf50ab7cdd2 ad01531e7033464c9dc2a4479d1efcca 353bfbd7eb8140a29f73b381e7da293d - - - -] 10.0.0.167 "PUT /v2.0/networks/b0cacb62-363b-4be9-a351-58b4f731d4fb/tags HTTP/1.1" status: 200 len: 227 time: 0.0600095
2026-08-04 16:40:58.868 9 INFO neutron.wsgi [None req-3ee6dd67-44a8-4b3a-8296-31ee10ca4b62 ad01531e7033464c9dc2a4479d1efcca 353bfbd7eb8140a29f73b381e7da293d - - - -] 10.0.0.167 "PUT /v2.0/networks/c8790df8-481a-4e3b-a714-6d3e45c96b98/tags HTTP/1.1" status: 200 len: 212 time: 0.0595293
2026-08-04 16:40:58.982 9 INFO neutron.wsgi [None req-e03a4d8c-050d-4ffa-b820-735d809a22cd ad01531e7033464c9dc2a4479d1efcca 353bfbd7eb8140a29f73b381e7da293d - - default default] 10.0.0.167 "GET /v2.0/networks?tags=red HTTP/1.1" status: 200 len: 2069 time: 0.1078949
2026-08-04 16:40:59.095 9 INFO neutron.wsgi [None req-5c93aae6-8bfc-4e6e-b23c-24beb6c748a1 ad01531e7033464c9dc2a4479d1efcca 353bfbd7eb8140a29f73b381e7da293d - - default default] 10.0.0.167 "GET /v2.0/networks?tags=red%2Cblue HTTP/1.1" status: 200 len: 1457 time: 0.1040473
2026-08-04 16:40:59.114 10 INFO neutron.wsgi [None req-d3b8007d-68d4-45fc-9641-ce68d5b54b37 482fb89b2dc248caaa853245ca3734a7 e8c70fc87ad24d7180acc5f43157cb32 - - default default] 10.0.0.167 "GET /v2.0/routers?not-tags=red HTTP/1.1" status: 200 len: 1116 time: 0.6685069
2026-08-04 16:40:59.214 9 INFO neutron.wsgi [None req-fa8dcee0-9a8f-42fb-a507-5562908e562b ad01531e7033464c9dc2a4479d1efcca 353bfbd7eb8140a29f73b381e7da293d - - default default] 10.0.0.167 "GET /v2.0/networks?tags-any=blue HTTP/1.1" status: 200 len: 1457 time: 0.1133449
2026-08-04 16:40:59.215 10 INFO neutron.wsgi [None req-a0c4ce4f-3809-43c9-b7eb-011d6be62d02 482fb89b2dc248caaa853245ca3734a7 e8c70fc87ad24d7180acc5f43157cb32 - - default default] 10.0.0.167 "GET /v2.0/routers?not-tags=red%2Cblue HTTP/1.1" status: 200 len: 1573 time: 0.0935805
2026-08-04 16:40:59.298 9 INFO neutron.wsgi [None req-c18214a3-d43b-447a-9849-8485172109ac ad01531e7033464c9dc2a4479d1efcca 353bfbd7eb8140a29f73b381e7da293d - - default default] 10.0.0.167 "GET /v2.0/networks?tags-any=red%2Cblue HTTP/1.1" status: 200 len: 2069 time: 0.0776329
2026-08-04 16:40:59.356 10 INFO neutron.wsgi [None req-6d70add0-518c-4372-8527-ac8e3da3e0ca 482fb89b2dc248caaa853245ca3734a7 e8c70fc87ad24d7180acc5f43157cb32 - - default default] 10.0.0.167 "GET /v2.0/routers?not-tags-any=blue HTTP/1.1" status: 200 len: 1573 time: 0.1364548
2026-08-04 16:40:59.427 10 INFO neutron.wsgi [None req-ecc93ade-4a40-4fc9-afe3-f9cb2de703f9 482fb89b2dc248caaa853245ca3734a7 e8c70fc87ad24d7180acc5f43157cb32 - - default default] 10.0.0.167 "GET /v2.0/routers?not-tags-any=red%2Cblue HTTP/1.1" status: 200 len: 1116 time: 0.0650029
2026-08-04 16:40:59.508 10 INFO neutron.wsgi [None req-7789d416-a67e-4693-8c5c-f87dea08fb2e 482fb89b2dc248caaa853245ca3734a7 e8c70fc87ad24d7180acc5f43157cb32 - - default default] 10.0.0.167 "GET /v2.0/routers/3f6d365a-a59d-4dd0-a6d9-2dc349c11ced HTTP/1.1" status: 200 len: 660 time: 0.0702581
2026-08-04 16:40:59.735 9 INFO neutron.wsgi [None req-301d207f-b67b-400d-b129-253b7a199588 ad01531e7033464c9dc2a4479d1efcca 353bfbd7eb8140a29f73b381e7da293d - - default default] 10.0.0.167 "GET /v2.0/networks?not-tags=red HTTP/1.1" status: 200 len: 2069 time: 0.4318593
2026-08-04 16:40:59.874 9 INFO neutron.wsgi [None req-252aaa9a-11f1-4391-b76c-ae9450ad1052 ad01531e7033464c9dc2a4479d1efcca 353bfbd7eb8140a29f73b381e7da293d - - default default] 10.0.0.167 "GET /v2.0/networks?not-tags=red%2Cblue HTTP/1.1" status: 200 len: 2681 time: 0.1347532
2026-08-04 16:41:00.046 9 INFO neutron.wsgi [None req-1de9e128-2bc0-495b-8c13-4a48c395adc1 ad01531e7033464c9dc2a4479d1efcca 353bfbd7eb8140a29f73b381e7da293d - - default default] 10.0.0.167 "GET /v2.0/networks?not-tags-any=blue HTTP/1.1" status: 200 len: 2681 time: 0.1662502
2026-08-04 16:41:00.069 10 INFO neutron.db.ovn_revision_numbers_db [None req-bf13be92-4069-47f6-a4c6-6cacc14a5e14 482fb89b2dc248caaa853245ca3734a7 e8c70fc87ad24d7180acc5f43157cb32 - - - -] Successfully bumped revision number for resource 3f6d365a-a59d-4dd0-a6d9-2dc349c11ced (type: routers) to 4
2026-08-04 16:41:00.075 10 INFO neutron.wsgi [None req-bf13be92-4069-47f6-a4c6-6cacc14a5e14 482fb89b2dc248caaa853245ca3734a7 e8c70fc87ad24d7180acc5f43157cb32 - - - -] 10.0.0.167 "PUT /v2.0/routers/3f6d365a-a59d-4dd0-a6d9-2dc349c11ced HTTP/1.1" status: 200 len: 660 time: 0.5551682
2026-08-04 16:41:00.102 10 INFO neutron.wsgi [None req-32ed9bf3-8a36-4789-9fcc-7d280d39fbb7 482fb89b2dc248caaa853245ca3734a7 e8c70fc87ad24d7180acc5f43157cb32 - - default default] 10.0.0.167 "GET /v2.0/ports?device_id=3f6d365a-a59d-4dd0-a6d9-2dc349c11ced HTTP/1.1" status: 200 len: 205 time: 0.0218055
2026-08-04 16:41:00.135 9 INFO neutron.wsgi [None req-1b25588a-59ef-4941-86fc-4ac6b4802c46 ad01531e7033464c9dc2a4479d1efcca 353bfbd7eb8140a29f73b381e7da293d - - default default] 10.0.0.167 "GET /v2.0/networks?not-tags-any=red%2Cblue HTTP/1.1" status: 200 len: 2069 time: 0.0842626
2026-08-04 16:41:00.363 10 INFO neutron.wsgi [None req-45376ad9-06af-4cd7-8aa3-23d7b31358cf 482fb89b2dc248caaa853245ca3734a7 e8c70fc87ad24d7180acc5f43157cb32 - - - -] 10.0.0.167 "DELETE /v2.0/routers/3f6d365a-a59d-4dd0-a6d9-2dc349c11ced HTTP/1.1" status: 204 len: 168 time: 0.2559404
2026-08-04 16:41:00.447 9 INFO neutron.plugins.ml2.drivers.ovn.mech_driver.mech_driver [None req-bf202515-1b3a-4823-9d5f-3cd274afef13 - - - - - -] OVN reports status down for port: 01ccc319-f731-4b19-b5a9-ca0a6056360f
2026-08-04 16:41:00.495 9 INFO neutron.wsgi [None req-6ab1379c-a459-4731-85ee-074187b202ad 482fb89b2dc248caaa853245ca3734a7 e8c70fc87ad24d7180acc5f43157cb32 - - default default] 10.0.0.167 "GET /v2.0/routers/1a536bb8-cd6d-4d1c-a2e4-79e80d7ff723 HTTP/1.1" status: 200 len: 668 time: 0.1148252
2026-08-04 16:41:00.569 9 INFO neutron.wsgi [req-2ac454a5-35ee-4fb6-8da4-46e404eae58b req-c8ee9349-4620-4f10-8bbe-cd46c06c6db0 300b7f39c17742369be4c302359533a0 5d86ef1e5a9845929ee76314147496be - - default default] 10.0.0.245 "GET /v2.0/ports?device_id=36561392-7e15-4b24-b7ed-9983450cf1c3 HTTP/1.1" status: 200 len: 1210 time: 0.2056737
2026-08-04 16:41:00.668 9 INFO neutron.wsgi [req-2ac454a5-35ee-4fb6-8da4-46e404eae58b req-63678b00-e1c9-427d-a49f-01eee9f9a67f 300b7f39c17742369be4c302359533a0 5d86ef1e5a9845929ee76314147496be - - default default] 10.0.0.245 "GET /v2.0/security-groups?id=48aeca1d-4068-4c4f-9acf-365c741b7f71&id=43a55673-f4be-4250-b5d5-ccc4dee78326&fields=id&fields=name HTTP/1.1" status: 200 len: 406 time: 0.0927103
2026-08-04 16:41:00.711 9 INFO neutron.notifiers.nova [-] Nova event matching ['req-b025d609-6a1b-4e70-b2b1-0b98da52e251'] response: {'server_uuid': '36561392-7e15-4b24-b7ed-9983450cf1c3', 'name': 'network-vif-unplugged', 'status': 'completed', 'tag': '01ccc319-f731-4b19-b5a9-ca0a6056360f', 'code': 200}
2026-08-04 16:41:00.747 9 INFO neutron.wsgi [req-ae3f4a9e-2b13-4f0d-aefe-540d45148c40 req-8e0a74a9-1951-4047-ac9d-c5c6f139900f 300b7f39c17742369be4c302359533a0 5d86ef1e5a9845929ee76314147496be - - default default] 199.19.213.137 "GET /v2.0/ports?device_id=36561392-7e15-4b24-b7ed-9983450cf1c3 HTTP/1.1" status: 200 len: 1208 time: 0.0714600
2026-08-04 16:41:00.820 9 INFO neutron.services.segments.plugin [-] Segment b8757277-5ea5-437f-aae4-6e8b83fb5287 resource provider aggregate not found
2026-08-04 16:41:00.832 9 INFO neutron.services.segments.plugin [-] Segment b8757277-5ea5-437f-aae4-6e8b83fb5287 resource provider aggregate not found
2026-08-04 16:41:00.862 9 INFO neutron.services.segments.plugin [-] Segment b8757277-5ea5-437f-aae4-6e8b83fb5287 resource provider not found; error: Placement Client Error (4xx): {"errors": [{"status": 404, "title": "Not Found", "detail": "The resource could not be found.\n\n No resource provider with uuid b8757277-5ea5-437f-aae4-6e8b83fb5287 found for delete ", "request_id": "req-7974b371-2bb7-427c-8219-6efdb1520562"}]}
2026-08-04 16:41:00.863 9 INFO neutron.services.segments.plugin [-] Segment b8757277-5ea5-437f-aae4-6e8b83fb5287 resource provider not found; error: Placement Client Error (4xx): {"errors": [{"status": 404, "title": "Not Found", "detail": "The resource could not be found.\n\n No resource provider with uuid b8757277-5ea5-437f-aae4-6e8b83fb5287 found for delete ", "request_id": "req-d88b1ede-33b6-4ace-b207-c28c8dd155d8"}]}
2026-08-04 16:41:00.946 9 INFO neutron.wsgi [None req-0a9e5f93-6193-4845-b50c-a00b60b4a4e0 ad01531e7033464c9dc2a4479d1efcca 353bfbd7eb8140a29f73b381e7da293d - - - -] 10.0.0.167 "DELETE /v2.0/networks/097e54fe-168a-4156-9072-649df19c2273 HTTP/1.1" status: 204 len: 168 time: 0.8039837
2026-08-04 16:41:01.108 9 INFO neutron.db.ovn_revision_numbers_db [None req-bf202515-1b3a-4823-9d5f-3cd274afef13 - - - - - -] Successfully bumped revision number for resource 01ccc319-f731-4b19-b5a9-ca0a6056360f (type: ports) to 5
2026-08-04 16:41:01.367 9 INFO neutron.db.l3_db [None req-2cac3df3-ca52-4eba-bb5c-6b6adc52b9ca 300b7f39c17742369be4c302359533a0 5d86ef1e5a9845929ee76314147496be - - - -] Floating IP 9f9251ff-c594-442a-8020-ee511a55cbaf disassociated. External IP: 10.96.250.212, port: 01ccc319-f731-4b19-b5a9-ca0a6056360f.
2026-08-04 16:41:01.484 10 INFO neutron.db.ovn_revision_numbers_db [None req-8da47734-6065-426c-92c1-256fbfb5d3f9 482fb89b2dc248caaa853245ca3734a7 e8c70fc87ad24d7180acc5f43157cb32 - - - -] Successfully bumped revision number for resource 1a536bb8-cd6d-4d1c-a2e4-79e80d7ff723 (type: routers) to 4
2026-08-04 16:41:01.491 10 INFO neutron.wsgi [None req-8da47734-6065-426c-92c1-256fbfb5d3f9 482fb89b2dc248caaa853245ca3734a7 e8c70fc87ad24d7180acc5f43157cb32 - - - -] 10.0.0.167 "PUT /v2.0/routers/1a536bb8-cd6d-4d1c-a2e4-79e80d7ff723 HTTP/1.1" status: 200 len: 668 time: 0.9906533
2026-08-04 16:41:01.527 10 INFO neutron.wsgi [None req-c2fa9678-cb72-4953-b23f-8c5818813e7d 482fb89b2dc248caaa853245ca3734a7 e8c70fc87ad24d7180acc5f43157cb32 - - default default] 10.0.0.167 "GET /v2.0/ports?device_id=1a536bb8-cd6d-4d1c-a2e4-79e80d7ff723 HTTP/1.1" status: 200 len: 205 time: 0.0267119
2026-08-04 16:41:01.855 10 INFO neutron.wsgi [None req-69e399fe-20c2-4083-9906-7b62e41b6fb4 482fb89b2dc248caaa853245ca3734a7 e8c70fc87ad24d7180acc5f43157cb32 - - - -] 10.0.0.167 "DELETE /v2.0/routers/1a536bb8-cd6d-4d1c-a2e4-79e80d7ff723 HTTP/1.1" status: 204 len: 168 time: 0.3213475 /var/lib/openstack/lib/python3.10/site-packages/pycadf/identifier.py:71: UserWarning: Invalid uuid: neutron. To ensure interoperability, identifiers should be a valid uuid. warnings.warn(('Invalid uuid: %s. To ensure interoperability, '
2026-08-04 16:41:01.923 10 INFO neutron.wsgi [None req-17cd93fb-b606-4fa8-addb-1516df07d13e 482fb89b2dc248caaa853245ca3734a7 e8c70fc87ad24d7180acc5f43157cb32 - - default default] 10.0.0.167 "GET /v2.0/routers/f8ce3281-677c-46f0-b444-d7f5ceaa9e92 HTTP/1.1" status: 200 len: 677 time: 0.0637698
2026-08-04 16:41:01.932 9 INFO neutron.wsgi [req-f8a3ad0f-5382-4c68-b9d9-53dc5a95e078 req-d4eb44e5-653d-4c6c-9bd0-0d05c38e6fab 300b7f39c17742369be4c302359533a0 5d86ef1e5a9845929ee76314147496be - - default default] 10.0.0.245 "GET /v2.0/ports?device_id=36561392-7e15-4b24-b7ed-9983450cf1c3 HTTP/1.1" status: 200 len: 1208 time: 0.0627809
2026-08-04 16:41:02.036 9 INFO neutron.wsgi [None req-2cac3df3-ca52-4eba-bb5c-6b6adc52b9ca 300b7f39c17742369be4c302359533a0 5d86ef1e5a9845929ee76314147496be - - - -] 199.19.213.137 "DELETE /v2.0/ports/01ccc319-f731-4b19-b5a9-ca0a6056360f HTTP/1.1" status: 204 len: 173 time: 1.2804670
2026-08-04 16:41:02.042 9 INFO neutron.wsgi [req-f8a3ad0f-5382-4c68-b9d9-53dc5a95e078 req-462bbca3-cdb4-40bc-a07c-918eac0a19e2 300b7f39c17742369be4c302359533a0 5d86ef1e5a9845929ee76314147496be - - default default] 10.0.0.245 "GET /v2.0/security-groups?id=48aeca1d-4068-4c4f-9acf-365c741b7f71&id=43a55673-f4be-4250-b5d5-ccc4dee78326&fields=id&fields=name HTTP/1.1" status: 200 len: 406 time: 0.1019220
2026-08-04 16:41:02.057 9 INFO neutron.wsgi [None req-d8f9d803-7b68-497b-9b21-b2090ef7ca91 ad01531e7033464c9dc2a4479d1efcca 353bfbd7eb8140a29f73b381e7da293d - - - -] 10.0.0.167 "DELETE /v2.0/networks/2d4d8c1f-bb10-4e6f-aeaa-d7ee14ed5417 HTTP/1.1" status: 204 len: 168 time: 1.1021702
2026-08-04 16:41:02.516 10 INFO neutron.db.ovn_revision_numbers_db [None req-856f4478-8329-496e-ab8f-56dfc343feb1 482fb89b2dc248caaa853245ca3734a7 e8c70fc87ad24d7180acc5f43157cb32 - - - -] Successfully bumped revision number for resource f8ce3281-677c-46f0-b444-d7f5ceaa9e92 (type: routers) to 4
2026-08-04 16:41:02.520 10 INFO neutron.wsgi [None req-856f4478-8329-496e-ab8f-56dfc343feb1 482fb89b2dc248caaa853245ca3734a7 e8c70fc87ad24d7180acc5f43157cb32 - - - -] 10.0.0.167 "PUT /v2.0/routers/f8ce3281-677c-46f0-b444-d7f5ceaa9e92 HTTP/1.1" status: 200 len: 677 time: 0.5910227
2026-08-04 16:41:02.544 9 INFO neutron.wsgi [None req-311b73a8-41d7-4d50-a502-b0073fb6367c ad01531e7033464c9dc2a4479d1efcca 353bfbd7eb8140a29f73b381e7da293d - - - -] 10.0.0.167 "DELETE /v2.0/networks/b0cacb62-363b-4be9-a351-58b4f731d4fb HTTP/1.1" status: 204 len: 168 time: 0.4760442
2026-08-04 16:41:02.579 10 INFO neutron.wsgi [None req-6346bf39-0ba8-43fa-9529-66ae8feedafe 482fb89b2dc248caaa853245ca3734a7 e8c70fc87ad24d7180acc5f43157cb32 - - default default] 10.0.0.167 "GET /v2.0/ports?device_id=f8ce3281-677c-46f0-b444-d7f5ceaa9e92 HTTP/1.1" status: 200 len: 205 time: 0.0498180
2026-08-04 16:41:02.772 9 INFO neutron.notifiers.nova [-] Nova event matching ['req-17476545-81ce-4a52-b68c-2f591c03ef65'] response: {'server_uuid': '36561392-7e15-4b24-b7ed-9983450cf1c3', 'name': 'network-vif-plugged', 'status': 'completed', 'tag': '01ccc319-f731-4b19-b5a9-ca0a6056360f', 'code': 200}
2026-08-04 16:41:02.773 9 INFO neutron.notifiers.nova [-] Nova event matching ['req-17476545-81ce-4a52-b68c-2f591c03ef65'] response: {'server_uuid': '36561392-7e15-4b24-b7ed-9983450cf1c3', 'name': 'network-vif-deleted', 'tag': '01ccc319-f731-4b19-b5a9-ca0a6056360f', 'status': 'completed', 'code': 200}
2026-08-04 16:41:02.899 9 INFO neutron.services.segments.plugin [-] Segment 3ce2c77a-8f29-41a8-bc09-76af447cf503 resource provider aggregate not found
2026-08-04 16:41:02.905 9 INFO neutron.services.segments.plugin [-] Segment 3ce2c77a-8f29-41a8-bc09-76af447cf503 resource provider aggregate not found
2026-08-04 16:41:02.923 9 INFO neutron.wsgi [None req-03d17130-8ed2-43ce-9d33-114e14fea9d7 482fb89b2dc248caaa853245ca3734a7 e8c70fc87ad24d7180acc5f43157cb32 - - - -] 10.0.0.167 "DELETE /v2.0/routers/f8ce3281-677c-46f0-b444-d7f5ceaa9e92 HTTP/1.1" status: 204 len: 168 time: 0.3379433
2026-08-04 16:41:02.925 9 INFO neutron.services.segments.plugin [-] Segment 3ce2c77a-8f29-41a8-bc09-76af447cf503 resource provider not found; error: Placement Client Error (4xx): {"errors": [{"status": 404, "title": "Not Found", "detail": "The resource could not be found.\n\n No resource provider with uuid 3ce2c77a-8f29-41a8-bc09-76af447cf503 found for delete ", "request_id": "req-5da4f396-129b-4c01-bdcf-3a88c23f7d40"}]}
2026-08-04 16:41:02.931 9 INFO neutron.services.segments.plugin [-] Segment 3ce2c77a-8f29-41a8-bc09-76af447cf503 resource provider not found; error: Placement Client Error (4xx): {"errors": [{"status": 404, "title": "Not Found", "detail": "The resource could not be found.\n\n No resource provider with uuid 3ce2c77a-8f29-41a8-bc09-76af447cf503 found for delete ", "request_id": "req-4405072f-b71c-4f7e-a1b7-69e74f768c57"}]}
2026-08-04 16:41:02.966 9 INFO neutron.services.segments.plugin [-] Segment 66feb796-4b5d-44be-b04b-a063dc467bb5 resource provider aggregate not found
2026-08-04 16:41:02.973 9 INFO neutron.services.segments.plugin [-] Segment 66feb796-4b5d-44be-b04b-a063dc467bb5 resource provider aggregate not found
2026-08-04 16:41:03.003 9 INFO neutron.services.segments.plugin [-] Segment 66feb796-4b5d-44be-b04b-a063dc467bb5 resource provider not found; error: Placement Client Error (4xx): {"errors": [{"status": 404, "title": "Not Found", "detail": "The resource could not be found.\n\n No resource provider with uuid 66feb796-4b5d-44be-b04b-a063dc467bb5 found for delete ", "request_id": "req-04b27368-fe15-42e2-9769-3b397494a2b8"}]}
2026-08-04 16:41:03.004 9 INFO neutron.services.segments.plugin [-] Segment 66feb796-4b5d-44be-b04b-a063dc467bb5 resource provider not found; error: Placement Client Error (4xx): {"errors": [{"status": 404, "title": "Not Found", "detail": "The resource could not be found.\n\n No resource provider with uuid 66feb796-4b5d-44be-b04b-a063dc467bb5 found for delete ", "request_id": "req-4347d4a3-c2dd-4e2b-ba73-b9a3598b7120"}]}
2026-08-04 16:41:03.007 9 INFO neutron.wsgi [None req-3706ed6f-13c7-473c-87fb-5e3716abf0b0 482fb89b2dc248caaa853245ca3734a7 e8c70fc87ad24d7180acc5f43157cb32 - - default default] 10.0.0.167 "GET /v2.0/routers/9b86f510-9671-4af7-bf80-57f47e2b75fd HTTP/1.1" status: 200 len: 662 time: 0.0719628
2026-08-04 16:41:03.297 10 INFO neutron.services.segments.plugin [-] Segment bcc10049-5f98-4bd7-bc4c-7d2ca206670b resource provider aggregate not found
2026-08-04 16:41:03.304 10 INFO neutron.services.segments.plugin [-] Segment bcc10049-5f98-4bd7-bc4c-7d2ca206670b resource provider aggregate not found
