2026-08-04 16:39:29.250 10 INFO neutron.db.segments_db [None req-07fef1d3-ae71-494b-926d-b826db76ee6b fe9f22a5883847c2b8b61f8daebec9d1 e99a62d88e8242ee9fba6fcccac014cd - - - -] Added segment c23262e5-9358-4e1e-afe9-079c4018f38b of type geneve for network a8ebf362-8b36-409e-80a8-bfaaff103ad6
2026-08-04 16:39:29.316 9 INFO neutron.wsgi [req-332769b4-ae2a-46e8-bee1-c25e6edc6172 req-de27fc0b-c4ea-44db-bbe9-3ff7778a99de 3b097d311a4a4c638583644899515cab 4c787b13fdd14d349750e6d5144fb437 - - 5542a1e84d6847768ce2ec334b584dc7 5542a1e84d6847768ce2ec334b584dc7] 199.19.213.137 "GET /v2.0/floatingips?fixed_ip_address=10.100.0.11&port_id=a7a5f203-48f1-49f9-9176-e6dceef2e485 HTTP/1.1" status: 200 len: 217 time: 0.0546184
2026-08-04 16:39:29.371 10 INFO neutron.db.ovn_revision_numbers_db [None req-07fef1d3-ae71-494b-926d-b826db76ee6b fe9f22a5883847c2b8b61f8daebec9d1 e99a62d88e8242ee9fba6fcccac014cd - - - -] Successfully bumped revision number for resource a8ebf362-8b36-409e-80a8-bfaaff103ad6 (type: networks) to 1
2026-08-04 16:39:29.596 10 WARNING neutron.scheduler.dhcp_agent_scheduler [None req-07fef1d3-ae71-494b-926d-b826db76ee6b fe9f22a5883847c2b8b61f8daebec9d1 e99a62d88e8242ee9fba6fcccac014cd - - - -] No more DHCP agents
2026-08-04 16:39:29.600 10 WARNING neutron.api.rpc.agentnotifiers.dhcp_rpc_agent_api [None req-07fef1d3-ae71-494b-926d-b826db76ee6b fe9f22a5883847c2b8b61f8daebec9d1 e99a62d88e8242ee9fba6fcccac014cd - - - -] Unable to schedule network a8ebf362-8b36-409e-80a8-bfaaff103ad6: no agents available; will retry on subsequent port and subnet creation events.
2026-08-04 16:39:29.648 9 INFO neutron.wsgi [req-22e7a528-f7d4-4048-ad27-ba36c40e01fe req-0fd0ef75-b9df-4284-b7b6-4d8bff0a8c90 b13fe8f6226246959105a34c536e0a4d 3469255b6d514984ba92b742515a68d4 - - default default] 10.0.0.245 "GET /v2.0/ports?device_id=6925e372-887f-4d63-a5e6-55d298d8ccf2 HTTP/1.1" status: 200 len: 1172 time: 0.3876202
2026-08-04 16:39:29.702 10 INFO neutron.db.ovn_revision_numbers_db [None req-07fef1d3-ae71-494b-926d-b826db76ee6b fe9f22a5883847c2b8b61f8daebec9d1 e99a62d88e8242ee9fba6fcccac014cd - - - -] Successfully bumped revision number for resource de378cf0-180c-4382-aea2-6abada5ed9fb (type: ports) to 1
2026-08-04 16:39:29.725 10 INFO neutron.wsgi [None req-07fef1d3-ae71-494b-926d-b826db76ee6b fe9f22a5883847c2b8b61f8daebec9d1 e99a62d88e8242ee9fba6fcccac014cd - - - -] 10.0.0.167 "POST /v2.0/networks HTTP/1.1" status: 201 len: 853 time: 0.5666471
2026-08-04 16:39:29.747 9 INFO neutron.wsgi [req-332769b4-ae2a-46e8-bee1-c25e6edc6172 req-911fc91c-b30e-45d2-ab65-ac6f9802ff37 3b097d311a4a4c638583644899515cab 4c787b13fdd14d349750e6d5144fb437 - - 5542a1e84d6847768ce2ec334b584dc7 5542a1e84d6847768ce2ec334b584dc7] 199.19.213.137 "GET /v2.0/subnets?id=563f4110-3213-45d0-88e7-506754260e8b HTTP/1.1" status: 200 len: 852 time: 0.1145658
2026-08-04 16:39:29.754 9 INFO neutron.wsgi [None req-83d17045-b927-46f6-a8bc-b53fd1fd3474 d5867e2ccba9447db1c50aa0b7871135 6ec4ecb5933647d1accc41abf0065313 - - - -] 10.0.0.167 "PUT /v2.0/routers/c9349391-ca5b-40f4-b8d2-bd86b0d4c1fc/remove_router_interface HTTP/1.1" status: 200 len: 503 time: 2.7041242 /var/lib/openstack/lib/python3.10/site-packages/pycadf/identifier.py:71: UserWarning: Invalid uuid: neutron. To ensure interoperability, identifiers should be a valid uuid. warnings.warn(('Invalid uuid: %s. To ensure interoperability, '
2026-08-04 16:39:29.775 9 INFO neutron.wsgi [req-22e7a528-f7d4-4048-ad27-ba36c40e01fe req-d65589fc-1f9d-48ea-8c22-2aa471905607 b13fe8f6226246959105a34c536e0a4d 3469255b6d514984ba92b742515a68d4 - - default default] 10.0.0.245 "GET /v2.0/security-groups?id=39e8b4c1-a3b4-4101-993d-f9ec064503bb&fields=id&fields=name HTTP/1.1" status: 200 len: 313 time: 0.1144469
2026-08-04 16:39:29.802 9 INFO neutron.wsgi [req-332769b4-ae2a-46e8-bee1-c25e6edc6172 req-ba7e3b4e-f3b3-496e-ad81-38620d2ba8d0 3b097d311a4a4c638583644899515cab 4c787b13fdd14d349750e6d5144fb437 - - 5542a1e84d6847768ce2ec334b584dc7 5542a1e84d6847768ce2ec334b584dc7] 199.19.213.137 "GET /v2.0/ports?network_id=601353a9-6921-4d00-9d21-818aee7513e6&device_owner=network%3Adhcp HTTP/1.1" status: 200 len: 210 time: 0.0442336
2026-08-04 16:39:29.816 10 INFO neutron.db.segments_db [None req-a5d63644-9b34-42dc-9b01-5dc30ec78519 fe9f22a5883847c2b8b61f8daebec9d1 e99a62d88e8242ee9fba6fcccac014cd - - - -] Added segment 7329f968-6a76-4562-a71a-eb40080ae513 of type geneve for network ef777359-6480-4a28-adab-b4d81354225a
2026-08-04 16:39:29.945 10 INFO neutron.db.ovn_revision_numbers_db [None req-a5d63644-9b34-42dc-9b01-5dc30ec78519 fe9f22a5883847c2b8b61f8daebec9d1 e99a62d88e8242ee9fba6fcccac014cd - - - -] Successfully bumped revision number for resource ef777359-6480-4a28-adab-b4d81354225a (type: networks) to 1
2026-08-04 16:39:29.947 9 INFO neutron.wsgi [req-332769b4-ae2a-46e8-bee1-c25e6edc6172 req-bda57ad1-2d14-484e-94ff-eac348a5a2cf 3b097d311a4a4c638583644899515cab 4c787b13fdd14d349750e6d5144fb437 - - 5542a1e84d6847768ce2ec334b584dc7 5542a1e84d6847768ce2ec334b584dc7] 199.19.213.137 "GET /v2.0/networks/601353a9-6921-4d00-9d21-818aee7513e6?fields=segments HTTP/1.1" status: 200 len: 212 time: 0.1368527
2026-08-04 16:39:30.062 9 INFO neutron.wsgi [req-332769b4-ae2a-46e8-bee1-c25e6edc6172 req-a9191be7-8716-4666-a902-c620a271e578 3b097d311a4a4c638583644899515cab 4c787b13fdd14d349750e6d5144fb437 - - 5542a1e84d6847768ce2ec334b584dc7 5542a1e84d6847768ce2ec334b584dc7] 199.19.213.137 "GET /v2.0/networks/601353a9-6921-4d00-9d21-818aee7513e6?fields=provider%3Aphysical_network&fields=provider%3Anetwork_type HTTP/1.1" status: 200 len: 277 time: 0.1044264
2026-08-04 16:39:30.143 9 INFO neutron.wsgi [req-ddf6d6c3-67e6-419f-b7f0-50236c8445ad req-8103204e-5346-451a-ac97-cdbfbd1bf3b5 3b097d311a4a4c638583644899515cab 4c787b13fdd14d349750e6d5144fb437 - - 5542a1e84d6847768ce2ec334b584dc7 5542a1e84d6847768ce2ec334b584dc7] 199.19.213.137 "GET /v2.0/ports?tenant_id=3469255b6d514984ba92b742515a68d4&device_id=6925e372-887f-4d63-a5e6-55d298d8ccf2 HTTP/1.1" status: 200 len: 1363 time: 0.0433636
2026-08-04 16:39:30.154 10 WARNING neutron.scheduler.dhcp_agent_scheduler [None req-a5d63644-9b34-42dc-9b01-5dc30ec78519 fe9f22a5883847c2b8b61f8daebec9d1 e99a62d88e8242ee9fba6fcccac014cd - - - -] No more DHCP agents
2026-08-04 16:39:30.156 10 WARNING neutron.api.rpc.agentnotifiers.dhcp_rpc_agent_api [None req-a5d63644-9b34-42dc-9b01-5dc30ec78519 fe9f22a5883847c2b8b61f8daebec9d1 e99a62d88e8242ee9fba6fcccac014cd - - - -] Unable to schedule network ef777359-6480-4a28-adab-b4d81354225a: no agents available; will retry on subsequent port and subnet creation events. /var/lib/openstack/lib/python3.10/site-packages/pycadf/identifier.py:71: UserWarning: Invalid uuid: neutron. To ensure interoperability, identifiers should be a valid uuid. warnings.warn(('Invalid uuid: %s. To ensure interoperability, '
2026-08-04 16:39:30.224 10 INFO neutron.db.ovn_revision_numbers_db [None req-a5d63644-9b34-42dc-9b01-5dc30ec78519 fe9f22a5883847c2b8b61f8daebec9d1 e99a62d88e8242ee9fba6fcccac014cd - - - -] Successfully bumped revision number for resource b8f45580-8f36-45e3-8de6-834056af8dac (type: ports) to 1
2026-08-04 16:39:30.248 9 INFO neutron.wsgi [req-ddf6d6c3-67e6-419f-b7f0-50236c8445ad req-119dddf4-0200-483e-84df-dbc9903bd991 3b097d311a4a4c638583644899515cab 4c787b13fdd14d349750e6d5144fb437 - - 5542a1e84d6847768ce2ec334b584dc7 5542a1e84d6847768ce2ec334b584dc7] 199.19.213.137 "GET /v2.0/networks?id=601353a9-6921-4d00-9d21-818aee7513e6 HTTP/1.1" status: 200 len: 958 time: 0.0957444
2026-08-04 16:39:30.252 9 INFO neutron.plugins.ml2.drivers.ovn.mech_driver.mech_driver [None req-bf202515-1b3a-4823-9d5f-3cd274afef13 - - - - - -] OVN reports status up for port: 3cac9c93-78c9-458e-9bdf-316fea37d988
2026-08-04 16:39:30.270 10 INFO neutron.wsgi [None req-a5d63644-9b34-42dc-9b01-5dc30ec78519 fe9f22a5883847c2b8b61f8daebec9d1 e99a62d88e8242ee9fba6fcccac014cd - - - -] 10.0.0.167 "POST /v2.0/networks HTTP/1.1" status: 201 len: 853 time: 0.5378473
2026-08-04 16:39:30.278 9 INFO neutron.db.ovn_revision_numbers_db [None req-5bfd4246-0aed-4996-8960-d035f7e1be7e 796d72eb691a4d3fa60360dd592a70a0 1df640dee8cf4c5face5ef399f56b15f - - default default] Successfully bumped revision number for resource 3cac9c93-78c9-458e-9bdf-316fea37d988 (type: router_ports) to 2
2026-08-04 16:39:30.293 9 INFO neutron.plugins.ml2.plugin [None req-bf202515-1b3a-4823-9d5f-3cd274afef13 - - - - - -] Attempt 1 to provision port 3cac9c93-78c9-458e-9bdf-316fea37d988
2026-08-04 16:39:30.295 9 INFO neutron.wsgi [req-ddf6d6c3-67e6-419f-b7f0-50236c8445ad req-48b9a9ea-5caa-468f-a7ab-db0e2bd89da1 3b097d311a4a4c638583644899515cab 4c787b13fdd14d349750e6d5144fb437 - - 5542a1e84d6847768ce2ec334b584dc7 5542a1e84d6847768ce2ec334b584dc7] 199.19.213.137 "GET /v2.0/floatingips?fixed_ip_address=10.100.0.11&port_id=a7a5f203-48f1-49f9-9176-e6dceef2e485 HTTP/1.1" status: 200 len: 217 time: 0.0358551
2026-08-04 16:39:30.302 10 INFO neutron.plugins.ml2.drivers.ovn.mech_driver.mech_driver [None req-7c6bcefe-38c6-4de3-97a5-15c8a5274d3d - - - - - -] OVN reports status up for port: a7a5f203-48f1-49f9-9176-e6dceef2e485
2026-08-04 16:39:30.322 10 INFO neutron.plugins.ml2.plugin [None req-7c6bcefe-38c6-4de3-97a5-15c8a5274d3d - - - - - -] Attempt 1 to provision port a7a5f203-48f1-49f9-9176-e6dceef2e485
2026-08-04 16:39:30.425 9 INFO neutron.wsgi [req-ddf6d6c3-67e6-419f-b7f0-50236c8445ad req-6ca6d280-f498-4225-a86e-947c11bb36cd 3b097d311a4a4c638583644899515cab 4c787b13fdd14d349750e6d5144fb437 - - 5542a1e84d6847768ce2ec334b584dc7 5542a1e84d6847768ce2ec334b584dc7] 199.19.213.137 "GET /v2.0/subnets?id=563f4110-3213-45d0-88e7-506754260e8b HTTP/1.1" status: 200 len: 852 time: 0.1044419
2026-08-04 16:39:30.483 10 INFO neutron.notifiers.nova [-] Nova event matching ['req-505302be-871b-4894-960d-771ab20c1fb3'] response: {'server_uuid': '6925e372-887f-4d63-a5e6-55d298d8ccf2', 'name': 'network-vif-plugged', 'status': 'completed', 'tag': 'a7a5f203-48f1-49f9-9176-e6dceef2e485', 'code': 200}
2026-08-04 16:39:30.493 9 INFO neutron.wsgi [req-ddf6d6c3-67e6-419f-b7f0-50236c8445ad req-8907c976-dde5-493a-af54-77a47a9afa83 3b097d311a4a4c638583644899515cab 4c787b13fdd14d349750e6d5144fb437 - - 5542a1e84d6847768ce2ec334b584dc7 5542a1e84d6847768ce2ec334b584dc7] 199.19.213.137 "GET /v2.0/ports?network_id=601353a9-6921-4d00-9d21-818aee7513e6&device_owner=network%3Adhcp HTTP/1.1" status: 200 len: 210 time: 0.0574322
2026-08-04 16:39:30.664 9 INFO neutron.wsgi [req-ddf6d6c3-67e6-419f-b7f0-50236c8445ad req-d6db9bd1-199c-45d9-a042-e9b34df461f4 3b097d311a4a4c638583644899515cab 4c787b13fdd14d349750e6d5144fb437 - - 5542a1e84d6847768ce2ec334b584dc7 5542a1e84d6847768ce2ec334b584dc7] 199.19.213.137 "GET /v2.0/networks/601353a9-6921-4d00-9d21-818aee7513e6?fields=segments HTTP/1.1" status: 200 len: 212 time: 0.1519186
2026-08-04 16:39:30.665 10 INFO neutron.db.ovn_revision_numbers_db [None req-7c6bcefe-38c6-4de3-97a5-15c8a5274d3d - - - - - -] Successfully bumped revision number for resource a7a5f203-48f1-49f9-9176-e6dceef2e485 (type: ports) to 4 /var/lib/openstack/lib/python3.10/site-packages/pycadf/identifier.py:71: UserWarning: Invalid uuid: neutron. To ensure interoperability, identifiers should be a valid uuid. warnings.warn(('Invalid uuid: %s. To ensure interoperability, '
2026-08-04 16:39:30.822 9 INFO neutron.db.ovn_revision_numbers_db [None req-5bfd4246-0aed-4996-8960-d035f7e1be7e 796d72eb691a4d3fa60360dd592a70a0 1df640dee8cf4c5face5ef399f56b15f - - default default] Successfully bumped revision number for resource 3cac9c93-78c9-458e-9bdf-316fea37d988 (type: ports) to 2
2026-08-04 16:39:30.832 9 INFO neutron.wsgi [req-ddf6d6c3-67e6-419f-b7f0-50236c8445ad req-876781ba-51bf-43fd-90ee-5651a1fe9c41 3b097d311a4a4c638583644899515cab 4c787b13fdd14d349750e6d5144fb437 - - 5542a1e84d6847768ce2ec334b584dc7 5542a1e84d6847768ce2ec334b584dc7] 199.19.213.137 "GET /v2.0/networks/601353a9-6921-4d00-9d21-818aee7513e6?fields=provider%3Aphysical_network&fields=provider%3Anetwork_type HTTP/1.1" status: 200 len: 277 time: 0.1531668
2026-08-04 16:39:31.351 10 WARNING neutron.scheduler.dhcp_agent_scheduler [None req-d56d4e71-029c-47c1-9943-886693320acb fe9f22a5883847c2b8b61f8daebec9d1 e99a62d88e8242ee9fba6fcccac014cd - - - -] No more DHCP agents
2026-08-04 16:39:31.357 10 WARNING neutron.api.rpc.agentnotifiers.dhcp_rpc_agent_api [None req-d56d4e71-029c-47c1-9943-886693320acb fe9f22a5883847c2b8b61f8daebec9d1 e99a62d88e8242ee9fba6fcccac014cd - - - -] Unable to schedule network a8ebf362-8b36-409e-80a8-bfaaff103ad6: no agents available; will retry on subsequent port and subnet creation events.
2026-08-04 16:39:31.371 10 INFO neutron.db.ovn_revision_numbers_db [None req-d56d4e71-029c-47c1-9943-886693320acb fe9f22a5883847c2b8b61f8daebec9d1 e99a62d88e8242ee9fba6fcccac014cd - - - -] Successfully bumped revision number for resource 5b174d59-fe4a-40f2-b08d-88c58c9889ce (type: subnets) to 0
2026-08-04 16:39:31.389 9 INFO neutron.wsgi [req-8e9b1a4f-931b-4b37-a48b-ca4cb079ff10 req-f58386e3-eb7b-40d5-a2b9-56973b24812e b13fe8f6226246959105a34c536e0a4d 3469255b6d514984ba92b742515a68d4 - - default default] 10.0.0.245 "GET /v2.0/ports?device_id=6925e372-887f-4d63-a5e6-55d298d8ccf2 HTTP/1.1" status: 200 len: 1174 time: 0.5440011
2026-08-04 16:39:31.415 10 WARNING neutron.scheduler.dhcp_agent_scheduler [None req-d56d4e71-029c-47c1-9943-886693320acb fe9f22a5883847c2b8b61f8daebec9d1 e99a62d88e8242ee9fba6fcccac014cd - - - -] No more DHCP agents
2026-08-04 16:39:31.417 10 WARNING neutron.api.rpc.agentnotifiers.dhcp_rpc_agent_api [None req-d56d4e71-029c-47c1-9943-886693320acb fe9f22a5883847c2b8b61f8daebec9d1 e99a62d88e8242ee9fba6fcccac014cd - - - -] Unable to schedule network ef777359-6480-4a28-adab-b4d81354225a: no agents available; will retry on subsequent port and subnet creation events.
2026-08-04 16:39:31.432 10 INFO neutron.db.ovn_revision_numbers_db [None req-d56d4e71-029c-47c1-9943-886693320acb fe9f22a5883847c2b8b61f8daebec9d1 e99a62d88e8242ee9fba6fcccac014cd - - - -] Successfully bumped revision number for resource 14814799-11d5-461d-8969-2c5071e5d657 (type: subnets) to 0
2026-08-04 16:39:31.452 10 INFO neutron.wsgi [None req-d56d4e71-029c-47c1-9943-886693320acb fe9f22a5883847c2b8b61f8daebec9d1 e99a62d88e8242ee9fba6fcccac014cd - - - -] 10.0.0.167 "POST /v2.0/subnets HTTP/1.1" status: 201 len: 1476 time: 0.6741917
2026-08-04 16:39:31.476 9 INFO neutron.db.ovn_revision_numbers_db [None req-bf202515-1b3a-4823-9d5f-3cd274afef13 - - - - - -] Successfully bumped revision number for resource 3cac9c93-78c9-458e-9bdf-316fea37d988 (type: ports) to 3
2026-08-04 16:39:31.523 10 INFO neutron.wsgi [None req-22305a52-af8d-4c27-8ed0-40b144a6f729 fe9f22a5883847c2b8b61f8daebec9d1 e99a62d88e8242ee9fba6fcccac014cd - - default default] 10.0.0.167 "GET /v2.0/subnets HTTP/1.1" status: 200 len: 2084 time: 0.0636053
2026-08-04 16:39:31.525 9 INFO neutron.wsgi [req-8e9b1a4f-931b-4b37-a48b-ca4cb079ff10 req-445c3549-fb18-4154-b19c-ba098c82edd5 b13fe8f6226246959105a34c536e0a4d 3469255b6d514984ba92b742515a68d4 - - default default] 10.0.0.245 "GET /v2.0/security-groups?id=39e8b4c1-a3b4-4101-993d-f9ec064503bb&fields=id&fields=name HTTP/1.1" status: 200 len: 313 time: 0.1284103
2026-08-04 16:39:31.592 9 INFO neutron.wsgi [None req-9683e986-00d6-4c76-929f-55a24cc8d4b2 d5867e2ccba9447db1c50aa0b7871135 6ec4ecb5933647d1accc41abf0065313 - - - -] 10.0.0.167 "DELETE /v2.0/routers/c9349391-ca5b-40f4-b8d2-bd86b0d4c1fc HTTP/1.1" status: 204 len: 168 time: 1.8307908
2026-08-04 16:39:31.716 9 INFO neutron.db.ovn_revision_numbers_db [None req-bf202515-1b3a-4823-9d5f-3cd274afef13 - - - - - -] Successfully bumped revision number for resource 3cac9c93-78c9-458e-9bdf-316fea37d988 (type: router_ports) to 3
2026-08-04 16:39:31.837 10 INFO neutron.wsgi [None req-2a52f285-a252-4867-b746-73ab5ed96429 fe9f22a5883847c2b8b61f8daebec9d1 e99a62d88e8242ee9fba6fcccac014cd - - - -] 10.0.0.167 "DELETE /v2.0/subnets/5b174d59-fe4a-40f2-b08d-88c58c9889ce HTTP/1.1" status: 204 len: 168 time: 0.3009412 /var/lib/openstack/lib/python3.10/site-packages/pycadf/identifier.py:71: UserWarning: Invalid uuid: neutron. To ensure interoperability, identifiers should be a valid uuid. warnings.warn(('Invalid uuid: %s. To ensure interoperability, '
2026-08-04 16:39:31.874 10 INFO neutron.wsgi [None req-d8962ea8-0653-468c-b9d0-8c01f8297ad8 d5867e2ccba9447db1c50aa0b7871135 6ec4ecb5933647d1accc41abf0065313 - - - -] 10.0.0.167 "DELETE /v2.0/subnets/d62a4dda-a158-4485-bbf5-cb1c40fad663 HTTP/1.1" status: 204 len: 168 time: 0.2698858
2026-08-04 16:39:32.124 9 INFO neutron.wsgi [None req-cda5ef92-025f-4408-9902-9b9bd8bfcacb fe9f22a5883847c2b8b61f8daebec9d1 e99a62d88e8242ee9fba6fcccac014cd - - - -] 10.0.0.167 "DELETE /v2.0/subnets/14814799-11d5-461d-8969-2c5071e5d657 HTTP/1.1" status: 204 len: 168 time: 0.2802181 /var/lib/openstack/lib/python3.10/site-packages/pycadf/identifier.py:71: UserWarning: Invalid uuid: neutron. To ensure interoperability, identifiers should be a valid uuid. warnings.warn(('Invalid uuid: %s. To ensure interoperability, '
2026-08-04 16:39:32.180 9 INFO neutron.wsgi [None req-5c29dc7e-3905-48c5-8003-44bec3105b12 fe9f22a5883847c2b8b61f8daebec9d1 e99a62d88e8242ee9fba6fcccac014cd - - default default] 10.0.0.167 "GET /v2.0/subnets HTTP/1.1" status: 200 len: 820 time: 0.0488465
2026-08-04 16:39:32.227 10 INFO neutron.services.segments.plugin [-] Segment 2656c448-138e-40d5-915e-9ce2984ba308 resource provider aggregate not found
2026-08-04 16:39:32.230 9 INFO neutron.db.ovn_revision_numbers_db [None req-5bfd4246-0aed-4996-8960-d035f7e1be7e 796d72eb691a4d3fa60360dd592a70a0 1df640dee8cf4c5face5ef399f56b15f - - default default] Successfully bumped revision number for resource 3cac9c93-78c9-458e-9bdf-316fea37d988 (type: ports) to 4
2026-08-04 16:39:32.232 10 INFO neutron.services.segments.plugin [-] Segment 2656c448-138e-40d5-915e-9ce2984ba308 resource provider aggregate not found
2026-08-04 16:39:32.245 10 INFO neutron.services.segments.plugin [-] Segment 2656c448-138e-40d5-915e-9ce2984ba308 resource provider not found; error: Placement Client Error (4xx): {"errors": [{"status": 404, "title": "Not Found", "detail": "The resource could not be found.\n\n No resource provider with uuid 2656c448-138e-40d5-915e-9ce2984ba308 found for delete ", "request_id": "req-69ba9fb1-357a-4048-8011-f42df3e87b24"}]}
2026-08-04 16:39:32.250 10 INFO neutron.services.segments.plugin [-] Segment 2656c448-138e-40d5-915e-9ce2984ba308 resource provider not found; error: Placement Client Error (4xx): {"errors": [{"status": 404, "title": "Not Found", "detail": "The resource could not be found.\n\n No resource provider with uuid 2656c448-138e-40d5-915e-9ce2984ba308 found for delete ", "request_id": "req-e5fec03c-dbaf-494e-a59e-1e3c702be7be"}]}
2026-08-04 16:39:32.264 10 INFO neutron.wsgi [None req-ddc7bf61-6c41-4b79-a2cf-e6512bd90b99 d5867e2ccba9447db1c50aa0b7871135 6ec4ecb5933647d1accc41abf0065313 - - - -] 10.0.0.167 "DELETE /v2.0/networks/3ee9553d-4e6b-41a1-bd63-311c4e8fb19f HTTP/1.1" status: 204 len: 168 time: 0.3829658
2026-08-04 16:39:32.309 9 WARNING neutron.scheduler.dhcp_agent_scheduler [None req-5bfd4246-0aed-4996-8960-d035f7e1be7e 796d72eb691a4d3fa60360dd592a70a0 1df640dee8cf4c5face5ef399f56b15f - - default default] No more DHCP agents
2026-08-04 16:39:32.320 9 WARNING neutron.api.rpc.agentnotifiers.dhcp_rpc_agent_api [None req-5bfd4246-0aed-4996-8960-d035f7e1be7e 796d72eb691a4d3fa60360dd592a70a0 1df640dee8cf4c5face5ef399f56b15f - - default default] Unable to schedule network 7bc2f504-69b1-4699-afcd-dc1bcef44eca: no agents available; will retry on subsequent port and subnet creation events.
2026-08-04 16:39:32.533 9 INFO neutron.wsgi [None req-92be0c26-20a9-4c0f-967f-80459c42e84e d5867e2ccba9447db1c50aa0b7871135 6ec4ecb5933647d1accc41abf0065313 - - default default] 10.0.0.167 "GET /v2.0/security-groups?tenant_id=6300fb61050242ed888144f133d0b161&name=default HTTP/1.1" status: 200 len: 2996 time: 0.0805540
2026-08-04 16:39:32.560 10 INFO neutron.notifiers.nova [-] Nova event matching ['req-2cc858fc-7301-4b95-ac53-c50dd0f85ba6'] response: {'server_uuid': '6925e372-887f-4d63-a5e6-55d298d8ccf2', 'name': 'network-vif-plugged', 'status': 'completed', 'tag': 'a7a5f203-48f1-49f9-9176-e6dceef2e485', 'code': 200}
2026-08-04 16:39:32.656 9 INFO neutron.db.ovn_revision_numbers_db [None req-5bfd4246-0aed-4996-8960-d035f7e1be7e 796d72eb691a4d3fa60360dd592a70a0 1df640dee8cf4c5face5ef399f56b15f - - - -] Successfully bumped revision number for resource 3cac9c93-78c9-458e-9bdf-316fea37d988 (type: router_ports) to 4
2026-08-04 16:39:32.658 9 INFO neutron.wsgi [None req-5bfd4246-0aed-4996-8960-d035f7e1be7e 796d72eb691a4d3fa60360dd592a70a0 1df640dee8cf4c5face5ef399f56b15f - - - -] 10.0.0.167 "PUT /v2.0/routers/84bd3b22-f166-482e-8157-ccfcd339273d/add_router_interface HTTP/1.1" status: 200 len: 503 time: 3.5268812
2026-08-04 16:39:32.664 9 INFO neutron.wsgi [req-59c149aa-c7bb-496b-a02c-03a8e1c5467e req-edb8f778-d5e2-48d1-9dc2-1e6845128440 b13fe8f6226246959105a34c536e0a4d 3469255b6d514984ba92b742515a68d4 - - default default] 10.0.0.245 "GET /v2.0/ports?device_id=6925e372-887f-4d63-a5e6-55d298d8ccf2 HTTP/1.1" status: 200 len: 1174 time: 0.0398111
2026-08-04 16:39:32.735 9 INFO neutron.services.segments.plugin [-] Segment 7329f968-6a76-4562-a71a-eb40080ae513 resource provider aggregate not found
2026-08-04 16:39:32.741 9 INFO neutron.services.segments.plugin [-] Segment 7329f968-6a76-4562-a71a-eb40080ae513 resource provider aggregate not found
2026-08-04 16:39:32.770 9 INFO neutron.wsgi [req-59c149aa-c7bb-496b-a02c-03a8e1c5467e req-8310a558-72ed-430f-8eb1-6eff51f8bee2 b13fe8f6226246959105a34c536e0a4d 3469255b6d514984ba92b742515a68d4 - - default default] 10.0.0.245 "GET /v2.0/security-groups?id=39e8b4c1-a3b4-4101-993d-f9ec064503bb&fields=id&fields=name HTTP/1.1" status: 200 len: 313 time: 0.0956302
2026-08-04 16:39:32.773 9 INFO neutron.services.segments.plugin [-] Segment 7329f968-6a76-4562-a71a-eb40080ae513 resource provider not found; error: Placement Client Error (4xx): {"errors": [{"status": 404, "title": "Not Found", "detail": "The resource could not be found.\n\n No resource provider with uuid 7329f968-6a76-4562-a71a-eb40080ae513 found for delete ", "request_id": "req-668e5d20-e178-4ce3-b8f5-d95c3689416d"}]}
2026-08-04 16:39:32.774 9 INFO neutron.services.segments.plugin [-] Segment 7329f968-6a76-4562-a71a-eb40080ae513 resource provider not found; error: Placement Client Error (4xx): {"errors": [{"status": 404, "title": "Not Found", "detail": "The resource could not be found.\n\n No resource provider with uuid 7329f968-6a76-4562-a71a-eb40080ae513 found for delete ", "request_id": "req-0e20b9ee-cdba-4497-995b-65b99c1c722c"}]}
2026-08-04 16:39:32.794 10 INFO neutron.wsgi [None req-85e00a63-256b-4c34-ac15-0b1c25c39c6b 796d72eb691a4d3fa60360dd592a70a0 1df640dee8cf4c5face5ef399f56b15f - - default default] 10.0.0.167 "GET /v2.0/ports/3cac9c93-78c9-458e-9bdf-316fea37d988 HTTP/1.1" status: 200 len: 1208 time: 0.1282642
2026-08-04 16:39:32.803 9 INFO neutron.wsgi [None req-f60de927-4421-4201-9b4e-e01c07e8ed66 fe9f22a5883847c2b8b61f8daebec9d1 e99a62d88e8242ee9fba6fcccac014cd - - - -] 10.0.0.167 "DELETE /v2.0/networks/ef777359-6480-4a28-adab-b4d81354225a HTTP/1.1" status: 204 len: 168 time: 0.6102674
2026-08-04 16:39:32.966 10 INFO neutron.wsgi [None req-bd8e1713-7a09-4088-bd70-2952edcabe18 d5867e2ccba9447db1c50aa0b7871135 6ec4ecb5933647d1accc41abf0065313 - - - -] 10.0.0.167 "DELETE /v2.0/security-groups/7f3d8396-c5b7-4582-b7f9-77f11e0c3789 HTTP/1.1" status: 204 len: 168 time: 0.4233525
2026-08-04 16:39:33.313 10 INFO neutron.wsgi [req-c6029b5b-86e8-46d1-a64a-28be98022477 req-fe0d1ccf-31f9-4280-a701-d402f4a1392e b13fe8f6226246959105a34c536e0a4d 3469255b6d514984ba92b742515a68d4 - - default default] 10.0.0.245 "GET /v2.0/ports?device_id=6925e372-887f-4d63-a5e6-55d298d8ccf2 HTTP/1.1" status: 200 len: 1174 time: 0.4484727 /var/lib/openstack/lib/python3.10/site-packages/pycadf/identifier.py:71: UserWarning: Invalid uuid: neutron. To ensure interoperability, identifiers should be a valid uuid. warnings.warn(('Invalid uuid: %s. To ensure interoperability, '
2026-08-04 16:39:33.398 10 INFO neutron.wsgi [req-c6029b5b-86e8-46d1-a64a-28be98022477 req-50edf5b1-7519-4b56-9e1e-37c33b3b59d5 b13fe8f6226246959105a34c536e0a4d 3469255b6d514984ba92b742515a68d4 - - default default] 10.0.0.245 "GET /v2.0/security-groups?id=39e8b4c1-a3b4-4101-993d-f9ec064503bb&fields=id&fields=name HTTP/1.1" status: 200 len: 313 time: 0.0775232
2026-08-04 16:39:33.468 9 INFO neutron.wsgi [None req-a4022e7f-8f14-46b4-b255-dd2e05ab38f9 f8354e8623ac4c58b35319619a9e283b 7922a524001c46cb919e67ea0ebcc654 - - default default] 10.0.0.167 "GET /v2.0/ports?device_id=6925e372-887f-4d63-a5e6-55d298d8ccf2 HTTP/1.1" status: 200 len: 1360 time: 0.0364296
2026-08-04 16:39:33.739 10 INFO neutron.wsgi [None req-fee844e3-842f-48bb-aec4-c77dd614520f fe9f22a5883847c2b8b61f8daebec9d1 e99a62d88e8242ee9fba6fcccac014cd - - - -] 10.0.0.167 "DELETE /v2.0/networks/a8ebf362-8b36-409e-80a8-bfaaff103ad6 HTTP/1.1" status: 204 len: 168 time: 0.9295313
2026-08-04 16:39:33.793 9 WARNING neutron.scheduler.dhcp_agent_scheduler [None req-3a9bf04e-7e4f-4cb2-b166-071aa64588d0 b13fe8f6226246959105a34c536e0a4d 3469255b6d514984ba92b742515a68d4 - - - -] No more DHCP agents
2026-08-04 16:39:33.794 9 WARNING neutron.api.rpc.agentnotifiers.dhcp_rpc_agent_api [None req-3a9bf04e-7e4f-4cb2-b166-071aa64588d0 b13fe8f6226246959105a34c536e0a4d 3469255b6d514984ba92b742515a68d4 - - - -] Unable to schedule network 61d1bb28-b8fd-4ce2-9fb9-c853b9ebe6f7: no agents available; will retry on subsequent port and subnet creation events.
2026-08-04 16:39:34.063 10 INFO neutron.wsgi [None req-7b1444a2-6c99-42bb-9ec6-9bb6137430b1 796d72eb691a4d3fa60360dd592a70a0 1df640dee8cf4c5face5ef399f56b15f - - - -] 10.0.0.167 "PUT /v2.0/routers/84bd3b22-f166-482e-8157-ccfcd339273d/remove_router_interface HTTP/1.1" status: 200 len: 503 time: 1.2621930 /var/lib/openstack/lib/python3.10/site-packages/pycadf/identifier.py:71: UserWarning: Invalid uuid: neutron. To ensure interoperability, identifiers should be a valid uuid. warnings.warn(('Invalid uuid: %s. To ensure interoperability, '
2026-08-04 16:39:34.156 10 INFO neutron.api.v2.resource [None req-912a9010-eb8d-44c8-949f-12b71d7b53c2 796d72eb691a4d3fa60360dd592a70a0 1df640dee8cf4c5face5ef399f56b15f - - default default] remove_router_interface failed (client error): The resource could not be found.
2026-08-04 16:39:34.157 10 INFO neutron.wsgi [None req-912a9010-eb8d-44c8-949f-12b71d7b53c2 796d72eb691a4d3fa60360dd592a70a0 1df640dee8cf4c5face5ef399f56b15f - - default default] 10.0.0.167 "PUT /v2.0/routers/84bd3b22-f166-482e-8157-ccfcd339273d/remove_router_interface HTTP/1.1" status: 404 len: 398 time: 0.0880134
2026-08-04 16:39:34.191 10 INFO neutron.wsgi [None req-b3a08d21-b825-4b48-b56d-359d1a97044b 796d72eb691a4d3fa60360dd592a70a0 1df640dee8cf4c5face5ef399f56b15f - - default default] 10.0.0.167 "GET /v2.0/ports?device_id=84bd3b22-f166-482e-8157-ccfcd339273d HTTP/1.1" status: 200 len: 205 time: 0.0286093
2026-08-04 16:39:34.274 10 INFO neutron.services.segments.plugin [-] Segment c23262e5-9358-4e1e-afe9-079c4018f38b resource provider aggregate not found
2026-08-04 16:39:34.280 9 INFO neutron.db.l3_db [None req-3a9bf04e-7e4f-4cb2-b166-071aa64588d0 b13fe8f6226246959105a34c536e0a4d 3469255b6d514984ba92b742515a68d4 - - - -] Floating IP f7df17b6-e5c1-4107-ab8a-5a5af0e480b9 associated. External IP: 10.96.250.209, port: a7a5f203-48f1-49f9-9176-e6dceef2e485.
2026-08-04 16:39:34.282 10 INFO neutron.services.segments.plugin [-] Segment c23262e5-9358-4e1e-afe9-079c4018f38b resource provider aggregate not found
2026-08-04 16:39:34.313 10 INFO neutron.services.segments.plugin [-] Segment c23262e5-9358-4e1e-afe9-079c4018f38b resource provider not found; error: Placement Client Error (4xx): {"errors": [{"status": 404, "title": "Not Found", "detail": "The resource could not be found.\n\n No resource provider with uuid c23262e5-9358-4e1e-afe9-079c4018f38b found for delete ", "request_id": "req-8475d52f-3514-4252-aa18-94dca5757eda"}]}
2026-08-04 16:39:34.316 10 INFO neutron.services.segments.plugin [-] Segment c23262e5-9358-4e1e-afe9-079c4018f38b resource provider not found; error: Placement Client Error (4xx): {"errors": [{"status": 404, "title": "Not Found", "detail": "The resource could not be found.\n\n No resource provider with uuid c23262e5-9358-4e1e-afe9-079c4018f38b found for delete ", "request_id": "req-0974861a-14c9-43a0-a7a3-1e56536cb676"}]}
2026-08-04 16:39:34.486 10 INFO neutron.wsgi [None req-b159ab7b-8d38-4784-a86e-12170a773e20 fe9f22a5883847c2b8b61f8daebec9d1 e99a62d88e8242ee9fba6fcccac014cd - - - -] 10.0.0.167 "DELETE /v2.0/networks/9b624fc8-bcaa-425c-a525-6fa6d3e55fed HTTP/1.1" status: 204 len: 168 time: 0.7401140
2026-08-04 16:39:34.575 10 INFO neutron.wsgi [None req-575ebc7c-ef53-4742-8d53-e40e46a07493 796d72eb691a4d3fa60360dd592a70a0 1df640dee8cf4c5face5ef399f56b15f - - - -] 10.0.0.167 "DELETE /v2.0/routers/84bd3b22-f166-482e-8157-ccfcd339273d HTTP/1.1" status: 204 len: 168 time: 0.3664863
2026-08-04 16:39:34.576 9 INFO neutron.db.ovn_revision_numbers_db [None req-3a9bf04e-7e4f-4cb2-b166-071aa64588d0 b13fe8f6226246959105a34c536e0a4d 3469255b6d514984ba92b742515a68d4 - - - -] Successfully bumped revision number for resource f7df17b6-e5c1-4107-ab8a-5a5af0e480b9 (type: floatingips) to 0
2026-08-04 16:39:35.015 9 INFO neutron.db.ovn_revision_numbers_db [None req-3a9bf04e-7e4f-4cb2-b166-071aa64588d0 b13fe8f6226246959105a34c536e0a4d 3469255b6d514984ba92b742515a68d4 - - - -] Successfully bumped revision number for resource f7df17b6-e5c1-4107-ab8a-5a5af0e480b9 (type: floatingips) to 1
2026-08-04 16:39:35.106 9 INFO neutron.wsgi [None req-3a9bf04e-7e4f-4cb2-b166-071aa64588d0 b13fe8f6226246959105a34c536e0a4d 3469255b6d514984ba92b742515a68d4 - - - -] 10.0.0.167 "POST /v2.0/floatingips HTTP/1.1" status: 201 len: 1055 time: 1.6293929
2026-08-04 16:39:35.171 9 INFO neutron.notifiers.nova [-] Nova event matching ['req-ac3cffdf-5e12-4b0c-bfca-afe00350ccb8'] response: {'name': 'network-changed', 'server_uuid': '6925e372-887f-4d63-a5e6-55d298d8ccf2', 'tag': 'a7a5f203-48f1-49f9-9176-e6dceef2e485', 'status': 'completed', 'code': 200}
2026-08-04 16:39:35.211 10 INFO neutron.wsgi [None req-48bb21ba-2aaf-448b-8a5f-cc84abdba7b1 b13fe8f6226246959105a34c536e0a4d 3469255b6d514984ba92b742515a68d4 - - default default] 10.0.0.167 "GET /v2.0/floatingips/f7df17b6-e5c1-4107-ab8a-5a5af0e480b9 HTTP/1.1" status: 200 len: 1052 time: 0.0969207
2026-08-04 16:39:35.226 9 INFO neutron.wsgi [None req-06bd1217-64a5-4d9d-8a40-d1c61492bc5c 796d72eb691a4d3fa60360dd592a70a0 1df640dee8cf4c5face5ef399f56b15f - - - -] 10.0.0.167 "DELETE /v2.0/subnets/875b8484-3fef-4a06-a72f-c25d457e9ae4 HTTP/1.1" status: 204 len: 168 time: 0.6450534
2026-08-04 16:39:35.259 9 INFO neutron.wsgi [req-513813d3-eccd-4791-adfd-dd1d5b4e0a28 req-900aa63c-3a4a-496d-8c53-0de7458f8520 3b097d311a4a4c638583644899515cab 4c787b13fdd14d349750e6d5144fb437 - - 5542a1e84d6847768ce2ec334b584dc7 5542a1e84d6847768ce2ec334b584dc7] 199.19.213.137 "GET /v2.0/ports?tenant_id=3469255b6d514984ba92b742515a68d4&device_id=6925e372-887f-4d63-a5e6-55d298d8ccf2 HTTP/1.1" status: 200 len: 1365 time: 0.0490868
2026-08-04 16:39:35.363 9 INFO neutron.wsgi [req-513813d3-eccd-4791-adfd-dd1d5b4e0a28 req-8cfa0181-b42d-4c64-864c-d94a0119d4be 3b097d311a4a4c638583644899515cab 4c787b13fdd14d349750e6d5144fb437 - - 5542a1e84d6847768ce2ec334b584dc7 5542a1e84d6847768ce2ec334b584dc7] 199.19.213.137 "GET /v2.0/networks?id=601353a9-6921-4d00-9d21-818aee7513e6 HTTP/1.1" status: 200 len: 958 time: 0.0960982
2026-08-04 16:39:35.371 9 INFO neutron.services.segments.plugin [-] Segment b0df7686-e44b-4e6b-ad6a-2a4936523aa6 resource provider aggregate not found
2026-08-04 16:39:35.396 9 INFO neutron.services.segments.plugin [-] Segment b0df7686-e44b-4e6b-ad6a-2a4936523aa6 resource provider aggregate not found
2026-08-04 16:39:35.405 9 INFO neutron.services.segments.plugin [-] Segment b0df7686-e44b-4e6b-ad6a-2a4936523aa6 resource provider not found; error: Placement Client Error (4xx): {"errors": [{"status": 404, "title": "Not Found", "detail": "The resource could not be found.\n\n No resource provider with uuid b0df7686-e44b-4e6b-ad6a-2a4936523aa6 found for delete ", "request_id": "req-77fed509-4aed-4e48-87d1-46f14d233980"}]}
2026-08-04 16:39:35.424 9 INFO neutron.services.segments.plugin [-] Segment b0df7686-e44b-4e6b-ad6a-2a4936523aa6 resource provider not found; error: Placement Client Error (4xx): {"errors": [{"status": 404, "title": "Not Found", "detail": "The resource could not be found.\n\n No resource provider with uuid b0df7686-e44b-4e6b-ad6a-2a4936523aa6 found for delete ", "request_id": "req-c8ef4853-97a3-44ee-8a7b-f12953dd58cb"}]}
2026-08-04 16:39:35.449 9 INFO neutron.wsgi [req-513813d3-eccd-4791-adfd-dd1d5b4e0a28 req-b79a3c5b-4a66-4d2f-a939-d026c0f2a283 3b097d311a4a4c638583644899515cab 4c787b13fdd14d349750e6d5144fb437 - - 5542a1e84d6847768ce2ec334b584dc7 5542a1e84d6847768ce2ec334b584dc7] 199.19.213.137 "GET /v2.0/floatingips?fixed_ip_address=10.100.0.11&port_id=a7a5f203-48f1-49f9-9176-e6dceef2e485 HTTP/1.1" status: 200 len: 1060 time: 0.0788987
2026-08-04 16:39:35.459 9 INFO neutron.wsgi [None req-6589f3c8-2dbb-4cf1-9714-a41c8cef63d6 fe9f22a5883847c2b8b61f8daebec9d1 e99a62d88e8242ee9fba6fcccac014cd - - - -] 10.0.0.167 "DELETE /v2.0/networks/1d2c0af8-6e21-4244-800a-0bcc3893cc83 HTTP/1.1" status: 204 len: 168 time: 0.9660516
2026-08-04 16:39:35.506 9 INFO neutron.wsgi [req-513813d3-eccd-4791-adfd-dd1d5b4e0a28 req-eeda6b86-be46-4f15-b839-376425ebb41f 3b097d311a4a4c638583644899515cab 4c787b13fdd14d349750e6d5144fb437 - - 5542a1e84d6847768ce2ec334b584dc7 5542a1e84d6847768ce2ec334b584dc7] 199.19.213.137 "GET /v2.0/subnets?id=563f4110-3213-45d0-88e7-506754260e8b HTTP/1.1" status: 200 len: 852 time: 0.0444503
2026-08-04 16:39:35.552 9 INFO neutron.wsgi [req-513813d3-eccd-4791-adfd-dd1d5b4e0a28 req-3060d30b-37e1-40c6-a2d5-7c21081ea6b5 3b097d311a4a4c638583644899515cab 4c787b13fdd14d349750e6d5144fb437 - - 5542a1e84d6847768ce2ec334b584dc7 5542a1e84d6847768ce2ec334b584dc7] 199.19.213.137 "GET /v2.0/ports?network_id=601353a9-6921-4d00-9d21-818aee7513e6&device_owner=network%3Adhcp HTTP/1.1" status: 200 len: 210 time: 0.0398090
2026-08-04 16:39:35.632 9 INFO neutron.wsgi [req-513813d3-eccd-4791-adfd-dd1d5b4e0a28 req-1c03de14-309c-4e79-8acd-8b53839b0b83 3b097d311a4a4c638583644899515cab 4c787b13fdd14d349750e6d5144fb437 - - 5542a1e84d6847768ce2ec334b584dc7 5542a1e84d6847768ce2ec334b584dc7] 199.19.213.137 "GET /v2.0/networks/601353a9-6921-4d00-9d21-818aee7513e6?fields=segments HTTP/1.1" status: 200 len: 212 time: 0.0745149
2026-08-04 16:39:35.700 9 INFO neutron.wsgi [req-513813d3-eccd-4791-adfd-dd1d5b4e0a28 req-8da7bbdd-a74d-45d4-b758-0f29b7624dce 3b097d311a4a4c638583644899515cab 4c787b13fdd14d349750e6d5144fb437 - - 5542a1e84d6847768ce2ec334b584dc7 5542a1e84d6847768ce2ec334b584dc7] 199.19.213.137 "GET /v2.0/networks/601353a9-6921-4d00-9d21-818aee7513e6?fields=provider%3Aphysical_network&fields=provider%3Anetwork_type HTTP/1.1" status: 200 len: 277 time: 0.0575991
2026-08-04 16:39:35.978 10 INFO neutron.wsgi [None req-03c90491-8a00-4a30-af97-3eab72dfc250 796d72eb691a4d3fa60360dd592a70a0 1df640dee8cf4c5face5ef399f56b15f - - - -] 10.0.0.167 "DELETE /v2.0/networks/7bc2f504-69b1-4699-afcd-dc1bcef44eca HTTP/1.1" status: 204 len: 168 time: 0.7439051
2026-08-04 16:39:36.042 9 INFO neutron.wsgi [None req-f3b6d765-cd6e-45d8-8075-67eb56923d64 d5867e2ccba9447db1c50aa0b7871135 6ec4ecb5933647d1accc41abf0065313 - - default default] 10.0.0.167 "GET /v2.0/security-groups?tenant_id=e99a62d88e8242ee9fba6fcccac014cd&name=default HTTP/1.1" status: 200 len: 2996 time: 0.1086307
2026-08-04 16:39:36.057 10 INFO neutron.wsgi [None req-1143aba3-d37d-48fe-b78a-a5b8d997e6a5 d5867e2ccba9447db1c50aa0b7871135 6ec4ecb5933647d1accc41abf0065313 - - default default] 10.0.0.218 "GET /v2.0/security-groups HTTP/1.1" status: 200 len: 30233 time: 0.2907529
2026-08-04 16:39:36.090 9 INFO neutron.db.segments_db [None req-cc86d1cd-4165-44f5-a768-1cc69f159863 796d72eb691a4d3fa60360dd592a70a0 1df640dee8cf4c5face5ef399f56b15f - - - -] Added segment ad33542e-312e-448f-9de9-bc765d574f16 of type geneve for network 8ecbec8f-ce0f-4247-909c-9250fcdc9be0
2026-08-04 16:39:36.155 10 INFO neutron.wsgi [None req-bec142d3-04a3-4671-9fec-14605b61cdcc d5867e2ccba9447db1c50aa0b7871135 6ec4ecb5933647d1accc41abf0065313 - - default default] 10.0.0.218 "GET /v2.0/routers HTTP/1.1" status: 200 len: 859 time: 0.0839887
2026-08-04 16:39:36.169 10 INFO neutron.wsgi [None req-99fe66cf-c50d-48a5-ac73-86a28a9e3117 d5867e2ccba9447db1c50aa0b7871135 6ec4ecb5933647d1accc41abf0065313 - - default default] 10.0.0.218 "GET /v2.0/agents?binary=ovn-controller HTTP/1.1" status: 200 len: 591 time: 0.0133579
2026-08-04 16:39:36.193 10 INFO neutron.wsgi [None req-a4e9ce85-a6cd-42cb-9d19-887ca08d3256 d5867e2ccba9447db1c50aa0b7871135 6ec4ecb5933647d1accc41abf0065313 - - default default] 10.0.0.218 "GET /v2.0/agents HTTP/1.1" status: 200 len: 997 time: 0.0224123
2026-08-04 16:39:36.244 10 INFO neutron.wsgi [None req-9db2d77f-d4ec-4c54-9573-96096db1d7c5 d5867e2ccba9447db1c50aa0b7871135 6ec4ecb5933647d1accc41abf0065313 - - default default] 10.0.0.218 "GET /v2.0/subnets HTTP/1.1" status: 200 len: 2077 time: 0.0496275
2026-08-04 16:39:36.265 10 INFO neutron.wsgi [None req-67982866-5911-4bea-9dff-63173aa1d9f9 d5867e2ccba9447db1c50aa0b7871135 6ec4ecb5933647d1accc41abf0065313 - - default default] 10.0.0.218 "GET /v2.0/subnetpools HTTP/1.1" status: 200 len: 193 time: 0.0172789
2026-08-04 16:39:36.268 9 INFO neutron.db.ovn_revision_numbers_db [None req-cc86d1cd-4165-44f5-a768-1cc69f159863 796d72eb691a4d3fa60360dd592a70a0 1df640dee8cf4c5face5ef399f56b15f - - - -] Successfully bumped revision number for resource 8ecbec8f-ce0f-4247-909c-9250fcdc9be0 (type: networks) to 1
2026-08-04 16:39:36.301 9 WARNING neutron.plugins.ml2.drivers.ovn.mech_driver.ovsdb.ovn_client [None req-bf202515-1b3a-4823-9d5f-3cd274afef13 - - - - - -] No port found with ID 3cac9c93-78c9-458e-9bdf-316fea37d988: RuntimeError: No port found with ID 3cac9c93-78c9-458e-9bdf-316fea37d988
2026-08-04 16:39:36.331 10 INFO neutron.wsgi [None req-33e9ac04-9883-48a6-b7d6-a23a62c4a178 d5867e2ccba9447db1c50aa0b7871135 6ec4ecb5933647d1accc41abf0065313 - - default default] 10.0.0.218 "GET /v2.0/ports HTTP/1.1" status: 200 len: 10577 time: 0.0644078
2026-08-04 16:39:36.336 10 INFO neutron.services.segments.plugin [-] Segment b22f5440-282e-40a6-9a4a-ccde1975ab7b resource provider aggregate not found
2026-08-04 16:39:36.343 10 INFO neutron.services.segments.plugin [-] Segment b22f5440-282e-40a6-9a4a-ccde1975ab7b resource provider aggregate not found
2026-08-04 16:39:36.362 10 INFO neutron.services.segments.plugin [-] Segment b22f5440-282e-40a6-9a4a-ccde1975ab7b resource provider not found; error: Placement Client Error (4xx): {"errors": [{"status": 404, "title": "Not Found", "detail": "The resource could not be found.\n\n No resource provider with uuid b22f5440-282e-40a6-9a4a-ccde1975ab7b found for delete ", "request_id": "req-e7225c0a-4ebe-4021-9f1a-0fc89db2dad5"}]}
2026-08-04 16:39:36.373 10 INFO neutron.services.segments.plugin [-] Segment b22f5440-282e-40a6-9a4a-ccde1975ab7b resource provider not found; error: Placement Client Error (4xx): {"errors": [{"status": 404, "title": "Not Found", "detail": "The resource could not be found.\n\n No resource provider with uuid b22f5440-282e-40a6-9a4a-ccde1975ab7b found for delete ", "request_id": "req-c17d50fa-81f7-4f0b-aa79-f43b3856eeec"}]}
2026-08-04 16:39:36.385 10 INFO neutron.wsgi [None req-3728df45-4165-4d86-b175-853e93237049 d5867e2ccba9447db1c50aa0b7871135 6ec4ecb5933647d1accc41abf0065313 - - default default] 10.0.0.218 "GET /v2.0/network-ip-availabilities HTTP/1.1" status: 200 len: 1992 time: 0.0436912
2026-08-04 16:39:36.387 10 INFO neutron.services.segments.plugin [-] Segment 8223a20d-cc34-4301-949c-d206d12558b0 resource provider aggregate not found
2026-08-04 16:39:36.396 10 INFO neutron.services.segments.plugin [-] Segment 8223a20d-cc34-4301-949c-d206d12558b0 resource provider aggregate not found
2026-08-04 16:39:36.411 10 INFO neutron.services.segments.plugin [-] Segment 8223a20d-cc34-4301-949c-d206d12558b0 resource provider not found; error: Placement Client Error (4xx): {"errors": [{"status": 404, "title": "Not Found", "detail": "The resource could not be found.\n\n No resource provider with uuid 8223a20d-cc34-4301-949c-d206d12558b0 found for delete ", "request_id": "req-6f41aade-8490-458d-a3df-cc02b77019e7"}]}
2026-08-04 16:39:36.426 9 INFO neutron.wsgi [None req-cd94e145-faae-498e-89f9-f462df2c0e82 d5867e2ccba9447db1c50aa0b7871135 6ec4ecb5933647d1accc41abf0065313 - - - -] 10.0.0.167 "DELETE /v2.0/security-groups/c1640549-f431-4ca4-bece-a6645b0d562f HTTP/1.1" status: 204 len: 168 time: 0.3775475
2026-08-04 16:39:36.429 10 INFO neutron.services.segments.plugin [-] Segment 8223a20d-cc34-4301-949c-d206d12558b0 resource provider not found; error: Placement Client Error (4xx): {"errors": [{"status": 404, "title": "Not Found", "detail": "The resource could not be found.\n\n No resource provider with uuid 8223a20d-cc34-4301-949c-d206d12558b0 found for delete ", "request_id": "req-c03288d4-96f7-43a5-bdca-f25f534b989a"}]}
2026-08-04 16:39:36.495 10 INFO neutron.wsgi [None req-fc3b0e6d-8a7e-4893-90f3-7e34401f6d04 d5867e2ccba9447db1c50aa0b7871135 6ec4ecb5933647d1accc41abf0065313 - - default default] 10.0.0.218 "GET /v2.0/networks HTTP/1.1" status: 200 len: 3800 time: 0.1002569
2026-08-04 16:39:36.546 10 INFO neutron.wsgi [None req-31cf7e17-0c04-4d04-832f-57494f2dee60 d5867e2ccba9447db1c50aa0b7871135 6ec4ecb5933647d1accc41abf0065313 - - default default] 10.0.0.218 "GET /v2.0/subnets HTTP/1.1" status: 200 len: 2077 time: 0.0461936
2026-08-04 16:39:36.563 9 WARNING neutron.scheduler.dhcp_agent_scheduler [None req-cc86d1cd-4165-44f5-a768-1cc69f159863 796d72eb691a4d3fa60360dd592a70a0 1df640dee8cf4c5face5ef399f56b15f - - - -] No more DHCP agents
2026-08-04 16:39:36.566 9 WARNING neutron.api.rpc.agentnotifiers.dhcp_rpc_agent_api [None req-cc86d1cd-4165-44f5-a768-1cc69f159863 796d72eb691a4d3fa60360dd592a70a0 1df640dee8cf4c5face5ef399f56b15f - - - -] Unable to schedule network 8ecbec8f-ce0f-4247-909c-9250fcdc9be0: no agents available; will retry on subsequent port and subnet creation events.
2026-08-04 16:39:36.605 10 INFO neutron.wsgi [None req-028c0525-f0ab-4313-90f6-0431d46a7381 d5867e2ccba9447db1c50aa0b7871135 6ec4ecb5933647d1accc41abf0065313 - - default default] 10.0.0.218 "GET /v2.0/floatingips HTTP/1.1" status: 200 len: 1036 time: 0.0571003
2026-08-04 16:39:36.643 9 INFO neutron.db.ovn_revision_numbers_db [None req-cc86d1cd-4165-44f5-a768-1cc69f159863 796d72eb691a4d3fa60360dd592a70a0 1df640dee8cf4c5face5ef399f56b15f - - - -] Successfully bumped revision number for resource 6221d823-db2a-477e-84a7-0a1a24a7dc81 (type: ports) to 1
2026-08-04 16:39:36.666 9 INFO neutron.wsgi [None req-cc86d1cd-4165-44f5-a768-1cc69f159863 796d72eb691a4d3fa60360dd592a70a0 1df640dee8cf4c5face5ef399f56b15f - - - -] 10.0.0.167 "POST /v2.0/networks HTTP/1.1" status: 201 len: 829 time: 0.6779366 /var/lib/openstack/lib/python3.10/site-packages/pycadf/identifier.py:71: UserWarning: Invalid uuid: neutron. To ensure interoperability, identifiers should be a valid uuid. warnings.warn(('Invalid uuid: %s. To ensure interoperability, '
2026-08-04 16:39:36.999 9 WARNING neutron.scheduler.dhcp_agent_scheduler [None req-bd885421-0055-487f-ad6a-f374c9d48ded 796d72eb691a4d3fa60360dd592a70a0 1df640dee8cf4c5face5ef399f56b15f - - - -] No more DHCP agents
2026-08-04 16:39:37.002 9 WARNING neutron.api.rpc.agentnotifiers.dhcp_rpc_agent_api [None req-bd885421-0055-487f-ad6a-f374c9d48ded 796d72eb691a4d3fa60360dd592a70a0 1df640dee8cf4c5face5ef399f56b15f - - - -] Unable to schedule network 8ecbec8f-ce0f-4247-909c-9250fcdc9be0: no agents available; will retry on subsequent port and subnet creation events.
2026-08-04 16:39:37.519 9 INFO neutron.db.ovn_revision_numbers_db [None req-bd885421-0055-487f-ad6a-f374c9d48ded 796d72eb691a4d3fa60360dd592a70a0 1df640dee8cf4c5face5ef399f56b15f - - - -] Successfully bumped revision number for resource 6221d823-db2a-477e-84a7-0a1a24a7dc81 (type: ports) to 2
2026-08-04 16:39:37.539 9 INFO neutron.db.ovn_revision_numbers_db [None req-bd885421-0055-487f-ad6a-f374c9d48ded 796d72eb691a4d3fa60360dd592a70a0 1df640dee8cf4c5face5ef399f56b15f - - - -] Successfully bumped revision number for resource e8a25491-08e2-4c6e-b1a7-3061e00d8551 (type: subnets) to 0
2026-08-04 16:39:37.559 9 INFO neutron.wsgi [None req-bd885421-0055-487f-ad6a-f374c9d48ded 796d72eb691a4d3fa60360dd592a70a0 1df640dee8cf4c5face5ef399f56b15f - - - -] 10.0.0.167 "POST /v2.0/subnets HTTP/1.1" status: 201 len: 801 time: 0.8848984
2026-08-04 16:39:37.760 9 INFO neutron.db.ovn_revision_numbers_db [None req-a125532d-f7fa-4e2f-ac6f-d60b0d7f8c3d 796d72eb691a4d3fa60360dd592a70a0 1df640dee8cf4c5face5ef399f56b15f - - - -] Successfully bumped revision number for resource cfe489cc-e90d-49ef-8333-d7d05853e0f4 (type: routers) to 1
2026-08-04 16:39:37.777 9 INFO neutron.wsgi [None req-a125532d-f7fa-4e2f-ac6f-d60b0d7f8c3d 796d72eb691a4d3fa60360dd592a70a0 1df640dee8cf4c5face5ef399f56b15f - - - -] 10.0.0.167 "POST /v2.0/routers HTTP/1.1" status: 201 len: 686 time: 0.2092559
2026-08-04 16:39:38.299 9 WARNING neutron.scheduler.dhcp_agent_scheduler [None req-f6fbf3a1-a390-4e73-9f30-dbd3cecb0724 796d72eb691a4d3fa60360dd592a70a0 1df640dee8cf4c5face5ef399f56b15f - - default default] No more DHCP agents
2026-08-04 16:39:38.306 9 WARNING neutron.api.rpc.agentnotifiers.dhcp_rpc_agent_api [None req-f6fbf3a1-a390-4e73-9f30-dbd3cecb0724 796d72eb691a4d3fa60360dd592a70a0 1df640dee8cf4c5face5ef399f56b15f - - default default] Unable to schedule network 8ecbec8f-ce0f-4247-909c-9250fcdc9be0: no agents available; will retry on subsequent port and subnet creation events.
2026-08-04 16:39:38.498 9 INFO neutron.db.ovn_revision_numbers_db [None req-f6fbf3a1-a390-4e73-9f30-dbd3cecb0724 796d72eb691a4d3fa60360dd592a70a0 1df640dee8cf4c5face5ef399f56b15f - - default default] Successfully bumped revision number for resource e4426a4f-29f5-4519-b353-a3e3e34c2baf (type: ports) to 1
2026-08-04 16:39:38.552 10 INFO neutron.db.ovn_revision_numbers_db [None req-19afdc47-f032-4df1-b417-8adb28629184 ad10dd8f213d445481e3dfeeb50699ed 5d2ce203cb0b4a6293bdec0597a31ec4 - - - -] Successfully bumped revision number for resource ae3a7b59-387e-4c8e-8878-1c03ab938716 (type: security_groups) to 1
2026-08-04 16:39:38.617 10 INFO neutron.db.segments_db [None req-19afdc47-f032-4df1-b417-8adb28629184 ad10dd8f213d445481e3dfeeb50699ed 5d2ce203cb0b4a6293bdec0597a31ec4 - - - -] Added segment cae69b6c-251b-4bd8-ac15-fe0da03a0107 of type geneve for network c5e69411-09a6-43eb-8bbb-bc0f86c53653
2026-08-04 16:39:38.781 10 INFO neutron.db.ovn_revision_numbers_db [None req-19afdc47-f032-4df1-b417-8adb28629184 ad10dd8f213d445481e3dfeeb50699ed 5d2ce203cb0b4a6293bdec0597a31ec4 - - - -] Successfully bumped revision number for resource c5e69411-09a6-43eb-8bbb-bc0f86c53653 (type: networks) to 1
2026-08-04 16:39:38.953 9 INFO neutron.plugins.ml2.drivers.ovn.mech_driver.mech_driver [None req-bf202515-1b3a-4823-9d5f-3cd274afef13 - - - - - -] OVN reports status up for port: e4426a4f-29f5-4519-b353-a3e3e34c2baf
2026-08-04 16:39:38.961 9 INFO neutron.db.ovn_revision_numbers_db [None req-f6fbf3a1-a390-4e73-9f30-dbd3cecb0724 796d72eb691a4d3fa60360dd592a70a0 1df640dee8cf4c5face5ef399f56b15f - - default default] Successfully bumped revision number for resource e4426a4f-29f5-4519-b353-a3e3e34c2baf (type: router_ports) to 2
2026-08-04 16:39:38.962 9 INFO neutron.plugins.ml2.plugin [None req-bf202515-1b3a-4823-9d5f-3cd274afef13 - - - - - -] Attempt 1 to provision port e4426a4f-29f5-4519-b353-a3e3e34c2baf
2026-08-04 16:39:38.984 10 WARNING neutron.scheduler.dhcp_agent_scheduler [None req-19afdc47-f032-4df1-b417-8adb28629184 ad10dd8f213d445481e3dfeeb50699ed 5d2ce203cb0b4a6293bdec0597a31ec4 - - - -] No more DHCP agents
2026-08-04 16:39:38.986 10 WARNING neutron.api.rpc.agentnotifiers.dhcp_rpc_agent_api [None req-19afdc47-f032-4df1-b417-8adb28629184 ad10dd8f213d445481e3dfeeb50699ed 5d2ce203cb0b4a6293bdec0597a31ec4 - - - -] Unable to schedule network c5e69411-09a6-43eb-8bbb-bc0f86c53653: no agents available; will retry on subsequent port and subnet creation events.
2026-08-04 16:39:39.067 10 INFO neutron.db.ovn_revision_numbers_db [None req-19afdc47-f032-4df1-b417-8adb28629184 ad10dd8f213d445481e3dfeeb50699ed 5d2ce203cb0b4a6293bdec0597a31ec4 - - - -] Successfully bumped revision number for resource f93a3e00-61e0-414b-8509-174d246d46f0 (type: ports) to 1
2026-08-04 16:39:39.096 10 INFO neutron.wsgi [None req-19afdc47-f032-4df1-b417-8adb28629184 ad10dd8f213d445481e3dfeeb50699ed 5d2ce203cb0b4a6293bdec0597a31ec4 - - - -] 10.0.0.167 "POST /v2.0/networks HTTP/1.1" status: 201 len: 844 time: 0.8886611
2026-08-04 16:39:39.411 10 WARNING neutron.scheduler.dhcp_agent_scheduler [None req-ab799e6b-299d-476a-8bcf-f0c9822ac72a ad10dd8f213d445481e3dfeeb50699ed 5d2ce203cb0b4a6293bdec0597a31ec4 - - - -] No more DHCP agents
2026-08-04 16:39:39.414 10 WARNING neutron.api.rpc.agentnotifiers.dhcp_rpc_agent_api [None req-ab799e6b-299d-476a-8bcf-f0c9822ac72a ad10dd8f213d445481e3dfeeb50699ed 5d2ce203cb0b4a6293bdec0597a31ec4 - - - -] Unable to schedule network c5e69411-09a6-43eb-8bbb-bc0f86c53653: no agents available; will retry on subsequent port and subnet creation events.
2026-08-04 16:39:39.482 9 INFO neutron.db.ovn_revision_numbers_db [None req-f6fbf3a1-a390-4e73-9f30-dbd3cecb0724 796d72eb691a4d3fa60360dd592a70a0 1df640dee8cf4c5face5ef399f56b15f - - default default] Successfully bumped revision number for resource e4426a4f-29f5-4519-b353-a3e3e34c2baf (type: ports) to 2
