2026-08-04 16:33:35.783 10 INFO neutron.wsgi [None req-cb6da13b-25eb-4733-8d51-ea2f4fcec32a d5867e2ccba9447db1c50aa0b7871135 6ec4ecb5933647d1accc41abf0065313 - - default default] 10.0.0.218 "GET /v2.0/ports HTTP/1.1" status: 200 len: 5251 time: 0.0382297
2026-08-04 16:33:35.819 10 INFO neutron.wsgi [None req-3088f57a-9bf3-486a-a180-fea23063ddac d5867e2ccba9447db1c50aa0b7871135 6ec4ecb5933647d1accc41abf0065313 - - default default] 10.0.0.218 "GET /v2.0/routers HTTP/1.1" status: 200 len: 189 time: 0.0314002
2026-08-04 16:33:35.855 10 INFO neutron.wsgi [None req-b7ec0a91-8471-4a9e-9829-995989e83007 d5867e2ccba9447db1c50aa0b7871135 6ec4ecb5933647d1accc41abf0065313 - - default default] 10.0.0.218 "GET /v2.0/agents?binary=ovn-controller HTTP/1.1" status: 200 len: 591 time: 0.0356612
2026-08-04 16:33:35.887 10 INFO neutron.wsgi [None req-036d7296-5cf6-4147-9245-dcf46df247c3 d5867e2ccba9447db1c50aa0b7871135 6ec4ecb5933647d1accc41abf0065313 - - default default] 10.0.0.218 "GET /v2.0/subnets HTTP/1.1" status: 200 len: 1437 time: 0.0313439
2026-08-04 16:33:35.900 10 INFO neutron.wsgi [None req-4626638e-86b5-426e-8836-44bd61b68d3c d5867e2ccba9447db1c50aa0b7871135 6ec4ecb5933647d1accc41abf0065313 - - default default] 10.0.0.218 "GET /v2.0/subnetpools HTTP/1.1" status: 200 len: 193 time: 0.0110888
2026-08-04 16:33:35.910 10 INFO neutron.wsgi [None req-d000bddb-5230-4fbf-9ba0-275b1e117cf5 d5867e2ccba9447db1c50aa0b7871135 6ec4ecb5933647d1accc41abf0065313 - - default default] 10.0.0.218 "GET /v2.0/agents HTTP/1.1" status: 200 len: 997 time: 0.0094223
2026-08-04 16:33:35.921 10 INFO neutron.wsgi [None req-e9588f42-8d2f-4bae-8acb-575e13d629de d5867e2ccba9447db1c50aa0b7871135 6ec4ecb5933647d1accc41abf0065313 - - default default] 10.0.0.218 "GET /v2.0/network-ip-availabilities HTTP/1.1" status: 200 len: 1280 time: 0.0104377
2026-08-04 16:33:35.986 10 INFO neutron.wsgi [None req-afa5b4ba-aae9-4b99-9b94-d77ed8ac0822 d5867e2ccba9447db1c50aa0b7871135 6ec4ecb5933647d1accc41abf0065313 - - default default] 10.0.0.218 "GET /v2.0/networks HTTP/1.1" status: 200 len: 2350 time: 0.0641358
2026-08-04 16:33:36.045 10 INFO neutron.wsgi [None req-4acde8ef-1e44-44c9-80e5-ca05e83678fd d5867e2ccba9447db1c50aa0b7871135 6ec4ecb5933647d1accc41abf0065313 - - default default] 10.0.0.218 "GET /v2.0/security-groups HTTP/1.1" status: 200 len: 16799 time: 0.0563073
2026-08-04 16:33:36.081 10 INFO neutron.wsgi [None req-4a007773-963a-4e63-a46c-d2f46e86fe26 d5867e2ccba9447db1c50aa0b7871135 6ec4ecb5933647d1accc41abf0065313 - - default default] 10.0.0.218 "GET /v2.0/floatingips HTTP/1.1" status: 200 len: 193 time: 0.0266874
2026-08-04 16:33:41.510 9 INFO neutron.wsgi [None req-fa490757-5f22-4750-9b2a-26bbb0248204 d5867e2ccba9447db1c50aa0b7871135 6ec4ecb5933647d1accc41abf0065313 - - default default] 199.19.213.137,10.0.0.139 "GET /v2.0/networks HTTP/1.1" status: 200 len: 2350 time: 0.1202195
2026-08-04 16:33:42.475 9 INFO neutron.wsgi [-] 10.0.0.139 "GET / HTTP/1.1" status: 200 len: 247 time: 0.0013132
2026-08-04 16:33:42.477 10 INFO neutron.wsgi [-] 10.0.0.139 "GET / HTTP/1.1" status: 200 len: 247 time: 0.0034256
2026-08-04 16:33:42.483 9 INFO neutron.wsgi [None req-d9b21d82-7436-48d0-b26f-1384f415c301 d5867e2ccba9447db1c50aa0b7871135 6ec4ecb5933647d1accc41abf0065313 - - default default] 199.19.213.137,10.0.0.139 "GET /v2.0/subnets HTTP/1.1" status: 200 len: 1437 time: 0.0927248
2026-08-04 16:33:42.569 9 INFO neutron.wsgi [None req-021086e5-e28c-4553-af90-91f6695faecf d5867e2ccba9447db1c50aa0b7871135 6ec4ecb5933647d1accc41abf0065313 - - default default] 199.19.213.137,10.0.0.139 "GET /v2.0/networks HTTP/1.1" status: 200 len: 2350 time: 0.0799954
2026-08-04 16:33:43.586 9 INFO neutron.wsgi [None req-a5a7c841-6429-478d-b97a-23ba5a9d91ff d5867e2ccba9447db1c50aa0b7871135 6ec4ecb5933647d1accc41abf0065313 - - default default] 199.19.213.137,10.0.0.139 "GET /v2.0/security-groups?tenant_id=6ec4ecb5933647d1accc41abf0065313 HTTP/1.1" status: 200 len: 10157 time: 0.0920100
2026-08-04 16:33:44.643 9 INFO neutron.wsgi [None req-9bd57873-60d8-482e-90e1-bf3c534013cf d5867e2ccba9447db1c50aa0b7871135 6ec4ecb5933647d1accc41abf0065313 - - default default] 199.19.213.137,10.0.0.139 "GET /v2.0/security-groups?tenant_id=6ec4ecb5933647d1accc41abf0065313 HTTP/1.1" status: 200 len: 10157 time: 0.1060343
2026-08-04 16:33:45.519 9 INFO neutron.wsgi [None req-d00ec6d2-f4f2-4b74-8745-8540c310f4f4 d5867e2ccba9447db1c50aa0b7871135 6ec4ecb5933647d1accc41abf0065313 - - default default] 199.19.213.137,10.0.0.139 "GET /v2.0/security-groups?tenant_id=6ec4ecb5933647d1accc41abf0065313 HTTP/1.1" status: 200 len: 10157 time: 0.1031435
2026-08-04 16:33:46.351 9 INFO neutron.wsgi [None req-7bc6ab39-3dbe-47b4-93e9-45bd4ba7b0f0 d5867e2ccba9447db1c50aa0b7871135 6ec4ecb5933647d1accc41abf0065313 - - default default] 199.19.213.137,10.0.0.139 "GET /v2.0/security-groups?tenant_id=6ec4ecb5933647d1accc41abf0065313 HTTP/1.1" status: 200 len: 10157 time: 0.0833831
2026-08-04 16:33:47.237 9 INFO neutron.wsgi [None req-748a1d82-7067-42a9-b52c-306f3dac5055 d5867e2ccba9447db1c50aa0b7871135 6ec4ecb5933647d1accc41abf0065313 - - default default] 199.19.213.137,10.0.0.139 "GET /v2.0/security-groups?tenant_id=6ec4ecb5933647d1accc41abf0065313 HTTP/1.1" status: 200 len: 10157 time: 0.0868623
2026-08-04 16:33:48.081 9 INFO neutron.wsgi [None req-961377e2-486d-42bf-be96-645abe79e741 d5867e2ccba9447db1c50aa0b7871135 6ec4ecb5933647d1accc41abf0065313 - - default default] 199.19.213.137,10.0.0.139 "GET /v2.0/security-groups?tenant_id=6ec4ecb5933647d1accc41abf0065313 HTTP/1.1" status: 200 len: 10157 time: 0.0902500
2026-08-04 16:33:49.185 9 INFO neutron.wsgi [None req-3ca5501a-310f-4b6c-9e75-6dd3ff8669f9 d5867e2ccba9447db1c50aa0b7871135 6ec4ecb5933647d1accc41abf0065313 - - default default] 199.19.213.137,10.0.0.139 "GET /v2.0/security-groups HTTP/1.1" status: 200 len: 16799 time: 0.0958564
2026-08-04 16:33:49.245 9 INFO neutron.wsgi [None req-99ffe8f8-b174-4939-beda-b188bab068fa d5867e2ccba9447db1c50aa0b7871135 6ec4ecb5933647d1accc41abf0065313 - - default default] 199.19.213.137,10.0.0.139 "GET /v2.0/ports HTTP/1.1" status: 200 len: 5251 time: 0.0485032
2026-08-04 16:33:55.846 9 INFO neutron.pecan_wsgi.hooks.translation [None req-8f6f04c2-cf2e-40fa-9446-0e310a549098 d5867e2ccba9447db1c50aa0b7871135 6ec4ecb5933647d1accc41abf0065313 - - default default] GET failed (client error): The resource could not be found.
2026-08-04 16:33:55.848 9 INFO neutron.wsgi [None req-8f6f04c2-cf2e-40fa-9446-0e310a549098 d5867e2ccba9447db1c50aa0b7871135 6ec4ecb5933647d1accc41abf0065313 - - default default] 199.19.213.137,10.0.0.139 "GET /v2.0/ports/octavia-health-manager-port-instance HTTP/1.1" status: 404 len: 314 time: 0.0704699
2026-08-04 16:33:55.886 9 INFO neutron.wsgi [None req-59adb095-f955-48ed-8d52-fd030fa9a049 d5867e2ccba9447db1c50aa0b7871135 6ec4ecb5933647d1accc41abf0065313 - - default default] 199.19.213.137,10.0.0.139 "GET /v2.0/ports?name=octavia-health-manager-port-instance HTTP/1.1" status: 200 len: 1347 time: 0.0336249
2026-08-04 16:33:57.476 9 INFO neutron.wsgi [-] 10.0.0.139 "GET / HTTP/1.1" status: 200 len: 247 time: 0.0028346
2026-08-04 16:33:57.477 10 INFO neutron.wsgi [-] 10.0.0.139 "GET / HTTP/1.1" status: 200 len: 247 time: 0.0024273
2026-08-04 16:33:57.542 9 INFO neutron.wsgi [None req-e5f23e5d-a206-4cdb-abf2-a59b632aff4a d5867e2ccba9447db1c50aa0b7871135 6ec4ecb5933647d1accc41abf0065313 - - default default] 199.19.213.137,10.0.0.139 "GET /v2.0/ports HTTP/1.1" status: 200 len: 5251 time: 0.0925052
2026-08-04 16:33:58.554 9 INFO neutron.wsgi [None req-81a35c29-8a78-4825-96ed-76a280557c72 d5867e2ccba9447db1c50aa0b7871135 6ec4ecb5933647d1accc41abf0065313 - - default default] 199.19.213.137,10.0.0.139 "GET /v2.0/security-groups?tenant_id=6ec4ecb5933647d1accc41abf0065313 HTTP/1.1" status: 200 len: 10157 time: 0.0948873
2026-08-04 16:33:59.473 9 INFO neutron.wsgi [None req-9ba03ae9-437e-46f1-afc2-253b16f3e445 d5867e2ccba9447db1c50aa0b7871135 6ec4ecb5933647d1accc41abf0065313 - - default default] 199.19.213.137,10.0.0.139 "GET /v2.0/security-groups?tenant_id=6ec4ecb5933647d1accc41abf0065313 HTTP/1.1" status: 200 len: 10157 time: 0.0926697
2026-08-04 16:34:00.379 9 INFO neutron.wsgi [None req-51513dcb-f49b-4d45-9d96-5bd9006306c4 d5867e2ccba9447db1c50aa0b7871135 6ec4ecb5933647d1accc41abf0065313 - - default default] 199.19.213.137,10.0.0.139 "GET /v2.0/security-groups?tenant_id=6ec4ecb5933647d1accc41abf0065313 HTTP/1.1" status: 200 len: 10157 time: 0.0960631
2026-08-04 16:34:11.729 9 INFO neutron.wsgi [None req-a3349320-502a-4f53-ac31-8b5704a2b43b d5867e2ccba9447db1c50aa0b7871135 6ec4ecb5933647d1accc41abf0065313 - - default default] 199.19.213.137,10.0.0.139 "GET /v2.0/quotas/6ec4ecb5933647d1accc41abf0065313 HTTP/1.1" status: 200 len: 361 time: 0.0096910
2026-08-04 16:34:12.476 9 INFO neutron.wsgi [-] 10.0.0.139 "GET / HTTP/1.1" status: 200 len: 247 time: 0.0022023
2026-08-04 16:34:12.477 10 INFO neutron.wsgi [-] 10.0.0.139 "GET / HTTP/1.1" status: 200 len: 247 time: 0.0031235
2026-08-04 16:34:27.476 10 INFO neutron.wsgi [-] 10.0.0.139 "GET / HTTP/1.1" status: 200 len: 247 time: 0.0018647
2026-08-04 16:34:27.479 10 INFO neutron.wsgi [-] 10.0.0.139 "GET / HTTP/1.1" status: 200 len: 247 time: 0.0013497
2026-08-04 16:34:35.749 10 INFO neutron.wsgi [None req-eafd80de-0a7b-47de-b2a3-170863d8e1c7 d5867e2ccba9447db1c50aa0b7871135 6ec4ecb5933647d1accc41abf0065313 - - default default] 10.0.0.218 "GET /v2.0/networks HTTP/1.1" status: 200 len: 2350 time: 0.1447680
2026-08-04 16:34:35.781 10 INFO neutron.wsgi [None req-3119d0a8-1c88-483d-8eb3-40b104845a36 d5867e2ccba9447db1c50aa0b7871135 6ec4ecb5933647d1accc41abf0065313 - - default default] 10.0.0.218 "GET /v2.0/routers HTTP/1.1" status: 200 len: 189 time: 0.0286131
2026-08-04 16:34:35.813 10 INFO neutron.wsgi [None req-30485dc9-79af-4650-86c7-83c1a79433af d5867e2ccba9447db1c50aa0b7871135 6ec4ecb5933647d1accc41abf0065313 - - default default] 10.0.0.218 "GET /v2.0/agents?binary=ovn-controller HTTP/1.1" status: 200 len: 591 time: 0.0316896
2026-08-04 16:34:35.849 10 INFO neutron.wsgi [None req-8d8d1433-9650-4fa8-b273-50bde56b3f1d d5867e2ccba9447db1c50aa0b7871135 6ec4ecb5933647d1accc41abf0065313 - - default default] 10.0.0.218 "GET /v2.0/subnets HTTP/1.1" status: 200 len: 1437 time: 0.0346708
2026-08-04 16:34:35.862 10 INFO neutron.wsgi [None req-25fe5361-b2eb-4de8-9ef7-2a61c102ba99 d5867e2ccba9447db1c50aa0b7871135 6ec4ecb5933647d1accc41abf0065313 - - default default] 10.0.0.218 "GET /v2.0/subnetpools HTTP/1.1" status: 200 len: 193 time: 0.0110216
2026-08-04 16:34:35.890 10 INFO neutron.wsgi [None req-7027210c-716d-47fc-acf3-ea926928abc9 d5867e2ccba9447db1c50aa0b7871135 6ec4ecb5933647d1accc41abf0065313 - - default default] 10.0.0.218 "GET /v2.0/ports HTTP/1.1" status: 200 len: 5251 time: 0.0280597
2026-08-04 16:34:35.904 10 INFO neutron.wsgi [None req-3cfa1689-55fc-49a2-ad7f-a04f872c5c86 d5867e2ccba9447db1c50aa0b7871135 6ec4ecb5933647d1accc41abf0065313 - - default default] 10.0.0.218 "GET /v2.0/agents HTTP/1.1" status: 200 len: 997 time: 0.0100160
2026-08-04 16:34:35.926 10 INFO neutron.wsgi [None req-4103d638-2325-4807-8fcc-1d057d6f3da5 d5867e2ccba9447db1c50aa0b7871135 6ec4ecb5933647d1accc41abf0065313 - - default default] 10.0.0.218 "GET /v2.0/floatingips HTTP/1.1" status: 200 len: 193 time: 0.0209084
2026-08-04 16:34:35.957 10 INFO neutron.wsgi [None req-8f8263a7-3e1a-4208-bde9-7696625a25b8 d5867e2ccba9447db1c50aa0b7871135 6ec4ecb5933647d1accc41abf0065313 - - default default] 10.0.0.218 "GET /v2.0/subnets HTTP/1.1" status: 200 len: 1437 time: 0.0302742
2026-08-04 16:34:35.969 10 INFO neutron.wsgi [None req-44d5b8fc-a18f-4712-a597-a29ee5558a4c d5867e2ccba9447db1c50aa0b7871135 6ec4ecb5933647d1accc41abf0065313 - - default default] 10.0.0.218 "GET /v2.0/network-ip-availabilities HTTP/1.1" status: 200 len: 1280 time: 0.0103498
2026-08-04 16:34:36.029 10 INFO neutron.wsgi [None req-8a9dc86d-212a-47ee-87f9-deff8e6be2be d5867e2ccba9447db1c50aa0b7871135 6ec4ecb5933647d1accc41abf0065313 - - default default] 10.0.0.218 "GET /v2.0/security-groups HTTP/1.1" status: 200 len: 16799 time: 0.0587044
2026-08-04 16:34:42.476 9 INFO neutron.wsgi [-] 10.0.0.139 "GET / HTTP/1.1" status: 200 len: 247 time: 0.0019968
2026-08-04 16:34:42.476 10 INFO neutron.wsgi [-] 10.0.0.139 "GET / HTTP/1.1" status: 200 len: 247 time: 0.0025542
2026-08-04 16:34:57.475 9 INFO neutron.wsgi [-] 10.0.0.139 "GET / HTTP/1.1" status: 200 len: 247 time: 0.0017447
2026-08-04 16:34:57.475 10 INFO neutron.wsgi [-] 10.0.0.139 "GET / HTTP/1.1" status: 200 len: 247 time: 0.0018122
2026-08-04 16:35:08.280 9 INFO neutron.wsgi [None req-366d9df4-0511-4a9d-8c1b-7d0119903ed0 d5867e2ccba9447db1c50aa0b7871135 6ec4ecb5933647d1accc41abf0065313 - - default default] 199.19.213.137,10.0.0.139 "GET /v2.0/security-groups?tenant_id=4c787b13fdd14d349750e6d5144fb437 HTTP/1.1" status: 200 len: 6838 time: 0.0796118
2026-08-04 16:35:09.251 9 INFO neutron.wsgi [None req-36f5f15f-8cf6-4245-827f-8e7df95e7813 d5867e2ccba9447db1c50aa0b7871135 6ec4ecb5933647d1accc41abf0065313 - - default default] 199.19.213.137,10.0.0.139 "GET /v2.0/security-groups?tenant_id=4c787b13fdd14d349750e6d5144fb437 HTTP/1.1" status: 200 len: 6838 time: 0.0815172
2026-08-04 16:35:10.160 9 INFO neutron.wsgi [None req-f81b83e6-9b2a-4e5c-8753-3143fc1702e9 d5867e2ccba9447db1c50aa0b7871135 6ec4ecb5933647d1accc41abf0065313 - - default default] 199.19.213.137,10.0.0.139 "GET /v2.0/security-groups?tenant_id=4c787b13fdd14d349750e6d5144fb437 HTTP/1.1" status: 200 len: 6838 time: 0.1025953
2026-08-04 16:35:11.031 9 INFO neutron.wsgi [None req-e626a056-92f0-49f1-9e61-7e73e7a7ee64 d5867e2ccba9447db1c50aa0b7871135 6ec4ecb5933647d1accc41abf0065313 - - default default] 199.19.213.137,10.0.0.139 "GET /v2.0/security-groups?tenant_id=4c787b13fdd14d349750e6d5144fb437 HTTP/1.1" status: 200 len: 6838 time: 0.0894606
2026-08-04 16:35:12.001 9 INFO neutron.wsgi [None req-a0cda645-c64e-40cf-996e-272597d32065 d5867e2ccba9447db1c50aa0b7871135 6ec4ecb5933647d1accc41abf0065313 - - default default] 199.19.213.137,10.0.0.139 "GET /v2.0/security-groups?tenant_id=4c787b13fdd14d349750e6d5144fb437 HTTP/1.1" status: 200 len: 6838 time: 0.0822120
2026-08-04 16:35:12.480 9 INFO neutron.wsgi [-] 10.0.0.139 "GET / HTTP/1.1" status: 200 len: 247 time: 0.0023544
2026-08-04 16:35:12.484 10 INFO neutron.wsgi [-] 10.0.0.139 "GET / HTTP/1.1" status: 200 len: 247 time: 0.0050104
2026-08-04 16:35:19.217 9 INFO neutron.wsgi [None req-362e3196-f3dc-473d-b1aa-069236c71c7d d5867e2ccba9447db1c50aa0b7871135 6ec4ecb5933647d1accc41abf0065313 - - default default] 199.19.213.137,10.0.0.139 "GET /v2.0/quotas/4c787b13fdd14d349750e6d5144fb437 HTTP/1.1" status: 200 len: 361 time: 0.0109212
2026-08-04 16:35:27.478 9 INFO neutron.wsgi [-] 10.0.0.139 "GET / HTTP/1.1" status: 200 len: 247 time: 0.0027726
2026-08-04 16:35:27.478 10 INFO neutron.wsgi [-] 10.0.0.139 "GET / HTTP/1.1" status: 200 len: 247 time: 0.0029066
2026-08-04 16:35:35.694 10 INFO neutron.wsgi [None req-a062fd03-2141-4110-8802-7b00d7726313 d5867e2ccba9447db1c50aa0b7871135 6ec4ecb5933647d1accc41abf0065313 - - default default] 10.0.0.218 "GET /v2.0/routers HTTP/1.1" status: 200 len: 189 time: 0.0820060
2026-08-04 16:35:35.732 10 INFO neutron.wsgi [None req-f60d44e8-bcb6-4d76-9dcb-b64502096735 d5867e2ccba9447db1c50aa0b7871135 6ec4ecb5933647d1accc41abf0065313 - - default default] 10.0.0.218 "GET /v2.0/agents?binary=ovn-controller HTTP/1.1" status: 200 len: 591 time: 0.0371232
2026-08-04 16:35:35.745 10 INFO neutron.wsgi [None req-9fa787e3-9cdf-4942-ba49-600764c9d88a d5867e2ccba9447db1c50aa0b7871135 6ec4ecb5933647d1accc41abf0065313 - - default default] 10.0.0.218 "GET /v2.0/agents HTTP/1.1" status: 200 len: 997 time: 0.0123503
2026-08-04 16:35:35.774 10 INFO neutron.wsgi [None req-93b09649-b3f9-4166-91ed-92f8651ec6c8 d5867e2ccba9447db1c50aa0b7871135 6ec4ecb5933647d1accc41abf0065313 - - default default] 10.0.0.218 "GET /v2.0/floatingips HTTP/1.1" status: 200 len: 193 time: 0.0274215
2026-08-04 16:35:35.808 10 INFO neutron.wsgi [None req-71eaa0df-3c42-410a-ae7e-d085acdb3c0a d5867e2ccba9447db1c50aa0b7871135 6ec4ecb5933647d1accc41abf0065313 - - default default] 10.0.0.218 "GET /v2.0/subnets HTTP/1.1" status: 200 len: 1437 time: 0.0339539
2026-08-04 16:35:35.820 10 INFO neutron.wsgi [None req-ef040eff-3573-49b2-a315-96d3f27566c9 d5867e2ccba9447db1c50aa0b7871135 6ec4ecb5933647d1accc41abf0065313 - - default default] 10.0.0.218 "GET /v2.0/subnetpools HTTP/1.1" status: 200 len: 193 time: 0.0112183
2026-08-04 16:35:35.855 10 INFO neutron.wsgi [None req-53f144b9-9b01-4d28-8e60-656fe4c55d1d d5867e2ccba9447db1c50aa0b7871135 6ec4ecb5933647d1accc41abf0065313 - - default default] 10.0.0.218 "GET /v2.0/subnets HTTP/1.1" status: 200 len: 1437 time: 0.0336120
2026-08-04 16:35:35.917 10 INFO neutron.wsgi [None req-e349853d-ff2a-4d94-ae49-7a1942a9036f d5867e2ccba9447db1c50aa0b7871135 6ec4ecb5933647d1accc41abf0065313 - - default default] 10.0.0.218 "GET /v2.0/networks HTTP/1.1" status: 200 len: 2350 time: 0.0617628
2026-08-04 16:35:35.979 10 INFO neutron.wsgi [None req-a56f2249-bedd-4304-9eff-f5020e81dbe6 d5867e2ccba9447db1c50aa0b7871135 6ec4ecb5933647d1accc41abf0065313 - - default default] 10.0.0.218 "GET /v2.0/security-groups HTTP/1.1" status: 200 len: 16799 time: 0.0592806
2026-08-04 16:35:36.018 10 INFO neutron.wsgi [None req-e7ed6b70-4634-488b-b525-0861753e11c8 d5867e2ccba9447db1c50aa0b7871135 6ec4ecb5933647d1accc41abf0065313 - - default default] 10.0.0.218 "GET /v2.0/ports HTTP/1.1" status: 200 len: 5251 time: 0.0342534
2026-08-04 16:35:36.037 10 INFO neutron.wsgi [None req-b0fb8313-1d15-418c-8eda-69910d51aa52 d5867e2ccba9447db1c50aa0b7871135 6ec4ecb5933647d1accc41abf0065313 - - default default] 10.0.0.218 "GET /v2.0/network-ip-availabilities HTTP/1.1" status: 200 len: 1280 time: 0.0135570
2026-08-04 16:35:42.478 10 INFO neutron.wsgi [-] 10.0.0.139 "GET / HTTP/1.1" status: 200 len: 247 time: 0.0038512
2026-08-04 16:35:42.477 9 INFO neutron.wsgi [-] 10.0.0.139 "GET / HTTP/1.1" status: 200 len: 247 time: 0.0025706
2026-08-04 16:35:57.475 9 INFO neutron.wsgi [-] 10.0.0.139 "GET / HTTP/1.1" status: 200 len: 247 time: 0.0017865
2026-08-04 16:35:57.478 9 INFO neutron.wsgi [-] 10.0.0.139 "GET / HTTP/1.1" status: 200 len: 247 time: 0.0020878
2026-08-04 16:36:12.476 9 INFO neutron.wsgi [-] 10.0.0.139 "GET / HTTP/1.1" status: 200 len: 247 time: 0.0023038
2026-08-04 16:36:12.479 9 INFO neutron.wsgi [-] 10.0.0.139 "GET / HTTP/1.1" status: 200 len: 247 time: 0.0021446
2026-08-04 16:36:15.879 9 INFO neutron.wsgi [None req-289b9655-582a-4e15-8f42-00c52677e18a d5867e2ccba9447db1c50aa0b7871135 6ec4ecb5933647d1accc41abf0065313 - - default default] 199.19.213.137,10.0.0.139 "GET /v2.0/networks HTTP/1.1" status: 200 len: 2350 time: 0.1231866
2026-08-04 16:36:27.477 9 INFO neutron.wsgi [-] 10.0.0.139 "GET / HTTP/1.1" status: 200 len: 247 time: 0.0020244
2026-08-04 16:36:27.478 10 INFO neutron.wsgi [-] 10.0.0.139 "GET / HTTP/1.1" status: 200 len: 247 time: 0.0024500
2026-08-04 16:36:35.826 10 INFO neutron.wsgi [None req-3f54cfa4-b724-4646-9b42-184fb03f75e7 d5867e2ccba9447db1c50aa0b7871135 6ec4ecb5933647d1accc41abf0065313 - - default default] 10.0.0.218 "GET /v2.0/floatingips HTTP/1.1" status: 200 len: 193 time: 0.1547954
2026-08-04 16:36:35.838 10 INFO neutron.wsgi [None req-a5c9654d-ac1c-47ad-beb2-749faba9447f d5867e2ccba9447db1c50aa0b7871135 6ec4ecb5933647d1accc41abf0065313 - - default default] 10.0.0.218 "GET /v2.0/network-ip-availabilities HTTP/1.1" status: 200 len: 1280 time: 0.0109415
2026-08-04 16:36:35.861 10 INFO neutron.wsgi [None req-940f0e65-b446-44bc-b94c-46ea384b2d57 d5867e2ccba9447db1c50aa0b7871135 6ec4ecb5933647d1accc41abf0065313 - - default default] 10.0.0.218 "GET /v2.0/routers HTTP/1.1" status: 200 len: 189 time: 0.0214131
2026-08-04 16:36:35.892 10 INFO neutron.wsgi [None req-ab077c84-0fe3-478f-8072-cc2f30dfae25 d5867e2ccba9447db1c50aa0b7871135 6ec4ecb5933647d1accc41abf0065313 - - default default] 10.0.0.218 "GET /v2.0/agents?binary=ovn-controller HTTP/1.1" status: 200 len: 591 time: 0.0307400
2026-08-04 16:36:35.902 10 INFO neutron.wsgi [None req-e2e49168-9cfb-4834-80f3-efb9f2fc1347 d5867e2ccba9447db1c50aa0b7871135 6ec4ecb5933647d1accc41abf0065313 - - default default] 10.0.0.218 "GET /v2.0/agents HTTP/1.1" status: 200 len: 997 time: 0.0080192
2026-08-04 16:36:35.959 10 INFO neutron.wsgi [None req-53b86839-8412-4b79-b3b9-bd20fd65dd76 d5867e2ccba9447db1c50aa0b7871135 6ec4ecb5933647d1accc41abf0065313 - - default default] 10.0.0.218 "GET /v2.0/networks HTTP/1.1" status: 200 len: 2350 time: 0.0568399
2026-08-04 16:36:36.031 10 INFO neutron.wsgi [None req-e178baf9-3952-483f-9a7a-2dff296b74a7 d5867e2ccba9447db1c50aa0b7871135 6ec4ecb5933647d1accc41abf0065313 - - default default] 10.0.0.218 "GET /v2.0/security-groups HTTP/1.1" status: 200 len: 16799 time: 0.0683928
2026-08-04 16:36:36.069 10 INFO neutron.wsgi [None req-fd0e0be8-44f5-4041-8b2e-979b3a0e2441 d5867e2ccba9447db1c50aa0b7871135 6ec4ecb5933647d1accc41abf0065313 - - default default] 10.0.0.218 "GET /v2.0/ports HTTP/1.1" status: 200 len: 5251 time: 0.0329773
2026-08-04 16:36:36.106 10 INFO neutron.wsgi [None req-64f45930-79fb-4153-b3b1-c753629a0a6e d5867e2ccba9447db1c50aa0b7871135 6ec4ecb5933647d1accc41abf0065313 - - default default] 10.0.0.218 "GET /v2.0/subnets HTTP/1.1" status: 200 len: 1437 time: 0.0343370
2026-08-04 16:36:36.122 10 INFO neutron.wsgi [None req-bd464e39-e6bd-4482-967b-1f1a4c5eff3c d5867e2ccba9447db1c50aa0b7871135 6ec4ecb5933647d1accc41abf0065313 - - default default] 10.0.0.218 "GET /v2.0/subnetpools HTTP/1.1" status: 200 len: 193 time: 0.0142686
2026-08-04 16:36:36.171 10 INFO neutron.wsgi [None req-37ccd364-74c7-448f-8403-93ac6ea09444 d5867e2ccba9447db1c50aa0b7871135 6ec4ecb5933647d1accc41abf0065313 - - default default] 10.0.0.218 "GET /v2.0/subnets HTTP/1.1" status: 200 len: 1437 time: 0.0485146
2026-08-04 16:36:42.476 9 INFO neutron.wsgi [-] 10.0.0.139 "GET / HTTP/1.1" status: 200 len: 247 time: 0.0018926
2026-08-04 16:36:42.478 10 INFO neutron.wsgi [-] 10.0.0.139 "GET / HTTP/1.1" status: 200 len: 247 time: 0.0033441
2026-08-04 16:36:56.301 10 INFO neutron.wsgi [None req-b665b614-d448-461a-8b0c-b633545e3336 d5867e2ccba9447db1c50aa0b7871135 6ec4ecb5933647d1accc41abf0065313 - - default default] 10.0.0.167 "GET /v2.0/networks HTTP/1.1" status: 200 len: 2369 time: 0.1594851
2026-08-04 16:36:57.477 10 INFO neutron.wsgi [-] 10.0.0.139 "GET / HTTP/1.1" status: 200 len: 247 time: 0.0031695
2026-08-04 16:36:57.480 10 INFO neutron.wsgi [-] 10.0.0.139 "GET / HTTP/1.1" status: 200 len: 247 time: 0.0015175
2026-08-04 16:36:57.565 10 INFO neutron.wsgi [None req-27a3ce66-c1d4-42e0-ade0-f03e283d10df d5867e2ccba9447db1c50aa0b7871135 6ec4ecb5933647d1accc41abf0065313 - - default default] 10.0.0.167 "GET /v2.0/floatingips HTTP/1.1" status: 200 len: 212 time: 0.0352650
2026-08-04 16:36:57.612 10 INFO neutron.wsgi [None req-4c62faa4-d10c-4856-a6ee-a7d769a5c88c d5867e2ccba9447db1c50aa0b7871135 6ec4ecb5933647d1accc41abf0065313 - - default default] 10.0.0.167 "GET /v2.0/routers HTTP/1.1" status: 200 len: 208 time: 0.0380342
2026-08-04 16:36:57.647 10 INFO neutron.wsgi [None req-aa4a0711-3f07-4559-b7c5-8fbd0d5b2c2b d5867e2ccba9447db1c50aa0b7871135 6ec4ecb5933647d1accc41abf0065313 - - default default] 10.0.0.167 "GET /v2.0/ports HTTP/1.1" status: 200 len: 5270 time: 0.0295286
2026-08-04 16:36:57.684 10 INFO neutron.wsgi [None req-f4abdad1-21b9-4900-9735-9a72e28f7d66 d5867e2ccba9447db1c50aa0b7871135 6ec4ecb5933647d1accc41abf0065313 - - default default] 10.0.0.167 "GET /v2.0/subnets HTTP/1.1" status: 200 len: 1456 time: 0.0315948
2026-08-04 16:36:57.744 10 INFO neutron.wsgi [None req-5afbc496-a6c5-40f2-8b63-acbf1cac8abf d5867e2ccba9447db1c50aa0b7871135 6ec4ecb5933647d1accc41abf0065313 - - default default] 10.0.0.167 "GET /v2.0/networks HTTP/1.1" status: 200 len: 2369 time: 0.0554190
2026-08-04 16:36:57.826 10 INFO neutron.wsgi [None req-a9eaebfe-f606-498a-8293-b7c46d391718 d5867e2ccba9447db1c50aa0b7871135 6ec4ecb5933647d1accc41abf0065313 - - default default] 10.0.0.167 "GET /v2.0/security-groups HTTP/1.1" status: 200 len: 16818 time: 0.0770776
2026-08-04 16:36:57.846 10 INFO neutron.wsgi [None req-69ca065b-0bee-48e5-9500-a708de41b08d d5867e2ccba9447db1c50aa0b7871135 6ec4ecb5933647d1accc41abf0065313 - - default default] 10.0.0.167 "GET /v2.0/subnetpools HTTP/1.1" status: 200 len: 212 time: 0.0147913
2026-08-04 16:37:09.135 10 INFO neutron.db.ovn_revision_numbers_db [None req-f7002c38-1eae-479f-9042-4570ee62938a d5867e2ccba9447db1c50aa0b7871135 6ec4ecb5933647d1accc41abf0065313 - - - -] Successfully bumped revision number for resource f84caaad-8c79-42d4-9c6b-4a60b69d5664 (type: security_groups) to 1
2026-08-04 16:37:09.177 9 INFO neutron.db.ovn_revision_numbers_db [None req-ea09cbbc-9478-415a-922c-3f6c23bdf67c d5867e2ccba9447db1c50aa0b7871135 6ec4ecb5933647d1accc41abf0065313 - - - -] Successfully bumped revision number for resource 14606ef4-3b68-49cf-a69f-3f06ef146ba0 (type: security_groups) to 1
2026-08-04 16:37:09.203 10 INFO neutron.db.segments_db [None req-f7002c38-1eae-479f-9042-4570ee62938a d5867e2ccba9447db1c50aa0b7871135 6ec4ecb5933647d1accc41abf0065313 - - - -] Added segment 8846b501-0899-4702-bf9c-520395020c43 of type geneve for network 5ce1134e-3a4e-49f9-b2c4-0a66b854de78
2026-08-04 16:37:09.216 9 INFO neutron.db.ovn_revision_numbers_db [None req-d0e2ec5c-a422-462a-adb4-2f4b37e9af03 d5867e2ccba9447db1c50aa0b7871135 6ec4ecb5933647d1accc41abf0065313 - - - -] Successfully bumped revision number for resource 453cf071-25db-401a-adfd-69df22dbe06a (type: security_groups) to 1
2026-08-04 16:37:09.246 9 INFO neutron.db.segments_db [None req-ea09cbbc-9478-415a-922c-3f6c23bdf67c d5867e2ccba9447db1c50aa0b7871135 6ec4ecb5933647d1accc41abf0065313 - - - -] Added segment 0b5bb113-ebf1-46e6-abe1-61afc58635c5 of type geneve for network 70b215a9-f63b-4ada-9ec6-61824dc8c661
2026-08-04 16:37:09.278 9 INFO neutron.db.segments_db [None req-d0e2ec5c-a422-462a-adb4-2f4b37e9af03 d5867e2ccba9447db1c50aa0b7871135 6ec4ecb5933647d1accc41abf0065313 - - - -] Added segment c01ca5e9-a205-4b62-8d9f-c8b3275650e8 of type geneve for network 0192e760-de7d-46b1-a604-986d6acd16ff
2026-08-04 16:37:09.328 10 INFO neutron.db.ovn_revision_numbers_db [None req-f7002c38-1eae-479f-9042-4570ee62938a d5867e2ccba9447db1c50aa0b7871135 6ec4ecb5933647d1accc41abf0065313 - - - -] Successfully bumped revision number for resource 5ce1134e-3a4e-49f9-b2c4-0a66b854de78 (type: networks) to 1
2026-08-04 16:37:09.411 9 INFO neutron.db.ovn_revision_numbers_db [None req-ea09cbbc-9478-415a-922c-3f6c23bdf67c d5867e2ccba9447db1c50aa0b7871135 6ec4ecb5933647d1accc41abf0065313 - - - -] Successfully bumped revision number for resource 70b215a9-f63b-4ada-9ec6-61824dc8c661 (type: networks) to 1
2026-08-04 16:37:09.478 9 INFO neutron.db.ovn_revision_numbers_db [None req-d0e2ec5c-a422-462a-adb4-2f4b37e9af03 d5867e2ccba9447db1c50aa0b7871135 6ec4ecb5933647d1accc41abf0065313 - - - -] Successfully bumped revision number for resource 0192e760-de7d-46b1-a604-986d6acd16ff (type: networks) to 1
2026-08-04 16:37:09.700 10 WARNING neutron.scheduler.dhcp_agent_scheduler [None req-f7002c38-1eae-479f-9042-4570ee62938a d5867e2ccba9447db1c50aa0b7871135 6ec4ecb5933647d1accc41abf0065313 - - - -] No more DHCP agents
2026-08-04 16:37:09.702 10 WARNING neutron.api.rpc.agentnotifiers.dhcp_rpc_agent_api [None req-f7002c38-1eae-479f-9042-4570ee62938a d5867e2ccba9447db1c50aa0b7871135 6ec4ecb5933647d1accc41abf0065313 - - - -] Unable to schedule network 5ce1134e-3a4e-49f9-b2c4-0a66b854de78: no agents available; will retry on subsequent port and subnet creation events.
2026-08-04 16:37:09.743 9 WARNING neutron.scheduler.dhcp_agent_scheduler [None req-ea09cbbc-9478-415a-922c-3f6c23bdf67c d5867e2ccba9447db1c50aa0b7871135 6ec4ecb5933647d1accc41abf0065313 - - - -] No more DHCP agents
2026-08-04 16:37:09.746 9 WARNING neutron.api.rpc.agentnotifiers.dhcp_rpc_agent_api [None req-ea09cbbc-9478-415a-922c-3f6c23bdf67c d5867e2ccba9447db1c50aa0b7871135 6ec4ecb5933647d1accc41abf0065313 - - - -] Unable to schedule network 70b215a9-f63b-4ada-9ec6-61824dc8c661: no agents available; will retry on subsequent port and subnet creation events.
2026-08-04 16:37:09.747 9 WARNING neutron.scheduler.dhcp_agent_scheduler [None req-d0e2ec5c-a422-462a-adb4-2f4b37e9af03 d5867e2ccba9447db1c50aa0b7871135 6ec4ecb5933647d1accc41abf0065313 - - - -] No more DHCP agents
2026-08-04 16:37:09.749 9 WARNING neutron.api.rpc.agentnotifiers.dhcp_rpc_agent_api [None req-d0e2ec5c-a422-462a-adb4-2f4b37e9af03 d5867e2ccba9447db1c50aa0b7871135 6ec4ecb5933647d1accc41abf0065313 - - - -] Unable to schedule network 0192e760-de7d-46b1-a604-986d6acd16ff: no agents available; will retry on subsequent port and subnet creation events.
2026-08-04 16:37:09.857 10 INFO neutron.db.ovn_revision_numbers_db [None req-f7002c38-1eae-479f-9042-4570ee62938a d5867e2ccba9447db1c50aa0b7871135 6ec4ecb5933647d1accc41abf0065313 - - - -] Successfully bumped revision number for resource 9203f449-7a14-4819-92c6-2bdc3c943a09 (type: ports) to 1
2026-08-04 16:37:10.018 9 INFO neutron.db.ovn_revision_numbers_db [None req-ea09cbbc-9478-415a-922c-3f6c23bdf67c d5867e2ccba9447db1c50aa0b7871135 6ec4ecb5933647d1accc41abf0065313 - - - -] Successfully bumped revision number for resource 688b0996-3577-4e82-bb41-e4dd69b1e26f (type: ports) to 1
2026-08-04 16:37:10.033 9 INFO neutron.db.ovn_revision_numbers_db [None req-d0e2ec5c-a422-462a-adb4-2f4b37e9af03 d5867e2ccba9447db1c50aa0b7871135 6ec4ecb5933647d1accc41abf0065313 - - - -] Successfully bumped revision number for resource 652c0646-2bc1-42b8-8cb6-ff7672c98934 (type: ports) to 1
2026-08-04 16:37:10.036 10 INFO neutron.wsgi [None req-f7002c38-1eae-479f-9042-4570ee62938a d5867e2ccba9447db1c50aa0b7871135 6ec4ecb5933647d1accc41abf0065313 - - - -] 10.0.0.167 "POST /v2.0/networks HTTP/1.1" status: 201 len: 953 time: 1.1242261
2026-08-04 16:37:10.148 9 INFO neutron.wsgi [None req-ea09cbbc-9478-415a-922c-3f6c23bdf67c d5867e2ccba9447db1c50aa0b7871135 6ec4ecb5933647d1accc41abf0065313 - - - -] 10.0.0.167 "POST /v2.0/networks HTTP/1.1" status: 201 len: 946 time: 1.2321646
2026-08-04 16:37:10.169 9 INFO neutron.wsgi [None req-d0e2ec5c-a422-462a-adb4-2f4b37e9af03 d5867e2ccba9447db1c50aa0b7871135 6ec4ecb5933647d1accc41abf0065313 - - - -] 10.0.0.167 "POST /v2.0/networks HTTP/1.1" status: 201 len: 947 time: 1.1333470
2026-08-04 16:37:10.183 10 INFO neutron.db.ovn_revision_numbers_db [None req-15328ed7-3e74-4eeb-8ac7-aa3f8addfe26 d5867e2ccba9447db1c50aa0b7871135 6ec4ecb5933647d1accc41abf0065313 - - default default] Successfully bumped revision number for resource a42ebc20-f1ea-4526-abee-24b91a05e2b7 (type: security_groups) to 1
2026-08-04 16:37:10.226 10 INFO neutron.wsgi [None req-15328ed7-3e74-4eeb-8ac7-aa3f8addfe26 d5867e2ccba9447db1c50aa0b7871135 6ec4ecb5933647d1accc41abf0065313 - - default default] 10.0.0.167 "GET /v2.0/security-groups?tenant_id=d55aa9b0e83b4979a8f8a4557c7a1ec4&name=default HTTP/1.1" status: 200 len: 2992 time: 0.3301997
2026-08-04 16:37:10.400 10 WARNING neutron.scheduler.dhcp_agent_scheduler [None req-dc995277-4ee6-4a28-889d-7929c6c4e000 d5867e2ccba9447db1c50aa0b7871135 6ec4ecb5933647d1accc41abf0065313 - - - -] No more DHCP agents
2026-08-04 16:37:10.402 10 WARNING neutron.api.rpc.agentnotifiers.dhcp_rpc_agent_api [None req-dc995277-4ee6-4a28-889d-7929c6c4e000 d5867e2ccba9447db1c50aa0b7871135 6ec4ecb5933647d1accc41abf0065313 - - - -] Unable to schedule network 0192e760-de7d-46b1-a604-986d6acd16ff: no agents available; will retry on subsequent port and subnet creation events.
2026-08-04 16:37:10.414 9 WARNING neutron.scheduler.dhcp_agent_scheduler [None req-6218eeef-8c58-426a-9f7b-7f732fbe5c2f d5867e2ccba9447db1c50aa0b7871135 6ec4ecb5933647d1accc41abf0065313 - - - -] No more DHCP agents
2026-08-04 16:37:10.417 9 WARNING neutron.api.rpc.agentnotifiers.dhcp_rpc_agent_api [None req-6218eeef-8c58-426a-9f7b-7f732fbe5c2f d5867e2ccba9447db1c50aa0b7871135 6ec4ecb5933647d1accc41abf0065313 - - - -] Unable to schedule network 5ce1134e-3a4e-49f9-b2c4-0a66b854de78: no agents available; will retry on subsequent port and subnet creation events.
2026-08-04 16:37:10.454 9 WARNING neutron.scheduler.dhcp_agent_scheduler [None req-2567d951-6d2f-447c-a0b7-446ff922bf7b d5867e2ccba9447db1c50aa0b7871135 6ec4ecb5933647d1accc41abf0065313 - - - -] No more DHCP agents
2026-08-04 16:37:10.459 9 WARNING neutron.api.rpc.agentnotifiers.dhcp_rpc_agent_api [None req-2567d951-6d2f-447c-a0b7-446ff922bf7b d5867e2ccba9447db1c50aa0b7871135 6ec4ecb5933647d1accc41abf0065313 - - - -] Unable to schedule network 70b215a9-f63b-4ada-9ec6-61824dc8c661: no agents available; will retry on subsequent port and subnet creation events.
2026-08-04 16:37:10.648 10 INFO neutron.wsgi [None req-79b20cd2-aec4-43f0-9223-6b2ce886fc67 d5867e2ccba9447db1c50aa0b7871135 6ec4ecb5933647d1accc41abf0065313 - - - -] 10.0.0.167 "DELETE /v2.0/security-groups/a42ebc20-f1ea-4526-abee-24b91a05e2b7 HTTP/1.1" status: 204 len: 168 time: 0.4157157
2026-08-04 16:37:10.940 10 INFO neutron.db.ovn_revision_numbers_db [None req-dc995277-4ee6-4a28-889d-7929c6c4e000 d5867e2ccba9447db1c50aa0b7871135 6ec4ecb5933647d1accc41abf0065313 - - - -] Successfully bumped revision number for resource 652c0646-2bc1-42b8-8cb6-ff7672c98934 (type: ports) to 2
2026-08-04 16:37:10.953 10 INFO neutron.db.ovn_revision_numbers_db [None req-dc995277-4ee6-4a28-889d-7929c6c4e000 d5867e2ccba9447db1c50aa0b7871135 6ec4ecb5933647d1accc41abf0065313 - - - -] Successfully bumped revision number for resource bf388ac8-8358-4381-8df9-4e965a170af7 (type: subnets) to 0
2026-08-04 16:37:10.970 10 INFO neutron.wsgi [None req-dc995277-4ee6-4a28-889d-7929c6c4e000 d5867e2ccba9447db1c50aa0b7871135 6ec4ecb5933647d1accc41abf0065313 - - - -] 10.0.0.167 "POST /v2.0/subnets HTTP/1.1" status: 201 len: 867 time: 0.7958624
2026-08-04 16:37:11.203 9 INFO neutron.db.ovn_revision_numbers_db [None req-6218eeef-8c58-426a-9f7b-7f732fbe5c2f d5867e2ccba9447db1c50aa0b7871135 6ec4ecb5933647d1accc41abf0065313 - - - -] Successfully bumped revision number for resource 9203f449-7a14-4819-92c6-2bdc3c943a09 (type: ports) to 2
2026-08-04 16:37:11.214 9 INFO neutron.db.ovn_revision_numbers_db [None req-2567d951-6d2f-447c-a0b7-446ff922bf7b d5867e2ccba9447db1c50aa0b7871135 6ec4ecb5933647d1accc41abf0065313 - - - -] Successfully bumped revision number for resource 688b0996-3577-4e82-bb41-e4dd69b1e26f (type: ports) to 2
2026-08-04 16:37:11.217 9 INFO neutron.db.ovn_revision_numbers_db [None req-6218eeef-8c58-426a-9f7b-7f732fbe5c2f d5867e2ccba9447db1c50aa0b7871135 6ec4ecb5933647d1accc41abf0065313 - - - -] Successfully bumped revision number for resource ff80c4cb-109d-40d3-a624-a18cba354ed6 (type: subnets) to 0
2026-08-04 16:37:11.228 9 INFO neutron.db.ovn_revision_numbers_db [None req-2567d951-6d2f-447c-a0b7-446ff922bf7b d5867e2ccba9447db1c50aa0b7871135 6ec4ecb5933647d1accc41abf0065313 - - - -] Successfully bumped revision number for resource 53ea0092-b514-4906-944f-80d02b660833 (type: subnets) to 0
2026-08-04 16:37:11.231 9 INFO neutron.wsgi [None req-6218eeef-8c58-426a-9f7b-7f732fbe5c2f d5867e2ccba9447db1c50aa0b7871135 6ec4ecb5933647d1accc41abf0065313 - - - -] 10.0.0.167 "POST /v2.0/subnets HTTP/1.1" status: 201 len: 874 time: 1.1883817
2026-08-04 16:37:11.250 9 INFO neutron.wsgi [None req-2567d951-6d2f-447c-a0b7-446ff922bf7b d5867e2ccba9447db1c50aa0b7871135 6ec4ecb5933647d1accc41abf0065313 - - - -] 10.0.0.167 "POST /v2.0/subnets HTTP/1.1" status: 201 len: 866 time: 1.0956764
2026-08-04 16:37:11.614 10 WARNING neutron.scheduler.dhcp_agent_scheduler [None req-3956dcba-f23f-4ecf-97c8-30ee1e8a9b62 d5867e2ccba9447db1c50aa0b7871135 6ec4ecb5933647d1accc41abf0065313 - - - -] No more DHCP agents
2026-08-04 16:37:11.617 10 WARNING neutron.api.rpc.agentnotifiers.dhcp_rpc_agent_api [None req-3956dcba-f23f-4ecf-97c8-30ee1e8a9b62 d5867e2ccba9447db1c50aa0b7871135 6ec4ecb5933647d1accc41abf0065313 - - - -] Unable to schedule network 61d1bb28-b8fd-4ce2-9fb9-c853b9ebe6f7: no agents available; will retry on subsequent port and subnet creation events.
2026-08-04 16:37:11.746 10 INFO neutron.db.ovn_revision_numbers_db [None req-3956dcba-f23f-4ecf-97c8-30ee1e8a9b62 d5867e2ccba9447db1c50aa0b7871135 6ec4ecb5933647d1accc41abf0065313 - - - -] Successfully bumped revision number for resource 931cee33-203b-4df3-adb0-5bd7f3e109e9 (type: ports) to 1
2026-08-04 16:37:12.054 10 INFO neutron.plugins.ml2.drivers.ovn.mech_driver.ovsdb.extensions.qos [None req-3956dcba-f23f-4ecf-97c8-30ee1e8a9b62 d5867e2ccba9447db1c50aa0b7871135 6ec4ecb5933647d1accc41abf0065313 - - - -] Starting OVNClientQosExtension
2026-08-04 16:37:12.152 9 WARNING neutron.scheduler.dhcp_agent_scheduler [None req-df92d5d7-a05a-49ba-a636-3414d8998c15 d5867e2ccba9447db1c50aa0b7871135 6ec4ecb5933647d1accc41abf0065313 - - - -] No more DHCP agents
2026-08-04 16:37:12.155 9 WARNING neutron.api.rpc.agentnotifiers.dhcp_rpc_agent_api [None req-df92d5d7-a05a-49ba-a636-3414d8998c15 d5867e2ccba9447db1c50aa0b7871135 6ec4ecb5933647d1accc41abf0065313 - - - -] Unable to schedule network 61d1bb28-b8fd-4ce2-9fb9-c853b9ebe6f7: no agents available; will retry on subsequent port and subnet creation events.
2026-08-04 16:37:12.205 9 WARNING neutron.scheduler.dhcp_agent_scheduler [None req-56dc28c8-e0a2-44dd-87f4-62096941ff35 d5867e2ccba9447db1c50aa0b7871135 6ec4ecb5933647d1accc41abf0065313 - - - -] No more DHCP agents
2026-08-04 16:37:12.207 9 WARNING neutron.api.rpc.agentnotifiers.dhcp_rpc_agent_api [None req-56dc28c8-e0a2-44dd-87f4-62096941ff35 d5867e2ccba9447db1c50aa0b7871135 6ec4ecb5933647d1accc41abf0065313 - - - -] Unable to schedule network 61d1bb28-b8fd-4ce2-9fb9-c853b9ebe6f7: no agents available; will retry on subsequent port and subnet creation events.
2026-08-04 16:37:12.339 9 INFO neutron.db.ovn_revision_numbers_db [None req-df92d5d7-a05a-49ba-a636-3414d8998c15 d5867e2ccba9447db1c50aa0b7871135 6ec4ecb5933647d1accc41abf0065313 - - - -] Successfully bumped revision number for resource 82353638-0195-404a-a85d-358d3e936238 (type: ports) to 1
2026-08-04 16:37:12.453 9 INFO neutron.db.ovn_revision_numbers_db [None req-56dc28c8-e0a2-44dd-87f4-62096941ff35 d5867e2ccba9447db1c50aa0b7871135 6ec4ecb5933647d1accc41abf0065313 - - - -] Successfully bumped revision number for resource c4c95917-5e9b-48ba-bb32-12ead8ab4d47 (type: ports) to 1
2026-08-04 16:37:12.498 9 INFO neutron.wsgi [-] 10.0.0.139 "GET / HTTP/1.1" status: 200 len: 247 time: 0.0022316
2026-08-04 16:37:12.500 9 INFO neutron.wsgi [-] 10.0.0.139 "GET / HTTP/1.1" status: 200 len: 247 time: 0.0009003
2026-08-04 16:37:12.563 9 INFO neutron.plugins.ml2.drivers.ovn.mech_driver.mech_driver [None req-bf202515-1b3a-4823-9d5f-3cd274afef13 - - - - - -] OVN reports status up for port: 931cee33-203b-4df3-adb0-5bd7f3e109e9
2026-08-04 16:37:12.581 10 INFO neutron.db.ovn_revision_numbers_db [None req-3956dcba-f23f-4ecf-97c8-30ee1e8a9b62 d5867e2ccba9447db1c50aa0b7871135 6ec4ecb5933647d1accc41abf0065313 - - - -] Successfully bumped revision number for resource 931cee33-203b-4df3-adb0-5bd7f3e109e9 (type: router_ports) to 1
2026-08-04 16:37:12.589 9 INFO neutron.plugins.ml2.drivers.ovn.mech_driver.ovsdb.ovsdb_monitor [-] Router 4bbb83f0-0850-4f8e-aa38-0efbbad7e580 is bound to host instance
2026-08-04 16:37:12.597 9 INFO neutron.plugins.ml2.plugin [None req-bf202515-1b3a-4823-9d5f-3cd274afef13 - - - - - -] Attempt 1 to provision port 931cee33-203b-4df3-adb0-5bd7f3e109e9
2026-08-04 16:37:12.665 10 INFO neutron.db.ovn_revision_numbers_db [None req-3956dcba-f23f-4ecf-97c8-30ee1e8a9b62 d5867e2ccba9447db1c50aa0b7871135 6ec4ecb5933647d1accc41abf0065313 - - - -] Successfully bumped revision number for resource 4bbb83f0-0850-4f8e-aa38-0efbbad7e580 (type: routers) to 3
2026-08-04 16:37:12.680 10 INFO neutron.wsgi [None req-3956dcba-f23f-4ecf-97c8-30ee1e8a9b62 d5867e2ccba9447db1c50aa0b7871135 6ec4ecb5933647d1accc41abf0065313 - - - -] 10.0.0.167 "POST /v2.0/routers HTTP/1.1" status: 201 len: 878 time: 1.7014806
2026-08-04 16:37:12.946 10 INFO neutron.db.ovn_revision_numbers_db [None req-afcb427b-076b-47cb-86ee-16b01564235f d5867e2ccba9447db1c50aa0b7871135 6ec4ecb5933647d1accc41abf0065313 - - - -] Successfully bumped revision number for resource 8b362507-8d94-4d6d-a3fe-cf7901eb99c5 (type: security_groups) to 1
2026-08-04 16:37:13.008 10 INFO neutron.db.segments_db [None req-afcb427b-076b-47cb-86ee-16b01564235f d5867e2ccba9447db1c50aa0b7871135 6ec4ecb5933647d1accc41abf0065313 - - - -] Added segment 86d2f5cd-a665-4d1f-9c00-be46e9fbe196 of type geneve for network a1765ce1-993a-45ac-8e0b-d3e2584a55be
2026-08-04 16:37:13.076 9 INFO neutron.plugins.ml2.drivers.ovn.mech_driver.ovsdb.extensions.qos [None req-df92d5d7-a05a-49ba-a636-3414d8998c15 d5867e2ccba9447db1c50aa0b7871135 6ec4ecb5933647d1accc41abf0065313 - - - -] Starting OVNClientQosExtension
2026-08-04 16:37:13.155 10 INFO neutron.db.ovn_revision_numbers_db [None req-afcb427b-076b-47cb-86ee-16b01564235f d5867e2ccba9447db1c50aa0b7871135 6ec4ecb5933647d1accc41abf0065313 - - - -] Successfully bumped revision number for resource a1765ce1-993a-45ac-8e0b-d3e2584a55be (type: networks) to 1
2026-08-04 16:37:13.243 10 WARNING neutron.scheduler.dhcp_agent_scheduler [None req-f2576839-d77d-4c86-a33e-8e14f14eb688 d5867e2ccba9447db1c50aa0b7871135 6ec4ecb5933647d1accc41abf0065313 - - default default] No more DHCP agents
2026-08-04 16:37:13.250 10 WARNING neutron.api.rpc.agentnotifiers.dhcp_rpc_agent_api [None req-f2576839-d77d-4c86-a33e-8e14f14eb688 d5867e2ccba9447db1c50aa0b7871135 6ec4ecb5933647d1accc41abf0065313 - - default default] Unable to schedule network 0192e760-de7d-46b1-a604-986d6acd16ff: no agents available; will retry on subsequent port and subnet creation events.
2026-08-04 16:37:13.402 10 WARNING neutron.scheduler.dhcp_agent_scheduler [None req-afcb427b-076b-47cb-86ee-16b01564235f d5867e2ccba9447db1c50aa0b7871135 6ec4ecb5933647d1accc41abf0065313 - - - -] No more DHCP agents
2026-08-04 16:37:13.406 10 WARNING neutron.api.rpc.agentnotifiers.dhcp_rpc_agent_api [None req-afcb427b-076b-47cb-86ee-16b01564235f d5867e2ccba9447db1c50aa0b7871135 6ec4ecb5933647d1accc41abf0065313 - - - -] Unable to schedule network a1765ce1-993a-45ac-8e0b-d3e2584a55be: no agents available; will retry on subsequent port and subnet creation events.
2026-08-04 16:37:13.435 10 INFO neutron.db.ovn_revision_numbers_db [None req-f2576839-d77d-4c86-a33e-8e14f14eb688 d5867e2ccba9447db1c50aa0b7871135 6ec4ecb5933647d1accc41abf0065313 - - default default] Successfully bumped revision number for resource 927e076a-075e-46f5-ae45-3ecd16ccbe3e (type: ports) to 1
2026-08-04 16:37:13.648 9 INFO neutron.db.ovn_revision_numbers_db [None req-df92d5d7-a05a-49ba-a636-3414d8998c15 d5867e2ccba9447db1c50aa0b7871135 6ec4ecb5933647d1accc41abf0065313 - - - -] Successfully bumped revision number for resource 82353638-0195-404a-a85d-358d3e936238 (type: router_ports) to 1
2026-08-04 16:37:13.673 9 INFO neutron.db.ovn_revision_numbers_db [None req-30f422d8-be54-4dc4-b573-1e31daa43e0c - - - - - -] Successfully bumped revision number for resource 931cee33-203b-4df3-adb0-5bd7f3e109e9 (type: ports) to 1
2026-08-04 16:37:13.703 10 INFO neutron.plugins.ml2.drivers.ovn.mech_driver.mech_driver [None req-7c6bcefe-38c6-4de3-97a5-15c8a5274d3d - - - - - -] OVN reports status up for port: c4c95917-5e9b-48ba-bb32-12ead8ab4d47
2026-08-04 16:37:13.742 10 INFO neutron.plugins.ml2.plugin [None req-7c6bcefe-38c6-4de3-97a5-15c8a5274d3d - - - - - -] Attempt 1 to provision port c4c95917-5e9b-48ba-bb32-12ead8ab4d47
2026-08-04 16:37:13.765 10 INFO neutron.db.ovn_revision_numbers_db [None req-afcb427b-076b-47cb-86ee-16b01564235f d5867e2ccba9447db1c50aa0b7871135 6ec4ecb5933647d1accc41abf0065313 - - - -] Successfully bumped revision number for resource d0c6ae08-c048-4681-9670-2a2cac58d16e (type: ports) to 1
2026-08-04 16:37:13.824 10 INFO neutron.wsgi [None req-afcb427b-076b-47cb-86ee-16b01564235f d5867e2ccba9447db1c50aa0b7871135 6ec4ecb5933647d1accc41abf0065313 - - - -] 10.0.0.167 "POST /v2.0/networks HTTP/1.1" status: 201 len: 950 time: 1.4061332
2026-08-04 16:37:13.827 9 INFO neutron.db.ovn_revision_numbers_db [None req-56dc28c8-e0a2-44dd-87f4-62096941ff35 d5867e2ccba9447db1c50aa0b7871135 6ec4ecb5933647d1accc41abf0065313 - - - -] Successfully bumped revision number for resource c4c95917-5e9b-48ba-bb32-12ead8ab4d47 (type: router_ports) to 1
2026-08-04 16:37:13.858 9 INFO neutron.db.ovn_revision_numbers_db [None req-df92d5d7-a05a-49ba-a636-3414d8998c15 d5867e2ccba9447db1c50aa0b7871135 6ec4ecb5933647d1accc41abf0065313 - - - -] Successfully bumped revision number for resource 7bc569e6-849e-44ac-a20c-1467e49b07f0 (type: routers) to 3
2026-08-04 16:37:13.891 9 INFO neutron.wsgi [None req-df92d5d7-a05a-49ba-a636-3414d8998c15 d5867e2ccba9447db1c50aa0b7871135 6ec4ecb5933647d1accc41abf0065313 - - - -] 10.0.0.167 "POST /v2.0/routers HTTP/1.1" status: 201 len: 877 time: 2.6373026
2026-08-04 16:37:13.954 9 INFO neutron.db.ovn_revision_numbers_db [None req-56dc28c8-e0a2-44dd-87f4-62096941ff35 d5867e2ccba9447db1c50aa0b7871135 6ec4ecb5933647d1accc41abf0065313 - - - -] Successfully bumped revision number for resource c4e99516-10fb-4d65-b6a5-32ebf79456b7 (type: routers) to 3
2026-08-04 16:37:13.990 9 INFO neutron.wsgi [None req-56dc28c8-e0a2-44dd-87f4-62096941ff35 d5867e2ccba9447db1c50aa0b7871135 6ec4ecb5933647d1accc41abf0065313 - - - -] 10.0.0.167 "POST /v2.0/routers HTTP/1.1" status: 201 len: 885 time: 2.7533681
2026-08-04 16:37:14.163 9 WARNING neutron.scheduler.dhcp_agent_scheduler [None req-a68cc380-340b-4c7c-a7ce-58aba4f4a2b5 d5867e2ccba9447db1c50aa0b7871135 6ec4ecb5933647d1accc41abf0065313 - - - -] No more DHCP agents
2026-08-04 16:37:14.181 9 WARNING neutron.api.rpc.agentnotifiers.dhcp_rpc_agent_api [None req-a68cc380-340b-4c7c-a7ce-58aba4f4a2b5 d5867e2ccba9447db1c50aa0b7871135 6ec4ecb5933647d1accc41abf0065313 - - - -] Unable to schedule network a1765ce1-993a-45ac-8e0b-d3e2584a55be: no agents available; will retry on subsequent port and subnet creation events.
2026-08-04 16:37:14.249 10 INFO neutron.db.ovn_revision_numbers_db [None req-f2576839-d77d-4c86-a33e-8e14f14eb688 d5867e2ccba9447db1c50aa0b7871135 6ec4ecb5933647d1accc41abf0065313 - - default default] Successfully bumped revision number for resource 927e076a-075e-46f5-ae45-3ecd16ccbe3e (type: router_ports) to 2
2026-08-04 16:37:14.359 9 INFO neutron.db.ovn_revision_numbers_db [None req-30f422d8-be54-4dc4-b573-1e31daa43e0c - - - - - -] Successfully bumped revision number for resource 931cee33-203b-4df3-adb0-5bd7f3e109e9 (type: router_ports) to 3
2026-08-04 16:37:14.418 10 INFO neutron.db.ovn_revision_numbers_db [None req-f2576839-d77d-4c86-a33e-8e14f14eb688 d5867e2ccba9447db1c50aa0b7871135 6ec4ecb5933647d1accc41abf0065313 - - default default] Successfully bumped revision number for resource 927e076a-075e-46f5-ae45-3ecd16ccbe3e (type: ports) to 2
2026-08-04 16:37:14.533 10 WARNING neutron.scheduler.dhcp_agent_scheduler [None req-13b34364-228f-4176-953c-3172e003a491 d5867e2ccba9447db1c50aa0b7871135 6ec4ecb5933647d1accc41abf0065313 - - default default] No more DHCP agents
2026-08-04 16:37:14.537 10 WARNING neutron.api.rpc.agentnotifiers.dhcp_rpc_agent_api [None req-13b34364-228f-4176-953c-3172e003a491 d5867e2ccba9447db1c50aa0b7871135 6ec4ecb5933647d1accc41abf0065313 - - default default] Unable to schedule network 70b215a9-f63b-4ada-9ec6-61824dc8c661: no agents available; will retry on subsequent port and subnet creation events.
2026-08-04 16:37:14.665 10 WARNING neutron.scheduler.dhcp_agent_scheduler [None req-f2576839-d77d-4c86-a33e-8e14f14eb688 d5867e2ccba9447db1c50aa0b7871135 6ec4ecb5933647d1accc41abf0065313 - - default default] No more DHCP agents
2026-08-04 16:37:14.666 10 WARNING neutron.api.rpc.agentnotifiers.dhcp_rpc_agent_api [None req-f2576839-d77d-4c86-a33e-8e14f14eb688 d5867e2ccba9447db1c50aa0b7871135 6ec4ecb5933647d1accc41abf0065313 - - default default] Unable to schedule network 0192e760-de7d-46b1-a604-986d6acd16ff: no agents available; will retry on subsequent port and subnet creation events.
2026-08-04 16:37:14.698 9 INFO neutron.db.ovn_revision_numbers_db [None req-30f422d8-be54-4dc4-b573-1e31daa43e0c - - - - - -] Successfully bumped revision number for resource 931cee33-203b-4df3-adb0-5bd7f3e109e9 (type: ports) to 2
2026-08-04 16:37:14.812 10 INFO neutron.db.ovn_revision_numbers_db [None req-13b34364-228f-4176-953c-3172e003a491 d5867e2ccba9447db1c50aa0b7871135 6ec4ecb5933647d1accc41abf0065313 - - default default] Successfully bumped revision number for resource 2e99c60b-0f8f-48a7-a3ef-a03d45eb88d5 (type: ports) to 1
2026-08-04 16:37:15.007 9 WARNING neutron.scheduler.dhcp_agent_scheduler [None req-561f6ea9-1dc7-4772-8151-4093a285f7ef d5867e2ccba9447db1c50aa0b7871135 6ec4ecb5933647d1accc41abf0065313 - - default default] No more DHCP agents
2026-08-04 16:37:15.013 9 WARNING neutron.api.rpc.agentnotifiers.dhcp_rpc_agent_api [None req-561f6ea9-1dc7-4772-8151-4093a285f7ef d5867e2ccba9447db1c50aa0b7871135 6ec4ecb5933647d1accc41abf0065313 - - default default] Unable to schedule network 5ce1134e-3a4e-49f9-b2c4-0a66b854de78: no agents available; will retry on subsequent port and subnet creation events.
2026-08-04 16:37:15.162 9 INFO neutron.db.ovn_revision_numbers_db [None req-30f422d8-be54-4dc4-b573-1e31daa43e0c - - - - - -] Successfully bumped revision number for resource 931cee33-203b-4df3-adb0-5bd7f3e109e9 (type: ports) to 4
2026-08-04 16:37:15.200 9 INFO neutron.db.ovn_revision_numbers_db [None req-a68cc380-340b-4c7c-a7ce-58aba4f4a2b5 d5867e2ccba9447db1c50aa0b7871135 6ec4ecb5933647d1accc41abf0065313 - - - -] Successfully bumped revision number for resource d0c6ae08-c048-4681-9670-2a2cac58d16e (type: ports) to 2
2026-08-04 16:37:15.243 9 INFO neutron.db.ovn_revision_numbers_db [None req-a68cc380-340b-4c7c-a7ce-58aba4f4a2b5 d5867e2ccba9447db1c50aa0b7871135 6ec4ecb5933647d1accc41abf0065313 - - - -] Successfully bumped revision number for resource 70437353-0066-49e5-9d99-d9a41d9ad74b (type: subnets) to 0
