2026-08-04 16:39:49.841 9 INFO neutron.services.segments.plugin [-] Segment cae69b6c-251b-4bd8-ac15-fe0da03a0107 resource provider not found; error: Placement Client Error (4xx): {"errors": [{"status": 404, "title": "Not Found", "detail": "The resource could not be found.\n\n No resource provider with uuid cae69b6c-251b-4bd8-ac15-fe0da03a0107 found for delete ", "request_id": "req-be81ee74-34ae-4705-8792-384ebe74f67e"}]}
2026-08-04 16:39:49.873 9 INFO neutron.wsgi [None req-d1d1411a-cecb-4727-85b8-dffe29f1bd80 ad10dd8f213d445481e3dfeeb50699ed 5d2ce203cb0b4a6293bdec0597a31ec4 - - - -] 10.0.0.167 "DELETE /v2.0/networks/c5e69411-09a6-43eb-8bbb-bc0f86c53653 HTTP/1.1" status: 204 len: 168 time: 0.4914174
2026-08-04 16:39:50.229 10 INFO neutron.wsgi [None req-ae624284-cf80-4449-b8eb-a0ad7cd80eb2 b13fe8f6226246959105a34c536e0a4d 3469255b6d514984ba92b742515a68d4 - - default default] 10.0.0.167 "GET /v2.0/networks HTTP/1.1" status: 200 len: 1493 time: 0.3569448
2026-08-04 16:39:50.352 10 INFO neutron.wsgi [req-91de034c-645c-47a0-80fb-0715c4cbd669 req-5939030f-465a-4af8-ba38-0fdcb4a9fbaa b13fe8f6226246959105a34c536e0a4d 3469255b6d514984ba92b742515a68d4 - - default default] 10.0.0.245 "GET /v2.0/security-groups?name=tempest-secgroup-smoke-448489691&fields=id&tenant_id=3469255b6d514984ba92b742515a68d4 HTTP/1.1" status: 200 len: 267 time: 0.0394087
2026-08-04 16:39:50.435 10 INFO neutron.wsgi [req-91de034c-645c-47a0-80fb-0715c4cbd669 req-43d0ab19-3135-4a90-9c0e-646632e511b1 b13fe8f6226246959105a34c536e0a4d 3469255b6d514984ba92b742515a68d4 - - default default] 10.0.0.245 "GET /v2.0/networks?id=601353a9-6921-4d00-9d21-818aee7513e6 HTTP/1.1" status: 200 len: 860 time: 0.0770252
2026-08-04 16:39:50.463 10 INFO neutron.wsgi [req-91de034c-645c-47a0-80fb-0715c4cbd669 req-de9623c1-da26-4374-9b5e-91a01a8798b9 b13fe8f6226246959105a34c536e0a4d 3469255b6d514984ba92b742515a68d4 - - default default] 10.0.0.245 "GET /v2.0/quotas/3469255b6d514984ba92b742515a68d4 HTTP/1.1" status: 200 len: 386 time: 0.0184557
2026-08-04 16:39:50.603 10 INFO neutron.wsgi [req-91de034c-645c-47a0-80fb-0715c4cbd669 req-26249152-a206-4ecd-a93a-7fa6efcc3ed1 b13fe8f6226246959105a34c536e0a4d 3469255b6d514984ba92b742515a68d4 - - default default] 10.0.0.245 "GET /v2.0/ports?tenant_id=3469255b6d514984ba92b742515a68d4&fields=id HTTP/1.1" status: 200 len: 348 time: 0.1304157
2026-08-04 16:39:50.703 10 INFO neutron.wsgi [req-91de034c-645c-47a0-80fb-0715c4cbd669 req-ba839cba-5137-4cf6-98fe-18fa7bd29614 3b097d311a4a4c638583644899515cab 4c787b13fdd14d349750e6d5144fb437 - - 5542a1e84d6847768ce2ec334b584dc7 5542a1e84d6847768ce2ec334b584dc7] 10.0.0.245 "GET /v2.0/networks/601353a9-6921-4d00-9d21-818aee7513e6?fields=segments HTTP/1.1" status: 200 len: 212 time: 0.0819809
2026-08-04 16:39:50.708 9 INFO neutron.wsgi [None req-e51dbbf5-c6e2-4bfd-9c04-987c667f3046 d5867e2ccba9447db1c50aa0b7871135 6ec4ecb5933647d1accc41abf0065313 - - default default] 10.0.0.167 "GET /v2.0/security-groups?tenant_id=5d2ce203cb0b4a6293bdec0597a31ec4&name=default HTTP/1.1" status: 200 len: 2996 time: 0.3096340
2026-08-04 16:39:50.787 10 INFO neutron.wsgi [req-91de034c-645c-47a0-80fb-0715c4cbd669 req-d9075c81-bf15-4125-80fd-22b8b70a7518 3b097d311a4a4c638583644899515cab 4c787b13fdd14d349750e6d5144fb437 - - 5542a1e84d6847768ce2ec334b584dc7 5542a1e84d6847768ce2ec334b584dc7] 10.0.0.245 "GET /v2.0/networks/601353a9-6921-4d00-9d21-818aee7513e6?fields=provider%3Aphysical_network&fields=provider%3Anetwork_type HTTP/1.1" status: 200 len: 277 time: 0.0754330
2026-08-04 16:39:50.965 9 INFO neutron.wsgi [None req-ffa33405-1e00-475d-81e5-1aa6a5ac1cf1 d5867e2ccba9447db1c50aa0b7871135 6ec4ecb5933647d1accc41abf0065313 - - - -] 10.0.0.167 "DELETE /v2.0/security-groups/ae3a7b59-387e-4c8e-8878-1c03ab938716 HTTP/1.1" status: 204 len: 168 time: 0.2503064
2026-08-04 16:39:50.966 10 INFO neutron.wsgi [req-41e3affe-3f43-4e83-8285-d34a5173b0f1 req-e49a5829-57ba-4a5b-ac9a-9d6fbe93771f b13fe8f6226246959105a34c536e0a4d 3469255b6d514984ba92b742515a68d4 - - default default] 10.0.0.245 "GET /v2.0/ports?device_id=2f50cd5d-95b4-4dc8-ae63-6fde5662ca95 HTTP/1.1" status: 200 len: 210 time: 0.0304163
2026-08-04 16:39:50.971 9 INFO neutron.wsgi [None req-f458a241-e413-4cc4-be46-c4d3e0e2863a fcd0965f95de4fca99f332544cb2413d 122457fb50cf4e9c917f4ac17c6941d4 - - default default] 10.0.0.76 "GET /v2.0/extensions HTTP/1.1" status: 200 len: 16525 time: 0.0106072
2026-08-04 16:39:51.095 9 INFO neutron.wsgi [None req-c7f46498-1bbf-48ea-a760-9dd76619340b fcd0965f95de4fca99f332544cb2413d 122457fb50cf4e9c917f4ac17c6941d4 - - default default] 10.0.0.76 "GET /v2.0/quotas/122457fb50cf4e9c917f4ac17c6941d4/details HTTP/1.1" status: 200 len: 756 time: 0.1078975
2026-08-04 16:39:51.948 9 INFO neutron.wsgi [req-91de034c-645c-47a0-80fb-0715c4cbd669 req-06fdbae2-d60a-454d-826c-3ba32e2c8324 b13fe8f6226246959105a34c536e0a4d 3469255b6d514984ba92b742515a68d4 - - default default] 199.19.213.137 "GET /v2.0/networks?id=601353a9-6921-4d00-9d21-818aee7513e6 HTTP/1.1" status: 200 len: 860 time: 0.1021788
2026-08-04 16:39:52.023 9 INFO neutron.wsgi [req-91de034c-645c-47a0-80fb-0715c4cbd669 req-baf11a93-4706-485e-a9a9-01f4b067968c b13fe8f6226246959105a34c536e0a4d 3469255b6d514984ba92b742515a68d4 - - default default] 199.19.213.137 "GET /v2.0/security-groups?fields=id&fields=name&tenant_id=3469255b6d514984ba92b742515a68d4 HTTP/1.1" status: 200 len: 472 time: 0.0660014
2026-08-04 16:39:52.082 10 INFO neutron.wsgi [req-a37df917-dff6-4713-a0a1-8bc772764684 req-8ebee531-18eb-409d-954b-62312d8b4fae b13fe8f6226246959105a34c536e0a4d 3469255b6d514984ba92b742515a68d4 - - default default] 10.0.0.245 "GET /v2.0/ports?device_id=2f50cd5d-95b4-4dc8-ae63-6fde5662ca95 HTTP/1.1" status: 200 len: 210 time: 0.0257840
2026-08-04 16:39:53.066 9 WARNING neutron.scheduler.dhcp_agent_scheduler [None req-26055e3b-17f6-43ea-81b1-2aad958db2ff b13fe8f6226246959105a34c536e0a4d 3469255b6d514984ba92b742515a68d4 - - - -] No more DHCP agents
2026-08-04 16:39:53.068 9 WARNING neutron.api.rpc.agentnotifiers.dhcp_rpc_agent_api [None req-26055e3b-17f6-43ea-81b1-2aad958db2ff b13fe8f6226246959105a34c536e0a4d 3469255b6d514984ba92b742515a68d4 - - - -] Unable to schedule network 601353a9-6921-4d00-9d21-818aee7513e6: no agents available; will retry on subsequent port and subnet creation events. /var/lib/openstack/lib/python3.10/site-packages/pycadf/identifier.py:71: UserWarning: Invalid uuid: neutron. To ensure interoperability, identifiers should be a valid uuid. warnings.warn(('Invalid uuid: %s. To ensure interoperability, '
2026-08-04 16:39:53.274 9 INFO neutron.wsgi [req-61f15409-9864-422f-8428-0ce3df9ed54b req-55767a33-d656-4c37-af33-bfd76e77a6a4 b13fe8f6226246959105a34c536e0a4d 3469255b6d514984ba92b742515a68d4 - - default default] 10.0.0.245 "GET /v2.0/ports?device_id=2f50cd5d-95b4-4dc8-ae63-6fde5662ca95 HTTP/1.1" status: 200 len: 1156 time: 0.1149998
2026-08-04 16:39:53.284 9 INFO neutron.db.ovn_revision_numbers_db [None req-26055e3b-17f6-43ea-81b1-2aad958db2ff b13fe8f6226246959105a34c536e0a4d 3469255b6d514984ba92b742515a68d4 - - - -] Successfully bumped revision number for resource 320f554c-cfb6-4135-8036-a394fc7e1944 (type: ports) to 1
2026-08-04 16:39:53.322 9 INFO neutron.wsgi [None req-26055e3b-17f6-43ea-81b1-2aad958db2ff b13fe8f6226246959105a34c536e0a4d 3469255b6d514984ba92b742515a68d4 - - - -] 199.19.213.137 "POST /v2.0/ports HTTP/1.1" status: 201 len: 1158 time: 1.2952211
2026-08-04 16:39:53.344 9 INFO neutron.wsgi [req-61f15409-9864-422f-8428-0ce3df9ed54b req-9a0b0607-0b13-439a-bc25-c6d038eeddc1 b13fe8f6226246959105a34c536e0a4d 3469255b6d514984ba92b742515a68d4 - - default default] 10.0.0.245 "GET /v2.0/security-groups?id=7db03cce-3095-4199-9308-0243cf428489&fields=id&fields=name HTTP/1.1" status: 200 len: 312 time: 0.0606718
2026-08-04 16:39:53.358 10 INFO neutron.db.ovn_revision_numbers_db [None req-0abdc123-016d-4215-8e17-9f70ca03cfae 24a4631e5ffe476189cffc1d3e00f0a3 b23bbbfd047a49188cb157c8df7e3ef6 - - - -] Successfully bumped revision number for resource 1b527f07-2705-487d-99a6-26b499f6b994 (type: security_groups) to 1
2026-08-04 16:39:53.429 10 INFO neutron.db.segments_db [None req-0abdc123-016d-4215-8e17-9f70ca03cfae 24a4631e5ffe476189cffc1d3e00f0a3 b23bbbfd047a49188cb157c8df7e3ef6 - - - -] Added segment b2327792-d5e5-45d0-b116-395e276e4922 of type geneve for network e47f72f5-4969-4101-a0cf-6f153b98405f
2026-08-04 16:39:53.591 10 INFO neutron.db.ovn_revision_numbers_db [None req-0abdc123-016d-4215-8e17-9f70ca03cfae 24a4631e5ffe476189cffc1d3e00f0a3 b23bbbfd047a49188cb157c8df7e3ef6 - - - -] Successfully bumped revision number for resource e47f72f5-4969-4101-a0cf-6f153b98405f (type: networks) to 1 /var/lib/openstack/lib/python3.10/site-packages/pycadf/identifier.py:71: UserWarning: Invalid uuid: neutron. To ensure interoperability, identifiers should be a valid uuid. warnings.warn(('Invalid uuid: %s. To ensure interoperability, '
2026-08-04 16:39:53.811 9 INFO neutron.db.ovn_revision_numbers_db [None req-6c084401-36e7-4535-a720-57b0a7b5e7d5 3b097d311a4a4c638583644899515cab 4c787b13fdd14d349750e6d5144fb437 - - - -] Successfully bumped revision number for resource 320f554c-cfb6-4135-8036-a394fc7e1944 (type: ports) to 2
2026-08-04 16:39:53.831 10 WARNING neutron.scheduler.dhcp_agent_scheduler [None req-0abdc123-016d-4215-8e17-9f70ca03cfae 24a4631e5ffe476189cffc1d3e00f0a3 b23bbbfd047a49188cb157c8df7e3ef6 - - - -] No more DHCP agents
2026-08-04 16:39:53.836 10 WARNING neutron.api.rpc.agentnotifiers.dhcp_rpc_agent_api [None req-0abdc123-016d-4215-8e17-9f70ca03cfae 24a4631e5ffe476189cffc1d3e00f0a3 b23bbbfd047a49188cb157c8df7e3ef6 - - - -] Unable to schedule network e47f72f5-4969-4101-a0cf-6f153b98405f: no agents available; will retry on subsequent port and subnet creation events.
2026-08-04 16:39:53.860 9 INFO neutron.db.ovn_revision_numbers_db [None req-f5b59c37-33aa-4a59-94ab-db26fc1eaa2b d5867e2ccba9447db1c50aa0b7871135 6ec4ecb5933647d1accc41abf0065313 - - default default] Successfully bumped revision number for resource 50ef2c01-01c1-4d2c-9613-66a7933ae2d3 (type: security_groups) to 1
2026-08-04 16:39:53.882 10 INFO neutron.db.ovn_revision_numbers_db [None req-76d2519b-e475-4be7-9121-9177af93affd d5867e2ccba9447db1c50aa0b7871135 6ec4ecb5933647d1accc41abf0065313 - - default default] Successfully bumped revision number for resource ac22aba5-cda7-4905-b44d-f5ad0ed26258 (type: security_groups) to 1
2026-08-04 16:39:53.895 9 INFO neutron.wsgi [None req-f5b59c37-33aa-4a59-94ab-db26fc1eaa2b d5867e2ccba9447db1c50aa0b7871135 6ec4ecb5933647d1accc41abf0065313 - - default default] 10.0.0.167 "GET /v2.0/security-groups?tenant_id=122457fb50cf4e9c917f4ac17c6941d4&name=default HTTP/1.1" status: 200 len: 2996 time: 0.2142017
2026-08-04 16:39:53.925 10 INFO neutron.wsgi [None req-76d2519b-e475-4be7-9121-9177af93affd d5867e2ccba9447db1c50aa0b7871135 6ec4ecb5933647d1accc41abf0065313 - - default default] 10.0.0.167 "GET /v2.0/security-groups?tenant_id=06ea50a04d364946930f5fdea4490fa2&name=default HTTP/1.1" status: 200 len: 2996 time: 0.3315616
2026-08-04 16:39:53.945 10 INFO neutron.db.ovn_revision_numbers_db [None req-0abdc123-016d-4215-8e17-9f70ca03cfae 24a4631e5ffe476189cffc1d3e00f0a3 b23bbbfd047a49188cb157c8df7e3ef6 - - - -] Successfully bumped revision number for resource d6507215-0fe2-412e-bb5a-3915b20087a6 (type: ports) to 1
2026-08-04 16:39:53.974 10 INFO neutron.wsgi [None req-0abdc123-016d-4215-8e17-9f70ca03cfae 24a4631e5ffe476189cffc1d3e00f0a3 b23bbbfd047a49188cb157c8df7e3ef6 - - - -] 10.0.0.167 "POST /v2.0/networks HTTP/1.1" status: 201 len: 832 time: 1.0860500
2026-08-04 16:39:54.050 9 INFO neutron.db.ovn_revision_numbers_db [None req-6c084401-36e7-4535-a720-57b0a7b5e7d5 3b097d311a4a4c638583644899515cab 4c787b13fdd14d349750e6d5144fb437 - - - -] Successfully bumped revision number for resource 320f554c-cfb6-4135-8036-a394fc7e1944 (type: ports) to 2
2026-08-04 16:39:54.072 9 INFO neutron.wsgi [None req-6c084401-36e7-4535-a720-57b0a7b5e7d5 3b097d311a4a4c638583644899515cab 4c787b13fdd14d349750e6d5144fb437 - - - -] 199.19.213.137 "PUT /v2.0/ports/320f554c-cfb6-4135-8036-a394fc7e1944 HTTP/1.1" status: 200 len: 1328 time: 0.7396917
2026-08-04 16:39:54.076 10 INFO neutron.db.segments_db [None req-693e56bd-fef6-445e-9fc0-a55e6f66309d 24a4631e5ffe476189cffc1d3e00f0a3 b23bbbfd047a49188cb157c8df7e3ef6 - - - -] Added segment f92942c1-a9b5-443a-91c3-349ae98018bf of type geneve for network 8c8bbd60-05d1-42f6-8005-3505f1a7b2c8
2026-08-04 16:39:54.135 9 INFO neutron.notifiers.nova [-] Nova event matching ['req-18fc6ce7-eb50-4e45-879f-663426323422'] response: {'name': 'network-changed', 'server_uuid': '2f50cd5d-95b4-4dc8-ae63-6fde5662ca95', 'tag': '320f554c-cfb6-4135-8036-a394fc7e1944', 'status': 'completed', 'code': 200} /var/lib/openstack/lib/python3.10/site-packages/pycadf/identifier.py:71: UserWarning: Invalid uuid: neutron. To ensure interoperability, identifiers should be a valid uuid. warnings.warn(('Invalid uuid: %s. To ensure interoperability, '
2026-08-04 16:39:54.163 9 INFO neutron.wsgi [None req-42fb582d-8abb-4011-a90c-92a145591048 d5867e2ccba9447db1c50aa0b7871135 6ec4ecb5933647d1accc41abf0065313 - - - -] 10.0.0.167 "DELETE /v2.0/security-groups/50ef2c01-01c1-4d2c-9613-66a7933ae2d3 HTTP/1.1" status: 204 len: 168 time: 0.2572894
2026-08-04 16:39:54.173 9 INFO neutron.wsgi [req-91de034c-645c-47a0-80fb-0715c4cbd669 req-165ab2f1-d7e9-4b57-bd9e-dca37ed8b496 3b097d311a4a4c638583644899515cab 4c787b13fdd14d349750e6d5144fb437 - - 5542a1e84d6847768ce2ec334b584dc7 5542a1e84d6847768ce2ec334b584dc7] 199.19.213.137 "GET /v2.0/ports?tenant_id=3469255b6d514984ba92b742515a68d4&device_id=2f50cd5d-95b4-4dc8-ae63-6fde5662ca95 HTTP/1.1" status: 200 len: 1359 time: 0.0353143
2026-08-04 16:39:54.201 10 INFO neutron.wsgi [None req-65748ba9-a79a-4062-a42b-8ab73c38fd97 d5867e2ccba9447db1c50aa0b7871135 6ec4ecb5933647d1accc41abf0065313 - - - -] 10.0.0.167 "DELETE /v2.0/security-groups/ac22aba5-cda7-4905-b44d-f5ad0ed26258 HTTP/1.1" status: 204 len: 168 time: 0.2699783
2026-08-04 16:39:54.211 9 INFO neutron.wsgi [req-91de034c-645c-47a0-80fb-0715c4cbd669 req-deb1a7b5-c5e0-4d1b-a91e-529cc923f713 3b097d311a4a4c638583644899515cab 4c787b13fdd14d349750e6d5144fb437 - - 5542a1e84d6847768ce2ec334b584dc7 5542a1e84d6847768ce2ec334b584dc7] 199.19.213.137 "GET /v2.0/floatingips?fixed_ip_address=10.100.0.6&port_id=320f554c-cfb6-4135-8036-a394fc7e1944 HTTP/1.1" status: 200 len: 217 time: 0.0326269
2026-08-04 16:39:54.234 10 INFO neutron.db.ovn_revision_numbers_db [None req-693e56bd-fef6-445e-9fc0-a55e6f66309d 24a4631e5ffe476189cffc1d3e00f0a3 b23bbbfd047a49188cb157c8df7e3ef6 - - - -] Successfully bumped revision number for resource 8c8bbd60-05d1-42f6-8005-3505f1a7b2c8 (type: networks) to 1
2026-08-04 16:39:54.251 9 INFO neutron.wsgi [req-91de034c-645c-47a0-80fb-0715c4cbd669 req-7c522e5c-aba2-4a73-bd4f-36b62748fcf1 3b097d311a4a4c638583644899515cab 4c787b13fdd14d349750e6d5144fb437 - - 5542a1e84d6847768ce2ec334b584dc7 5542a1e84d6847768ce2ec334b584dc7] 199.19.213.137 "GET /v2.0/subnets?id=563f4110-3213-45d0-88e7-506754260e8b HTTP/1.1" status: 200 len: 852 time: 0.0322011
2026-08-04 16:39:54.276 9 INFO neutron.wsgi [req-91de034c-645c-47a0-80fb-0715c4cbd669 req-87966132-1313-410d-9ea6-3f5e2744f0e4 3b097d311a4a4c638583644899515cab 4c787b13fdd14d349750e6d5144fb437 - - 5542a1e84d6847768ce2ec334b584dc7 5542a1e84d6847768ce2ec334b584dc7] 199.19.213.137 "GET /v2.0/ports?network_id=601353a9-6921-4d00-9d21-818aee7513e6&device_owner=network%3Adhcp HTTP/1.1" status: 200 len: 210 time: 0.0200987
2026-08-04 16:39:54.348 9 INFO neutron.wsgi [req-91de034c-645c-47a0-80fb-0715c4cbd669 req-13b08648-7875-4370-90f8-f881aaff1002 3b097d311a4a4c638583644899515cab 4c787b13fdd14d349750e6d5144fb437 - - 5542a1e84d6847768ce2ec334b584dc7 5542a1e84d6847768ce2ec334b584dc7] 199.19.213.137 "GET /v2.0/networks/601353a9-6921-4d00-9d21-818aee7513e6?fields=segments HTTP/1.1" status: 200 len: 212 time: 0.0662150
2026-08-04 16:39:54.402 10 WARNING neutron.scheduler.dhcp_agent_scheduler [None req-693e56bd-fef6-445e-9fc0-a55e6f66309d 24a4631e5ffe476189cffc1d3e00f0a3 b23bbbfd047a49188cb157c8df7e3ef6 - - - -] No more DHCP agents
2026-08-04 16:39:54.404 10 WARNING neutron.api.rpc.agentnotifiers.dhcp_rpc_agent_api [None req-693e56bd-fef6-445e-9fc0-a55e6f66309d 24a4631e5ffe476189cffc1d3e00f0a3 b23bbbfd047a49188cb157c8df7e3ef6 - - - -] Unable to schedule network 8c8bbd60-05d1-42f6-8005-3505f1a7b2c8: no agents available; will retry on subsequent port and subnet creation events.
2026-08-04 16:39:54.414 9 INFO neutron.wsgi [req-91de034c-645c-47a0-80fb-0715c4cbd669 req-dc885f4c-68b7-4774-a7ea-c3f90144b507 3b097d311a4a4c638583644899515cab 4c787b13fdd14d349750e6d5144fb437 - - 5542a1e84d6847768ce2ec334b584dc7 5542a1e84d6847768ce2ec334b584dc7] 199.19.213.137 "GET /v2.0/networks/601353a9-6921-4d00-9d21-818aee7513e6?fields=provider%3Aphysical_network&fields=provider%3Anetwork_type HTTP/1.1" status: 200 len: 277 time: 0.0575578
2026-08-04 16:39:54.460 9 INFO neutron.db.ovn_revision_numbers_db [None req-c259763d-9850-43c2-a3ee-9cc68466400c d5867e2ccba9447db1c50aa0b7871135 6ec4ecb5933647d1accc41abf0065313 - - default default] Successfully bumped revision number for resource 32fb9fca-cf9d-4ea4-a8f9-07436baba6c3 (type: security_groups) to 1
2026-08-04 16:39:54.494 10 INFO neutron.db.ovn_revision_numbers_db [None req-693e56bd-fef6-445e-9fc0-a55e6f66309d 24a4631e5ffe476189cffc1d3e00f0a3 b23bbbfd047a49188cb157c8df7e3ef6 - - - -] Successfully bumped revision number for resource c7f528a2-8688-4bac-9153-9abc54a36f6d (type: ports) to 1
2026-08-04 16:39:54.496 9 INFO neutron.wsgi [req-3a9c1a3c-ae8f-49e7-8338-757266ec8395 req-d1d33dae-f38d-4bcd-94f3-9d4a0ae63e24 b13fe8f6226246959105a34c536e0a4d 3469255b6d514984ba92b742515a68d4 - - default default] 10.0.0.245 "GET /v2.0/ports?device_id=2f50cd5d-95b4-4dc8-ae63-6fde5662ca95 HTTP/1.1" status: 200 len: 1168 time: 0.0744176
2026-08-04 16:39:54.518 10 INFO neutron.wsgi [None req-693e56bd-fef6-445e-9fc0-a55e6f66309d 24a4631e5ffe476189cffc1d3e00f0a3 b23bbbfd047a49188cb157c8df7e3ef6 - - - -] 10.0.0.167 "POST /v2.0/networks HTTP/1.1" status: 201 len: 832 time: 0.5375714
2026-08-04 16:39:54.519 9 INFO neutron.wsgi [None req-c259763d-9850-43c2-a3ee-9cc68466400c d5867e2ccba9447db1c50aa0b7871135 6ec4ecb5933647d1accc41abf0065313 - - default default] 10.0.0.167 "GET /v2.0/security-groups?tenant_id=3ee36faa41cb4d438b6062ab33e88bdb&name=default HTTP/1.1" status: 200 len: 2996 time: 0.2184730
2026-08-04 16:39:54.549 9 INFO neutron.wsgi [req-d8c28463-f983-416c-8465-1c7fde72bc8f req-de3e3316-fe83-4324-8955-e02e7d877d65 3b097d311a4a4c638583644899515cab 4c787b13fdd14d349750e6d5144fb437 - - 5542a1e84d6847768ce2ec334b584dc7 5542a1e84d6847768ce2ec334b584dc7] 199.19.213.137 "GET /v2.0/ports?tenant_id=3469255b6d514984ba92b742515a68d4&device_id=2f50cd5d-95b4-4dc8-ae63-6fde5662ca95 HTTP/1.1" status: 200 len: 1359 time: 0.0763996
2026-08-04 16:39:54.599 9 INFO neutron.wsgi [req-3a9c1a3c-ae8f-49e7-8338-757266ec8395 req-21778e0f-7dff-482c-8c20-c6496d25957c b13fe8f6226246959105a34c536e0a4d 3469255b6d514984ba92b742515a68d4 - - default default] 10.0.0.245 "GET /v2.0/security-groups?id=7db03cce-3095-4199-9308-0243cf428489&fields=id&fields=name HTTP/1.1" status: 200 len: 312 time: 0.0874758
2026-08-04 16:39:54.659 9 INFO neutron.plugins.ml2.drivers.ovn.mech_driver.mech_driver [None req-bf202515-1b3a-4823-9d5f-3cd274afef13 - - - - - -] OVN reports status up for port: 320f554c-cfb6-4135-8036-a394fc7e1944
2026-08-04 16:39:54.691 9 INFO neutron.wsgi [req-d8c28463-f983-416c-8465-1c7fde72bc8f req-a83bfabf-6291-4e6f-9ea0-5eed5fbac08f 3b097d311a4a4c638583644899515cab 4c787b13fdd14d349750e6d5144fb437 - - 5542a1e84d6847768ce2ec334b584dc7 5542a1e84d6847768ce2ec334b584dc7] 199.19.213.137 "GET /v2.0/networks?id=601353a9-6921-4d00-9d21-818aee7513e6 HTTP/1.1" status: 200 len: 958 time: 0.1317174
2026-08-04 16:39:54.706 9 INFO neutron.plugins.ml2.plugin [None req-bf202515-1b3a-4823-9d5f-3cd274afef13 - - - - - -] Attempt 1 to provision port 320f554c-cfb6-4135-8036-a394fc7e1944
2026-08-04 16:39:54.751 9 INFO neutron.wsgi [req-d8c28463-f983-416c-8465-1c7fde72bc8f req-5d662aef-c9c0-4b40-8f46-3a8e52af8d99 3b097d311a4a4c638583644899515cab 4c787b13fdd14d349750e6d5144fb437 - - 5542a1e84d6847768ce2ec334b584dc7 5542a1e84d6847768ce2ec334b584dc7] 199.19.213.137 "GET /v2.0/floatingips?fixed_ip_address=10.100.0.6&port_id=320f554c-cfb6-4135-8036-a394fc7e1944 HTTP/1.1" status: 200 len: 217 time: 0.0492363
2026-08-04 16:39:54.854 9 INFO neutron.wsgi [req-d8c28463-f983-416c-8465-1c7fde72bc8f req-9a4efd75-d173-4809-852d-f32494473f42 3b097d311a4a4c638583644899515cab 4c787b13fdd14d349750e6d5144fb437 - - 5542a1e84d6847768ce2ec334b584dc7 5542a1e84d6847768ce2ec334b584dc7] 199.19.213.137 "GET /v2.0/subnets?id=563f4110-3213-45d0-88e7-506754260e8b HTTP/1.1" status: 200 len: 852 time: 0.0847151
2026-08-04 16:39:54.920 9 INFO neutron.wsgi [req-d8c28463-f983-416c-8465-1c7fde72bc8f req-811e8a0d-80dd-4ba2-a777-27c8adb89df9 3b097d311a4a4c638583644899515cab 4c787b13fdd14d349750e6d5144fb437 - - 5542a1e84d6847768ce2ec334b584dc7 5542a1e84d6847768ce2ec334b584dc7] 199.19.213.137 "GET /v2.0/ports?network_id=601353a9-6921-4d00-9d21-818aee7513e6&device_owner=network%3Adhcp HTTP/1.1" status: 200 len: 210 time: 0.0490808
2026-08-04 16:39:55.053 9 INFO neutron.wsgi [req-d8c28463-f983-416c-8465-1c7fde72bc8f req-c26563a9-d8e5-4eaf-94fe-d144520ca0a8 3b097d311a4a4c638583644899515cab 4c787b13fdd14d349750e6d5144fb437 - - 5542a1e84d6847768ce2ec334b584dc7 5542a1e84d6847768ce2ec334b584dc7] 199.19.213.137 "GET /v2.0/networks/601353a9-6921-4d00-9d21-818aee7513e6?fields=segments HTTP/1.1" status: 200 len: 212 time: 0.1273723
2026-08-04 16:39:55.193 9 WARNING neutron.scheduler.dhcp_agent_scheduler [None req-c3bdde67-2341-4a79-a173-2edc75f024e2 24a4631e5ffe476189cffc1d3e00f0a3 b23bbbfd047a49188cb157c8df7e3ef6 - - - -] No more DHCP agents
2026-08-04 16:39:55.199 9 INFO neutron.wsgi [req-d8c28463-f983-416c-8465-1c7fde72bc8f req-4609878b-df2e-43f9-9797-0c42b1bd8c4f 3b097d311a4a4c638583644899515cab 4c787b13fdd14d349750e6d5144fb437 - - 5542a1e84d6847768ce2ec334b584dc7 5542a1e84d6847768ce2ec334b584dc7] 199.19.213.137 "GET /v2.0/networks/601353a9-6921-4d00-9d21-818aee7513e6?fields=provider%3Aphysical_network&fields=provider%3Anetwork_type HTTP/1.1" status: 200 len: 277 time: 0.1343458
2026-08-04 16:39:55.200 9 WARNING neutron.api.rpc.agentnotifiers.dhcp_rpc_agent_api [None req-c3bdde67-2341-4a79-a173-2edc75f024e2 24a4631e5ffe476189cffc1d3e00f0a3 b23bbbfd047a49188cb157c8df7e3ef6 - - - -] Unable to schedule network e47f72f5-4969-4101-a0cf-6f153b98405f: no agents available; will retry on subsequent port and subnet creation events.
2026-08-04 16:39:55.227 9 INFO neutron.db.ovn_revision_numbers_db [None req-c3bdde67-2341-4a79-a173-2edc75f024e2 24a4631e5ffe476189cffc1d3e00f0a3 b23bbbfd047a49188cb157c8df7e3ef6 - - - -] Successfully bumped revision number for resource 8ee376a4-9062-4fcf-babd-0d896551f18c (type: subnets) to 0
2026-08-04 16:39:55.250 9 INFO neutron.wsgi [None req-c3bdde67-2341-4a79-a173-2edc75f024e2 24a4631e5ffe476189cffc1d3e00f0a3 b23bbbfd047a49188cb157c8df7e3ef6 - - - -] 10.0.0.167 "POST /v2.0/subnets HTTP/1.1" status: 201 len: 821 time: 0.7217140
2026-08-04 16:39:55.278 9 INFO neutron.wsgi [None req-00bbf2eb-96d9-44d0-bd4e-5a207bb12f6e d5867e2ccba9447db1c50aa0b7871135 6ec4ecb5933647d1accc41abf0065313 - - - -] 10.0.0.167 "DELETE /v2.0/security-groups/32fb9fca-cf9d-4ea4-a8f9-07436baba6c3 HTTP/1.1" status: 204 len: 168 time: 0.7498200
2026-08-04 16:39:55.317 9 INFO neutron.db.ovn_revision_numbers_db [None req-bf202515-1b3a-4823-9d5f-3cd274afef13 - - - - - -] Successfully bumped revision number for resource 320f554c-cfb6-4135-8036-a394fc7e1944 (type: ports) to 4
2026-08-04 16:39:55.566 10 WARNING neutron.scheduler.dhcp_agent_scheduler [None req-dfb01d37-0de5-48cf-b2c4-05a6c4503bfc 24a4631e5ffe476189cffc1d3e00f0a3 b23bbbfd047a49188cb157c8df7e3ef6 - - - -] No more DHCP agents
2026-08-04 16:39:55.577 10 WARNING neutron.api.rpc.agentnotifiers.dhcp_rpc_agent_api [None req-dfb01d37-0de5-48cf-b2c4-05a6c4503bfc 24a4631e5ffe476189cffc1d3e00f0a3 b23bbbfd047a49188cb157c8df7e3ef6 - - - -] Unable to schedule network 8c8bbd60-05d1-42f6-8005-3505f1a7b2c8: no agents available; will retry on subsequent port and subnet creation events.
2026-08-04 16:39:55.593 10 INFO neutron.db.ovn_revision_numbers_db [None req-dfb01d37-0de5-48cf-b2c4-05a6c4503bfc 24a4631e5ffe476189cffc1d3e00f0a3 b23bbbfd047a49188cb157c8df7e3ef6 - - - -] Successfully bumped revision number for resource 6a566039-9cdd-4f9b-a11a-322dc857eca6 (type: subnets) to 0
2026-08-04 16:39:55.617 10 INFO neutron.wsgi [None req-dfb01d37-0de5-48cf-b2c4-05a6c4503bfc 24a4631e5ffe476189cffc1d3e00f0a3 b23bbbfd047a49188cb157c8df7e3ef6 - - - -] 10.0.0.167 "POST /v2.0/subnets HTTP/1.1" status: 201 len: 830 time: 0.3612385
2026-08-04 16:39:56.086 10 INFO neutron.wsgi [req-ef3e5ecb-d536-4f43-a223-0e7aa9782128 req-2c739598-24be-4b3e-a44a-113a9605ceb1 b13fe8f6226246959105a34c536e0a4d 3469255b6d514984ba92b742515a68d4 - - default default] 10.0.0.245 "GET /v2.0/ports?device_id=2f50cd5d-95b4-4dc8-ae63-6fde5662ca95 HTTP/1.1" status: 200 len: 1170 time: 0.4037614
2026-08-04 16:39:56.111 10 INFO neutron.db.ovn_revision_numbers_db [None req-ea6bf7df-0a78-40d7-a5fd-ef4a9aed3370 24a4631e5ffe476189cffc1d3e00f0a3 b23bbbfd047a49188cb157c8df7e3ef6 - - - -] Successfully bumped revision number for resource 823a9290-4273-4048-afc7-37d6b0a01b36 (type: routers) to 1
2026-08-04 16:39:56.133 10 INFO neutron.wsgi [None req-ea6bf7df-0a78-40d7-a5fd-ef4a9aed3370 24a4631e5ffe476189cffc1d3e00f0a3 b23bbbfd047a49188cb157c8df7e3ef6 - - - -] 10.0.0.167 "POST /v2.0/routers HTTP/1.1" status: 201 len: 690 time: 0.5098438
2026-08-04 16:39:56.136 10 INFO neutron.wsgi [req-ef3e5ecb-d536-4f43-a223-0e7aa9782128 req-09a08d90-e3c8-452a-bedd-d7abffab7e9c b13fe8f6226246959105a34c536e0a4d 3469255b6d514984ba92b742515a68d4 - - default default] 10.0.0.245 "GET /v2.0/security-groups?id=7db03cce-3095-4199-9308-0243cf428489&fields=id&fields=name HTTP/1.1" status: 200 len: 312 time: 0.0353291
2026-08-04 16:39:56.176 9 INFO neutron.notifiers.nova [-] Nova event matching ['req-45181a48-db67-41ba-a3b5-508397d48b97'] response: {'server_uuid': '2f50cd5d-95b4-4dc8-ae63-6fde5662ca95', 'name': 'network-vif-plugged', 'status': 'completed', 'tag': '320f554c-cfb6-4135-8036-a394fc7e1944', 'code': 200}
2026-08-04 16:39:56.178 9 INFO neutron.notifiers.nova [-] Nova event matching ['req-45181a48-db67-41ba-a3b5-508397d48b97'] response: {'server_uuid': '2f50cd5d-95b4-4dc8-ae63-6fde5662ca95', 'name': 'network-vif-plugged', 'status': 'completed', 'tag': '320f554c-cfb6-4135-8036-a394fc7e1944', 'code': 200}
2026-08-04 16:39:56.676 10 WARNING neutron.scheduler.dhcp_agent_scheduler [None req-8d3fee9c-ee85-4ecf-977c-d6897c632728 24a4631e5ffe476189cffc1d3e00f0a3 b23bbbfd047a49188cb157c8df7e3ef6 - - default default] No more DHCP agents
2026-08-04 16:39:56.680 10 WARNING neutron.api.rpc.agentnotifiers.dhcp_rpc_agent_api [None req-8d3fee9c-ee85-4ecf-977c-d6897c632728 24a4631e5ffe476189cffc1d3e00f0a3 b23bbbfd047a49188cb157c8df7e3ef6 - - default default] Unable to schedule network e47f72f5-4969-4101-a0cf-6f153b98405f: no agents available; will retry on subsequent port and subnet creation events.
2026-08-04 16:39:56.787 10 INFO neutron.db.ovn_revision_numbers_db [None req-8d3fee9c-ee85-4ecf-977c-d6897c632728 24a4631e5ffe476189cffc1d3e00f0a3 b23bbbfd047a49188cb157c8df7e3ef6 - - default default] Successfully bumped revision number for resource b19926bc-dd1a-4afb-ad40-dd0adc275d76 (type: ports) to 1
2026-08-04 16:39:57.243 10 INFO neutron.plugins.ml2.drivers.ovn.mech_driver.mech_driver [None req-7c6bcefe-38c6-4de3-97a5-15c8a5274d3d - - - - - -] OVN reports status up for port: b19926bc-dd1a-4afb-ad40-dd0adc275d76
2026-08-04 16:39:57.252 10 INFO neutron.db.ovn_revision_numbers_db [None req-8d3fee9c-ee85-4ecf-977c-d6897c632728 24a4631e5ffe476189cffc1d3e00f0a3 b23bbbfd047a49188cb157c8df7e3ef6 - - default default] Successfully bumped revision number for resource b19926bc-dd1a-4afb-ad40-dd0adc275d76 (type: router_ports) to 2
2026-08-04 16:39:57.257 10 INFO neutron.wsgi [req-11c433d1-1bc3-4e74-b18f-f3194cc81b4b req-4d0e4928-4ebb-43a0-bd8e-e9695c92541d b13fe8f6226246959105a34c536e0a4d 3469255b6d514984ba92b742515a68d4 - - default default] 10.0.0.245 "GET /v2.0/ports?device_id=2f50cd5d-95b4-4dc8-ae63-6fde5662ca95 HTTP/1.1" status: 200 len: 1170 time: 0.0486517
2026-08-04 16:39:57.258 10 INFO neutron.plugins.ml2.plugin [None req-7c6bcefe-38c6-4de3-97a5-15c8a5274d3d - - - - - -] Attempt 1 to provision port b19926bc-dd1a-4afb-ad40-dd0adc275d76
2026-08-04 16:39:57.323 10 INFO neutron.wsgi [req-11c433d1-1bc3-4e74-b18f-f3194cc81b4b req-178c2c27-2b83-434d-9cdc-a1cba5756a00 b13fe8f6226246959105a34c536e0a4d 3469255b6d514984ba92b742515a68d4 - - default default] 10.0.0.245 "GET /v2.0/security-groups?id=7db03cce-3095-4199-9308-0243cf428489&fields=id&fields=name HTTP/1.1" status: 200 len: 312 time: 0.0565851
2026-08-04 16:39:57.391 10 INFO neutron.db.ovn_revision_numbers_db [None req-8d3fee9c-ee85-4ecf-977c-d6897c632728 24a4631e5ffe476189cffc1d3e00f0a3 b23bbbfd047a49188cb157c8df7e3ef6 - - default default] Successfully bumped revision number for resource b19926bc-dd1a-4afb-ad40-dd0adc275d76 (type: ports) to 2 /var/lib/openstack/lib/python3.10/site-packages/pycadf/identifier.py:71: UserWarning: Invalid uuid: neutron. To ensure interoperability, identifiers should be a valid uuid. warnings.warn(('Invalid uuid: %s. To ensure interoperability, '
2026-08-04 16:39:57.446 9 INFO neutron.wsgi [req-a7e06ac7-040b-4a4f-87e4-2d8ca74cde1f req-76adc33c-fb01-40e5-99f8-9c798b142600 b13fe8f6226246959105a34c536e0a4d 3469255b6d514984ba92b742515a68d4 - - default default] 10.0.0.245 "GET /v2.0/ports?device_id=2f50cd5d-95b4-4dc8-ae63-6fde5662ca95 HTTP/1.1" status: 200 len: 1170 time: 0.0487111
2026-08-04 16:39:57.475 10 INFO neutron.wsgi [-] 10.0.0.139 "GET / HTTP/1.1" status: 200 len: 247 time: 0.0015926
2026-08-04 16:39:57.477 10 INFO neutron.wsgi [-] 10.0.0.139 "GET / HTTP/1.1" status: 200 len: 247 time: 0.0009263
2026-08-04 16:39:57.516 9 INFO neutron.wsgi [req-a7e06ac7-040b-4a4f-87e4-2d8ca74cde1f req-6129c860-b8a6-4f52-90e8-cb7aed74eac4 b13fe8f6226246959105a34c536e0a4d 3469255b6d514984ba92b742515a68d4 - - default default] 10.0.0.245 "GET /v2.0/security-groups?id=7db03cce-3095-4199-9308-0243cf428489&fields=id&fields=name HTTP/1.1" status: 200 len: 312 time: 0.0562177
2026-08-04 16:39:57.546 10 WARNING neutron.scheduler.dhcp_agent_scheduler [None req-8d3fee9c-ee85-4ecf-977c-d6897c632728 24a4631e5ffe476189cffc1d3e00f0a3 b23bbbfd047a49188cb157c8df7e3ef6 - - default default] No more DHCP agents
2026-08-04 16:39:57.548 10 WARNING neutron.api.rpc.agentnotifiers.dhcp_rpc_agent_api [None req-8d3fee9c-ee85-4ecf-977c-d6897c632728 24a4631e5ffe476189cffc1d3e00f0a3 b23bbbfd047a49188cb157c8df7e3ef6 - - default default] Unable to schedule network e47f72f5-4969-4101-a0cf-6f153b98405f: no agents available; will retry on subsequent port and subnet creation events.
2026-08-04 16:39:57.601 9 INFO neutron.wsgi [None req-e247a403-93a7-4f30-a536-f0e4e4481ff3 f8354e8623ac4c58b35319619a9e283b 7922a524001c46cb919e67ea0ebcc654 - - default default] 10.0.0.167 "GET /v2.0/ports?device_id=2f50cd5d-95b4-4dc8-ae63-6fde5662ca95 HTTP/1.1" status: 200 len: 1356 time: 0.0559490
2026-08-04 16:39:57.642 10 INFO neutron.db.ovn_revision_numbers_db [None req-7c6bcefe-38c6-4de3-97a5-15c8a5274d3d - - - - - -] Successfully bumped revision number for resource b19926bc-dd1a-4afb-ad40-dd0adc275d76 (type: ports) to 3
2026-08-04 16:39:57.783 9 INFO neutron.db.ovn_revision_numbers_db [None req-05768168-5243-4160-93f7-ef399bc8f189 d5867e2ccba9447db1c50aa0b7871135 6ec4ecb5933647d1accc41abf0065313 - - - -] Successfully bumped revision number for resource 2663d5fa-306d-45c6-9246-945a08464225 (type: security_groups) to 1
2026-08-04 16:39:57.793 10 INFO neutron.db.ovn_revision_numbers_db [None req-8d3fee9c-ee85-4ecf-977c-d6897c632728 24a4631e5ffe476189cffc1d3e00f0a3 b23bbbfd047a49188cb157c8df7e3ef6 - - - -] Successfully bumped revision number for resource b19926bc-dd1a-4afb-ad40-dd0adc275d76 (type: router_ports) to 3
2026-08-04 16:39:57.796 10 INFO neutron.wsgi [None req-8d3fee9c-ee85-4ecf-977c-d6897c632728 24a4631e5ffe476189cffc1d3e00f0a3 b23bbbfd047a49188cb157c8df7e3ef6 - - - -] 10.0.0.167 "PUT /v2.0/routers/823a9290-4273-4048-afc7-37d6b0a01b36/add_router_interface HTTP/1.1" status: 200 len: 503 time: 1.6496801
2026-08-04 16:39:57.846 9 INFO neutron.db.segments_db [None req-05768168-5243-4160-93f7-ef399bc8f189 d5867e2ccba9447db1c50aa0b7871135 6ec4ecb5933647d1accc41abf0065313 - - - -] Added segment faba31e2-9e82-4a66-b6f3-bc27d9d469af of type geneve for network 7ab91807-5402-422c-9f41-e7ffd8110bb4
2026-08-04 16:39:57.886 10 INFO neutron.wsgi [None req-ae75cc01-04d5-4e7f-8cce-98deb29b1909 24a4631e5ffe476189cffc1d3e00f0a3 b23bbbfd047a49188cb157c8df7e3ef6 - - default default] 10.0.0.167 "GET /v2.0/ports/b19926bc-dd1a-4afb-ad40-dd0adc275d76 HTTP/1.1" status: 200 len: 1141 time: 0.0851858
2026-08-04 16:39:57.932 9 INFO neutron.db.l3_db [None req-e09be76d-176f-421a-a329-b0087438ee08 b13fe8f6226246959105a34c536e0a4d 3469255b6d514984ba92b742515a68d4 - - - -] Floating IP f7df17b6-e5c1-4107-ab8a-5a5af0e480b9 associated. External IP: 10.96.250.209, port: 320f554c-cfb6-4135-8036-a394fc7e1944.
2026-08-04 16:39:58.062 9 INFO neutron.db.ovn_revision_numbers_db [None req-05768168-5243-4160-93f7-ef399bc8f189 d5867e2ccba9447db1c50aa0b7871135 6ec4ecb5933647d1accc41abf0065313 - - - -] Successfully bumped revision number for resource 7ab91807-5402-422c-9f41-e7ffd8110bb4 (type: networks) to 1
2026-08-04 16:39:58.369 10 WARNING neutron.scheduler.dhcp_agent_scheduler [None req-3ec6f28c-672b-4d93-ac75-2822efba7051 24a4631e5ffe476189cffc1d3e00f0a3 b23bbbfd047a49188cb157c8df7e3ef6 - - default default] No more DHCP agents
2026-08-04 16:39:58.371 10 WARNING neutron.api.rpc.agentnotifiers.dhcp_rpc_agent_api [None req-3ec6f28c-672b-4d93-ac75-2822efba7051 24a4631e5ffe476189cffc1d3e00f0a3 b23bbbfd047a49188cb157c8df7e3ef6 - - default default] Unable to schedule network 8c8bbd60-05d1-42f6-8005-3505f1a7b2c8: no agents available; will retry on subsequent port and subnet creation events.
2026-08-04 16:39:58.479 10 INFO neutron.db.ovn_revision_numbers_db [None req-3ec6f28c-672b-4d93-ac75-2822efba7051 24a4631e5ffe476189cffc1d3e00f0a3 b23bbbfd047a49188cb157c8df7e3ef6 - - default default] Successfully bumped revision number for resource 37e57903-b094-42ac-9704-0b2319395e34 (type: ports) to 1
2026-08-04 16:39:58.661 9 INFO neutron.db.ovn_revision_numbers_db [None req-e09be76d-176f-421a-a329-b0087438ee08 b13fe8f6226246959105a34c536e0a4d 3469255b6d514984ba92b742515a68d4 - - - -] Successfully bumped revision number for resource f7df17b6-e5c1-4107-ab8a-5a5af0e480b9 (type: floatingips) to 4
2026-08-04 16:39:58.713 9 WARNING neutron.scheduler.dhcp_agent_scheduler [None req-05768168-5243-4160-93f7-ef399bc8f189 d5867e2ccba9447db1c50aa0b7871135 6ec4ecb5933647d1accc41abf0065313 - - - -] No more DHCP agents
2026-08-04 16:39:58.719 9 WARNING neutron.api.rpc.agentnotifiers.dhcp_rpc_agent_api [None req-05768168-5243-4160-93f7-ef399bc8f189 d5867e2ccba9447db1c50aa0b7871135 6ec4ecb5933647d1accc41abf0065313 - - - -] Unable to schedule network 7ab91807-5402-422c-9f41-e7ffd8110bb4: no agents available; will retry on subsequent port and subnet creation events.
2026-08-04 16:39:58.764 9 WARNING neutron.scheduler.dhcp_agent_scheduler [None req-4991b35f-02fd-4e1b-b432-ae13687de5f1 ad8aab60cb554c88adfae811d1d72ff2 20e66de933b948dab554543a025be6bf - - - -] No more DHCP agents
2026-08-04 16:39:58.767 9 WARNING neutron.api.rpc.agentnotifiers.dhcp_rpc_agent_api [None req-4991b35f-02fd-4e1b-b432-ae13687de5f1 ad8aab60cb554c88adfae811d1d72ff2 20e66de933b948dab554543a025be6bf - - - -] Unable to schedule network 61d1bb28-b8fd-4ce2-9fb9-c853b9ebe6f7: no agents available; will retry on subsequent port and subnet creation events.
2026-08-04 16:39:58.847 9 INFO neutron.db.ovn_revision_numbers_db [None req-05768168-5243-4160-93f7-ef399bc8f189 d5867e2ccba9447db1c50aa0b7871135 6ec4ecb5933647d1accc41abf0065313 - - - -] Successfully bumped revision number for resource 9c6c5375-75d5-4594-901d-3054eac038f8 (type: ports) to 1
2026-08-04 16:39:58.867 9 INFO neutron.db.ovn_revision_numbers_db [None req-e09be76d-176f-421a-a329-b0087438ee08 b13fe8f6226246959105a34c536e0a4d 3469255b6d514984ba92b742515a68d4 - - - -] Successfully bumped revision number for resource f7df17b6-e5c1-4107-ab8a-5a5af0e480b9 (type: floatingips) to 5
2026-08-04 16:39:58.884 9 INFO neutron.wsgi [None req-05768168-5243-4160-93f7-ef399bc8f189 d5867e2ccba9447db1c50aa0b7871135 6ec4ecb5933647d1accc41abf0065313 - - - -] 10.0.0.167 "POST /v2.0/networks HTTP/1.1" status: 201 len: 943 time: 1.5833113
2026-08-04 16:39:58.894 9 INFO neutron.wsgi [None req-e09be76d-176f-421a-a329-b0087438ee08 b13fe8f6226246959105a34c536e0a4d 3469255b6d514984ba92b742515a68d4 - - - -] 10.0.0.167 "PUT /v2.0/floatingips/f7df17b6-e5c1-4107-ab8a-5a5af0e480b9 HTTP/1.1" status: 200 len: 1049 time: 1.2823532 /var/lib/openstack/lib/python3.10/site-packages/pycadf/identifier.py:71: UserWarning: Invalid uuid: neutron. To ensure interoperability, identifiers should be a valid uuid. warnings.warn(('Invalid uuid: %s. To ensure interoperability, '
2026-08-04 16:39:58.942 9 INFO neutron.notifiers.nova [-] Nova event matching ['req-62979bfc-f648-4d6e-b893-b629af234c53'] response: {'name': 'network-changed', 'server_uuid': '2f50cd5d-95b4-4dc8-ae63-6fde5662ca95', 'tag': '320f554c-cfb6-4135-8036-a394fc7e1944', 'status': 'completed', 'code': 200}
2026-08-04 16:39:58.977 9 INFO neutron.wsgi [None req-cc262e3a-3638-4e6d-9d43-29ebc1c6fc1e b13fe8f6226246959105a34c536e0a4d 3469255b6d514984ba92b742515a68d4 - - default default] 10.0.0.167 "GET /v2.0/floatingips/f7df17b6-e5c1-4107-ab8a-5a5af0e480b9 HTTP/1.1" status: 200 len: 1051 time: 0.0647812
2026-08-04 16:39:58.991 9 INFO neutron.wsgi [req-7be6f577-45f3-4ccd-98b2-d53c46e1fdae req-85840758-94c2-4857-8783-a5b6bb1c5989 3b097d311a4a4c638583644899515cab 4c787b13fdd14d349750e6d5144fb437 - - 5542a1e84d6847768ce2ec334b584dc7 5542a1e84d6847768ce2ec334b584dc7] 199.19.213.137 "GET /v2.0/ports?tenant_id=3469255b6d514984ba92b742515a68d4&device_id=2f50cd5d-95b4-4dc8-ae63-6fde5662ca95 HTTP/1.1" status: 200 len: 1361 time: 0.0442369
2026-08-04 16:39:59.078 9 INFO neutron.wsgi [req-7be6f577-45f3-4ccd-98b2-d53c46e1fdae req-b330f094-b92e-4006-898e-cac5c48f8ed5 3b097d311a4a4c638583644899515cab 4c787b13fdd14d349750e6d5144fb437 - - 5542a1e84d6847768ce2ec334b584dc7 5542a1e84d6847768ce2ec334b584dc7] 199.19.213.137 "GET /v2.0/networks?id=601353a9-6921-4d00-9d21-818aee7513e6 HTTP/1.1" status: 200 len: 958 time: 0.0802081
2026-08-04 16:39:59.141 9 INFO neutron.wsgi [req-7be6f577-45f3-4ccd-98b2-d53c46e1fdae req-d0f73c03-094a-43f0-a49f-b4d084125ae0 3b097d311a4a4c638583644899515cab 4c787b13fdd14d349750e6d5144fb437 - - 5542a1e84d6847768ce2ec334b584dc7 5542a1e84d6847768ce2ec334b584dc7] 199.19.213.137 "GET /v2.0/floatingips?fixed_ip_address=10.100.0.6&port_id=320f554c-cfb6-4135-8036-a394fc7e1944 HTTP/1.1" status: 200 len: 1059 time: 0.0551102
2026-08-04 16:39:59.198 9 INFO neutron.wsgi [req-7be6f577-45f3-4ccd-98b2-d53c46e1fdae req-1f7da089-0700-4b1a-b963-3741ea71b5c0 3b097d311a4a4c638583644899515cab 4c787b13fdd14d349750e6d5144fb437 - - 5542a1e84d6847768ce2ec334b584dc7 5542a1e84d6847768ce2ec334b584dc7] 199.19.213.137 "GET /v2.0/subnets?id=563f4110-3213-45d0-88e7-506754260e8b HTTP/1.1" status: 200 len: 852 time: 0.0483079
2026-08-04 16:39:59.237 9 INFO neutron.wsgi [req-7be6f577-45f3-4ccd-98b2-d53c46e1fdae req-689d3c6f-5727-42a1-adb9-1edab2b17240 3b097d311a4a4c638583644899515cab 4c787b13fdd14d349750e6d5144fb437 - - 5542a1e84d6847768ce2ec334b584dc7 5542a1e84d6847768ce2ec334b584dc7] 199.19.213.137 "GET /v2.0/ports?network_id=601353a9-6921-4d00-9d21-818aee7513e6&device_owner=network%3Adhcp HTTP/1.1" status: 200 len: 210 time: 0.0335152
2026-08-04 16:39:59.242 9 INFO neutron.plugins.ml2.drivers.ovn.mech_driver.mech_driver [None req-bf202515-1b3a-4823-9d5f-3cd274afef13 - - - - - -] OVN reports status up for port: 37e57903-b094-42ac-9704-0b2319395e34
2026-08-04 16:39:59.251 10 INFO neutron.db.ovn_revision_numbers_db [None req-3ec6f28c-672b-4d93-ac75-2822efba7051 24a4631e5ffe476189cffc1d3e00f0a3 b23bbbfd047a49188cb157c8df7e3ef6 - - default default] Successfully bumped revision number for resource 37e57903-b094-42ac-9704-0b2319395e34 (type: router_ports) to 2
2026-08-04 16:39:59.267 9 INFO neutron.plugins.ml2.plugin [None req-bf202515-1b3a-4823-9d5f-3cd274afef13 - - - - - -] Attempt 1 to provision port 37e57903-b094-42ac-9704-0b2319395e34
2026-08-04 16:39:59.303 9 INFO neutron.db.ovn_revision_numbers_db [None req-4991b35f-02fd-4e1b-b432-ae13687de5f1 ad8aab60cb554c88adfae811d1d72ff2 20e66de933b948dab554543a025be6bf - - - -] Successfully bumped revision number for resource b170ee50-da30-4c87-b726-ec46df632b72 (type: floatingips) to 0
2026-08-04 16:39:59.325 9 INFO neutron.wsgi [req-7be6f577-45f3-4ccd-98b2-d53c46e1fdae req-9c1c5540-a442-46a5-a98e-a0f77b8ceda5 3b097d311a4a4c638583644899515cab 4c787b13fdd14d349750e6d5144fb437 - - 5542a1e84d6847768ce2ec334b584dc7 5542a1e84d6847768ce2ec334b584dc7] 199.19.213.137 "GET /v2.0/networks/601353a9-6921-4d00-9d21-818aee7513e6?fields=segments HTTP/1.1" status: 200 len: 212 time: 0.0803866
2026-08-04 16:39:59.330 9 INFO neutron.wsgi [None req-4991b35f-02fd-4e1b-b432-ae13687de5f1 ad8aab60cb554c88adfae811d1d72ff2 20e66de933b948dab554543a025be6bf - - - -] 10.0.0.167 "POST /v2.0/floatingips HTTP/1.1" status: 201 len: 751 time: 1.4848127
2026-08-04 16:39:59.364 10 WARNING neutron.scheduler.dhcp_agent_scheduler [None req-ff3aac5c-f839-4308-b6be-54c5efddef59 d5867e2ccba9447db1c50aa0b7871135 6ec4ecb5933647d1accc41abf0065313 - - - -] No more DHCP agents
2026-08-04 16:39:59.368 10 WARNING neutron.api.rpc.agentnotifiers.dhcp_rpc_agent_api [None req-ff3aac5c-f839-4308-b6be-54c5efddef59 d5867e2ccba9447db1c50aa0b7871135 6ec4ecb5933647d1accc41abf0065313 - - - -] Unable to schedule network 7ab91807-5402-422c-9f41-e7ffd8110bb4: no agents available; will retry on subsequent port and subnet creation events.
2026-08-04 16:39:59.406 10 INFO neutron.db.ovn_revision_numbers_db [None req-3ec6f28c-672b-4d93-ac75-2822efba7051 24a4631e5ffe476189cffc1d3e00f0a3 b23bbbfd047a49188cb157c8df7e3ef6 - - default default] Successfully bumped revision number for resource 37e57903-b094-42ac-9704-0b2319395e34 (type: ports) to 2
2026-08-04 16:39:59.418 9 INFO neutron.wsgi [None req-44d88e34-6493-475f-9425-13d91d81edd5 ad8aab60cb554c88adfae811d1d72ff2 20e66de933b948dab554543a025be6bf - - - -] 10.0.0.167 "PUT /v2.0/floatingips/b170ee50-da30-4c87-b726-ec46df632b72/tags HTTP/1.1" status: 200 len: 218 time: 0.0749202
2026-08-04 16:39:59.454 9 INFO neutron.wsgi [req-7be6f577-45f3-4ccd-98b2-d53c46e1fdae req-52dc5d68-bccf-4f02-9025-91ab9e3d70b1 3b097d311a4a4c638583644899515cab 4c787b13fdd14d349750e6d5144fb437 - - 5542a1e84d6847768ce2ec334b584dc7 5542a1e84d6847768ce2ec334b584dc7] 199.19.213.137 "GET /v2.0/networks/601353a9-6921-4d00-9d21-818aee7513e6?fields=provider%3Aphysical_network&fields=provider%3Anetwork_type HTTP/1.1" status: 200 len: 277 time: 0.1213560
2026-08-04 16:39:59.460 9 INFO neutron.wsgi [None req-808a87b4-a684-459e-a2e1-9399ea771477 ad8aab60cb554c88adfae811d1d72ff2 20e66de933b948dab554543a025be6bf - - default default] 10.0.0.167 "GET /v2.0/floatingips/b170ee50-da30-4c87-b726-ec46df632b72/tags HTTP/1.1" status: 200 len: 218 time: 0.0371630
2026-08-04 16:39:59.507 10 WARNING neutron.scheduler.dhcp_agent_scheduler [None req-3ec6f28c-672b-4d93-ac75-2822efba7051 24a4631e5ffe476189cffc1d3e00f0a3 b23bbbfd047a49188cb157c8df7e3ef6 - - default default] No more DHCP agents
2026-08-04 16:39:59.509 10 WARNING neutron.api.rpc.agentnotifiers.dhcp_rpc_agent_api [None req-3ec6f28c-672b-4d93-ac75-2822efba7051 24a4631e5ffe476189cffc1d3e00f0a3 b23bbbfd047a49188cb157c8df7e3ef6 - - default default] Unable to schedule network 8c8bbd60-05d1-42f6-8005-3505f1a7b2c8: no agents available; will retry on subsequent port and subnet creation events.
2026-08-04 16:39:59.528 9 INFO neutron.wsgi [None req-c09b5363-1d62-4565-8883-cbe5ca160c8d ad8aab60cb554c88adfae811d1d72ff2 20e66de933b948dab554543a025be6bf - - - -] 10.0.0.167 "PUT /v2.0/floatingips/b170ee50-da30-4c87-b726-ec46df632b72/tags/green HTTP/1.1" status: 201 len: 201 time: 0.0628452
2026-08-04 16:39:59.565 9 INFO neutron.wsgi [None req-2499938a-a143-4ec7-b6b7-514506969c27 ad8aab60cb554c88adfae811d1d72ff2 20e66de933b948dab554543a025be6bf - - default default] 10.0.0.167 "GET /v2.0/floatingips/b170ee50-da30-4c87-b726-ec46df632b72/tags HTTP/1.1" status: 200 len: 227 time: 0.0297093
2026-08-04 16:39:59.637 10 INFO neutron.wsgi [None req-70e95ef2-809c-4846-b92c-8572f78b7bfb ad8aab60cb554c88adfae811d1d72ff2 20e66de933b948dab554543a025be6bf - - - -] 10.0.0.167 "PUT /v2.0/floatingips/b170ee50-da30-4c87-b726-ec46df632b72/tags/red HTTP/1.1" status: 201 len: 201 time: 0.0641022
2026-08-04 16:39:59.676 9 INFO neutron.db.ovn_revision_numbers_db [None req-bf202515-1b3a-4823-9d5f-3cd274afef13 - - - - - -] Successfully bumped revision number for resource 37e57903-b094-42ac-9704-0b2319395e34 (type: ports) to 3
2026-08-04 16:39:59.683 10 INFO neutron.wsgi [None req-ba35bcd5-e6f7-46d1-916e-0ba367dd2e97 ad8aab60cb554c88adfae811d1d72ff2 20e66de933b948dab554543a025be6bf - - default default] 10.0.0.167 "GET /v2.0/floatingips/b170ee50-da30-4c87-b726-ec46df632b72/tags HTTP/1.1" status: 200 len: 227 time: 0.0401585
2026-08-04 16:39:59.750 9 INFO neutron.wsgi [None req-1b287a6d-d9fe-4555-98d0-5f9ba994ecf9 ad8aab60cb554c88adfae811d1d72ff2 20e66de933b948dab554543a025be6bf - - - -] 10.0.0.167 "PUT /v2.0/floatingips/b170ee50-da30-4c87-b726-ec46df632b72/tags/black.or.white HTTP/1.1" status: 201 len: 201 time: 0.0618973
2026-08-04 16:39:59.792 10 INFO neutron.wsgi [None req-a32a0747-4b6d-42c4-a111-36ade1ae36b4 ad8aab60cb554c88adfae811d1d72ff2 20e66de933b948dab554543a025be6bf - - default default] 10.0.0.167 "GET /v2.0/floatingips/b170ee50-da30-4c87-b726-ec46df632b72/tags HTTP/1.1" status: 200 len: 245 time: 0.0360088
2026-08-04 16:39:59.813 9 INFO neutron.db.ovn_revision_numbers_db [None req-bf202515-1b3a-4823-9d5f-3cd274afef13 - - - - - -] Successfully bumped revision number for resource 37e57903-b094-42ac-9704-0b2319395e34 (type: router_ports) to 3
2026-08-04 16:39:59.828 10 INFO neutron.db.ovn_revision_numbers_db [None req-3ec6f28c-672b-4d93-ac75-2822efba7051 24a4631e5ffe476189cffc1d3e00f0a3 b23bbbfd047a49188cb157c8df7e3ef6 - - - -] Successfully bumped revision number for resource 37e57903-b094-42ac-9704-0b2319395e34 (type: router_ports) to 3
2026-08-04 16:39:59.830 10 INFO neutron.wsgi [None req-3ec6f28c-672b-4d93-ac75-2822efba7051 24a4631e5ffe476189cffc1d3e00f0a3 b23bbbfd047a49188cb157c8df7e3ef6 - - - -] 10.0.0.167 "PUT /v2.0/routers/823a9290-4273-4048-afc7-37d6b0a01b36/add_router_interface HTTP/1.1" status: 200 len: 503 time: 1.9375019
2026-08-04 16:39:59.857 9 INFO neutron.wsgi [None req-5bba61eb-8528-4c19-bf67-63d8f5bad6a5 ad8aab60cb554c88adfae811d1d72ff2 20e66de933b948dab554543a025be6bf - - - -] 10.0.0.167 "PUT /v2.0/floatingips/b170ee50-da30-4c87-b726-ec46df632b72/tags HTTP/1.1" status: 200 len: 230 time: 0.0528209
2026-08-04 16:39:59.884 10 INFO neutron.wsgi [None req-97f4d522-e4a8-49b2-8f00-1577bf6ffaa7 24a4631e5ffe476189cffc1d3e00f0a3 b23bbbfd047a49188cb157c8df7e3ef6 - - default default] 10.0.0.167 "GET /v2.0/ports/37e57903-b094-42ac-9704-0b2319395e34 HTTP/1.1" status: 200 len: 1149 time: 0.0444467
2026-08-04 16:39:59.904 9 INFO neutron.wsgi [None req-66e86702-556f-4a56-bad6-803b46eb1580 ad8aab60cb554c88adfae811d1d72ff2 20e66de933b948dab554543a025be6bf - - default default] 10.0.0.167 "GET /v2.0/floatingips/b170ee50-da30-4c87-b726-ec46df632b72/tags HTTP/1.1" status: 200 len: 230 time: 0.0394592
2026-08-04 16:39:59.944 10 INFO neutron.wsgi [None req-5af8a5e8-87dd-4159-9d2a-61a94a010f0b ad8aab60cb554c88adfae811d1d72ff2 20e66de933b948dab554543a025be6bf - - default default] 10.0.0.167 "GET /v2.0/floatingips/b170ee50-da30-4c87-b726-ec46df632b72/tags/red HTTP/1.1" status: 204 len: 168 time: 0.0347314
2026-08-04 16:39:59.979 9 INFO neutron.wsgi [None req-f944d700-c5c6-41e9-a852-edb7289efb21 24a4631e5ffe476189cffc1d3e00f0a3 b23bbbfd047a49188cb157c8df7e3ef6 - - default default] 10.0.0.167 "GET /v2.0/ports/37e57903-b094-42ac-9704-0b2319395e34 HTTP/1.1" status: 200 len: 1149 time: 0.0883181
2026-08-04 16:39:59.999 10 INFO neutron.api.v2.resource [None req-c206815a-fa17-4c3f-8c1b-60a19ba3ae3e ad8aab60cb554c88adfae811d1d72ff2 20e66de933b948dab554543a025be6bf - - default default] show failed (client error): The resource could not be found.
2026-08-04 16:40:00.001 10 INFO neutron.wsgi [None req-c206815a-fa17-4c3f-8c1b-60a19ba3ae3e ad8aab60cb554c88adfae811d1d72ff2 20e66de933b948dab554543a025be6bf - - default default] 10.0.0.167 "GET /v2.0/floatingips/b170ee50-da30-4c87-b726-ec46df632b72/tags/green HTTP/1.1" status: 404 len: 299 time: 0.0520239
2026-08-04 16:40:00.065 10 INFO neutron.wsgi [None req-3a395a3f-04f4-4164-bba4-261150a46993 ad8aab60cb554c88adfae811d1d72ff2 20e66de933b948dab554543a025be6bf - - - -] 10.0.0.167 "DELETE /v2.0/floatingips/b170ee50-da30-4c87-b726-ec46df632b72/tags/red HTTP/1.1" status: 204 len: 168 time: 0.0527146
2026-08-04 16:40:00.124 10 INFO neutron.wsgi [None req-1b731958-c737-4a8f-b814-e877dd1da586 ad8aab60cb554c88adfae811d1d72ff2 20e66de933b948dab554543a025be6bf - - default default] 10.0.0.167 "GET /v2.0/floatingips/b170ee50-da30-4c87-b726-ec46df632b72/tags HTTP/1.1" status: 200 len: 223 time: 0.0507152
2026-08-04 16:40:00.193 10 INFO neutron.db.ovn_revision_numbers_db [None req-ff3aac5c-f839-4308-b6be-54c5efddef59 d5867e2ccba9447db1c50aa0b7871135 6ec4ecb5933647d1accc41abf0065313 - - - -] Successfully bumped revision number for resource 9c6c5375-75d5-4594-901d-3054eac038f8 (type: ports) to 2
