2026-08-04 16:38:31.327 9 INFO neutron.db.ovn_revision_numbers_db [None req-30f422d8-be54-4dc4-b573-1e31daa43e0c - - - - - -] Successfully bumped revision number for resource 7c907bcd-cc0a-472f-9bf8-c050e19668fe (type: router_ports) to 4
2026-08-04 16:38:31.452 10 INFO neutron.db.ovn_revision_numbers_db [None req-33509e9a-4f02-4310-b9ba-ddc475d24987 d5867e2ccba9447db1c50aa0b7871135 6ec4ecb5933647d1accc41abf0065313 - - default default] Successfully bumped revision number for resource 4988010d-1255-4882-8a26-d76d1d049996 (type: ports) to 2 /var/lib/openstack/lib/python3.10/site-packages/pycadf/identifier.py:71: UserWarning: Invalid uuid: neutron. To ensure interoperability, identifiers should be a valid uuid. warnings.warn(('Invalid uuid: %s. To ensure interoperability, '
2026-08-04 16:38:31.529 10 INFO neutron.notifiers.nova [-] Nova event matching ['req-fd78c027-7d41-4d7b-848b-d6ab03a2095c'] response: {'server_uuid': '9891abb1-188f-4b68-91af-5b7998b5233e', 'name': 'network-vif-unplugged', 'status': 'completed', 'tag': '15007a02-83f5-424b-89ce-7fe29fa38b28', 'code': 200}
2026-08-04 16:38:31.529 10 INFO neutron.notifiers.nova [-] Nova event matching ['req-fd78c027-7d41-4d7b-848b-d6ab03a2095c'] response: {'server_uuid': '9891abb1-188f-4b68-91af-5b7998b5233e', 'name': 'network-vif-plugged', 'status': 'completed', 'tag': '15007a02-83f5-424b-89ce-7fe29fa38b28', 'code': 200}
2026-08-04 16:38:31.541 10 WARNING neutron.scheduler.dhcp_agent_scheduler [None req-33509e9a-4f02-4310-b9ba-ddc475d24987 d5867e2ccba9447db1c50aa0b7871135 6ec4ecb5933647d1accc41abf0065313 - - default default] No more DHCP agents
2026-08-04 16:38:31.544 10 WARNING neutron.api.rpc.agentnotifiers.dhcp_rpc_agent_api [None req-33509e9a-4f02-4310-b9ba-ddc475d24987 d5867e2ccba9447db1c50aa0b7871135 6ec4ecb5933647d1accc41abf0065313 - - default default] Unable to schedule network 6ea10296-9df5-450d-89db-3cfa64c79386: no agents available; will retry on subsequent port and subnet creation events.
2026-08-04 16:38:31.689 9 INFO neutron.db.ovn_revision_numbers_db [None req-bf202515-1b3a-4823-9d5f-3cd274afef13 - - - - - -] Successfully bumped revision number for resource 4988010d-1255-4882-8a26-d76d1d049996 (type: ports) to 3
2026-08-04 16:38:31.723 9 INFO neutron.db.ovn_revision_numbers_db [None req-251840ce-2c2c-47be-8dea-385ef42e8641 913509f3a301450081bb1fd7d8200e19 d019b11a8ee94161ac0e3b178651cbc2 - - - -] Successfully bumped revision number for resource c6fc453d-a384-47ad-98d4-38771fa2c7fb (type: security_groups) to 1
2026-08-04 16:38:32.009 9 INFO neutron.db.segments_db [None req-251840ce-2c2c-47be-8dea-385ef42e8641 913509f3a301450081bb1fd7d8200e19 d019b11a8ee94161ac0e3b178651cbc2 - - - -] Added segment aabd7e1a-c4e6-45ce-904c-45b7e67c6a54 of type geneve for network 1fbb3d10-3cdd-49d2-b5f7-c19aa40f85f3
2026-08-04 16:38:32.034 10 INFO neutron.wsgi [None req-1b0fd5f0-e4fd-4078-8463-5be883873499 668dbe9196c54932afd5d25c0c1ef9ae 7b639e4be09b4574837b22570283c71f - - - -] 10.0.0.167 "DELETE /v2.0/security-groups/8d6f000c-6c79-4ba9-b515-7617b7f08e8e HTTP/1.1" status: 204 len: 168 time: 0.2253072
2026-08-04 16:38:32.056 10 INFO neutron.api.v2.resource [None req-3b040c06-9f8d-438e-a794-d9e14bae8dee 668dbe9196c54932afd5d25c0c1ef9ae 7b639e4be09b4574837b22570283c71f - - default default] show failed (client error): The resource could not be found.
2026-08-04 16:38:32.057 10 INFO neutron.wsgi [None req-3b040c06-9f8d-438e-a794-d9e14bae8dee 668dbe9196c54932afd5d25c0c1ef9ae 7b639e4be09b4574837b22570283c71f - - default default] 10.0.0.167 "GET /v2.0/security-groups/8d6f000c-6c79-4ba9-b515-7617b7f08e8e HTTP/1.1" status: 404 len: 347 time: 0.0176737
2026-08-04 16:38:32.107 9 INFO neutron.db.ovn_revision_numbers_db [None req-bf202515-1b3a-4823-9d5f-3cd274afef13 - - - - - -] Successfully bumped revision number for resource 4988010d-1255-4882-8a26-d76d1d049996 (type: router_ports) to 3
2026-08-04 16:38:32.157 10 INFO neutron.db.ovn_revision_numbers_db [None req-33509e9a-4f02-4310-b9ba-ddc475d24987 d5867e2ccba9447db1c50aa0b7871135 6ec4ecb5933647d1accc41abf0065313 - - - -] Successfully bumped revision number for resource 4988010d-1255-4882-8a26-d76d1d049996 (type: router_ports) to 3
2026-08-04 16:38:32.161 10 INFO neutron.wsgi [None req-33509e9a-4f02-4310-b9ba-ddc475d24987 d5867e2ccba9447db1c50aa0b7871135 6ec4ecb5933647d1accc41abf0065313 - - - -] 10.0.0.167 "PUT /v2.0/routers/3850e5d7-f865-42ea-90f1-e27b49433977/add_router_interface HTTP/1.1" status: 200 len: 503 time: 2.7927213
2026-08-04 16:38:32.212 9 INFO neutron.db.ovn_revision_numbers_db [None req-251840ce-2c2c-47be-8dea-385ef42e8641 913509f3a301450081bb1fd7d8200e19 d019b11a8ee94161ac0e3b178651cbc2 - - - -] Successfully bumped revision number for resource 1fbb3d10-3cdd-49d2-b5f7-c19aa40f85f3 (type: networks) to 1
2026-08-04 16:38:32.534 9 WARNING neutron.scheduler.dhcp_agent_scheduler [None req-251840ce-2c2c-47be-8dea-385ef42e8641 913509f3a301450081bb1fd7d8200e19 d019b11a8ee94161ac0e3b178651cbc2 - - - -] No more DHCP agents
2026-08-04 16:38:32.536 9 WARNING neutron.api.rpc.agentnotifiers.dhcp_rpc_agent_api [None req-251840ce-2c2c-47be-8dea-385ef42e8641 913509f3a301450081bb1fd7d8200e19 d019b11a8ee94161ac0e3b178651cbc2 - - - -] Unable to schedule network 1fbb3d10-3cdd-49d2-b5f7-c19aa40f85f3: no agents available; will retry on subsequent port and subnet creation events.
2026-08-04 16:38:32.645 9 INFO neutron.db.ovn_revision_numbers_db [None req-251840ce-2c2c-47be-8dea-385ef42e8641 913509f3a301450081bb1fd7d8200e19 d019b11a8ee94161ac0e3b178651cbc2 - - - -] Successfully bumped revision number for resource a19b993d-d0c0-417a-abc6-3683fd9adf85 (type: ports) to 1
2026-08-04 16:38:32.666 9 INFO neutron.wsgi [None req-251840ce-2c2c-47be-8dea-385ef42e8641 913509f3a301450081bb1fd7d8200e19 d019b11a8ee94161ac0e3b178651cbc2 - - - -] 10.0.0.167 "POST /v2.0/networks HTTP/1.1" status: 201 len: 848 time: 1.3873525
2026-08-04 16:38:32.680 9 INFO neutron.wsgi [None req-a44148d8-78ed-4408-948c-39033859f707 668dbe9196c54932afd5d25c0c1ef9ae 7b639e4be09b4574837b22570283c71f - - - -] 10.0.0.167 "DELETE /v2.0/floatingips/c2ea126b-9518-4cec-97e1-c5bc9cea4077 HTTP/1.1" status: 204 len: 168 time: 0.6176023
2026-08-04 16:38:32.961 9 WARNING neutron.scheduler.dhcp_agent_scheduler [None req-cdf78e13-1a15-4326-9d3b-e48fb2b77e22 913509f3a301450081bb1fd7d8200e19 d019b11a8ee94161ac0e3b178651cbc2 - - - -] No more DHCP agents
2026-08-04 16:38:32.965 9 WARNING neutron.api.rpc.agentnotifiers.dhcp_rpc_agent_api [None req-cdf78e13-1a15-4326-9d3b-e48fb2b77e22 913509f3a301450081bb1fd7d8200e19 d019b11a8ee94161ac0e3b178651cbc2 - - - -] Unable to schedule network 1fbb3d10-3cdd-49d2-b5f7-c19aa40f85f3: no agents available; will retry on subsequent port and subnet creation events.
2026-08-04 16:38:33.036 9 INFO neutron.db.ovn_revision_numbers_db [None req-cdf78e13-1a15-4326-9d3b-e48fb2b77e22 913509f3a301450081bb1fd7d8200e19 d019b11a8ee94161ac0e3b178651cbc2 - - - -] Successfully bumped revision number for resource e24392e8-2c08-4d38-8c0e-cd6364be83ae (type: ports) to 1
2026-08-04 16:38:33.062 9 INFO neutron.wsgi [None req-cdf78e13-1a15-4326-9d3b-e48fb2b77e22 913509f3a301450081bb1fd7d8200e19 d019b11a8ee94161ac0e3b178651cbc2 - - - -] 10.0.0.167 "POST /v2.0/ports HTTP/1.1" status: 201 len: 977 time: 0.3928983
2026-08-04 16:38:33.067 9 INFO neutron.db.ovn_revision_numbers_db [None req-99eeeb50-0987-46cd-a1f8-7c7d93014ed1 3d70c853bf0441eda94a0073c4c304a6 9496cef585474712b155cdba11770a68 - - - -] Successfully bumped revision number for resource f49e4552-ee16-4a5f-8caa-32b44cc0598e (type: security_groups) to 1 /var/lib/openstack/lib/python3.10/site-packages/pycadf/identifier.py:71: UserWarning: Invalid uuid: neutron. To ensure interoperability, identifiers should be a valid uuid. warnings.warn(('Invalid uuid: %s. To ensure interoperability, '
2026-08-04 16:38:33.137 9 INFO neutron.db.segments_db [None req-99eeeb50-0987-46cd-a1f8-7c7d93014ed1 3d70c853bf0441eda94a0073c4c304a6 9496cef585474712b155cdba11770a68 - - - -] Added segment 420a5e32-c47f-4628-a1f9-56897750329f of type geneve for network 4e5eaa46-936e-40c7-b102-59cfa9cbb38b
2026-08-04 16:38:33.148 10 INFO neutron.wsgi [req-5210556c-0f2e-4bdc-8a2f-63c5ed43f0be req-d74b1d68-7335-4d6e-8545-766718a408c2 f6eec6985e5c408f833d88513f5a1aa2 158998f598cb425eae946c0179d57d95 - - default default] 10.0.0.245 "GET /v2.0/networks?id=6ea10296-9df5-450d-89db-3cfa64c79386 HTTP/1.1" status: 200 len: 877 time: 0.0785637
2026-08-04 16:38:33.169 9 INFO neutron.db.segments_db [None req-52815229-ec83-471f-9c29-4a0f92b78018 913509f3a301450081bb1fd7d8200e19 d019b11a8ee94161ac0e3b178651cbc2 - - - -] Added segment f4abaed2-cfda-4011-8abb-877946cb819c of type geneve for network 0f9a947d-4ac8-451c-95cc-f72c09bd69fe
2026-08-04 16:38:33.175 10 INFO neutron.wsgi [req-5210556c-0f2e-4bdc-8a2f-63c5ed43f0be req-f6ebbc9f-67fb-4e68-aa10-47691458c3cb f6eec6985e5c408f833d88513f5a1aa2 158998f598cb425eae946c0179d57d95 - - default default] 10.0.0.245 "GET /v2.0/quotas/158998f598cb425eae946c0179d57d95 HTTP/1.1" status: 200 len: 386 time: 0.0161407
2026-08-04 16:38:33.294 10 INFO neutron.wsgi [req-5210556c-0f2e-4bdc-8a2f-63c5ed43f0be req-7abb447d-6451-43f5-8101-c9bb3835e7fe f6eec6985e5c408f833d88513f5a1aa2 158998f598cb425eae946c0179d57d95 - - default default] 10.0.0.245 "GET /v2.0/ports?tenant_id=158998f598cb425eae946c0179d57d95&fields=id HTTP/1.1" status: 200 len: 302 time: 0.1032877
2026-08-04 16:38:33.315 9 INFO neutron.db.segments_db [None req-99eeeb50-0987-46cd-a1f8-7c7d93014ed1 3d70c853bf0441eda94a0073c4c304a6 9496cef585474712b155cdba11770a68 - - - -] Added segment 94830e35-158d-4615-9e11-a8af5b1d3279 of type geneve for network f9291be1-d6c3-4172-8f36-726a558b1ad2
2026-08-04 16:38:33.320 9 INFO neutron.db.ovn_revision_numbers_db [None req-52815229-ec83-471f-9c29-4a0f92b78018 913509f3a301450081bb1fd7d8200e19 d019b11a8ee94161ac0e3b178651cbc2 - - - -] Successfully bumped revision number for resource 0f9a947d-4ac8-451c-95cc-f72c09bd69fe (type: networks) to 1
2026-08-04 16:38:33.502 9 INFO neutron.db.ovn_revision_numbers_db [None req-99eeeb50-0987-46cd-a1f8-7c7d93014ed1 3d70c853bf0441eda94a0073c4c304a6 9496cef585474712b155cdba11770a68 - - - -] Successfully bumped revision number for resource 4e5eaa46-936e-40c7-b102-59cfa9cbb38b (type: networks) to 1
2026-08-04 16:38:33.584 9 WARNING neutron.scheduler.dhcp_agent_scheduler [None req-52815229-ec83-471f-9c29-4a0f92b78018 913509f3a301450081bb1fd7d8200e19 d019b11a8ee94161ac0e3b178651cbc2 - - - -] No more DHCP agents
2026-08-04 16:38:33.587 9 WARNING neutron.api.rpc.agentnotifiers.dhcp_rpc_agent_api [None req-52815229-ec83-471f-9c29-4a0f92b78018 913509f3a301450081bb1fd7d8200e19 d019b11a8ee94161ac0e3b178651cbc2 - - - -] Unable to schedule network 0f9a947d-4ac8-451c-95cc-f72c09bd69fe: no agents available; will retry on subsequent port and subnet creation events.
2026-08-04 16:38:33.675 9 INFO neutron.db.ovn_revision_numbers_db [None req-52815229-ec83-471f-9c29-4a0f92b78018 913509f3a301450081bb1fd7d8200e19 d019b11a8ee94161ac0e3b178651cbc2 - - - -] Successfully bumped revision number for resource 5c4eee0d-1687-4933-bbcc-33a1e693a8f6 (type: ports) to 1
2026-08-04 16:38:33.695 9 INFO neutron.wsgi [None req-52815229-ec83-471f-9c29-4a0f92b78018 913509f3a301450081bb1fd7d8200e19 d019b11a8ee94161ac0e3b178651cbc2 - - - -] 10.0.0.167 "POST /v2.0/networks HTTP/1.1" status: 201 len: 835 time: 0.6243029
2026-08-04 16:38:33.715 10 INFO neutron.wsgi [req-5210556c-0f2e-4bdc-8a2f-63c5ed43f0be req-b9065e1c-dc17-4b97-940c-5776d3c049c9 3b097d311a4a4c638583644899515cab 4c787b13fdd14d349750e6d5144fb437 - - 5542a1e84d6847768ce2ec334b584dc7 5542a1e84d6847768ce2ec334b584dc7] 10.0.0.245 "GET /v2.0/networks/6ea10296-9df5-450d-89db-3cfa64c79386?fields=segments HTTP/1.1" status: 200 len: 212 time: 0.4115815
2026-08-04 16:38:33.717 9 WARNING neutron.scheduler.dhcp_agent_scheduler [None req-99eeeb50-0987-46cd-a1f8-7c7d93014ed1 3d70c853bf0441eda94a0073c4c304a6 9496cef585474712b155cdba11770a68 - - - -] No more DHCP agents
2026-08-04 16:38:33.719 9 WARNING neutron.api.rpc.agentnotifiers.dhcp_rpc_agent_api [None req-99eeeb50-0987-46cd-a1f8-7c7d93014ed1 3d70c853bf0441eda94a0073c4c304a6 9496cef585474712b155cdba11770a68 - - - -] Unable to schedule network 4e5eaa46-936e-40c7-b102-59cfa9cbb38b: no agents available; will retry on subsequent port and subnet creation events.
2026-08-04 16:38:33.790 9 INFO neutron.db.ovn_revision_numbers_db [None req-99eeeb50-0987-46cd-a1f8-7c7d93014ed1 3d70c853bf0441eda94a0073c4c304a6 9496cef585474712b155cdba11770a68 - - - -] Successfully bumped revision number for resource 1511a2e1-110b-42da-8650-b95510cf6838 (type: ports) to 1
2026-08-04 16:38:33.836 9 INFO neutron.db.ovn_revision_numbers_db [None req-99eeeb50-0987-46cd-a1f8-7c7d93014ed1 3d70c853bf0441eda94a0073c4c304a6 9496cef585474712b155cdba11770a68 - - - -] Successfully bumped revision number for resource f9291be1-d6c3-4172-8f36-726a558b1ad2 (type: networks) to 1
2026-08-04 16:38:33.845 10 INFO neutron.wsgi [req-5210556c-0f2e-4bdc-8a2f-63c5ed43f0be req-4de76014-8f06-4320-98c5-66b6d453af43 3b097d311a4a4c638583644899515cab 4c787b13fdd14d349750e6d5144fb437 - - 5542a1e84d6847768ce2ec334b584dc7 5542a1e84d6847768ce2ec334b584dc7] 10.0.0.245 "GET /v2.0/networks/6ea10296-9df5-450d-89db-3cfa64c79386?fields=provider%3Aphysical_network&fields=provider%3Anetwork_type HTTP/1.1" status: 200 len: 277 time: 0.1216633
2026-08-04 16:38:34.016 9 INFO neutron.wsgi [req-0a7297d0-b41c-46e3-8183-68601bc5da7e req-a19b2f67-79fe-4806-819a-454845e42c1a f6eec6985e5c408f833d88513f5a1aa2 158998f598cb425eae946c0179d57d95 - - default default] 10.0.0.245 "GET /v2.0/ports?device_id=5fbc8a7b-4d18-48ed-8bf4-fc26589a6f46 HTTP/1.1" status: 200 len: 210 time: 0.0285435
2026-08-04 16:38:34.025 9 WARNING neutron.scheduler.dhcp_agent_scheduler [None req-99eeeb50-0987-46cd-a1f8-7c7d93014ed1 3d70c853bf0441eda94a0073c4c304a6 9496cef585474712b155cdba11770a68 - - - -] No more DHCP agents
2026-08-04 16:38:34.027 9 WARNING neutron.api.rpc.agentnotifiers.dhcp_rpc_agent_api [None req-99eeeb50-0987-46cd-a1f8-7c7d93014ed1 3d70c853bf0441eda94a0073c4c304a6 9496cef585474712b155cdba11770a68 - - - -] Unable to schedule network f9291be1-d6c3-4172-8f36-726a558b1ad2: no agents available; will retry on subsequent port and subnet creation events.
2026-08-04 16:38:34.098 9 INFO neutron.db.ovn_revision_numbers_db [None req-99eeeb50-0987-46cd-a1f8-7c7d93014ed1 3d70c853bf0441eda94a0073c4c304a6 9496cef585474712b155cdba11770a68 - - - -] Successfully bumped revision number for resource 568e4b04-0606-413b-8bd9-d7416978a22d (type: ports) to 1
2026-08-04 16:38:34.122 9 INFO neutron.wsgi [None req-99eeeb50-0987-46cd-a1f8-7c7d93014ed1 3d70c853bf0441eda94a0073c4c304a6 9496cef585474712b155cdba11770a68 - - - -] 10.0.0.167 "POST /v2.0/networks HTTP/1.1" status: 201 len: 1445 time: 1.3220854
2026-08-04 16:38:34.130 10 WARNING neutron.scheduler.dhcp_agent_scheduler [None req-75d1b9f8-ece8-41a7-a1f4-9e517ae345f8 913509f3a301450081bb1fd7d8200e19 d019b11a8ee94161ac0e3b178651cbc2 - - - -] No more DHCP agents
2026-08-04 16:38:34.137 10 WARNING neutron.api.rpc.agentnotifiers.dhcp_rpc_agent_api [None req-75d1b9f8-ece8-41a7-a1f4-9e517ae345f8 913509f3a301450081bb1fd7d8200e19 d019b11a8ee94161ac0e3b178651cbc2 - - - -] Unable to schedule network 0f9a947d-4ac8-451c-95cc-f72c09bd69fe: no agents available; will retry on subsequent port and subnet creation events.
2026-08-04 16:38:34.152 10 INFO neutron.db.ovn_revision_numbers_db [None req-75d1b9f8-ece8-41a7-a1f4-9e517ae345f8 913509f3a301450081bb1fd7d8200e19 d019b11a8ee94161ac0e3b178651cbc2 - - - -] Successfully bumped revision number for resource 1a8a10f4-ea21-4f79-bc37-0cfc29dabc1d (type: subnets) to 0
2026-08-04 16:38:34.171 10 INFO neutron.wsgi [None req-75d1b9f8-ece8-41a7-a1f4-9e517ae345f8 913509f3a301450081bb1fd7d8200e19 d019b11a8ee94161ac0e3b178651cbc2 - - - -] 10.0.0.167 "POST /v2.0/subnets HTTP/1.1" status: 201 len: 821 time: 0.4698651
2026-08-04 16:38:34.246 9 INFO neutron.wsgi [None req-c702fa75-2841-4ebe-87c9-53e138d001aa 3d70c853bf0441eda94a0073c4c304a6 9496cef585474712b155cdba11770a68 - - default default] 10.0.0.167 "GET /v2.0/networks HTTP/1.1" status: 200 len: 2051 time: 0.1200438
2026-08-04 16:38:34.361 10 INFO neutron.wsgi [None req-aca6016c-f2a4-4a3f-82b8-42a596b4dd2b d5867e2ccba9447db1c50aa0b7871135 6ec4ecb5933647d1accc41abf0065313 - - - -] 10.0.0.167 "PUT /v2.0/routers/65725af2-57ff-4b65-ac41-9351c4df0802/remove_router_interface HTTP/1.1" status: 200 len: 503 time: 1.6742566 /var/lib/openstack/lib/python3.10/site-packages/pycadf/identifier.py:71: UserWarning: Invalid uuid: neutron. To ensure interoperability, identifiers should be a valid uuid. warnings.warn(('Invalid uuid: %s. To ensure interoperability, '
2026-08-04 16:38:34.755 10 WARNING neutron.scheduler.dhcp_agent_scheduler [None req-0fda3452-0c4a-4825-b792-daa99249cb82 913509f3a301450081bb1fd7d8200e19 d019b11a8ee94161ac0e3b178651cbc2 - - - -] No more DHCP agents
2026-08-04 16:38:34.758 10 WARNING neutron.api.rpc.agentnotifiers.dhcp_rpc_agent_api [None req-0fda3452-0c4a-4825-b792-daa99249cb82 913509f3a301450081bb1fd7d8200e19 d019b11a8ee94161ac0e3b178651cbc2 - - - -] Unable to schedule network 0f9a947d-4ac8-451c-95cc-f72c09bd69fe: no agents available; will retry on subsequent port and subnet creation events.
2026-08-04 16:38:34.858 9 INFO neutron.wsgi [req-5210556c-0f2e-4bdc-8a2f-63c5ed43f0be req-7c60c6c6-0bb4-41d1-9ed7-3578d6278f3a f6eec6985e5c408f833d88513f5a1aa2 158998f598cb425eae946c0179d57d95 - - default default] 199.19.213.137 "GET /v2.0/networks?id=6ea10296-9df5-450d-89db-3cfa64c79386 HTTP/1.1" status: 200 len: 877 time: 0.0975327
2026-08-04 16:38:34.869 10 INFO neutron.db.ovn_revision_numbers_db [None req-0fda3452-0c4a-4825-b792-daa99249cb82 913509f3a301450081bb1fd7d8200e19 d019b11a8ee94161ac0e3b178651cbc2 - - - -] Successfully bumped revision number for resource ca587905-e782-4c20-a367-83843ac44b28 (type: ports) to 1
2026-08-04 16:38:34.908 10 INFO neutron.wsgi [None req-0fda3452-0c4a-4825-b792-daa99249cb82 913509f3a301450081bb1fd7d8200e19 d019b11a8ee94161ac0e3b178651cbc2 - - - -] 10.0.0.167 "POST /v2.0/ports HTTP/1.1" status: 201 len: 1165 time: 0.7279618 /var/lib/openstack/lib/python3.10/site-packages/pycadf/identifier.py:71: UserWarning: Invalid uuid: neutron. To ensure interoperability, identifiers should be a valid uuid. warnings.warn(('Invalid uuid: %s. To ensure interoperability, '
2026-08-04 16:38:34.956 9 INFO neutron.services.segments.plugin [-] Segment 420a5e32-c47f-4628-a1f9-56897750329f resource provider aggregate not found
2026-08-04 16:38:34.961 9 INFO neutron.services.segments.plugin [-] Segment 420a5e32-c47f-4628-a1f9-56897750329f resource provider aggregate not found
2026-08-04 16:38:34.982 9 INFO neutron.services.segments.plugin [-] Segment 420a5e32-c47f-4628-a1f9-56897750329f resource provider not found; error: Placement Client Error (4xx): {"errors": [{"status": 404, "title": "Not Found", "detail": "The resource could not be found.\n\n No resource provider with uuid 420a5e32-c47f-4628-a1f9-56897750329f found for delete ", "request_id": "req-176315d1-09fd-4cec-8c9e-4ba889147a05"}]}
2026-08-04 16:38:34.992 9 INFO neutron.services.segments.plugin [-] Segment 420a5e32-c47f-4628-a1f9-56897750329f resource provider not found; error: Placement Client Error (4xx): {"errors": [{"status": 404, "title": "Not Found", "detail": "The resource could not be found.\n\n No resource provider with uuid 420a5e32-c47f-4628-a1f9-56897750329f found for delete ", "request_id": "req-da5fa1b1-a814-4df4-b735-c8b20a3f6d7b"}]}
2026-08-04 16:38:35.007 9 INFO neutron.wsgi [None req-05b44281-cda2-4418-8653-0b64407aedb0 3d70c853bf0441eda94a0073c4c304a6 9496cef585474712b155cdba11770a68 - - - -] 10.0.0.167 "DELETE /v2.0/networks/4e5eaa46-936e-40c7-b102-59cfa9cbb38b HTTP/1.1" status: 204 len: 168 time: 0.7553716
2026-08-04 16:38:35.158 10 INFO neutron.wsgi [req-5ed53f2a-7f17-4049-b38f-abd468cc21d1 req-21b4c1ff-a930-4d92-a694-c9442b6e0eee f6eec6985e5c408f833d88513f5a1aa2 158998f598cb425eae946c0179d57d95 - - default default] 10.0.0.245 "GET /v2.0/ports?device_id=5fbc8a7b-4d18-48ed-8bf4-fc26589a6f46 HTTP/1.1" status: 200 len: 210 time: 0.0330853
2026-08-04 16:38:35.327 10 INFO neutron.wsgi [None req-27557d2e-c303-4bcf-a727-4a1c15c4d667 913509f3a301450081bb1fd7d8200e19 d019b11a8ee94161ac0e3b178651cbc2 - - - -] 10.0.0.167 "DELETE /v2.0/ports/ca587905-e782-4c20-a367-83843ac44b28 HTTP/1.1" status: 204 len: 168 time: 0.4117563 /var/lib/openstack/lib/python3.10/site-packages/pycadf/identifier.py:71: UserWarning: Invalid uuid: neutron. To ensure interoperability, identifiers should be a valid uuid. warnings.warn(('Invalid uuid: %s. To ensure interoperability, '
2026-08-04 16:38:35.376 10 INFO neutron.wsgi [None req-886b7594-b463-4a31-87ed-d05373dca6e0 d5867e2ccba9447db1c50aa0b7871135 6ec4ecb5933647d1accc41abf0065313 - - - -] 10.0.0.167 "DELETE /v2.0/routers/65725af2-57ff-4b65-ac41-9351c4df0802 HTTP/1.1" status: 204 len: 168 time: 1.0100970
2026-08-04 16:38:35.386 9 INFO neutron.pecan_wsgi.hooks.translation [None req-afbe9648-75a5-4841-9df9-e2c81f956021 913509f3a301450081bb1fd7d8200e19 d019b11a8ee94161ac0e3b178651cbc2 - - - -] DELETE failed (client error): The resource could not be found.
2026-08-04 16:38:35.389 9 INFO neutron.wsgi [None req-afbe9648-75a5-4841-9df9-e2c81f956021 913509f3a301450081bb1fd7d8200e19 d019b11a8ee94161ac0e3b178651cbc2 - - - -] 10.0.0.167 "DELETE /v2.0/ports/ca587905-e782-4c20-a367-83843ac44b28 HTTP/1.1" status: 404 len: 333 time: 0.0563676
2026-08-04 16:38:35.399 9 WARNING neutron.scheduler.dhcp_agent_scheduler [None req-9108dc69-67bb-4364-8601-1c3ed961c48f f6eec6985e5c408f833d88513f5a1aa2 158998f598cb425eae946c0179d57d95 - - - -] No more DHCP agents
2026-08-04 16:38:35.405 9 WARNING neutron.api.rpc.agentnotifiers.dhcp_rpc_agent_api [None req-9108dc69-67bb-4364-8601-1c3ed961c48f f6eec6985e5c408f833d88513f5a1aa2 158998f598cb425eae946c0179d57d95 - - - -] Unable to schedule network 6ea10296-9df5-450d-89db-3cfa64c79386: no agents available; will retry on subsequent port and subnet creation events.
2026-08-04 16:38:35.441 9 INFO neutron.pecan_wsgi.hooks.translation [None req-ad26e1fe-57b8-4d14-b8f5-bad7003a16e6 913509f3a301450081bb1fd7d8200e19 d019b11a8ee94161ac0e3b178651cbc2 - - default default] GET failed (client error): The resource could not be found.
2026-08-04 16:38:35.444 9 INFO neutron.wsgi [None req-ad26e1fe-57b8-4d14-b8f5-bad7003a16e6 913509f3a301450081bb1fd7d8200e19 d019b11a8ee94161ac0e3b178651cbc2 - - default default] 10.0.0.167 "GET /v2.0/ports/ca587905-e782-4c20-a367-83843ac44b28 HTTP/1.1" status: 404 len: 333 time: 0.0406706 /var/lib/openstack/lib/python3.10/site-packages/pycadf/identifier.py:71: UserWarning: Invalid uuid: neutron. To ensure interoperability, identifiers should be a valid uuid. warnings.warn(('Invalid uuid: %s. To ensure interoperability, '
2026-08-04 16:38:35.597 10 INFO neutron.wsgi [None req-582d5066-7102-4762-b82f-a045fdcf8019 d5867e2ccba9447db1c50aa0b7871135 6ec4ecb5933647d1accc41abf0065313 - - - -] 10.0.0.167 "DELETE /v2.0/subnets/b891ec82-af1d-42c8-b68b-265441f92915 HTTP/1.1" status: 204 len: 168 time: 0.2150633
2026-08-04 16:38:35.712 9 INFO neutron.wsgi [None req-9506cec3-78c9-4324-907d-4fc38d3693e3 3d70c853bf0441eda94a0073c4c304a6 9496cef585474712b155cdba11770a68 - - - -] 10.0.0.167 "DELETE /v2.0/networks/f9291be1-d6c3-4172-8f36-726a558b1ad2 HTTP/1.1" status: 204 len: 168 time: 0.6987607
2026-08-04 16:38:35.739 9 INFO neutron.db.ovn_revision_numbers_db [None req-9108dc69-67bb-4364-8601-1c3ed961c48f f6eec6985e5c408f833d88513f5a1aa2 158998f598cb425eae946c0179d57d95 - - - -] Successfully bumped revision number for resource 575ffc60-8f1d-438d-a48f-0e0d4905abac (type: ports) to 1
2026-08-04 16:38:35.768 9 INFO neutron.wsgi [None req-7044efab-e469-411a-a2fe-7fe5b7b5aa5c 913509f3a301450081bb1fd7d8200e19 d019b11a8ee94161ac0e3b178651cbc2 - - - -] 10.0.0.167 "DELETE /v2.0/subnets/1a8a10f4-ea21-4f79-bc37-0cfc29dabc1d HTTP/1.1" status: 204 len: 168 time: 0.3198829
2026-08-04 16:38:35.774 9 INFO neutron.wsgi [None req-9108dc69-67bb-4364-8601-1c3ed961c48f f6eec6985e5c408f833d88513f5a1aa2 158998f598cb425eae946c0179d57d95 - - - -] 199.19.213.137 "POST /v2.0/ports HTTP/1.1" status: 201 len: 1158 time: 0.9077744
2026-08-04 16:38:36.172 10 INFO neutron.wsgi [None req-ce39498b-fe5f-4e5a-9db7-4a4f5c8ac92e d5867e2ccba9447db1c50aa0b7871135 6ec4ecb5933647d1accc41abf0065313 - - default default] 10.0.0.218 "GET /v2.0/subnets HTTP/1.1" status: 200 len: 2096 time: 0.4702232
2026-08-04 16:38:36.204 10 INFO neutron.wsgi [None req-817868dc-926d-4657-9c02-3418b1c346f1 3d70c853bf0441eda94a0073c4c304a6 9496cef585474712b155cdba11770a68 - - default default] 10.0.0.167 "GET /v2.0/networks HTTP/1.1" status: 200 len: 845 time: 0.4787791 /var/lib/openstack/lib/python3.10/site-packages/pycadf/identifier.py:71: UserWarning: Invalid uuid: neutron. To ensure interoperability, identifiers should be a valid uuid. warnings.warn(('Invalid uuid: %s. To ensure interoperability, '
2026-08-04 16:38:36.282 10 INFO neutron.wsgi [None req-11b9f970-5983-49a3-b806-b2d17d781519 d5867e2ccba9447db1c50aa0b7871135 6ec4ecb5933647d1accc41abf0065313 - - default default] 10.0.0.218 "GET /v2.0/routers HTTP/1.1" status: 200 len: 864 time: 0.0946779
2026-08-04 16:38:36.302 10 INFO neutron.wsgi [None req-6146805b-75f1-47c9-afa8-efad8c072d1b d5867e2ccba9447db1c50aa0b7871135 6ec4ecb5933647d1accc41abf0065313 - - default default] 10.0.0.218 "GET /v2.0/agents?binary=ovn-controller HTTP/1.1" status: 200 len: 591 time: 0.0181606
2026-08-04 16:38:36.330 10 INFO neutron.wsgi [None req-993b16b8-6665-44e5-984c-a5661ded2a15 d5867e2ccba9447db1c50aa0b7871135 6ec4ecb5933647d1accc41abf0065313 - - default default] 10.0.0.218 "GET /v2.0/floatingips HTTP/1.1" status: 200 len: 193 time: 0.0245297
2026-08-04 16:38:36.392 9 INFO neutron.db.ovn_revision_numbers_db [None req-8f268e37-f239-4f43-995c-b27da05d58a6 3b097d311a4a4c638583644899515cab 4c787b13fdd14d349750e6d5144fb437 - - - -] Successfully bumped revision number for resource 575ffc60-8f1d-438d-a48f-0e0d4905abac (type: ports) to 2
2026-08-04 16:38:36.400 9 INFO neutron.db.segments_db [None req-6ce7bfd9-515c-4d24-863f-6bdc46528bc7 3d70c853bf0441eda94a0073c4c304a6 9496cef585474712b155cdba11770a68 - - - -] Added segment ac716b18-ce42-4d65-b9a3-b455ff64f70f of type geneve for network e9bb9354-b69a-498a-a88f-0cc52c9e3da4
2026-08-04 16:38:36.436 9 INFO neutron.wsgi [req-a17eab1c-962c-436b-bc40-cf03653a820b req-c9456483-7b5b-455e-baa6-b5bdfd7e47d1 f6eec6985e5c408f833d88513f5a1aa2 158998f598cb425eae946c0179d57d95 - - default default] 10.0.0.245 "GET /v2.0/ports?device_id=5fbc8a7b-4d18-48ed-8bf4-fc26589a6f46 HTTP/1.1" status: 200 len: 1168 time: 0.2018671
2026-08-04 16:38:36.453 9 INFO neutron.wsgi [None req-0cd72627-3353-4cfc-bc1e-09a80c9c6a09 913509f3a301450081bb1fd7d8200e19 d019b11a8ee94161ac0e3b178651cbc2 - - - -] 10.0.0.167 "DELETE /v2.0/networks/0f9a947d-4ac8-451c-95cc-f72c09bd69fe HTTP/1.1" status: 204 len: 168 time: 0.6778250
2026-08-04 16:38:36.479 10 INFO neutron.wsgi [None req-6a17a9ad-c03c-4fd9-8499-a3f54c31fca1 d5867e2ccba9447db1c50aa0b7871135 6ec4ecb5933647d1accc41abf0065313 - - default default] 10.0.0.218 "GET /v2.0/security-groups HTTP/1.1" status: 200 len: 27919 time: 0.1414819
2026-08-04 16:38:36.515 10 INFO neutron.services.segments.plugin [-] Segment 319caaab-29f8-40d7-aa5f-fb3addfcf31d resource provider aggregate not found
2026-08-04 16:38:36.530 10 INFO neutron.services.segments.plugin [-] Segment 319caaab-29f8-40d7-aa5f-fb3addfcf31d resource provider aggregate not found
2026-08-04 16:38:36.532 9 INFO neutron.wsgi [req-a17eab1c-962c-436b-bc40-cf03653a820b req-35b9ff02-52c4-4041-b584-1c34728352d7 f6eec6985e5c408f833d88513f5a1aa2 158998f598cb425eae946c0179d57d95 - - default default] 10.0.0.245 "GET /v2.0/security-groups?id=7d5c05cf-4f06-46ee-b9ee-c47e6057c683&fields=id&fields=name HTTP/1.1" status: 200 len: 286 time: 0.0784490
2026-08-04 16:38:36.547 10 INFO neutron.services.segments.plugin [-] Segment 319caaab-29f8-40d7-aa5f-fb3addfcf31d resource provider not found; error: Placement Client Error (4xx): {"errors": [{"status": 404, "title": "Not Found", "detail": "The resource could not be found.\n\n No resource provider with uuid 319caaab-29f8-40d7-aa5f-fb3addfcf31d found for delete ", "request_id": "req-50586eaa-d5da-48ba-a3cd-75005d421a21"}]}
2026-08-04 16:38:36.559 10 INFO neutron.services.segments.plugin [-] Segment 319caaab-29f8-40d7-aa5f-fb3addfcf31d resource provider not found; error: Placement Client Error (4xx): {"errors": [{"status": 404, "title": "Not Found", "detail": "The resource could not be found.\n\n No resource provider with uuid 319caaab-29f8-40d7-aa5f-fb3addfcf31d found for delete ", "request_id": "req-7cb92087-6f29-4ba2-b7ff-7bbcba3dc9a3"}]}
2026-08-04 16:38:36.586 10 INFO neutron.wsgi [None req-e7714058-4b61-41a3-ba24-71b42d646cd3 d5867e2ccba9447db1c50aa0b7871135 6ec4ecb5933647d1accc41abf0065313 - - default default] 10.0.0.218 "GET /v2.0/ports HTTP/1.1" status: 200 len: 11281 time: 0.0800877
2026-08-04 16:38:36.589 9 INFO neutron.db.ovn_revision_numbers_db [None req-6ce7bfd9-515c-4d24-863f-6bdc46528bc7 3d70c853bf0441eda94a0073c4c304a6 9496cef585474712b155cdba11770a68 - - - -] Successfully bumped revision number for resource e9bb9354-b69a-498a-a88f-0cc52c9e3da4 (type: networks) to 1
2026-08-04 16:38:36.606 10 INFO neutron.wsgi [None req-3cfbb97f-bc3f-4491-823a-031407eac652 d5867e2ccba9447db1c50aa0b7871135 6ec4ecb5933647d1accc41abf0065313 - - default default] 10.0.0.218 "GET /v2.0/network-ip-availabilities HTTP/1.1" status: 200 len: 2332 time: 0.0124397
2026-08-04 16:38:36.624 10 INFO neutron.wsgi [None req-4bb7d31b-dfe5-42b4-b2b3-240369e5e2ca d5867e2ccba9447db1c50aa0b7871135 6ec4ecb5933647d1accc41abf0065313 - - - -] 10.0.0.167 "DELETE /v2.0/networks/4a7de059-5196-4799-ba35-5d89fa89fa87 HTTP/1.1" status: 204 len: 168 time: 1.0225697
2026-08-04 16:38:36.663 10 INFO neutron.db.segments_db [None req-57f14cd1-5c51-469d-a379-9d6319f0d567 913509f3a301450081bb1fd7d8200e19 d019b11a8ee94161ac0e3b178651cbc2 - - - -] Added segment 43fa5623-82ed-49b6-9676-5f56c4fd8251 of type geneve for network 2a30198c-d94b-4b9b-bed6-3d07a9d0a60a
2026-08-04 16:38:36.701 10 INFO neutron.wsgi [None req-89c06cc9-f58d-4086-aa87-30b91b157ebe d5867e2ccba9447db1c50aa0b7871135 6ec4ecb5933647d1accc41abf0065313 - - default default] 10.0.0.218 "GET /v2.0/networks HTTP/1.1" status: 200 len: 4561 time: 0.0925565
2026-08-04 16:38:36.726 10 INFO neutron.wsgi [None req-f77187c5-f10a-4450-a6a7-1510ea260f22 d5867e2ccba9447db1c50aa0b7871135 6ec4ecb5933647d1accc41abf0065313 - - default default] 10.0.0.218 "GET /v2.0/agents HTTP/1.1" status: 200 len: 997 time: 0.0192087
2026-08-04 16:38:36.800 10 INFO neutron.wsgi [None req-561ce8e6-7bba-4cbd-a28e-0de3a23c3625 d5867e2ccba9447db1c50aa0b7871135 6ec4ecb5933647d1accc41abf0065313 - - default default] 10.0.0.218 "GET /v2.0/subnets HTTP/1.1" status: 200 len: 2096 time: 0.0714285
2026-08-04 16:38:36.826 10 INFO neutron.wsgi [None req-a122b3c2-68af-4b9b-b532-0d255c2dd90a d5867e2ccba9447db1c50aa0b7871135 6ec4ecb5933647d1accc41abf0065313 - - default default] 10.0.0.218 "GET /v2.0/subnetpools HTTP/1.1" status: 200 len: 193 time: 0.0230148
2026-08-04 16:38:36.845 10 INFO neutron.wsgi [None req-21458cc8-3bfc-4a79-981e-ef9b52c5428c d5867e2ccba9447db1c50aa0b7871135 6ec4ecb5933647d1accc41abf0065313 - - default default] 10.0.0.167 "GET /v2.0/security-groups?tenant_id=7b639e4be09b4574837b22570283c71f&name=default HTTP/1.1" status: 200 len: 2996 time: 0.0679581
2026-08-04 16:38:36.867 10 INFO neutron.db.ovn_revision_numbers_db [None req-57f14cd1-5c51-469d-a379-9d6319f0d567 913509f3a301450081bb1fd7d8200e19 d019b11a8ee94161ac0e3b178651cbc2 - - - -] Successfully bumped revision number for resource 2a30198c-d94b-4b9b-bed6-3d07a9d0a60a (type: networks) to 1
2026-08-04 16:38:36.989 9 INFO neutron.db.ovn_revision_numbers_db [None req-8f268e37-f239-4f43-995c-b27da05d58a6 3b097d311a4a4c638583644899515cab 4c787b13fdd14d349750e6d5144fb437 - - - -] Successfully bumped revision number for resource 575ffc60-8f1d-438d-a48f-0e0d4905abac (type: ports) to 2
2026-08-04 16:38:37.005 9 INFO neutron.services.segments.plugin [-] Segment 94830e35-158d-4615-9e11-a8af5b1d3279 resource provider aggregate not found
2026-08-04 16:38:37.020 9 INFO neutron.services.segments.plugin [-] Segment 94830e35-158d-4615-9e11-a8af5b1d3279 resource provider aggregate not found
2026-08-04 16:38:37.026 9 INFO neutron.services.segments.plugin [-] Segment 94830e35-158d-4615-9e11-a8af5b1d3279 resource provider not found; error: Placement Client Error (4xx): {"errors": [{"status": 404, "title": "Not Found", "detail": "The resource could not be found.\n\n No resource provider with uuid 94830e35-158d-4615-9e11-a8af5b1d3279 found for delete ", "request_id": "req-1344d451-1cda-4544-8dfb-cef5131a5851"}]}
2026-08-04 16:38:37.038 9 INFO neutron.services.segments.plugin [-] Segment 94830e35-158d-4615-9e11-a8af5b1d3279 resource provider not found; error: Placement Client Error (4xx): {"errors": [{"status": 404, "title": "Not Found", "detail": "The resource could not be found.\n\n No resource provider with uuid 94830e35-158d-4615-9e11-a8af5b1d3279 found for delete ", "request_id": "req-ff55de5a-609d-4040-a027-067abf72a5c6"}]}
2026-08-04 16:38:37.047 9 INFO neutron.services.segments.plugin [-] Segment f4abaed2-cfda-4011-8abb-877946cb819c resource provider aggregate not found
2026-08-04 16:38:37.055 9 INFO neutron.wsgi [None req-8f268e37-f239-4f43-995c-b27da05d58a6 3b097d311a4a4c638583644899515cab 4c787b13fdd14d349750e6d5144fb437 - - - -] 199.19.213.137 "PUT /v2.0/ports/575ffc60-8f1d-438d-a48f-0e0d4905abac HTTP/1.1" status: 200 len: 1328 time: 1.2706583
2026-08-04 16:38:37.063 9 INFO neutron.services.segments.plugin [-] Segment f4abaed2-cfda-4011-8abb-877946cb819c resource provider aggregate not found
2026-08-04 16:38:37.070 9 INFO neutron.services.segments.plugin [-] Segment f4abaed2-cfda-4011-8abb-877946cb819c resource provider not found; error: Placement Client Error (4xx): {"errors": [{"status": 404, "title": "Not Found", "detail": "The resource could not be found.\n\n No resource provider with uuid f4abaed2-cfda-4011-8abb-877946cb819c found for delete ", "request_id": "req-15a22aee-b529-4986-983f-92ea95f4bb3f"}]}
2026-08-04 16:38:37.076 10 WARNING neutron.scheduler.dhcp_agent_scheduler [None req-57f14cd1-5c51-469d-a379-9d6319f0d567 913509f3a301450081bb1fd7d8200e19 d019b11a8ee94161ac0e3b178651cbc2 - - - -] No more DHCP agents
2026-08-04 16:38:37.080 10 WARNING neutron.api.rpc.agentnotifiers.dhcp_rpc_agent_api [None req-57f14cd1-5c51-469d-a379-9d6319f0d567 913509f3a301450081bb1fd7d8200e19 d019b11a8ee94161ac0e3b178651cbc2 - - - -] Unable to schedule network 2a30198c-d94b-4b9b-bed6-3d07a9d0a60a: no agents available; will retry on subsequent port and subnet creation events.
2026-08-04 16:38:37.094 9 INFO neutron.services.segments.plugin [-] Segment f4abaed2-cfda-4011-8abb-877946cb819c resource provider not found; error: Placement Client Error (4xx): {"errors": [{"status": 404, "title": "Not Found", "detail": "The resource could not be found.\n\n No resource provider with uuid f4abaed2-cfda-4011-8abb-877946cb819c found for delete ", "request_id": "req-8bee895d-22d6-4a98-af15-779bb2218df5"}]}
2026-08-04 16:38:37.100 9 INFO neutron.notifiers.nova [-] Nova event matching ['req-116c513a-29ce-4c69-85b7-9e11373f2b54'] response: {'name': 'network-changed', 'server_uuid': '5fbc8a7b-4d18-48ed-8bf4-fc26589a6f46', 'tag': '575ffc60-8f1d-438d-a48f-0e0d4905abac', 'status': 'completed', 'code': 200}
2026-08-04 16:38:37.102 9 WARNING neutron.scheduler.dhcp_agent_scheduler [None req-6ce7bfd9-515c-4d24-863f-6bdc46528bc7 3d70c853bf0441eda94a0073c4c304a6 9496cef585474712b155cdba11770a68 - - - -] No more DHCP agents
2026-08-04 16:38:37.104 9 WARNING neutron.api.rpc.agentnotifiers.dhcp_rpc_agent_api [None req-6ce7bfd9-515c-4d24-863f-6bdc46528bc7 3d70c853bf0441eda94a0073c4c304a6 9496cef585474712b155cdba11770a68 - - - -] Unable to schedule network e9bb9354-b69a-498a-a88f-0cc52c9e3da4: no agents available; will retry on subsequent port and subnet creation events. /var/lib/openstack/lib/python3.10/site-packages/pycadf/identifier.py:71: UserWarning: Invalid uuid: neutron. To ensure interoperability, identifiers should be a valid uuid. warnings.warn(('Invalid uuid: %s. To ensure interoperability, '
2026-08-04 16:38:37.154 9 INFO neutron.wsgi [req-5210556c-0f2e-4bdc-8a2f-63c5ed43f0be req-216ecc2f-9de3-443d-a4a5-72926e96ab2a 3b097d311a4a4c638583644899515cab 4c787b13fdd14d349750e6d5144fb437 - - 5542a1e84d6847768ce2ec334b584dc7 5542a1e84d6847768ce2ec334b584dc7] 199.19.213.137 "GET /v2.0/ports?tenant_id=158998f598cb425eae946c0179d57d95&device_id=5fbc8a7b-4d18-48ed-8bf4-fc26589a6f46 HTTP/1.1" status: 200 len: 1359 time: 0.0480850
2026-08-04 16:38:37.173 10 INFO neutron.db.ovn_revision_numbers_db [None req-57f14cd1-5c51-469d-a379-9d6319f0d567 913509f3a301450081bb1fd7d8200e19 d019b11a8ee94161ac0e3b178651cbc2 - - - -] Successfully bumped revision number for resource 4bc1e051-217e-4d1e-beb5-3973489b5a0b (type: ports) to 1
2026-08-04 16:38:37.200 9 INFO neutron.wsgi [req-5210556c-0f2e-4bdc-8a2f-63c5ed43f0be req-a81ad76a-6acc-4a64-aee0-6b9150ae6967 3b097d311a4a4c638583644899515cab 4c787b13fdd14d349750e6d5144fb437 - - 5542a1e84d6847768ce2ec334b584dc7 5542a1e84d6847768ce2ec334b584dc7] 199.19.213.137 "GET /v2.0/floatingips?fixed_ip_address=10.100.0.6&port_id=575ffc60-8f1d-438d-a48f-0e0d4905abac HTTP/1.1" status: 200 len: 217 time: 0.0413930
2026-08-04 16:38:37.204 10 INFO neutron.wsgi [None req-bee9890b-cab9-4ebf-b8e3-9f8de1549aca d5867e2ccba9447db1c50aa0b7871135 6ec4ecb5933647d1accc41abf0065313 - - - -] 10.0.0.167 "DELETE /v2.0/security-groups/3f50fd03-7347-4cf2-abce-c14aefe25f5c HTTP/1.1" status: 204 len: 168 time: 0.3452988
2026-08-04 16:38:37.213 10 INFO neutron.wsgi [None req-57f14cd1-5c51-469d-a379-9d6319f0d567 913509f3a301450081bb1fd7d8200e19 d019b11a8ee94161ac0e3b178651cbc2 - - - -] 10.0.0.167 "POST /v2.0/networks HTTP/1.1" status: 201 len: 835 time: 0.7509711
2026-08-04 16:38:37.241 9 INFO neutron.db.ovn_revision_numbers_db [None req-6ce7bfd9-515c-4d24-863f-6bdc46528bc7 3d70c853bf0441eda94a0073c4c304a6 9496cef585474712b155cdba11770a68 - - - -] Successfully bumped revision number for resource ccba0672-b078-4551-831b-5f48f473aacb (type: ports) to 1
2026-08-04 16:38:37.243 9 INFO neutron.wsgi [req-5210556c-0f2e-4bdc-8a2f-63c5ed43f0be req-1c64cbe8-eb88-48fa-9cb7-1085a431add3 3b097d311a4a4c638583644899515cab 4c787b13fdd14d349750e6d5144fb437 - - 5542a1e84d6847768ce2ec334b584dc7 5542a1e84d6847768ce2ec334b584dc7] 199.19.213.137 "GET /v2.0/subnets?id=3210ca2a-4fc7-4c1e-9081-8e4aaedd21ba HTTP/1.1" status: 200 len: 871 time: 0.0372460
2026-08-04 16:38:37.266 9 INFO neutron.wsgi [None req-6ce7bfd9-515c-4d24-863f-6bdc46528bc7 3d70c853bf0441eda94a0073c4c304a6 9496cef585474712b155cdba11770a68 - - - -] 10.0.0.167 "POST /v2.0/networks HTTP/1.1" status: 201 len: 848 time: 1.0541840
2026-08-04 16:38:37.280 9 INFO neutron.wsgi [req-5210556c-0f2e-4bdc-8a2f-63c5ed43f0be req-c7f3fb22-ca89-4756-a668-494cadaffc99 3b097d311a4a4c638583644899515cab 4c787b13fdd14d349750e6d5144fb437 - - 5542a1e84d6847768ce2ec334b584dc7 5542a1e84d6847768ce2ec334b584dc7] 199.19.213.137 "GET /v2.0/ports?network_id=6ea10296-9df5-450d-89db-3cfa64c79386&device_owner=network%3Adhcp HTTP/1.1" status: 200 len: 210 time: 0.0246701
2026-08-04 16:38:37.345 9 WARNING neutron.plugins.ml2.drivers.ovn.mech_driver.ovsdb.ovn_client [None req-bf202515-1b3a-4823-9d5f-3cd274afef13 - - - - - -] No hosting information found for port 4988010d-1255-4882-8a26-d76d1d049996: RuntimeError: No hosting information found for port 4988010d-1255-4882-8a26-d76d1d049996
2026-08-04 16:38:37.367 9 INFO neutron.wsgi [req-5210556c-0f2e-4bdc-8a2f-63c5ed43f0be req-7bb2cd7a-295c-45c5-ade5-8da6727def32 3b097d311a4a4c638583644899515cab 4c787b13fdd14d349750e6d5144fb437 - - 5542a1e84d6847768ce2ec334b584dc7 5542a1e84d6847768ce2ec334b584dc7] 199.19.213.137 "GET /v2.0/networks/6ea10296-9df5-450d-89db-3cfa64c79386?fields=segments HTTP/1.1" status: 200 len: 212 time: 0.0715437
2026-08-04 16:38:37.391 10 INFO neutron.db.segments_db [None req-43868554-37c0-4242-8ad4-8cfb2580356f 3d70c853bf0441eda94a0073c4c304a6 9496cef585474712b155cdba11770a68 - - - -] Added segment 9b5adf4c-806e-4350-b75d-abb6c950a4b0 of type geneve for network af8f522d-43e0-4650-90c5-2e2115c913b2
2026-08-04 16:38:37.434 9 INFO neutron.wsgi [req-5210556c-0f2e-4bdc-8a2f-63c5ed43f0be req-cba4eac4-5ad1-4bd7-8236-300ecb467baa 3b097d311a4a4c638583644899515cab 4c787b13fdd14d349750e6d5144fb437 - - 5542a1e84d6847768ce2ec334b584dc7 5542a1e84d6847768ce2ec334b584dc7] 199.19.213.137 "GET /v2.0/networks/6ea10296-9df5-450d-89db-3cfa64c79386?fields=provider%3Aphysical_network&fields=provider%3Anetwork_type HTTP/1.1" status: 200 len: 277 time: 0.0564594
2026-08-04 16:38:37.533 9 INFO neutron.wsgi [req-9c88cb54-a8c7-42e2-9e7a-150f4b1df08c req-0157f944-a192-4b39-9645-83bfbc59a0a3 3b097d311a4a4c638583644899515cab 4c787b13fdd14d349750e6d5144fb437 - - 5542a1e84d6847768ce2ec334b584dc7 5542a1e84d6847768ce2ec334b584dc7] 199.19.213.137 "GET /v2.0/ports?tenant_id=158998f598cb425eae946c0179d57d95&device_id=5fbc8a7b-4d18-48ed-8bf4-fc26589a6f46 HTTP/1.1" status: 200 len: 1359 time: 0.0430012
2026-08-04 16:38:37.625 10 INFO neutron.db.ovn_revision_numbers_db [None req-43868554-37c0-4242-8ad4-8cfb2580356f 3d70c853bf0441eda94a0073c4c304a6 9496cef585474712b155cdba11770a68 - - - -] Successfully bumped revision number for resource af8f522d-43e0-4650-90c5-2e2115c913b2 (type: networks) to 1
2026-08-04 16:38:37.661 9 INFO neutron.wsgi [req-9c88cb54-a8c7-42e2-9e7a-150f4b1df08c req-79dd24af-b5fd-453e-b44d-51dbff3e69d5 3b097d311a4a4c638583644899515cab 4c787b13fdd14d349750e6d5144fb437 - - 5542a1e84d6847768ce2ec334b584dc7 5542a1e84d6847768ce2ec334b584dc7] 199.19.213.137 "GET /v2.0/networks?id=6ea10296-9df5-450d-89db-3cfa64c79386 HTTP/1.1" status: 200 len: 976 time: 0.1181288
2026-08-04 16:38:37.679 10 WARNING neutron.scheduler.dhcp_agent_scheduler [None req-63f12bcf-6a13-4da3-9ffd-87825eb29b87 913509f3a301450081bb1fd7d8200e19 d019b11a8ee94161ac0e3b178651cbc2 - - - -] No more DHCP agents
2026-08-04 16:38:37.681 10 WARNING neutron.api.rpc.agentnotifiers.dhcp_rpc_agent_api [None req-63f12bcf-6a13-4da3-9ffd-87825eb29b87 913509f3a301450081bb1fd7d8200e19 d019b11a8ee94161ac0e3b178651cbc2 - - - -] Unable to schedule network 2a30198c-d94b-4b9b-bed6-3d07a9d0a60a: no agents available; will retry on subsequent port and subnet creation events.
2026-08-04 16:38:37.681 9 INFO neutron.plugins.ml2.drivers.ovn.mech_driver.mech_driver [None req-bf202515-1b3a-4823-9d5f-3cd274afef13 - - - - - -] OVN reports status up for port: 575ffc60-8f1d-438d-a48f-0e0d4905abac
2026-08-04 16:38:37.709 9 INFO neutron.wsgi [req-f0ec86be-ffc9-4fad-893a-d3853b8a2699 req-25baedb7-96ba-4de9-938c-fa5374bf0b86 f6eec6985e5c408f833d88513f5a1aa2 158998f598cb425eae946c0179d57d95 - - default default] 10.0.0.245 "GET /v2.0/ports?device_id=5fbc8a7b-4d18-48ed-8bf4-fc26589a6f46 HTTP/1.1" status: 200 len: 1168 time: 0.0979323
2026-08-04 16:38:37.722 10 INFO neutron.db.ovn_revision_numbers_db [None req-63f12bcf-6a13-4da3-9ffd-87825eb29b87 913509f3a301450081bb1fd7d8200e19 d019b11a8ee94161ac0e3b178651cbc2 - - - -] Successfully bumped revision number for resource 6588c1d9-cba2-4239-b343-638e864aad71 (type: subnets) to 0
2026-08-04 16:38:37.729 9 INFO neutron.wsgi [req-9c88cb54-a8c7-42e2-9e7a-150f4b1df08c req-a56a116d-4cdc-4601-adbb-09c54e742df7 3b097d311a4a4c638583644899515cab 4c787b13fdd14d349750e6d5144fb437 - - 5542a1e84d6847768ce2ec334b584dc7 5542a1e84d6847768ce2ec334b584dc7] 199.19.213.137 "GET /v2.0/floatingips?fixed_ip_address=10.100.0.6&port_id=575ffc60-8f1d-438d-a48f-0e0d4905abac HTTP/1.1" status: 200 len: 217 time: 0.0504513
2026-08-04 16:38:37.734 9 INFO neutron.plugins.ml2.plugin [None req-bf202515-1b3a-4823-9d5f-3cd274afef13 - - - - - -] Attempt 1 to provision port 575ffc60-8f1d-438d-a48f-0e0d4905abac
2026-08-04 16:38:37.767 10 INFO neutron.wsgi [None req-63f12bcf-6a13-4da3-9ffd-87825eb29b87 913509f3a301450081bb1fd7d8200e19 d019b11a8ee94161ac0e3b178651cbc2 - - - -] 10.0.0.167 "POST /v2.0/subnets HTTP/1.1" status: 201 len: 821 time: 0.5433068
2026-08-04 16:38:37.793 9 INFO neutron.wsgi [req-f0ec86be-ffc9-4fad-893a-d3853b8a2699 req-5e849c6f-3430-4b03-81fe-6cb3bcadaf65 f6eec6985e5c408f833d88513f5a1aa2 158998f598cb425eae946c0179d57d95 - - default default] 10.0.0.245 "GET /v2.0/security-groups?id=7d5c05cf-4f06-46ee-b9ee-c47e6057c683&fields=id&fields=name HTTP/1.1" status: 200 len: 286 time: 0.0675545
2026-08-04 16:38:37.801 9 INFO neutron.wsgi [req-9c88cb54-a8c7-42e2-9e7a-150f4b1df08c req-1f247dea-b557-4ccc-bf55-1d30fe1ecfe3 3b097d311a4a4c638583644899515cab 4c787b13fdd14d349750e6d5144fb437 - - 5542a1e84d6847768ce2ec334b584dc7 5542a1e84d6847768ce2ec334b584dc7] 199.19.213.137 "GET /v2.0/subnets?id=3210ca2a-4fc7-4c1e-9081-8e4aaedd21ba HTTP/1.1" status: 200 len: 871 time: 0.0641222
2026-08-04 16:38:37.850 9 INFO neutron.wsgi [req-9c88cb54-a8c7-42e2-9e7a-150f4b1df08c req-b7bb9d32-31d8-4e18-9809-3b803733e328 3b097d311a4a4c638583644899515cab 4c787b13fdd14d349750e6d5144fb437 - - 5542a1e84d6847768ce2ec334b584dc7 5542a1e84d6847768ce2ec334b584dc7] 199.19.213.137 "GET /v2.0/ports?network_id=6ea10296-9df5-450d-89db-3cfa64c79386&device_owner=network%3Adhcp HTTP/1.1" status: 200 len: 210 time: 0.0405977
2026-08-04 16:38:37.931 10 WARNING neutron.scheduler.dhcp_agent_scheduler [None req-43868554-37c0-4242-8ad4-8cfb2580356f 3d70c853bf0441eda94a0073c4c304a6 9496cef585474712b155cdba11770a68 - - - -] No more DHCP agents
2026-08-04 16:38:37.933 10 WARNING neutron.api.rpc.agentnotifiers.dhcp_rpc_agent_api [None req-43868554-37c0-4242-8ad4-8cfb2580356f 3d70c853bf0441eda94a0073c4c304a6 9496cef585474712b155cdba11770a68 - - - -] Unable to schedule network af8f522d-43e0-4650-90c5-2e2115c913b2: no agents available; will retry on subsequent port and subnet creation events.
2026-08-04 16:38:37.936 9 INFO neutron.wsgi [req-9c88cb54-a8c7-42e2-9e7a-150f4b1df08c req-8d4391b6-1822-40d3-b6a7-53518c5d70b4 3b097d311a4a4c638583644899515cab 4c787b13fdd14d349750e6d5144fb437 - - 5542a1e84d6847768ce2ec334b584dc7 5542a1e84d6847768ce2ec334b584dc7] 199.19.213.137 "GET /v2.0/networks/6ea10296-9df5-450d-89db-3cfa64c79386?fields=segments HTTP/1.1" status: 200 len: 212 time: 0.0762792
2026-08-04 16:38:38.031 9 INFO neutron.wsgi [req-9c88cb54-a8c7-42e2-9e7a-150f4b1df08c req-4c75f01a-d9e5-4cf1-8895-a8a30d8b5981 3b097d311a4a4c638583644899515cab 4c787b13fdd14d349750e6d5144fb437 - - 5542a1e84d6847768ce2ec334b584dc7 5542a1e84d6847768ce2ec334b584dc7] 199.19.213.137 "GET /v2.0/networks/6ea10296-9df5-450d-89db-3cfa64c79386?fields=provider%3Aphysical_network&fields=provider%3Anetwork_type HTTP/1.1" status: 200 len: 277 time: 0.0886824
2026-08-04 16:38:38.041 10 INFO neutron.db.ovn_revision_numbers_db [None req-43868554-37c0-4242-8ad4-8cfb2580356f 3d70c853bf0441eda94a0073c4c304a6 9496cef585474712b155cdba11770a68 - - - -] Successfully bumped revision number for resource 51570967-212a-4694-a54f-56191c9893b9 (type: ports) to 1
2026-08-04 16:38:38.072 10 INFO neutron.wsgi [None req-43868554-37c0-4242-8ad4-8cfb2580356f 3d70c853bf0441eda94a0073c4c304a6 9496cef585474712b155cdba11770a68 - - - -] 10.0.0.167 "POST /v2.0/networks HTTP/1.1" status: 201 len: 847 time: 0.8003035
2026-08-04 16:38:38.147 9 INFO neutron.db.ovn_revision_numbers_db [None req-bf202515-1b3a-4823-9d5f-3cd274afef13 - - - - - -] Successfully bumped revision number for resource 575ffc60-8f1d-438d-a48f-0e0d4905abac (type: ports) to 4
2026-08-04 16:38:38.232 10 WARNING neutron.scheduler.dhcp_agent_scheduler [None req-07f2eaaa-c833-4aaf-a673-30e909abec3e 913509f3a301450081bb1fd7d8200e19 d019b11a8ee94161ac0e3b178651cbc2 - - - -] No more DHCP agents
2026-08-04 16:38:38.233 10 WARNING neutron.api.rpc.agentnotifiers.dhcp_rpc_agent_api [None req-07f2eaaa-c833-4aaf-a673-30e909abec3e 913509f3a301450081bb1fd7d8200e19 d019b11a8ee94161ac0e3b178651cbc2 - - - -] Unable to schedule network 2a30198c-d94b-4b9b-bed6-3d07a9d0a60a: no agents available; will retry on subsequent port and subnet creation events.
2026-08-04 16:38:38.323 10 INFO neutron.db.ovn_revision_numbers_db [None req-07f2eaaa-c833-4aaf-a673-30e909abec3e 913509f3a301450081bb1fd7d8200e19 d019b11a8ee94161ac0e3b178651cbc2 - - - -] Successfully bumped revision number for resource 42b22d33-0a30-4965-bbb5-8a74de7d6cd2 (type: ports) to 1
2026-08-04 16:38:38.362 10 INFO neutron.wsgi [None req-07f2eaaa-c833-4aaf-a673-30e909abec3e 913509f3a301450081bb1fd7d8200e19 d019b11a8ee94161ac0e3b178651cbc2 - - - -] 10.0.0.167 "POST /v2.0/ports HTTP/1.1" status: 201 len: 1123 time: 0.5904853
2026-08-04 16:38:38.621 9 WARNING neutron.scheduler.dhcp_agent_scheduler [None req-c8207bc5-4c98-4360-9fb3-a13af8a5759b 3d70c853bf0441eda94a0073c4c304a6 9496cef585474712b155cdba11770a68 - - - -] No more DHCP agents
2026-08-04 16:38:38.625 9 WARNING neutron.api.rpc.agentnotifiers.dhcp_rpc_agent_api [None req-c8207bc5-4c98-4360-9fb3-a13af8a5759b 3d70c853bf0441eda94a0073c4c304a6 9496cef585474712b155cdba11770a68 - - - -] Unable to schedule network e9bb9354-b69a-498a-a88f-0cc52c9e3da4: no agents available; will retry on subsequent port and subnet creation events.
2026-08-04 16:38:38.668 10 INFO neutron.wsgi [None req-877f4ad6-5d94-47d6-a390-01bcdbb814c6 913509f3a301450081bb1fd7d8200e19 d019b11a8ee94161ac0e3b178651cbc2 - - - -] 10.0.0.167 "DELETE /v2.0/ports/42b22d33-0a30-4965-bbb5-8a74de7d6cd2 HTTP/1.1" status: 204 len: 168 time: 0.3018317
2026-08-04 16:38:38.695 10 INFO neutron.pecan_wsgi.hooks.translation [None req-2762acfc-d877-48ff-8041-a40b58eebae4 913509f3a301450081bb1fd7d8200e19 d019b11a8ee94161ac0e3b178651cbc2 - - default default] GET failed (client error): The resource could not be found.
