2026-08-04 16:42:07.921 9 INFO neutron.plugins.ml2.drivers.ovn.mech_driver.mech_driver [None req-bf202515-1b3a-4823-9d5f-3cd274afef13 - - - - - -] OVN reports status up for port: 48b0270b-5c3d-4617-890d-8ecb1990727c
2026-08-04 16:42:07.937 9 INFO neutron.plugins.ml2.plugin [None req-bf202515-1b3a-4823-9d5f-3cd274afef13 - - - - - -] Attempt 1 to provision port 48b0270b-5c3d-4617-890d-8ecb1990727c
2026-08-04 16:42:08.277 9 INFO neutron.db.ovn_revision_numbers_db [None req-bf1e5ae4-3b44-4090-9fc4-e58820861218 901e7384df064b83a0ef31795301a8dd 81426bf43d0d4338b795a869351340cb - - - -] Successfully bumped revision number for resource 9d33ee8c-f078-467e-9103-7f80a7823e25 (type: router_ports) to 2
2026-08-04 16:42:08.280 9 INFO neutron.wsgi [None req-bf1e5ae4-3b44-4090-9fc4-e58820861218 901e7384df064b83a0ef31795301a8dd 81426bf43d0d4338b795a869351340cb - - - -] 10.0.0.167 "PUT /v2.0/routers/9f6c947b-2e2a-4b50-8d1c-669b6da85028/add_router_interface HTTP/1.1" status: 200 len: 503 time: 2.5377536
2026-08-04 16:42:08.309 9 INFO neutron.db.ovn_revision_numbers_db [None req-bf202515-1b3a-4823-9d5f-3cd274afef13 - - - - - -] Successfully bumped revision number for resource 48b0270b-5c3d-4617-890d-8ecb1990727c (type: ports) to 3
2026-08-04 16:42:08.440 9 INFO neutron.db.ovn_revision_numbers_db [None req-bf202515-1b3a-4823-9d5f-3cd274afef13 - - - - - -] Successfully bumped revision number for resource 48b0270b-5c3d-4617-890d-8ecb1990727c (type: router_ports) to 3
2026-08-04 16:42:08.511 10 INFO neutron.db.ovn_revision_numbers_db [None req-23310736-c825-40e9-ac83-38461ce1b2d0 901e7384df064b83a0ef31795301a8dd 81426bf43d0d4338b795a869351340cb - - - -] Successfully bumped revision number for resource a4dfb431-8432-4318-8ef8-91103c11f2d2 (type: security_groups) to 1
2026-08-04 16:42:08.552 10 INFO neutron.wsgi [None req-23310736-c825-40e9-ac83-38461ce1b2d0 901e7384df064b83a0ef31795301a8dd 81426bf43d0d4338b795a869351340cb - - - -] 10.0.0.167 "POST /v2.0/security-groups HTTP/1.1" status: 201 len: 1766 time: 0.1915371
2026-08-04 16:42:08.717 10 INFO neutron.db.ovn_revision_numbers_db [None req-b183e97d-dbc3-4fc4-8e43-3a8756f3f138 901e7384df064b83a0ef31795301a8dd 81426bf43d0d4338b795a869351340cb - - - -] Successfully bumped revision number for resource c56647b1-fb00-4e4e-aeef-2866e08e9eb9 (type: security_group_rules) to 0
2026-08-04 16:42:08.748 10 INFO neutron.wsgi [None req-b183e97d-dbc3-4fc4-8e43-3a8756f3f138 901e7384df064b83a0ef31795301a8dd 81426bf43d0d4338b795a869351340cb - - - -] 10.0.0.167 "POST /v2.0/security-group-rules HTTP/1.1" status: 201 len: 764 time: 0.1819744
2026-08-04 16:42:08.878 10 INFO neutron.db.ovn_revision_numbers_db [None req-a0a49581-b826-4ff3-bbc4-ebe22ab51ae7 901e7384df064b83a0ef31795301a8dd 81426bf43d0d4338b795a869351340cb - - - -] Successfully bumped revision number for resource e65bd9b0-f211-4158-9b7c-0d9f3f8c7ebe (type: security_group_rules) to 0
2026-08-04 16:42:08.913 10 INFO neutron.wsgi [None req-a0a49581-b826-4ff3-bbc4-ebe22ab51ae7 901e7384df064b83a0ef31795301a8dd 81426bf43d0d4338b795a869351340cb - - - -] 10.0.0.167 "POST /v2.0/security-group-rules HTTP/1.1" status: 201 len: 764 time: 0.1606810
2026-08-04 16:42:09.040 10 INFO neutron.db.ovn_revision_numbers_db [None req-822f2af3-3e38-4492-b1f9-d8d16388973c 901e7384df064b83a0ef31795301a8dd 81426bf43d0d4338b795a869351340cb - - - -] Successfully bumped revision number for resource 12f9930d-2228-41c7-93e2-2256433625fe (type: security_group_rules) to 0
2026-08-04 16:42:09.074 10 INFO neutron.wsgi [None req-822f2af3-3e38-4492-b1f9-d8d16388973c 901e7384df064b83a0ef31795301a8dd 81426bf43d0d4338b795a869351340cb - - - -] 10.0.0.167 "POST /v2.0/security-group-rules HTTP/1.1" status: 201 len: 766 time: 0.1545122
2026-08-04 16:42:09.220 10 INFO neutron.db.ovn_revision_numbers_db [None req-b647c29c-426f-497d-9cc6-c9faaed19335 901e7384df064b83a0ef31795301a8dd 81426bf43d0d4338b795a869351340cb - - - -] Successfully bumped revision number for resource ee06f6dd-8a50-4a2f-8b83-5f77ec8ed072 (type: security_group_rules) to 0
2026-08-04 16:42:09.253 10 INFO neutron.wsgi [None req-b647c29c-426f-497d-9cc6-c9faaed19335 901e7384df064b83a0ef31795301a8dd 81426bf43d0d4338b795a869351340cb - - - -] 10.0.0.167 "POST /v2.0/security-group-rules HTTP/1.1" status: 201 len: 768 time: 0.1739013
2026-08-04 16:42:09.389 10 INFO neutron.db.ovn_revision_numbers_db [None req-4d521ee4-3cce-4ced-89fa-e3ce43351a8d 901e7384df064b83a0ef31795301a8dd 81426bf43d0d4338b795a869351340cb - - - -] Successfully bumped revision number for resource c2ef7e81-36d3-4ef1-aa04-dce452b13db1 (type: security_group_rules) to 0
2026-08-04 16:42:09.424 10 INFO neutron.wsgi [None req-4d521ee4-3cce-4ced-89fa-e3ce43351a8d 901e7384df064b83a0ef31795301a8dd 81426bf43d0d4338b795a869351340cb - - - -] 10.0.0.167 "POST /v2.0/security-group-rules HTTP/1.1" status: 201 len: 768 time: 0.1655643
2026-08-04 16:42:09.608 10 INFO neutron.db.ovn_revision_numbers_db [None req-1a653a68-c10f-47f2-9bcd-87824aa2f154 901e7384df064b83a0ef31795301a8dd 81426bf43d0d4338b795a869351340cb - - - -] Successfully bumped revision number for resource 531e2405-c923-4929-bd12-01b9480f49c6 (type: security_group_rules) to 0
2026-08-04 16:42:09.649 10 INFO neutron.wsgi [None req-1a653a68-c10f-47f2-9bcd-87824aa2f154 901e7384df064b83a0ef31795301a8dd 81426bf43d0d4338b795a869351340cb - - - -] 10.0.0.167 "POST /v2.0/security-group-rules HTTP/1.1" status: 201 len: 764 time: 0.2191381
2026-08-04 16:42:09.785 9 INFO neutron.db.ovn_revision_numbers_db [None req-32fce633-e6b8-468b-b428-a120214810b2 901e7384df064b83a0ef31795301a8dd 81426bf43d0d4338b795a869351340cb - - - -] Successfully bumped revision number for resource d0b9f16a-ab86-4395-9062-d7be5ec9f977 (type: security_group_rules) to 0
2026-08-04 16:42:09.817 9 INFO neutron.wsgi [None req-32fce633-e6b8-468b-b428-a120214810b2 901e7384df064b83a0ef31795301a8dd 81426bf43d0d4338b795a869351340cb - - - -] 10.0.0.167 "POST /v2.0/security-group-rules HTTP/1.1" status: 201 len: 764 time: 0.1621480
2026-08-04 16:42:09.973 10 INFO neutron.db.ovn_revision_numbers_db [None req-f6a5b7d8-00f5-40ea-867f-343aa5ad254b 901e7384df064b83a0ef31795301a8dd 81426bf43d0d4338b795a869351340cb - - - -] Successfully bumped revision number for resource 00a22c60-d193-43fb-a231-4ca7de801e16 (type: security_group_rules) to 0
2026-08-04 16:42:10.005 10 INFO neutron.wsgi [None req-f6a5b7d8-00f5-40ea-867f-343aa5ad254b 901e7384df064b83a0ef31795301a8dd 81426bf43d0d4338b795a869351340cb - - - -] 10.0.0.167 "POST /v2.0/security-group-rules HTTP/1.1" status: 201 len: 764 time: 0.1829975
2026-08-04 16:42:10.138 10 INFO neutron.db.ovn_revision_numbers_db [None req-a27f6a0e-ad5d-497e-84e0-3ead53024ba3 901e7384df064b83a0ef31795301a8dd 81426bf43d0d4338b795a869351340cb - - - -] Successfully bumped revision number for resource 4bbd28aa-7051-4d46-94b5-13f0de12a033 (type: security_group_rules) to 0
2026-08-04 16:42:10.166 10 INFO neutron.wsgi [None req-a27f6a0e-ad5d-497e-84e0-3ead53024ba3 901e7384df064b83a0ef31795301a8dd 81426bf43d0d4338b795a869351340cb - - - -] 10.0.0.167 "POST /v2.0/security-group-rules HTTP/1.1" status: 201 len: 766 time: 0.1550391
2026-08-04 16:42:10.320 10 INFO neutron.db.ovn_revision_numbers_db [None req-372b5cab-d03f-41b2-a2dd-a7a783d224a2 901e7384df064b83a0ef31795301a8dd 81426bf43d0d4338b795a869351340cb - - - -] Successfully bumped revision number for resource 3a33e197-f302-4a31-98ba-c42d0f577448 (type: security_group_rules) to 0
2026-08-04 16:42:10.347 10 INFO neutron.wsgi [None req-372b5cab-d03f-41b2-a2dd-a7a783d224a2 901e7384df064b83a0ef31795301a8dd 81426bf43d0d4338b795a869351340cb - - - -] 10.0.0.167 "POST /v2.0/security-group-rules HTTP/1.1" status: 201 len: 768 time: 0.1766627
2026-08-04 16:42:10.506 10 INFO neutron.db.ovn_revision_numbers_db [None req-98f01eb6-06ae-478d-a90c-97a964417421 901e7384df064b83a0ef31795301a8dd 81426bf43d0d4338b795a869351340cb - - - -] Successfully bumped revision number for resource 0fdad230-0302-41f2-aea3-02db60deff11 (type: security_group_rules) to 0
2026-08-04 16:42:10.539 10 INFO neutron.wsgi [None req-98f01eb6-06ae-478d-a90c-97a964417421 901e7384df064b83a0ef31795301a8dd 81426bf43d0d4338b795a869351340cb - - - -] 10.0.0.167 "POST /v2.0/security-group-rules HTTP/1.1" status: 201 len: 764 time: 0.1863029
2026-08-04 16:42:10.829 9 INFO neutron.wsgi [req-6d3bdd38-73e6-49ac-9946-07013c4b1341 req-094ba4f4-625e-4f74-b60a-abc47f152772 901e7384df064b83a0ef31795301a8dd 81426bf43d0d4338b795a869351340cb - - default default] 10.0.0.245 "GET /v2.0/security-groups?name=tempest-lb_member_SG-1795461491&fields=id&tenant_id=81426bf43d0d4338b795a869351340cb HTTP/1.1" status: 200 len: 267 time: 0.0537777
2026-08-04 16:42:10.991 9 INFO neutron.wsgi [req-6d3bdd38-73e6-49ac-9946-07013c4b1341 req-6f555e43-c7d7-4ffa-b4fa-c23e989bccc4 901e7384df064b83a0ef31795301a8dd 81426bf43d0d4338b795a869351340cb - - default default] 10.0.0.245 "GET /v2.0/networks?id=bdbeebb9-d8d0-4d22-99ae-fb6c22fa761b HTTP/1.1" status: 200 len: 904 time: 0.1529174
2026-08-04 16:42:11.012 9 INFO neutron.wsgi [req-6d3bdd38-73e6-49ac-9946-07013c4b1341 req-4d8b32c2-e81e-4221-85c7-4793586efff2 901e7384df064b83a0ef31795301a8dd 81426bf43d0d4338b795a869351340cb - - default default] 10.0.0.245 "GET /v2.0/quotas/81426bf43d0d4338b795a869351340cb HTTP/1.1" status: 200 len: 386 time: 0.0136788
2026-08-04 16:42:11.303 9 INFO neutron.wsgi [req-6d3bdd38-73e6-49ac-9946-07013c4b1341 req-17eec7ad-f8e4-4049-adbe-1bcfba9c5c8e 901e7384df064b83a0ef31795301a8dd 81426bf43d0d4338b795a869351340cb - - default default] 10.0.0.245 "GET /v2.0/ports?tenant_id=81426bf43d0d4338b795a869351340cb&fields=id HTTP/1.1" status: 200 len: 486 time: 0.2812026
2026-08-04 16:42:11.397 9 INFO neutron.wsgi [req-6d3bdd38-73e6-49ac-9946-07013c4b1341 req-ab2d6f1c-4eb5-488f-8b6c-85a895e2cd5b 3b097d311a4a4c638583644899515cab 4c787b13fdd14d349750e6d5144fb437 - - 5542a1e84d6847768ce2ec334b584dc7 5542a1e84d6847768ce2ec334b584dc7] 10.0.0.245 "GET /v2.0/networks/bdbeebb9-d8d0-4d22-99ae-fb6c22fa761b?fields=segments HTTP/1.1" status: 200 len: 212 time: 0.0781887
2026-08-04 16:42:11.513 9 INFO neutron.wsgi [req-6d3bdd38-73e6-49ac-9946-07013c4b1341 req-57c77bb4-f401-4b6d-8b13-c4b96bc576b4 3b097d311a4a4c638583644899515cab 4c787b13fdd14d349750e6d5144fb437 - - 5542a1e84d6847768ce2ec334b584dc7 5542a1e84d6847768ce2ec334b584dc7] 10.0.0.245 "GET /v2.0/networks/bdbeebb9-d8d0-4d22-99ae-fb6c22fa761b?fields=provider%3Aphysical_network&fields=provider%3Anetwork_type HTTP/1.1" status: 200 len: 277 time: 0.1074929
2026-08-04 16:42:11.707 10 INFO neutron.wsgi [req-0dcbcc8c-7f2f-4ec7-a12b-02f77be866de req-739fc885-93a6-4c3a-98c2-8229f952ed76 901e7384df064b83a0ef31795301a8dd 81426bf43d0d4338b795a869351340cb - - default default] 10.0.0.245 "GET /v2.0/ports?device_id=de54cca3-e243-44ad-8cd4-ffb103a33910 HTTP/1.1" status: 200 len: 210 time: 0.0285628
2026-08-04 16:42:12.374 10 INFO neutron.db.ovn_revision_numbers_db [None req-d24e6ec4-0cd1-4305-960f-7661a32a9279 75768c1fe66f40d8ac497851aad27f4a 0a9dcc62f14642378af343506e8ef911 - - - -] Successfully bumped revision number for resource ff1ac970-1c59-4c42-b2a0-c5017c3c9a57 (type: security_groups) to 1
2026-08-04 16:42:12.440 10 INFO neutron.db.segments_db [None req-d24e6ec4-0cd1-4305-960f-7661a32a9279 75768c1fe66f40d8ac497851aad27f4a 0a9dcc62f14642378af343506e8ef911 - - - -] Added segment cceb7ccd-8b96-4c35-af50-f5ca4947c8b4 of type geneve for network 94c65f97-d84d-4936-9c93-fde95620ed26
2026-08-04 16:42:12.478 9 INFO neutron.wsgi [-] 10.0.0.139 "GET / HTTP/1.1" status: 200 len: 247 time: 0.0012262
2026-08-04 16:42:12.480 9 INFO neutron.wsgi [-] 10.0.0.139 "GET / HTTP/1.1" status: 200 len: 247 time: 0.0008709
2026-08-04 16:42:12.558 9 INFO neutron.wsgi [req-6d3bdd38-73e6-49ac-9946-07013c4b1341 req-2a4f141d-317c-4c1c-af29-cf8879fc85af 901e7384df064b83a0ef31795301a8dd 81426bf43d0d4338b795a869351340cb - - default default] 199.19.213.137 "GET /v2.0/networks?id=bdbeebb9-d8d0-4d22-99ae-fb6c22fa761b HTTP/1.1" status: 200 len: 904 time: 0.0960286
2026-08-04 16:42:12.624 10 INFO neutron.db.ovn_revision_numbers_db [None req-d24e6ec4-0cd1-4305-960f-7661a32a9279 75768c1fe66f40d8ac497851aad27f4a 0a9dcc62f14642378af343506e8ef911 - - - -] Successfully bumped revision number for resource 94c65f97-d84d-4936-9c93-fde95620ed26 (type: networks) to 1
2026-08-04 16:42:12.641 9 INFO neutron.wsgi [req-6d3bdd38-73e6-49ac-9946-07013c4b1341 req-66debf46-f266-436c-bc9a-551139170170 901e7384df064b83a0ef31795301a8dd 81426bf43d0d4338b795a869351340cb - - default default] 199.19.213.137 "GET /v2.0/security-groups?fields=id&fields=name&tenant_id=81426bf43d0d4338b795a869351340cb HTTP/1.1" status: 200 len: 378 time: 0.0785482
2026-08-04 16:42:12.873 10 WARNING neutron.scheduler.dhcp_agent_scheduler [None req-d24e6ec4-0cd1-4305-960f-7661a32a9279 75768c1fe66f40d8ac497851aad27f4a 0a9dcc62f14642378af343506e8ef911 - - - -] No more DHCP agents
2026-08-04 16:42:12.874 10 WARNING neutron.api.rpc.agentnotifiers.dhcp_rpc_agent_api [None req-d24e6ec4-0cd1-4305-960f-7661a32a9279 75768c1fe66f40d8ac497851aad27f4a 0a9dcc62f14642378af343506e8ef911 - - - -] Unable to schedule network 94c65f97-d84d-4936-9c93-fde95620ed26: no agents available; will retry on subsequent port and subnet creation events.
2026-08-04 16:42:12.971 10 INFO neutron.db.ovn_revision_numbers_db [None req-d24e6ec4-0cd1-4305-960f-7661a32a9279 75768c1fe66f40d8ac497851aad27f4a 0a9dcc62f14642378af343506e8ef911 - - - -] Successfully bumped revision number for resource e2bdf961-9cd4-4776-91d6-7d3b5a8f1191 (type: ports) to 1
2026-08-04 16:42:12.996 10 INFO neutron.wsgi [None req-d24e6ec4-0cd1-4305-960f-7661a32a9279 75768c1fe66f40d8ac497851aad27f4a 0a9dcc62f14642378af343506e8ef911 - - - -] 10.0.0.167 "POST /v2.0/networks HTTP/1.1" status: 201 len: 830 time: 0.9913492
2026-08-04 16:42:13.099 9 WARNING neutron.scheduler.dhcp_agent_scheduler [None req-8de304b9-0c37-478c-9b73-f6d0cd3b2464 901e7384df064b83a0ef31795301a8dd 81426bf43d0d4338b795a869351340cb - - - -] No more DHCP agents
2026-08-04 16:42:13.101 9 WARNING neutron.api.rpc.agentnotifiers.dhcp_rpc_agent_api [None req-8de304b9-0c37-478c-9b73-f6d0cd3b2464 901e7384df064b83a0ef31795301a8dd 81426bf43d0d4338b795a869351340cb - - - -] Unable to schedule network bdbeebb9-d8d0-4d22-99ae-fb6c22fa761b: no agents available; will retry on subsequent port and subnet creation events.
2026-08-04 16:42:13.258 9 INFO neutron.db.ovn_revision_numbers_db [None req-8de304b9-0c37-478c-9b73-f6d0cd3b2464 901e7384df064b83a0ef31795301a8dd 81426bf43d0d4338b795a869351340cb - - - -] Successfully bumped revision number for resource e898f763-53ea-44f0-b6fd-dba9c8dbc1f5 (type: ports) to 1
2026-08-04 16:42:13.267 10 WARNING neutron.scheduler.dhcp_agent_scheduler [None req-f4e69d25-c5c8-46fb-ba07-3488c504c0e7 75768c1fe66f40d8ac497851aad27f4a 0a9dcc62f14642378af343506e8ef911 - - - -] No more DHCP agents
2026-08-04 16:42:13.270 10 WARNING neutron.api.rpc.agentnotifiers.dhcp_rpc_agent_api [None req-f4e69d25-c5c8-46fb-ba07-3488c504c0e7 75768c1fe66f40d8ac497851aad27f4a 0a9dcc62f14642378af343506e8ef911 - - - -] Unable to schedule network 94c65f97-d84d-4936-9c93-fde95620ed26: no agents available; will retry on subsequent port and subnet creation events.
2026-08-04 16:42:13.295 9 WARNING neutron.plugins.ml2.drivers.ovn.mech_driver.ovsdb.ovn_client [None req-bf202515-1b3a-4823-9d5f-3cd274afef13 - - - - - -] No hosting information found for port 48b0270b-5c3d-4617-890d-8ecb1990727c: RuntimeError: No hosting information found for port 48b0270b-5c3d-4617-890d-8ecb1990727c
2026-08-04 16:42:13.295 9 INFO neutron.plugins.ml2.drivers.ovn.mech_driver.mech_driver [None req-bf202515-1b3a-4823-9d5f-3cd274afef13 - - - - - -] OVN reports status up for port: 9d33ee8c-f078-467e-9103-7f80a7823e25
2026-08-04 16:42:13.298 9 INFO neutron.wsgi [None req-8de304b9-0c37-478c-9b73-f6d0cd3b2464 901e7384df064b83a0ef31795301a8dd 81426bf43d0d4338b795a869351340cb - - - -] 199.19.213.137 "POST /v2.0/ports HTTP/1.1" status: 201 len: 1388 time: 0.6348293
2026-08-04 16:42:13.303 9 INFO neutron.plugins.ml2.plugin [None req-bf202515-1b3a-4823-9d5f-3cd274afef13 - - - - - -] Attempt 1 to provision port 9d33ee8c-f078-467e-9103-7f80a7823e25 /var/lib/openstack/lib/python3.10/site-packages/pycadf/identifier.py:71: UserWarning: Invalid uuid: neutron. To ensure interoperability, identifiers should be a valid uuid. warnings.warn(('Invalid uuid: %s. To ensure interoperability, '
2026-08-04 16:42:13.348 10 INFO neutron.db.ovn_revision_numbers_db [None req-f4e69d25-c5c8-46fb-ba07-3488c504c0e7 75768c1fe66f40d8ac497851aad27f4a 0a9dcc62f14642378af343506e8ef911 - - - -] Successfully bumped revision number for resource ae994daa-73eb-410a-bcbf-4a1a6ecc9a51 (type: ports) to 1
2026-08-04 16:42:13.379 10 INFO neutron.wsgi [None req-f4e69d25-c5c8-46fb-ba07-3488c504c0e7 75768c1fe66f40d8ac497851aad27f4a 0a9dcc62f14642378af343506e8ef911 - - - -] 10.0.0.167 "POST /v2.0/ports HTTP/1.1" status: 201 len: 942 time: 0.3769484
2026-08-04 16:42:14.122 9 INFO neutron.wsgi [None req-a12e73e8-741a-492e-88de-6b00a18f271e 75768c1fe66f40d8ac497851aad27f4a 0a9dcc62f14642378af343506e8ef911 - - - -] 10.0.0.167 "POST /v2.0/trunks HTTP/1.1" status: 201 len: 608 time: 0.7363033 /var/lib/openstack/lib/python3.10/site-packages/pycadf/identifier.py:71: UserWarning: Invalid uuid: neutron. To ensure interoperability, identifiers should be a valid uuid. warnings.warn(('Invalid uuid: %s. To ensure interoperability, '
2026-08-04 16:42:14.133 9 INFO neutron.db.ovn_revision_numbers_db [None req-bf202515-1b3a-4823-9d5f-3cd274afef13 - - - - - -] Successfully bumped revision number for resource 9d33ee8c-f078-467e-9103-7f80a7823e25 (type: ports) to 3
2026-08-04 16:42:14.217 10 INFO neutron.db.segments_db [None req-e819b915-8fa0-43eb-b98f-4a4ef4a7ab5e 75768c1fe66f40d8ac497851aad27f4a 0a9dcc62f14642378af343506e8ef911 - - - -] Added segment c7d3714c-51f4-438a-af77-53c4ff498813 of type geneve for network 91de3a3f-e573-40b3-8b18-d379d8ce5758
2026-08-04 16:42:14.261 9 INFO neutron.db.ovn_revision_numbers_db [None req-05b065fb-63e3-49b8-ba34-bb0b78c239b1 3b097d311a4a4c638583644899515cab 4c787b13fdd14d349750e6d5144fb437 - - - -] Successfully bumped revision number for resource e898f763-53ea-44f0-b6fd-dba9c8dbc1f5 (type: ports) to 2
2026-08-04 16:42:14.270 9 INFO neutron.db.ovn_revision_numbers_db [None req-bf202515-1b3a-4823-9d5f-3cd274afef13 - - - - - -] Successfully bumped revision number for resource 9d33ee8c-f078-467e-9103-7f80a7823e25 (type: router_ports) to 3
2026-08-04 16:42:14.369 10 INFO neutron.db.ovn_revision_numbers_db [None req-e819b915-8fa0-43eb-b98f-4a4ef4a7ab5e 75768c1fe66f40d8ac497851aad27f4a 0a9dcc62f14642378af343506e8ef911 - - - -] Successfully bumped revision number for resource 91de3a3f-e573-40b3-8b18-d379d8ce5758 (type: networks) to 1
2026-08-04 16:42:14.484 9 INFO neutron.db.ovn_revision_numbers_db [None req-05b065fb-63e3-49b8-ba34-bb0b78c239b1 3b097d311a4a4c638583644899515cab 4c787b13fdd14d349750e6d5144fb437 - - - -] Successfully bumped revision number for resource e898f763-53ea-44f0-b6fd-dba9c8dbc1f5 (type: ports) to 2
2026-08-04 16:42:14.505 9 INFO neutron.wsgi [None req-05b065fb-63e3-49b8-ba34-bb0b78c239b1 3b097d311a4a4c638583644899515cab 4c787b13fdd14d349750e6d5144fb437 - - - -] 199.19.213.137 "PUT /v2.0/ports/e898f763-53ea-44f0-b6fd-dba9c8dbc1f5 HTTP/1.1" status: 200 len: 1557 time: 1.1990488
2026-08-04 16:42:14.552 9 INFO neutron.notifiers.nova [-] Nova event matching ['req-8fb5758b-bc16-41f6-80c3-43e4c1c06724'] response: {'name': 'network-changed', 'server_uuid': 'de54cca3-e243-44ad-8cd4-ffb103a33910', 'tag': 'e898f763-53ea-44f0-b6fd-dba9c8dbc1f5', 'status': 'completed', 'code': 200} /var/lib/openstack/lib/python3.10/site-packages/pycadf/identifier.py:71: UserWarning: Invalid uuid: neutron. To ensure interoperability, identifiers should be a valid uuid. warnings.warn(('Invalid uuid: %s. To ensure interoperability, '
2026-08-04 16:42:14.599 9 INFO neutron.wsgi [req-6d3bdd38-73e6-49ac-9946-07013c4b1341 req-6b00b327-dc99-4275-94eb-5b032c6f3c01 3b097d311a4a4c638583644899515cab 4c787b13fdd14d349750e6d5144fb437 - - 5542a1e84d6847768ce2ec334b584dc7 5542a1e84d6847768ce2ec334b584dc7] 199.19.213.137 "GET /v2.0/ports?tenant_id=81426bf43d0d4338b795a869351340cb&device_id=de54cca3-e243-44ad-8cd4-ffb103a33910 HTTP/1.1" status: 200 len: 1588 time: 0.0493212
2026-08-04 16:42:14.610 10 WARNING neutron.scheduler.dhcp_agent_scheduler [None req-e819b915-8fa0-43eb-b98f-4a4ef4a7ab5e 75768c1fe66f40d8ac497851aad27f4a 0a9dcc62f14642378af343506e8ef911 - - - -] No more DHCP agents
2026-08-04 16:42:14.612 10 WARNING neutron.api.rpc.agentnotifiers.dhcp_rpc_agent_api [None req-e819b915-8fa0-43eb-b98f-4a4ef4a7ab5e 75768c1fe66f40d8ac497851aad27f4a 0a9dcc62f14642378af343506e8ef911 - - - -] Unable to schedule network 91de3a3f-e573-40b3-8b18-d379d8ce5758: no agents available; will retry on subsequent port and subnet creation events.
2026-08-04 16:42:14.639 9 INFO neutron.wsgi [req-6d3bdd38-73e6-49ac-9946-07013c4b1341 req-95b19df9-7ac3-421b-b296-eb62e2ceb195 3b097d311a4a4c638583644899515cab 4c787b13fdd14d349750e6d5144fb437 - - 5542a1e84d6847768ce2ec334b584dc7 5542a1e84d6847768ce2ec334b584dc7] 199.19.213.137 "GET /v2.0/floatingips?fixed_ip_address=10.2.1.165&port_id=e898f763-53ea-44f0-b6fd-dba9c8dbc1f5 HTTP/1.1" status: 200 len: 217 time: 0.0342996
2026-08-04 16:42:14.673 9 INFO neutron.wsgi [req-6d3bdd38-73e6-49ac-9946-07013c4b1341 req-a78f569a-efa3-4d3c-b269-ad2014f85649 3b097d311a4a4c638583644899515cab 4c787b13fdd14d349750e6d5144fb437 - - 5542a1e84d6847768ce2ec334b584dc7 5542a1e84d6847768ce2ec334b584dc7] 199.19.213.137 "GET /v2.0/floatingips?fixed_ip_address=fd7b%3Af9f7%3Afff%3A4eca%3A%3A33c&port_id=e898f763-53ea-44f0-b6fd-dba9c8dbc1f5 HTTP/1.1" status: 200 len: 217 time: 0.0277343
2026-08-04 16:42:14.675 10 INFO neutron.db.ovn_revision_numbers_db [None req-e819b915-8fa0-43eb-b98f-4a4ef4a7ab5e 75768c1fe66f40d8ac497851aad27f4a 0a9dcc62f14642378af343506e8ef911 - - - -] Successfully bumped revision number for resource b547b5b1-2d8b-49a7-8337-af5c643beb87 (type: ports) to 1
2026-08-04 16:42:14.693 10 INFO neutron.wsgi [None req-e819b915-8fa0-43eb-b98f-4a4ef4a7ab5e 75768c1fe66f40d8ac497851aad27f4a 0a9dcc62f14642378af343506e8ef911 - - - -] 10.0.0.167 "POST /v2.0/networks HTTP/1.1" status: 201 len: 830 time: 0.5646513
2026-08-04 16:42:14.725 9 INFO neutron.wsgi [req-6d3bdd38-73e6-49ac-9946-07013c4b1341 req-a224788f-c491-4188-8b1a-a6f1c608f967 3b097d311a4a4c638583644899515cab 4c787b13fdd14d349750e6d5144fb437 - - 5542a1e84d6847768ce2ec334b584dc7 5542a1e84d6847768ce2ec334b584dc7] 199.19.213.137 "GET /v2.0/subnets?id=48fcc462-429d-4843-81af-2639d9ade788&id=682494f6-9712-497c-8904-4d7f10ae1e76 HTTP/1.1" status: 200 len: 1561 time: 0.0460036
2026-08-04 16:42:14.770 9 INFO neutron.wsgi [req-6d3bdd38-73e6-49ac-9946-07013c4b1341 req-e134db5f-104f-499b-84dd-73c694ca352f 3b097d311a4a4c638583644899515cab 4c787b13fdd14d349750e6d5144fb437 - - 5542a1e84d6847768ce2ec334b584dc7 5542a1e84d6847768ce2ec334b584dc7] 199.19.213.137 "GET /v2.0/ports?network_id=bdbeebb9-d8d0-4d22-99ae-fb6c22fa761b&device_owner=network%3Adhcp HTTP/1.1" status: 200 len: 210 time: 0.0319033
2026-08-04 16:42:14.804 9 INFO neutron.wsgi [req-6d3bdd38-73e6-49ac-9946-07013c4b1341 req-33decde8-f07a-4c82-91d9-07a4934aa945 3b097d311a4a4c638583644899515cab 4c787b13fdd14d349750e6d5144fb437 - - 5542a1e84d6847768ce2ec334b584dc7 5542a1e84d6847768ce2ec334b584dc7] 199.19.213.137 "GET /v2.0/ports?network_id=bdbeebb9-d8d0-4d22-99ae-fb6c22fa761b&device_owner=network%3Adhcp HTTP/1.1" status: 200 len: 210 time: 0.0273371
2026-08-04 16:42:14.885 9 INFO neutron.wsgi [req-6d3bdd38-73e6-49ac-9946-07013c4b1341 req-4d84bd4d-2e35-4b75-b006-175a8f4d9223 3b097d311a4a4c638583644899515cab 4c787b13fdd14d349750e6d5144fb437 - - 5542a1e84d6847768ce2ec334b584dc7 5542a1e84d6847768ce2ec334b584dc7] 199.19.213.137 "GET /v2.0/networks/bdbeebb9-d8d0-4d22-99ae-fb6c22fa761b?fields=segments HTTP/1.1" status: 200 len: 212 time: 0.0737302
2026-08-04 16:42:14.982 9 INFO neutron.wsgi [req-6d3bdd38-73e6-49ac-9946-07013c4b1341 req-a53bb33c-778d-464e-8077-a3f0d6033121 3b097d311a4a4c638583644899515cab 4c787b13fdd14d349750e6d5144fb437 - - 5542a1e84d6847768ce2ec334b584dc7 5542a1e84d6847768ce2ec334b584dc7] 199.19.213.137 "GET /v2.0/networks/bdbeebb9-d8d0-4d22-99ae-fb6c22fa761b?fields=provider%3Aphysical_network&fields=provider%3Anetwork_type HTTP/1.1" status: 200 len: 277 time: 0.0823338
2026-08-04 16:42:14.994 9 WARNING neutron.scheduler.dhcp_agent_scheduler [None req-23771820-1357-4685-8e67-49e744cd2f90 75768c1fe66f40d8ac497851aad27f4a 0a9dcc62f14642378af343506e8ef911 - - - -] No more DHCP agents
2026-08-04 16:42:14.995 9 WARNING neutron.api.rpc.agentnotifiers.dhcp_rpc_agent_api [None req-23771820-1357-4685-8e67-49e744cd2f90 75768c1fe66f40d8ac497851aad27f4a 0a9dcc62f14642378af343506e8ef911 - - - -] Unable to schedule network 91de3a3f-e573-40b3-8b18-d379d8ce5758: no agents available; will retry on subsequent port and subnet creation events. /var/lib/openstack/lib/python3.10/site-packages/pycadf/identifier.py:71: UserWarning: Invalid uuid: neutron. To ensure interoperability, identifiers should be a valid uuid. warnings.warn(('Invalid uuid: %s. To ensure interoperability, '
2026-08-04 16:42:15.076 9 INFO neutron.wsgi [req-e86f3b12-0ba6-4da6-ab0a-eaa600e284e5 req-8814f39b-56d9-4b27-8acd-13785a02bad1 3b097d311a4a4c638583644899515cab 4c787b13fdd14d349750e6d5144fb437 - - 5542a1e84d6847768ce2ec334b584dc7 5542a1e84d6847768ce2ec334b584dc7] 199.19.213.137 "GET /v2.0/ports?tenant_id=81426bf43d0d4338b795a869351340cb&device_id=de54cca3-e243-44ad-8cd4-ffb103a33910 HTTP/1.1" status: 200 len: 1588 time: 0.0382087
2026-08-04 16:42:15.091 9 INFO neutron.db.ovn_revision_numbers_db [None req-23771820-1357-4685-8e67-49e744cd2f90 75768c1fe66f40d8ac497851aad27f4a 0a9dcc62f14642378af343506e8ef911 - - - -] Successfully bumped revision number for resource 57c78890-f3f3-4f7e-a176-113182d867fd (type: ports) to 1
2026-08-04 16:42:15.131 9 INFO neutron.wsgi [None req-23771820-1357-4685-8e67-49e744cd2f90 75768c1fe66f40d8ac497851aad27f4a 0a9dcc62f14642378af343506e8ef911 - - - -] 10.0.0.167 "POST /v2.0/ports HTTP/1.1" status: 201 len: 942 time: 0.4320970
2026-08-04 16:42:15.141 9 INFO neutron.wsgi [req-e86f3b12-0ba6-4da6-ab0a-eaa600e284e5 req-ba996b81-a2ce-4e86-8447-c335d16a81b2 3b097d311a4a4c638583644899515cab 4c787b13fdd14d349750e6d5144fb437 - - 5542a1e84d6847768ce2ec334b584dc7 5542a1e84d6847768ce2ec334b584dc7] 199.19.213.137 "GET /v2.0/networks?id=bdbeebb9-d8d0-4d22-99ae-fb6c22fa761b HTTP/1.1" status: 200 len: 1002 time: 0.0615125
2026-08-04 16:42:15.177 9 INFO neutron.wsgi [req-e86f3b12-0ba6-4da6-ab0a-eaa600e284e5 req-154d12e8-257a-45b3-b9bf-ca56f3b814ba 3b097d311a4a4c638583644899515cab 4c787b13fdd14d349750e6d5144fb437 - - 5542a1e84d6847768ce2ec334b584dc7 5542a1e84d6847768ce2ec334b584dc7] 199.19.213.137 "GET /v2.0/floatingips?fixed_ip_address=10.2.1.165&port_id=e898f763-53ea-44f0-b6fd-dba9c8dbc1f5 HTTP/1.1" status: 200 len: 217 time: 0.0242782
2026-08-04 16:42:15.221 9 INFO neutron.wsgi [req-e86f3b12-0ba6-4da6-ab0a-eaa600e284e5 req-5072434e-e763-4a8f-9d57-7bc0a253aa5b 3b097d311a4a4c638583644899515cab 4c787b13fdd14d349750e6d5144fb437 - - 5542a1e84d6847768ce2ec334b584dc7 5542a1e84d6847768ce2ec334b584dc7] 199.19.213.137 "GET /v2.0/floatingips?fixed_ip_address=fd7b%3Af9f7%3Afff%3A4eca%3A%3A33c&port_id=e898f763-53ea-44f0-b6fd-dba9c8dbc1f5 HTTP/1.1" status: 200 len: 217 time: 0.0363071
2026-08-04 16:42:15.264 9 INFO neutron.wsgi [req-e86f3b12-0ba6-4da6-ab0a-eaa600e284e5 req-9eab02ec-5db2-47c1-a9f9-8662bf567eaa 3b097d311a4a4c638583644899515cab 4c787b13fdd14d349750e6d5144fb437 - - 5542a1e84d6847768ce2ec334b584dc7 5542a1e84d6847768ce2ec334b584dc7] 199.19.213.137 "GET /v2.0/subnets?id=48fcc462-429d-4843-81af-2639d9ade788&id=682494f6-9712-497c-8904-4d7f10ae1e76 HTTP/1.1" status: 200 len: 1561 time: 0.0366275
2026-08-04 16:42:15.297 9 INFO neutron.wsgi [req-e86f3b12-0ba6-4da6-ab0a-eaa600e284e5 req-5699a1d7-f969-49fc-98f2-b11ce238898d 3b097d311a4a4c638583644899515cab 4c787b13fdd14d349750e6d5144fb437 - - 5542a1e84d6847768ce2ec334b584dc7 5542a1e84d6847768ce2ec334b584dc7] 199.19.213.137 "GET /v2.0/ports?network_id=bdbeebb9-d8d0-4d22-99ae-fb6c22fa761b&device_owner=network%3Adhcp HTTP/1.1" status: 200 len: 210 time: 0.0274489
2026-08-04 16:42:15.324 9 INFO neutron.wsgi [req-e86f3b12-0ba6-4da6-ab0a-eaa600e284e5 req-9e56dc68-84ca-4357-86f6-8ebdac73a57d 3b097d311a4a4c638583644899515cab 4c787b13fdd14d349750e6d5144fb437 - - 5542a1e84d6847768ce2ec334b584dc7 5542a1e84d6847768ce2ec334b584dc7] 199.19.213.137 "GET /v2.0/ports?network_id=bdbeebb9-d8d0-4d22-99ae-fb6c22fa761b&device_owner=network%3Adhcp HTTP/1.1" status: 200 len: 210 time: 0.0226326
2026-08-04 16:42:15.416 9 INFO neutron.wsgi [req-e86f3b12-0ba6-4da6-ab0a-eaa600e284e5 req-1ff71d7a-6c6d-4d58-a71f-e3d73d4384c8 3b097d311a4a4c638583644899515cab 4c787b13fdd14d349750e6d5144fb437 - - 5542a1e84d6847768ce2ec334b584dc7 5542a1e84d6847768ce2ec334b584dc7] 199.19.213.137 "GET /v2.0/networks/bdbeebb9-d8d0-4d22-99ae-fb6c22fa761b?fields=segments HTTP/1.1" status: 200 len: 212 time: 0.0874658
2026-08-04 16:42:15.446 10 INFO neutron.wsgi [None req-77a85bd2-1b28-4062-840d-6960cdbbff5e 75768c1fe66f40d8ac497851aad27f4a 0a9dcc62f14642378af343506e8ef911 - - - -] 10.0.0.167 "POST /v2.0/trunks HTTP/1.1" status: 201 len: 608 time: 0.3082426
2026-08-04 16:42:15.533 9 INFO neutron.wsgi [req-e86f3b12-0ba6-4da6-ab0a-eaa600e284e5 req-e313125a-f59c-43c8-8271-392b7ff0a378 3b097d311a4a4c638583644899515cab 4c787b13fdd14d349750e6d5144fb437 - - 5542a1e84d6847768ce2ec334b584dc7 5542a1e84d6847768ce2ec334b584dc7] 199.19.213.137 "GET /v2.0/networks/bdbeebb9-d8d0-4d22-99ae-fb6c22fa761b?fields=provider%3Aphysical_network&fields=provider%3Anetwork_type HTTP/1.1" status: 200 len: 277 time: 0.1106789
2026-08-04 16:42:15.601 9 INFO neutron.db.segments_db [None req-f3b6c722-7719-418e-baf8-afe9166853c9 75768c1fe66f40d8ac497851aad27f4a 0a9dcc62f14642378af343506e8ef911 - - - -] Added segment 4f9cbaed-1fe3-484b-b82a-619c0a075959 of type geneve for network 285954ec-7d15-42a7-8af7-ab3519bbd175
2026-08-04 16:42:15.733 9 INFO neutron.db.ovn_revision_numbers_db [None req-f3b6c722-7719-418e-baf8-afe9166853c9 75768c1fe66f40d8ac497851aad27f4a 0a9dcc62f14642378af343506e8ef911 - - - -] Successfully bumped revision number for resource 285954ec-7d15-42a7-8af7-ab3519bbd175 (type: networks) to 1
2026-08-04 16:42:15.950 9 WARNING neutron.scheduler.dhcp_agent_scheduler [None req-f3b6c722-7719-418e-baf8-afe9166853c9 75768c1fe66f40d8ac497851aad27f4a 0a9dcc62f14642378af343506e8ef911 - - - -] No more DHCP agents
2026-08-04 16:42:15.953 9 WARNING neutron.api.rpc.agentnotifiers.dhcp_rpc_agent_api [None req-f3b6c722-7719-418e-baf8-afe9166853c9 75768c1fe66f40d8ac497851aad27f4a 0a9dcc62f14642378af343506e8ef911 - - - -] Unable to schedule network 285954ec-7d15-42a7-8af7-ab3519bbd175: no agents available; will retry on subsequent port and subnet creation events.
2026-08-04 16:42:16.027 9 INFO neutron.db.ovn_revision_numbers_db [None req-f3b6c722-7719-418e-baf8-afe9166853c9 75768c1fe66f40d8ac497851aad27f4a 0a9dcc62f14642378af343506e8ef911 - - - -] Successfully bumped revision number for resource 7e0c122b-470b-4ecd-8562-02e8a01b76bd (type: ports) to 1
2026-08-04 16:42:16.052 9 INFO neutron.wsgi [None req-f3b6c722-7719-418e-baf8-afe9166853c9 75768c1fe66f40d8ac497851aad27f4a 0a9dcc62f14642378af343506e8ef911 - - - -] 10.0.0.167 "POST /v2.0/networks HTTP/1.1" status: 201 len: 830 time: 0.5991688
2026-08-04 16:42:16.312 9 WARNING neutron.scheduler.dhcp_agent_scheduler [None req-2ba0b55d-2e00-456c-88b1-f7991a229846 75768c1fe66f40d8ac497851aad27f4a 0a9dcc62f14642378af343506e8ef911 - - - -] No more DHCP agents
2026-08-04 16:42:16.314 9 WARNING neutron.api.rpc.agentnotifiers.dhcp_rpc_agent_api [None req-2ba0b55d-2e00-456c-88b1-f7991a229846 75768c1fe66f40d8ac497851aad27f4a 0a9dcc62f14642378af343506e8ef911 - - - -] Unable to schedule network 285954ec-7d15-42a7-8af7-ab3519bbd175: no agents available; will retry on subsequent port and subnet creation events.
2026-08-04 16:42:16.388 9 INFO neutron.db.ovn_revision_numbers_db [None req-2ba0b55d-2e00-456c-88b1-f7991a229846 75768c1fe66f40d8ac497851aad27f4a 0a9dcc62f14642378af343506e8ef911 - - - -] Successfully bumped revision number for resource 2c7fbdaa-0f98-424f-a420-637f72f767cf (type: ports) to 1
2026-08-04 16:42:16.413 9 INFO neutron.wsgi [None req-2ba0b55d-2e00-456c-88b1-f7991a229846 75768c1fe66f40d8ac497851aad27f4a 0a9dcc62f14642378af343506e8ef911 - - - -] 10.0.0.167 "POST /v2.0/ports HTTP/1.1" status: 201 len: 942 time: 0.3562725
2026-08-04 16:42:16.710 10 INFO neutron.wsgi [None req-bbd67b24-9cae-4e04-9d02-cb6b66728f6a 75768c1fe66f40d8ac497851aad27f4a 0a9dcc62f14642378af343506e8ef911 - - - -] 10.0.0.167 "POST /v2.0/trunks HTTP/1.1" status: 201 len: 608 time: 0.2862558
2026-08-04 16:42:16.832 10 INFO neutron.db.segments_db [None req-bbd2a47d-5bed-45ce-8417-a22f5bf90303 75768c1fe66f40d8ac497851aad27f4a 0a9dcc62f14642378af343506e8ef911 - - - -] Added segment ca8845a7-422c-490d-862f-2747bd1546a1 of type geneve for network cd5d2ebf-7121-4f71-bbdd-922a8a1afb6e
2026-08-04 16:42:17.043 10 INFO neutron.db.ovn_revision_numbers_db [None req-bbd2a47d-5bed-45ce-8417-a22f5bf90303 75768c1fe66f40d8ac497851aad27f4a 0a9dcc62f14642378af343506e8ef911 - - - -] Successfully bumped revision number for resource cd5d2ebf-7121-4f71-bbdd-922a8a1afb6e (type: networks) to 1
2026-08-04 16:42:17.094 10 INFO neutron.wsgi [req-c06e987d-26aa-4073-85d6-4baf82154eee req-a4399b04-a4d1-480b-bb46-a6e9704a136f 901e7384df064b83a0ef31795301a8dd 81426bf43d0d4338b795a869351340cb - - default default] 10.0.0.245 "GET /v2.0/ports?device_id=de54cca3-e243-44ad-8cd4-ffb103a33910 HTTP/1.1" status: 200 len: 1398 time: 0.3005958
2026-08-04 16:42:17.177 10 INFO neutron.wsgi [req-c06e987d-26aa-4073-85d6-4baf82154eee req-2f19c9a1-064d-4569-994f-d4dc37928ffa 901e7384df064b83a0ef31795301a8dd 81426bf43d0d4338b795a869351340cb - - default default] 10.0.0.245 "GET /v2.0/security-groups?id=a4dfb431-8432-4318-8ef8-91103c11f2d2&fields=id&fields=name HTTP/1.1" status: 200 len: 311 time: 0.0711622
2026-08-04 16:42:17.294 10 WARNING neutron.scheduler.dhcp_agent_scheduler [None req-bbd2a47d-5bed-45ce-8417-a22f5bf90303 75768c1fe66f40d8ac497851aad27f4a 0a9dcc62f14642378af343506e8ef911 - - - -] No more DHCP agents
2026-08-04 16:42:17.295 10 WARNING neutron.api.rpc.agentnotifiers.dhcp_rpc_agent_api [None req-bbd2a47d-5bed-45ce-8417-a22f5bf90303 75768c1fe66f40d8ac497851aad27f4a 0a9dcc62f14642378af343506e8ef911 - - - -] Unable to schedule network cd5d2ebf-7121-4f71-bbdd-922a8a1afb6e: no agents available; will retry on subsequent port and subnet creation events.
2026-08-04 16:42:17.362 10 INFO neutron.db.ovn_revision_numbers_db [None req-bbd2a47d-5bed-45ce-8417-a22f5bf90303 75768c1fe66f40d8ac497851aad27f4a 0a9dcc62f14642378af343506e8ef911 - - - -] Successfully bumped revision number for resource 36c1d628-022b-4cc6-bf03-b002540ded0b (type: ports) to 1
2026-08-04 16:42:17.389 10 INFO neutron.wsgi [None req-bbd2a47d-5bed-45ce-8417-a22f5bf90303 75768c1fe66f40d8ac497851aad27f4a 0a9dcc62f14642378af343506e8ef911 - - - -] 10.0.0.167 "POST /v2.0/networks HTTP/1.1" status: 201 len: 831 time: 0.6687186
2026-08-04 16:42:17.695 10 WARNING neutron.scheduler.dhcp_agent_scheduler [None req-2d6c220d-7971-46f3-b628-c7c78bef9b69 75768c1fe66f40d8ac497851aad27f4a 0a9dcc62f14642378af343506e8ef911 - - - -] No more DHCP agents
2026-08-04 16:42:17.697 10 WARNING neutron.api.rpc.agentnotifiers.dhcp_rpc_agent_api [None req-2d6c220d-7971-46f3-b628-c7c78bef9b69 75768c1fe66f40d8ac497851aad27f4a 0a9dcc62f14642378af343506e8ef911 - - - -] Unable to schedule network cd5d2ebf-7121-4f71-bbdd-922a8a1afb6e: no agents available; will retry on subsequent port and subnet creation events.
2026-08-04 16:42:17.761 10 INFO neutron.db.ovn_revision_numbers_db [None req-2d6c220d-7971-46f3-b628-c7c78bef9b69 75768c1fe66f40d8ac497851aad27f4a 0a9dcc62f14642378af343506e8ef911 - - - -] Successfully bumped revision number for resource 0175ba08-3179-42d4-9756-4e85114cd9af (type: ports) to 1
2026-08-04 16:42:17.786 10 INFO neutron.wsgi [None req-2d6c220d-7971-46f3-b628-c7c78bef9b69 75768c1fe66f40d8ac497851aad27f4a 0a9dcc62f14642378af343506e8ef911 - - - -] 10.0.0.167 "POST /v2.0/ports HTTP/1.1" status: 201 len: 942 time: 0.3897390 /var/lib/openstack/lib/python3.10/site-packages/pycadf/identifier.py:71: UserWarning: Invalid uuid: neutron. To ensure interoperability, identifiers should be a valid uuid. warnings.warn(('Invalid uuid: %s. To ensure interoperability, '
2026-08-04 16:42:18.014 10 INFO neutron.wsgi [None req-487bff2d-59c5-4527-b77c-d1a400209644 75768c1fe66f40d8ac497851aad27f4a 0a9dcc62f14642378af343506e8ef911 - - - -] 10.0.0.167 "POST /v2.0/trunks HTTP/1.1" status: 201 len: 608 time: 0.2213964
2026-08-04 16:42:18.101 10 INFO neutron.db.segments_db [None req-42c75764-a7f4-4aad-adc8-2e5dfa4838c0 75768c1fe66f40d8ac497851aad27f4a 0a9dcc62f14642378af343506e8ef911 - - - -] Added segment 1c27dbca-3341-4122-a61b-50a85f64566e of type geneve for network 840d470b-9227-4575-a4a4-b2c54e60d878
2026-08-04 16:42:18.244 10 INFO neutron.db.ovn_revision_numbers_db [None req-42c75764-a7f4-4aad-adc8-2e5dfa4838c0 75768c1fe66f40d8ac497851aad27f4a 0a9dcc62f14642378af343506e8ef911 - - - -] Successfully bumped revision number for resource 840d470b-9227-4575-a4a4-b2c54e60d878 (type: networks) to 1
2026-08-04 16:42:18.434 10 WARNING neutron.scheduler.dhcp_agent_scheduler [None req-42c75764-a7f4-4aad-adc8-2e5dfa4838c0 75768c1fe66f40d8ac497851aad27f4a 0a9dcc62f14642378af343506e8ef911 - - - -] No more DHCP agents
2026-08-04 16:42:18.436 10 WARNING neutron.api.rpc.agentnotifiers.dhcp_rpc_agent_api [None req-42c75764-a7f4-4aad-adc8-2e5dfa4838c0 75768c1fe66f40d8ac497851aad27f4a 0a9dcc62f14642378af343506e8ef911 - - - -] Unable to schedule network 840d470b-9227-4575-a4a4-b2c54e60d878: no agents available; will retry on subsequent port and subnet creation events.
2026-08-04 16:42:18.560 10 INFO neutron.db.ovn_revision_numbers_db [None req-42c75764-a7f4-4aad-adc8-2e5dfa4838c0 75768c1fe66f40d8ac497851aad27f4a 0a9dcc62f14642378af343506e8ef911 - - - -] Successfully bumped revision number for resource d4704d48-8262-41e5-a27d-4ca1ff046f99 (type: ports) to 1
2026-08-04 16:42:18.594 10 INFO neutron.wsgi [None req-42c75764-a7f4-4aad-adc8-2e5dfa4838c0 75768c1fe66f40d8ac497851aad27f4a 0a9dcc62f14642378af343506e8ef911 - - - -] 10.0.0.167 "POST /v2.0/networks HTTP/1.1" status: 201 len: 830 time: 0.5737467
2026-08-04 16:42:18.894 10 WARNING neutron.scheduler.dhcp_agent_scheduler [None req-471921f1-1bbe-4075-8d08-e9f358a1514c 75768c1fe66f40d8ac497851aad27f4a 0a9dcc62f14642378af343506e8ef911 - - - -] No more DHCP agents
2026-08-04 16:42:18.896 10 WARNING neutron.api.rpc.agentnotifiers.dhcp_rpc_agent_api [None req-471921f1-1bbe-4075-8d08-e9f358a1514c 75768c1fe66f40d8ac497851aad27f4a 0a9dcc62f14642378af343506e8ef911 - - - -] Unable to schedule network 840d470b-9227-4575-a4a4-b2c54e60d878: no agents available; will retry on subsequent port and subnet creation events.
2026-08-04 16:42:18.962 10 INFO neutron.db.ovn_revision_numbers_db [None req-471921f1-1bbe-4075-8d08-e9f358a1514c 75768c1fe66f40d8ac497851aad27f4a 0a9dcc62f14642378af343506e8ef911 - - - -] Successfully bumped revision number for resource 5df42648-9ae5-47ac-b343-868e2b98990c (type: ports) to 1
2026-08-04 16:42:18.987 10 INFO neutron.wsgi [None req-471921f1-1bbe-4075-8d08-e9f358a1514c 75768c1fe66f40d8ac497851aad27f4a 0a9dcc62f14642378af343506e8ef911 - - - -] 10.0.0.167 "POST /v2.0/ports HTTP/1.1" status: 201 len: 942 time: 0.3882110 /var/lib/openstack/lib/python3.10/site-packages/pycadf/identifier.py:71: UserWarning: Invalid uuid: neutron. To ensure interoperability, identifiers should be a valid uuid. warnings.warn(('Invalid uuid: %s. To ensure interoperability, '
2026-08-04 16:42:19.190 9 WARNING neutron.plugins.ml2.drivers.ovn.mech_driver.ovsdb.ovn_client [None req-bf202515-1b3a-4823-9d5f-3cd274afef13 - - - - - -] No hosting information found for port 9d33ee8c-f078-467e-9103-7f80a7823e25: RuntimeError: No hosting information found for port 9d33ee8c-f078-467e-9103-7f80a7823e25
2026-08-04 16:42:19.191 9 INFO neutron.plugins.ml2.drivers.ovn.mech_driver.mech_driver [None req-bf202515-1b3a-4823-9d5f-3cd274afef13 - - - - - -] OVN reports status up for port: e898f763-53ea-44f0-b6fd-dba9c8dbc1f5
2026-08-04 16:42:19.198 10 INFO neutron.wsgi [None req-5208825b-88da-4313-9f15-46eb075b2e41 75768c1fe66f40d8ac497851aad27f4a 0a9dcc62f14642378af343506e8ef911 - - - -] 10.0.0.167 "POST /v2.0/trunks HTTP/1.1" status: 201 len: 608 time: 0.2031636
2026-08-04 16:42:19.202 9 INFO neutron.plugins.ml2.plugin [None req-bf202515-1b3a-4823-9d5f-3cd274afef13 - - - - - -] Attempt 1 to provision port e898f763-53ea-44f0-b6fd-dba9c8dbc1f5 /var/lib/openstack/lib/python3.10/site-packages/pycadf/identifier.py:71: UserWarning: Invalid uuid: neutron. To ensure interoperability, identifiers should be a valid uuid. warnings.warn(('Invalid uuid: %s. To ensure interoperability, '
2026-08-04 16:42:19.241 9 INFO neutron.wsgi [None req-247825c3-cf67-4f1b-898f-88cedda0db58 75768c1fe66f40d8ac497851aad27f4a 0a9dcc62f14642378af343506e8ef911 - - - -] 10.0.0.167 "PUT /v2.0/trunks/efea514d-6a21-442c-a7ca-d5e5288b37ad/tags HTTP/1.1" status: 200 len: 210 time: 0.0365539
2026-08-04 16:42:19.288 9 INFO neutron.wsgi [None req-a5e597f3-97c1-4373-8353-1b8b721cd61e 75768c1fe66f40d8ac497851aad27f4a 0a9dcc62f14642378af343506e8ef911 - - - -] 10.0.0.167 "PUT /v2.0/trunks/4e7690f9-4201-459d-b448-9911dd00a75c/tags HTTP/1.1" status: 200 len: 218 time: 0.0382991
2026-08-04 16:42:19.336 9 INFO neutron.wsgi [None req-9d74709a-23f3-4b29-9f07-362ad41476db 75768c1fe66f40d8ac497851aad27f4a 0a9dcc62f14642378af343506e8ef911 - - - -] 10.0.0.167 "PUT /v2.0/trunks/22145308-6b71-4002-aa2d-29ce05e17c19/tags HTTP/1.1" status: 200 len: 227 time: 0.0416715
2026-08-04 16:42:19.343 9 INFO neutron.notifiers.nova [-] Nova event matching ['req-ab93b6b4-c1d1-4e8e-8607-6ef610aef35c'] response: {'server_uuid': 'de54cca3-e243-44ad-8cd4-ffb103a33910', 'name': 'network-vif-plugged', 'status': 'completed', 'tag': 'e898f763-53ea-44f0-b6fd-dba9c8dbc1f5', 'code': 200}
2026-08-04 16:42:19.372 10 INFO neutron.wsgi [None req-11bcdb1f-6b8e-4aae-a13f-8a7327f3d588 75768c1fe66f40d8ac497851aad27f4a 0a9dcc62f14642378af343506e8ef911 - - - -] 10.0.0.167 "PUT /v2.0/trunks/a34aa255-f3d7-416a-8a61-bb9c93f7b049/tags HTTP/1.1" status: 200 len: 212 time: 0.0257139
2026-08-04 16:42:19.409 10 INFO neutron.wsgi [None req-7e1dceba-f53e-41cd-a7f5-228f31acf285 75768c1fe66f40d8ac497851aad27f4a 0a9dcc62f14642378af343506e8ef911 - - default default] 10.0.0.167 "GET /v2.0/trunks?tags=red HTTP/1.1" status: 200 len: 1447 time: 0.0308275
2026-08-04 16:42:19.476 10 INFO neutron.wsgi [None req-8d891f05-38a9-4a08-a6bf-0cf8706b3690 75768c1fe66f40d8ac497851aad27f4a 0a9dcc62f14642378af343506e8ef911 - - default default] 10.0.0.167 "GET /v2.0/trunks?tags=red%2Cblue HTTP/1.1" status: 200 len: 1041 time: 0.0606406
2026-08-04 16:42:19.521 10 INFO neutron.wsgi [None req-90b045a5-ec2a-4b94-8b5d-dbb671d7e5b9 75768c1fe66f40d8ac497851aad27f4a 0a9dcc62f14642378af343506e8ef911 - - default default] 10.0.0.167 "GET /v2.0/trunks?tags-any=blue HTTP/1.1" status: 200 len: 1041 time: 0.0370128
2026-08-04 16:42:19.528 9 INFO neutron.db.ovn_revision_numbers_db [None req-bf202515-1b3a-4823-9d5f-3cd274afef13 - - - - - -] Successfully bumped revision number for resource e898f763-53ea-44f0-b6fd-dba9c8dbc1f5 (type: ports) to 4
2026-08-04 16:42:19.589 9 INFO neutron.wsgi [None req-3eaa2188-5375-44d5-a35f-c3f0b1b5db80 75768c1fe66f40d8ac497851aad27f4a 0a9dcc62f14642378af343506e8ef911 - - default default] 10.0.0.167 "GET /v2.0/trunks?tags-any=red%2Cblue HTTP/1.1" status: 200 len: 1447 time: 0.0574555
2026-08-04 16:42:19.628 10 INFO neutron.wsgi [None req-8ac65695-10e6-4ccd-a6f2-0ed989ca3254 75768c1fe66f40d8ac497851aad27f4a 0a9dcc62f14642378af343506e8ef911 - - default default] 10.0.0.167 "GET /v2.0/trunks?not-tags=red HTTP/1.1" status: 200 len: 1013 time: 0.0340242
2026-08-04 16:42:19.662 10 INFO neutron.wsgi [None req-60a80a1e-8e9f-433e-b669-4a32044587f4 75768c1fe66f40d8ac497851aad27f4a 0a9dcc62f14642378af343506e8ef911 - - default default] 10.0.0.167 "GET /v2.0/trunks?not-tags=red%2Cblue HTTP/1.1" status: 200 len: 1419 time: 0.0281417
2026-08-04 16:42:19.701 10 INFO neutron.wsgi [None req-2ce28de5-5b74-49f7-8c0d-1ed1f4cef994 75768c1fe66f40d8ac497851aad27f4a 0a9dcc62f14642378af343506e8ef911 - - default default] 10.0.0.167 "GET /v2.0/trunks?not-tags-any=blue HTTP/1.1" status: 200 len: 1419 time: 0.0334015
2026-08-04 16:42:19.725 10 INFO neutron.wsgi [None req-64ecf934-9b1c-43b4-831e-d6de3003030e 75768c1fe66f40d8ac497851aad27f4a 0a9dcc62f14642378af343506e8ef911 - - default default] 10.0.0.167 "GET /v2.0/trunks?not-tags-any=red%2Cblue HTTP/1.1" status: 200 len: 1013 time: 0.0195413
2026-08-04 16:42:19.753 10 INFO neutron.wsgi [None req-2cb3d1f3-6062-472d-a62f-bb8fea3cd288 75768c1fe66f40d8ac497851aad27f4a 0a9dcc62f14642378af343506e8ef911 - - default default] 10.0.0.167 "GET /v2.0/trunks/efea514d-6a21-442c-a7ca-d5e5288b37ad HTTP/1.1" status: 200 len: 608 time: 0.0190704 /var/lib/openstack/lib/python3.10/site-packages/pycadf/identifier.py:71: UserWarning: Invalid uuid: neutron. To ensure interoperability, identifiers should be a valid uuid. warnings.warn(('Invalid uuid: %s. To ensure interoperability, '
2026-08-04 16:42:20.241 9 INFO neutron.wsgi [None req-f089ab8a-7d4f-46f9-9b0b-57b1010656d1 75768c1fe66f40d8ac497851aad27f4a 0a9dcc62f14642378af343506e8ef911 - - default default] 10.0.0.167 "GET /v2.0/ports/ae994daa-73eb-410a-bcbf-4a1a6ecc9a51 HTTP/1.1" status: 200 len: 1020 time: 0.4812279
2026-08-04 16:42:20.346 9 INFO neutron.wsgi [None req-5789ab5d-7c9b-4bbc-b583-d66757b2ebf0 75768c1fe66f40d8ac497851aad27f4a 0a9dcc62f14642378af343506e8ef911 - - - -] 10.0.0.167 "DELETE /v2.0/trunks/efea514d-6a21-442c-a7ca-d5e5288b37ad HTTP/1.1" status: 204 len: 168 time: 0.0995023
2026-08-04 16:42:20.379 10 INFO neutron.wsgi [None req-68e8d371-0a43-4fc4-94d4-de00c3253d97 75768c1fe66f40d8ac497851aad27f4a 0a9dcc62f14642378af343506e8ef911 - - default default] 10.0.0.167 "GET /v2.0/trunks/4e7690f9-4201-459d-b448-9911dd00a75c HTTP/1.1" status: 200 len: 616 time: 0.0254891
2026-08-04 16:42:20.502 9 INFO neutron.wsgi [None req-02f77cd2-f45d-4537-8ddc-52877cbb3351 75768c1fe66f40d8ac497851aad27f4a 0a9dcc62f14642378af343506e8ef911 - - default default] 10.0.0.167 "GET /v2.0/ports/57c78890-f3f3-4f7e-a176-113182d867fd HTTP/1.1" status: 200 len: 1020 time: 0.1155167
2026-08-04 16:42:20.622 9 INFO neutron.wsgi [None req-9887d1fb-6e6a-4845-a76c-06d5f0afd575 75768c1fe66f40d8ac497851aad27f4a 0a9dcc62f14642378af343506e8ef911 - - - -] 10.0.0.167 "DELETE /v2.0/trunks/4e7690f9-4201-459d-b448-9911dd00a75c HTTP/1.1" status: 204 len: 168 time: 0.1146095
2026-08-04 16:42:20.647 9 INFO neutron.wsgi [None req-3bab3365-6b0d-4a0f-a550-affa084918cd 75768c1fe66f40d8ac497851aad27f4a 0a9dcc62f14642378af343506e8ef911 - - default default] 10.0.0.167 "GET /v2.0/trunks/22145308-6b71-4002-aa2d-29ce05e17c19 HTTP/1.1" status: 200 len: 625 time: 0.0180304
2026-08-04 16:42:20.762 9 INFO neutron.wsgi [None req-72ad7fc1-c92b-4a0b-847a-e03faa8f6d00 75768c1fe66f40d8ac497851aad27f4a 0a9dcc62f14642378af343506e8ef911 - - default default] 10.0.0.167 "GET /v2.0/ports/2c7fbdaa-0f98-424f-a420-637f72f767cf HTTP/1.1" status: 200 len: 1020 time: 0.1056702
2026-08-04 16:42:20.884 9 INFO neutron.wsgi [None req-5b468530-28d8-4fc7-83af-9b512fd44306 75768c1fe66f40d8ac497851aad27f4a 0a9dcc62f14642378af343506e8ef911 - - - -] 10.0.0.167 "DELETE /v2.0/trunks/22145308-6b71-4002-aa2d-29ce05e17c19 HTTP/1.1" status: 204 len: 168 time: 0.1156933
2026-08-04 16:42:20.915 9 INFO neutron.wsgi [None req-2406d583-fcd9-412c-9711-95d5a382f7d1 75768c1fe66f40d8ac497851aad27f4a 0a9dcc62f14642378af343506e8ef911 - - default default] 10.0.0.167 "GET /v2.0/trunks/a34aa255-f3d7-416a-8a61-bb9c93f7b049 HTTP/1.1" status: 200 len: 610 time: 0.0243595
2026-08-04 16:42:21.019 9 INFO neutron.wsgi [None req-89538041-40d6-4257-8341-ae3fa7b3c744 75768c1fe66f40d8ac497851aad27f4a 0a9dcc62f14642378af343506e8ef911 - - default default] 10.0.0.167 "GET /v2.0/ports/0175ba08-3179-42d4-9756-4e85114cd9af HTTP/1.1" status: 200 len: 1020 time: 0.0975475
2026-08-04 16:42:21.143 9 INFO neutron.wsgi [None req-67b0a010-6619-4eb3-af18-dec6d3ac5d74 75768c1fe66f40d8ac497851aad27f4a 0a9dcc62f14642378af343506e8ef911 - - - -] 10.0.0.167 "DELETE /v2.0/trunks/a34aa255-f3d7-416a-8a61-bb9c93f7b049 HTTP/1.1" status: 204 len: 168 time: 0.1189437
2026-08-04 16:42:21.167 9 INFO neutron.wsgi [None req-94f7e2c6-e37a-406b-8a85-fe3365ddc79c 75768c1fe66f40d8ac497851aad27f4a 0a9dcc62f14642378af343506e8ef911 - - default default] 10.0.0.167 "GET /v2.0/trunks/a60705ec-dba8-424a-9673-375e16750b15 HTTP/1.1" status: 200 len: 603 time: 0.0175486
2026-08-04 16:42:21.261 9 INFO neutron.wsgi [None req-bfac86c0-83cf-4225-95ef-dfcc9568b144 75768c1fe66f40d8ac497851aad27f4a 0a9dcc62f14642378af343506e8ef911 - - default default] 10.0.0.167 "GET /v2.0/ports/5df42648-9ae5-47ac-b343-868e2b98990c HTTP/1.1" status: 200 len: 1020 time: 0.0887322
2026-08-04 16:42:21.384 9 INFO neutron.wsgi [None req-f998ca38-6f13-4500-975e-9a4e18419bba 75768c1fe66f40d8ac497851aad27f4a 0a9dcc62f14642378af343506e8ef911 - - - -] 10.0.0.167 "DELETE /v2.0/trunks/a60705ec-dba8-424a-9673-375e16750b15 HTTP/1.1" status: 204 len: 168 time: 0.1152914
2026-08-04 16:42:21.386 9 INFO neutron.notifiers.nova [-] Nova event matching ['req-daa316f0-7cbe-4717-bc3c-404a0d2e0298'] response: {'server_uuid': 'de54cca3-e243-44ad-8cd4-ffb103a33910', 'name': 'network-vif-plugged', 'status': 'completed', 'tag': 'e898f763-53ea-44f0-b6fd-dba9c8dbc1f5', 'code': 200}
