2026-08-04 16:38:21.287 10 WARNING neutron.api.rpc.agentnotifiers.dhcp_rpc_agent_api [None req-daeed178-ea0c-4fdc-bc43-273417cd1e3e 668dbe9196c54932afd5d25c0c1ef9ae 7b639e4be09b4574837b22570283c71f - - - -] Unable to schedule network 61d1bb28-b8fd-4ce2-9fb9-c853b9ebe6f7: no agents available; will retry on subsequent port and subnet creation events.
2026-08-04 16:38:21.368 9 INFO neutron.wsgi [None req-b63cbfcb-eeae-4553-a1ca-158b01165689 d5867e2ccba9447db1c50aa0b7871135 6ec4ecb5933647d1accc41abf0065313 - - - -] 10.0.0.167 "DELETE /v2.0/security-groups/b7356b65-a70f-45b3-9755-3c6b6c0b71e5 HTTP/1.1" status: 204 len: 168 time: 0.3228016
2026-08-04 16:38:21.632 10 WARNING neutron.scheduler.dhcp_agent_scheduler [None req-483e274c-d0e2-4d8b-a5da-f30c1866ae21 8dbc8a0253854bf895e0905b6991c3ac 67461f9ddcff46b99d1f104fc81f16b3 - - - -] No more DHCP agents
2026-08-04 16:38:21.637 10 WARNING neutron.api.rpc.agentnotifiers.dhcp_rpc_agent_api [None req-483e274c-d0e2-4d8b-a5da-f30c1866ae21 8dbc8a0253854bf895e0905b6991c3ac 67461f9ddcff46b99d1f104fc81f16b3 - - - -] Unable to schedule network 61d1bb28-b8fd-4ce2-9fb9-c853b9ebe6f7: no agents available; will retry on subsequent port and subnet creation events.
2026-08-04 16:38:21.641 9 INFO neutron.db.ovn_revision_numbers_db [None req-7fd9d641-6075-4c51-82c4-6e013b2a1ce3 d5867e2ccba9447db1c50aa0b7871135 6ec4ecb5933647d1accc41abf0065313 - - default default] Successfully bumped revision number for resource cf6166f2-a938-4576-a8ca-a3850572c1fc (type: security_groups) to 1
2026-08-04 16:38:21.663 9 INFO neutron.wsgi [None req-7fd9d641-6075-4c51-82c4-6e013b2a1ce3 d5867e2ccba9447db1c50aa0b7871135 6ec4ecb5933647d1accc41abf0065313 - - default default] 10.0.0.167 "GET /v2.0/security-groups?tenant_id=f570a0165aed454185a20f55883968ec&name=default HTTP/1.1" status: 200 len: 2996 time: 0.1554587
2026-08-04 16:38:21.693 10 INFO neutron.db.ovn_revision_numbers_db [None req-daeed178-ea0c-4fdc-bc43-273417cd1e3e 668dbe9196c54932afd5d25c0c1ef9ae 7b639e4be09b4574837b22570283c71f - - - -] Successfully bumped revision number for resource c2ea126b-9518-4cec-97e1-c5bc9cea4077 (type: floatingips) to 0
2026-08-04 16:38:21.717 10 INFO neutron.wsgi [None req-daeed178-ea0c-4fdc-bc43-273417cd1e3e 668dbe9196c54932afd5d25c0c1ef9ae 7b639e4be09b4574837b22570283c71f - - - -] 10.0.0.167 "POST /v2.0/floatingips HTTP/1.1" status: 201 len: 751 time: 0.8853102
2026-08-04 16:38:21.810 9 INFO neutron.wsgi [None req-3528ec05-8056-40c7-8893-f239b3aa2086 d5867e2ccba9447db1c50aa0b7871135 6ec4ecb5933647d1accc41abf0065313 - - - -] 10.0.0.167 "DELETE /v2.0/routers/7bc569e6-849e-44ac-a20c-1467e49b07f0 HTTP/1.1" status: 204 len: 168 time: 0.7399993
2026-08-04 16:38:21.998 9 INFO neutron.wsgi [None req-782da371-3b31-4b95-8350-1b244748eee6 d5867e2ccba9447db1c50aa0b7871135 6ec4ecb5933647d1accc41abf0065313 - - - -] 10.0.0.167 "DELETE /v2.0/security-groups/cf6166f2-a938-4576-a8ca-a3850572c1fc HTTP/1.1" status: 204 len: 168 time: 0.3307402
2026-08-04 16:38:22.048 9 INFO neutron.wsgi [None req-18bfaf23-76d4-442f-ae39-014e50c0ac8c d5867e2ccba9447db1c50aa0b7871135 6ec4ecb5933647d1accc41abf0065313 - - - -] 10.0.0.167 "DELETE /v2.0/subnets/53ea0092-b514-4906-944f-80d02b660833 HTTP/1.1" status: 204 len: 168 time: 0.2230637
2026-08-04 16:38:22.064 10 INFO neutron.db.l3_db [None req-483e274c-d0e2-4d8b-a5da-f30c1866ae21 8dbc8a0253854bf895e0905b6991c3ac 67461f9ddcff46b99d1f104fc81f16b3 - - - -] Floating IP 4139d117-2555-4f1a-b9eb-426489e28ddf associated. External IP: 10.96.250.216, port: 93b388b5-93e4-4b0d-af62-355104f52db3.
2026-08-04 16:38:22.301 9 INFO neutron.wsgi [req-f655b0bd-f07b-4b6c-aeed-67095d57591a req-85b05ce5-d72a-41a5-a48e-abe51a18fd73 668dbe9196c54932afd5d25c0c1ef9ae 7b639e4be09b4574837b22570283c71f - - default default] 10.0.0.245 "GET /v2.0/security-groups?name=tempest-securitygroup--1101460621&fields=id&tenant_id=7b639e4be09b4574837b22570283c71f HTTP/1.1" status: 200 len: 267 time: 0.0432198
2026-08-04 16:38:22.393 9 INFO neutron.wsgi [req-f655b0bd-f07b-4b6c-aeed-67095d57591a req-1626ecd1-3792-48c6-9ed0-28a86f0f59b3 668dbe9196c54932afd5d25c0c1ef9ae 7b639e4be09b4574837b22570283c71f - - default default] 10.0.0.245 "GET /v2.0/networks?id=4a7de059-5196-4799-ba35-5d89fa89fa87 HTTP/1.1" status: 200 len: 869 time: 0.0726969
2026-08-04 16:38:22.453 9 INFO neutron.wsgi [req-f655b0bd-f07b-4b6c-aeed-67095d57591a req-2ad4d6ac-bb06-4386-9df5-618589da1029 668dbe9196c54932afd5d25c0c1ef9ae 7b639e4be09b4574837b22570283c71f - - default default] 10.0.0.245 "GET /v2.0/quotas/7b639e4be09b4574837b22570283c71f HTTP/1.1" status: 200 len: 386 time: 0.0216067
2026-08-04 16:38:22.611 10 INFO neutron.db.ovn_revision_numbers_db [None req-483e274c-d0e2-4d8b-a5da-f30c1866ae21 8dbc8a0253854bf895e0905b6991c3ac 67461f9ddcff46b99d1f104fc81f16b3 - - - -] Successfully bumped revision number for resource 4139d117-2555-4f1a-b9eb-426489e28ddf (type: floatingips) to 0
2026-08-04 16:38:22.714 10 INFO neutron.db.ovn_revision_numbers_db [None req-483e274c-d0e2-4d8b-a5da-f30c1866ae21 8dbc8a0253854bf895e0905b6991c3ac 67461f9ddcff46b99d1f104fc81f16b3 - - - -] Successfully bumped revision number for resource 4139d117-2555-4f1a-b9eb-426489e28ddf (type: floatingips) to 1
2026-08-04 16:38:22.756 10 INFO neutron.wsgi [None req-483e274c-d0e2-4d8b-a5da-f30c1866ae21 8dbc8a0253854bf895e0905b6991c3ac 67461f9ddcff46b99d1f104fc81f16b3 - - - -] 10.0.0.167 "POST /v2.0/floatingips HTTP/1.1" status: 201 len: 1040 time: 1.4932067
2026-08-04 16:38:22.779 9 INFO neutron.services.segments.plugin [-] Segment 0b5bb113-ebf1-46e6-abe1-61afc58635c5 resource provider aggregate not found
2026-08-04 16:38:22.785 9 INFO neutron.services.segments.plugin [-] Segment 0b5bb113-ebf1-46e6-abe1-61afc58635c5 resource provider aggregate not found
2026-08-04 16:38:22.804 9 INFO neutron.services.segments.plugin [-] Segment 0b5bb113-ebf1-46e6-abe1-61afc58635c5 resource provider not found; error: Placement Client Error (4xx): {"errors": [{"status": 404, "title": "Not Found", "detail": "The resource could not be found.\n\n No resource provider with uuid 0b5bb113-ebf1-46e6-abe1-61afc58635c5 found for delete ", "request_id": "req-648615e5-e53d-4905-832b-594e04c6e30f"}]}
2026-08-04 16:38:22.805 9 INFO neutron.services.segments.plugin [-] Segment 0b5bb113-ebf1-46e6-abe1-61afc58635c5 resource provider not found; error: Placement Client Error (4xx): {"errors": [{"status": 404, "title": "Not Found", "detail": "The resource could not be found.\n\n No resource provider with uuid 0b5bb113-ebf1-46e6-abe1-61afc58635c5 found for delete ", "request_id": "req-e97a8d3f-1858-4db4-9cd3-529b5cccb457"}]}
2026-08-04 16:38:22.815 10 INFO neutron.wsgi [None req-56ff2b92-7556-4f8a-9406-3329aeda51e2 8dbc8a0253854bf895e0905b6991c3ac 67461f9ddcff46b99d1f104fc81f16b3 - - default default] 10.0.0.167 "GET /v2.0/floatingips/4139d117-2555-4f1a-b9eb-426489e28ddf HTTP/1.1" status: 200 len: 1037 time: 0.0509479
2026-08-04 16:38:22.839 9 INFO neutron.wsgi [None req-671450c0-eab3-4a94-95a3-172f94f4a5bd d5867e2ccba9447db1c50aa0b7871135 6ec4ecb5933647d1accc41abf0065313 - - - -] 10.0.0.167 "DELETE /v2.0/networks/70b215a9-f63b-4ada-9ec6-61824dc8c661 HTTP/1.1" status: 204 len: 168 time: 0.7849541
2026-08-04 16:38:22.851 9 INFO neutron.wsgi [req-f655b0bd-f07b-4b6c-aeed-67095d57591a req-4a63bd85-8129-4c07-97ce-a3c93b3683f1 668dbe9196c54932afd5d25c0c1ef9ae 7b639e4be09b4574837b22570283c71f - - default default] 10.0.0.245 "GET /v2.0/ports?tenant_id=7b639e4be09b4574837b22570283c71f&fields=id HTTP/1.1" status: 200 len: 302 time: 0.3856664
2026-08-04 16:38:22.891 10 INFO neutron.wsgi [None req-a3815079-02fa-47fb-9ecd-b6f6a27b4f06 8dbc8a0253854bf895e0905b6991c3ac 67461f9ddcff46b99d1f104fc81f16b3 - - default default] 10.0.0.167 "GET /v2.0/floatingips HTTP/1.1" status: 200 len: 1040 time: 0.0718791
2026-08-04 16:38:22.920 9 INFO neutron.wsgi [req-f655b0bd-f07b-4b6c-aeed-67095d57591a req-175ff8e9-6380-41a5-aa80-b24b2db894db 3b097d311a4a4c638583644899515cab 4c787b13fdd14d349750e6d5144fb437 - - 5542a1e84d6847768ce2ec334b584dc7 5542a1e84d6847768ce2ec334b584dc7] 10.0.0.245 "GET /v2.0/networks/4a7de059-5196-4799-ba35-5d89fa89fa87?fields=segments HTTP/1.1" status: 200 len: 212 time: 0.0530810
2026-08-04 16:38:22.999 9 INFO neutron.wsgi [None req-441a17ba-e99d-4907-9698-6aae5c76d8b4 d5867e2ccba9447db1c50aa0b7871135 6ec4ecb5933647d1accc41abf0065313 - - default default] 10.0.0.167 "GET /v2.0/security-groups?tenant_id=42cf299add8c4ec794fbb04d277cd1d6&name=default HTTP/1.1" status: 200 len: 2992 time: 0.0454280
2026-08-04 16:38:23.003 9 INFO neutron.wsgi [req-f655b0bd-f07b-4b6c-aeed-67095d57591a req-5dd9f64d-f502-4ec0-bb36-57884b41e90a 3b097d311a4a4c638583644899515cab 4c787b13fdd14d349750e6d5144fb437 - - 5542a1e84d6847768ce2ec334b584dc7 5542a1e84d6847768ce2ec334b584dc7] 10.0.0.245 "GET /v2.0/networks/4a7de059-5196-4799-ba35-5d89fa89fa87?fields=provider%3Aphysical_network&fields=provider%3Anetwork_type HTTP/1.1" status: 200 len: 277 time: 0.0757973
2026-08-04 16:38:23.216 10 INFO neutron.wsgi [req-920b5770-0d6d-4f8b-a751-7b7d10754652 req-69efad7f-3178-40f6-8343-69e49c2bf1cc 668dbe9196c54932afd5d25c0c1ef9ae 7b639e4be09b4574837b22570283c71f - - default default] 10.0.0.245 "GET /v2.0/ports?device_id=9891abb1-188f-4b68-91af-5b7998b5233e HTTP/1.1" status: 200 len: 210 time: 0.0534956
2026-08-04 16:38:23.221 9 INFO neutron.wsgi [None req-7adc2ad9-513b-4244-943e-b59d5988d883 d5867e2ccba9447db1c50aa0b7871135 6ec4ecb5933647d1accc41abf0065313 - - - -] 10.0.0.167 "DELETE /v2.0/security-groups/14606ef4-3b68-49cf-a69f-3f06ef146ba0 HTTP/1.1" status: 204 len: 168 time: 0.2167847
2026-08-04 16:38:23.234 10 INFO neutron.db.l3_db [None req-daaa2ead-04f1-4f9b-be4a-a289709a09fb 8dbc8a0253854bf895e0905b6991c3ac 67461f9ddcff46b99d1f104fc81f16b3 - - - -] Floating IP 4139d117-2555-4f1a-b9eb-426489e28ddf associated. External IP: 10.96.250.216, port: 93b388b5-93e4-4b0d-af62-355104f52db3.
2026-08-04 16:38:23.403 10 INFO neutron.db.ovn_revision_numbers_db [None req-daaa2ead-04f1-4f9b-be4a-a289709a09fb 8dbc8a0253854bf895e0905b6991c3ac 67461f9ddcff46b99d1f104fc81f16b3 - - - -] Successfully bumped revision number for resource 4139d117-2555-4f1a-b9eb-426489e28ddf (type: floatingips) to 2
2026-08-04 16:38:23.550 10 INFO neutron.db.ovn_revision_numbers_db [None req-daaa2ead-04f1-4f9b-be4a-a289709a09fb 8dbc8a0253854bf895e0905b6991c3ac 67461f9ddcff46b99d1f104fc81f16b3 - - - -] Successfully bumped revision number for resource 4139d117-2555-4f1a-b9eb-426489e28ddf (type: floatingips) to 3
2026-08-04 16:38:23.595 10 INFO neutron.wsgi [None req-daaa2ead-04f1-4f9b-be4a-a289709a09fb 8dbc8a0253854bf895e0905b6991c3ac 67461f9ddcff46b99d1f104fc81f16b3 - - - -] 10.0.0.167 "PUT /v2.0/floatingips/4139d117-2555-4f1a-b9eb-426489e28ddf HTTP/1.1" status: 200 len: 1039 time: 0.6996558
2026-08-04 16:38:23.780 10 INFO neutron.db.l3_db [None req-1acb6246-05d8-433f-aeb5-a510338c5952 8dbc8a0253854bf895e0905b6991c3ac 67461f9ddcff46b99d1f104fc81f16b3 - - - -] Floating IP 4139d117-2555-4f1a-b9eb-426489e28ddf disassociated. External IP: 10.96.250.216, port: afdee3b7-392f-46d8-ab4e-4041f55f7cb9.
2026-08-04 16:38:23.803 10 INFO neutron.db.ovn_revision_numbers_db [None req-1acb6246-05d8-433f-aeb5-a510338c5952 8dbc8a0253854bf895e0905b6991c3ac 67461f9ddcff46b99d1f104fc81f16b3 - - - -] Successfully bumped revision number for resource 4139d117-2555-4f1a-b9eb-426489e28ddf (type: floatingips) to 4
2026-08-04 16:38:23.939 10 INFO neutron.wsgi [None req-1acb6246-05d8-433f-aeb5-a510338c5952 8dbc8a0253854bf895e0905b6991c3ac 67461f9ddcff46b99d1f104fc81f16b3 - - - -] 10.0.0.167 "PUT /v2.0/floatingips/4139d117-2555-4f1a-b9eb-426489e28ddf HTTP/1.1" status: 200 len: 748 time: 0.3352327
2026-08-04 16:38:24.033 10 INFO neutron.wsgi [req-f655b0bd-f07b-4b6c-aeed-67095d57591a req-bb9f9afb-c85e-45cc-8dda-4b69095221e7 668dbe9196c54932afd5d25c0c1ef9ae 7b639e4be09b4574837b22570283c71f - - default default] 199.19.213.137 "GET /v2.0/networks?id=4a7de059-5196-4799-ba35-5d89fa89fa87 HTTP/1.1" status: 200 len: 869 time: 0.1174200
2026-08-04 16:38:24.094 10 INFO neutron.wsgi [req-f655b0bd-f07b-4b6c-aeed-67095d57591a req-7288cfa2-9209-4a9d-a5ca-d7e6a70446a0 668dbe9196c54932afd5d25c0c1ef9ae 7b639e4be09b4574837b22570283c71f - - default default] 199.19.213.137 "GET /v2.0/security-groups?fields=id&fields=name&tenant_id=7b639e4be09b4574837b22570283c71f HTTP/1.1" status: 200 len: 380 time: 0.0490501
2026-08-04 16:38:24.311 9 INFO neutron.wsgi [req-a6d47a15-087c-428b-af45-03adcb8df10b req-a27b0f74-1d5a-434a-ba6d-b97ac1df4017 668dbe9196c54932afd5d25c0c1ef9ae 7b639e4be09b4574837b22570283c71f - - default default] 10.0.0.245 "GET /v2.0/ports?device_id=9891abb1-188f-4b68-91af-5b7998b5233e HTTP/1.1" status: 200 len: 210 time: 0.0328140
2026-08-04 16:38:24.369 9 INFO neutron.wsgi [None req-bf3208d5-c7d7-442e-ba2f-1e5118b7f41a 8dbc8a0253854bf895e0905b6991c3ac 67461f9ddcff46b99d1f104fc81f16b3 - - - -] 10.0.0.167 "DELETE /v2.0/floatingips/4139d117-2555-4f1a-b9eb-426489e28ddf HTTP/1.1" status: 204 len: 168 time: 0.4255297
2026-08-04 16:38:24.410 9 INFO neutron.api.v2.resource [None req-8286da77-7cc4-48d1-b755-d7456fefe9f9 8dbc8a0253854bf895e0905b6991c3ac 67461f9ddcff46b99d1f104fc81f16b3 - - - -] delete failed (client error): The resource could not be found.
2026-08-04 16:38:24.413 9 INFO neutron.wsgi [None req-8286da77-7cc4-48d1-b755-d7456fefe9f9 8dbc8a0253854bf895e0905b6991c3ac 67461f9ddcff46b99d1f104fc81f16b3 - - - -] 10.0.0.167 "DELETE /v2.0/floatingips/4139d117-2555-4f1a-b9eb-426489e28ddf HTTP/1.1" status: 404 len: 345 time: 0.0380137
2026-08-04 16:38:24.445 10 WARNING neutron.scheduler.dhcp_agent_scheduler [None req-9d6d458d-0db1-409f-b179-3dc4ce596806 668dbe9196c54932afd5d25c0c1ef9ae 7b639e4be09b4574837b22570283c71f - - - -] No more DHCP agents
2026-08-04 16:38:24.448 10 WARNING neutron.api.rpc.agentnotifiers.dhcp_rpc_agent_api [None req-9d6d458d-0db1-409f-b179-3dc4ce596806 668dbe9196c54932afd5d25c0c1ef9ae 7b639e4be09b4574837b22570283c71f - - - -] Unable to schedule network 4a7de059-5196-4799-ba35-5d89fa89fa87: no agents available; will retry on subsequent port and subnet creation events.
2026-08-04 16:38:24.608 10 INFO neutron.db.ovn_revision_numbers_db [None req-9d6d458d-0db1-409f-b179-3dc4ce596806 668dbe9196c54932afd5d25c0c1ef9ae 7b639e4be09b4574837b22570283c71f - - - -] Successfully bumped revision number for resource 15007a02-83f5-424b-89ce-7fe29fa38b28 (type: ports) to 1
2026-08-04 16:38:24.631 10 INFO neutron.wsgi [None req-9d6d458d-0db1-409f-b179-3dc4ce596806 668dbe9196c54932afd5d25c0c1ef9ae 7b639e4be09b4574837b22570283c71f - - - -] 199.19.213.137 "POST /v2.0/ports HTTP/1.1" status: 201 len: 1158 time: 0.5242028 /var/lib/openstack/lib/python3.10/site-packages/pycadf/identifier.py:71: UserWarning: Invalid uuid: neutron. To ensure interoperability, identifiers should be a valid uuid. warnings.warn(('Invalid uuid: %s. To ensure interoperability, '
2026-08-04 16:38:24.800 10 INFO neutron.db.ovn_revision_numbers_db [None req-ad448aed-7503-4d37-877d-811fe18faa8b d5867e2ccba9447db1c50aa0b7871135 6ec4ecb5933647d1accc41abf0065313 - - default default] Successfully bumped revision number for resource 6d75f751-7563-40f6-8aac-7b5a09fb6ca5 (type: security_groups) to 1
2026-08-04 16:38:24.833 10 INFO neutron.wsgi [None req-ad448aed-7503-4d37-877d-811fe18faa8b d5867e2ccba9447db1c50aa0b7871135 6ec4ecb5933647d1accc41abf0065313 - - default default] 10.0.0.167 "GET /v2.0/security-groups?tenant_id=43806c39c7704f3fb787787ba30f6a9f&name=default HTTP/1.1" status: 200 len: 2996 time: 0.3447902
2026-08-04 16:38:24.890 9 INFO neutron.wsgi [None req-a8dd4e79-a722-46a4-91a6-c8c17e0484c9 8dbc8a0253854bf895e0905b6991c3ac 67461f9ddcff46b99d1f104fc81f16b3 - - - -] 10.0.0.167 "DELETE /v2.0/ports/afdee3b7-392f-46d8-ab4e-4041f55f7cb9 HTTP/1.1" status: 204 len: 168 time: 0.4684196
2026-08-04 16:38:25.086 10 INFO neutron.db.ovn_revision_numbers_db [None req-7ba4b7dc-897a-4493-b915-9698cb7ed8fa 3b097d311a4a4c638583644899515cab 4c787b13fdd14d349750e6d5144fb437 - - - -] Successfully bumped revision number for resource 15007a02-83f5-424b-89ce-7fe29fa38b28 (type: ports) to 2
2026-08-04 16:38:25.121 10 INFO neutron.wsgi [None req-2a348db8-5389-4caf-9421-70f47e2c7088 d5867e2ccba9447db1c50aa0b7871135 6ec4ecb5933647d1accc41abf0065313 - - - -] 10.0.0.167 "DELETE /v2.0/security-groups/6d75f751-7563-40f6-8aac-7b5a09fb6ca5 HTTP/1.1" status: 204 len: 168 time: 0.2835763
2026-08-04 16:38:25.238 9 INFO neutron.wsgi [None req-6d26ef2f-44a7-4ecd-8177-e1ab7b98df0a 8dbc8a0253854bf895e0905b6991c3ac 67461f9ddcff46b99d1f104fc81f16b3 - - - -] 10.0.0.167 "DELETE /v2.0/ports/93b388b5-93e4-4b0d-af62-355104f52db3 HTTP/1.1" status: 204 len: 168 time: 0.3314798 /var/lib/openstack/lib/python3.10/site-packages/pycadf/identifier.py:71: UserWarning: Invalid uuid: neutron. To ensure interoperability, identifiers should be a valid uuid. warnings.warn(('Invalid uuid: %s. To ensure interoperability, '
2026-08-04 16:38:25.318 10 INFO neutron.db.ovn_revision_numbers_db [None req-7ba4b7dc-897a-4493-b915-9698cb7ed8fa 3b097d311a4a4c638583644899515cab 4c787b13fdd14d349750e6d5144fb437 - - - -] Successfully bumped revision number for resource 15007a02-83f5-424b-89ce-7fe29fa38b28 (type: ports) to 2
2026-08-04 16:38:25.331 9 INFO neutron.wsgi [None req-44551413-f80b-4f8b-be91-1d1d1bd2dec5 8dbc8a0253854bf895e0905b6991c3ac 67461f9ddcff46b99d1f104fc81f16b3 - - default default] 10.0.0.167 "GET /v2.0/ports?device_id=0db55670-f57c-4348-9a04-6e43b60b7550 HTTP/1.1" status: 200 len: 1140 time: 0.0881493
2026-08-04 16:38:25.337 10 INFO neutron.wsgi [None req-7ba4b7dc-897a-4493-b915-9698cb7ed8fa 3b097d311a4a4c638583644899515cab 4c787b13fdd14d349750e6d5144fb437 - - - -] 199.19.213.137 "PUT /v2.0/ports/15007a02-83f5-424b-89ce-7fe29fa38b28 HTTP/1.1" status: 200 len: 1328 time: 0.6957037
2026-08-04 16:38:25.377 10 INFO neutron.notifiers.nova [-] Nova event matching ['req-50d38883-1846-436b-994f-e14ab49777c7'] response: {'name': 'network-changed', 'server_uuid': '9891abb1-188f-4b68-91af-5b7998b5233e', 'tag': '15007a02-83f5-424b-89ce-7fe29fa38b28', 'status': 'completed', 'code': 200}
2026-08-04 16:38:25.416 10 INFO neutron.wsgi [req-f655b0bd-f07b-4b6c-aeed-67095d57591a req-145c2e78-80a8-4579-9929-33270fd6d108 3b097d311a4a4c638583644899515cab 4c787b13fdd14d349750e6d5144fb437 - - 5542a1e84d6847768ce2ec334b584dc7 5542a1e84d6847768ce2ec334b584dc7] 199.19.213.137 "GET /v2.0/ports?tenant_id=7b639e4be09b4574837b22570283c71f&device_id=9891abb1-188f-4b68-91af-5b7998b5233e HTTP/1.1" status: 200 len: 1359 time: 0.0358381
2026-08-04 16:38:25.434 10 INFO neutron.db.ovn_revision_numbers_db [None req-1a73b01c-0ec6-482d-bb1b-b6c71a3055dd d5867e2ccba9447db1c50aa0b7871135 6ec4ecb5933647d1accc41abf0065313 - - - -] Successfully bumped revision number for resource 7d5c05cf-4f06-46ee-b9ee-c47e6057c683 (type: security_groups) to 1
2026-08-04 16:38:25.454 9 INFO neutron.wsgi [req-30c249a8-76e5-47cf-b874-ed1f3255b9ae req-bc6d5ee0-9b81-469f-9824-3382707f1577 668dbe9196c54932afd5d25c0c1ef9ae 7b639e4be09b4574837b22570283c71f - - default default] 10.0.0.245 "GET /v2.0/ports?device_id=9891abb1-188f-4b68-91af-5b7998b5233e HTTP/1.1" status: 200 len: 1168 time: 0.0642569
2026-08-04 16:38:25.460 10 INFO neutron.wsgi [req-f655b0bd-f07b-4b6c-aeed-67095d57591a req-5c262884-9a50-4a2f-85aa-195b1b55ee96 3b097d311a4a4c638583644899515cab 4c787b13fdd14d349750e6d5144fb437 - - 5542a1e84d6847768ce2ec334b584dc7 5542a1e84d6847768ce2ec334b584dc7] 199.19.213.137 "GET /v2.0/floatingips?fixed_ip_address=10.100.0.6&port_id=15007a02-83f5-424b-89ce-7fe29fa38b28 HTTP/1.1" status: 200 len: 217 time: 0.0340681
2026-08-04 16:38:25.498 10 INFO neutron.wsgi [req-f655b0bd-f07b-4b6c-aeed-67095d57591a req-b82b27e5-e561-4dcd-a594-5190b55e3c22 3b097d311a4a4c638583644899515cab 4c787b13fdd14d349750e6d5144fb437 - - 5542a1e84d6847768ce2ec334b584dc7 5542a1e84d6847768ce2ec334b584dc7] 199.19.213.137 "GET /v2.0/subnets?id=b891ec82-af1d-42c8-b68b-265441f92915 HTTP/1.1" status: 200 len: 863 time: 0.0328350
2026-08-04 16:38:25.519 10 INFO neutron.db.segments_db [None req-1a73b01c-0ec6-482d-bb1b-b6c71a3055dd d5867e2ccba9447db1c50aa0b7871135 6ec4ecb5933647d1accc41abf0065313 - - - -] Added segment 9804debe-97e8-4ce3-913e-334eadbb4d2d of type geneve for network 6ea10296-9df5-450d-89db-3cfa64c79386
2026-08-04 16:38:25.526 9 INFO neutron.wsgi [req-30c249a8-76e5-47cf-b874-ed1f3255b9ae req-f0937ada-c45e-41f4-8615-dda22f6fe958 668dbe9196c54932afd5d25c0c1ef9ae 7b639e4be09b4574837b22570283c71f - - default default] 10.0.0.245 "GET /v2.0/security-groups?id=8d6f000c-6c79-4ba9-b515-7617b7f08e8e&fields=id&fields=name HTTP/1.1" status: 200 len: 313 time: 0.0618842
2026-08-04 16:38:25.534 10 INFO neutron.wsgi [req-f655b0bd-f07b-4b6c-aeed-67095d57591a req-fd642fde-1265-4a27-a24e-f5f908b46f58 3b097d311a4a4c638583644899515cab 4c787b13fdd14d349750e6d5144fb437 - - 5542a1e84d6847768ce2ec334b584dc7 5542a1e84d6847768ce2ec334b584dc7] 199.19.213.137 "GET /v2.0/ports?network_id=4a7de059-5196-4799-ba35-5d89fa89fa87&device_owner=network%3Adhcp HTTP/1.1" status: 200 len: 210 time: 0.0284469
2026-08-04 16:38:25.577 9 WARNING neutron.plugins.ml2.drivers.ovn.mech_driver.ovsdb.ovn_client [None req-bf202515-1b3a-4823-9d5f-3cd274afef13 - - - - - -] No hosting information found for port 2ed566f9-b831-4e9c-aff3-da9c1b845bb6: RuntimeError: No hosting information found for port 2ed566f9-b831-4e9c-aff3-da9c1b845bb6
2026-08-04 16:38:25.604 9 INFO neutron.plugins.ml2.drivers.ovn.mech_driver.mech_driver [None req-bf202515-1b3a-4823-9d5f-3cd274afef13 - - - - - -] OVN reports status up for port: 47178199-aadb-445e-8ef4-43e2f2e28d9f
2026-08-04 16:38:25.627 9 INFO neutron.plugins.ml2.plugin [None req-bf202515-1b3a-4823-9d5f-3cd274afef13 - - - - - -] Attempt 1 to provision port 47178199-aadb-445e-8ef4-43e2f2e28d9f
2026-08-04 16:38:25.628 10 INFO neutron.wsgi [req-f655b0bd-f07b-4b6c-aeed-67095d57591a req-6428106a-b81f-4d89-b8c4-130e03b57020 3b097d311a4a4c638583644899515cab 4c787b13fdd14d349750e6d5144fb437 - - 5542a1e84d6847768ce2ec334b584dc7 5542a1e84d6847768ce2ec334b584dc7] 199.19.213.137 "GET /v2.0/networks/4a7de059-5196-4799-ba35-5d89fa89fa87?fields=segments HTTP/1.1" status: 200 len: 212 time: 0.0841632
2026-08-04 16:38:25.694 10 INFO neutron.db.ovn_revision_numbers_db [None req-1a73b01c-0ec6-482d-bb1b-b6c71a3055dd d5867e2ccba9447db1c50aa0b7871135 6ec4ecb5933647d1accc41abf0065313 - - - -] Successfully bumped revision number for resource 6ea10296-9df5-450d-89db-3cfa64c79386 (type: networks) to 1
2026-08-04 16:38:25.728 10 INFO neutron.wsgi [req-f655b0bd-f07b-4b6c-aeed-67095d57591a req-342646a8-8aca-4596-8f83-24c58570e83d 3b097d311a4a4c638583644899515cab 4c787b13fdd14d349750e6d5144fb437 - - 5542a1e84d6847768ce2ec334b584dc7 5542a1e84d6847768ce2ec334b584dc7] 199.19.213.137 "GET /v2.0/networks/4a7de059-5196-4799-ba35-5d89fa89fa87?fields=provider%3Aphysical_network&fields=provider%3Anetwork_type HTTP/1.1" status: 200 len: 277 time: 0.0911155
2026-08-04 16:38:25.950 9 INFO neutron.db.ovn_revision_numbers_db [None req-bf202515-1b3a-4823-9d5f-3cd274afef13 - - - - - -] Successfully bumped revision number for resource 47178199-aadb-445e-8ef4-43e2f2e28d9f (type: ports) to 3
2026-08-04 16:38:26.122 9 INFO neutron.db.ovn_revision_numbers_db [None req-bf202515-1b3a-4823-9d5f-3cd274afef13 - - - - - -] Successfully bumped revision number for resource 47178199-aadb-445e-8ef4-43e2f2e28d9f (type: router_ports) to 3
2026-08-04 16:38:26.263 10 INFO neutron.plugins.ml2.drivers.ovn.mech_driver.mech_driver [None req-7c6bcefe-38c6-4de3-97a5-15c8a5274d3d - - - - - -] OVN reports status up for port: 15007a02-83f5-424b-89ce-7fe29fa38b28
2026-08-04 16:38:26.269 10 INFO neutron.wsgi [req-b275f512-0c89-4fe5-8943-1b4e39549524 req-dd753047-8ea2-464a-bcde-6c25502a6d15 3b097d311a4a4c638583644899515cab 4c787b13fdd14d349750e6d5144fb437 - - 5542a1e84d6847768ce2ec334b584dc7 5542a1e84d6847768ce2ec334b584dc7] 199.19.213.137 "GET /v2.0/ports?tenant_id=7b639e4be09b4574837b22570283c71f&device_id=9891abb1-188f-4b68-91af-5b7998b5233e HTTP/1.1" status: 200 len: 1359 time: 0.4838474
2026-08-04 16:38:26.319 10 INFO neutron.plugins.ml2.plugin [None req-7c6bcefe-38c6-4de3-97a5-15c8a5274d3d - - - - - -] Attempt 1 to provision port 15007a02-83f5-424b-89ce-7fe29fa38b28
2026-08-04 16:38:26.361 10 WARNING neutron.scheduler.dhcp_agent_scheduler [None req-1a73b01c-0ec6-482d-bb1b-b6c71a3055dd d5867e2ccba9447db1c50aa0b7871135 6ec4ecb5933647d1accc41abf0065313 - - - -] No more DHCP agents
2026-08-04 16:38:26.365 10 WARNING neutron.api.rpc.agentnotifiers.dhcp_rpc_agent_api [None req-1a73b01c-0ec6-482d-bb1b-b6c71a3055dd d5867e2ccba9447db1c50aa0b7871135 6ec4ecb5933647d1accc41abf0065313 - - - -] Unable to schedule network 6ea10296-9df5-450d-89db-3cfa64c79386: no agents available; will retry on subsequent port and subnet creation events.
2026-08-04 16:38:26.389 10 INFO neutron.wsgi [req-b275f512-0c89-4fe5-8943-1b4e39549524 req-89643113-f78e-4d36-8aad-70cf26943587 3b097d311a4a4c638583644899515cab 4c787b13fdd14d349750e6d5144fb437 - - 5542a1e84d6847768ce2ec334b584dc7 5542a1e84d6847768ce2ec334b584dc7] 199.19.213.137 "GET /v2.0/networks?id=4a7de059-5196-4799-ba35-5d89fa89fa87 HTTP/1.1" status: 200 len: 968 time: 0.1103635
2026-08-04 16:38:26.438 10 INFO neutron.wsgi [req-b275f512-0c89-4fe5-8943-1b4e39549524 req-65f00985-b1bb-462b-b684-820c25e2945e 3b097d311a4a4c638583644899515cab 4c787b13fdd14d349750e6d5144fb437 - - 5542a1e84d6847768ce2ec334b584dc7 5542a1e84d6847768ce2ec334b584dc7] 199.19.213.137 "GET /v2.0/floatingips?fixed_ip_address=10.100.0.6&port_id=15007a02-83f5-424b-89ce-7fe29fa38b28 HTTP/1.1" status: 200 len: 217 time: 0.0426877
2026-08-04 16:38:26.531 10 INFO neutron.db.ovn_revision_numbers_db [None req-1a73b01c-0ec6-482d-bb1b-b6c71a3055dd d5867e2ccba9447db1c50aa0b7871135 6ec4ecb5933647d1accc41abf0065313 - - - -] Successfully bumped revision number for resource 98b4dadd-1c1d-4746-b8f3-df98dbc1ef1d (type: ports) to 1
2026-08-04 16:38:26.534 10 INFO neutron.wsgi [req-b275f512-0c89-4fe5-8943-1b4e39549524 req-90e73d70-eb1f-4dfc-a838-8e1c04c7c2b0 3b097d311a4a4c638583644899515cab 4c787b13fdd14d349750e6d5144fb437 - - 5542a1e84d6847768ce2ec334b584dc7 5542a1e84d6847768ce2ec334b584dc7] 199.19.213.137 "GET /v2.0/subnets?id=b891ec82-af1d-42c8-b68b-265441f92915 HTTP/1.1" status: 200 len: 863 time: 0.0791175
2026-08-04 16:38:26.573 10 INFO neutron.wsgi [req-b275f512-0c89-4fe5-8943-1b4e39549524 req-94ca824d-51ce-4633-bb74-961fdf9800c7 3b097d311a4a4c638583644899515cab 4c787b13fdd14d349750e6d5144fb437 - - 5542a1e84d6847768ce2ec334b584dc7 5542a1e84d6847768ce2ec334b584dc7] 199.19.213.137 "GET /v2.0/ports?network_id=4a7de059-5196-4799-ba35-5d89fa89fa87&device_owner=network%3Adhcp HTTP/1.1" status: 200 len: 210 time: 0.0305867
2026-08-04 16:38:26.581 10 INFO neutron.wsgi [None req-1a73b01c-0ec6-482d-bb1b-b6c71a3055dd d5867e2ccba9447db1c50aa0b7871135 6ec4ecb5933647d1accc41abf0065313 - - - -] 10.0.0.167 "POST /v2.0/networks HTTP/1.1" status: 201 len: 948 time: 1.4098849 /var/lib/openstack/lib/python3.10/site-packages/pycadf/identifier.py:71: UserWarning: Invalid uuid: neutron. To ensure interoperability, identifiers should be a valid uuid. warnings.warn(('Invalid uuid: %s. To ensure interoperability, '
2026-08-04 16:38:26.687 10 INFO neutron.wsgi [req-b275f512-0c89-4fe5-8943-1b4e39549524 req-252bd7b0-fa28-4afb-8cd9-31b31b9d533b 3b097d311a4a4c638583644899515cab 4c787b13fdd14d349750e6d5144fb437 - - 5542a1e84d6847768ce2ec334b584dc7 5542a1e84d6847768ce2ec334b584dc7] 199.19.213.137 "GET /v2.0/networks/4a7de059-5196-4799-ba35-5d89fa89fa87?fields=segments HTTP/1.1" status: 200 len: 212 time: 0.1052923
2026-08-04 16:38:26.791 10 INFO neutron.wsgi [req-b3b662fd-2ab5-43af-9b4d-0dabf3223f7d req-dd788e4f-c6d9-4f36-b947-3c0cf7f01c83 668dbe9196c54932afd5d25c0c1ef9ae 7b639e4be09b4574837b22570283c71f - - default default] 10.0.0.245 "GET /v2.0/ports?device_id=9891abb1-188f-4b68-91af-5b7998b5233e HTTP/1.1" status: 200 len: 1170 time: 0.1804440
2026-08-04 16:38:26.803 10 INFO neutron.wsgi [req-b275f512-0c89-4fe5-8943-1b4e39549524 req-af659625-9101-4fd2-8b84-080bc7e22ded 3b097d311a4a4c638583644899515cab 4c787b13fdd14d349750e6d5144fb437 - - 5542a1e84d6847768ce2ec334b584dc7 5542a1e84d6847768ce2ec334b584dc7] 199.19.213.137 "GET /v2.0/networks/4a7de059-5196-4799-ba35-5d89fa89fa87?fields=provider%3Aphysical_network&fields=provider%3Anetwork_type HTTP/1.1" status: 200 len: 277 time: 0.0993342
2026-08-04 16:38:26.816 9 INFO neutron.wsgi [None req-f57353ce-fbb1-4a35-852a-8ae689a4fd59 8dbc8a0253854bf895e0905b6991c3ac 67461f9ddcff46b99d1f104fc81f16b3 - - - -] 10.0.0.167 "PUT /v2.0/routers/0db55670-f57c-4348-9a04-6e43b60b7550/remove_router_interface HTTP/1.1" status: 200 len: 503 time: 1.4808481
2026-08-04 16:38:26.866 10 INFO neutron.db.ovn_revision_numbers_db [None req-7c6bcefe-38c6-4de3-97a5-15c8a5274d3d - - - - - -] Successfully bumped revision number for resource 15007a02-83f5-424b-89ce-7fe29fa38b28 (type: ports) to 4
2026-08-04 16:38:26.881 10 INFO neutron.wsgi [req-b3b662fd-2ab5-43af-9b4d-0dabf3223f7d req-5680e3f0-c06d-49e0-a449-c5994d473cb3 668dbe9196c54932afd5d25c0c1ef9ae 7b639e4be09b4574837b22570283c71f - - default default] 10.0.0.245 "GET /v2.0/security-groups?id=8d6f000c-6c79-4ba9-b515-7617b7f08e8e&fields=id&fields=name HTTP/1.1" status: 200 len: 313 time: 0.0826609
2026-08-04 16:38:26.891 9 WARNING neutron.scheduler.dhcp_agent_scheduler [None req-4b224419-3126-4005-9d34-d71e0e50f3e7 d5867e2ccba9447db1c50aa0b7871135 6ec4ecb5933647d1accc41abf0065313 - - - -] No more DHCP agents
2026-08-04 16:38:26.894 9 WARNING neutron.api.rpc.agentnotifiers.dhcp_rpc_agent_api [None req-4b224419-3126-4005-9d34-d71e0e50f3e7 d5867e2ccba9447db1c50aa0b7871135 6ec4ecb5933647d1accc41abf0065313 - - - -] Unable to schedule network 6ea10296-9df5-450d-89db-3cfa64c79386: no agents available; will retry on subsequent port and subnet creation events.
2026-08-04 16:38:27.393 9 INFO neutron.db.ovn_revision_numbers_db [None req-4b224419-3126-4005-9d34-d71e0e50f3e7 d5867e2ccba9447db1c50aa0b7871135 6ec4ecb5933647d1accc41abf0065313 - - - -] Successfully bumped revision number for resource 98b4dadd-1c1d-4746-b8f3-df98dbc1ef1d (type: ports) to 2
2026-08-04 16:38:27.407 9 INFO neutron.db.ovn_revision_numbers_db [None req-4b224419-3126-4005-9d34-d71e0e50f3e7 d5867e2ccba9447db1c50aa0b7871135 6ec4ecb5933647d1accc41abf0065313 - - - -] Successfully bumped revision number for resource 3210ca2a-4fc7-4c1e-9081-8e4aaedd21ba (type: subnets) to 0
2026-08-04 16:38:27.419 10 INFO neutron.notifiers.nova [-] Nova event matching ['req-a4eb8bec-8173-4771-9782-3ceb86957c82'] response: {'server_uuid': '9891abb1-188f-4b68-91af-5b7998b5233e', 'name': 'network-vif-plugged', 'status': 'completed', 'tag': '15007a02-83f5-424b-89ce-7fe29fa38b28', 'code': 200}
2026-08-04 16:38:27.419 10 INFO neutron.notifiers.nova [-] Nova event matching ['req-a4eb8bec-8173-4771-9782-3ceb86957c82'] response: {'server_uuid': '9891abb1-188f-4b68-91af-5b7998b5233e', 'name': 'network-vif-plugged', 'status': 'completed', 'tag': '15007a02-83f5-424b-89ce-7fe29fa38b28', 'code': 200}
2026-08-04 16:38:27.424 9 INFO neutron.wsgi [None req-4b224419-3126-4005-9d34-d71e0e50f3e7 d5867e2ccba9447db1c50aa0b7871135 6ec4ecb5933647d1accc41abf0065313 - - - -] 10.0.0.167 "POST /v2.0/subnets HTTP/1.1" status: 201 len: 868 time: 0.8363450 /var/lib/openstack/lib/python3.10/site-packages/pycadf/identifier.py:71: UserWarning: Invalid uuid: neutron. To ensure interoperability, identifiers should be a valid uuid. warnings.warn(('Invalid uuid: %s. To ensure interoperability, '
2026-08-04 16:38:27.478 9 INFO neutron.wsgi [-] 10.0.0.139 "GET / HTTP/1.1" status: 200 len: 247 time: 0.0033991
2026-08-04 16:38:27.482 9 INFO neutron.wsgi [-] 10.0.0.139 "GET / HTTP/1.1" status: 200 len: 247 time: 0.0024326
2026-08-04 16:38:27.518 10 INFO neutron.wsgi [None req-ea51c27b-1dc0-46ce-b097-6cb0098b997b 8dbc8a0253854bf895e0905b6991c3ac 67461f9ddcff46b99d1f104fc81f16b3 - - - -] 10.0.0.167 "DELETE /v2.0/routers/0db55670-f57c-4348-9a04-6e43b60b7550 HTTP/1.1" status: 204 len: 168 time: 0.6927071 /var/lib/openstack/lib/python3.10/site-packages/pycadf/identifier.py:71: UserWarning: Invalid uuid: neutron. To ensure interoperability, identifiers should be a valid uuid. warnings.warn(('Invalid uuid: %s. To ensure interoperability, '
2026-08-04 16:38:27.742 10 INFO neutron.wsgi [None req-c1926acf-baf8-4d2d-951e-e48e040419eb 8dbc8a0253854bf895e0905b6991c3ac 67461f9ddcff46b99d1f104fc81f16b3 - - - -] 10.0.0.167 "DELETE /v2.0/subnets/b4513ef5-d010-499b-a7d7-de1c3cbc65bd HTTP/1.1" status: 204 len: 168 time: 0.2131166
2026-08-04 16:38:28.021 10 INFO neutron.wsgi [req-e26f2090-f0c4-4269-9d73-defeb18820cc req-d17eddc1-c5d3-4b2c-96e6-d5595e0abf43 668dbe9196c54932afd5d25c0c1ef9ae 7b639e4be09b4574837b22570283c71f - - default default] 10.0.0.245 "GET /v2.0/ports?device_id=9891abb1-188f-4b68-91af-5b7998b5233e HTTP/1.1" status: 200 len: 1170 time: 0.0456402
2026-08-04 16:38:28.030 9 WARNING neutron.scheduler.dhcp_agent_scheduler [None req-5574fa96-47be-4adc-b394-b70c534347ee d5867e2ccba9447db1c50aa0b7871135 6ec4ecb5933647d1accc41abf0065313 - - - -] No more DHCP agents
2026-08-04 16:38:28.032 9 WARNING neutron.api.rpc.agentnotifiers.dhcp_rpc_agent_api [None req-5574fa96-47be-4adc-b394-b70c534347ee d5867e2ccba9447db1c50aa0b7871135 6ec4ecb5933647d1accc41abf0065313 - - - -] Unable to schedule network 61d1bb28-b8fd-4ce2-9fb9-c853b9ebe6f7: no agents available; will retry on subsequent port and subnet creation events.
2026-08-04 16:38:28.074 10 INFO neutron.wsgi [req-e26f2090-f0c4-4269-9d73-defeb18820cc req-7481942e-314a-410d-a2f8-5d5495278da7 668dbe9196c54932afd5d25c0c1ef9ae 7b639e4be09b4574837b22570283c71f - - default default] 10.0.0.245 "GET /v2.0/security-groups?id=8d6f000c-6c79-4ba9-b515-7617b7f08e8e&fields=id&fields=name HTTP/1.1" status: 200 len: 313 time: 0.0469639
2026-08-04 16:38:28.248 9 INFO neutron.db.ovn_revision_numbers_db [None req-5574fa96-47be-4adc-b394-b70c534347ee d5867e2ccba9447db1c50aa0b7871135 6ec4ecb5933647d1accc41abf0065313 - - - -] Successfully bumped revision number for resource 7c907bcd-cc0a-472f-9bf8-c050e19668fe (type: ports) to 1
2026-08-04 16:38:28.289 9 INFO neutron.wsgi [req-90822c63-ae57-49c6-b769-10b1a320f56a req-da4e70bc-1209-4ade-b163-e13934ca92bb 668dbe9196c54932afd5d25c0c1ef9ae 7b639e4be09b4574837b22570283c71f - - default default] 10.0.0.245 "GET /v2.0/ports?device_id=9891abb1-188f-4b68-91af-5b7998b5233e HTTP/1.1" status: 200 len: 1170 time: 0.1287110
2026-08-04 16:38:28.354 10 INFO neutron.wsgi [None req-2a9a8f4a-b4e2-4e0d-b951-96f7295b576d 8dbc8a0253854bf895e0905b6991c3ac 67461f9ddcff46b99d1f104fc81f16b3 - - - -] 10.0.0.167 "DELETE /v2.0/networks/d83e1e57-4921-4193-b7f4-85bdeb2c3a5c HTTP/1.1" status: 204 len: 168 time: 0.6061406
2026-08-04 16:38:28.594 10 INFO neutron.db.l3_db [None req-b3525eb1-0e28-4ccc-9ca5-45e2ec2860dd 668dbe9196c54932afd5d25c0c1ef9ae 7b639e4be09b4574837b22570283c71f - - - -] Floating IP c2ea126b-9518-4cec-97e1-c5bc9cea4077 associated. External IP: 10.96.250.204, port: 15007a02-83f5-424b-89ce-7fe29fa38b28.
2026-08-04 16:38:28.844 10 INFO neutron.db.ovn_revision_numbers_db [None req-b3525eb1-0e28-4ccc-9ca5-45e2ec2860dd 668dbe9196c54932afd5d25c0c1ef9ae 7b639e4be09b4574837b22570283c71f - - - -] Successfully bumped revision number for resource c2ea126b-9518-4cec-97e1-c5bc9cea4077 (type: floatingips) to 1
2026-08-04 16:38:28.887 10 INFO neutron.services.segments.plugin [-] Segment 5ca4f1d9-4e5e-4c3a-9408-619fd543ca32 resource provider aggregate not found
2026-08-04 16:38:28.897 10 INFO neutron.services.segments.plugin [-] Segment 5ca4f1d9-4e5e-4c3a-9408-619fd543ca32 resource provider aggregate not found
2026-08-04 16:38:28.905 10 INFO neutron.services.segments.plugin [-] Segment 5ca4f1d9-4e5e-4c3a-9408-619fd543ca32 resource provider not found; error: Placement Client Error (4xx): {"errors": [{"status": 404, "title": "Not Found", "detail": "The resource could not be found.\n\n No resource provider with uuid 5ca4f1d9-4e5e-4c3a-9408-619fd543ca32 found for delete ", "request_id": "req-78c8f391-32f8-4550-9483-04f1510164c7"}]}
2026-08-04 16:38:28.912 10 INFO neutron.services.segments.plugin [-] Segment 5ca4f1d9-4e5e-4c3a-9408-619fd543ca32 resource provider not found; error: Placement Client Error (4xx): {"errors": [{"status": 404, "title": "Not Found", "detail": "The resource could not be found.\n\n No resource provider with uuid 5ca4f1d9-4e5e-4c3a-9408-619fd543ca32 found for delete ", "request_id": "req-5282c6f7-fa01-4403-8bcb-c651c77e0423"}]}
2026-08-04 16:38:28.927 10 INFO neutron.db.ovn_revision_numbers_db [None req-b3525eb1-0e28-4ccc-9ca5-45e2ec2860dd 668dbe9196c54932afd5d25c0c1ef9ae 7b639e4be09b4574837b22570283c71f - - - -] Successfully bumped revision number for resource c2ea126b-9518-4cec-97e1-c5bc9cea4077 (type: floatingips) to 2
2026-08-04 16:38:28.960 10 INFO neutron.wsgi [None req-b3525eb1-0e28-4ccc-9ca5-45e2ec2860dd 668dbe9196c54932afd5d25c0c1ef9ae 7b639e4be09b4574837b22570283c71f - - - -] 10.0.0.167 "PUT /v2.0/floatingips/c2ea126b-9518-4cec-97e1-c5bc9cea4077 HTTP/1.1" status: 200 len: 1049 time: 0.6603894
2026-08-04 16:38:28.962 9 INFO neutron.db.ovn_revision_numbers_db [None req-5574fa96-47be-4adc-b394-b70c534347ee d5867e2ccba9447db1c50aa0b7871135 6ec4ecb5933647d1accc41abf0065313 - - - -] Successfully bumped revision number for resource 7c907bcd-cc0a-472f-9bf8-c050e19668fe (type: router_ports) to 1
2026-08-04 16:38:28.968 9 INFO neutron.plugins.ml2.drivers.ovn.mech_driver.ovsdb.ovsdb_monitor [None req-30f422d8-be54-4dc4-b573-1e31daa43e0c - - - - - -] Router 3850e5d7-f865-42ea-90f1-e27b49433977 is bound to host instance /var/lib/openstack/lib/python3.10/site-packages/pycadf/identifier.py:71: UserWarning: Invalid uuid: neutron. To ensure interoperability, identifiers should be a valid uuid. warnings.warn(('Invalid uuid: %s. To ensure interoperability, '
2026-08-04 16:38:29.095 10 INFO neutron.wsgi [req-db03c249-ce81-42ae-8bbd-1696f3f4e11e req-90fe35d9-64e3-4f85-aa4d-09bfcbc5c2f2 668dbe9196c54932afd5d25c0c1ef9ae 7b639e4be09b4574837b22570283c71f - - default default] 10.0.0.245 "GET /v2.0/ports?device_id=9891abb1-188f-4b68-91af-5b7998b5233e HTTP/1.1" status: 200 len: 1170 time: 0.0685494
2026-08-04 16:38:29.127 10 INFO neutron.wsgi [None req-ed1173ae-7623-41e8-abc1-dd1671e5a6b2 d5867e2ccba9447db1c50aa0b7871135 6ec4ecb5933647d1accc41abf0065313 - - default default] 10.0.0.167 "GET /v2.0/security-groups?tenant_id=67461f9ddcff46b99d1f104fc81f16b3&name=default HTTP/1.1" status: 200 len: 2996 time: 0.1156857
2026-08-04 16:38:29.146 10 INFO neutron.wsgi [req-db03c249-ce81-42ae-8bbd-1696f3f4e11e req-fc724d2a-c958-464d-a166-2c3c96b4fa56 668dbe9196c54932afd5d25c0c1ef9ae 7b639e4be09b4574837b22570283c71f - - default default] 10.0.0.245 "GET /v2.0/security-groups?id=8d6f000c-6c79-4ba9-b515-7617b7f08e8e&fields=id&fields=name HTTP/1.1" status: 200 len: 313 time: 0.0432971
2026-08-04 16:38:29.345 9 INFO neutron.db.ovn_revision_numbers_db [None req-5574fa96-47be-4adc-b394-b70c534347ee d5867e2ccba9447db1c50aa0b7871135 6ec4ecb5933647d1accc41abf0065313 - - - -] Successfully bumped revision number for resource 3850e5d7-f865-42ea-90f1-e27b49433977 (type: routers) to 3
2026-08-04 16:38:29.363 9 INFO neutron.wsgi [None req-5574fa96-47be-4adc-b394-b70c534347ee d5867e2ccba9447db1c50aa0b7871135 6ec4ecb5933647d1accc41abf0065313 - - - -] 10.0.0.167 "POST /v2.0/routers HTTP/1.1" status: 201 len: 879 time: 1.9338367
2026-08-04 16:38:29.367 10 INFO neutron.wsgi [None req-6aa29a59-1aa2-4c74-8aed-a849a5af6dbc d5867e2ccba9447db1c50aa0b7871135 6ec4ecb5933647d1accc41abf0065313 - - - -] 10.0.0.167 "DELETE /v2.0/security-groups/2157fb37-368d-472f-923f-5127ae2651e7 HTTP/1.1" status: 204 len: 168 time: 0.2338660
2026-08-04 16:38:29.483 10 INFO neutron.notifiers.nova [-] Nova event matching ['req-654b5944-e4e8-4a20-bde3-d009aefc487d'] response: {'name': 'network-changed', 'server_uuid': '9891abb1-188f-4b68-91af-5b7998b5233e', 'tag': '15007a02-83f5-424b-89ce-7fe29fa38b28', 'status': 'completed', 'code': 200}
2026-08-04 16:38:29.506 10 INFO neutron.plugins.ml2.drivers.ovn.mech_driver.mech_driver [None req-7c6bcefe-38c6-4de3-97a5-15c8a5274d3d - - - - - -] OVN reports status down for port: 15007a02-83f5-424b-89ce-7fe29fa38b28
2026-08-04 16:38:29.506 9 INFO neutron.wsgi [req-41e77669-f1ab-479b-8726-c2b552abcce2 req-5e93b247-492d-4a45-8543-94a4c14b023c 668dbe9196c54932afd5d25c0c1ef9ae 7b639e4be09b4574837b22570283c71f - - default default] 10.0.0.245 "GET /v2.0/ports?device_id=9891abb1-188f-4b68-91af-5b7998b5233e HTTP/1.1" status: 200 len: 1170 time: 0.0460684
2026-08-04 16:38:29.587 9 INFO neutron.wsgi [req-41e77669-f1ab-479b-8726-c2b552abcce2 req-8e893c12-19c0-4c9c-a30e-20d77647bc81 668dbe9196c54932afd5d25c0c1ef9ae 7b639e4be09b4574837b22570283c71f - - default default] 10.0.0.245 "GET /v2.0/security-groups?id=8d6f000c-6c79-4ba9-b515-7617b7f08e8e&fields=id&fields=name HTTP/1.1" status: 200 len: 313 time: 0.0660930
2026-08-04 16:38:29.842 9 INFO neutron.wsgi [req-dd304660-94a2-40e0-be73-40350bc3a709 req-12845bf9-c00f-4068-bfa9-835ee2d57633 668dbe9196c54932afd5d25c0c1ef9ae 7b639e4be09b4574837b22570283c71f - - default default] 199.19.213.137 "GET /v2.0/ports?device_id=9891abb1-188f-4b68-91af-5b7998b5233e HTTP/1.1" status: 200 len: 1170 time: 0.0428963
2026-08-04 16:38:29.880 10 INFO neutron.wsgi [req-db3048ca-0dc2-4172-9ed8-22fd631d1d79 req-32ed4894-224f-48e1-b9dd-b3b8b837cb64 3b097d311a4a4c638583644899515cab 4c787b13fdd14d349750e6d5144fb437 - - 5542a1e84d6847768ce2ec334b584dc7 5542a1e84d6847768ce2ec334b584dc7] 199.19.213.137 "GET /v2.0/ports?tenant_id=7b639e4be09b4574837b22570283c71f&device_id=9891abb1-188f-4b68-91af-5b7998b5233e HTTP/1.1" status: 200 len: 1361 time: 0.3568070
2026-08-04 16:38:29.953 9 INFO neutron.db.ovn_revision_numbers_db [None req-30f422d8-be54-4dc4-b573-1e31daa43e0c - - - - - -] Successfully bumped revision number for resource 7c907bcd-cc0a-472f-9bf8-c050e19668fe (type: ports) to 1
2026-08-04 16:38:29.988 10 INFO neutron.wsgi [req-db3048ca-0dc2-4172-9ed8-22fd631d1d79 req-b9b6d147-558c-463b-98b0-fd8907dcc4eb 3b097d311a4a4c638583644899515cab 4c787b13fdd14d349750e6d5144fb437 - - 5542a1e84d6847768ce2ec334b584dc7 5542a1e84d6847768ce2ec334b584dc7] 199.19.213.137 "GET /v2.0/networks?id=4a7de059-5196-4799-ba35-5d89fa89fa87 HTTP/1.1" status: 200 len: 968 time: 0.0957792
2026-08-04 16:38:30.077 10 INFO neutron.wsgi [req-db3048ca-0dc2-4172-9ed8-22fd631d1d79 req-be7b7581-6c68-4bcc-85a0-1305cd0b68da 3b097d311a4a4c638583644899515cab 4c787b13fdd14d349750e6d5144fb437 - - 5542a1e84d6847768ce2ec334b584dc7 5542a1e84d6847768ce2ec334b584dc7] 199.19.213.137 "GET /v2.0/floatingips?fixed_ip_address=10.100.0.6&port_id=15007a02-83f5-424b-89ce-7fe29fa38b28 HTTP/1.1" status: 200 len: 1057 time: 0.0807271
2026-08-04 16:38:30.161 10 INFO neutron.wsgi [req-db3048ca-0dc2-4172-9ed8-22fd631d1d79 req-2ae9a7b5-db00-499e-8525-928f2a590109 3b097d311a4a4c638583644899515cab 4c787b13fdd14d349750e6d5144fb437 - - 5542a1e84d6847768ce2ec334b584dc7 5542a1e84d6847768ce2ec334b584dc7] 199.19.213.137 "GET /v2.0/subnets?id=b891ec82-af1d-42c8-b68b-265441f92915 HTTP/1.1" status: 200 len: 863 time: 0.0760374
2026-08-04 16:38:30.212 10 INFO neutron.wsgi [req-db3048ca-0dc2-4172-9ed8-22fd631d1d79 req-69b2fccb-b149-4ed9-8e97-32e1d81bbc2d 3b097d311a4a4c638583644899515cab 4c787b13fdd14d349750e6d5144fb437 - - 5542a1e84d6847768ce2ec334b584dc7 5542a1e84d6847768ce2ec334b584dc7] 199.19.213.137 "GET /v2.0/ports?network_id=4a7de059-5196-4799-ba35-5d89fa89fa87&device_owner=network%3Adhcp HTTP/1.1" status: 200 len: 210 time: 0.0380623
2026-08-04 16:38:30.320 9 INFO neutron.db.l3_db [None req-ad2a26aa-0ac3-4262-99f9-20f9448c5939 668dbe9196c54932afd5d25c0c1ef9ae 7b639e4be09b4574837b22570283c71f - - - -] Floating IP c2ea126b-9518-4cec-97e1-c5bc9cea4077 disassociated. External IP: 10.96.250.204, port: 15007a02-83f5-424b-89ce-7fe29fa38b28.
2026-08-04 16:38:30.348 10 INFO neutron.wsgi [req-db3048ca-0dc2-4172-9ed8-22fd631d1d79 req-aeb8d3d1-040d-45a5-96bd-6508cf2236ce 3b097d311a4a4c638583644899515cab 4c787b13fdd14d349750e6d5144fb437 - - 5542a1e84d6847768ce2ec334b584dc7 5542a1e84d6847768ce2ec334b584dc7] 199.19.213.137 "GET /v2.0/networks/4a7de059-5196-4799-ba35-5d89fa89fa87?fields=segments HTTP/1.1" status: 200 len: 212 time: 0.1309538
2026-08-04 16:38:30.353 10 INFO neutron.db.ovn_revision_numbers_db [None req-7c6bcefe-38c6-4de3-97a5-15c8a5274d3d - - - - - -] Successfully bumped revision number for resource 15007a02-83f5-424b-89ce-7fe29fa38b28 (type: ports) to 5
2026-08-04 16:38:30.415 9 INFO neutron.db.ovn_revision_numbers_db [None req-30f422d8-be54-4dc4-b573-1e31daa43e0c - - - - - -] Successfully bumped revision number for resource 7c907bcd-cc0a-472f-9bf8-c050e19668fe (type: router_ports) to 3
2026-08-04 16:38:30.523 10 INFO neutron.wsgi [req-db3048ca-0dc2-4172-9ed8-22fd631d1d79 req-a005da54-4382-41e6-85d8-8bd30417abd9 3b097d311a4a4c638583644899515cab 4c787b13fdd14d349750e6d5144fb437 - - 5542a1e84d6847768ce2ec334b584dc7 5542a1e84d6847768ce2ec334b584dc7] 199.19.213.137 "GET /v2.0/networks/4a7de059-5196-4799-ba35-5d89fa89fa87?fields=provider%3Aphysical_network&fields=provider%3Anetwork_type HTTP/1.1" status: 200 len: 277 time: 0.1620986
2026-08-04 16:38:30.566 10 WARNING neutron.scheduler.dhcp_agent_scheduler [None req-33509e9a-4f02-4310-b9ba-ddc475d24987 d5867e2ccba9447db1c50aa0b7871135 6ec4ecb5933647d1accc41abf0065313 - - default default] No more DHCP agents
2026-08-04 16:38:30.578 10 WARNING neutron.api.rpc.agentnotifiers.dhcp_rpc_agent_api [None req-33509e9a-4f02-4310-b9ba-ddc475d24987 d5867e2ccba9447db1c50aa0b7871135 6ec4ecb5933647d1accc41abf0065313 - - default default] Unable to schedule network 6ea10296-9df5-450d-89db-3cfa64c79386: no agents available; will retry on subsequent port and subnet creation events.
2026-08-04 16:38:30.619 9 INFO neutron.wsgi [None req-ad2a26aa-0ac3-4262-99f9-20f9448c5939 668dbe9196c54932afd5d25c0c1ef9ae 7b639e4be09b4574837b22570283c71f - - - -] 199.19.213.137 "DELETE /v2.0/ports/15007a02-83f5-424b-89ce-7fe29fa38b28 HTTP/1.1" status: 204 len: 173 time: 0.7688723
2026-08-04 16:38:30.638 10 INFO neutron.db.ovn_revision_numbers_db [None req-a0c3c943-698f-40bd-af68-65eb3c3285e7 d5867e2ccba9447db1c50aa0b7871135 6ec4ecb5933647d1accc41abf0065313 - - default default] Successfully bumped revision number for resource 250c6cb2-52b0-41d1-8fcd-6fad0ad0af20 (type: security_groups) to 1
2026-08-04 16:38:30.652 9 INFO neutron.db.ovn_revision_numbers_db [None req-30f422d8-be54-4dc4-b573-1e31daa43e0c - - - - - -] Successfully bumped revision number for resource 7c907bcd-cc0a-472f-9bf8-c050e19668fe (type: ports) to 2
2026-08-04 16:38:30.661 9 INFO neutron.notifiers.nova [-] Nova event matching ['req-478da7e5-316e-45eb-9bca-fefbd1e19cbd'] response: {'server_uuid': '9891abb1-188f-4b68-91af-5b7998b5233e', 'name': 'network-vif-deleted', 'tag': '15007a02-83f5-424b-89ce-7fe29fa38b28', 'status': 'completed', 'code': 200}
2026-08-04 16:38:30.666 10 INFO neutron.wsgi [None req-a0c3c943-698f-40bd-af68-65eb3c3285e7 d5867e2ccba9447db1c50aa0b7871135 6ec4ecb5933647d1accc41abf0065313 - - default default] 10.0.0.167 "GET /v2.0/security-groups?tenant_id=90c41e34186e47388817e0c24f295092&name=default HTTP/1.1" status: 200 len: 2996 time: 0.4945004 /var/lib/openstack/lib/python3.10/site-packages/pycadf/identifier.py:71: UserWarning: Invalid uuid: neutron. To ensure interoperability, identifiers should be a valid uuid. warnings.warn(('Invalid uuid: %s. To ensure interoperability, '
2026-08-04 16:38:30.702 10 INFO neutron.wsgi [req-55151d48-e905-4eb8-9db0-bd71c0976823 req-54db459d-562b-425a-b6e7-c37a61009cb9 668dbe9196c54932afd5d25c0c1ef9ae 7b639e4be09b4574837b22570283c71f - - default default] 10.0.0.245 "GET /v2.0/ports?device_id=9891abb1-188f-4b68-91af-5b7998b5233e HTTP/1.1" status: 200 len: 210 time: 0.0278361
2026-08-04 16:38:30.777 10 INFO neutron.db.ovn_revision_numbers_db [None req-33509e9a-4f02-4310-b9ba-ddc475d24987 d5867e2ccba9447db1c50aa0b7871135 6ec4ecb5933647d1accc41abf0065313 - - default default] Successfully bumped revision number for resource 4988010d-1255-4882-8a26-d76d1d049996 (type: ports) to 1
2026-08-04 16:38:30.890 9 INFO neutron.db.ovn_revision_numbers_db [None req-30f422d8-be54-4dc4-b573-1e31daa43e0c - - - - - -] Successfully bumped revision number for resource 7c907bcd-cc0a-472f-9bf8-c050e19668fe (type: ports) to 4
2026-08-04 16:38:30.954 10 INFO neutron.wsgi [None req-c8e0e202-c914-4876-bd93-4eb45f5d00a3 d5867e2ccba9447db1c50aa0b7871135 6ec4ecb5933647d1accc41abf0065313 - - - -] 10.0.0.167 "DELETE /v2.0/security-groups/250c6cb2-52b0-41d1-8fcd-6fad0ad0af20 HTTP/1.1" status: 204 len: 168 time: 0.2698605
2026-08-04 16:38:30.963 9 WARNING neutron.plugins.ml2.drivers.ovn.mech_driver.ovsdb.ovn_client [None req-bf202515-1b3a-4823-9d5f-3cd274afef13 - - - - - -] No hosting information found for port 47178199-aadb-445e-8ef4-43e2f2e28d9f: RuntimeError: No hosting information found for port 47178199-aadb-445e-8ef4-43e2f2e28d9f
2026-08-04 16:38:31.130 9 INFO neutron.plugins.ml2.drivers.ovn.mech_driver.mech_driver [None req-bf202515-1b3a-4823-9d5f-3cd274afef13 - - - - - -] OVN reports status up for port: 7c907bcd-cc0a-472f-9bf8-c050e19668fe
2026-08-04 16:38:31.173 9 INFO neutron.plugins.ml2.plugin [None req-bf202515-1b3a-4823-9d5f-3cd274afef13 - - - - - -] Attempt 1 to provision port 7c907bcd-cc0a-472f-9bf8-c050e19668fe
2026-08-04 16:38:31.264 10 INFO neutron.db.ovn_revision_numbers_db [None req-33509e9a-4f02-4310-b9ba-ddc475d24987 d5867e2ccba9447db1c50aa0b7871135 6ec4ecb5933647d1accc41abf0065313 - - default default] Successfully bumped revision number for resource 4988010d-1255-4882-8a26-d76d1d049996 (type: router_ports) to 2
2026-08-04 16:38:31.300 9 INFO neutron.plugins.ml2.drivers.ovn.mech_driver.mech_driver [None req-bf202515-1b3a-4823-9d5f-3cd274afef13 - - - - - -] OVN reports status up for port: 4988010d-1255-4882-8a26-d76d1d049996
2026-08-04 16:38:31.311 9 INFO neutron.plugins.ml2.plugin [None req-bf202515-1b3a-4823-9d5f-3cd274afef13 - - - - - -] Attempt 1 to provision port 4988010d-1255-4882-8a26-d76d1d049996
