2026-08-04 16:38:45.142 7 INFO placement.requestlog [None req-505662bb-ab70-41e3-9ff5-1fc34cadc27b 3b097d311a4a4c638583644899515cab 4c787b13fdd14d349750e6d5144fb437 - - 5542a1e84d6847768ce2ec334b584dc7 5542a1e84d6847768ce2ec334b584dc7] 10.0.0.182 "DELETE /resource_providers/d1a479e3-eb09-416a-aa88-944528ca80ec" status: 404 len: 246 microversion: 1.1 [pid: 7|app: 0|req: 389/779] 10.0.0.182 () {34 vars in 825 bytes} [Tue Aug 4 16:38:45 2026] DELETE /resource_providers/d1a479e3-eb09-416a-aa88-944528ca80ec => generated 246 bytes in 12 msecs (HTTP/1.1 404) 6 headers in 231 bytes (1 switches on core 0)
2026-08-04 16:38:45.158 8 INFO placement.requestlog [None req-380da5e1-334f-404a-bd4d-7e30af9a3479 3b097d311a4a4c638583644899515cab 4c787b13fdd14d349750e6d5144fb437 - - 5542a1e84d6847768ce2ec334b584dc7 5542a1e84d6847768ce2ec334b584dc7] 10.0.0.182 "DELETE /resource_providers/d1a479e3-eb09-416a-aa88-944528ca80ec" status: 404 len: 246 microversion: 1.1 [pid: 8|app: 0|req: 391/780] 10.0.0.182 () {34 vars in 825 bytes} [Tue Aug 4 16:38:45 2026] DELETE /resource_providers/d1a479e3-eb09-416a-aa88-944528ca80ec => generated 246 bytes in 11 msecs (HTTP/1.1 404) 6 headers in 231 bytes (1 switches on core 0)
2026-08-04 16:38:45.469 7 INFO placement.requestlog [None req-044bcb20-36fd-438f-b970-643ab3db21eb - - - - - -] 10.0.0.139 "GET /" status: 200 len: 136 microversion: 1.0
2026-08-04 16:38:45.469 8 INFO placement.requestlog [None req-6c0556b4-965d-4037-8022-b9f1c2d45f58 - - - - - -] 10.0.0.139 "GET /" status: 200 len: 136 microversion: 1.0
2026-08-04 16:38:46.618 7 INFO placement.requestlog [None req-d15d2204-7503-4b53-87d1-3d3fb3d1929d 3b097d311a4a4c638583644899515cab 4c787b13fdd14d349750e6d5144fb437 - - 5542a1e84d6847768ce2ec334b584dc7 5542a1e84d6847768ce2ec334b584dc7] 10.0.0.182 "GET /resource_providers/9b5adf4c-806e-4350-b75d-abb6c950a4b0/aggregates" status: 404 len: 235 microversion: 1.1 [pid: 7|app: 0|req: 391/783] 10.0.0.182 () {32 vars in 825 bytes} [Tue Aug 4 16:38:46 2026] GET /resource_providers/9b5adf4c-806e-4350-b75d-abb6c950a4b0/aggregates => generated 235 bytes in 24 msecs (HTTP/1.1 404) 5 headers in 202 bytes (1 switches on core 0)
2026-08-04 16:38:46.620 8 INFO placement.requestlog [None req-9990c80b-df3a-4b5f-b908-5d763c5e49d8 3b097d311a4a4c638583644899515cab 4c787b13fdd14d349750e6d5144fb437 - - 5542a1e84d6847768ce2ec334b584dc7 5542a1e84d6847768ce2ec334b584dc7] 10.0.0.182 "GET /resource_providers/9b5adf4c-806e-4350-b75d-abb6c950a4b0/aggregates" status: 404 len: 235 microversion: 1.1 [pid: 8|app: 0|req: 393/784] 10.0.0.182 () {32 vars in 825 bytes} [Tue Aug 4 16:38:46 2026] GET /resource_providers/9b5adf4c-806e-4350-b75d-abb6c950a4b0/aggregates => generated 235 bytes in 24 msecs (HTTP/1.1 404) 5 headers in 202 bytes (1 switches on core 0)
2026-08-04 16:38:46.651 7 INFO placement.requestlog [None req-466596fa-dcd6-4afa-9cc4-4f7a3130c056 3b097d311a4a4c638583644899515cab 4c787b13fdd14d349750e6d5144fb437 - - 5542a1e84d6847768ce2ec334b584dc7 5542a1e84d6847768ce2ec334b584dc7] 10.0.0.182 "DELETE /resource_providers/9b5adf4c-806e-4350-b75d-abb6c950a4b0" status: 404 len: 246 microversion: 1.1 [pid: 7|app: 0|req: 392/785] 10.0.0.182 () {34 vars in 825 bytes} [Tue Aug 4 16:38:46 2026] DELETE /resource_providers/9b5adf4c-806e-4350-b75d-abb6c950a4b0 => generated 246 bytes in 13 msecs (HTTP/1.1 404) 6 headers in 231 bytes (1 switches on core 0)
2026-08-04 16:38:46.662 8 INFO placement.requestlog [None req-2763e401-5d73-4155-a0e3-3a19a811c5b3 3b097d311a4a4c638583644899515cab 4c787b13fdd14d349750e6d5144fb437 - - 5542a1e84d6847768ce2ec334b584dc7 5542a1e84d6847768ce2ec334b584dc7] 10.0.0.182 "DELETE /resource_providers/9b5adf4c-806e-4350-b75d-abb6c950a4b0" status: 404 len: 246 microversion: 1.1 [pid: 8|app: 0|req: 394/786] 10.0.0.182 () {34 vars in 825 bytes} [Tue Aug 4 16:38:46 2026] DELETE /resource_providers/9b5adf4c-806e-4350-b75d-abb6c950a4b0 => generated 246 bytes in 23 msecs (HTTP/1.1 404) 6 headers in 231 bytes (1 switches on core 0)
2026-08-04 16:38:46.688 8 INFO placement.requestlog [None req-248e05a7-113c-447b-a5e5-01b0c24e8de5 3b097d311a4a4c638583644899515cab 4c787b13fdd14d349750e6d5144fb437 - - 5542a1e84d6847768ce2ec334b584dc7 5542a1e84d6847768ce2ec334b584dc7] 10.0.0.182 "GET /resource_providers/ac716b18-ce42-4d65-b9a3-b455ff64f70f/aggregates" status: 404 len: 235 microversion: 1.1 [pid: 8|app: 0|req: 395/787] 10.0.0.182 () {32 vars in 825 bytes} [Tue Aug 4 16:38:46 2026] GET /resource_providers/ac716b18-ce42-4d65-b9a3-b455ff64f70f/aggregates => generated 235 bytes in 17 msecs (HTTP/1.1 404) 5 headers in 202 bytes (1 switches on core 0)
2026-08-04 16:38:46.724 8 INFO placement.requestlog [None req-f51e672a-e903-4b0b-8c28-10492fcc9e65 3b097d311a4a4c638583644899515cab 4c787b13fdd14d349750e6d5144fb437 - - 5542a1e84d6847768ce2ec334b584dc7 5542a1e84d6847768ce2ec334b584dc7] 10.0.0.182 "DELETE /resource_providers/ac716b18-ce42-4d65-b9a3-b455ff64f70f" status: 404 len: 246 microversion: 1.1 [pid: 8|app: 0|req: 396/788] 10.0.0.182 () {34 vars in 825 bytes} [Tue Aug 4 16:38:46 2026] DELETE /resource_providers/ac716b18-ce42-4d65-b9a3-b455ff64f70f => generated 246 bytes in 23 msecs (HTTP/1.1 404) 6 headers in 231 bytes (1 switches on core 0)
2026-08-04 16:38:46.761 7 INFO placement.requestlog [None req-6097139d-d2ac-4acc-88f7-a012e4066555 3b097d311a4a4c638583644899515cab 4c787b13fdd14d349750e6d5144fb437 - - 5542a1e84d6847768ce2ec334b584dc7 5542a1e84d6847768ce2ec334b584dc7] 10.0.0.182 "GET /resource_providers/ac716b18-ce42-4d65-b9a3-b455ff64f70f/aggregates" status: 404 len: 235 microversion: 1.1 [pid: 7|app: 0|req: 393/789] 10.0.0.182 () {32 vars in 825 bytes} [Tue Aug 4 16:38:46 2026] GET /resource_providers/ac716b18-ce42-4d65-b9a3-b455ff64f70f/aggregates => generated 235 bytes in 101 msecs (HTTP/1.1 404) 5 headers in 202 bytes (1 switches on core 0)
2026-08-04 16:38:46.793 8 INFO placement.requestlog [None req-32d7d810-fd60-4fd5-a5b0-29753c78e227 3b097d311a4a4c638583644899515cab 4c787b13fdd14d349750e6d5144fb437 - - 5542a1e84d6847768ce2ec334b584dc7 5542a1e84d6847768ce2ec334b584dc7] 10.0.0.182 "DELETE /resource_providers/ac716b18-ce42-4d65-b9a3-b455ff64f70f" status: 404 len: 246 microversion: 1.1 [pid: 8|app: 0|req: 397/790] 10.0.0.182 () {34 vars in 825 bytes} [Tue Aug 4 16:38:46 2026] DELETE /resource_providers/ac716b18-ce42-4d65-b9a3-b455ff64f70f => generated 246 bytes in 19 msecs (HTTP/1.1 404) 6 headers in 231 bytes (1 switches on core 0)
2026-08-04 16:38:47.171 7 INFO placement.requestlog [None req-c5bfcc81-eb5e-49fd-bc16-ac4304f3d1ed 3b097d311a4a4c638583644899515cab 4c787b13fdd14d349750e6d5144fb437 - - 5542a1e84d6847768ce2ec334b584dc7 5542a1e84d6847768ce2ec334b584dc7] 10.0.0.182 "GET /resource_providers/9804debe-97e8-4ce3-913e-334eadbb4d2d/aggregates" status: 404 len: 235 microversion: 1.1 [pid: 7|app: 0|req: 394/791] 10.0.0.182 () {32 vars in 825 bytes} [Tue Aug 4 16:38:47 2026] GET /resource_providers/9804debe-97e8-4ce3-913e-334eadbb4d2d/aggregates => generated 235 bytes in 15 msecs (HTTP/1.1 404) 5 headers in 202 bytes (1 switches on core 0)
2026-08-04 16:38:47.177 8 INFO placement.requestlog [None req-1c432087-efec-4acf-b2d2-964830952428 3b097d311a4a4c638583644899515cab 4c787b13fdd14d349750e6d5144fb437 - - 5542a1e84d6847768ce2ec334b584dc7 5542a1e84d6847768ce2ec334b584dc7] 10.0.0.182 "GET /resource_providers/9804debe-97e8-4ce3-913e-334eadbb4d2d/aggregates" status: 404 len: 235 microversion: 1.1 [pid: 8|app: 0|req: 398/792] 10.0.0.182 () {32 vars in 825 bytes} [Tue Aug 4 16:38:47 2026] GET /resource_providers/9804debe-97e8-4ce3-913e-334eadbb4d2d/aggregates => generated 235 bytes in 11 msecs (HTTP/1.1 404) 5 headers in 202 bytes (1 switches on core 0)
2026-08-04 16:38:47.190 7 INFO placement.requestlog [None req-0cea9c8f-8e86-44ef-a473-b900f165330a 3b097d311a4a4c638583644899515cab 4c787b13fdd14d349750e6d5144fb437 - - 5542a1e84d6847768ce2ec334b584dc7 5542a1e84d6847768ce2ec334b584dc7] 10.0.0.182 "DELETE /resource_providers/9804debe-97e8-4ce3-913e-334eadbb4d2d" status: 404 len: 246 microversion: 1.1 [pid: 7|app: 0|req: 395/793] 10.0.0.182 () {34 vars in 825 bytes} [Tue Aug 4 16:38:47 2026] DELETE /resource_providers/9804debe-97e8-4ce3-913e-334eadbb4d2d => generated 246 bytes in 12 msecs (HTTP/1.1 404) 6 headers in 231 bytes (1 switches on core 0)
2026-08-04 16:38:47.198 8 INFO placement.requestlog [None req-64c668dd-2585-4a5a-b2f5-cba5f609546b 3b097d311a4a4c638583644899515cab 4c787b13fdd14d349750e6d5144fb437 - - 5542a1e84d6847768ce2ec334b584dc7 5542a1e84d6847768ce2ec334b584dc7] 10.0.0.182 "DELETE /resource_providers/9804debe-97e8-4ce3-913e-334eadbb4d2d" status: 404 len: 246 microversion: 1.1 [pid: 8|app: 0|req: 399/794] 10.0.0.182 () {34 vars in 825 bytes} [Tue Aug 4 16:38:47 2026] DELETE /resource_providers/9804debe-97e8-4ce3-913e-334eadbb4d2d => generated 246 bytes in 13 msecs (HTTP/1.1 404) 6 headers in 231 bytes (1 switches on core 0)
2026-08-04 16:38:55.470 7 INFO placement.requestlog [None req-1b7e56d6-83ff-4e3f-8dbe-996c37b90271 - - - - - -] 10.0.0.139 "GET /" status: 200 len: 136 microversion: 1.0
2026-08-04 16:38:55.471 8 INFO placement.requestlog [None req-277c3c97-8bbb-4c8f-8d01-a8c86635b2aa - - - - - -] 10.0.0.139 "GET /" status: 200 len: 136 microversion: 1.0
2026-08-04 16:38:57.647 7 INFO placement.requestlog [None req-faa03c2f-a015-43ee-b147-f19d228e3e97 3b097d311a4a4c638583644899515cab 4c787b13fdd14d349750e6d5144fb437 - - 5542a1e84d6847768ce2ec334b584dc7 5542a1e84d6847768ce2ec334b584dc7] 10.0.0.182 "GET /resource_providers/80a7e668-2e79-44dc-b145-a47488f480bb/aggregates" status: 404 len: 235 microversion: 1.1 [pid: 7|app: 0|req: 397/797] 10.0.0.182 () {32 vars in 825 bytes} [Tue Aug 4 16:38:57 2026] GET /resource_providers/80a7e668-2e79-44dc-b145-a47488f480bb/aggregates => generated 235 bytes in 10 msecs (HTTP/1.1 404) 5 headers in 202 bytes (1 switches on core 0)
2026-08-04 16:38:57.649 8 INFO placement.requestlog [None req-cb427164-1456-485a-ae00-92ffc50e22fc 3b097d311a4a4c638583644899515cab 4c787b13fdd14d349750e6d5144fb437 - - 5542a1e84d6847768ce2ec334b584dc7 5542a1e84d6847768ce2ec334b584dc7] 10.0.0.182 "GET /resource_providers/80a7e668-2e79-44dc-b145-a47488f480bb/aggregates" status: 404 len: 235 microversion: 1.1 [pid: 8|app: 0|req: 401/798] 10.0.0.182 () {32 vars in 825 bytes} [Tue Aug 4 16:38:57 2026] GET /resource_providers/80a7e668-2e79-44dc-b145-a47488f480bb/aggregates => generated 235 bytes in 12 msecs (HTTP/1.1 404) 5 headers in 202 bytes (1 switches on core 0)
2026-08-04 16:38:57.687 8 INFO placement.requestlog [None req-240543c8-916a-4be5-99a3-4680045de9ca 3b097d311a4a4c638583644899515cab 4c787b13fdd14d349750e6d5144fb437 - - 5542a1e84d6847768ce2ec334b584dc7 5542a1e84d6847768ce2ec334b584dc7] 10.0.0.182 "DELETE /resource_providers/80a7e668-2e79-44dc-b145-a47488f480bb" status: 404 len: 246 microversion: 1.1
2026-08-04 16:38:57.686 7 INFO placement.requestlog [None req-7bbf421a-4fb9-4ebb-a52e-fab30043b8cc 3b097d311a4a4c638583644899515cab 4c787b13fdd14d349750e6d5144fb437 - - 5542a1e84d6847768ce2ec334b584dc7 5542a1e84d6847768ce2ec334b584dc7] 10.0.0.182 "DELETE /resource_providers/80a7e668-2e79-44dc-b145-a47488f480bb" status: 404 len: 246 microversion: 1.1 [pid: 8|app: 0|req: 402/799] 10.0.0.182 () {34 vars in 825 bytes} [Tue Aug 4 16:38:57 2026] DELETE /resource_providers/80a7e668-2e79-44dc-b145-a47488f480bb => generated 246 bytes in 18 msecs (HTTP/1.1 404) 6 headers in 231 bytes (1 switches on core 0) [pid: 7|app: 0|req: 398/800] 10.0.0.182 () {34 vars in 825 bytes} [Tue Aug 4 16:38:57 2026] DELETE /resource_providers/80a7e668-2e79-44dc-b145-a47488f480bb => generated 246 bytes in 20 msecs (HTTP/1.1 404) 6 headers in 231 bytes (1 switches on core 0)
2026-08-04 16:38:59.711 8 INFO placement.requestlog [None req-fc6072df-30c1-44c1-9198-c8ac9f933c0c 3b097d311a4a4c638583644899515cab 4c787b13fdd14d349750e6d5144fb437 - - 5542a1e84d6847768ce2ec334b584dc7 5542a1e84d6847768ce2ec334b584dc7] 10.0.0.182 "GET /resource_providers/79d2743f-49ef-46d5-aaa5-4c7b6c0f7adb/aggregates" status: 404 len: 235 microversion: 1.1 [pid: 8|app: 0|req: 403/801] 10.0.0.182 () {32 vars in 825 bytes} [Tue Aug 4 16:38:59 2026] GET /resource_providers/79d2743f-49ef-46d5-aaa5-4c7b6c0f7adb/aggregates => generated 235 bytes in 16 msecs (HTTP/1.1 404) 5 headers in 202 bytes (1 switches on core 0)
2026-08-04 16:38:59.711 7 INFO placement.requestlog [None req-c83d0cea-353e-4cfc-8dea-26a7a0b7b2d7 3b097d311a4a4c638583644899515cab 4c787b13fdd14d349750e6d5144fb437 - - 5542a1e84d6847768ce2ec334b584dc7 5542a1e84d6847768ce2ec334b584dc7] 10.0.0.182 "GET /resource_providers/79d2743f-49ef-46d5-aaa5-4c7b6c0f7adb/aggregates" status: 404 len: 235 microversion: 1.1 [pid: 7|app: 0|req: 399/802] 10.0.0.182 () {32 vars in 825 bytes} [Tue Aug 4 16:38:59 2026] GET /resource_providers/79d2743f-49ef-46d5-aaa5-4c7b6c0f7adb/aggregates => generated 235 bytes in 12 msecs (HTTP/1.1 404) 5 headers in 202 bytes (1 switches on core 0)
2026-08-04 16:38:59.732 8 INFO placement.requestlog [None req-e5858052-2e90-4579-bfc9-0740fd71a8f0 3b097d311a4a4c638583644899515cab 4c787b13fdd14d349750e6d5144fb437 - - 5542a1e84d6847768ce2ec334b584dc7 5542a1e84d6847768ce2ec334b584dc7] 10.0.0.182 "DELETE /resource_providers/79d2743f-49ef-46d5-aaa5-4c7b6c0f7adb" status: 404 len: 246 microversion: 1.1 [pid: 8|app: 0|req: 404/803] 10.0.0.182 () {34 vars in 825 bytes} [Tue Aug 4 16:38:59 2026] DELETE /resource_providers/79d2743f-49ef-46d5-aaa5-4c7b6c0f7adb => generated 246 bytes in 10 msecs (HTTP/1.1 404) 6 headers in 231 bytes (1 switches on core 0)
2026-08-04 16:38:59.739 7 INFO placement.requestlog [None req-2eae8afb-bbe1-4c7e-abef-fb620d5af11b 3b097d311a4a4c638583644899515cab 4c787b13fdd14d349750e6d5144fb437 - - 5542a1e84d6847768ce2ec334b584dc7 5542a1e84d6847768ce2ec334b584dc7] 10.0.0.182 "DELETE /resource_providers/79d2743f-49ef-46d5-aaa5-4c7b6c0f7adb" status: 404 len: 246 microversion: 1.1 [pid: 7|app: 0|req: 400/804] 10.0.0.182 () {34 vars in 825 bytes} [Tue Aug 4 16:38:59 2026] DELETE /resource_providers/79d2743f-49ef-46d5-aaa5-4c7b6c0f7adb => generated 246 bytes in 12 msecs (HTTP/1.1 404) 6 headers in 231 bytes (1 switches on core 0)
2026-08-04 16:39:05.469 7 INFO placement.requestlog [None req-4901072f-002c-47a2-8e4c-5c3db5c5edf2 - - - - - -] 10.0.0.139 "GET /" status: 200 len: 136 microversion: 1.0
2026-08-04 16:39:05.470 8 INFO placement.requestlog [None req-02dd0254-2fcc-40a7-81fc-1e03075ebeaf - - - - - -] 10.0.0.139 "GET /" status: 200 len: 136 microversion: 1.0
2026-08-04 16:39:06.133 7 INFO placement.requestlog [None req-5f62e9a6-b803-498c-b3f7-a5c9e9a237ab 3b097d311a4a4c638583644899515cab 4c787b13fdd14d349750e6d5144fb437 - - 5542a1e84d6847768ce2ec334b584dc7 5542a1e84d6847768ce2ec334b584dc7] 10.0.0.182 "GET /resource_providers/c49c7a8d-0090-4186-b7f6-d87f3ef8d73c/aggregates" status: 404 len: 235 microversion: 1.1 [pid: 7|app: 0|req: 402/807] 10.0.0.182 () {32 vars in 825 bytes} [Tue Aug 4 16:39:06 2026] GET /resource_providers/c49c7a8d-0090-4186-b7f6-d87f3ef8d73c/aggregates => generated 235 bytes in 10 msecs (HTTP/1.1 404) 5 headers in 202 bytes (1 switches on core 0)
2026-08-04 16:39:06.145 8 INFO placement.requestlog [None req-f615bdbd-9230-4a36-b2c9-d5b7bf86f4b9 3b097d311a4a4c638583644899515cab 4c787b13fdd14d349750e6d5144fb437 - - 5542a1e84d6847768ce2ec334b584dc7 5542a1e84d6847768ce2ec334b584dc7] 10.0.0.182 "GET /resource_providers/c49c7a8d-0090-4186-b7f6-d87f3ef8d73c/aggregates" status: 404 len: 235 microversion: 1.1 [pid: 8|app: 0|req: 406/808] 10.0.0.182 () {32 vars in 825 bytes} [Tue Aug 4 16:39:06 2026] GET /resource_providers/c49c7a8d-0090-4186-b7f6-d87f3ef8d73c/aggregates => generated 235 bytes in 15 msecs (HTTP/1.1 404) 5 headers in 202 bytes (1 switches on core 0)
2026-08-04 16:39:06.154 7 INFO placement.requestlog [None req-8234bb15-18d3-43df-b6d0-cf22985db86e 3b097d311a4a4c638583644899515cab 4c787b13fdd14d349750e6d5144fb437 - - 5542a1e84d6847768ce2ec334b584dc7 5542a1e84d6847768ce2ec334b584dc7] 10.0.0.182 "DELETE /resource_providers/c49c7a8d-0090-4186-b7f6-d87f3ef8d73c" status: 404 len: 246 microversion: 1.1 [pid: 7|app: 0|req: 403/809] 10.0.0.182 () {34 vars in 825 bytes} [Tue Aug 4 16:39:06 2026] DELETE /resource_providers/c49c7a8d-0090-4186-b7f6-d87f3ef8d73c => generated 246 bytes in 11 msecs (HTTP/1.1 404) 6 headers in 231 bytes (1 switches on core 0)
2026-08-04 16:39:06.165 8 INFO placement.requestlog [None req-03ce9c4f-c55f-46cd-9d1f-cb6fead55902 3b097d311a4a4c638583644899515cab 4c787b13fdd14d349750e6d5144fb437 - - 5542a1e84d6847768ce2ec334b584dc7 5542a1e84d6847768ce2ec334b584dc7] 10.0.0.182 "DELETE /resource_providers/c49c7a8d-0090-4186-b7f6-d87f3ef8d73c" status: 404 len: 246 microversion: 1.1 [pid: 8|app: 0|req: 407/810] 10.0.0.182 () {34 vars in 825 bytes} [Tue Aug 4 16:39:06 2026] DELETE /resource_providers/c49c7a8d-0090-4186-b7f6-d87f3ef8d73c => generated 246 bytes in 12 msecs (HTTP/1.1 404) 6 headers in 231 bytes (1 switches on core 0)
2026-08-04 16:39:08.204 8 INFO placement.requestlog [None req-ae0c8963-ca4f-45ec-80b2-941e86f0728a 3b097d311a4a4c638583644899515cab 4c787b13fdd14d349750e6d5144fb437 - - 5542a1e84d6847768ce2ec334b584dc7 5542a1e84d6847768ce2ec334b584dc7] 10.0.0.182 "GET /resource_providers/18f5731a-ee80-476c-a04d-ad239a63bab2/aggregates" status: 404 len: 235 microversion: 1.1 [pid: 8|app: 0|req: 408/811] 10.0.0.182 () {32 vars in 825 bytes} [Tue Aug 4 16:39:08 2026] GET /resource_providers/18f5731a-ee80-476c-a04d-ad239a63bab2/aggregates => generated 235 bytes in 7 msecs (HTTP/1.1 404) 5 headers in 202 bytes (1 switches on core 0)
2026-08-04 16:39:08.209 7 INFO placement.requestlog [None req-e112170f-8c6b-4509-8c6b-b520c393d782 3b097d311a4a4c638583644899515cab 4c787b13fdd14d349750e6d5144fb437 - - 5542a1e84d6847768ce2ec334b584dc7 5542a1e84d6847768ce2ec334b584dc7] 10.0.0.182 "GET /resource_providers/18f5731a-ee80-476c-a04d-ad239a63bab2/aggregates" status: 404 len: 235 microversion: 1.1 [pid: 7|app: 0|req: 404/812] 10.0.0.182 () {32 vars in 825 bytes} [Tue Aug 4 16:39:08 2026] GET /resource_providers/18f5731a-ee80-476c-a04d-ad239a63bab2/aggregates => generated 235 bytes in 22 msecs (HTTP/1.1 404) 5 headers in 202 bytes (1 switches on core 0)
2026-08-04 16:39:08.227 8 INFO placement.requestlog [None req-7b827e0b-0c0e-4f00-8e85-1f450530234d 3b097d311a4a4c638583644899515cab 4c787b13fdd14d349750e6d5144fb437 - - 5542a1e84d6847768ce2ec334b584dc7 5542a1e84d6847768ce2ec334b584dc7] 10.0.0.182 "DELETE /resource_providers/18f5731a-ee80-476c-a04d-ad239a63bab2" status: 404 len: 246 microversion: 1.1 [pid: 8|app: 0|req: 409/813] 10.0.0.182 () {34 vars in 825 bytes} [Tue Aug 4 16:39:08 2026] DELETE /resource_providers/18f5731a-ee80-476c-a04d-ad239a63bab2 => generated 246 bytes in 9 msecs (HTTP/1.1 404) 6 headers in 231 bytes (1 switches on core 0)
2026-08-04 16:39:08.239 7 INFO placement.requestlog [None req-ac8e0a59-fedd-4650-a995-81b776f6326d 3b097d311a4a4c638583644899515cab 4c787b13fdd14d349750e6d5144fb437 - - 5542a1e84d6847768ce2ec334b584dc7 5542a1e84d6847768ce2ec334b584dc7] 10.0.0.182 "DELETE /resource_providers/18f5731a-ee80-476c-a04d-ad239a63bab2" status: 404 len: 246 microversion: 1.1 [pid: 7|app: 0|req: 405/814] 10.0.0.182 () {34 vars in 825 bytes} [Tue Aug 4 16:39:08 2026] DELETE /resource_providers/18f5731a-ee80-476c-a04d-ad239a63bab2 => generated 246 bytes in 21 msecs (HTTP/1.1 404) 6 headers in 231 bytes (1 switches on core 0)
2026-08-04 16:39:13.063 8 INFO placement.requestlog [req-f65716d1-9110-43b7-bb79-a4972962ef56 req-ba9bb559-57e5-4498-b2fe-a3aafb7deba9 7f1389efce7448f6a7a3c7f11acf97e2 4c787b13fdd14d349750e6d5144fb437 - - 5542a1e84d6847768ce2ec334b584dc7 5542a1e84d6847768ce2ec334b584dc7] 10.0.0.235 "GET /allocation_candidates?limit=1000&resources=DISK_GB%3A1%2CMEMORY_MB%3A512%2CVCPU%3A1&root_required=%21COMPUTE_STATUS_DISABLED" status: 200 len: 2147 microversion: 1.36 [pid: 8|app: 0|req: 410/815] 10.0.0.235 () {34 vars in 1012 bytes} [Tue Aug 4 16:39:13 2026] GET /allocation_candidates?limit=1000&resources=DISK_GB%3A1%2CMEMORY_MB%3A512%2CVCPU%3A1&root_required=%21COMPUTE_STATUS_DISABLED => generated 2147 bytes in 52 msecs (HTTP/1.1 200) 8 headers in 297 bytes (1 switches on core 0)
2026-08-04 16:39:13.095 7 INFO placement.requestlog [req-f65716d1-9110-43b7-bb79-a4972962ef56 req-766510ea-cccc-4c55-84f8-df9c529815e7 7f1389efce7448f6a7a3c7f11acf97e2 4c787b13fdd14d349750e6d5144fb437 - - 5542a1e84d6847768ce2ec334b584dc7 5542a1e84d6847768ce2ec334b584dc7] 10.0.0.235 "GET /allocations/1800fa57-61c1-472d-82d9-4ee05d52831f" status: 200 len: 19 microversion: 1.28 [pid: 7|app: 0|req: 406/816] 10.0.0.235 () {34 vars in 861 bytes} [Tue Aug 4 16:39:13 2026] GET /allocations/1800fa57-61c1-472d-82d9-4ee05d52831f => generated 19 bytes in 11 msecs (HTTP/1.1 200) 8 headers in 295 bytes (1 switches on core 0)
2026-08-04 16:39:13.175 8 INFO placement.requestlog [req-f65716d1-9110-43b7-bb79-a4972962ef56 req-15f9e50d-05b0-4585-8451-20575a2fc130 7f1389efce7448f6a7a3c7f11acf97e2 4c787b13fdd14d349750e6d5144fb437 - - 5542a1e84d6847768ce2ec334b584dc7 5542a1e84d6847768ce2ec334b584dc7] 10.0.0.235 "PUT /allocations/1800fa57-61c1-472d-82d9-4ee05d52831f" status: 204 len: 0 microversion: 1.36 [pid: 8|app: 0|req: 411/817] 10.0.0.235 () {38 vars in 914 bytes} [Tue Aug 4 16:39:13 2026] PUT /allocations/1800fa57-61c1-472d-82d9-4ee05d52831f => generated 0 bytes in 73 msecs (HTTP/1.1 204) 5 headers in 199 bytes (1 switches on core 0)
2026-08-04 16:39:13.440 7 INFO placement.requestlog [req-f65716d1-9110-43b7-bb79-a4972962ef56 req-f30212d4-424c-4290-831b-c718cac9347d 7f1389efce7448f6a7a3c7f11acf97e2 4c787b13fdd14d349750e6d5144fb437 - - 5542a1e84d6847768ce2ec334b584dc7 5542a1e84d6847768ce2ec334b584dc7] 199.19.213.137 "GET /allocations/1800fa57-61c1-472d-82d9-4ee05d52831f" status: 200 len: 257 microversion: 1.28 [pid: 7|app: 0|req: 407/818] 199.19.213.137 () {34 vars in 863 bytes} [Tue Aug 4 16:39:13 2026] GET /allocations/1800fa57-61c1-472d-82d9-4ee05d52831f => generated 257 bytes in 14 msecs (HTTP/1.1 200) 8 headers in 296 bytes (1 switches on core 0)
2026-08-04 16:39:13.600 8 INFO placement.requestlog [req-f65716d1-9110-43b7-bb79-a4972962ef56 req-b0cc404d-ac87-4941-9b4f-6077b7bd9bf8 7f1389efce7448f6a7a3c7f11acf97e2 4c787b13fdd14d349750e6d5144fb437 - - 5542a1e84d6847768ce2ec334b584dc7 5542a1e84d6847768ce2ec334b584dc7] 199.19.213.137 "GET /resource_providers/affec67c-8ef8-48c3-a030-ba0b19b91c13/allocations" status: 200 len: 152 microversion: 1.0 [pid: 8|app: 0|req: 412/819] 199.19.213.137 () {32 vars in 857 bytes} [Tue Aug 4 16:39:13 2026] GET /resource_providers/affec67c-8ef8-48c3-a030-ba0b19b91c13/allocations => generated 152 bytes in 24 msecs (HTTP/1.1 200) 6 headers in 224 bytes (1 switches on core 0)
2026-08-04 16:39:13.628 7 INFO placement.requestlog [req-f65716d1-9110-43b7-bb79-a4972962ef56 req-679cfadc-faac-412d-848e-9b9d6134c61a 7f1389efce7448f6a7a3c7f11acf97e2 4c787b13fdd14d349750e6d5144fb437 - - 5542a1e84d6847768ce2ec334b584dc7 5542a1e84d6847768ce2ec334b584dc7] 199.19.213.137 "GET /allocations/1800fa57-61c1-472d-82d9-4ee05d52831f" status: 200 len: 257 microversion: 1.28 [pid: 7|app: 0|req: 408/820] 199.19.213.137 () {34 vars in 863 bytes} [Tue Aug 4 16:39:13 2026] GET /allocations/1800fa57-61c1-472d-82d9-4ee05d52831f => generated 257 bytes in 15 msecs (HTTP/1.1 200) 8 headers in 296 bytes (1 switches on core 0)
2026-08-04 16:39:15.469 8 INFO placement.requestlog [None req-2387db2b-82cb-478d-871d-7a350fd47098 - - - - - -] 10.0.0.139 "GET /" status: 200 len: 136 microversion: 1.0
2026-08-04 16:39:15.469 7 INFO placement.requestlog [None req-12eeefe0-c7f0-4bea-8256-bce8830e263f - - - - - -] 10.0.0.139 "GET /" status: 200 len: 136 microversion: 1.0
2026-08-04 16:39:16.450 7 INFO placement.requestlog [req-f3b89460-d1c1-449a-a317-cd166eadad2f req-e840d381-2f9b-4c6f-b44f-6d7b440180a3 7f1389efce7448f6a7a3c7f11acf97e2 4c787b13fdd14d349750e6d5144fb437 - - 5542a1e84d6847768ce2ec334b584dc7 5542a1e84d6847768ce2ec334b584dc7] 199.19.213.137 "GET /resource_providers/affec67c-8ef8-48c3-a030-ba0b19b91c13/allocations" status: 200 len: 152 microversion: 1.0 [pid: 7|app: 0|req: 410/823] 199.19.213.137 () {32 vars in 857 bytes} [Tue Aug 4 16:39:16 2026] GET /resource_providers/affec67c-8ef8-48c3-a030-ba0b19b91c13/allocations => generated 152 bytes in 22 msecs (HTTP/1.1 200) 6 headers in 224 bytes (1 switches on core 0)
2026-08-04 16:39:16.617 8 INFO placement.requestlog [req-f3b89460-d1c1-449a-a317-cd166eadad2f req-e8a845e5-ebc8-4b93-80a2-29bb17db15fc 7f1389efce7448f6a7a3c7f11acf97e2 4c787b13fdd14d349750e6d5144fb437 - - 5542a1e84d6847768ce2ec334b584dc7 5542a1e84d6847768ce2ec334b584dc7] 199.19.213.137 "GET /resource_providers/affec67c-8ef8-48c3-a030-ba0b19b91c13/allocations" status: 200 len: 152 microversion: 1.0 [pid: 8|app: 0|req: 414/824] 199.19.213.137 () {32 vars in 857 bytes} [Tue Aug 4 16:39:16 2026] GET /resource_providers/affec67c-8ef8-48c3-a030-ba0b19b91c13/allocations => generated 152 bytes in 124 msecs (HTTP/1.1 200) 6 headers in 224 bytes (1 switches on core 0)
2026-08-04 16:39:16.650 7 INFO placement.requestlog [req-f3b89460-d1c1-449a-a317-cd166eadad2f req-b74f7e1f-38f2-456e-ad1b-758273d94e8d 7f1389efce7448f6a7a3c7f11acf97e2 4c787b13fdd14d349750e6d5144fb437 - - 5542a1e84d6847768ce2ec334b584dc7 5542a1e84d6847768ce2ec334b584dc7] 199.19.213.137 "GET /allocations/1800fa57-61c1-472d-82d9-4ee05d52831f" status: 200 len: 257 microversion: 1.28 [pid: 7|app: 0|req: 411/825] 199.19.213.137 () {34 vars in 863 bytes} [Tue Aug 4 16:39:16 2026] GET /allocations/1800fa57-61c1-472d-82d9-4ee05d52831f => generated 257 bytes in 19 msecs (HTTP/1.1 200) 8 headers in 296 bytes (1 switches on core 0)
2026-08-04 16:39:24.656 8 INFO placement.requestlog [req-5666d2bc-7579-4281-87cb-9882101bab1d req-f06fd680-b3ed-49f9-8b97-54fb9a4fb590 7f1389efce7448f6a7a3c7f11acf97e2 4c787b13fdd14d349750e6d5144fb437 - - 5542a1e84d6847768ce2ec334b584dc7 5542a1e84d6847768ce2ec334b584dc7] 199.19.213.137 "GET /resource_providers/affec67c-8ef8-48c3-a030-ba0b19b91c13/allocations" status: 200 len: 152 microversion: 1.0 [pid: 8|app: 0|req: 415/826] 199.19.213.137 () {32 vars in 857 bytes} [Tue Aug 4 16:39:24 2026] GET /resource_providers/affec67c-8ef8-48c3-a030-ba0b19b91c13/allocations => generated 152 bytes in 38 msecs (HTTP/1.1 200) 6 headers in 224 bytes (1 switches on core 0)
2026-08-04 16:39:24.683 7 INFO placement.requestlog [req-5666d2bc-7579-4281-87cb-9882101bab1d req-88cf486d-f553-4b01-a392-6505a237ac81 7f1389efce7448f6a7a3c7f11acf97e2 4c787b13fdd14d349750e6d5144fb437 - - 5542a1e84d6847768ce2ec334b584dc7 5542a1e84d6847768ce2ec334b584dc7] 199.19.213.137 "GET /allocations/1800fa57-61c1-472d-82d9-4ee05d52831f" status: 200 len: 257 microversion: 1.28 [pid: 7|app: 0|req: 412/827] 199.19.213.137 () {34 vars in 863 bytes} [Tue Aug 4 16:39:24 2026] GET /allocations/1800fa57-61c1-472d-82d9-4ee05d52831f => generated 257 bytes in 18 msecs (HTTP/1.1 200) 8 headers in 296 bytes (1 switches on core 0)
2026-08-04 16:39:24.756 8 INFO placement.requestlog [req-5666d2bc-7579-4281-87cb-9882101bab1d req-0749ce66-6ad3-46db-b696-3553695765cf 7f1389efce7448f6a7a3c7f11acf97e2 4c787b13fdd14d349750e6d5144fb437 - - 5542a1e84d6847768ce2ec334b584dc7 5542a1e84d6847768ce2ec334b584dc7] 199.19.213.137 "DELETE /allocations/1800fa57-61c1-472d-82d9-4ee05d52831f" status: 204 len: 0 microversion: 1.0 [pid: 8|app: 0|req: 416/828] 199.19.213.137 () {34 vars in 841 bytes} [Tue Aug 4 16:39:24 2026] DELETE /allocations/1800fa57-61c1-472d-82d9-4ee05d52831f => generated 0 bytes in 33 msecs (HTTP/1.1 204) 5 headers in 198 bytes (1 switches on core 0)
2026-08-04 16:39:25.072 7 INFO placement.requestlog [None req-e95ed342-be84-4893-90df-144cb4f5a7d2 3b097d311a4a4c638583644899515cab 4c787b13fdd14d349750e6d5144fb437 - - 5542a1e84d6847768ce2ec334b584dc7 5542a1e84d6847768ce2ec334b584dc7] 10.0.0.182 "GET /resource_providers/3cbe784b-1876-4743-985f-fa72f65349e9/aggregates" status: 404 len: 235 microversion: 1.1 [pid: 7|app: 0|req: 413/829] 10.0.0.182 () {32 vars in 825 bytes} [Tue Aug 4 16:39:25 2026] GET /resource_providers/3cbe784b-1876-4743-985f-fa72f65349e9/aggregates => generated 235 bytes in 11 msecs (HTTP/1.1 404) 5 headers in 202 bytes (1 switches on core 0)
2026-08-04 16:39:25.073 8 INFO placement.requestlog [None req-86e96c32-6a50-4348-89d5-63abc03b334f 3b097d311a4a4c638583644899515cab 4c787b13fdd14d349750e6d5144fb437 - - 5542a1e84d6847768ce2ec334b584dc7 5542a1e84d6847768ce2ec334b584dc7] 10.0.0.182 "GET /resource_providers/3cbe784b-1876-4743-985f-fa72f65349e9/aggregates" status: 404 len: 235 microversion: 1.1 [pid: 8|app: 0|req: 417/830] 10.0.0.182 () {32 vars in 825 bytes} [Tue Aug 4 16:39:25 2026] GET /resource_providers/3cbe784b-1876-4743-985f-fa72f65349e9/aggregates => generated 235 bytes in 8 msecs (HTTP/1.1 404) 5 headers in 202 bytes (1 switches on core 0)
2026-08-04 16:39:25.109 7 INFO placement.requestlog [None req-d4488923-4248-439d-8ba2-9bdbababf5f3 3b097d311a4a4c638583644899515cab 4c787b13fdd14d349750e6d5144fb437 - - 5542a1e84d6847768ce2ec334b584dc7 5542a1e84d6847768ce2ec334b584dc7] 10.0.0.182 "DELETE /resource_providers/3cbe784b-1876-4743-985f-fa72f65349e9" status: 404 len: 246 microversion: 1.1 [pid: 7|app: 0|req: 414/831] 10.0.0.182 () {34 vars in 825 bytes} [Tue Aug 4 16:39:25 2026] DELETE /resource_providers/3cbe784b-1876-4743-985f-fa72f65349e9 => generated 246 bytes in 14 msecs (HTTP/1.1 404) 6 headers in 231 bytes (1 switches on core 0)
2026-08-04 16:39:25.110 8 INFO placement.requestlog [None req-d43c8d8d-5b6a-4116-86b3-5a69f3e2f87a 3b097d311a4a4c638583644899515cab 4c787b13fdd14d349750e6d5144fb437 - - 5542a1e84d6847768ce2ec334b584dc7 5542a1e84d6847768ce2ec334b584dc7] 10.0.0.182 "DELETE /resource_providers/3cbe784b-1876-4743-985f-fa72f65349e9" status: 404 len: 246 microversion: 1.1 [pid: 8|app: 0|req: 418/832] 10.0.0.182 () {34 vars in 825 bytes} [Tue Aug 4 16:39:25 2026] DELETE /resource_providers/3cbe784b-1876-4743-985f-fa72f65349e9 => generated 246 bytes in 10 msecs (HTTP/1.1 404) 6 headers in 231 bytes (1 switches on core 0)
2026-08-04 16:39:25.470 8 INFO placement.requestlog [None req-c68ce626-aab7-490f-8534-50969156fd89 - - - - - -] 10.0.0.139 "GET /" status: 200 len: 136 microversion: 1.0
2026-08-04 16:39:25.471 7 INFO placement.requestlog [None req-4a0b36d6-f067-4151-ad27-1251f822e67d - - - - - -] 10.0.0.139 "GET /" status: 200 len: 136 microversion: 1.0
2026-08-04 16:39:25.718 7 INFO placement.requestlog [None req-10d4fc78-803c-45cc-8a51-50905fcb0fad 3b097d311a4a4c638583644899515cab 4c787b13fdd14d349750e6d5144fb437 - - 5542a1e84d6847768ce2ec334b584dc7 5542a1e84d6847768ce2ec334b584dc7] 10.0.0.182 "GET /resource_providers/fce19d27-1d25-4479-a9a5-ac75c4a5f206/aggregates" status: 404 len: 235 microversion: 1.1 [pid: 7|app: 0|req: 416/835] 10.0.0.182 () {32 vars in 825 bytes} [Tue Aug 4 16:39:25 2026] GET /resource_providers/fce19d27-1d25-4479-a9a5-ac75c4a5f206/aggregates => generated 235 bytes in 13 msecs (HTTP/1.1 404) 5 headers in 202 bytes (1 switches on core 0)
2026-08-04 16:39:25.726 7 INFO placement.requestlog [None req-742cb26a-becc-45d1-8add-954928ae6e4c 3b097d311a4a4c638583644899515cab 4c787b13fdd14d349750e6d5144fb437 - - 5542a1e84d6847768ce2ec334b584dc7 5542a1e84d6847768ce2ec334b584dc7] 10.0.0.182 "GET /resource_providers/fce19d27-1d25-4479-a9a5-ac75c4a5f206/aggregates" status: 404 len: 235 microversion: 1.1 [pid: 7|app: 0|req: 417/836] 10.0.0.182 () {32 vars in 825 bytes} [Tue Aug 4 16:39:25 2026] GET /resource_providers/fce19d27-1d25-4479-a9a5-ac75c4a5f206/aggregates => generated 235 bytes in 8 msecs (HTTP/1.1 404) 5 headers in 202 bytes (1 switches on core 0)
2026-08-04 16:39:25.735 7 INFO placement.requestlog [None req-98f4351a-01f5-49e0-9d41-6d7a95e43016 3b097d311a4a4c638583644899515cab 4c787b13fdd14d349750e6d5144fb437 - - 5542a1e84d6847768ce2ec334b584dc7 5542a1e84d6847768ce2ec334b584dc7] 10.0.0.182 "DELETE /resource_providers/fce19d27-1d25-4479-a9a5-ac75c4a5f206" status: 404 len: 246 microversion: 1.1 [pid: 7|app: 0|req: 418/837] 10.0.0.182 () {34 vars in 825 bytes} [Tue Aug 4 16:39:25 2026] DELETE /resource_providers/fce19d27-1d25-4479-a9a5-ac75c4a5f206 => generated 246 bytes in 8 msecs (HTTP/1.1 404) 6 headers in 231 bytes (1 switches on core 0)
2026-08-04 16:39:25.755 8 INFO placement.requestlog [req-332769b4-ae2a-46e8-bee1-c25e6edc6172 req-e851ba98-59a3-4cbd-b167-7437259ec6ec 7f1389efce7448f6a7a3c7f11acf97e2 4c787b13fdd14d349750e6d5144fb437 - - 5542a1e84d6847768ce2ec334b584dc7 5542a1e84d6847768ce2ec334b584dc7] 10.0.0.235 "GET /allocation_candidates?limit=1000&resources=DISK_GB%3A1%2CMEMORY_MB%3A512%2CVCPU%3A1&root_required=%21COMPUTE_STATUS_DISABLED" status: 200 len: 2147 microversion: 1.36 [pid: 8|app: 0|req: 420/838] 10.0.0.235 () {34 vars in 1012 bytes} [Tue Aug 4 16:39:25 2026] GET /allocation_candidates?limit=1000&resources=DISK_GB%3A1%2CMEMORY_MB%3A512%2CVCPU%3A1&root_required=%21COMPUTE_STATUS_DISABLED => generated 2147 bytes in 52 msecs (HTTP/1.1 200) 8 headers in 297 bytes (1 switches on core 0)
2026-08-04 16:39:25.760 7 INFO placement.requestlog [None req-2e915366-74d0-48d9-83c5-535204aabd3c 3b097d311a4a4c638583644899515cab 4c787b13fdd14d349750e6d5144fb437 - - 5542a1e84d6847768ce2ec334b584dc7 5542a1e84d6847768ce2ec334b584dc7] 10.0.0.182 "DELETE /resource_providers/fce19d27-1d25-4479-a9a5-ac75c4a5f206" status: 404 len: 246 microversion: 1.1 [pid: 7|app: 0|req: 419/839] 10.0.0.182 () {34 vars in 825 bytes} [Tue Aug 4 16:39:25 2026] DELETE /resource_providers/fce19d27-1d25-4479-a9a5-ac75c4a5f206 => generated 246 bytes in 15 msecs (HTTP/1.1 404) 6 headers in 231 bytes (1 switches on core 0)
2026-08-04 16:39:25.809 8 INFO placement.requestlog [req-332769b4-ae2a-46e8-bee1-c25e6edc6172 req-a38a6378-5cdd-4c14-ae25-20d428680802 7f1389efce7448f6a7a3c7f11acf97e2 4c787b13fdd14d349750e6d5144fb437 - - 5542a1e84d6847768ce2ec334b584dc7 5542a1e84d6847768ce2ec334b584dc7] 10.0.0.235 "GET /allocations/6925e372-887f-4d63-a5e6-55d298d8ccf2" status: 200 len: 19 microversion: 1.28 [pid: 8|app: 0|req: 421/840] 10.0.0.235 () {34 vars in 861 bytes} [Tue Aug 4 16:39:25 2026] GET /allocations/6925e372-887f-4d63-a5e6-55d298d8ccf2 => generated 19 bytes in 14 msecs (HTTP/1.1 200) 8 headers in 295 bytes (1 switches on core 0)
2026-08-04 16:39:25.905 7 INFO placement.requestlog [req-332769b4-ae2a-46e8-bee1-c25e6edc6172 req-a20ccb60-1254-4d75-a519-58ac430615bf 7f1389efce7448f6a7a3c7f11acf97e2 4c787b13fdd14d349750e6d5144fb437 - - 5542a1e84d6847768ce2ec334b584dc7 5542a1e84d6847768ce2ec334b584dc7] 10.0.0.235 "PUT /allocations/6925e372-887f-4d63-a5e6-55d298d8ccf2" status: 204 len: 0 microversion: 1.36 [pid: 7|app: 0|req: 420/841] 10.0.0.235 () {38 vars in 914 bytes} [Tue Aug 4 16:39:25 2026] PUT /allocations/6925e372-887f-4d63-a5e6-55d298d8ccf2 => generated 0 bytes in 86 msecs (HTTP/1.1 204) 5 headers in 199 bytes (1 switches on core 0)
2026-08-04 16:39:26.231 8 INFO placement.requestlog [req-332769b4-ae2a-46e8-bee1-c25e6edc6172 req-1602378f-3dfe-4330-9c03-9d133ca6d2de 7f1389efce7448f6a7a3c7f11acf97e2 4c787b13fdd14d349750e6d5144fb437 - - 5542a1e84d6847768ce2ec334b584dc7 5542a1e84d6847768ce2ec334b584dc7] 199.19.213.137 "GET /allocations/6925e372-887f-4d63-a5e6-55d298d8ccf2" status: 200 len: 258 microversion: 1.28 [pid: 8|app: 0|req: 422/842] 199.19.213.137 () {34 vars in 863 bytes} [Tue Aug 4 16:39:26 2026] GET /allocations/6925e372-887f-4d63-a5e6-55d298d8ccf2 => generated 258 bytes in 17 msecs (HTTP/1.1 200) 8 headers in 296 bytes (1 switches on core 0)
2026-08-04 16:39:26.372 7 INFO placement.requestlog [req-332769b4-ae2a-46e8-bee1-c25e6edc6172 req-5f8d030c-44ee-4edf-b0e2-d548c412ab1f 7f1389efce7448f6a7a3c7f11acf97e2 4c787b13fdd14d349750e6d5144fb437 - - 5542a1e84d6847768ce2ec334b584dc7 5542a1e84d6847768ce2ec334b584dc7] 199.19.213.137 "GET /resource_providers/affec67c-8ef8-48c3-a030-ba0b19b91c13/allocations" status: 200 len: 153 microversion: 1.0 [pid: 7|app: 0|req: 421/843] 199.19.213.137 () {32 vars in 857 bytes} [Tue Aug 4 16:39:26 2026] GET /resource_providers/affec67c-8ef8-48c3-a030-ba0b19b91c13/allocations => generated 153 bytes in 24 msecs (HTTP/1.1 200) 6 headers in 224 bytes (1 switches on core 0)
2026-08-04 16:39:26.396 8 INFO placement.requestlog [req-332769b4-ae2a-46e8-bee1-c25e6edc6172 req-3947157a-0eea-4bb1-a12f-56037d8bb6c6 7f1389efce7448f6a7a3c7f11acf97e2 4c787b13fdd14d349750e6d5144fb437 - - 5542a1e84d6847768ce2ec334b584dc7 5542a1e84d6847768ce2ec334b584dc7] 199.19.213.137 "GET /allocations/6925e372-887f-4d63-a5e6-55d298d8ccf2" status: 200 len: 258 microversion: 1.28 [pid: 8|app: 0|req: 423/844] 199.19.213.137 () {34 vars in 863 bytes} [Tue Aug 4 16:39:26 2026] GET /allocations/6925e372-887f-4d63-a5e6-55d298d8ccf2 => generated 258 bytes in 15 msecs (HTTP/1.1 200) 8 headers in 296 bytes (1 switches on core 0)
2026-08-04 16:39:27.137 7 INFO placement.requestlog [None req-eea5f4be-221e-4bb8-bcb8-ce6d2667c7fc 3b097d311a4a4c638583644899515cab 4c787b13fdd14d349750e6d5144fb437 - - 5542a1e84d6847768ce2ec334b584dc7 5542a1e84d6847768ce2ec334b584dc7] 10.0.0.182 "GET /resource_providers/0b137f66-5d9d-4107-987d-baa1b74a92a2/aggregates" status: 404 len: 235 microversion: 1.1 [pid: 7|app: 0|req: 422/845] 10.0.0.182 () {32 vars in 825 bytes} [Tue Aug 4 16:39:27 2026] GET /resource_providers/0b137f66-5d9d-4107-987d-baa1b74a92a2/aggregates => generated 235 bytes in 11 msecs (HTTP/1.1 404) 5 headers in 202 bytes (1 switches on core 0)
2026-08-04 16:39:27.154 8 INFO placement.requestlog [None req-e070a232-3f0d-4368-9485-38aefc42d75c 3b097d311a4a4c638583644899515cab 4c787b13fdd14d349750e6d5144fb437 - - 5542a1e84d6847768ce2ec334b584dc7 5542a1e84d6847768ce2ec334b584dc7] 10.0.0.182 "GET /resource_providers/0b137f66-5d9d-4107-987d-baa1b74a92a2/aggregates" status: 404 len: 235 microversion: 1.1
2026-08-04 16:39:27.154 7 INFO placement.requestlog [None req-1ccc5721-f621-48fe-b11c-f32d53ee0f5e 3b097d311a4a4c638583644899515cab 4c787b13fdd14d349750e6d5144fb437 - - 5542a1e84d6847768ce2ec334b584dc7 5542a1e84d6847768ce2ec334b584dc7] 10.0.0.182 "DELETE /resource_providers/0b137f66-5d9d-4107-987d-baa1b74a92a2" status: 404 len: 246 microversion: 1.1 [pid: 8|app: 0|req: 424/846] 10.0.0.182 () {32 vars in 825 bytes} [Tue Aug 4 16:39:27 2026] GET /resource_providers/0b137f66-5d9d-4107-987d-baa1b74a92a2/aggregates => generated 235 bytes in 20 msecs (HTTP/1.1 404) 5 headers in 202 bytes (1 switches on core 0) [pid: 7|app: 0|req: 423/847] 10.0.0.182 () {34 vars in 825 bytes} [Tue Aug 4 16:39:27 2026] DELETE /resource_providers/0b137f66-5d9d-4107-987d-baa1b74a92a2 => generated 246 bytes in 11 msecs (HTTP/1.1 404) 6 headers in 231 bytes (1 switches on core 0)
2026-08-04 16:39:27.178 8 INFO placement.requestlog [None req-796e8148-66bf-48a3-9703-56024bf18022 3b097d311a4a4c638583644899515cab 4c787b13fdd14d349750e6d5144fb437 - - 5542a1e84d6847768ce2ec334b584dc7 5542a1e84d6847768ce2ec334b584dc7] 10.0.0.182 "DELETE /resource_providers/0b137f66-5d9d-4107-987d-baa1b74a92a2" status: 404 len: 246 microversion: 1.1 [pid: 8|app: 0|req: 425/848] 10.0.0.182 () {34 vars in 825 bytes} [Tue Aug 4 16:39:27 2026] DELETE /resource_providers/0b137f66-5d9d-4107-987d-baa1b74a92a2 => generated 246 bytes in 12 msecs (HTTP/1.1 404) 6 headers in 231 bytes (1 switches on core 0)
2026-08-04 16:39:27.185 7 INFO placement.requestlog [None req-c6f725bf-5597-4afc-864b-3fea9f87190a 3b097d311a4a4c638583644899515cab 4c787b13fdd14d349750e6d5144fb437 - - 5542a1e84d6847768ce2ec334b584dc7 5542a1e84d6847768ce2ec334b584dc7] 10.0.0.182 "GET /resource_providers/a8d8aa1f-8f76-4cd2-9ba5-539343ca6c9a/aggregates" status: 404 len: 235 microversion: 1.1 [pid: 7|app: 0|req: 424/849] 10.0.0.182 () {32 vars in 825 bytes} [Tue Aug 4 16:39:27 2026] GET /resource_providers/a8d8aa1f-8f76-4cd2-9ba5-539343ca6c9a/aggregates => generated 235 bytes in 13 msecs (HTTP/1.1 404) 5 headers in 202 bytes (1 switches on core 0)
2026-08-04 16:39:27.195 8 INFO placement.requestlog [None req-4e191140-5848-4c9a-ae2e-d27e247c22ba 3b097d311a4a4c638583644899515cab 4c787b13fdd14d349750e6d5144fb437 - - 5542a1e84d6847768ce2ec334b584dc7 5542a1e84d6847768ce2ec334b584dc7] 10.0.0.182 "GET /resource_providers/a8d8aa1f-8f76-4cd2-9ba5-539343ca6c9a/aggregates" status: 404 len: 235 microversion: 1.1 [pid: 8|app: 0|req: 426/850] 10.0.0.182 () {32 vars in 825 bytes} [Tue Aug 4 16:39:27 2026] GET /resource_providers/a8d8aa1f-8f76-4cd2-9ba5-539343ca6c9a/aggregates => generated 235 bytes in 10 msecs (HTTP/1.1 404) 5 headers in 202 bytes (1 switches on core 0)
2026-08-04 16:39:27.204 7 INFO placement.requestlog [None req-657eab97-856e-4def-951d-deffde4c0e97 3b097d311a4a4c638583644899515cab 4c787b13fdd14d349750e6d5144fb437 - - 5542a1e84d6847768ce2ec334b584dc7 5542a1e84d6847768ce2ec334b584dc7] 10.0.0.182 "DELETE /resource_providers/a8d8aa1f-8f76-4cd2-9ba5-539343ca6c9a" status: 404 len: 246 microversion: 1.1 [pid: 7|app: 0|req: 425/851] 10.0.0.182 () {34 vars in 825 bytes} [Tue Aug 4 16:39:27 2026] DELETE /resource_providers/a8d8aa1f-8f76-4cd2-9ba5-539343ca6c9a => generated 246 bytes in 11 msecs (HTTP/1.1 404) 6 headers in 231 bytes (1 switches on core 0)
2026-08-04 16:39:27.228 8 INFO placement.requestlog [None req-9cb9f40c-6b2c-43e8-823a-799f412674f9 3b097d311a4a4c638583644899515cab 4c787b13fdd14d349750e6d5144fb437 - - 5542a1e84d6847768ce2ec334b584dc7 5542a1e84d6847768ce2ec334b584dc7] 10.0.0.182 "DELETE /resource_providers/a8d8aa1f-8f76-4cd2-9ba5-539343ca6c9a" status: 404 len: 246 microversion: 1.1 [pid: 8|app: 0|req: 427/852] 10.0.0.182 () {34 vars in 825 bytes} [Tue Aug 4 16:39:27 2026] DELETE /resource_providers/a8d8aa1f-8f76-4cd2-9ba5-539343ca6c9a => generated 246 bytes in 12 msecs (HTTP/1.1 404) 6 headers in 231 bytes (1 switches on core 0)
2026-08-04 16:39:32.220 7 INFO placement.requestlog [None req-bd6825d1-ffa8-44b4-a1fc-23d2e3ba20ab 3b097d311a4a4c638583644899515cab 4c787b13fdd14d349750e6d5144fb437 - - 5542a1e84d6847768ce2ec334b584dc7 5542a1e84d6847768ce2ec334b584dc7] 10.0.0.182 "GET /resource_providers/2656c448-138e-40d5-915e-9ce2984ba308/aggregates" status: 404 len: 235 microversion: 1.1 [pid: 7|app: 0|req: 426/853] 10.0.0.182 () {32 vars in 825 bytes} [Tue Aug 4 16:39:32 2026] GET /resource_providers/2656c448-138e-40d5-915e-9ce2984ba308/aggregates => generated 235 bytes in 14 msecs (HTTP/1.1 404) 5 headers in 202 bytes (1 switches on core 0)
2026-08-04 16:39:32.227 8 INFO placement.requestlog [None req-5a014096-f6a6-4455-8b58-b29aa4511232 3b097d311a4a4c638583644899515cab 4c787b13fdd14d349750e6d5144fb437 - - 5542a1e84d6847768ce2ec334b584dc7 5542a1e84d6847768ce2ec334b584dc7] 10.0.0.182 "GET /resource_providers/2656c448-138e-40d5-915e-9ce2984ba308/aggregates" status: 404 len: 235 microversion: 1.1 [pid: 8|app: 0|req: 428/854] 10.0.0.182 () {32 vars in 825 bytes} [Tue Aug 4 16:39:32 2026] GET /resource_providers/2656c448-138e-40d5-915e-9ce2984ba308/aggregates => generated 235 bytes in 20 msecs (HTTP/1.1 404) 5 headers in 202 bytes (1 switches on core 0)
2026-08-04 16:39:32.243 7 INFO placement.requestlog [None req-69ba9fb1-357a-4048-8011-f42df3e87b24 3b097d311a4a4c638583644899515cab 4c787b13fdd14d349750e6d5144fb437 - - 5542a1e84d6847768ce2ec334b584dc7 5542a1e84d6847768ce2ec334b584dc7] 10.0.0.182 "DELETE /resource_providers/2656c448-138e-40d5-915e-9ce2984ba308" status: 404 len: 246 microversion: 1.1 [pid: 7|app: 0|req: 427/855] 10.0.0.182 () {34 vars in 825 bytes} [Tue Aug 4 16:39:32 2026] DELETE /resource_providers/2656c448-138e-40d5-915e-9ce2984ba308 => generated 246 bytes in 12 msecs (HTTP/1.1 404) 6 headers in 231 bytes (1 switches on core 0)
2026-08-04 16:39:32.248 8 INFO placement.requestlog [None req-e5fec03c-dbaf-494e-a59e-1e3c702be7be 3b097d311a4a4c638583644899515cab 4c787b13fdd14d349750e6d5144fb437 - - 5542a1e84d6847768ce2ec334b584dc7 5542a1e84d6847768ce2ec334b584dc7] 10.0.0.182 "DELETE /resource_providers/2656c448-138e-40d5-915e-9ce2984ba308" status: 404 len: 246 microversion: 1.1 [pid: 8|app: 0|req: 429/856] 10.0.0.182 () {34 vars in 825 bytes} [Tue Aug 4 16:39:32 2026] DELETE /resource_providers/2656c448-138e-40d5-915e-9ce2984ba308 => generated 246 bytes in 13 msecs (HTTP/1.1 404) 6 headers in 231 bytes (1 switches on core 0)
2026-08-04 16:39:32.732 7 INFO placement.requestlog [None req-f06dd30c-3b53-4d7f-b8d0-8858dc1248d8 3b097d311a4a4c638583644899515cab 4c787b13fdd14d349750e6d5144fb437 - - 5542a1e84d6847768ce2ec334b584dc7 5542a1e84d6847768ce2ec334b584dc7] 10.0.0.182 "GET /resource_providers/7329f968-6a76-4562-a71a-eb40080ae513/aggregates" status: 404 len: 235 microversion: 1.1 [pid: 7|app: 0|req: 428/857] 10.0.0.182 () {32 vars in 825 bytes} [Tue Aug 4 16:39:32 2026] GET /resource_providers/7329f968-6a76-4562-a71a-eb40080ae513/aggregates => generated 235 bytes in 14 msecs (HTTP/1.1 404) 5 headers in 202 bytes (1 switches on core 0)
2026-08-04 16:39:32.734 8 INFO placement.requestlog [None req-31bba3d9-1d26-4b31-bfe9-77906578ae0a 3b097d311a4a4c638583644899515cab 4c787b13fdd14d349750e6d5144fb437 - - 5542a1e84d6847768ce2ec334b584dc7 5542a1e84d6847768ce2ec334b584dc7] 10.0.0.182 "GET /resource_providers/7329f968-6a76-4562-a71a-eb40080ae513/aggregates" status: 404 len: 235 microversion: 1.1 [pid: 8|app: 0|req: 430/858] 10.0.0.182 () {32 vars in 825 bytes} [Tue Aug 4 16:39:32 2026] GET /resource_providers/7329f968-6a76-4562-a71a-eb40080ae513/aggregates => generated 235 bytes in 15 msecs (HTTP/1.1 404) 5 headers in 202 bytes (1 switches on core 0)
2026-08-04 16:39:32.771 7 INFO placement.requestlog [None req-668e5d20-e178-4ce3-b8f5-d95c3689416d 3b097d311a4a4c638583644899515cab 4c787b13fdd14d349750e6d5144fb437 - - 5542a1e84d6847768ce2ec334b584dc7 5542a1e84d6847768ce2ec334b584dc7] 10.0.0.182 "DELETE /resource_providers/7329f968-6a76-4562-a71a-eb40080ae513" status: 404 len: 246 microversion: 1.1 [pid: 7|app: 0|req: 429/859] 10.0.0.182 () {34 vars in 825 bytes} [Tue Aug 4 16:39:32 2026] DELETE /resource_providers/7329f968-6a76-4562-a71a-eb40080ae513 => generated 246 bytes in 18 msecs (HTTP/1.1 404) 6 headers in 231 bytes (1 switches on core 0)
2026-08-04 16:39:32.773 8 INFO placement.requestlog [None req-0e20b9ee-cdba-4497-995b-65b99c1c722c 3b097d311a4a4c638583644899515cab 4c787b13fdd14d349750e6d5144fb437 - - 5542a1e84d6847768ce2ec334b584dc7 5542a1e84d6847768ce2ec334b584dc7] 10.0.0.182 "DELETE /resource_providers/7329f968-6a76-4562-a71a-eb40080ae513" status: 404 len: 246 microversion: 1.1 [pid: 8|app: 0|req: 431/860] 10.0.0.182 () {34 vars in 825 bytes} [Tue Aug 4 16:39:32 2026] DELETE /resource_providers/7329f968-6a76-4562-a71a-eb40080ae513 => generated 246 bytes in 19 msecs (HTTP/1.1 404) 6 headers in 231 bytes (1 switches on core 0)
2026-08-04 16:39:34.272 7 INFO placement.requestlog [None req-3a02d7bb-cdf7-44e8-ae20-c273e4ce6386 3b097d311a4a4c638583644899515cab 4c787b13fdd14d349750e6d5144fb437 - - 5542a1e84d6847768ce2ec334b584dc7 5542a1e84d6847768ce2ec334b584dc7] 10.0.0.182 "GET /resource_providers/c23262e5-9358-4e1e-afe9-079c4018f38b/aggregates" status: 404 len: 235 microversion: 1.1 [pid: 7|app: 0|req: 430/861] 10.0.0.182 () {32 vars in 825 bytes} [Tue Aug 4 16:39:34 2026] GET /resource_providers/c23262e5-9358-4e1e-afe9-079c4018f38b/aggregates => generated 235 bytes in 14 msecs (HTTP/1.1 404) 5 headers in 202 bytes (1 switches on core 0)
2026-08-04 16:39:34.277 8 INFO placement.requestlog [None req-474bf270-c57c-495a-8bb6-6448f1f0751d 3b097d311a4a4c638583644899515cab 4c787b13fdd14d349750e6d5144fb437 - - 5542a1e84d6847768ce2ec334b584dc7 5542a1e84d6847768ce2ec334b584dc7] 10.0.0.182 "GET /resource_providers/c23262e5-9358-4e1e-afe9-079c4018f38b/aggregates" status: 404 len: 235 microversion: 1.1 [pid: 8|app: 0|req: 432/862] 10.0.0.182 () {32 vars in 825 bytes} [Tue Aug 4 16:39:34 2026] GET /resource_providers/c23262e5-9358-4e1e-afe9-079c4018f38b/aggregates => generated 235 bytes in 11 msecs (HTTP/1.1 404) 5 headers in 202 bytes (1 switches on core 0)
2026-08-04 16:39:34.302 7 INFO placement.requestlog [None req-8475d52f-3514-4252-aa18-94dca5757eda 3b097d311a4a4c638583644899515cab 4c787b13fdd14d349750e6d5144fb437 - - 5542a1e84d6847768ce2ec334b584dc7 5542a1e84d6847768ce2ec334b584dc7] 10.0.0.182 "DELETE /resource_providers/c23262e5-9358-4e1e-afe9-079c4018f38b" status: 404 len: 246 microversion: 1.1 [pid: 7|app: 0|req: 431/863] 10.0.0.182 () {34 vars in 825 bytes} [Tue Aug 4 16:39:34 2026] DELETE /resource_providers/c23262e5-9358-4e1e-afe9-079c4018f38b => generated 246 bytes in 13 msecs (HTTP/1.1 404) 6 headers in 231 bytes (1 switches on core 0)
2026-08-04 16:39:34.304 8 INFO placement.requestlog [None req-0974861a-14c9-43a0-a7a3-1e56536cb676 3b097d311a4a4c638583644899515cab 4c787b13fdd14d349750e6d5144fb437 - - 5542a1e84d6847768ce2ec334b584dc7 5542a1e84d6847768ce2ec334b584dc7] 10.0.0.182 "DELETE /resource_providers/c23262e5-9358-4e1e-afe9-079c4018f38b" status: 404 len: 246 microversion: 1.1 [pid: 8|app: 0|req: 433/864] 10.0.0.182 () {34 vars in 825 bytes} [Tue Aug 4 16:39:34 2026] DELETE /resource_providers/c23262e5-9358-4e1e-afe9-079c4018f38b => generated 246 bytes in 15 msecs (HTTP/1.1 404) 6 headers in 231 bytes (1 switches on core 0)
2026-08-04 16:39:35.370 8 INFO placement.requestlog [None req-3ce4ecd7-7c1b-4d80-b9c0-8fe8f64a9674 3b097d311a4a4c638583644899515cab 4c787b13fdd14d349750e6d5144fb437 - - 5542a1e84d6847768ce2ec334b584dc7 5542a1e84d6847768ce2ec334b584dc7] 10.0.0.182 "GET /resource_providers/b0df7686-e44b-4e6b-ad6a-2a4936523aa6/aggregates" status: 404 len: 235 microversion: 1.1 [pid: 8|app: 0|req: 434/865] 10.0.0.182 () {32 vars in 825 bytes} [Tue Aug 4 16:39:35 2026] GET /resource_providers/b0df7686-e44b-4e6b-ad6a-2a4936523aa6/aggregates => generated 235 bytes in 16 msecs (HTTP/1.1 404) 5 headers in 202 bytes (1 switches on core 0)
