May 09 09:06:36.296979 np0000173042 devstack@neutron-api.service[104111]: DEBUG neutron_lib.callbacks.manager [None req-5094d352-f67e-45cf-aca4-157b971e0d61 None None] Subscribe: > port after_create 55550000, False {{(pid=104111) subscribe /opt/stack/data/venv/lib/python3.12/site-packages/neutron_lib/callbacks/manager.py:52}}
May 09 09:06:36.297106 np0000173042 devstack@neutron-api.service[104111]: DEBUG neutron_lib.callbacks.manager [None req-5094d352-f67e-45cf-aca4-157b971e0d61 None None] Subscribe: > port after_update 55550000, False {{(pid=104111) subscribe /opt/stack/data/venv/lib/python3.12/site-packages/neutron_lib/callbacks/manager.py:52}}
May 09 09:06:36.297260 np0000173042 devstack@neutron-api.service[104111]: DEBUG neutron_lib.callbacks.manager [None req-5094d352-f67e-45cf-aca4-157b971e0d61 None None] Subscribe: > port after_delete 55550000, False {{(pid=104111) subscribe /opt/stack/data/venv/lib/python3.12/site-packages/neutron_lib/callbacks/manager.py:52}}
May 09 09:06:36.297366 np0000173042 devstack@neutron-api.service[104111]: DEBUG neutron_lib.callbacks.manager [None req-5094d352-f67e-45cf-aca4-157b971e0d61 None None] Subscribe: > subnet after_create 55550000, False {{(pid=104111) subscribe /opt/stack/data/venv/lib/python3.12/site-packages/neutron_lib/callbacks/manager.py:52}}
May 09 09:06:36.297476 np0000173042 devstack@neutron-api.service[104111]: DEBUG neutron_lib.callbacks.manager [None req-5094d352-f67e-45cf-aca4-157b971e0d61 None None] Subscribe: > subnet after_update 55550000, False {{(pid=104111) subscribe /opt/stack/data/venv/lib/python3.12/site-packages/neutron_lib/callbacks/manager.py:52}}
May 09 09:06:36.297610 np0000173042 devstack@neutron-api.service[104111]: DEBUG neutron_lib.callbacks.manager [None req-5094d352-f67e-45cf-aca4-157b971e0d61 None None] Subscribe: > subnet after_delete 55550000, False {{(pid=104111) subscribe /opt/stack/data/venv/lib/python3.12/site-packages/neutron_lib/callbacks/manager.py:52}}
May 09 09:06:36.297664 np0000173042 devstack@neutron-api.service[104111]: DEBUG neutron_lib.callbacks.manager [None req-5094d352-f67e-45cf-aca4-157b971e0d61 None None] Subscribe: > network after_create 55550000, False {{(pid=104111) subscribe /opt/stack/data/venv/lib/python3.12/site-packages/neutron_lib/callbacks/manager.py:52}}
May 09 09:06:36.297812 np0000173042 devstack@neutron-api.service[104111]: DEBUG neutron_lib.callbacks.manager [None req-5094d352-f67e-45cf-aca4-157b971e0d61 None None] Subscribe: > network after_update 55550000, False {{(pid=104111) subscribe /opt/stack/data/venv/lib/python3.12/site-packages/neutron_lib/callbacks/manager.py:52}}
May 09 09:06:36.297961 np0000173042 devstack@neutron-api.service[104111]: DEBUG neutron_lib.callbacks.manager [None req-5094d352-f67e-45cf-aca4-157b971e0d61 None None] Subscribe: > network after_delete 55550000, False {{(pid=104111) subscribe /opt/stack/data/venv/lib/python3.12/site-packages/neutron_lib/callbacks/manager.py:52}}
May 09 09:06:36.298093 np0000173042 devstack@neutron-api.service[104111]: DEBUG neutron_lib.callbacks.manager [None req-5094d352-f67e-45cf-aca4-157b971e0d61 None None] Subscribe: > security_group after_create 55550000, False {{(pid=104111) subscribe /opt/stack/data/venv/lib/python3.12/site-packages/neutron_lib/callbacks/manager.py:52}}
May 09 09:06:36.298177 np0000173042 devstack@neutron-api.service[104111]: DEBUG neutron_lib.callbacks.manager [None req-5094d352-f67e-45cf-aca4-157b971e0d61 None None] Subscribe: > security_group after_update 55550000, False {{(pid=104111) subscribe /opt/stack/data/venv/lib/python3.12/site-packages/neutron_lib/callbacks/manager.py:52}}
May 09 09:06:36.298327 np0000173042 devstack@neutron-api.service[104111]: DEBUG neutron_lib.callbacks.manager [None req-5094d352-f67e-45cf-aca4-157b971e0d61 None None] Subscribe: > security_group after_delete 55550000, False {{(pid=104111) subscribe /opt/stack/data/venv/lib/python3.12/site-packages/neutron_lib/callbacks/manager.py:52}}
May 09 09:06:36.298327 np0000173042 devstack@neutron-api.service[104111]: DEBUG neutron_lib.callbacks.manager [None req-5094d352-f67e-45cf-aca4-157b971e0d61 None None] Subscribe: > security_group_rule after_create 55550000, False {{(pid=104111) subscribe /opt/stack/data/venv/lib/python3.12/site-packages/neutron_lib/callbacks/manager.py:52}}
May 09 09:06:36.298573 np0000173042 devstack@neutron-api.service[104111]: DEBUG neutron_lib.callbacks.manager [None req-5094d352-f67e-45cf-aca4-157b971e0d61 None None] Subscribe: > security_group_rule after_update 55550000, False {{(pid=104111) subscribe /opt/stack/data/venv/lib/python3.12/site-packages/neutron_lib/callbacks/manager.py:52}}
May 09 09:06:36.298629 np0000173042 devstack@neutron-api.service[104108]: DEBUG neutron.services.provider_configuration [None req-c691c923-9f3f-41f1-93d4-8ec88bcb3cec None None] Service providers = [] {{(pid=104108) parse_service_provider_opt /opt/stack/neutron/neutron/services/provider_configuration.py:170}}
May 09 09:06:36.298629 np0000173042 devstack@neutron-api.service[104108]: DEBUG neutron.db.servicetype_db [None req-c691c923-9f3f-41f1-93d4-8ec88bcb3cec None None] Adding provider configuration for service L3_ROUTER_NAT {{(pid=104108) add_provider_configuration /opt/stack/neutron/neutron/db/servicetype_db.py:45}}
May 09 09:06:36.298712 np0000173042 devstack@neutron-api.service[104111]: DEBUG neutron_lib.callbacks.manager [None req-5094d352-f67e-45cf-aca4-157b971e0d61 None None] Subscribe: > security_group_rule after_delete 55550000, False {{(pid=104111) subscribe /opt/stack/data/venv/lib/python3.12/site-packages/neutron_lib/callbacks/manager.py:52}}
May 09 09:06:36.298833 np0000173042 devstack@neutron-api.service[104111]: DEBUG neutron_lib.callbacks.manager [None req-5094d352-f67e-45cf-aca4-157b971e0d61 None None] Subscribe: > address_group after_create 55550000, False {{(pid=104111) subscribe /opt/stack/data/venv/lib/python3.12/site-packages/neutron_lib/callbacks/manager.py:52}}
May 09 09:06:36.298833 np0000173042 devstack@neutron-api.service[104111]: DEBUG neutron_lib.callbacks.manager [None req-5094d352-f67e-45cf-aca4-157b971e0d61 None None] Subscribe: > address_group after_update 55550000, False {{(pid=104111) subscribe /opt/stack/data/venv/lib/python3.12/site-packages/neutron_lib/callbacks/manager.py:52}}
May 09 09:06:36.299039 np0000173042 devstack@neutron-api.service[104111]: DEBUG neutron_lib.callbacks.manager [None req-5094d352-f67e-45cf-aca4-157b971e0d61 None None] Subscribe: > address_group after_delete 55550000, False {{(pid=104111) subscribe /opt/stack/data/venv/lib/python3.12/site-packages/neutron_lib/callbacks/manager.py:52}}
May 09 09:06:36.299039 np0000173042 devstack@neutron-api.service[104111]: DEBUG neutron.plugins.ml2.ovo_rpc [None req-5094d352-f67e-45cf-aca4-157b971e0d61 None None] ML2 OVO RPC backend initialized. {{(pid=104111) __init__ /opt/stack/neutron/neutron/plugins/ml2/ovo_rpc.py:117}}
May 09 09:06:36.299884 np0000173042 devstack@neutron-api.service[104111]: INFO neutron.quota [None req-5094d352-f67e-45cf-aca4-157b971e0d61 None None] Loaded quota_driver: .
May 09 09:06:36.300025 np0000173042 devstack@neutron-api.service[104111]: INFO neutron.plugins.ml2.plugin [None req-5094d352-f67e-45cf-aca4-157b971e0d61 None None] Modular L2 Plugin initialization complete
May 09 09:06:36.300067 np0000173042 devstack@neutron-api.service[104108]: DEBUG neutron_lib.callbacks.manager [None req-c691c923-9f3f-41f1-93d4-8ec88bcb3cec None None] Subscribe: > router precommit_create 55549900, False {{(pid=104108) subscribe /opt/stack/data/venv/lib/python3.12/site-packages/neutron_lib/callbacks/manager.py:52}}
May 09 09:06:36.300196 np0000173042 devstack@neutron-api.service[104108]: DEBUG neutron_lib.callbacks.manager [None req-c691c923-9f3f-41f1-93d4-8ec88bcb3cec None None] Subscribe: > router_interface after_create 55550000, False {{(pid=104108) subscribe /opt/stack/data/venv/lib/python3.12/site-packages/neutron_lib/callbacks/manager.py:52}}
May 09 09:06:36.300241 np0000173042 devstack@neutron-api.service[104111]: DEBUG neutron.manager [None req-5094d352-f67e-45cf-aca4-157b971e0d61 None None] Loading services supported by the core plugin {{(pid=104111) _load_services_from_core_plugin /opt/stack/neutron/neutron/manager.py:170}}
May 09 09:06:36.300359 np0000173042 devstack@neutron-api.service[104108]: DEBUG neutron_lib.callbacks.manager [None req-c691c923-9f3f-41f1-93d4-8ec88bcb3cec None None] Subscribe: > floatingip after_create 55550000, False {{(pid=104108) subscribe /opt/stack/data/venv/lib/python3.12/site-packages/neutron_lib/callbacks/manager.py:52}}
May 09 09:06:36.300401 np0000173042 devstack@neutron-api.service[104111]: INFO neutron.plugins.ml2.managers [None req-5094d352-f67e-45cf-aca4-157b971e0d61 None None] Got port-security extension from driver 'port_security'
May 09 09:06:36.300490 np0000173042 devstack@neutron-api.service[104108]: DEBUG neutron_lib.callbacks.manager [None req-c691c923-9f3f-41f1-93d4-8ec88bcb3cec None None] Subscribe: > floatingip precommit_create 55550000, False {{(pid=104108) subscribe /opt/stack/data/venv/lib/python3.12/site-packages/neutron_lib/callbacks/manager.py:52}}
May 09 09:06:36.300490 np0000173042 devstack@neutron-api.service[104108]: DEBUG neutron_lib.callbacks.manager [None req-c691c923-9f3f-41f1-93d4-8ec88bcb3cec None None] Subscribe: > floatingip precommit_update 55550000, False {{(pid=104108) subscribe /opt/stack/data/venv/lib/python3.12/site-packages/neutron_lib/callbacks/manager.py:52}}
May 09 09:06:36.300651 np0000173042 devstack@neutron-api.service[104108]: DEBUG neutron_lib.callbacks.manager [None req-c691c923-9f3f-41f1-93d4-8ec88bcb3cec None None] Subscribe: > floatingip after_delete 55550000, False {{(pid=104108) subscribe /opt/stack/data/venv/lib/python3.12/site-packages/neutron_lib/callbacks/manager.py:52}}
May 09 09:06:36.300786 np0000173042 devstack@neutron-api.service[104111]: DEBUG neutron.manager [None req-5094d352-f67e-45cf-aca4-157b971e0d61 None None] Loading service plugins: ['ovn-router', 'auto_allocate', 'tag', 'timestamp', 'network_ip_availability', 'flavors', 'revisions'] {{(pid=104111) _load_service_plugins /opt/stack/neutron/neutron/manager.py:195}}
May 09 09:06:36.300878 np0000173042 devstack@neutron-api.service[104108]: DEBUG neutron_lib.callbacks.manager [None req-c691c923-9f3f-41f1-93d4-8ec88bcb3cec None None] Subscribe: > floatingip after_status_update 55550000, False {{(pid=104108) subscribe /opt/stack/data/venv/lib/python3.12/site-packages/neutron_lib/callbacks/manager.py:52}}
May 09 09:06:36.300987 np0000173042 devstack@neutron-api.service[104111]: INFO neutron.manager [None req-5094d352-f67e-45cf-aca4-157b971e0d61 None None] Loading Plugin: ovn-router
May 09 09:06:36.301115 np0000173042 devstack@neutron-api.service[104108]: DEBUG neutron_lib.callbacks.manager [None req-c691c923-9f3f-41f1-93d4-8ec88bcb3cec None None] Subscribe: > floatingip after_update 55550000, False {{(pid=104108) subscribe /opt/stack/data/venv/lib/python3.12/site-packages/neutron_lib/callbacks/manager.py:52}}
May 09 09:06:36.301115 np0000173042 devstack@neutron-api.service[104108]: DEBUG neutron_lib.callbacks.manager [None req-c691c923-9f3f-41f1-93d4-8ec88bcb3cec None None] Subscribe: > port_forwarding after_create 55550000, False {{(pid=104108) subscribe /opt/stack/data/venv/lib/python3.12/site-packages/neutron_lib/callbacks/manager.py:52}}
May 09 09:06:36.301115 np0000173042 devstack@neutron-api.service[104108]: DEBUG neutron_lib.callbacks.manager [None req-c691c923-9f3f-41f1-93d4-8ec88bcb3cec None None] Subscribe: > router_interface after_delete 55550000, False {{(pid=104108) subscribe /opt/stack/data/venv/lib/python3.12/site-packages/neutron_lib/callbacks/manager.py:52}}
May 09 09:06:36.301115 np0000173042 devstack@neutron-api.service[104108]: DEBUG neutron_lib.callbacks.manager [None req-c691c923-9f3f-41f1-93d4-8ec88bcb3cec None None] Subscribe: > router after_create 55550000, False {{(pid=104108) subscribe /opt/stack/data/venv/lib/python3.12/site-packages/neutron_lib/callbacks/manager.py:52}}
May 09 09:06:36.301408 np0000173042 devstack@neutron-api.service[104108]: DEBUG neutron_lib.callbacks.manager [None req-c691c923-9f3f-41f1-93d4-8ec88bcb3cec None None] Subscribe: > router precommit_create 55550000, False {{(pid=104108) subscribe /opt/stack/data/venv/lib/python3.12/site-packages/neutron_lib/callbacks/manager.py:52}}
May 09 09:06:36.301408 np0000173042 devstack@neutron-api.service[104108]: DEBUG neutron_lib.callbacks.manager [None req-c691c923-9f3f-41f1-93d4-8ec88bcb3cec None None] Subscribe: > router after_delete 55550000, False {{(pid=104108) subscribe /opt/stack/data/venv/lib/python3.12/site-packages/neutron_lib/callbacks/manager.py:52}}
May 09 09:06:36.301408 np0000173042 devstack@neutron-api.service[104108]: DEBUG neutron_lib.callbacks.manager [None req-c691c923-9f3f-41f1-93d4-8ec88bcb3cec None None] Subscribe: > router after_update 55550000, False {{(pid=104108) subscribe /opt/stack/data/venv/lib/python3.12/site-packages/neutron_lib/callbacks/manager.py:52}}
May 09 09:06:36.301643 np0000173042 devstack@neutron-api.service[104108]: DEBUG neutron.services.service_base [None req-c691c923-9f3f-41f1-93d4-8ec88bcb3cec None None] Loaded 'neutron.services.ovn_l3.service_providers.ovn.OvnDriver' provider for service L3_ROUTER_NAT {{(pid=104108) load_drivers /opt/stack/neutron/neutron/services/service_base.py:49}}
May 09 09:06:36.301643 np0000173042 devstack@neutron-api.service[104108]: DEBUG neutron_lib.callbacks.manager [None req-c691c923-9f3f-41f1-93d4-8ec88bcb3cec None None] Subscribe: > process after_init 55550001, True {{(pid=104108) subscribe /opt/stack/data/venv/lib/python3.12/site-packages/neutron_lib/callbacks/manager.py:52}}
May 09 09:06:36.301835 np0000173042 devstack@neutron-api.service[104108]: DEBUG neutron.manager [None req-c691c923-9f3f-41f1-93d4-8ec88bcb3cec None None] Successfully loaded L3_ROUTER_NAT plugin. Description: L3 Router Service Plugin for basic L3 forwarding using OVN {{(pid=104108) _create_and_add_service_plugin /opt/stack/neutron/neutron/manager.py:239}}
May 09 09:06:36.301835 np0000173042 devstack@neutron-api.service[104108]: INFO neutron.manager [None req-c691c923-9f3f-41f1-93d4-8ec88bcb3cec None None] Loading Plugin: auto_allocate
May 09 09:06:36.302659 np0000173042 devstack@neutron-api.service[104108]: DEBUG neutron_lib.callbacks.manager [None req-c691c923-9f3f-41f1-93d4-8ec88bcb3cec None None] Subscribe: network precommit_update 55550000, False {{(pid=104108) subscribe /opt/stack/data/venv/lib/python3.12/site-packages/neutron_lib/callbacks/manager.py:52}}
May 09 09:06:36.302772 np0000173042 devstack@neutron-api.service[104108]: DEBUG neutron_lib.callbacks.manager [None req-c691c923-9f3f-41f1-93d4-8ec88bcb3cec None None] Subscribe: network precommit_create 55550000, False {{(pid=104108) subscribe /opt/stack/data/venv/lib/python3.12/site-packages/neutron_lib/callbacks/manager.py:52}}
May 09 09:06:36.303024 np0000173042 devstack@neutron-api.service[104108]: DEBUG neutron.manager [None req-c691c923-9f3f-41f1-93d4-8ec88bcb3cec None None] Successfully loaded auto-allocated-topology plugin. Description: Auto Allocated Topology - aka get me a network. {{(pid=104108) _create_and_add_service_plugin /opt/stack/neutron/neutron/manager.py:239}}
May 09 09:06:36.303095 np0000173042 devstack@neutron-api.service[104108]: INFO neutron.manager [None req-c691c923-9f3f-41f1-93d4-8ec88bcb3cec None None] Loading Plugin: tag
May 09 09:06:36.305665 np0000173042 devstack@neutron-api.service[104108]: DEBUG neutron.manager [None req-c691c923-9f3f-41f1-93d4-8ec88bcb3cec None None] Successfully loaded TAG plugin. Description: Tag support {{(pid=104108) _create_and_add_service_plugin /opt/stack/neutron/neutron/manager.py:239}}
May 09 09:06:36.305797 np0000173042 devstack@neutron-api.service[104108]: INFO neutron.manager [None req-c691c923-9f3f-41f1-93d4-8ec88bcb3cec None None] Loading Plugin: timestamp
May 09 09:06:36.306545 np0000173042 devstack@neutron-api.service[104110]: INFO neutron.plugins.ml2.drivers.type_vlan [None req-053ceb98-11a5-4b05-9303-8d294c902d9d None None] VlanTypeDriver initialization complete
May 09 09:06:36.306824 np0000173042 devstack@neutron-api.service[104110]: INFO neutron.plugins.ml2.managers [None req-053ceb98-11a5-4b05-9303-8d294c902d9d None None] Initializing extension driver 'port_security'
May 09 09:06:36.306824 np0000173042 devstack@neutron-api.service[104110]: INFO neutron.plugins.ml2.extensions.port_security [None req-053ceb98-11a5-4b05-9303-8d294c902d9d None None] PortSecurityExtensionDriver initialization complete
May 09 09:06:36.306930 np0000173042 devstack@neutron-api.service[104110]: INFO neutron.plugins.ml2.managers [None req-053ceb98-11a5-4b05-9303-8d294c902d9d None None] Initializing extension driver 'qos'
May 09 09:06:36.306965 np0000173042 devstack@neutron-api.service[104108]: DEBUG neutron.manager [None req-c691c923-9f3f-41f1-93d4-8ec88bcb3cec None None] Successfully loaded timestamp plugin. Description: Adds timestamps to Neutron resources with standard attributes {{(pid=104108) _create_and_add_service_plugin /opt/stack/neutron/neutron/manager.py:239}}
May 09 09:06:36.306991 np0000173042 devstack@neutron-api.service[104110]: DEBUG neutron.plugins.ml2.extensions.qos [None req-053ceb98-11a5-4b05-9303-8d294c902d9d None None] QosExtensionDriver initialization complete {{(pid=104110) initialize /opt/stack/neutron/neutron/plugins/ml2/extensions/qos.py:31}}
May 09 09:06:36.307076 np0000173042 devstack@neutron-api.service[104108]: INFO neutron.manager [None req-c691c923-9f3f-41f1-93d4-8ec88bcb3cec None None] Loading Plugin: network_ip_availability
May 09 09:06:36.307420 np0000173042 devstack@neutron-api.service[104110]: INFO neutron.plugins.ml2.managers [None req-053ceb98-11a5-4b05-9303-8d294c902d9d None None] Initializing mechanism driver 'ovn'
May 09 09:06:36.307556 np0000173042 devstack@neutron-api.service[104110]: INFO neutron.plugins.ml2.drivers.ovn.mech_driver.mech_driver [None req-053ceb98-11a5-4b05-9303-8d294c902d9d None None] Starting OVNMechanismDriver
May 09 09:06:36.308427 np0000173042 devstack@neutron-api.service[104108]: DEBUG neutron.manager [None req-c691c923-9f3f-41f1-93d4-8ec88bcb3cec None None] Successfully loaded network-ip-availability plugin. Description: Provides IP availability data for each network and subnet. {{(pid=104108) _create_and_add_service_plugin /opt/stack/neutron/neutron/manager.py:239}}
May 09 09:06:36.308513 np0000173042 devstack@neutron-api.service[104108]: INFO neutron.manager [None req-c691c923-9f3f-41f1-93d4-8ec88bcb3cec None None] Loading Plugin: flavors
May 09 09:06:36.309373 np0000173042 devstack@neutron-api.service[104108]: DEBUG neutron.manager [None req-c691c923-9f3f-41f1-93d4-8ec88bcb3cec None None] Successfully loaded FLAVORS plugin. Description: Neutron Flavors and Service Profiles manager plugin {{(pid=104108) _create_and_add_service_plugin /opt/stack/neutron/neutron/manager.py:239}}
May 09 09:06:36.309404 np0000173042 devstack@neutron-api.service[104110]: DEBUG neutron_lib.callbacks.manager [None req-053ceb98-11a5-4b05-9303-8d294c902d9d None None] Subscribe: > process before_spawn 55550000, False {{(pid=104110) subscribe /opt/stack/data/venv/lib/python3.12/site-packages/neutron_lib/callbacks/manager.py:52}}
May 09 09:06:36.309456 np0000173042 devstack@neutron-api.service[104108]: INFO neutron.manager [None req-c691c923-9f3f-41f1-93d4-8ec88bcb3cec None None] Loading Plugin: revisions
May 09 09:06:36.309843 np0000173042 devstack@neutron-api.service[104110]: DEBUG neutron_lib.callbacks.manager [None req-053ceb98-11a5-4b05-9303-8d294c902d9d None None] Subscribe: > process after_init 55550000, True {{(pid=104110) subscribe /opt/stack/data/venv/lib/python3.12/site-packages/neutron_lib/callbacks/manager.py:52}}
May 09 09:06:36.310035 np0000173042 devstack@neutron-api.service[104110]: DEBUG neutron_lib.callbacks.manager [None req-053ceb98-11a5-4b05-9303-8d294c902d9d None None] Subscribe: > segment after_create 55550000, False {{(pid=104110) subscribe /opt/stack/data/venv/lib/python3.12/site-packages/neutron_lib/callbacks/manager.py:52}}
May 09 09:06:36.310179 np0000173042 devstack@neutron-api.service[104110]: DEBUG neutron_lib.callbacks.manager [None req-053ceb98-11a5-4b05-9303-8d294c902d9d None None] Subscribe: > segment after_create 55550000, False {{(pid=104110) subscribe /opt/stack/data/venv/lib/python3.12/site-packages/neutron_lib/callbacks/manager.py:52}}
May 09 09:06:36.310422 np0000173042 devstack@neutron-api.service[104111]: DEBUG neutron_lib.callbacks.manager [None req-5094d352-f67e-45cf-aca4-157b971e0d61 None None] Subscribe: > router before_delete 55550000, False {{(pid=104111) subscribe /opt/stack/data/venv/lib/python3.12/site-packages/neutron_lib/callbacks/manager.py:52}}
May 09 09:06:36.310458 np0000173042 devstack@neutron-api.service[104110]: DEBUG neutron_lib.callbacks.manager [None req-053ceb98-11a5-4b05-9303-8d294c902d9d None None] Subscribe: > segment after_delete 55550000, False {{(pid=104110) subscribe /opt/stack/data/venv/lib/python3.12/site-packages/neutron_lib/callbacks/manager.py:52}}
May 09 09:06:36.310488 np0000173042 devstack@neutron-api.service[104108]: DEBUG neutron.manager [None req-c691c923-9f3f-41f1-93d4-8ec88bcb3cec None None] Successfully loaded revision_plugin plugin. Description: Adds revision numbers to resources. {{(pid=104108) _create_and_add_service_plugin /opt/stack/neutron/neutron/manager.py:239}}
May 09 09:06:36.310544 np0000173042 devstack@neutron-api.service[104111]: DEBUG neutron_lib.callbacks.manager [None req-5094d352-f67e-45cf-aca4-157b971e0d61 None None] Subscribe: port after_update 55550000, False {{(pid=104111) subscribe /opt/stack/data/venv/lib/python3.12/site-packages/neutron_lib/callbacks/manager.py:52}}
May 09 09:06:36.310570 np0000173042 devstack@neutron-api.service[104108]: DEBUG oslo_concurrency.lockutils [None req-c691c923-9f3f-41f1-93d4-8ec88bcb3cec None None] Lock "manager" "released" by "neutron.manager.NeutronManager._create_instance" :: held 4.961s {{(pid=104108) inner /opt/stack/data/venv/lib/python3.12/site-packages/oslo_concurrency/lockutils.py:538}}
May 09 09:06:36.310657 np0000173042 devstack@neutron-api.service[104111]: DEBUG neutron_lib.callbacks.manager [None req-5094d352-f67e-45cf-aca4-157b971e0d61 None None] Subscribe: port after_delete 55550000, False {{(pid=104111) subscribe /opt/stack/data/venv/lib/python3.12/site-packages/neutron_lib/callbacks/manager.py:52}}
May 09 09:06:36.310694 np0000173042 devstack@neutron-api.service[104110]: DEBUG neutron_lib.callbacks.manager [None req-053ceb98-11a5-4b05-9303-8d294c902d9d None None] Subscribe: > allowed_address_pair before_create 55550000, False {{(pid=104110) subscribe /opt/stack/data/venv/lib/python3.12/site-packages/neutron_lib/callbacks/manager.py:52}}
May 09 09:06:36.310751 np0000173042 devstack@neutron-api.service[104108]: DEBUG neutron.api.extensions [None req-c691c923-9f3f-41f1-93d4-8ec88bcb3cec None None] get_extension_paths = OrderedDict({'/opt/stack/neutron/neutron/extensions': 1}) {{(pid=104108) get_extensions_path /opt/stack/neutron/neutron/api/extensions.py:640}}
May 09 09:06:36.310776 np0000173042 devstack@neutron-api.service[104111]: DEBUG neutron_lib.callbacks.manager [None req-5094d352-f67e-45cf-aca4-157b971e0d61 None None] Subscribe: subnet after_update 55550000, False {{(pid=104111) subscribe /opt/stack/data/venv/lib/python3.12/site-packages/neutron_lib/callbacks/manager.py:52}}
May 09 09:06:36.310833 np0000173042 devstack@neutron-api.service[104108]: INFO neutron.api.extensions [None req-c691c923-9f3f-41f1-93d4-8ec88bcb3cec None None] Initializing extension manager.
May 09 09:06:36.310877 np0000173042 devstack@neutron-api.service[104111]: DEBUG neutron_lib.callbacks.manager [None req-5094d352-f67e-45cf-aca4-157b971e0d61 None None] Subscribe: subnetpool_address_scope after_update 55550000, False {{(pid=104111) subscribe /opt/stack/data/venv/lib/python3.12/site-packages/neutron_lib/callbacks/manager.py:52}}
May 09 09:06:36.310912 np0000173042 devstack@neutron-api.service[104110]: DEBUG neutron_lib.callbacks.manager [None req-053ceb98-11a5-4b05-9303-8d294c902d9d None None] Subscribe: > security_group precommit_create 55550000, False {{(pid=104110) subscribe /opt/stack/data/venv/lib/python3.12/site-packages/neutron_lib/callbacks/manager.py:52}}
May 09 09:06:36.311031 np0000173042 devstack@neutron-api.service[104111]: DEBUG neutron_lib.callbacks.manager [None req-5094d352-f67e-45cf-aca4-157b971e0d61 None None] Subscribe: port before_update 55550000, False {{(pid=104111) subscribe /opt/stack/data/venv/lib/python3.12/site-packages/neutron_lib/callbacks/manager.py:52}}
May 09 09:06:36.311116 np0000173042 devstack@neutron-api.service[104108]: DEBUG neutron.api.extensions [None req-c691c923-9f3f-41f1-93d4-8ec88bcb3cec None None] Loading extension file: __init__.py {{(pid=104108) _load_all_extensions_from_path /opt/stack/neutron/neutron/api/extensions.py:449}}
May 09 09:06:36.311144 np0000173042 devstack@neutron-api.service[104110]: DEBUG neutron_lib.callbacks.manager [None req-053ceb98-11a5-4b05-9303-8d294c902d9d None None] Subscribe: > security_group after_update 55550000, False {{(pid=104110) subscribe /opt/stack/data/venv/lib/python3.12/site-packages/neutron_lib/callbacks/manager.py:52}}
May 09 09:06:36.311179 np0000173042 devstack@neutron-api.service[104111]: DEBUG neutron_lib.callbacks.manager [None req-5094d352-f67e-45cf-aca4-157b971e0d61 None None] Subscribe: port after_update 55550000, False {{(pid=104111) subscribe /opt/stack/data/venv/lib/python3.12/site-packages/neutron_lib/callbacks/manager.py:52}}
May 09 09:06:36.311241 np0000173042 devstack@neutron-api.service[104108]: DEBUG neutron.api.extensions [None req-c691c923-9f3f-41f1-93d4-8ec88bcb3cec None None] Loading extension file: __pycache__ {{(pid=104108) _load_all_extensions_from_path /opt/stack/neutron/neutron/api/extensions.py:449}}
May 09 09:06:36.311269 np0000173042 devstack@neutron-api.service[104111]: DEBUG neutron_lib.callbacks.manager [None req-5094d352-f67e-45cf-aca4-157b971e0d61 None None] Subscribe: > port precommit_delete 55550000, False {{(pid=104111) subscribe /opt/stack/data/venv/lib/python3.12/site-packages/neutron_lib/callbacks/manager.py:52}}
May 09 09:06:36.311324 np0000173042 devstack@neutron-api.service[104108]: DEBUG neutron.api.extensions [None req-c691c923-9f3f-41f1-93d4-8ec88bcb3cec None None] Loading extension file: address_group.py {{(pid=104108) _load_all_extensions_from_path /opt/stack/neutron/neutron/api/extensions.py:449}}
May 09 09:06:36.311364 np0000173042 devstack@neutron-api.service[104111]: DEBUG neutron_lib.callbacks.manager [None req-5094d352-f67e-45cf-aca4-157b971e0d61 None None] Subscribe: port before_update 55550000, False {{(pid=104111) subscribe /opt/stack/data/venv/lib/python3.12/site-packages/neutron_lib/callbacks/manager.py:52}}
May 09 09:06:36.311497 np0000173042 devstack@neutron-api.service[104111]: DEBUG neutron_lib.callbacks.manager [None req-5094d352-f67e-45cf-aca4-157b971e0d61 None None] Subscribe: port before_delete 55550000, False {{(pid=104111) subscribe /opt/stack/data/venv/lib/python3.12/site-packages/neutron_lib/callbacks/manager.py:52}}
May 09 09:06:36.311530 np0000173042 devstack@neutron-api.service[104110]: DEBUG neutron_lib.callbacks.manager [None req-053ceb98-11a5-4b05-9303-8d294c902d9d None None] Subscribe: > security_group after_create 55550000, False {{(pid=104110) subscribe /opt/stack/data/venv/lib/python3.12/site-packages/neutron_lib/callbacks/manager.py:52}}
May 09 09:06:36.311591 np0000173042 devstack@neutron-api.service[104111]: DEBUG neutron_lib.callbacks.manager [None req-5094d352-f67e-45cf-aca4-157b971e0d61 None None] Subscribe: > router precommit_create 55550000, False {{(pid=104111) subscribe /opt/stack/data/venv/lib/python3.12/site-packages/neutron_lib/callbacks/manager.py:52}}
May 09 09:06:36.311621 np0000173042 devstack@neutron-api.service[104108]: DEBUG neutron.api.extensions [None req-c691c923-9f3f-41f1-93d4-8ec88bcb3cec None None] Ext name="Address group" alias="address-group" description="Support address group" updated="2020-07-15T10:00:00-00:00" {{(pid=104108) _check_extension /opt/stack/neutron/neutron/api/extensions.py:415}}
May 09 09:06:36.311683 np0000173042 devstack@neutron-api.service[104111]: DEBUG neutron_lib.callbacks.manager [None req-5094d352-f67e-45cf-aca4-157b971e0d61 None None] Subscribe: > router precommit_create 55550000, False {{(pid=104111) subscribe /opt/stack/data/venv/lib/python3.12/site-packages/neutron_lib/callbacks/manager.py:52}}
May 09 09:06:36.311796 np0000173042 devstack@neutron-api.service[104111]: DEBUG neutron_lib.callbacks.manager [None req-5094d352-f67e-45cf-aca4-157b971e0d61 None None] Subscribe: > router precommit_update 55550000, False {{(pid=104111) subscribe /opt/stack/data/venv/lib/python3.12/site-packages/neutron_lib/callbacks/manager.py:52}}
May 09 09:06:36.311855 np0000173042 devstack@neutron-api.service[104110]: DEBUG neutron_lib.callbacks.manager [None req-053ceb98-11a5-4b05-9303-8d294c902d9d None None] Subscribe: > security_group precommit_delete 55550000, False {{(pid=104110) subscribe /opt/stack/data/venv/lib/python3.12/site-packages/neutron_lib/callbacks/manager.py:52}}
May 09 09:06:36.311883 np0000173042 devstack@neutron-api.service[104108]: INFO neutron.api.extensions [None req-c691c923-9f3f-41f1-93d4-8ec88bcb3cec None None] Loaded extension: address-group
May 09 09:06:36.311959 np0000173042 devstack@neutron-api.service[104108]: DEBUG neutron.api.extensions [None req-c691c923-9f3f-41f1-93d4-8ec88bcb3cec None None] Loading extension file: address_scope.py {{(pid=104108) _load_all_extensions_from_path /opt/stack/neutron/neutron/api/extensions.py:449}}
May 09 09:06:36.311988 np0000173042 devstack@neutron-api.service[104111]: DEBUG neutron_lib.callbacks.manager [None req-5094d352-f67e-45cf-aca4-157b971e0d61 None None] Subscribe: subnet after_update 55550000, False {{(pid=104111) subscribe /opt/stack/data/venv/lib/python3.12/site-packages/neutron_lib/callbacks/manager.py:52}}
May 09 09:06:36.312103 np0000173042 devstack@neutron-api.service[104110]: DEBUG neutron_lib.callbacks.manager [None req-053ceb98-11a5-4b05-9303-8d294c902d9d None None] Subscribe: > security_group after_delete 55550000, False {{(pid=104110) subscribe /opt/stack/data/venv/lib/python3.12/site-packages/neutron_lib/callbacks/manager.py:52}}
May 09 09:06:36.312212 np0000173042 devstack@neutron-api.service[104108]: DEBUG neutron.api.extensions [None req-c691c923-9f3f-41f1-93d4-8ec88bcb3cec None None] Ext name="Address scope" alias="address-scope" description="Address scopes extension." updated="2015-07-26T10:00:00-00:00" {{(pid=104108) _check_extension /opt/stack/neutron/neutron/api/extensions.py:415}}
May 09 09:06:36.312321 np0000173042 devstack@neutron-api.service[104110]: DEBUG neutron_lib.callbacks.manager [None req-053ceb98-11a5-4b05-9303-8d294c902d9d None None] Subscribe: > security_group_rule precommit_create 55550000, False {{(pid=104110) subscribe /opt/stack/data/venv/lib/python3.12/site-packages/neutron_lib/callbacks/manager.py:52}}
May 09 09:06:36.312389 np0000173042 devstack@neutron-api.service[104108]: INFO neutron.api.extensions [None req-c691c923-9f3f-41f1-93d4-8ec88bcb3cec None None] Loaded extension: address-scope
May 09 09:06:36.312483 np0000173042 devstack@neutron-api.service[104108]: DEBUG neutron.api.extensions [None req-c691c923-9f3f-41f1-93d4-8ec88bcb3cec None None] Loading extension file: admin_state_down_before_update.py {{(pid=104108) _load_all_extensions_from_path /opt/stack/neutron/neutron/api/extensions.py:449}}
May 09 09:06:36.312560 np0000173042 devstack@neutron-api.service[104110]: DEBUG neutron_lib.callbacks.manager [None req-053ceb98-11a5-4b05-9303-8d294c902d9d None None] Subscribe: > security_group_rule after_create 55550000, False {{(pid=104110) subscribe /opt/stack/data/venv/lib/python3.12/site-packages/neutron_lib/callbacks/manager.py:52}}
May 09 09:06:36.312709 np0000173042 devstack@neutron-api.service[104111]: DEBUG neutron.quota.resource_registry [None req-5094d352-f67e-45cf-aca4-157b971e0d61 None None] Tracking information for resource: router configured {{(pid=104111) set_tracked_resource /opt/stack/neutron/neutron/quota/resource_registry.py:203}}
May 09 09:06:36.312738 np0000173042 devstack@neutron-api.service[104108]: DEBUG neutron.api.extensions [None req-c691c923-9f3f-41f1-93d4-8ec88bcb3cec None None] Ext name="Enforce Router's Admin State Down Before Update Extension" alias="router-admin-state-down-before-update" description="Ensure that the admin state of a router is DOWN (admin_state_up=False) before updating the distributed attribute" updated="2019-07-02T15:56:00" {{(pid=104108) _check_extension /opt/stack/neutron/neutron/api/extensions.py:415}}
May 09 09:06:36.312794 np0000173042 devstack@neutron-api.service[104111]: DEBUG neutron.quota.resource_registry [None req-5094d352-f67e-45cf-aca4-157b971e0d61 None None] Tracking information for resource: floatingip configured {{(pid=104111) set_tracked_resource /opt/stack/neutron/neutron/quota/resource_registry.py:203}}
May 09 09:06:36.312883 np0000173042 devstack@neutron-api.service[104108]: INFO neutron.api.extensions [None req-c691c923-9f3f-41f1-93d4-8ec88bcb3cec None None] Extension router-admin-state-down-before-update not supported by any of loaded plugins
May 09 09:06:36.312932 np0000173042 devstack@neutron-api.service[104110]: DEBUG neutron_lib.callbacks.manager [None req-053ceb98-11a5-4b05-9303-8d294c902d9d None None] Subscribe: > security_group_rule before_delete 55550000, False {{(pid=104110) subscribe /opt/stack/data/venv/lib/python3.12/site-packages/neutron_lib/callbacks/manager.py:52}}
May 09 09:06:36.312963 np0000173042 devstack@neutron-api.service[104111]: INFO neutron.services.ovn_l3.plugin [None req-5094d352-f67e-45cf-aca4-157b971e0d61 None None] Starting OVNL3RouterPlugin
May 09 09:06:36.313019 np0000173042 devstack@neutron-api.service[104108]: DEBUG neutron.api.extensions [None req-c691c923-9f3f-41f1-93d4-8ec88bcb3cec None None] Loading extension file: agent.py {{(pid=104108) _load_all_extensions_from_path /opt/stack/neutron/neutron/api/extensions.py:449}}
May 09 09:06:36.313161 np0000173042 devstack@neutron-api.service[104111]: DEBUG neutron_lib.callbacks.manager [None req-5094d352-f67e-45cf-aca4-157b971e0d61 None None] Subscribe: > port_forwarding_plugin after_init 55550000, False {{(pid=104111) subscribe /opt/stack/data/venv/lib/python3.12/site-packages/neutron_lib/callbacks/manager.py:52}}
May 09 09:06:36.313262 np0000173042 devstack@neutron-api.service[104108]: DEBUG neutron.api.extensions [None req-c691c923-9f3f-41f1-93d4-8ec88bcb3cec None None] Ext name="agent" alias="agent" description="The agent management extension." updated="2013-02-03T10:00:00-00:00" {{(pid=104108) _check_extension /opt/stack/neutron/neutron/api/extensions.py:415}}
May 09 09:06:36.313289 np0000173042 devstack@neutron-api.service[104110]: DEBUG neutron_lib.callbacks.manager [None req-053ceb98-11a5-4b05-9303-8d294c902d9d None None] Subscribe: > address_group after_create 55550000, False {{(pid=104110) subscribe /opt/stack/data/venv/lib/python3.12/site-packages/neutron_lib/callbacks/manager.py:52}}
May 09 09:06:36.313387 np0000173042 devstack@neutron-api.service[104111]: DEBUG neutron_lib.callbacks.manager [None req-5094d352-f67e-45cf-aca4-157b971e0d61 None None] Subscribe: > router before_create 55550100, False {{(pid=104111) subscribe /opt/stack/data/venv/lib/python3.12/site-packages/neutron_lib/callbacks/manager.py:52}}
May 09 09:06:36.313456 np0000173042 devstack@neutron-api.service[104108]: INFO neutron.api.extensions [None req-c691c923-9f3f-41f1-93d4-8ec88bcb3cec None None] Loaded extension: agent
May 09 09:06:36.313513 np0000173042 devstack@neutron-api.service[104111]: DEBUG neutron_lib.callbacks.manager [None req-5094d352-f67e-45cf-aca4-157b971e0d61 None None] Subscribe: > router precommit_delete 55550100, False {{(pid=104111) subscribe /opt/stack/data/venv/lib/python3.12/site-packages/neutron_lib/callbacks/manager.py:52}}
May 09 09:06:36.313581 np0000173042 devstack@neutron-api.service[104108]: DEBUG neutron.api.extensions [None req-c691c923-9f3f-41f1-93d4-8ec88bcb3cec None None] Loading extension file: agent_resources_synced.py {{(pid=104108) _load_all_extensions_from_path /opt/stack/neutron/neutron/api/extensions.py:449}}
May 09 09:06:36.313636 np0000173042 devstack@neutron-api.service[104110]: DEBUG neutron_lib.callbacks.manager [None req-053ceb98-11a5-4b05-9303-8d294c902d9d None None] Subscribe: > address_group after_update 55550000, False {{(pid=104110) subscribe /opt/stack/data/venv/lib/python3.12/site-packages/neutron_lib/callbacks/manager.py:52}}
May 09 09:06:36.313669 np0000173042 devstack@neutron-api.service[104111]: DEBUG neutron_lib.callbacks.manager [None req-5094d352-f67e-45cf-aca4-157b971e0d61 None None] Subscribe: > router precommit_create 55550100, False {{(pid=104111) subscribe /opt/stack/data/venv/lib/python3.12/site-packages/neutron_lib/callbacks/manager.py:52}}
May 09 09:06:36.313760 np0000173042 devstack@neutron-api.service[104108]: DEBUG neutron.api.extensions [None req-c691c923-9f3f-41f1-93d4-8ec88bcb3cec None None] Ext name="Agent's Resource View Synced to Placement" alias="agent-resources-synced" description="Stores success/failure of last sync to Placement" updated="2018-12-19T00:00:00-00:00" {{(pid=104108) _check_extension /opt/stack/neutron/neutron/api/extensions.py:415}}
May 09 09:06:36.313849 np0000173042 devstack@neutron-api.service[104111]: DEBUG neutron_lib.callbacks.manager [None req-5094d352-f67e-45cf-aca4-157b971e0d61 None None] Subscribe: > router precommit_update 55550100, False {{(pid=104111) subscribe /opt/stack/data/venv/lib/python3.12/site-packages/neutron_lib/callbacks/manager.py:52}}
May 09 09:06:36.313951 np0000173042 devstack@neutron-api.service[104108]: INFO neutron.api.extensions [None req-c691c923-9f3f-41f1-93d4-8ec88bcb3cec None None] Extension agent-resources-synced not supported by any of loaded plugins
May 09 09:06:36.313983 np0000173042 devstack@neutron-api.service[104110]: DEBUG neutron_lib.callbacks.manager [None req-053ceb98-11a5-4b05-9303-8d294c902d9d None None] Subscribe: > address_group after_delete 55550000, False {{(pid=104110) subscribe /opt/stack/data/venv/lib/python3.12/site-packages/neutron_lib/callbacks/manager.py:52}}
May 09 09:06:36.314048 np0000173042 devstack@neutron-api.service[104108]: DEBUG neutron.api.extensions [None req-c691c923-9f3f-41f1-93d4-8ec88bcb3cec None None] Loading extension file: agent_sort_key.py {{(pid=104108) _load_all_extensions_from_path /opt/stack/neutron/neutron/api/extensions.py:449}}
May 09 09:06:36.314264 np0000173042 devstack@neutron-api.service[104108]: DEBUG neutron.api.extensions [None req-c691c923-9f3f-41f1-93d4-8ec88bcb3cec None None] Ext name="Agents Sort Key" alias="agent_sort_key" description="Enabling the keyword sort_key for sorting in agents." updated="2013-02-03T10:00:00-00:00" {{(pid=104108) _check_extension /opt/stack/neutron/neutron/api/extensions.py:415}}
May 09 09:06:36.314293 np0000173042 devstack@neutron-api.service[104110]: DEBUG neutron_lib.callbacks.manager [None req-053ceb98-11a5-4b05-9303-8d294c902d9d None None] Subscribe: > qos_plugin after_init 55550000, False {{(pid=104110) subscribe /opt/stack/data/venv/lib/python3.12/site-packages/neutron_lib/callbacks/manager.py:52}}
May 09 09:06:36.314429 np0000173042 devstack@neutron-api.service[104108]: INFO neutron.api.extensions [None req-c691c923-9f3f-41f1-93d4-8ec88bcb3cec None None] Extension agent_sort_key not supported by any of loaded plugins
May 09 09:06:36.314605 np0000173042 devstack@neutron-api.service[104108]: DEBUG neutron.api.extensions [None req-c691c923-9f3f-41f1-93d4-8ec88bcb3cec None None] Loading extension file: allowedaddresspairs.py {{(pid=104108) _load_all_extensions_from_path /opt/stack/neutron/neutron/api/extensions.py:449}}
May 09 09:06:36.314685 np0000173042 devstack@neutron-api.service[104110]: DEBUG neutron_lib.callbacks.manager [None req-053ceb98-11a5-4b05-9303-8d294c902d9d None None] Subscribe: > trunk_plugin after_init 55550000, False {{(pid=104110) subscribe /opt/stack/data/venv/lib/python3.12/site-packages/neutron_lib/callbacks/manager.py:52}}
May 09 09:06:36.314842 np0000173042 devstack@neutron-api.service[104110]: DEBUG neutron_lib.callbacks.manager [None req-053ceb98-11a5-4b05-9303-8d294c902d9d None None] Subscribe: > logging-plugin after_init 55550000, False {{(pid=104110) subscribe /opt/stack/data/venv/lib/python3.12/site-packages/neutron_lib/callbacks/manager.py:52}}
May 09 09:06:36.315162 np0000173042 devstack@neutron-api.service[104108]: DEBUG neutron.api.extensions [None req-c691c923-9f3f-41f1-93d4-8ec88bcb3cec None None] Ext name="Allowed Address Pairs" alias="allowed-address-pairs" description="Provides allowed address pairs" updated="2013-07-23T10:00:00-00:00" {{(pid=104108) _check_extension /opt/stack/neutron/neutron/api/extensions.py:415}}
May 09 09:06:36.315311 np0000173042 devstack@neutron-api.service[104110]: INFO neutron.services.logapi.drivers.ovn.driver [None req-053ceb98-11a5-4b05-9303-8d294c902d9d None None] OVN logging driver registered
May 09 09:06:36.315432 np0000173042 devstack@neutron-api.service[104108]: INFO neutron.api.extensions [None req-c691c923-9f3f-41f1-93d4-8ec88bcb3cec None None] Loaded extension: allowed-address-pairs
May 09 09:06:36.315521 np0000173042 devstack@neutron-api.service[104108]: DEBUG neutron.api.extensions [None req-c691c923-9f3f-41f1-93d4-8ec88bcb3cec None None] Loading extension file: auto_allocated_topology.py {{(pid=104108) _load_all_extensions_from_path /opt/stack/neutron/neutron/api/extensions.py:449}}
May 09 09:06:36.315770 np0000173042 devstack@neutron-api.service[104108]: DEBUG neutron.api.extensions [None req-c691c923-9f3f-41f1-93d4-8ec88bcb3cec None None] Ext name="Auto Allocated Topology Services" alias="auto-allocated-topology" description="Auto Allocated Topology Services." updated="2016-01-01T00:00:00-00:00" {{(pid=104108) _check_extension /opt/stack/neutron/neutron/api/extensions.py:415}}
May 09 09:06:36.315954 np0000173042 devstack@neutron-api.service[104108]: INFO neutron.api.extensions [None req-c691c923-9f3f-41f1-93d4-8ec88bcb3cec None None] Loaded extension: auto-allocated-topology
May 09 09:06:36.316059 np0000173042 devstack@neutron-api.service[104108]: DEBUG neutron.api.extensions [None req-c691c923-9f3f-41f1-93d4-8ec88bcb3cec None None] Loading extension file: availability_zone.py {{(pid=104108) _load_all_extensions_from_path /opt/stack/neutron/neutron/api/extensions.py:449}}
May 09 09:06:36.316351 np0000173042 devstack@neutron-api.service[104108]: DEBUG neutron.api.extensions [None req-c691c923-9f3f-41f1-93d4-8ec88bcb3cec None None] Ext name="Availability Zone" alias="availability_zone" description="The availability zone extension." updated="2015-01-01T10:00:00-00:00" {{(pid=104108) _check_extension /opt/stack/neutron/neutron/api/extensions.py:415}}
May 09 09:06:36.316504 np0000173042 devstack@neutron-api.service[104108]: INFO neutron.api.extensions [None req-c691c923-9f3f-41f1-93d4-8ec88bcb3cec None None] Loaded extension: availability_zone
May 09 09:06:36.316595 np0000173042 devstack@neutron-api.service[104108]: DEBUG neutron.api.extensions [None req-c691c923-9f3f-41f1-93d4-8ec88bcb3cec None None] Loading extension file: availability_zone_filter.py {{(pid=104108) _load_all_extensions_from_path /opt/stack/neutron/neutron/api/extensions.py:449}}
May 09 09:06:36.316738 np0000173042 devstack@neutron-api.service[104110]: DEBUG neutron.plugins.ml2.plugin [None req-053ceb98-11a5-4b05-9303-8d294c902d9d None None] neutron.plugins.ml2.plugin.Ml2Plugin method _start_rpc_notifiers called with arguments () {} {{(pid=104110) wrapper /opt/stack/data/venv/lib/python3.12/site-packages/oslo_log/helpers.py:77}}
May 09 09:06:36.316824 np0000173042 devstack@neutron-api.service[104108]: DEBUG neutron.api.extensions [None req-c691c923-9f3f-41f1-93d4-8ec88bcb3cec None None] Ext name="Availability Zone Filter Extension" alias="availability_zone_filter" description="Add filter parameters to AvailabilityZone resource" updated="2018-06-22T10:00:00-00:00" {{(pid=104108) _check_extension /opt/stack/neutron/neutron/api/extensions.py:415}}
May 09 09:06:36.317001 np0000173042 devstack@neutron-api.service[104108]: INFO neutron.api.extensions [None req-c691c923-9f3f-41f1-93d4-8ec88bcb3cec None None] Extension availability_zone_filter not supported by any of loaded plugins
May 09 09:06:36.317092 np0000173042 devstack@neutron-api.service[104108]: DEBUG neutron.api.extensions [None req-c691c923-9f3f-41f1-93d4-8ec88bcb3cec None None] Loading extension file: data_plane_status.py {{(pid=104108) _load_all_extensions_from_path /opt/stack/neutron/neutron/api/extensions.py:449}}
May 09 09:06:36.317308 np0000173042 devstack@neutron-api.service[104110]: DEBUG neutron_lib.callbacks.manager [None req-053ceb98-11a5-4b05-9303-8d294c902d9d None None] Subscribe: > port after_create 55550000, False {{(pid=104110) subscribe /opt/stack/data/venv/lib/python3.12/site-packages/neutron_lib/callbacks/manager.py:52}}
May 09 09:06:36.317343 np0000173042 devstack@neutron-api.service[104108]: DEBUG neutron.api.extensions [None req-c691c923-9f3f-41f1-93d4-8ec88bcb3cec None None] Ext name="Port data plane status extension" alias="data-plane-status" description="Expose status of underlying data plane" updated="2017-01-24T10:00:00-00:00" {{(pid=104108) _check_extension /opt/stack/neutron/neutron/api/extensions.py:415}}
May 09 09:06:36.317458 np0000173042 devstack@neutron-api.service[104111]: DEBUG neutron.services.provider_configuration [None req-5094d352-f67e-45cf-aca4-157b971e0d61 None None] Service providers = [] {{(pid=104111) parse_service_provider_opt /opt/stack/neutron/neutron/services/provider_configuration.py:170}}
May 09 09:06:36.317488 np0000173042 devstack@neutron-api.service[104108]: INFO neutron.api.extensions [None req-c691c923-9f3f-41f1-93d4-8ec88bcb3cec None None] Extension data-plane-status not supported by any of loaded plugins
May 09 09:06:36.317564 np0000173042 devstack@neutron-api.service[104108]: DEBUG neutron.api.extensions [None req-c691c923-9f3f-41f1-93d4-8ec88bcb3cec None None] Loading extension file: default_subnetpools.py {{(pid=104108) _load_all_extensions_from_path /opt/stack/neutron/neutron/api/extensions.py:449}}
May 09 09:06:36.317619 np0000173042 devstack@neutron-api.service[104111]: DEBUG neutron.db.servicetype_db [None req-5094d352-f67e-45cf-aca4-157b971e0d61 None None] Adding provider configuration for service L3_ROUTER_NAT {{(pid=104111) add_provider_configuration /opt/stack/neutron/neutron/db/servicetype_db.py:45}}
May 09 09:06:36.317649 np0000173042 devstack@neutron-api.service[104110]: DEBUG neutron_lib.callbacks.manager [None req-053ceb98-11a5-4b05-9303-8d294c902d9d None None] Subscribe: > port after_update 55550000, False {{(pid=104110) subscribe /opt/stack/data/venv/lib/python3.12/site-packages/neutron_lib/callbacks/manager.py:52}}
May 09 09:06:36.317877 np0000173042 devstack@neutron-api.service[104108]: DEBUG neutron.api.extensions [None req-c691c923-9f3f-41f1-93d4-8ec88bcb3cec None None] Ext name="Default Subnetpools" alias="default-subnetpools" description="Provides ability to mark and use a subnetpool as the default." updated="2016-02-18T18:00:00-00:00" {{(pid=104108) _check_extension /opt/stack/neutron/neutron/api/extensions.py:415}}
May 09 09:06:36.317909 np0000173042 devstack@neutron-api.service[104110]: DEBUG neutron_lib.callbacks.manager [None req-053ceb98-11a5-4b05-9303-8d294c902d9d None None] Subscribe: > port after_delete 55550000, False {{(pid=104110) subscribe /opt/stack/data/venv/lib/python3.12/site-packages/neutron_lib/callbacks/manager.py:52}}
May 09 09:06:36.318111 np0000173042 devstack@neutron-api.service[104108]: INFO neutron.api.extensions [None req-c691c923-9f3f-41f1-93d4-8ec88bcb3cec None None] Loaded extension: default-subnetpools
May 09 09:06:36.318142 np0000173042 devstack@neutron-api.service[104110]: DEBUG neutron_lib.callbacks.manager [None req-053ceb98-11a5-4b05-9303-8d294c902d9d None None] Subscribe: > subnet after_create 55550000, False {{(pid=104110) subscribe /opt/stack/data/venv/lib/python3.12/site-packages/neutron_lib/callbacks/manager.py:52}}
May 09 09:06:36.318202 np0000173042 devstack@neutron-api.service[104108]: DEBUG neutron.api.extensions [None req-c691c923-9f3f-41f1-93d4-8ec88bcb3cec None None] Loading extension file: dhcpagentscheduler.py {{(pid=104108) _load_all_extensions_from_path /opt/stack/neutron/neutron/api/extensions.py:449}}
May 09 09:06:36.318468 np0000173042 devstack@neutron-api.service[104110]: DEBUG neutron_lib.callbacks.manager [None req-053ceb98-11a5-4b05-9303-8d294c902d9d None None] Subscribe: > subnet after_update 55550000, False {{(pid=104110) subscribe /opt/stack/data/venv/lib/python3.12/site-packages/neutron_lib/callbacks/manager.py:52}}
May 09 09:06:36.318468 np0000173042 devstack@neutron-api.service[104110]: DEBUG neutron_lib.callbacks.manager [None req-053ceb98-11a5-4b05-9303-8d294c902d9d None None] Subscribe: > subnet after_delete 55550000, False {{(pid=104110) subscribe /opt/stack/data/venv/lib/python3.12/site-packages/neutron_lib/callbacks/manager.py:52}}
May 09 09:06:36.318555 np0000173042 devstack@neutron-api.service[104108]: DEBUG neutron.api.extensions [None req-c691c923-9f3f-41f1-93d4-8ec88bcb3cec None None] Ext name="DHCP Agent Scheduler" alias="dhcp_agent_scheduler" description="Schedule networks among dhcp agents" updated="2013-02-07T10:00:00-00:00" {{(pid=104108) _check_extension /opt/stack/neutron/neutron/api/extensions.py:415}}
May 09 09:06:36.318703 np0000173042 devstack@neutron-api.service[104108]: INFO neutron.api.extensions [None req-c691c923-9f3f-41f1-93d4-8ec88bcb3cec None None] Loaded extension: dhcp_agent_scheduler
