May 09 09:07:00.194701 np0000173042 devstack@neutron-api.service[104109]: DEBUG neutron.plugins.ml2.drivers.ovn.mech_driver.ovsdb.ovsdb_monitor [None req-9f42fdb6-7c3e-48a5-9de1-7d03fdfa245a None None] Hash Ring: Node 16903c80b03a5633b149ab4f5c094f0e (host: np0000173042) handling event "update" for row 40c3a5bd-5266-463f-8aa7-ae259e45a976 (table: Logical_Router_Port) {{(pid=104109) notify /opt/stack/neutron/neutron/plugins/ml2/drivers/ovn/mech_driver/ovsdb/ovsdb_monitor.py:942}}
May 09 09:07:00.195954 np0000173042 devstack@neutron-api.service[104108]: DEBUG neutron.plugins.ml2.drivers.ovn.mech_driver.ovsdb.ovsdb_monitor [None req-ac873013-5676-4d97-92d2-e95629f11018 None None] Hash Ring: Node 8e6dcfc28e175021abd7461db36d26ee (host: np0000173042) handling event "update" for row fa485e02-437b-492c-a0c4-0869f3c0cdd7 (table: NB_Global) {{(pid=104108) notify /opt/stack/neutron/neutron/plugins/ml2/drivers/ovn/mech_driver/ovsdb/ovsdb_monitor.py:942}}
May 09 09:07:00.197426 np0000173042 devstack@neutron-api.service[104108]: DEBUG neutron.plugins.ml2.drivers.ovn.mech_driver.ovsdb.ovsdb_monitor [None req-ac873013-5676-4d97-92d2-e95629f11018 None None] Touching Hash Ring node "8e6dcfc28e175021abd7461db36d26ee" from IDL notify handler {{(pid=104108) notify /opt/stack/neutron/neutron/plugins/ml2/drivers/ovn/mech_driver/ovsdb/ovsdb_monitor.py:934}}
May 09 09:07:00.199888 np0000173042 devstack@neutron-api.service[104108]: DEBUG neutron.plugins.ml2.drivers.ovn.mech_driver.ovsdb.ovsdb_monitor [None req-ac873013-5676-4d97-92d2-e95629f11018 None None] Hash Ring: Node 8e6dcfc28e175021abd7461db36d26ee (host: np0000173042) handling event "update" for row fa485e02-437b-492c-a0c4-0869f3c0cdd7 (table: NB_Global) {{(pid=104108) notify /opt/stack/neutron/neutron/plugins/ml2/drivers/ovn/mech_driver/ovsdb/ovsdb_monitor.py:942}}
May 09 09:07:00.201512 np0000173042 devstack@neutron-api.service[104109]: DEBUG neutron.plugins.ml2.drivers.ovn.mech_driver.ovsdb.ovsdb_monitor [None req-9f42fdb6-7c3e-48a5-9de1-7d03fdfa245a None None] Touching Hash Ring node "16903c80b03a5633b149ab4f5c094f0e" from IDL notify handler {{(pid=104109) notify /opt/stack/neutron/neutron/plugins/ml2/drivers/ovn/mech_driver/ovsdb/ovsdb_monitor.py:934}}
May 09 09:07:00.215486 np0000173042 devstack@neutron-api.service[104109]: DEBUG neutron.plugins.ml2.drivers.ovn.mech_driver.ovsdb.ovsdb_monitor [None req-9f42fdb6-7c3e-48a5-9de1-7d03fdfa245a None None] Hash Ring: Node 16903c80b03a5633b149ab4f5c094f0e (host: np0000173042) handling event "create" for row 2e5f58a8-5b06-495c-9346-e3eb56d9e2fb (table: HA_Chassis) {{(pid=104109) notify /opt/stack/neutron/neutron/plugins/ml2/drivers/ovn/mech_driver/ovsdb/ovsdb_monitor.py:942}}
May 09 09:07:00.215486 np0000173042 devstack@neutron-api.service[104109]: DEBUG neutron.plugins.ml2.drivers.ovn.mech_driver.ovsdb.ovsdb_monitor [None req-9f42fdb6-7c3e-48a5-9de1-7d03fdfa245a None None] Touching Hash Ring node "16903c80b03a5633b149ab4f5c094f0e" from IDL notify handler {{(pid=104109) notify /opt/stack/neutron/neutron/plugins/ml2/drivers/ovn/mech_driver/ovsdb/ovsdb_monitor.py:934}}
May 09 09:07:00.217910 np0000173042 devstack@neutron-api.service[104108]: DEBUG neutron.plugins.ml2.drivers.ovn.mech_driver.ovsdb.ovsdb_monitor [None req-ac873013-5676-4d97-92d2-e95629f11018 None None] Touching Hash Ring node "8e6dcfc28e175021abd7461db36d26ee" from IDL notify handler {{(pid=104108) notify /opt/stack/neutron/neutron/plugins/ml2/drivers/ovn/mech_driver/ovsdb/ovsdb_monitor.py:934}}
May 09 09:07:00.220196 np0000173042 devstack@neutron-api.service[104108]: DEBUG neutron.plugins.ml2.drivers.ovn.mech_driver.ovsdb.ovsdb_monitor [None req-ac873013-5676-4d97-92d2-e95629f11018 None None] Hash Ring: Node 8e6dcfc28e175021abd7461db36d26ee (host: np0000173042) handling event "update" for row fa485e02-437b-492c-a0c4-0869f3c0cdd7 (table: NB_Global) {{(pid=104108) notify /opt/stack/neutron/neutron/plugins/ml2/drivers/ovn/mech_driver/ovsdb/ovsdb_monitor.py:942}}
May 09 09:07:00.221594 np0000173042 devstack@neutron-api.service[104109]: DEBUG neutron.plugins.ml2.drivers.ovn.mech_driver.ovsdb.ovsdb_monitor [None req-9f42fdb6-7c3e-48a5-9de1-7d03fdfa245a None None] Hash Ring: Node 16903c80b03a5633b149ab4f5c094f0e (host: np0000173042) handling event "create" for row fc953c6f-5922-444c-bcd7-4a9e6be47650 (table: HA_Chassis_Group) {{(pid=104109) notify /opt/stack/neutron/neutron/plugins/ml2/drivers/ovn/mech_driver/ovsdb/ovsdb_monitor.py:942}}
May 09 09:07:00.227394 np0000173042 devstack@neutron-api.service[104109]: DEBUG neutron.plugins.ml2.drivers.ovn.mech_driver.ovsdb.ovsdb_monitor [None req-9f42fdb6-7c3e-48a5-9de1-7d03fdfa245a None None] Touching Hash Ring node "16903c80b03a5633b149ab4f5c094f0e" from IDL notify handler {{(pid=104109) notify /opt/stack/neutron/neutron/plugins/ml2/drivers/ovn/mech_driver/ovsdb/ovsdb_monitor.py:934}}
May 09 09:07:00.231344 np0000173042 devstack@neutron-api.service[104109]: DEBUG neutron_lib.callbacks.manager [None req-0004636e-c7a0-4a55-946a-1007fd90e48e None None] Publish callbacks ['neutron.plugins.ml2.plugin.SecurityGroupDbMixin._ensure_default_security_group_handler-883953', 'neutron.services.ovn_l3.plugin.OVNL3RouterPlugin._port_update-7924478247036', 'neutron.db.l3_db.L3_NAT_dbonly_mixin._prevent_internal_ip_change_for_fip-7924479177018'] for port (5257c587-87d7-4ea6-a972-a3ee07a8d018), before_update {{(pid=104109) _notify_loop /opt/stack/data/venv/lib/python3.12/site-packages/neutron_lib/callbacks/manager.py:184}}
May 09 09:07:00.266259 np0000173042 devstack@neutron-api.service[104110]: [pid: 104110|app: 0|req: 6/25] 199.204.45.250 () {68 vars in 1539 bytes} [Sat May 9 09:06:58 2026] PUT /networking/v2.0/routers/d73da606-3b3e-4775-8973-14fd44fe27ce/update_external_gateways => generated 1033 bytes in 2083 msecs (HTTP/1.1 200) 4 headers in 158 bytes (1 switches on core 0)
May 09 09:07:00.324206 np0000173042 devstack@neutron-api.service[104110]: DEBUG neutron_lib.callbacks.manager [None req-b817a04e-494d-4466-a604-16bb56fe5510 None None] Publish callbacks [] for port (5257c587-87d7-4ea6-a972-a3ee07a8d018), precommit_update {{(pid=104110) _notify_loop /opt/stack/data/venv/lib/python3.12/site-packages/neutron_lib/callbacks/manager.py:184}}
May 09 09:07:00.339608 np0000173042 devstack@neutron-api.service[104110]: DEBUG neutron.db.provisioning_blocks [None req-b817a04e-494d-4466-a604-16bb56fe5510 None None] Transition to ACTIVE for port object 5257c587-87d7-4ea6-a972-a3ee07a8d018 will not be triggered until provisioned by entity L2. {{(pid=104110) add_provisioning_component /opt/stack/neutron/neutron/db/provisioning_blocks.py:74}}
May 09 09:07:00.419817 np0000173042 devstack@neutron-api.service[104110]: DEBUG neutron_lib.callbacks.manager [None req-b817a04e-494d-4466-a604-16bb56fe5510 None None] Publish callbacks ['neutron.plugins.ml2.ovo_rpc._ObjectChangeHandler.handle_event-6969411', 'neutron.db.l3_db.L3RpcNotifierMixin._notify_gateway_port_ip_changed-7924479180730', 'neutron.services.ovn_l3.plugin.OVNL3RouterPlugin._port_update-7924477686584'] for port (5257c587-87d7-4ea6-a972-a3ee07a8d018), after_update {{(pid=104110) _notify_loop /opt/stack/data/venv/lib/python3.12/site-packages/neutron_lib/callbacks/manager.py:184}}
May 09 09:07:00.444389 np0000173042 devstack@neutron-api.service[104109]: DEBUG neutron.plugins.ml2.drivers.ovn.mech_driver.ovsdb.ovsdb_monitor [None req-9f42fdb6-7c3e-48a5-9de1-7d03fdfa245a None None] Hash Ring: Node 16903c80b03a5633b149ab4f5c094f0e (host: np0000173042) handling event "update" for row fa485e02-437b-492c-a0c4-0869f3c0cdd7 (table: NB_Global) {{(pid=104109) notify /opt/stack/neutron/neutron/plugins/ml2/drivers/ovn/mech_driver/ovsdb/ovsdb_monitor.py:942}}
May 09 09:07:00.445227 np0000173042 devstack@neutron-api.service[104110]: DEBUG neutron.api.rpc.handlers.resources_rpc [None req-b817a04e-494d-4466-a604-16bb56fe5510 None None] Pushing event updated for resources: {'Port': ['ID=5257c587-87d7-4ea6-a972-a3ee07a8d018,revision_number=2']} {{(pid=104110) push /opt/stack/neutron/neutron/api/rpc/handlers/resources_rpc.py:237}}
May 09 09:07:00.456397 np0000173042 devstack@neutron-api.service[104109]: DEBUG neutron.plugins.ml2.drivers.ovn.mech_driver.ovsdb.ovsdb_monitor [None req-9f42fdb6-7c3e-48a5-9de1-7d03fdfa245a None None] Touching Hash Ring node "16903c80b03a5633b149ab4f5c094f0e" from IDL notify handler {{(pid=104109) notify /opt/stack/neutron/neutron/plugins/ml2/drivers/ovn/mech_driver/ovsdb/ovsdb_monitor.py:934}}
May 09 09:07:00.469099 np0000173042 devstack@neutron-api.service[104109]: DEBUG neutron.plugins.ml2.drivers.ovn.mech_driver.ovsdb.ovsdb_monitor [None req-9f42fdb6-7c3e-48a5-9de1-7d03fdfa245a None None] Hash Ring: Node 16903c80b03a5633b149ab4f5c094f0e (host: np0000173042) handling event "update" for row fa485e02-437b-492c-a0c4-0869f3c0cdd7 (table: NB_Global) {{(pid=104109) notify /opt/stack/neutron/neutron/plugins/ml2/drivers/ovn/mech_driver/ovsdb/ovsdb_monitor.py:942}}
May 09 09:07:00.476068 np0000173042 devstack@neutron-api.service[104109]: DEBUG neutron.plugins.ml2.drivers.ovn.mech_driver.ovsdb.ovsdb_monitor [None req-9f42fdb6-7c3e-48a5-9de1-7d03fdfa245a None None] Touching Hash Ring node "16903c80b03a5633b149ab4f5c094f0e" from IDL notify handler {{(pid=104109) notify /opt/stack/neutron/neutron/plugins/ml2/drivers/ovn/mech_driver/ovsdb/ovsdb_monitor.py:934}}
May 09 09:07:00.480683 np0000173042 devstack@neutron-api.service[104109]: DEBUG neutron.plugins.ml2.drivers.ovn.mech_driver.ovsdb.ovsdb_monitor [None req-9f42fdb6-7c3e-48a5-9de1-7d03fdfa245a None None] Hash Ring: Node 16903c80b03a5633b149ab4f5c094f0e (host: np0000173042) handling event "update" for row fa485e02-437b-492c-a0c4-0869f3c0cdd7 (table: NB_Global) {{(pid=104109) notify /opt/stack/neutron/neutron/plugins/ml2/drivers/ovn/mech_driver/ovsdb/ovsdb_monitor.py:942}}
May 09 09:07:00.529967 np0000173042 devstack@neutron-api.service[104110]: DEBUG ovsdbapp.backend.ovs_idl.transaction [None req-14d0eb8d-a4e4-437e-8e79-aa1ca9631d85 None None] Running txn n=1 command(idx=0): CheckRevisionNumberCommand(_result=None, name=5257c587-87d7-4ea6-a972-a3ee07a8d018, resource={'id': '5257c587-87d7-4ea6-a972-a3ee07a8d018', 'name': '', 'network_id': '2377fff7-468e-488b-8571-f4c2c5de8ecf', 'project_id': '', 'mac_address': 'fa:16:3e:8c:15:d6', 'admin_state_up': True, 'status': 'DOWN', 'device_id': 'd73da606-3b3e-4775-8973-14fd44fe27ce', 'device_owner': 'network:router_gateway', 'standard_attr_id': 23, 'fixed_ips': [{'subnet_id': 'c6986b12-2740-4625-8ad8-ead97220d32d', 'ip_address': '172.24.5.249'}], 'allowed_address_pairs': [], 'extra_dhcp_opts': [], 'security_groups': [], 'description': '', 'binding:vnic_type': 'normal', 'binding:profile': {}, 'binding:host_id': 'np0000173042', 'binding:vif_type': 'unbound', 'binding:vif_details': {}, 'port_security_enabled': False, 'tags': [], 'created_at': '2026-05-09T09:06:58Z', 'updated_at': '2026-05-09T09:06:58Z', 'revision_number': 1, 'tenant_id': '', 'network': {'id': '2377fff7-468e-488b-8571-f4c2c5de8ecf', 'name': 'public', 'tenant_id': '16ad6d0f515f41b6a55fe97894c4f7ff', 'project_id': '16ad6d0f515f41b6a55fe97894c4f7ff', 'admin_state_up': True, 'mtu': 1430, 'status': 'ACTIVE', 'subnets': ['c6986b12-2740-4625-8ad8-ead97220d32d'], 'standard_attr_id': 18, 'shared': False, 'availability_zone_hints': [], 'availability_zones': [], 'ipv4_address_scope': None, 'ipv6_address_scope': None, 'router:external': True, 'qinq': False, 'vlan_transparent': False, 'description': '', 'port_security_enabled': True, 'is_default': True, 'tags': [], 'created_at': '2026-05-09T09:06:53Z', 'updated_at': '2026-05-09T09:06:57Z', 'revision_number': 2, 'provider:network_type': 'flat', 'provider:physical_network': 'public', 'provider:segmentation_id': None}}, resource_type=ports, if_exists=True) {{(pid=104110) do_commit /opt/stack/data/venv/lib/python3.12/site-packages/ovsdbapp/backend/ovs_idl/transaction.py:89}}
May 09 09:07:00.530455 np0000173042 devstack@neutron-api.service[104110]: DEBUG ovsdbapp.backend.ovs_idl.transaction [None req-14d0eb8d-a4e4-437e-8e79-aa1ca9631d85 None None] Running txn n=1 command(idx=1): SetLSwitchPortCommand(_result=None, lport=5257c587-87d7-4ea6-a972-a3ee07a8d018, external_ids_update=None, columns={'external_ids': {'neutron:port_name': '', 'neutron:device_id': 'd73da606-3b3e-4775-8973-14fd44fe27ce', 'neutron:project_id': '', 'neutron:cidrs': '172.24.5.249/24', 'neutron:device_owner': 'network:router_gateway', 'neutron:subnet_pool_addr_scope4': '', 'neutron:subnet_pool_addr_scope6': '', 'neutron:network_name': 'neutron-2377fff7-468e-488b-8571-f4c2c5de8ecf', 'neutron:security_group_ids': '', 'neutron:revision_number': '1', 'neutron:vnic_type': 'normal', 'neutron:port_capabilities': '', 'neutron:mtu': ''}, 'parent_name': [], 'tag': [], 'options': {'requested-chassis': 'np0000173042', 'exclude-lb-vips-from-garp': 'true', 'nat-addresses': 'router', 'router-port': 'lrp-5257c587-87d7-4ea6-a972-a3ee07a8d018'}, 'enabled': True, 'port_security': [], 'dhcpv4_options': [], 'dhcpv6_options': [], 'type': 'router', 'ha_chassis_group': []}, if_exists=False) {{(pid=104110) do_commit /opt/stack/data/venv/lib/python3.12/site-packages/ovsdbapp/backend/ovs_idl/transaction.py:89}}
May 09 09:07:00.532130 np0000173042 devstack@neutron-api.service[104110]: DEBUG ovsdbapp.backend.ovs_idl.transaction [None req-14d0eb8d-a4e4-437e-8e79-aa1ca9631d85 None None] Running txn n=1 command(idx=2): PgDelPortCommand(_result=None, port_group=neutron_pg_drop, lsp=['5257c587-87d7-4ea6-a972-a3ee07a8d018'], if_exists=False) {{(pid=104110) do_commit /opt/stack/data/venv/lib/python3.12/site-packages/ovsdbapp/backend/ovs_idl/transaction.py:89}}
May 09 09:07:00.538060 np0000173042 devstack@neutron-api.service[104109]: DEBUG neutron.plugins.ml2.drivers.ovn.mech_driver.ovsdb.ovsdb_monitor [None req-9f42fdb6-7c3e-48a5-9de1-7d03fdfa245a None None] Touching Hash Ring node "16903c80b03a5633b149ab4f5c094f0e" from IDL notify handler {{(pid=104109) notify /opt/stack/neutron/neutron/plugins/ml2/drivers/ovn/mech_driver/ovsdb/ovsdb_monitor.py:934}}
May 09 09:07:00.538707 np0000173042 devstack@neutron-api.service[104111]: DEBUG neutron.plugins.ml2.drivers.ovn.mech_driver.ovsdb.ovsdb_monitor [None req-0bbc2f6e-29c1-4b97-ab40-960924ab2833 None None] Touching Hash Ring node "c91f8c293c825645a449a54ffbf40e37" from IDL notify handler {{(pid=104111) notify /opt/stack/neutron/neutron/plugins/ml2/drivers/ovn/mech_driver/ovsdb/ovsdb_monitor.py:934}}
May 09 09:07:00.544521 np0000173042 devstack@neutron-api.service[104109]: DEBUG neutron.plugins.ml2.db [None req-0004636e-c7a0-4a55-946a-1007fd90e48e None None] For port 5257c587-87d7-4ea6-a972-a3ee07a8d018, host np0000173042, got binding levels [] {{(pid=104109) get_binding_level_objs /opt/stack/neutron/neutron/plugins/ml2/db.py:74}}
May 09 09:07:00.568835 np0000173042 devstack@neutron-api.service[104110]: DEBUG neutron.plugins.ml2.managers [None req-b817a04e-494d-4466-a604-16bb56fe5510 None None] Attempting to bind port 5257c587-87d7-4ea6-a972-a3ee07a8d018 on host np0000173042 for vnic_type normal with profile {{(pid=104110) bind_port /opt/stack/neutron/neutron/plugins/ml2/managers.py:814}}
May 09 09:07:00.569090 np0000173042 devstack@neutron-api.service[104110]: DEBUG neutron.plugins.ml2.managers [None req-b817a04e-494d-4466-a604-16bb56fe5510 None None] Attempting to bind port 5257c587-87d7-4ea6-a972-a3ee07a8d018 by drivers ovn on host np0000173042 at level 0 using segments [{'id': 'd8f7056a-ed6d-4c8d-aa26-61e9f0c43053', 'network_type': 'flat', 'physical_network': 'public', 'segmentation_id': None, 'network_id': '2377fff7-468e-488b-8571-f4c2c5de8ecf'}] {{(pid=104110) _bind_port_level /opt/stack/neutron/neutron/plugins/ml2/managers.py:839}}
May 09 09:07:00.570205 np0000173042 devstack@neutron-api.service[104110]: DEBUG neutron.plugins.ml2.drivers.ovn.mech_driver.mech_driver [None req-b817a04e-494d-4466-a604-16bb56fe5510 None None] Attempting to bind port 5257c587-87d7-4ea6-a972-a3ee07a8d018 on host np0000173042 for network segment with type flat, segmentation ID None, physical network public {{(pid=104110) bind_port /opt/stack/neutron/neutron/plugins/ml2/drivers/ovn/mech_driver/mech_driver.py:1204}}
May 09 09:07:00.570708 np0000173042 devstack@neutron-api.service[104110]: DEBUG neutron.plugins.ml2.managers [None req-b817a04e-494d-4466-a604-16bb56fe5510 None None] Bound port: 5257c587-87d7-4ea6-a972-a3ee07a8d018, host: np0000173042, vif_type: ovs, vif_details: {"port_filter": true, "connectivity": "l2", "ovs_create_tap": false, "bridge_name": "br-int", "datapath_type": "system"}, binding_levels: [{'bound_driver': 'ovn', 'bound_segment': {'id': 'd8f7056a-ed6d-4c8d-aa26-61e9f0c43053', 'network_type': 'flat', 'physical_network': 'public', 'segmentation_id': None, 'network_id': '2377fff7-468e-488b-8571-f4c2c5de8ecf'}}] {{(pid=104110) _bind_port_level /opt/stack/neutron/neutron/plugins/ml2/managers.py:950}}
May 09 09:07:00.570891 np0000173042 devstack@neutron-api.service[104110]: DEBUG neutron_lib.callbacks.manager [None req-b817a04e-494d-4466-a604-16bb56fe5510 None None] Publish callbacks ['neutron.plugins.ml2.plugin.SecurityGroupDbMixin._ensure_default_security_group_handler-1026169', 'neutron.services.ovn_l3.plugin.OVNL3RouterPlugin._port_update-7924477686584', 'neutron.db.l3_db.L3_NAT_dbonly_mixin._prevent_internal_ip_change_for_fip-7924479175894'] for port (5257c587-87d7-4ea6-a972-a3ee07a8d018), before_update {{(pid=104110) _notify_loop /opt/stack/data/venv/lib/python3.12/site-packages/neutron_lib/callbacks/manager.py:184}}
May 09 09:07:00.584195 np0000173042 devstack@neutron-api.service[104109]: DEBUG neutron_lib.callbacks.manager [None req-0004636e-c7a0-4a55-946a-1007fd90e48e None None] Publish callbacks [] for port (5257c587-87d7-4ea6-a972-a3ee07a8d018), precommit_update {{(pid=104109) _notify_loop /opt/stack/data/venv/lib/python3.12/site-packages/neutron_lib/callbacks/manager.py:184}}
May 09 09:07:00.584371 np0000173042 devstack@neutron-api.service[104109]: DEBUG neutron.plugins.ml2.drivers.ovn.mech_driver.mech_driver [None req-0004636e-c7a0-4a55-946a-1007fd90e48e None None] No provisioning block for port 5257c587-87d7-4ea6-a972-a3ee07a8d018 since host unchanged {{(pid=104109) _is_port_provisioning_required /opt/stack/neutron/neutron/plugins/ml2/drivers/ovn/mech_driver/mech_driver.py:899}}
May 09 09:07:00.597041 np0000173042 devstack@neutron-api.service[104110]: DEBUG neutron.plugins.ml2.db [None req-b817a04e-494d-4466-a604-16bb56fe5510 None None] For port 5257c587-87d7-4ea6-a972-a3ee07a8d018, host np0000173042, cleared binding levels {{(pid=104110) clear_binding_levels /opt/stack/neutron/neutron/plugins/ml2/db.py:87}}
May 09 09:07:00.598104 np0000173042 devstack@neutron-api.service[104111]: DEBUG neutron.plugins.ml2.drivers.ovn.mech_driver.ovsdb.ovsdb_monitor [None req-0bbc2f6e-29c1-4b97-ab40-960924ab2833 None None] Hash Ring: Node c91f8c293c825645a449a54ffbf40e37 (host: np0000173042) handling event "update" for row 24ff39af-df2e-4bda-9c90-00a37c65085f (table: Logical_Switch_Port) {{(pid=104111) notify /opt/stack/neutron/neutron/plugins/ml2/drivers/ovn/mech_driver/ovsdb/ovsdb_monitor.py:942}}
May 09 09:07:00.599284 np0000173042 devstack@neutron-api.service[104110]: DEBUG neutron.plugins.ml2.db [None req-b817a04e-494d-4466-a604-16bb56fe5510 None None] For port 5257c587-87d7-4ea6-a972-a3ee07a8d018, host np0000173042, set binding levels [PortBindingLevel(driver='ovn',host='np0000173042',level=0,port_id=5257c587-87d7-4ea6-a972-a3ee07a8d018,segment=NetworkSegment(d8f7056a-ed6d-4c8d-aa26-61e9f0c43053),segment_id=d8f7056a-ed6d-4c8d-aa26-61e9f0c43053)] {{(pid=104110) set_binding_levels /opt/stack/neutron/neutron/plugins/ml2/db.py:59}}
May 09 09:07:00.600438 np0000173042 devstack@neutron-api.service[104110]: DEBUG neutron.plugins.ml2.drivers.ovn.mech_driver.mech_driver [None req-b817a04e-494d-4466-a604-16bb56fe5510 None None] No provisioning block for port 5257c587-87d7-4ea6-a972-a3ee07a8d018 since host unchanged {{(pid=104110) _is_port_provisioning_required /opt/stack/neutron/neutron/plugins/ml2/drivers/ovn/mech_driver/mech_driver.py:899}}
May 09 09:07:00.617244 np0000173042 devstack@neutron-api.service[104109]: DEBUG neutron.plugins.ml2.drivers.ovn.mech_driver.ovsdb.ovsdb_monitor [None req-9f42fdb6-7c3e-48a5-9de1-7d03fdfa245a None None] Hash Ring: Node 16903c80b03a5633b149ab4f5c094f0e (host: np0000173042) handling event "update" for row 24ff39af-df2e-4bda-9c90-00a37c65085f (table: Logical_Switch_Port) {{(pid=104109) notify /opt/stack/neutron/neutron/plugins/ml2/drivers/ovn/mech_driver/ovsdb/ovsdb_monitor.py:942}}
May 09 09:07:00.658005 np0000173042 devstack@neutron-api.service[104109]: DEBUG neutron_lib.callbacks.manager [None req-0004636e-c7a0-4a55-946a-1007fd90e48e None None] Publish callbacks ['neutron.plugins.ml2.ovo_rpc._ObjectChangeHandler.handle_event-7574284', 'neutron.db.l3_db.L3RpcNotifierMixin._notify_gateway_port_ip_changed-7924479180720', 'neutron.services.ovn_l3.plugin.OVNL3RouterPlugin._port_update-7924478247036'] for port (5257c587-87d7-4ea6-a972-a3ee07a8d018), after_update {{(pid=104109) _notify_loop /opt/stack/data/venv/lib/python3.12/site-packages/neutron_lib/callbacks/manager.py:184}}
May 09 09:07:00.677825 np0000173042 devstack@neutron-api.service[104110]: DEBUG neutron_lib.callbacks.manager [None req-b817a04e-494d-4466-a604-16bb56fe5510 None None] Publish callbacks ['neutron.plugins.ml2.ovo_rpc._ObjectChangeHandler.handle_event-6969411', 'neutron.db.l3_db.L3RpcNotifierMixin._notify_gateway_port_ip_changed-7924479180730', 'neutron.services.ovn_l3.plugin.OVNL3RouterPlugin._port_update-7924477686584'] for port (5257c587-87d7-4ea6-a972-a3ee07a8d018), after_update {{(pid=104110) _notify_loop /opt/stack/data/venv/lib/python3.12/site-packages/neutron_lib/callbacks/manager.py:184}}
May 09 09:07:00.697531 np0000173042 devstack@neutron-api.service[104109]: DEBUG neutron.api.rpc.handlers.resources_rpc [None req-0004636e-c7a0-4a55-946a-1007fd90e48e None None] Pushing event updated for resources: {'Port': ['ID=5257c587-87d7-4ea6-a972-a3ee07a8d018,revision_number=2']} {{(pid=104109) push /opt/stack/neutron/neutron/api/rpc/handlers/resources_rpc.py:237}}
May 09 09:07:00.703093 np0000173042 devstack@neutron-api.service[104109]: DEBUG neutron.api.rpc.callbacks.version_manager [None req-0004636e-c7a0-4a55-946a-1007fd90e48e None None] Tracked resource versions report:
May 09 09:07:00.703093 np0000173042 devstack@neutron-api.service[104109]: pushed versions:
May 09 09:07:00.703093 np0000173042 devstack@neutron-api.service[104109]: { 'AddressGroup': {'1.2'},
May 09 09:07:00.703093 np0000173042 devstack@neutron-api.service[104109]: 'Agent': {'1.1'},
May 09 09:07:00.703093 np0000173042 devstack@neutron-api.service[104109]: 'ConntrackHelper': {'1.0'},
May 09 09:07:00.703093 np0000173042 devstack@neutron-api.service[104109]: 'LocalIPAssociation': {'1.0'},
May 09 09:07:00.703093 np0000173042 devstack@neutron-api.service[104109]: 'Log': {'1.0'},
May 09 09:07:00.703093 np0000173042 devstack@neutron-api.service[104109]: 'NDPProxy': {'1.0'},
May 09 09:07:00.703093 np0000173042 devstack@neutron-api.service[104109]: 'Network': {'1.2'},
May 09 09:07:00.703093 np0000173042 devstack@neutron-api.service[104109]: 'Port': {'1.10'},
May 09 09:07:00.703093 np0000173042 devstack@neutron-api.service[104109]: 'PortForwarding': {'1.3'},
May 09 09:07:00.703093 np0000173042 devstack@neutron-api.service[104109]: 'QosPolicy': {'1.10'},
May 09 09:07:00.703093 np0000173042 devstack@neutron-api.service[104109]: 'SecurityGroup': {'1.6'},
May 09 09:07:00.703093 np0000173042 devstack@neutron-api.service[104109]: 'SecurityGroupRule': {'1.3'},
May 09 09:07:00.703093 np0000173042 devstack@neutron-api.service[104109]: 'SubPort': {'1.0'},
May 09 09:07:00.703093 np0000173042 devstack@neutron-api.service[104109]: 'Subnet': {'1.2'},
May 09 09:07:00.703093 np0000173042 devstack@neutron-api.service[104109]: 'Trunk': {'1.1'}}
May 09 09:07:00.703093 np0000173042 devstack@neutron-api.service[104109]: consumer versions:
May 09 09:07:00.703093 np0000173042 devstack@neutron-api.service[104109]: { OVN Neutron agent@np0000173042: {},
May 09 09:07:00.703093 np0000173042 devstack@neutron-api.service[104109]: OVN Controller Gateway agent@np0000173042: {}}
May 09 09:07:00.703093 np0000173042 devstack@neutron-api.service[104109]: {{(pid=104109) report /opt/stack/neutron/neutron/api/rpc/callbacks/version_manager.py:183}}
May 09 09:07:00.705912 np0000173042 devstack@neutron-api.service[104110]: DEBUG neutron.api.rpc.handlers.resources_rpc [None req-b817a04e-494d-4466-a604-16bb56fe5510 None None] Pushing event updated for resources: {'Port': ['ID=5257c587-87d7-4ea6-a972-a3ee07a8d018,revision_number=4']} {{(pid=104110) push /opt/stack/neutron/neutron/api/rpc/handlers/resources_rpc.py:237}}
May 09 09:07:00.780425 np0000173042 devstack@neutron-api.service[104110]: DEBUG ovsdbapp.backend.ovs_idl.transaction [None req-14d0eb8d-a4e4-437e-8e79-aa1ca9631d85 None None] Running txn n=1 command(idx=0): CheckRevisionNumberCommand(_result=None, name=5257c587-87d7-4ea6-a972-a3ee07a8d018, resource={'id': '5257c587-87d7-4ea6-a972-a3ee07a8d018', 'name': '', 'network_id': '2377fff7-468e-488b-8571-f4c2c5de8ecf', 'project_id': '', 'mac_address': 'fa:16:3e:8c:15:d6', 'admin_state_up': True, 'status': 'DOWN', 'device_id': 'd73da606-3b3e-4775-8973-14fd44fe27ce', 'device_owner': 'network:router_gateway', 'standard_attr_id': 23, 'fixed_ips': [{'subnet_id': 'c6986b12-2740-4625-8ad8-ead97220d32d', 'ip_address': '172.24.5.249'}], 'allowed_address_pairs': [], 'extra_dhcp_opts': [], 'security_groups': [], 'description': '', 'binding:vnic_type': 'normal', 'binding:profile': {}, 'binding:host_id': 'np0000173042', 'binding:vif_type': 'ovs', 'binding:vif_details': {'port_filter': True, 'connectivity': 'l2', 'ovs_create_tap': False, 'bridge_name': 'br-int', 'datapath_type': 'system', 'bound_drivers': {'0': 'ovn'}}, 'port_security_enabled': False, 'tags': [], 'created_at': '2026-05-09T09:06:58Z', 'updated_at': '2026-05-09T09:07:00Z', 'revision_number': 4, 'tenant_id': '', 'network': {'id': '2377fff7-468e-488b-8571-f4c2c5de8ecf', 'name': 'public', 'tenant_id': '16ad6d0f515f41b6a55fe97894c4f7ff', 'project_id': '16ad6d0f515f41b6a55fe97894c4f7ff', 'admin_state_up': True, 'mtu': 1430, 'status': 'ACTIVE', 'subnets': ['c6986b12-2740-4625-8ad8-ead97220d32d'], 'standard_attr_id': 18, 'shared': False, 'availability_zone_hints': [], 'availability_zones': [], 'ipv4_address_scope': None, 'ipv6_address_scope': None, 'router:external': True, 'qinq': False, 'vlan_transparent': False, 'description': '', 'port_security_enabled': True, 'is_default': True, 'tags': [], 'created_at': '2026-05-09T09:06:53Z', 'updated_at': '2026-05-09T09:06:57Z', 'revision_number': 2, 'provider:network_type': 'flat', 'provider:physical_network': 'public', 'provider:segmentation_id': None}}, resource_type=ports, if_exists=True) {{(pid=104110) do_commit /opt/stack/data/venv/lib/python3.12/site-packages/ovsdbapp/backend/ovs_idl/transaction.py:89}}
May 09 09:07:00.781189 np0000173042 devstack@neutron-api.service[104110]: DEBUG ovsdbapp.backend.ovs_idl.transaction [None req-14d0eb8d-a4e4-437e-8e79-aa1ca9631d85 None None] Running txn n=1 command(idx=1): SetLSwitchPortCommand(_result=None, lport=5257c587-87d7-4ea6-a972-a3ee07a8d018, external_ids_update=None, columns={'external_ids': {'neutron:port_name': '', 'neutron:device_id': 'd73da606-3b3e-4775-8973-14fd44fe27ce', 'neutron:project_id': '', 'neutron:cidrs': '172.24.5.249/24', 'neutron:device_owner': 'network:router_gateway', 'neutron:subnet_pool_addr_scope4': '', 'neutron:subnet_pool_addr_scope6': '', 'neutron:network_name': 'neutron-2377fff7-468e-488b-8571-f4c2c5de8ecf', 'neutron:security_group_ids': '', 'neutron:revision_number': '4', 'neutron:vnic_type': 'normal', 'neutron:port_capabilities': '', 'neutron:mtu': ''}, 'parent_name': [], 'tag': [], 'options': {'requested-chassis': 'np0000173042', 'exclude-lb-vips-from-garp': 'true', 'nat-addresses': 'router', 'router-port': 'lrp-5257c587-87d7-4ea6-a972-a3ee07a8d018'}, 'enabled': True, 'port_security': [], 'dhcpv4_options': [], 'dhcpv6_options': [], 'type': 'router', 'ha_chassis_group': []}, if_exists=False) {{(pid=104110) do_commit /opt/stack/data/venv/lib/python3.12/site-packages/ovsdbapp/backend/ovs_idl/transaction.py:89}}
May 09 09:07:00.782757 np0000173042 devstack@neutron-api.service[104110]: DEBUG ovsdbapp.backend.ovs_idl.transaction [None req-14d0eb8d-a4e4-437e-8e79-aa1ca9631d85 None None] Running txn n=1 command(idx=2): PgDelPortCommand(_result=None, port_group=neutron_pg_drop, lsp=['5257c587-87d7-4ea6-a972-a3ee07a8d018'], if_exists=False) {{(pid=104110) do_commit /opt/stack/data/venv/lib/python3.12/site-packages/ovsdbapp/backend/ovs_idl/transaction.py:89}}
May 09 09:07:00.865876 np0000173042 devstack@neutron-api.service[104109]: DEBUG neutron.plugins.ml2.drivers.ovn.mech_driver.ovsdb.ovsdb_monitor [None req-9f42fdb6-7c3e-48a5-9de1-7d03fdfa245a None None] Touching Hash Ring node "16903c80b03a5633b149ab4f5c094f0e" from IDL notify handler {{(pid=104109) notify /opt/stack/neutron/neutron/plugins/ml2/drivers/ovn/mech_driver/ovsdb/ovsdb_monitor.py:934}}
May 09 09:07:00.867356 np0000173042 devstack@neutron-api.service[104108]: DEBUG neutron.plugins.ml2.drivers.ovn.mech_driver.ovsdb.ovsdb_monitor [None req-005ee386-dfe4-438d-8765-b822d9b7583d None None] Touching Hash Ring node "8e6dcfc28e175021abd7461db36d26ee" from IDL notify handler {{(pid=104108) notify /opt/stack/neutron/neutron/plugins/ml2/drivers/ovn/mech_driver/ovsdb/ovsdb_monitor.py:934}}
May 09 09:07:00.873235 np0000173042 devstack@neutron-api.service[104111]: DEBUG neutron.plugins.ml2.drivers.ovn.mech_driver.ovsdb.ovsdb_monitor [None req-0bbc2f6e-29c1-4b97-ab40-960924ab2833 None None] Touching Hash Ring node "c91f8c293c825645a449a54ffbf40e37" from IDL notify handler {{(pid=104111) notify /opt/stack/neutron/neutron/plugins/ml2/drivers/ovn/mech_driver/ovsdb/ovsdb_monitor.py:934}}
May 09 09:07:00.882668 np0000173042 devstack@neutron-api.service[104109]: DEBUG neutron.plugins.ml2.drivers.ovn.mech_driver.ovsdb.ovsdb_monitor [None req-b064c54f-821f-4bbf-8324-622eafc44272 None None] Touching Hash Ring node "16903c80b03a5633b149ab4f5c094f0e" from IDL notify handler {{(pid=104109) notify /opt/stack/neutron/neutron/plugins/ml2/drivers/ovn/mech_driver/ovsdb/ovsdb_monitor.py:934}}
May 09 09:07:00.887718 np0000173042 devstack@neutron-api.service[104109]: DEBUG neutron.plugins.ml2.drivers.ovn.mech_driver.ovsdb.ovsdb_monitor [None req-9f42fdb6-7c3e-48a5-9de1-7d03fdfa245a None None] Hash Ring: Node 16903c80b03a5633b149ab4f5c094f0e (host: np0000173042) handling event "update" for row 24ff39af-df2e-4bda-9c90-00a37c65085f (table: Logical_Switch_Port) {{(pid=104109) notify /opt/stack/neutron/neutron/plugins/ml2/drivers/ovn/mech_driver/ovsdb/ovsdb_monitor.py:942}}
May 09 09:07:00.891506 np0000173042 devstack@neutron-api.service[104109]: DEBUG neutron.plugins.ml2.drivers.ovn.mech_driver.ovsdb.ovsdb_monitor [None req-b064c54f-821f-4bbf-8324-622eafc44272 None None] Hash Ring: Node 16903c80b03a5633b149ab4f5c094f0e (host: np0000173042) handling event "update" for row d9f81382-7f7a-43d8-9234-70fbd6a31899 (table: Port_Binding) {{(pid=104109) notify /opt/stack/neutron/neutron/plugins/ml2/drivers/ovn/mech_driver/ovsdb/ovsdb_monitor.py:942}}
May 09 09:07:00.912805 np0000173042 devstack@neutron-api.service[104111]: DEBUG neutron.plugins.ml2.drivers.ovn.mech_driver.ovsdb.ovsdb_monitor [None req-0bbc2f6e-29c1-4b97-ab40-960924ab2833 None None] Hash Ring: Node c91f8c293c825645a449a54ffbf40e37 (host: np0000173042) handling event "update" for row 24ff39af-df2e-4bda-9c90-00a37c65085f (table: Logical_Switch_Port) {{(pid=104111) notify /opt/stack/neutron/neutron/plugins/ml2/drivers/ovn/mech_driver/ovsdb/ovsdb_monitor.py:942}}
May 09 09:07:01.016517 np0000173042 devstack@neutron-api.service[104109]: [pid: 104109|app: 0|req: 8/26] 199.204.45.250 () {64 vars in 1527 bytes} [Sat May 9 09:07:00 2026] GET /networking/v2.0/ports?device_owner=network%3Arouter_gateway&fields=id&fields=name&fields=mac_address&fields=fixed_ips&fields=status => generated 212 bytes in 103 msecs (HTTP/1.1 200) 4 headers in 157 bytes (1 switches on core 0)
May 09 09:07:01.023060 np0000173042 devstack@neutron-api.service[104108]: DEBUG neutron.plugins.ml2.drivers.ovn.mech_driver.ovsdb.ovsdb_monitor [None req-005ee386-dfe4-438d-8765-b822d9b7583d None None] Hash Ring: Node 8e6dcfc28e175021abd7461db36d26ee (host: np0000173042) handling event "update" for row d9f81382-7f7a-43d8-9234-70fbd6a31899 (table: Port_Binding) {{(pid=104108) notify /opt/stack/neutron/neutron/plugins/ml2/drivers/ovn/mech_driver/ovsdb/ovsdb_monitor.py:942}}
May 09 09:07:01.044467 np0000173042 devstack@neutron-api.service[104109]: DEBUG ovsdbapp.backend.ovs_idl.transaction [None req-9f42fdb6-7c3e-48a5-9de1-7d03fdfa245a None None] Running txn n=1 command(idx=0): CheckRevisionNumberCommand(_result=None, name=5257c587-87d7-4ea6-a972-a3ee07a8d018, resource={'id': '5257c587-87d7-4ea6-a972-a3ee07a8d018', 'name': '', 'network_id': '2377fff7-468e-488b-8571-f4c2c5de8ecf', 'project_id': '', 'mac_address': 'fa:16:3e:8c:15:d6', 'admin_state_up': True, 'status': 'DOWN', 'device_id': 'd73da606-3b3e-4775-8973-14fd44fe27ce', 'device_owner': 'network:router_gateway', 'standard_attr_id': 23, 'fixed_ips': [{'subnet_id': 'c6986b12-2740-4625-8ad8-ead97220d32d', 'ip_address': '172.24.5.249'}], 'allowed_address_pairs': [], 'extra_dhcp_opts': [], 'security_groups': [], 'description': '', 'binding:vnic_type': 'normal', 'binding:profile': {}, 'binding:host_id': 'np0000173042', 'binding:vif_type': 'unbound', 'binding:vif_details': {}, 'port_security_enabled': False, 'tags': [], 'created_at': '2026-05-09T09:06:58Z', 'updated_at': '2026-05-09T09:07:00Z', 'revision_number': 2, 'tenant_id': '', 'network': {'id': '2377fff7-468e-488b-8571-f4c2c5de8ecf', 'name': 'public', 'tenant_id': '16ad6d0f515f41b6a55fe97894c4f7ff', 'project_id': '16ad6d0f515f41b6a55fe97894c4f7ff', 'admin_state_up': True, 'mtu': 1430, 'status': 'ACTIVE', 'subnets': ['c6986b12-2740-4625-8ad8-ead97220d32d'], 'standard_attr_id': 18, 'shared': False, 'availability_zone_hints': [], 'availability_zones': [], 'ipv4_address_scope': None, 'ipv6_address_scope': None, 'router:external': True, 'qinq': False, 'vlan_transparent': False, 'description': '', 'port_security_enabled': True, 'is_default': True, 'tags': [], 'created_at': '2026-05-09T09:06:53Z', 'updated_at': '2026-05-09T09:06:57Z', 'revision_number': 2, 'provider:network_type': 'flat', 'provider:physical_network': 'public', 'provider:segmentation_id': None}}, resource_type=ports, if_exists=True) {{(pid=104109) do_commit /opt/stack/data/venv/lib/python3.12/site-packages/ovsdbapp/backend/ovs_idl/transaction.py:89}}
May 09 09:07:01.046234 np0000173042 devstack@neutron-api.service[104109]: ERROR ovsdbapp.backend.ovs_idl.transaction [None req-0004636e-c7a0-4a55-946a-1007fd90e48e None None]
Traceback (most recent call last):
May 09 09:07:01.046234 np0000173042 devstack@neutron-api.service[104109]: File "/opt/stack/data/venv/lib/python3.12/site-packages/ovsdbapp/backend/ovs_idl/connection.py", line 127, in run
May 09 09:07:01.046234 np0000173042 devstack@neutron-api.service[104109]: txn.results.put(txn.do_commit())
May 09 09:07:01.046234 np0000173042 devstack@neutron-api.service[104109]: ^^^^^^^^^^^^^^^
May 09 09:07:01.046234 np0000173042 devstack@neutron-api.service[104109]: File "/opt/stack/data/venv/lib/python3.12/site-packages/ovsdbapp/backend/ovs_idl/transaction.py", line 92, in do_commit
May 09 09:07:01.046234 np0000173042 devstack@neutron-api.service[104109]: command.run_idl(txn)
May 09 09:07:01.046234 np0000173042 devstack@neutron-api.service[104109]: File "/opt/stack/neutron/neutron/plugins/ml2/drivers/ovn/mech_driver/ovsdb/commands.py", line 1117, in run_idl
May 09 09:07:01.046234 np0000173042 devstack@neutron-api.service[104109]: raise ovn_exc.RevisionConflict(
May 09 09:07:01.046234 np0000173042 devstack@neutron-api.service[104109]: neutron.common.ovn.exceptions.RevisionConflict: OVN revision number for 5257c587-87d7-4ea6-a972-a3ee07a8d018 (type: ports) is higher than the given resource. Skipping update
May 09 09:07:01.046234 np0000173042 devstack@neutron-api.service[104109]:
May 09 09:07:01.046804 np0000173042 devstack@neutron-api.service[104109]: INFO neutron.plugins.ml2.drivers.ovn.mech_driver.ovsdb.impl_idl_ovn [None req-0004636e-c7a0-4a55-946a-1007fd90e48e None None] Transaction aborted. Reason: OVN revision number for 5257c587-87d7-4ea6-a972-a3ee07a8d018 (type: ports) is higher than the given resource. Skipping update
May 09 09:07:01.076966 np0000173042 devstack@neutron-api.service[104109]: DEBUG neutron.plugins.ml2.managers [None req-0004636e-c7a0-4a55-946a-1007fd90e48e None None] Attempting to bind port 5257c587-87d7-4ea6-a972-a3ee07a8d018 on host np0000173042 for vnic_type normal with profile {{(pid=104109) bind_port /opt/stack/neutron/neutron/plugins/ml2/managers.py:814}}
May 09 09:07:01.077127 np0000173042 devstack@neutron-api.service[104109]: DEBUG neutron.plugins.ml2.managers [None req-0004636e-c7a0-4a55-946a-1007fd90e48e None None] Attempting to bind port 5257c587-87d7-4ea6-a972-a3ee07a8d018 by drivers ovn on host np0000173042 at level 0 using segments [{'id': 'd8f7056a-ed6d-4c8d-aa26-61e9f0c43053', 'network_type': 'flat', 'physical_network': 'public', 'segmentation_id': None, 'network_id': '2377fff7-468e-488b-8571-f4c2c5de8ecf'}] {{(pid=104109) _bind_port_level /opt/stack/neutron/neutron/plugins/ml2/managers.py:839}}
May 09 09:07:01.078600 np0000173042 devstack@neutron-api.service[104109]: DEBUG neutron.plugins.ml2.drivers.ovn.mech_driver.mech_driver [None req-0004636e-c7a0-4a55-946a-1007fd90e48e None None] Attempting to bind port 5257c587-87d7-4ea6-a972-a3ee07a8d018 on host np0000173042 for network segment with type flat, segmentation ID None, physical network public {{(pid=104109) bind_port /opt/stack/neutron/neutron/plugins/ml2/drivers/ovn/mech_driver/mech_driver.py:1204}}
May 09 09:07:01.079251 np0000173042 devstack@neutron-api.service[104109]: DEBUG neutron.plugins.ml2.managers [None req-0004636e-c7a0-4a55-946a-1007fd90e48e None None] Bound port: 5257c587-87d7-4ea6-a972-a3ee07a8d018, host: np0000173042, vif_type: ovs, vif_details: {"port_filter": true, "connectivity": "l2", "ovs_create_tap": false, "bridge_name": "br-int", "datapath_type": "system"}, binding_levels: [{'bound_driver': 'ovn', 'bound_segment': {'id': 'd8f7056a-ed6d-4c8d-aa26-61e9f0c43053', 'network_type': 'flat', 'physical_network': 'public', 'segmentation_id': None, 'network_id': '2377fff7-468e-488b-8571-f4c2c5de8ecf'}}] {{(pid=104109) _bind_port_level /opt/stack/neutron/neutron/plugins/ml2/managers.py:950}}
May 09 09:07:01.079455 np0000173042 devstack@neutron-api.service[104109]: DEBUG neutron_lib.callbacks.manager [None req-0004636e-c7a0-4a55-946a-1007fd90e48e None None] Publish callbacks ['neutron.plugins.ml2.plugin.SecurityGroupDbMixin._ensure_default_security_group_handler-883953', 'neutron.services.ovn_l3.plugin.OVNL3RouterPlugin._port_update-7924478247036', 'neutron.db.l3_db.L3_NAT_dbonly_mixin._prevent_internal_ip_change_for_fip-7924479177018'] for port (5257c587-87d7-4ea6-a972-a3ee07a8d018), before_update {{(pid=104109) _notify_loop /opt/stack/data/venv/lib/python3.12/site-packages/neutron_lib/callbacks/manager.py:184}}
May 09 09:07:01.093780 np0000173042 devstack@neutron-api.service[104110]: INFO neutron.db.ovn_revision_numbers_db [None req-b817a04e-494d-4466-a604-16bb56fe5510 None None] Successfully bumped revision number for resource 5257c587-87d7-4ea6-a972-a3ee07a8d018 (type: ports) to 4
May 09 09:07:01.105249 np0000173042 devstack@neutron-api.service[104110]: DEBUG ovsdbapp.backend.ovs_idl.transaction [None req-14d0eb8d-a4e4-437e-8e79-aa1ca9631d85 None None] Running txn n=1 command(idx=0): DbSetCommand(_result=None, table=Logical_Switch_Port, record=5257c587-87d7-4ea6-a972-a3ee07a8d018, col_values=(('external_ids', {'neutron:host_id': 'np0000173042'}),), if_exists=True) {{(pid=104110) do_commit /opt/stack/data/venv/lib/python3.12/site-packages/ovsdbapp/backend/ovs_idl/transaction.py:89}}
May 09 09:07:01.111602 np0000173042 devstack@neutron-api.service[104111]: DEBUG neutron.plugins.ml2.drivers.ovn.mech_driver.ovsdb.ovsdb_monitor [None req-0bbc2f6e-29c1-4b97-ab40-960924ab2833 None None] Touching Hash Ring node "c91f8c293c825645a449a54ffbf40e37" from IDL notify handler {{(pid=104111) notify /opt/stack/neutron/neutron/plugins/ml2/drivers/ovn/mech_driver/ovsdb/ovsdb_monitor.py:934}}
May 09 09:07:01.114450 np0000173042 devstack@neutron-api.service[104111]: DEBUG neutron.plugins.ml2.drivers.ovn.mech_driver.ovsdb.ovsdb_monitor [None req-0bbc2f6e-29c1-4b97-ab40-960924ab2833 None None] Hash Ring: Node c91f8c293c825645a449a54ffbf40e37 (host: np0000173042) handling event "update" for row 24ff39af-df2e-4bda-9c90-00a37c65085f (table: Logical_Switch_Port) {{(pid=104111) notify /opt/stack/neutron/neutron/plugins/ml2/drivers/ovn/mech_driver/ovsdb/ovsdb_monitor.py:942}}
May 09 09:07:01.129507 np0000173042 devstack@neutron-api.service[104110]: DEBUG neutron.plugins.ml2.plugin [None req-b817a04e-494d-4466-a604-16bb56fe5510 None None] Current status of the port 5257c587-87d7-4ea6-a972-a3ee07a8d018 is: DOWN; New status is: ACTIVE {{(pid=104110) _update_individual_port_db_status /opt/stack/neutron/neutron/plugins/ml2/plugin.py:2466}}
May 09 09:07:01.129685 np0000173042 devstack@neutron-api.service[104110]: DEBUG neutron_lib.callbacks.manager [None req-b817a04e-494d-4466-a604-16bb56fe5510 None None] Publish callbacks ['neutron.plugins.ml2.plugin.SecurityGroupDbMixin._ensure_default_security_group_handler-1026169', 'neutron.services.ovn_l3.plugin.OVNL3RouterPlugin._port_update-7924477686584', 'neutron.db.l3_db.L3_NAT_dbonly_mixin._prevent_internal_ip_change_for_fip-7924479175894'] for port (5257c587-87d7-4ea6-a972-a3ee07a8d018), before_update {{(pid=104110) _notify_loop /opt/stack/data/venv/lib/python3.12/site-packages/neutron_lib/callbacks/manager.py:184}}
May 09 09:07:01.142079 np0000173042 devstack@neutron-api.service[104108]: DEBUG neutron.plugins.ml2.drivers.ovn.mech_driver.ovsdb.ovsdb_monitor [None req-005ee386-dfe4-438d-8765-b822d9b7583d None None] Touching Hash Ring node "8e6dcfc28e175021abd7461db36d26ee" from IDL notify handler {{(pid=104108) notify /opt/stack/neutron/neutron/plugins/ml2/drivers/ovn/mech_driver/ovsdb/ovsdb_monitor.py:934}}
May 09 09:07:01.144003 np0000173042 devstack@neutron-api.service[104109]: WARNING neutron.plugins.ml2.plugin [None req-0004636e-c7a0-4a55-946a-1007fd90e48e None None] Concurrent port binding operations failed on port 5257c587-87d7-4ea6-a972-a3ee07a8d018
May 09 09:07:01.146077 np0000173042 devstack@neutron-api.service[104110]: DEBUG neutron.plugins.ml2.db [None req-b817a04e-494d-4466-a604-16bb56fe5510 None None] For port 5257c587-87d7-4ea6-a972-a3ee07a8d018, host np0000173042, got binding levels [PortBindingLevel(driver='ovn',host='np0000173042',level=0,port_id=5257c587-87d7-4ea6-a972-a3ee07a8d018,segment=NetworkSegment(d8f7056a-ed6d-4c8d-aa26-61e9f0c43053),segment_id=d8f7056a-ed6d-4c8d-aa26-61e9f0c43053)] {{(pid=104110) get_binding_level_objs /opt/stack/neutron/neutron/plugins/ml2/db.py:74}}
May 09 09:07:01.146077 np0000173042 devstack@neutron-api.service[104110]: DEBUG neutron.plugins.ml2.drivers.ovn.mech_driver.mech_driver [None req-b817a04e-494d-4466-a604-16bb56fe5510 None None] No provisioning block for port 5257c587-87d7-4ea6-a972-a3ee07a8d018 since it is active {{(pid=104110) _is_port_provisioning_required /opt/stack/neutron/neutron/plugins/ml2/drivers/ovn/mech_driver/mech_driver.py:889}}
May 09 09:07:01.146299 np0000173042 devstack@neutron-api.service[104109]: DEBUG neutron.plugins.ml2.drivers.ovn.mech_driver.ovsdb.ovsdb_monitor [None req-9f42fdb6-7c3e-48a5-9de1-7d03fdfa245a None None] Touching Hash Ring node "16903c80b03a5633b149ab4f5c094f0e" from IDL notify handler {{(pid=104109) notify /opt/stack/neutron/neutron/plugins/ml2/drivers/ovn/mech_driver/ovsdb/ovsdb_monitor.py:934}}
May 09 09:07:01.146392 np0000173042 devstack@neutron-api.service[104108]: DEBUG neutron.plugins.ml2.drivers.ovn.mech_driver.ovsdb.ovsdb_monitor [None req-005ee386-dfe4-438d-8765-b822d9b7583d None None] Hash Ring: Node 8e6dcfc28e175021abd7461db36d26ee (host: np0000173042) handling event "update" for row d9f81382-7f7a-43d8-9234-70fbd6a31899 (table: Port_Binding) {{(pid=104108) notify /opt/stack/neutron/neutron/plugins/ml2/drivers/ovn/mech_driver/ovsdb/ovsdb_monitor.py:942}}
May 09 09:07:01.149206 np0000173042 devstack@neutron-api.service[104109]: DEBUG neutron.plugins.ml2.drivers.ovn.mech_driver.ovsdb.ovsdb_monitor [None req-b064c54f-821f-4bbf-8324-622eafc44272 None None] Touching Hash Ring node "16903c80b03a5633b149ab4f5c094f0e" from IDL notify handler {{(pid=104109) notify /opt/stack/neutron/neutron/plugins/ml2/drivers/ovn/mech_driver/ovsdb/ovsdb_monitor.py:934}}
May 09 09:07:01.152309 np0000173042 devstack@neutron-api.service[104109]: DEBUG neutron.plugins.ml2.db [None req-0004636e-c7a0-4a55-946a-1007fd90e48e None None] For port 5257c587-87d7-4ea6-a972-a3ee07a8d018, host np0000173042, got binding levels [PortBindingLevel(driver='ovn',host='np0000173042',level=0,port_id=5257c587-87d7-4ea6-a972-a3ee07a8d018,segment=NetworkSegment(d8f7056a-ed6d-4c8d-aa26-61e9f0c43053),segment_id=d8f7056a-ed6d-4c8d-aa26-61e9f0c43053)] {{(pid=104109) get_binding_level_objs /opt/stack/neutron/neutron/plugins/ml2/db.py:74}}
May 09 09:07:01.155595 np0000173042 devstack@neutron-api.service[104109]: INFO neutron.plugins.ml2.plugin [None req-0004636e-c7a0-4a55-946a-1007fd90e48e None None] Attempt 2 to bind port 5257c587-87d7-4ea6-a972-a3ee07a8d018
May 09 09:07:01.156961 np0000173042 devstack@neutron-api.service[104109]: DEBUG neutron.plugins.ml2.drivers.ovn.mech_driver.ovsdb.ovsdb_monitor [None req-b064c54f-821f-4bbf-8324-622eafc44272 None None] Hash Ring: Node 16903c80b03a5633b149ab4f5c094f0e (host: np0000173042) handling event "update" for row d9f81382-7f7a-43d8-9234-70fbd6a31899 (table: Port_Binding) {{(pid=104109) notify /opt/stack/neutron/neutron/plugins/ml2/drivers/ovn/mech_driver/ovsdb/ovsdb_monitor.py:942}}
May 09 09:07:01.162179 np0000173042 devstack@neutron-api.service[104109]: DEBUG neutron.plugins.ml2.drivers.ovn.mech_driver.ovsdb.ovsdb_monitor [None req-9f42fdb6-7c3e-48a5-9de1-7d03fdfa245a None None] Hash Ring: Node 16903c80b03a5633b149ab4f5c094f0e (host: np0000173042) handling event "update" for row 24ff39af-df2e-4bda-9c90-00a37c65085f (table: Logical_Switch_Port) {{(pid=104109) notify /opt/stack/neutron/neutron/plugins/ml2/drivers/ovn/mech_driver/ovsdb/ovsdb_monitor.py:942}}
May 09 09:07:01.162947 np0000173042 devstack@neutron-api.service[104109]: DEBUG ovsdbapp.backend.ovs_idl.transaction [None req-9f42fdb6-7c3e-48a5-9de1-7d03fdfa245a None None] Running txn n=1 command(idx=0): DbSetCommand(_result=None, table=Logical_Switch_Port, record=5257c587-87d7-4ea6-a972-a3ee07a8d018, col_values=(('external_ids', {'neutron:host_id': 'np0000173042'}),), if_exists=True) {{(pid=104109) do_commit /opt/stack/data/venv/lib/python3.12/site-packages/ovsdbapp/backend/ovs_idl/transaction.py:89}}
May 09 09:07:01.163426 np0000173042 devstack@neutron-api.service[104109]: DEBUG ovsdbapp.backend.ovs_idl.transaction [None req-9f42fdb6-7c3e-48a5-9de1-7d03fdfa245a None None] Transaction caused no change {{(pid=104109) do_commit /opt/stack/data/venv/lib/python3.12/site-packages/ovsdbapp/backend/ovs_idl/transaction.py:129}}
May 09 09:07:01.184038 np0000173042 devstack@neutron-api.service[104109]: DEBUG neutron.plugins.ml2.plugin [None req-0004636e-c7a0-4a55-946a-1007fd90e48e None None] Current status of the port 5257c587-87d7-4ea6-a972-a3ee07a8d018 is: DOWN; New status is: ACTIVE {{(pid=104109) _update_individual_port_db_status /opt/stack/neutron/neutron/plugins/ml2/plugin.py:2466}}
May 09 09:07:01.184158 np0000173042 devstack@neutron-api.service[104109]: DEBUG neutron_lib.callbacks.manager [None req-0004636e-c7a0-4a55-946a-1007fd90e48e None None] Publish callbacks ['neutron.plugins.ml2.plugin.SecurityGroupDbMixin._ensure_default_security_group_handler-883953', 'neutron.services.ovn_l3.plugin.OVNL3RouterPlugin._port_update-7924478247036', 'neutron.db.l3_db.L3_NAT_dbonly_mixin._prevent_internal_ip_change_for_fip-7924479177018'] for port (5257c587-87d7-4ea6-a972-a3ee07a8d018), before_update {{(pid=104109) _notify_loop /opt/stack/data/venv/lib/python3.12/site-packages/neutron_lib/callbacks/manager.py:184}}
May 09 09:07:01.326028 np0000173042 devstack@neutron-api.service[104109]: DEBUG neutron_lib.db.api [None req-0004636e-c7a0-4a55-946a-1007fd90e48e None None] Retry wrapper got retriable exception: UPDATE statement on table 'standardattributes' expected to update 1 row(s); 0 were matched. {{(pid=104109) wrapped /opt/stack/data/venv/lib/python3.12/site-packages/neutron_lib/db/api.py:185}}
May 09 09:07:01.326209 np0000173042 devstack@neutron-api.service[104109]: DEBUG oslo_db.api [None req-0004636e-c7a0-4a55-946a-1007fd90e48e None None] Performing DB retry for function neutron.plugins.ml2.plugin.Ml2Plugin.update_port_statuses {{(pid=104109) wrapper /opt/stack/data/venv/lib/python3.12/site-packages/oslo_db/api.py:155}}
May 09 09:07:01.327893 np0000173042 devstack@neutron-api.service[104108]: DEBUG neutron.pecan_wsgi.hooks.policy_enforcement [None req-dd5d7e65-ffa0-48c4-a132-826f55407742 admin admin] Attributes excluded by policy engine: ['standard_attr_id', 'shared'] {{(pid=104108) _exclude_attributes_by_policy /opt/stack/neutron/neutron/pecan_wsgi/hooks/policy_enforcement.py:256}}
May 09 09:07:01.328682 np0000173042 devstack@neutron-api.service[104108]: [pid: 104108|app: 0|req: 7/27] 199.204.45.250 () {64 vars in 1412 bytes} [Sat May 9 09:07:01 2026] GET /networking/v2.0/subnets/c50f366e-6bfb-4ec0-b501-a91f373880c8 => generated 726 bytes in 30 msecs (HTTP/1.1 200) 4 headers in 157 bytes (1 switches on core 0)
