Aug 11 14:20:42.342433 np0000188597 devstack@n-api.service[98977]: DEBUG nova.api.openstack.wsgi [None req-e25a9e76-2d87-4b96-89eb-da44483eeea2 admin admin] Calling method '>' {{(pid=98977) _process_stack /opt/stack/nova/nova/api/openstack/wsgi.py:551}}
Aug 11 14:20:42.347938 np0000188597 devstack@n-api.service[98977]: INFO nova.api.openstack.requestlog [None req-e25a9e76-2d87-4b96-89eb-da44483eeea2 admin admin] 199.204.45.35 "GET /compute/v2.1" status: 200 len: 392 microversion: 2.1 time: 0.005921
Aug 11 14:20:42.348614 np0000188597 devstack@n-api.service[98977]: [pid: 98977|app: 0|req: 15/61] 199.204.45.35 () {62 vars in 1056 bytes} [Tue Aug 11 14:20:42 2026] GET /compute/v2.1 => generated 392 bytes in 7 msecs (HTTP/1.1 200) 9 headers in 357 bytes (1 switches on core 0)
Aug 11 14:20:42.380623 np0000188597 devstack@n-api.service[98978]: DEBUG nova.api.openstack.wsgi [None req-a2030f8b-377d-471c-b099-984cc06973da admin admin] Calling method '>' {{(pid=98978) _process_stack /opt/stack/nova/nova/api/openstack/wsgi.py:551}}
Aug 11 14:20:42.386343 np0000188597 devstack@n-api.service[98978]: INFO nova.api.openstack.requestlog [None req-a2030f8b-377d-471c-b099-984cc06973da admin admin] 199.204.45.35 "GET /compute/v2.1/" status: 200 len: 392 microversion: 2.1 time: 0.006336
Aug 11 14:20:42.386892 np0000188597 devstack@n-api.service[98978]: [pid: 98978|app: 0|req: 16/62] 199.204.45.35 () {62 vars in 1059 bytes} [Tue Aug 11 14:20:42 2026] GET /compute/v2.1/ => generated 392 bytes in 7 msecs (HTTP/1.1 200) 9 headers in 357 bytes (1 switches on core 0)
Aug 11 14:20:42.435692 np0000188597 devstack@n-api.service[98979]: DEBUG nova.api.openstack.wsgi [None req-79c8a3ea-01b9-46f9-9d74-60b8a515f3ea demo demo] Calling method '>' {{(pid=98979) _process_stack /opt/stack/nova/nova/api/openstack/wsgi.py:551}}
Aug 11 14:20:42.462718 np0000188597 devstack@n-api.service[98979]: INFO nova.api.openstack.requestlog [None req-79c8a3ea-01b9-46f9-9d74-60b8a515f3ea demo demo] 199.204.45.35 "GET /compute/v2.1/flavors/detail?is_public=None" status: 200 len: 5240 microversion: 2.61 time: 0.031140
Aug 11 14:20:42.462981 np0000188597 devstack@n-api.service[98979]: [pid: 98979|app: 0|req: 17/63] 199.204.45.35 () {68 vars in 1417 bytes} [Tue Aug 11 14:20:42 2026] GET /compute/v2.1/flavors/detail?is_public=None => generated 5240 bytes in 33 msecs (HTTP/1.1 200) 9 headers in 360 bytes (1 switches on core 0)
Aug 11 14:20:42.516141 np0000188597 devstack@n-api.service[98976]: DEBUG nova.api.openstack.wsgi [None req-92e506e9-27a5-402d-82f2-8bdf39f65fd9 demo demo] Calling method '>' {{(pid=98976) _process_stack /opt/stack/nova/nova/api/openstack/wsgi.py:551}}
Aug 11 14:20:42.546099 np0000188597 devstack@n-api.service[98976]: INFO nova.api.openstack.requestlog [None req-92e506e9-27a5-402d-82f2-8bdf39f65fd9 demo demo] 199.204.45.35 "GET /compute/v2.1/flavors/detail?is_public=None" status: 200 len: 5240 microversion: 2.61 time: 0.033380
Aug 11 14:20:42.546413 np0000188597 devstack@n-api.service[98976]: [pid: 98976|app: 0|req: 16/64] 199.204.45.35 () {68 vars in 1417 bytes} [Tue Aug 11 14:20:42 2026] GET /compute/v2.1/flavors/detail?is_public=None => generated 5240 bytes in 34 msecs (HTTP/1.1 200) 9 headers in 360 bytes (1 switches on core 0)
Aug 11 14:20:42.835273 np0000188597 devstack@n-api.service[98977]: DEBUG nova.api.openstack.wsgi [None req-e25a9e76-2d87-4b96-89eb-da44483eeea2 admin admin] Calling method '>' {{(pid=98977) _process_stack /opt/stack/nova/nova/api/openstack/wsgi.py:551}}
Aug 11 14:20:42.840020 np0000188597 devstack@n-api.service[98977]: INFO nova.api.openstack.requestlog [None req-e25a9e76-2d87-4b96-89eb-da44483eeea2 admin admin] 199.204.45.35 "GET /compute/v2.1" status: 200 len: 392 microversion: 2.1 time: 0.005292
Aug 11 14:20:42.840258 np0000188597 devstack@n-api.service[98977]: [pid: 98977|app: 0|req: 16/65] 199.204.45.35 () {62 vars in 1056 bytes} [Tue Aug 11 14:20:42 2026] GET /compute/v2.1 => generated 392 bytes in 6 msecs (HTTP/1.1 200) 9 headers in 357 bytes (1 switches on core 0)
Aug 11 14:20:42.873271 np0000188597 devstack@n-api.service[98978]: DEBUG nova.api.openstack.wsgi [None req-a2030f8b-377d-471c-b099-984cc06973da admin admin] Calling method '>' {{(pid=98978) _process_stack /opt/stack/nova/nova/api/openstack/wsgi.py:551}}
Aug 11 14:20:42.878946 np0000188597 devstack@n-api.service[98978]: INFO nova.api.openstack.requestlog [None req-a2030f8b-377d-471c-b099-984cc06973da admin admin] 199.204.45.35 "GET /compute/v2.1/" status: 200 len: 392 microversion: 2.1 time: 0.005813
Aug 11 14:20:42.879317 np0000188597 devstack@n-api.service[98978]: [pid: 98978|app: 0|req: 17/66] 199.204.45.35 () {62 vars in 1059 bytes} [Tue Aug 11 14:20:42 2026] GET /compute/v2.1/ => generated 392 bytes in 7 msecs (HTTP/1.1 200) 9 headers in 357 bytes (1 switches on core 0)
Aug 11 14:20:42.912716 np0000188597 devstack@n-api.service[98979]: DEBUG nova.api.openstack.wsgi [None req-fcb2cbc3-648a-4907-9774-b4d91396559f demo demo] Calling method '>' {{(pid=98979) _process_stack /opt/stack/nova/nova/api/openstack/wsgi.py:551}}
Aug 11 14:20:42.933798 np0000188597 devstack@n-api.service[98979]: INFO nova.api.openstack.requestlog [None req-fcb2cbc3-648a-4907-9774-b4d91396559f demo demo] 199.204.45.35 "GET /compute/v2.1/flavors/detail?is_public=None" status: 200 len: 5240 microversion: 2.61 time: 0.023855
Aug 11 14:20:42.934081 np0000188597 devstack@n-api.service[98979]: [pid: 98979|app: 0|req: 18/67] 199.204.45.35 () {68 vars in 1417 bytes} [Tue Aug 11 14:20:42 2026] GET /compute/v2.1/flavors/detail?is_public=None => generated 5240 bytes in 25 msecs (HTTP/1.1 200) 9 headers in 360 bytes (1 switches on core 0)
Aug 11 14:20:42.986527 np0000188597 devstack@n-api.service[98976]: DEBUG nova.api.openstack.wsgi [None req-0bc59754-4d47-41fa-8ed0-ca0688dc9b18 demo demo] Calling method '>' {{(pid=98976) _process_stack /opt/stack/nova/nova/api/openstack/wsgi.py:551}}
Aug 11 14:20:43.008849 np0000188597 devstack@n-api.service[98976]: INFO nova.api.openstack.requestlog [None req-0bc59754-4d47-41fa-8ed0-ca0688dc9b18 demo demo] 199.204.45.35 "GET /compute/v2.1/flavors/detail?is_public=None" status: 200 len: 5240 microversion: 2.61 time: 0.025749
Aug 11 14:20:43.009120 np0000188597 devstack@n-api.service[98976]: [pid: 98976|app: 0|req: 17/68] 199.204.45.35 () {68 vars in 1417 bytes} [Tue Aug 11 14:20:42 2026] GET /compute/v2.1/flavors/detail?is_public=None => generated 5240 bytes in 26 msecs (HTTP/1.1 200) 9 headers in 360 bytes (1 switches on core 0)
Aug 11 14:20:47.058582 np0000188597 devstack@n-api.service[98977]: DEBUG nova.api.openstack.wsgi [None req-e25a9e76-2d87-4b96-89eb-da44483eeea2 admin admin] Calling method '>' {{(pid=98977) _process_stack /opt/stack/nova/nova/api/openstack/wsgi.py:551}}
Aug 11 14:20:47.064718 np0000188597 devstack@n-api.service[98977]: INFO nova.api.openstack.requestlog [None req-e25a9e76-2d87-4b96-89eb-da44483eeea2 admin admin] 199.204.45.35 "GET /compute/v2.1" status: 200 len: 392 microversion: 2.1 time: 0.006418
Aug 11 14:20:47.065269 np0000188597 devstack@n-api.service[98977]: [pid: 98977|app: 0|req: 17/69] 199.204.45.35 () {62 vars in 1056 bytes} [Tue Aug 11 14:20:47 2026] GET /compute/v2.1 => generated 392 bytes in 7 msecs (HTTP/1.1 200) 9 headers in 357 bytes (1 switches on core 0)
Aug 11 14:20:47.112946 np0000188597 devstack@n-api.service[98978]: DEBUG nova.api.openstack.wsgi [None req-a2030f8b-377d-471c-b099-984cc06973da admin admin] Calling method '>' {{(pid=98978) _process_stack /opt/stack/nova/nova/api/openstack/wsgi.py:551}}
Aug 11 14:20:47.118732 np0000188597 devstack@n-api.service[98978]: INFO nova.api.openstack.requestlog [None req-a2030f8b-377d-471c-b099-984cc06973da admin admin] 199.204.45.35 "GET /compute/v2.1/" status: 200 len: 392 microversion: 2.1 time: 0.006012
Aug 11 14:20:47.119323 np0000188597 devstack@n-api.service[98978]: [pid: 98978|app: 0|req: 18/70] 199.204.45.35 () {62 vars in 1059 bytes} [Tue Aug 11 14:20:47 2026] GET /compute/v2.1/ => generated 392 bytes in 7 msecs (HTTP/1.1 200) 9 headers in 357 bytes (1 switches on core 0)
Aug 11 14:20:47.157492 np0000188597 devstack@n-api.service[98979]: DEBUG nova.api.openstack.wsgi [None req-55f590dd-ca0a-4689-8d6e-772adb6c7af7 demo demo] Calling method '>' {{(pid=98979) _process_stack /opt/stack/nova/nova/api/openstack/wsgi.py:551}}
Aug 11 14:20:47.180834 np0000188597 devstack@n-api.service[98979]: INFO nova.api.openstack.requestlog [None req-55f590dd-ca0a-4689-8d6e-772adb6c7af7 demo demo] 199.204.45.35 "GET /compute/v2.1/flavors/detail?is_public=None" status: 200 len: 5240 microversion: 2.61 time: 0.025676
Aug 11 14:20:47.181100 np0000188597 devstack@n-api.service[98979]: [pid: 98979|app: 0|req: 19/71] 199.204.45.35 () {68 vars in 1417 bytes} [Tue Aug 11 14:20:47 2026] GET /compute/v2.1/flavors/detail?is_public=None => generated 5240 bytes in 26 msecs (HTTP/1.1 200) 9 headers in 360 bytes (1 switches on core 0)
Aug 11 14:20:47.234244 np0000188597 devstack@n-api.service[98976]: DEBUG nova.api.openstack.wsgi [None req-374e7a30-8424-43d5-983b-9f3801cc7351 demo demo] Calling method '>' {{(pid=98976) _process_stack /opt/stack/nova/nova/api/openstack/wsgi.py:551}}
Aug 11 14:20:47.254991 np0000188597 devstack@n-api.service[98976]: INFO nova.api.openstack.requestlog [None req-374e7a30-8424-43d5-983b-9f3801cc7351 demo demo] 199.204.45.35 "GET /compute/v2.1/flavors/detail?is_public=None" status: 200 len: 5240 microversion: 2.61 time: 0.023999
Aug 11 14:20:47.255242 np0000188597 devstack@n-api.service[98976]: [pid: 98976|app: 0|req: 18/72] 199.204.45.35 () {68 vars in 1417 bytes} [Tue Aug 11 14:20:47 2026] GET /compute/v2.1/flavors/detail?is_public=None => generated 5240 bytes in 25 msecs (HTTP/1.1 200) 9 headers in 360 bytes (1 switches on core 0)
Aug 11 14:20:47.392207 np0000188597 devstack@n-api.service[98977]: DEBUG nova.api.openstack.wsgi [None req-e25a9e76-2d87-4b96-89eb-da44483eeea2 admin admin] Calling method '>' {{(pid=98977) _process_stack /opt/stack/nova/nova/api/openstack/wsgi.py:551}}
Aug 11 14:20:47.397504 np0000188597 devstack@n-api.service[98977]: INFO nova.api.openstack.requestlog [None req-e25a9e76-2d87-4b96-89eb-da44483eeea2 admin admin] 199.204.45.35 "GET /compute/v2.1" status: 200 len: 392 microversion: 2.1 time: 0.005725
Aug 11 14:20:47.397899 np0000188597 devstack@n-api.service[98977]: [pid: 98977|app: 0|req: 18/73] 199.204.45.35 () {62 vars in 1056 bytes} [Tue Aug 11 14:20:47 2026] GET /compute/v2.1 => generated 392 bytes in 6 msecs (HTTP/1.1 200) 9 headers in 357 bytes (1 switches on core 0)
Aug 11 14:20:47.434897 np0000188597 devstack@n-api.service[98978]: DEBUG nova.api.openstack.wsgi [None req-a2030f8b-377d-471c-b099-984cc06973da admin admin] Calling method '>' {{(pid=98978) _process_stack /opt/stack/nova/nova/api/openstack/wsgi.py:551}}
Aug 11 14:20:47.440027 np0000188597 devstack@n-api.service[98978]: INFO nova.api.openstack.requestlog [None req-a2030f8b-377d-471c-b099-984cc06973da admin admin] 199.204.45.35 "GET /compute/v2.1/" status: 200 len: 392 microversion: 2.1 time: 0.005628
Aug 11 14:20:47.440295 np0000188597 devstack@n-api.service[98978]: [pid: 98978|app: 0|req: 19/74] 199.204.45.35 () {62 vars in 1059 bytes} [Tue Aug 11 14:20:47 2026] GET /compute/v2.1/ => generated 392 bytes in 6 msecs (HTTP/1.1 200) 9 headers in 357 bytes (1 switches on core 0)
Aug 11 14:20:47.481654 np0000188597 devstack@n-api.service[98979]: DEBUG nova.api.openstack.wsgi [None req-2078f3a2-c0b3-4953-824a-7232529efe7e demo demo] Calling method '>' {{(pid=98979) _process_stack /opt/stack/nova/nova/api/openstack/wsgi.py:551}}
Aug 11 14:20:47.505449 np0000188597 devstack@n-api.service[98979]: INFO nova.api.openstack.requestlog [None req-2078f3a2-c0b3-4953-824a-7232529efe7e demo demo] 199.204.45.35 "GET /compute/v2.1/flavors/detail?is_public=None" status: 200 len: 5240 microversion: 2.61 time: 0.027884
Aug 11 14:20:47.505749 np0000188597 devstack@n-api.service[98979]: [pid: 98979|app: 0|req: 20/75] 199.204.45.35 () {68 vars in 1417 bytes} [Tue Aug 11 14:20:47 2026] GET /compute/v2.1/flavors/detail?is_public=None => generated 5240 bytes in 29 msecs (HTTP/1.1 200) 9 headers in 360 bytes (1 switches on core 0)
Aug 11 14:20:47.559714 np0000188597 devstack@n-api.service[98976]: DEBUG nova.api.openstack.wsgi [None req-50d324af-b292-4d23-b19b-9e8463a8d64d demo demo] Calling method '>' {{(pid=98976) _process_stack /opt/stack/nova/nova/api/openstack/wsgi.py:551}}
Aug 11 14:20:47.581253 np0000188597 devstack@n-api.service[98976]: INFO nova.api.openstack.requestlog [None req-50d324af-b292-4d23-b19b-9e8463a8d64d demo demo] 199.204.45.35 "GET /compute/v2.1/flavors/detail?is_public=None" status: 200 len: 5240 microversion: 2.61 time: 0.025059
Aug 11 14:20:47.581515 np0000188597 devstack@n-api.service[98976]: [pid: 98976|app: 0|req: 19/76] 199.204.45.35 () {68 vars in 1417 bytes} [Tue Aug 11 14:20:47 2026] GET /compute/v2.1/flavors/detail?is_public=None => generated 5240 bytes in 26 msecs (HTTP/1.1 200) 9 headers in 360 bytes (1 switches on core 0)
Aug 11 14:20:51.281889 np0000188597 devstack@n-api.service[98977]: DEBUG nova.api.openstack.wsgi [None req-e25a9e76-2d87-4b96-89eb-da44483eeea2 admin admin] Calling method '>' {{(pid=98977) _process_stack /opt/stack/nova/nova/api/openstack/wsgi.py:551}}
Aug 11 14:20:51.286959 np0000188597 devstack@n-api.service[98977]: INFO nova.api.openstack.requestlog [None req-e25a9e76-2d87-4b96-89eb-da44483eeea2 admin admin] 199.204.45.35 "GET /compute/v2.1" status: 200 len: 392 microversion: 2.1 time: 0.005654
Aug 11 14:20:51.287263 np0000188597 devstack@n-api.service[98977]: [pid: 98977|app: 0|req: 19/77] 199.204.45.35 () {62 vars in 1067 bytes} [Tue Aug 11 14:20:51 2026] GET /compute/v2.1 => generated 392 bytes in 6 msecs (HTTP/1.1 200) 9 headers in 357 bytes (1 switches on core 0)
Aug 11 14:20:51.322246 np0000188597 devstack@n-api.service[98978]: DEBUG nova.api.openstack.wsgi [None req-a2030f8b-377d-471c-b099-984cc06973da admin admin] Calling method '>' {{(pid=98978) _process_stack /opt/stack/nova/nova/api/openstack/wsgi.py:551}}
Aug 11 14:20:51.325875 np0000188597 devstack@n-api.service[98978]: INFO nova.api.openstack.requestlog [None req-a2030f8b-377d-471c-b099-984cc06973da admin admin] 199.204.45.35 "GET /compute/v2.1/" status: 200 len: 392 microversion: 2.1 time: 0.003904
Aug 11 14:20:51.326119 np0000188597 devstack@n-api.service[98978]: [pid: 98978|app: 0|req: 20/78] 199.204.45.35 () {62 vars in 1070 bytes} [Tue Aug 11 14:20:51 2026] GET /compute/v2.1/ => generated 392 bytes in 4 msecs (HTTP/1.1 200) 9 headers in 357 bytes (1 switches on core 0)
Aug 11 14:20:51.363220 np0000188597 devstack@n-api.service[98979]: DEBUG nova.api.openstack.wsgi [None req-2aca6896-e81c-4342-abe0-69337715b693 demo demo] Calling method '>' {{(pid=98979) _process_stack /opt/stack/nova/nova/api/openstack/wsgi.py:551}}
Aug 11 14:20:51.386289 np0000188597 devstack@n-api.service[98979]: INFO nova.api.openstack.requestlog [None req-2aca6896-e81c-4342-abe0-69337715b693 demo demo] 199.204.45.35 "GET /compute/v2.1/os-server-groups" status: 200 len: 21 microversion: 2.64 time: 0.026515
Aug 11 14:20:51.386851 np0000188597 devstack@n-api.service[98979]: [pid: 98979|app: 0|req: 21/79] 199.204.45.35 () {68 vars in 1405 bytes} [Tue Aug 11 14:20:51 2026] GET /compute/v2.1/os-server-groups => generated 21 bytes in 27 msecs (HTTP/1.1 200) 9 headers in 358 bytes (1 switches on core 0)
Aug 11 14:20:51.427092 np0000188597 devstack@n-api.service[98976]: DEBUG nova.api.openstack.wsgi [None req-50d324af-b292-4d23-b19b-9e8463a8d64d demo demo] Calling method '>' {{(pid=98976) _process_stack /opt/stack/nova/nova/api/openstack/wsgi.py:551}}
Aug 11 14:20:51.430603 np0000188597 devstack@n-api.service[98976]: INFO nova.api.openstack.requestlog [None req-50d324af-b292-4d23-b19b-9e8463a8d64d demo demo] 199.204.45.35 "GET /compute/v2.1" status: 200 len: 392 microversion: 2.1 time: 0.003942
Aug 11 14:20:51.430843 np0000188597 devstack@n-api.service[98976]: [pid: 98976|app: 0|req: 20/80] 199.204.45.35 () {62 vars in 1067 bytes} [Tue Aug 11 14:20:51 2026] GET /compute/v2.1 => generated 392 bytes in 4 msecs (HTTP/1.1 200) 9 headers in 357 bytes (1 switches on core 0)
Aug 11 14:20:51.474764 np0000188597 devstack@n-api.service[98977]: DEBUG nova.api.openstack.wsgi [None req-e25a9e76-2d87-4b96-89eb-da44483eeea2 admin admin] Calling method '>' {{(pid=98977) _process_stack /opt/stack/nova/nova/api/openstack/wsgi.py:551}}
Aug 11 14:20:51.480129 np0000188597 devstack@n-api.service[98977]: INFO nova.api.openstack.requestlog [None req-e25a9e76-2d87-4b96-89eb-da44483eeea2 admin admin] 199.204.45.35 "GET /compute/v2.1/" status: 200 len: 392 microversion: 2.1 time: 0.005519
Aug 11 14:20:51.480416 np0000188597 devstack@n-api.service[98977]: [pid: 98977|app: 0|req: 20/81] 199.204.45.35 () {62 vars in 1070 bytes} [Tue Aug 11 14:20:51 2026] GET /compute/v2.1/ => generated 392 bytes in 6 msecs (HTTP/1.1 200) 9 headers in 357 bytes (1 switches on core 0)
Aug 11 14:20:51.520884 np0000188597 devstack@n-api.service[98978]: DEBUG nova.api.openstack.wsgi [None req-852ab05c-b820-438a-ba43-447da51a083c demo demo] Action: 'create', calling method: >, body: {"server_group": {"name": "kube-m0k94", "policy": "soft-anti-affinity"}} {{(pid=98978) _process_stack /opt/stack/nova/nova/api/openstack/wsgi.py:549}}
Aug 11 14:20:51.548701 np0000188597 devstack@n-api.service[98978]: DEBUG nova.quota [None req-852ab05c-b820-438a-ba43-447da51a083c demo demo] Getting quotas for project 8e26037521f34f329d6333b0d226f94c. Resources: {'server_groups'} {{(pid=98978) _get_quotas /opt/stack/nova/nova/quota.py:389}}
Aug 11 14:20:51.553474 np0000188597 devstack@n-api.service[98978]: DEBUG nova.quota [None req-852ab05c-b820-438a-ba43-447da51a083c demo demo] Getting quotas for user 6cc001a4ff4948cf86c43b397200dfa9 and project 8e26037521f34f329d6333b0d226f94c. Resources: {'server_groups'} {{(pid=98978) _get_quotas /opt/stack/nova/nova/quota.py:379}}
Aug 11 14:20:51.617469 np0000188597 devstack@n-api.service[98978]: DEBUG nova.quota [None req-852ab05c-b820-438a-ba43-447da51a083c demo demo] Getting quotas for project 8e26037521f34f329d6333b0d226f94c. Resources: {'server_groups'} {{(pid=98978) _get_quotas /opt/stack/nova/nova/quota.py:389}}
Aug 11 14:20:51.620253 np0000188597 devstack@n-api.service[98978]: DEBUG nova.quota [None req-852ab05c-b820-438a-ba43-447da51a083c demo demo] Getting quotas for user 6cc001a4ff4948cf86c43b397200dfa9 and project 8e26037521f34f329d6333b0d226f94c. Resources: {'server_groups'} {{(pid=98978) _get_quotas /opt/stack/nova/nova/quota.py:379}}
Aug 11 14:20:51.630171 np0000188597 devstack@n-api.service[98978]: INFO nova.api.openstack.requestlog [None req-852ab05c-b820-438a-ba43-447da51a083c demo demo] 199.204.45.35 "POST /compute/v2.1/os-server-groups" status: 200 len: 243 microversion: 2.64 time: 0.113150
Aug 11 14:20:51.630519 np0000188597 devstack@n-api.service[98978]: [pid: 98978|app: 0|req: 21/82] 199.204.45.35 () {72 vars in 1445 bytes} [Tue Aug 11 14:20:51 2026] POST /compute/v2.1/os-server-groups => generated 243 bytes in 114 msecs (HTTP/1.1 200) 9 headers in 359 bytes (1 switches on core 0)
Aug 11 14:20:51.677368 np0000188597 devstack@n-api.service[98979]: DEBUG nova.api.openstack.wsgi [None req-2aca6896-e81c-4342-abe0-69337715b693 demo demo] Calling method '>' {{(pid=98979) _process_stack /opt/stack/nova/nova/api/openstack/wsgi.py:551}}
Aug 11 14:20:51.682812 np0000188597 devstack@n-api.service[98979]: INFO nova.api.openstack.requestlog [None req-2aca6896-e81c-4342-abe0-69337715b693 demo demo] 199.204.45.35 "GET /compute/v2.1" status: 200 len: 392 microversion: 2.1 time: 0.005818
Aug 11 14:20:51.683054 np0000188597 devstack@n-api.service[98979]: [pid: 98979|app: 0|req: 22/83] 199.204.45.35 () {62 vars in 1067 bytes} [Tue Aug 11 14:20:51 2026] GET /compute/v2.1 => generated 392 bytes in 6 msecs (HTTP/1.1 200) 9 headers in 357 bytes (1 switches on core 0)
Aug 11 14:20:51.720992 np0000188597 devstack@n-api.service[98976]: DEBUG nova.api.openstack.wsgi [None req-50d324af-b292-4d23-b19b-9e8463a8d64d demo demo] Calling method '>' {{(pid=98976) _process_stack /opt/stack/nova/nova/api/openstack/wsgi.py:551}}
Aug 11 14:20:51.725862 np0000188597 devstack@n-api.service[98976]: INFO nova.api.openstack.requestlog [None req-50d324af-b292-4d23-b19b-9e8463a8d64d demo demo] 199.204.45.35 "GET /compute/v2.1/" status: 200 len: 392 microversion: 2.1 time: 0.005594
Aug 11 14:20:51.726210 np0000188597 devstack@n-api.service[98976]: [pid: 98976|app: 0|req: 21/84] 199.204.45.35 () {62 vars in 1070 bytes} [Tue Aug 11 14:20:51 2026] GET /compute/v2.1/ => generated 392 bytes in 7 msecs (HTTP/1.1 200) 9 headers in 357 bytes (1 switches on core 0)
Aug 11 14:20:51.763890 np0000188597 devstack@n-api.service[98977]: DEBUG nova.api.openstack.wsgi [None req-38ff9206-da3d-49f3-ba6c-3018028b6526 demo demo] Calling method '>' {{(pid=98977) _process_stack /opt/stack/nova/nova/api/openstack/wsgi.py:551}}
Aug 11 14:20:51.786896 np0000188597 devstack@n-api.service[98977]: INFO nova.api.openstack.requestlog [None req-38ff9206-da3d-49f3-ba6c-3018028b6526 demo demo] 199.204.45.35 "GET /compute/v2.1/os-server-groups" status: 200 len: 246 microversion: 2.64 time: 0.026865
Aug 11 14:20:51.787135 np0000188597 devstack@n-api.service[98977]: [pid: 98977|app: 0|req: 21/85] 199.204.45.35 () {68 vars in 1405 bytes} [Tue Aug 11 14:20:51 2026] GET /compute/v2.1/os-server-groups => generated 246 bytes in 28 msecs (HTTP/1.1 200) 9 headers in 359 bytes (1 switches on core 0)
Aug 11 14:20:51.820329 np0000188597 devstack@n-api.service[98978]: DEBUG nova.api.openstack.wsgi [None req-852ab05c-b820-438a-ba43-447da51a083c demo demo] Calling method '>' {{(pid=98978) _process_stack /opt/stack/nova/nova/api/openstack/wsgi.py:551}}
Aug 11 14:20:51.825811 np0000188597 devstack@n-api.service[98978]: INFO nova.api.openstack.requestlog [None req-852ab05c-b820-438a-ba43-447da51a083c demo demo] 199.204.45.35 "GET /compute/v2.1" status: 200 len: 392 microversion: 2.1 time: 0.005779
Aug 11 14:20:51.826190 np0000188597 devstack@n-api.service[98978]: [pid: 98978|app: 0|req: 22/86] 199.204.45.35 () {62 vars in 1067 bytes} [Tue Aug 11 14:20:51 2026] GET /compute/v2.1 => generated 392 bytes in 7 msecs (HTTP/1.1 200) 9 headers in 357 bytes (1 switches on core 0)
Aug 11 14:20:51.863242 np0000188597 devstack@n-api.service[98979]: DEBUG nova.api.openstack.wsgi [None req-2aca6896-e81c-4342-abe0-69337715b693 demo demo] Calling method '>' {{(pid=98979) _process_stack /opt/stack/nova/nova/api/openstack/wsgi.py:551}}
Aug 11 14:20:51.870088 np0000188597 devstack@n-api.service[98979]: INFO nova.api.openstack.requestlog [None req-2aca6896-e81c-4342-abe0-69337715b693 demo demo] 199.204.45.35 "GET /compute/v2.1/" status: 200 len: 392 microversion: 2.1 time: 0.006968
Aug 11 14:20:51.870588 np0000188597 devstack@n-api.service[98979]: [pid: 98979|app: 0|req: 23/87] 199.204.45.35 () {62 vars in 1070 bytes} [Tue Aug 11 14:20:51 2026] GET /compute/v2.1/ => generated 392 bytes in 8 msecs (HTTP/1.1 200) 9 headers in 357 bytes (1 switches on core 0)
Aug 11 14:20:51.913406 np0000188597 devstack@n-api.service[98976]: DEBUG nova.api.openstack.wsgi [None req-c9cc4b80-cf48-4251-9c5e-9546e66c968d demo demo] Action: 'create', calling method: >, body: {"server_group": {"name": "kube-m0k94-default-worker", "policy": "soft-anti-affinity"}} {{(pid=98976) _process_stack /opt/stack/nova/nova/api/openstack/wsgi.py:549}}
Aug 11 14:20:51.942973 np0000188597 devstack@n-api.service[98976]: DEBUG nova.quota [None req-c9cc4b80-cf48-4251-9c5e-9546e66c968d demo demo] Getting quotas for project 8e26037521f34f329d6333b0d226f94c. Resources: {'server_groups'} {{(pid=98976) _get_quotas /opt/stack/nova/nova/quota.py:389}}
Aug 11 14:20:51.946624 np0000188597 devstack@n-api.service[98976]: DEBUG nova.quota [None req-c9cc4b80-cf48-4251-9c5e-9546e66c968d demo demo] Getting quotas for user 6cc001a4ff4948cf86c43b397200dfa9 and project 8e26037521f34f329d6333b0d226f94c. Resources: {'server_groups'} {{(pid=98976) _get_quotas /opt/stack/nova/nova/quota.py:379}}
Aug 11 14:20:52.002264 np0000188597 devstack@n-api.service[98976]: DEBUG nova.quota [None req-c9cc4b80-cf48-4251-9c5e-9546e66c968d demo demo] Getting quotas for project 8e26037521f34f329d6333b0d226f94c. Resources: {'server_groups'} {{(pid=98976) _get_quotas /opt/stack/nova/nova/quota.py:389}}
Aug 11 14:20:52.004362 np0000188597 devstack@n-api.service[98976]: DEBUG nova.quota [None req-c9cc4b80-cf48-4251-9c5e-9546e66c968d demo demo] Getting quotas for user 6cc001a4ff4948cf86c43b397200dfa9 and project 8e26037521f34f329d6333b0d226f94c. Resources: {'server_groups'} {{(pid=98976) _get_quotas /opt/stack/nova/nova/quota.py:379}}
Aug 11 14:20:52.013160 np0000188597 devstack@n-api.service[98976]: INFO nova.api.openstack.requestlog [None req-c9cc4b80-cf48-4251-9c5e-9546e66c968d demo demo] 199.204.45.35 "POST /compute/v2.1/os-server-groups" status: 200 len: 258 microversion: 2.64 time: 0.104370
Aug 11 14:20:52.013457 np0000188597 devstack@n-api.service[98976]: [pid: 98976|app: 0|req: 22/88] 199.204.45.35 () {72 vars in 1445 bytes} [Tue Aug 11 14:20:51 2026] POST /compute/v2.1/os-server-groups => generated 258 bytes in 105 msecs (HTTP/1.1 200) 9 headers in 359 bytes (1 switches on core 0)
Aug 11 14:20:55.261257 np0000188597 devstack@n-api.service[98977]: DEBUG nova.api.openstack.wsgi [None req-38ff9206-da3d-49f3-ba6c-3018028b6526 demo demo] Calling method '>' {{(pid=98977) _process_stack /opt/stack/nova/nova/api/openstack/wsgi.py:551}}
Aug 11 14:20:55.266957 np0000188597 devstack@n-api.service[98977]: INFO nova.api.openstack.requestlog [None req-38ff9206-da3d-49f3-ba6c-3018028b6526 demo demo] 199.204.45.35 "GET /compute/v2.1" status: 200 len: 392 microversion: 2.1 time: 0.006389
Aug 11 14:20:55.267323 np0000188597 devstack@n-api.service[98977]: [pid: 98977|app: 0|req: 22/89] 199.204.45.35 () {62 vars in 1067 bytes} [Tue Aug 11 14:20:55 2026] GET /compute/v2.1 => generated 392 bytes in 7 msecs (HTTP/1.1 200) 9 headers in 357 bytes (1 switches on core 0)
Aug 11 14:20:55.306750 np0000188597 devstack@n-api.service[98978]: DEBUG nova.api.openstack.wsgi [None req-852ab05c-b820-438a-ba43-447da51a083c demo demo] Calling method '>' {{(pid=98978) _process_stack /opt/stack/nova/nova/api/openstack/wsgi.py:551}}
Aug 11 14:20:55.312749 np0000188597 devstack@n-api.service[98978]: INFO nova.api.openstack.requestlog [None req-852ab05c-b820-438a-ba43-447da51a083c demo demo] 199.204.45.35 "GET /compute/v2.1/" status: 200 len: 392 microversion: 2.1 time: 0.006378
Aug 11 14:20:55.313138 np0000188597 devstack@n-api.service[98978]: [pid: 98978|app: 0|req: 23/90] 199.204.45.35 () {62 vars in 1070 bytes} [Tue Aug 11 14:20:55 2026] GET /compute/v2.1/ => generated 392 bytes in 7 msecs (HTTP/1.1 200) 9 headers in 357 bytes (1 switches on core 0)
Aug 11 14:20:55.352019 np0000188597 devstack@n-api.service[98979]: DEBUG nova.api.openstack.wsgi [None req-80660fc7-5b47-4d71-8368-4dacf29eb96c demo demo] Calling method '>' {{(pid=98979) _process_stack /opt/stack/nova/nova/api/openstack/wsgi.py:551}}
Aug 11 14:20:55.373519 np0000188597 devstack@n-api.service[98979]: INFO nova.api.openstack.requestlog [None req-80660fc7-5b47-4d71-8368-4dacf29eb96c demo demo] 199.204.45.35 "GET /compute/v2.1/flavors/detail?is_public=None" status: 200 len: 5240 microversion: 2.61 time: 0.023923
Aug 11 14:20:55.373702 np0000188597 devstack@n-api.service[98979]: [pid: 98979|app: 0|req: 24/91] 199.204.45.35 () {68 vars in 1428 bytes} [Tue Aug 11 14:20:55 2026] GET /compute/v2.1/flavors/detail?is_public=None => generated 5240 bytes in 24 msecs (HTTP/1.1 200) 9 headers in 360 bytes (1 switches on core 0)
Aug 11 14:20:55.422071 np0000188597 devstack@n-api.service[98976]: DEBUG nova.api.openstack.wsgi [None req-942e4eb0-87e5-4362-b503-c17441d987a8 demo demo] Calling method '>' {{(pid=98976) _process_stack /opt/stack/nova/nova/api/openstack/wsgi.py:551}}
Aug 11 14:20:55.443311 np0000188597 devstack@n-api.service[98976]: INFO nova.api.openstack.requestlog [None req-942e4eb0-87e5-4362-b503-c17441d987a8 demo demo] 199.204.45.35 "GET /compute/v2.1/flavors/detail?is_public=None" status: 200 len: 5240 microversion: 2.61 time: 0.024536
Aug 11 14:20:55.443822 np0000188597 devstack@n-api.service[98976]: [pid: 98976|app: 0|req: 23/92] 199.204.45.35 () {68 vars in 1428 bytes} [Tue Aug 11 14:20:55 2026] GET /compute/v2.1/flavors/detail?is_public=None => generated 5240 bytes in 25 msecs (HTTP/1.1 200) 9 headers in 360 bytes (1 switches on core 0)
Aug 11 14:20:55.599798 np0000188597 devstack@n-api.service[98977]: DEBUG nova.api.openstack.wsgi [None req-38ff9206-da3d-49f3-ba6c-3018028b6526 demo demo] Calling method '>' {{(pid=98977) _process_stack /opt/stack/nova/nova/api/openstack/wsgi.py:551}}
Aug 11 14:20:55.605963 np0000188597 devstack@n-api.service[98977]: INFO nova.api.openstack.requestlog [None req-38ff9206-da3d-49f3-ba6c-3018028b6526 demo demo] 199.204.45.35 "GET /compute/v2.1" status: 200 len: 392 microversion: 2.1 time: 0.006567
Aug 11 14:20:55.606328 np0000188597 devstack@n-api.service[98977]: [pid: 98977|app: 0|req: 23/93] 199.204.45.35 () {62 vars in 1067 bytes} [Tue Aug 11 14:20:55 2026] GET /compute/v2.1 => generated 392 bytes in 7 msecs (HTTP/1.1 200) 9 headers in 357 bytes (1 switches on core 0)
Aug 11 14:20:55.643583 np0000188597 devstack@n-api.service[98978]: DEBUG nova.api.openstack.wsgi [None req-852ab05c-b820-438a-ba43-447da51a083c demo demo] Calling method '>' {{(pid=98978) _process_stack /opt/stack/nova/nova/api/openstack/wsgi.py:551}}
Aug 11 14:20:55.652407 np0000188597 devstack@n-api.service[98978]: INFO nova.api.openstack.requestlog [None req-852ab05c-b820-438a-ba43-447da51a083c demo demo] 199.204.45.35 "GET /compute/v2.1/" status: 200 len: 392 microversion: 2.1 time: 0.009137
Aug 11 14:20:55.652921 np0000188597 devstack@n-api.service[98978]: [pid: 98978|app: 0|req: 24/94] 199.204.45.35 () {62 vars in 1070 bytes} [Tue Aug 11 14:20:55 2026] GET /compute/v2.1/ => generated 392 bytes in 11 msecs (HTTP/1.1 200) 9 headers in 357 bytes (1 switches on core 0)
Aug 11 14:20:55.684722 np0000188597 devstack@n-api.service[98979]: DEBUG nova.api.openstack.wsgi [None req-68cafdbf-a0c1-4fd3-aae9-ca2ddd6f561d demo demo] Calling method '>' {{(pid=98979) _process_stack /opt/stack/nova/nova/api/openstack/wsgi.py:551}}
Aug 11 14:20:55.703568 np0000188597 devstack@n-api.service[98979]: INFO nova.api.openstack.requestlog [None req-68cafdbf-a0c1-4fd3-aae9-ca2ddd6f561d demo demo] 199.204.45.35 "GET /compute/v2.1/flavors/detail?is_public=None" status: 200 len: 5240 microversion: 2.61 time: 0.022059
Aug 11 14:20:55.703779 np0000188597 devstack@n-api.service[98979]: [pid: 98979|app: 0|req: 25/95] 199.204.45.35 () {68 vars in 1428 bytes} [Tue Aug 11 14:20:55 2026] GET /compute/v2.1/flavors/detail?is_public=None => generated 5240 bytes in 23 msecs (HTTP/1.1 200) 9 headers in 360 bytes (1 switches on core 0)
Aug 11 14:21:01.627724 np0000188597 devstack@n-api.service[98978]: DEBUG dbcounter [-] [98978] Writing DB stats nova_cell0:SELECT=4 {{(pid=98978) stat_writer /opt/stack/data/venv/lib/python3.12/site-packages/dbcounter.py:115}}
Aug 11 14:21:01.629060 np0000188597 devstack@n-api.service[98978]: DEBUG dbcounter [-] [98978] Writing DB stats nova_api:SELECT=14,nova_api:INSERT=2 {{(pid=98978) stat_writer /opt/stack/data/venv/lib/python3.12/site-packages/dbcounter.py:115}}
Aug 11 14:21:01.783942 np0000188597 devstack@n-api.service[98977]: DEBUG dbcounter [-] [98977] Writing DB stats nova_api:SELECT=2 {{(pid=98977) stat_writer /opt/stack/data/venv/lib/python3.12/site-packages/dbcounter.py:115}}
Aug 11 14:21:02.008072 np0000188597 devstack@n-api.service[98976]: DEBUG dbcounter [-] [98976] Writing DB stats nova_cell0:SELECT=4 {{(pid=98976) stat_writer /opt/stack/data/venv/lib/python3.12/site-packages/dbcounter.py:115}}
Aug 11 14:21:05.429211 np0000188597 devstack@n-api.service[98976]: DEBUG dbcounter [-] [98976] Writing DB stats nova_api:SELECT=19,nova_api:INSERT=2 {{(pid=98976) stat_writer /opt/stack/data/venv/lib/python3.12/site-packages/dbcounter.py:115}}
Aug 11 14:21:05.689789 np0000188597 devstack@n-api.service[98979]: DEBUG dbcounter [-] [98979] Writing DB stats nova_api:SELECT=8 {{(pid=98979) stat_writer /opt/stack/data/venv/lib/python3.12/site-packages/dbcounter.py:115}}
Aug 11 14:21:16.859975 np0000188597 devstack@n-api.service[98976]: DEBUG nova.api.openstack.wsgi [None req-942e4eb0-87e5-4362-b503-c17441d987a8 demo demo] Calling method '>' {{(pid=98976) _process_stack /opt/stack/nova/nova/api/openstack/wsgi.py:551}}
Aug 11 14:21:16.862955 np0000188597 devstack@n-api.service[98976]: INFO nova.api.openstack.requestlog [None req-942e4eb0-87e5-4362-b503-c17441d987a8 demo demo] 172.18.0.2 "GET /compute/v2.1/" status: 200 len: 392 microversion: 2.1 time: 0.003250
Aug 11 14:21:16.863203 np0000188597 devstack@n-api.service[98976]: [pid: 98976|app: 0|req: 24/96] 199.204.45.35 () {64 vars in 1266 bytes} [Tue Aug 11 14:21:16 2026] GET /compute/v2.1/ => generated 392 bytes in 3 msecs (HTTP/1.1 200) 9 headers in 357 bytes (1 switches on core 0)
Aug 11 14:21:16.872622 np0000188597 devstack@n-api.service[98977]: DEBUG nova.api.openstack.wsgi [None req-fd9e43a4-b293-4c80-8855-510298eab28e demo demo] Calling method '>' {{(pid=98977) _process_stack /opt/stack/nova/nova/api/openstack/wsgi.py:551}}
Aug 11 14:21:16.875267 np0000188597 devstack@n-api.service[98977]: DEBUG oslo_concurrency.lockutils [None req-fd9e43a4-b293-4c80-8855-510298eab28e demo demo] Acquiring lock "00000000-0000-0000-0000-000000000000" by "nova.context.set_target_cell..get_or_set_cached_cell_and_set_connections" {{(pid=98977) inner /opt/stack/data/venv/lib/python3.12/site-packages/oslo_concurrency/lockutils.py:512}}
Aug 11 14:21:16.875473 np0000188597 devstack@n-api.service[98977]: DEBUG oslo_concurrency.lockutils [None req-fd9e43a4-b293-4c80-8855-510298eab28e demo demo] Lock "00000000-0000-0000-0000-000000000000" acquired by "nova.context.set_target_cell..get_or_set_cached_cell_and_set_connections" :: waited 0.000s {{(pid=98977) inner /opt/stack/data/venv/lib/python3.12/site-packages/oslo_concurrency/lockutils.py:525}}
Aug 11 14:21:16.875825 np0000188597 devstack@n-api.service[98977]: DEBUG oslo_concurrency.lockutils [None req-fd9e43a4-b293-4c80-8855-510298eab28e demo demo] Lock "00000000-0000-0000-0000-000000000000" "released" by "nova.context.set_target_cell..get_or_set_cached_cell_and_set_connections" :: held 0.000s {{(pid=98977) inner /opt/stack/data/venv/lib/python3.12/site-packages/oslo_concurrency/lockutils.py:544}}
Aug 11 14:21:16.876957 np0000188597 devstack@n-api.service[98977]: DEBUG oslo_concurrency.lockutils [None req-fd9e43a4-b293-4c80-8855-510298eab28e demo demo] Acquiring lock "78ae4994-e78f-4a0e-be96-ac4a00be158f" by "nova.context.set_target_cell..get_or_set_cached_cell_and_set_connections" {{(pid=98977) inner /opt/stack/data/venv/lib/python3.12/site-packages/oslo_concurrency/lockutils.py:512}}
Aug 11 14:21:16.877202 np0000188597 devstack@n-api.service[98977]: DEBUG oslo_concurrency.lockutils [None req-fd9e43a4-b293-4c80-8855-510298eab28e demo demo] Lock "78ae4994-e78f-4a0e-be96-ac4a00be158f" acquired by "nova.context.set_target_cell..get_or_set_cached_cell_and_set_connections" :: waited 0.000s {{(pid=98977) inner /opt/stack/data/venv/lib/python3.12/site-packages/oslo_concurrency/lockutils.py:525}}
Aug 11 14:21:16.877376 np0000188597 devstack@n-api.service[98977]: DEBUG oslo_concurrency.lockutils [None req-fd9e43a4-b293-4c80-8855-510298eab28e demo demo] Lock "78ae4994-e78f-4a0e-be96-ac4a00be158f" "released" by "nova.context.set_target_cell..get_or_set_cached_cell_and_set_connections" :: held 0.000s {{(pid=98977) inner /opt/stack/data/venv/lib/python3.12/site-packages/oslo_concurrency/lockutils.py:544}}
Aug 11 14:21:16.938851 np0000188597 devstack@n-api.service[98977]: INFO nova.api.openstack.requestlog [None req-fd9e43a4-b293-4c80-8855-510298eab28e demo demo] 172.18.0.2 "GET /compute/v2.1/os-availability-zone" status: 200 len: 97 microversion: 2.38 time: 0.069532
Aug 11 14:21:16.939192 np0000188597 devstack@n-api.service[98977]: [pid: 98977|app: 0|req: 24/97] 199.204.45.35 () {68 vars in 1409 bytes} [Tue Aug 11 14:21:16 2026] GET /compute/v2.1/os-availability-zone => generated 97 bytes in 70 msecs (HTTP/1.1 200) 9 headers in 358 bytes (1 switches on core 0)
Aug 11 14:21:17.823512 np0000188597 devstack@n-api.service[98978]: DEBUG nova.api.openstack.wsgi [None req-852ab05c-b820-438a-ba43-447da51a083c demo demo] Calling method '>' {{(pid=98978) _process_stack /opt/stack/nova/nova/api/openstack/wsgi.py:551}}
Aug 11 14:21:17.826726 np0000188597 devstack@n-api.service[98978]: INFO nova.api.openstack.requestlog [None req-852ab05c-b820-438a-ba43-447da51a083c demo demo] 172.18.0.2 "GET /compute/v2.1/" status: 200 len: 392 microversion: 2.1 time: 0.003392
Aug 11 14:21:17.826983 np0000188597 devstack@n-api.service[98978]: [pid: 98978|app: 0|req: 25/98] 199.204.45.35 () {64 vars in 1266 bytes} [Tue Aug 11 14:21:17 2026] GET /compute/v2.1/ => generated 392 bytes in 4 msecs (HTTP/1.1 200) 9 headers in 357 bytes (1 switches on core 0)
Aug 11 14:21:17.836424 np0000188597 devstack@n-api.service[98979]: DEBUG nova.api.openstack.wsgi [None req-70acc05a-c500-4dc7-b3d6-de9800af84ec demo demo] Calling method '>' {{(pid=98979) _process_stack /opt/stack/nova/nova/api/openstack/wsgi.py:551}}
Aug 11 14:21:17.840216 np0000188597 devstack@n-api.service[98979]: DEBUG oslo_concurrency.lockutils [None req-70acc05a-c500-4dc7-b3d6-de9800af84ec demo demo] Acquiring lock "00000000-0000-0000-0000-000000000000" by "nova.context.set_target_cell..get_or_set_cached_cell_and_set_connections" {{(pid=98979) inner /opt/stack/data/venv/lib/python3.12/site-packages/oslo_concurrency/lockutils.py:512}}
Aug 11 14:21:17.840589 np0000188597 devstack@n-api.service[98979]: DEBUG oslo_concurrency.lockutils [None req-70acc05a-c500-4dc7-b3d6-de9800af84ec demo demo] Lock "00000000-0000-0000-0000-000000000000" acquired by "nova.context.set_target_cell..get_or_set_cached_cell_and_set_connections" :: waited 0.000s {{(pid=98979) inner /opt/stack/data/venv/lib/python3.12/site-packages/oslo_concurrency/lockutils.py:525}}
Aug 11 14:21:17.840819 np0000188597 devstack@n-api.service[98979]: DEBUG oslo_concurrency.lockutils [None req-70acc05a-c500-4dc7-b3d6-de9800af84ec demo demo] Lock "00000000-0000-0000-0000-000000000000" "released" by "nova.context.set_target_cell..get_or_set_cached_cell_and_set_connections" :: held 0.000s {{(pid=98979) inner /opt/stack/data/venv/lib/python3.12/site-packages/oslo_concurrency/lockutils.py:544}}
Aug 11 14:21:17.841705 np0000188597 devstack@n-api.service[98979]: DEBUG oslo_concurrency.lockutils [None req-70acc05a-c500-4dc7-b3d6-de9800af84ec demo demo] Acquiring lock "78ae4994-e78f-4a0e-be96-ac4a00be158f" by "nova.context.set_target_cell..get_or_set_cached_cell_and_set_connections" {{(pid=98979) inner /opt/stack/data/venv/lib/python3.12/site-packages/oslo_concurrency/lockutils.py:512}}
Aug 11 14:21:17.841906 np0000188597 devstack@n-api.service[98979]: DEBUG oslo_concurrency.lockutils [None req-70acc05a-c500-4dc7-b3d6-de9800af84ec demo demo] Lock "78ae4994-e78f-4a0e-be96-ac4a00be158f" acquired by "nova.context.set_target_cell..get_or_set_cached_cell_and_set_connections" :: waited 0.000s {{(pid=98979) inner /opt/stack/data/venv/lib/python3.12/site-packages/oslo_concurrency/lockutils.py:525}}
Aug 11 14:21:17.842077 np0000188597 devstack@n-api.service[98979]: DEBUG oslo_concurrency.lockutils [None req-70acc05a-c500-4dc7-b3d6-de9800af84ec demo demo] Lock "78ae4994-e78f-4a0e-be96-ac4a00be158f" "released" by "nova.context.set_target_cell..get_or_set_cached_cell_and_set_connections" :: held 0.000s {{(pid=98979) inner /opt/stack/data/venv/lib/python3.12/site-packages/oslo_concurrency/lockutils.py:544}}
Aug 11 14:21:17.899787 np0000188597 devstack@n-api.service[98979]: INFO nova.api.openstack.requestlog [None req-70acc05a-c500-4dc7-b3d6-de9800af84ec demo demo] 172.18.0.2 "GET /compute/v2.1/os-availability-zone" status: 200 len: 97 microversion: 2.38 time: 0.066638
Aug 11 14:21:17.900060 np0000188597 devstack@n-api.service[98979]: [pid: 98979|app: 0|req: 26/99] 199.204.45.35 () {68 vars in 1409 bytes} [Tue Aug 11 14:21:17 2026] GET /compute/v2.1/os-availability-zone => generated 97 bytes in 67 msecs (HTTP/1.1 200) 9 headers in 358 bytes (1 switches on core 0)
Aug 11 14:21:18.518243 np0000188597 devstack@n-api.service[98976]: DEBUG nova.api.openstack.wsgi [None req-942e4eb0-87e5-4362-b503-c17441d987a8 demo demo] Calling method '>' {{(pid=98976) _process_stack /opt/stack/nova/nova/api/openstack/wsgi.py:551}}
Aug 11 14:21:18.521755 np0000188597 devstack@n-api.service[98976]: INFO nova.api.openstack.requestlog [None req-942e4eb0-87e5-4362-b503-c17441d987a8 demo demo] 172.18.0.2 "GET /compute/v2.1/" status: 200 len: 392 microversion: 2.1 time: 0.003741
Aug 11 14:21:18.522101 np0000188597 devstack@n-api.service[98976]: [pid: 98976|app: 0|req: 25/100] 199.204.45.35 () {64 vars in 1266 bytes} [Tue Aug 11 14:21:18 2026] GET /compute/v2.1/ => generated 392 bytes in 4 msecs (HTTP/1.1 200) 9 headers in 357 bytes (1 switches on core 0)
Aug 11 14:21:18.531182 np0000188597 devstack@n-api.service[98977]: DEBUG nova.api.openstack.wsgi [None req-a72303b5-9a71-46e1-b1b5-c33762b91d08 demo demo] Calling method '>' {{(pid=98977) _process_stack /opt/stack/nova/nova/api/openstack/wsgi.py:551}}
Aug 11 14:21:18.533480 np0000188597 devstack@n-api.service[98977]: DEBUG oslo_concurrency.lockutils [None req-a72303b5-9a71-46e1-b1b5-c33762b91d08 demo demo] Acquiring lock "00000000-0000-0000-0000-000000000000" by "nova.context.set_target_cell..get_or_set_cached_cell_and_set_connections" {{(pid=98977) inner /opt/stack/data/venv/lib/python3.12/site-packages/oslo_concurrency/lockutils.py:512}}
Aug 11 14:21:18.533750 np0000188597 devstack@n-api.service[98977]: DEBUG oslo_concurrency.lockutils [None req-a72303b5-9a71-46e1-b1b5-c33762b91d08 demo demo] Lock "00000000-0000-0000-0000-000000000000" acquired by "nova.context.set_target_cell..get_or_set_cached_cell_and_set_connections" :: waited 0.000s {{(pid=98977) inner /opt/stack/data/venv/lib/python3.12/site-packages/oslo_concurrency/lockutils.py:525}}
Aug 11 14:21:18.533932 np0000188597 devstack@n-api.service[98977]: DEBUG oslo_concurrency.lockutils [None req-a72303b5-9a71-46e1-b1b5-c33762b91d08 demo demo] Lock "00000000-0000-0000-0000-000000000000" "released" by "nova.context.set_target_cell..get_or_set_cached_cell_and_set_connections" :: held 0.000s {{(pid=98977) inner /opt/stack/data/venv/lib/python3.12/site-packages/oslo_concurrency/lockutils.py:544}}
Aug 11 14:21:18.535068 np0000188597 devstack@n-api.service[98977]: DEBUG oslo_concurrency.lockutils [None req-a72303b5-9a71-46e1-b1b5-c33762b91d08 demo demo] Acquiring lock "78ae4994-e78f-4a0e-be96-ac4a00be158f" by "nova.context.set_target_cell..get_or_set_cached_cell_and_set_connections" {{(pid=98977) inner /opt/stack/data/venv/lib/python3.12/site-packages/oslo_concurrency/lockutils.py:512}}
Aug 11 14:21:18.537071 np0000188597 devstack@n-api.service[98977]: DEBUG oslo_concurrency.lockutils [None req-a72303b5-9a71-46e1-b1b5-c33762b91d08 demo demo] Lock "78ae4994-e78f-4a0e-be96-ac4a00be158f" acquired by "nova.context.set_target_cell..get_or_set_cached_cell_and_set_connections" :: waited 0.002s {{(pid=98977) inner /opt/stack/data/venv/lib/python3.12/site-packages/oslo_concurrency/lockutils.py:525}}
Aug 11 14:21:18.537347 np0000188597 devstack@n-api.service[98977]: DEBUG oslo_concurrency.lockutils [None req-a72303b5-9a71-46e1-b1b5-c33762b91d08 demo demo] Lock "78ae4994-e78f-4a0e-be96-ac4a00be158f" "released" by "nova.context.set_target_cell..get_or_set_cached_cell_and_set_connections" :: held 0.000s {{(pid=98977) inner /opt/stack/data/venv/lib/python3.12/site-packages/oslo_concurrency/lockutils.py:544}}
Aug 11 14:21:18.555650 np0000188597 devstack@n-api.service[98977]: INFO nova.api.openstack.requestlog [None req-a72303b5-9a71-46e1-b1b5-c33762b91d08 demo demo] 172.18.0.2 "GET /compute/v2.1/os-availability-zone" status: 200 len: 97 microversion: 2.38 time: 0.026726
Aug 11 14:21:18.555979 np0000188597 devstack@n-api.service[98977]: [pid: 98977|app: 0|req: 25/101] 199.204.45.35 () {68 vars in 1409 bytes} [Tue Aug 11 14:21:18 2026] GET /compute/v2.1/os-availability-zone => generated 97 bytes in 27 msecs (HTTP/1.1 200) 9 headers in 358 bytes (1 switches on core 0)
Aug 11 14:21:23.638726 np0000188597 devstack@n-api.service[98978]: DEBUG nova.api.openstack.wsgi [None req-852ab05c-b820-438a-ba43-447da51a083c demo demo] Calling method '>' {{(pid=98978) _process_stack /opt/stack/nova/nova/api/openstack/wsgi.py:551}}
Aug 11 14:21:23.643110 np0000188597 devstack@n-api.service[98978]: INFO nova.api.openstack.requestlog [None req-852ab05c-b820-438a-ba43-447da51a083c demo demo] 172.18.0.2 "GET /compute/v2.1/" status: 200 len: 392 microversion: 2.1 time: 0.005065
Aug 11 14:21:23.643342 np0000188597 devstack@n-api.service[98978]: [pid: 98978|app: 0|req: 26/102] 199.204.45.35 () {64 vars in 1266 bytes} [Tue Aug 11 14:21:23 2026] GET /compute/v2.1/ => generated 392 bytes in 6 msecs (HTTP/1.1 200) 9 headers in 357 bytes (1 switches on core 0)
Aug 11 14:21:23.654113 np0000188597 devstack@n-api.service[98979]: DEBUG nova.api.openstack.wsgi [None req-1be614a7-b167-4a19-894f-94fefdfced84 demo demo] Calling method '>' {{(pid=98979) _process_stack /opt/stack/nova/nova/api/openstack/wsgi.py:551}}
Aug 11 14:21:23.675395 np0000188597 devstack@n-api.service[98979]: INFO nova.api.openstack.requestlog [None req-1be614a7-b167-4a19-894f-94fefdfced84 demo demo] 172.18.0.2 "GET /compute/v2.1/flavors/detail" status: 200 len: 4000 microversion: 2.38 time: 0.023416
Aug 11 14:21:23.675780 np0000188597 devstack@n-api.service[98979]: [pid: 98979|app: 0|req: 27/103] 199.204.45.35 () {68 vars in 1391 bytes} [Tue Aug 11 14:21:23 2026] GET /compute/v2.1/flavors/detail => generated 4000 bytes in 24 msecs (HTTP/1.1 200) 9 headers in 360 bytes (1 switches on core 0)
Aug 11 14:21:24.382805 np0000188597 devstack@n-api.service[98976]: DEBUG nova.api.openstack.wsgi [None req-942e4eb0-87e5-4362-b503-c17441d987a8 demo demo] Calling method '>' {{(pid=98976) _process_stack /opt/stack/nova/nova/api/openstack/wsgi.py:551}}
Aug 11 14:21:24.391214 np0000188597 devstack@n-api.service[98976]: INFO nova.api.openstack.requestlog [None req-942e4eb0-87e5-4362-b503-c17441d987a8 demo demo] 172.18.0.2 "GET /compute/v2.1/" status: 200 len: 392 microversion: 2.1 time: 0.008529
Aug 11 14:21:24.391664 np0000188597 devstack@n-api.service[98976]: [pid: 98976|app: 0|req: 26/104] 199.204.45.35 () {64 vars in 1266 bytes} [Tue Aug 11 14:21:24 2026] GET /compute/v2.1/ => generated 392 bytes in 9 msecs (HTTP/1.1 200) 9 headers in 357 bytes (1 switches on core 0)
Aug 11 14:21:24.402248 np0000188597 devstack@n-api.service[98977]: DEBUG nova.api.openstack.wsgi [None req-35e23254-af8f-4f89-842e-51328218eced demo demo] Calling method '>' {{(pid=98977) _process_stack /opt/stack/nova/nova/api/openstack/wsgi.py:551}}
Aug 11 14:21:24.410464 np0000188597 devstack@n-api.service[98977]: DEBUG nova.policy [None req-35e23254-af8f-4f89-842e-51328218eced demo demo] Policy check for os_compute_api:servers:allow_all_filters failed with credentials {'is_admin': False, 'user_id': '6cc001a4ff4948cf86c43b397200dfa9', 'user_domain_id': 'default', 'system_scope': None, 'domain_id': None, 'project_id': '8e26037521f34f329d6333b0d226f94c', 'project_domain_id': 'default', 'roles': ['load-balancer_member', 'reader', 'anotherrole', 'member'], 'is_admin_project': True, 'service_user_id': None, 'service_user_domain_id': None, 'service_project_id': None, 'service_project_domain_id': None, 'service_roles': []} {{(pid=98977) authorize /opt/stack/nova/nova/policy.py:202}}
Aug 11 14:21:24.411166 np0000188597 devstack@n-api.service[98977]: DEBUG nova.compute.api [None req-35e23254-af8f-4f89-842e-51328218eced demo demo] Searching by: {'name': '^kube-m0k94-dpj5g-hp42j$', 'deleted': False, 'project_id': '8e26037521f34f329d6333b0d226f94c'} {{(pid=98977) get_all /opt/stack/nova/nova/compute/api.py:3110}}
Aug 11 14:21:24.417687 np0000188597 devstack@n-api.service[98977]: DEBUG oslo_concurrency.lockutils [None req-35e23254-af8f-4f89-842e-51328218eced demo demo] Acquiring lock "00000000-0000-0000-0000-000000000000" by "nova.context.set_target_cell..get_or_set_cached_cell_and_set_connections" {{(pid=98977) inner /opt/stack/data/venv/lib/python3.12/site-packages/oslo_concurrency/lockutils.py:512}}
Aug 11 14:21:24.417970 np0000188597 devstack@n-api.service[98977]: DEBUG oslo_concurrency.lockutils [None req-35e23254-af8f-4f89-842e-51328218eced demo demo] Lock "00000000-0000-0000-0000-000000000000" acquired by "nova.context.set_target_cell..get_or_set_cached_cell_and_set_connections" :: waited 0.000s {{(pid=98977) inner /opt/stack/data/venv/lib/python3.12/site-packages/oslo_concurrency/lockutils.py:525}}
Aug 11 14:21:24.418305 np0000188597 devstack@n-api.service[98977]: DEBUG oslo_concurrency.lockutils [None req-35e23254-af8f-4f89-842e-51328218eced demo demo] Lock "00000000-0000-0000-0000-000000000000" "released" by "nova.context.set_target_cell..get_or_set_cached_cell_and_set_connections" :: held 0.000s {{(pid=98977) inner /opt/stack/data/venv/lib/python3.12/site-packages/oslo_concurrency/lockutils.py:544}}
Aug 11 14:21:24.418830 np0000188597 devstack@n-api.service[98977]: DEBUG oslo_concurrency.lockutils [None req-35e23254-af8f-4f89-842e-51328218eced demo demo] Acquiring lock "78ae4994-e78f-4a0e-be96-ac4a00be158f" by "nova.context.set_target_cell..get_or_set_cached_cell_and_set_connections" {{(pid=98977) inner /opt/stack/data/venv/lib/python3.12/site-packages/oslo_concurrency/lockutils.py:512}}
