Apr 02 05:48:45.045178 np0000162733 devstack@neutron-api.service[102318]: DEBUG neutron.api.extensions [None req-2736a2d6-7783-4621-ac62-80cfd9aaaed9 None None] Loading extension file: address_group.py {{(pid=102318) _load_all_extensions_from_path /opt/stack/neutron/neutron/api/extensions.py:449}}
Apr 02 05:48:45.045526 np0000162733 devstack@neutron-api.service[102318]: DEBUG neutron.api.extensions [None req-2736a2d6-7783-4621-ac62-80cfd9aaaed9 None None] Ext name="Address group" alias="address-group" description="Support address group" updated="2020-07-15T10:00:00-00:00" {{(pid=102318) _check_extension /opt/stack/neutron/neutron/api/extensions.py:415}}
Apr 02 05:48:45.045750 np0000162733 devstack@neutron-api.service[102318]: INFO neutron.api.extensions [None req-2736a2d6-7783-4621-ac62-80cfd9aaaed9 None None] Loaded extension: address-group
Apr 02 05:48:45.045959 np0000162733 devstack@neutron-api.service[102318]: DEBUG neutron.api.extensions [None req-2736a2d6-7783-4621-ac62-80cfd9aaaed9 None None] Loading extension file: address_scope.py {{(pid=102318) _load_all_extensions_from_path /opt/stack/neutron/neutron/api/extensions.py:449}}
Apr 02 05:48:45.046174 np0000162733 devstack@neutron-api.service[102318]: DEBUG neutron.api.extensions [None req-2736a2d6-7783-4621-ac62-80cfd9aaaed9 None None] Ext name="Address scope" alias="address-scope" description="Address scopes extension." updated="2015-07-26T10:00:00-00:00" {{(pid=102318) _check_extension /opt/stack/neutron/neutron/api/extensions.py:415}}
Apr 02 05:48:45.046364 np0000162733 devstack@neutron-api.service[102318]: INFO neutron.api.extensions [None req-2736a2d6-7783-4621-ac62-80cfd9aaaed9 None None] Loaded extension: address-scope
Apr 02 05:48:45.046552 np0000162733 devstack@neutron-api.service[102318]: DEBUG neutron.api.extensions [None req-2736a2d6-7783-4621-ac62-80cfd9aaaed9 None None] Loading extension file: admin_state_down_before_update.py {{(pid=102318) _load_all_extensions_from_path /opt/stack/neutron/neutron/api/extensions.py:449}}
Apr 02 05:48:45.046705 np0000162733 devstack@neutron-api.service[102318]: DEBUG neutron.api.extensions [None req-2736a2d6-7783-4621-ac62-80cfd9aaaed9 None None] Ext name="Enforce Router's Admin State Down Before Update Extension" alias="router-admin-state-down-before-update" description="Ensure that the admin state of a router is DOWN (admin_state_up=False) before updating the distributed attribute" updated="2019-07-02T15:56:00" {{(pid=102318) _check_extension /opt/stack/neutron/neutron/api/extensions.py:415}}
Apr 02 05:48:45.046871 np0000162733 devstack@neutron-api.service[102318]: INFO neutron.api.extensions [None req-2736a2d6-7783-4621-ac62-80cfd9aaaed9 None None] Extension router-admin-state-down-before-update not supported by any of loaded plugins
Apr 02 05:48:45.047002 np0000162733 devstack@neutron-api.service[102318]: DEBUG neutron.api.extensions [None req-2736a2d6-7783-4621-ac62-80cfd9aaaed9 None None] Loading extension file: agent.py {{(pid=102318) _load_all_extensions_from_path /opt/stack/neutron/neutron/api/extensions.py:449}}
Apr 02 05:48:45.047223 np0000162733 devstack@neutron-api.service[102318]: DEBUG neutron.api.extensions [None req-2736a2d6-7783-4621-ac62-80cfd9aaaed9 None None] Ext name="agent" alias="agent" description="The agent management extension." updated="2013-02-03T10:00:00-00:00" {{(pid=102318) _check_extension /opt/stack/neutron/neutron/api/extensions.py:415}}
Apr 02 05:48:45.047414 np0000162733 devstack@neutron-api.service[102318]: INFO neutron.api.extensions [None req-2736a2d6-7783-4621-ac62-80cfd9aaaed9 None None] Loaded extension: agent
Apr 02 05:48:45.047549 np0000162733 devstack@neutron-api.service[102318]: DEBUG neutron.api.extensions [None req-2736a2d6-7783-4621-ac62-80cfd9aaaed9 None None] Loading extension file: agent_resources_synced.py {{(pid=102318) _load_all_extensions_from_path /opt/stack/neutron/neutron/api/extensions.py:449}}
Apr 02 05:48:45.047743 np0000162733 devstack@neutron-api.service[102318]: DEBUG neutron.api.extensions [None req-2736a2d6-7783-4621-ac62-80cfd9aaaed9 None None] Ext name="Agent's Resource View Synced to Placement" alias="agent-resources-synced" description="Stores success/failure of last sync to Placement" updated="2018-12-19T00:00:00-00:00" {{(pid=102318) _check_extension /opt/stack/neutron/neutron/api/extensions.py:415}}
Apr 02 05:48:45.047922 np0000162733 devstack@neutron-api.service[102318]: INFO neutron.api.extensions [None req-2736a2d6-7783-4621-ac62-80cfd9aaaed9 None None] Extension agent-resources-synced not supported by any of loaded plugins
Apr 02 05:48:45.048085 np0000162733 devstack@neutron-api.service[102318]: DEBUG neutron.api.extensions [None req-2736a2d6-7783-4621-ac62-80cfd9aaaed9 None None] Loading extension file: allowedaddresspairs.py {{(pid=102318) _load_all_extensions_from_path /opt/stack/neutron/neutron/api/extensions.py:449}}
Apr 02 05:48:45.048692 np0000162733 devstack@neutron-api.service[102318]: DEBUG neutron.api.extensions [None req-2736a2d6-7783-4621-ac62-80cfd9aaaed9 None None] Ext name="Allowed Address Pairs" alias="allowed-address-pairs" description="Provides allowed address pairs" updated="2013-07-23T10:00:00-00:00" {{(pid=102318) _check_extension /opt/stack/neutron/neutron/api/extensions.py:415}}
Apr 02 05:48:45.048900 np0000162733 devstack@neutron-api.service[102318]: INFO neutron.api.extensions [None req-2736a2d6-7783-4621-ac62-80cfd9aaaed9 None None] Loaded extension: allowed-address-pairs
Apr 02 05:48:45.049026 np0000162733 devstack@neutron-api.service[102318]: DEBUG neutron.api.extensions [None req-2736a2d6-7783-4621-ac62-80cfd9aaaed9 None None] Loading extension file: auto_allocated_topology.py {{(pid=102318) _load_all_extensions_from_path /opt/stack/neutron/neutron/api/extensions.py:449}}
Apr 02 05:48:45.049245 np0000162733 devstack@neutron-api.service[102318]: DEBUG neutron.api.extensions [None req-2736a2d6-7783-4621-ac62-80cfd9aaaed9 None None] Ext name="Auto Allocated Topology Services" alias="auto-allocated-topology" description="Auto Allocated Topology Services." updated="2016-01-01T00:00:00-00:00" {{(pid=102318) _check_extension /opt/stack/neutron/neutron/api/extensions.py:415}}
Apr 02 05:48:45.049531 np0000162733 devstack@neutron-api.service[102318]: INFO neutron.api.extensions [None req-2736a2d6-7783-4621-ac62-80cfd9aaaed9 None None] Loaded extension: auto-allocated-topology
Apr 02 05:48:45.049531 np0000162733 devstack@neutron-api.service[102318]: DEBUG neutron.api.extensions [None req-2736a2d6-7783-4621-ac62-80cfd9aaaed9 None None] Loading extension file: availability_zone.py {{(pid=102318) _load_all_extensions_from_path /opt/stack/neutron/neutron/api/extensions.py:449}}
Apr 02 05:48:45.049820 np0000162733 devstack@neutron-api.service[102318]: DEBUG neutron.api.extensions [None req-2736a2d6-7783-4621-ac62-80cfd9aaaed9 None None] Ext name="Availability Zone" alias="availability_zone" description="The availability zone extension." updated="2015-01-01T10:00:00-00:00" {{(pid=102318) _check_extension /opt/stack/neutron/neutron/api/extensions.py:415}}
Apr 02 05:48:45.049984 np0000162733 devstack@neutron-api.service[102318]: INFO neutron.api.extensions [None req-2736a2d6-7783-4621-ac62-80cfd9aaaed9 None None] Loaded extension: availability_zone
Apr 02 05:48:45.050075 np0000162733 devstack@neutron-api.service[102318]: DEBUG neutron.api.extensions [None req-2736a2d6-7783-4621-ac62-80cfd9aaaed9 None None] Loading extension file: availability_zone_filter.py {{(pid=102318) _load_all_extensions_from_path /opt/stack/neutron/neutron/api/extensions.py:449}}
Apr 02 05:48:45.050311 np0000162733 devstack@neutron-api.service[102318]: DEBUG neutron.api.extensions [None req-2736a2d6-7783-4621-ac62-80cfd9aaaed9 None None] Ext name="Availability Zone Filter Extension" alias="availability_zone_filter" description="Add filter parameters to AvailabilityZone resource" updated="2018-06-22T10:00:00-00:00" {{(pid=102318) _check_extension /opt/stack/neutron/neutron/api/extensions.py:415}}
Apr 02 05:48:45.050507 np0000162733 devstack@neutron-api.service[102318]: INFO neutron.api.extensions [None req-2736a2d6-7783-4621-ac62-80cfd9aaaed9 None None] Extension availability_zone_filter not supported by any of loaded plugins
Apr 02 05:48:45.050595 np0000162733 devstack@neutron-api.service[102318]: DEBUG neutron.api.extensions [None req-2736a2d6-7783-4621-ac62-80cfd9aaaed9 None None] Loading extension file: data_plane_status.py {{(pid=102318) _load_all_extensions_from_path /opt/stack/neutron/neutron/api/extensions.py:449}}
Apr 02 05:48:45.050825 np0000162733 devstack@neutron-api.service[102318]: DEBUG neutron.api.extensions [None req-2736a2d6-7783-4621-ac62-80cfd9aaaed9 None None] Ext name="Port data plane status extension" alias="data-plane-status" description="Expose status of underlying data plane" updated="2017-01-24T10:00:00-00:00" {{(pid=102318) _check_extension /opt/stack/neutron/neutron/api/extensions.py:415}}
Apr 02 05:48:45.050998 np0000162733 devstack@neutron-api.service[102318]: INFO neutron.api.extensions [None req-2736a2d6-7783-4621-ac62-80cfd9aaaed9 None None] Extension data-plane-status not supported by any of loaded plugins
Apr 02 05:48:45.051088 np0000162733 devstack@neutron-api.service[102318]: DEBUG neutron.api.extensions [None req-2736a2d6-7783-4621-ac62-80cfd9aaaed9 None None] Loading extension file: default_subnetpools.py {{(pid=102318) _load_all_extensions_from_path /opt/stack/neutron/neutron/api/extensions.py:449}}
Apr 02 05:48:45.051329 np0000162733 devstack@neutron-api.service[102318]: DEBUG neutron.api.extensions [None req-2736a2d6-7783-4621-ac62-80cfd9aaaed9 None None] Ext name="Default Subnetpools" alias="default-subnetpools" description="Provides ability to mark and use a subnetpool as the default." updated="2016-02-18T18:00:00-00:00" {{(pid=102318) _check_extension /opt/stack/neutron/neutron/api/extensions.py:415}}
Apr 02 05:48:45.051514 np0000162733 devstack@neutron-api.service[102318]: INFO neutron.api.extensions [None req-2736a2d6-7783-4621-ac62-80cfd9aaaed9 None None] Loaded extension: default-subnetpools
Apr 02 05:48:45.051605 np0000162733 devstack@neutron-api.service[102318]: DEBUG neutron.api.extensions [None req-2736a2d6-7783-4621-ac62-80cfd9aaaed9 None None] Loading extension file: dhcpagentscheduler.py {{(pid=102318) _load_all_extensions_from_path /opt/stack/neutron/neutron/api/extensions.py:449}}
Apr 02 05:48:45.051997 np0000162733 devstack@neutron-api.service[102318]: DEBUG neutron.api.extensions [None req-2736a2d6-7783-4621-ac62-80cfd9aaaed9 None None] Ext name="DHCP Agent Scheduler" alias="dhcp_agent_scheduler" description="Schedule networks among dhcp agents" updated="2013-02-07T10:00:00-00:00" {{(pid=102318) _check_extension /opt/stack/neutron/neutron/api/extensions.py:415}}
Apr 02 05:48:45.052168 np0000162733 devstack@neutron-api.service[102318]: INFO neutron.api.extensions [None req-2736a2d6-7783-4621-ac62-80cfd9aaaed9 None None] Loaded extension: dhcp_agent_scheduler
Apr 02 05:48:45.052253 np0000162733 devstack@neutron-api.service[102318]: DEBUG neutron.api.extensions [None req-2736a2d6-7783-4621-ac62-80cfd9aaaed9 None None] Loading extension file: dns.py {{(pid=102318) _load_all_extensions_from_path /opt/stack/neutron/neutron/api/extensions.py:449}}
Apr 02 05:48:45.052511 np0000162733 devstack@neutron-api.service[102318]: DEBUG neutron.api.extensions [None req-2736a2d6-7783-4621-ac62-80cfd9aaaed9 None None] Ext name="DNS Integration" alias="dns-integration" description="Provides integration with DNS." updated="2015-08-15T18:00:00-00:00" {{(pid=102318) _check_extension /opt/stack/neutron/neutron/api/extensions.py:415}}
Apr 02 05:48:45.052679 np0000162733 devstack@neutron-api.service[102318]: INFO neutron.api.extensions [None req-2736a2d6-7783-4621-ac62-80cfd9aaaed9 None None] Loaded extension: dns-integration
Apr 02 05:48:45.052769 np0000162733 devstack@neutron-api.service[102318]: DEBUG neutron.api.extensions [None req-2736a2d6-7783-4621-ac62-80cfd9aaaed9 None None] Loading extension file: dns_domain_ports.py {{(pid=102318) _load_all_extensions_from_path /opt/stack/neutron/neutron/api/extensions.py:449}}
Apr 02 05:48:45.053000 np0000162733 devstack@neutron-api.service[102318]: DEBUG neutron.api.extensions [None req-2736a2d6-7783-4621-ac62-80cfd9aaaed9 None None] Ext name="dns_domain for ports" alias="dns-domain-ports" description="Allows the DNS domain to be specified for a network port." updated="2017-04-24T10:00:00-00:00" {{(pid=102318) _check_extension /opt/stack/neutron/neutron/api/extensions.py:415}}
Apr 02 05:48:45.053164 np0000162733 devstack@neutron-api.service[102318]: INFO neutron.api.extensions [None req-2736a2d6-7783-4621-ac62-80cfd9aaaed9 None None] Loaded extension: dns-domain-ports
Apr 02 05:48:45.053249 np0000162733 devstack@neutron-api.service[102318]: DEBUG neutron.api.extensions [None req-2736a2d6-7783-4621-ac62-80cfd9aaaed9 None None] Loading extension file: dns_integration_domain_keywords.py {{(pid=102318) _load_all_extensions_from_path /opt/stack/neutron/neutron/api/extensions.py:449}}
Apr 02 05:48:45.053507 np0000162733 devstack@neutron-api.service[102318]: DEBUG neutron.api.extensions [None req-2736a2d6-7783-4621-ac62-80cfd9aaaed9 None None] Ext name="DNS domain names with keywords allowed" alias="dns-integration-domain-keywords" description="Allows to use keywords like , , and as DNS domain name" updated="2020-06-15T18:00:00-00:00" {{(pid=102318) _check_extension /opt/stack/neutron/neutron/api/extensions.py:415}}
Apr 02 05:48:45.053658 np0000162733 devstack@neutron-api.service[102318]: INFO neutron.api.extensions [None req-2736a2d6-7783-4621-ac62-80cfd9aaaed9 None None] Loaded extension: dns-integration-domain-keywords
Apr 02 05:48:45.053746 np0000162733 devstack@neutron-api.service[102318]: DEBUG neutron.api.extensions [None req-2736a2d6-7783-4621-ac62-80cfd9aaaed9 None None] Loading extension file: dvr.py {{(pid=102318) _load_all_extensions_from_path /opt/stack/neutron/neutron/api/extensions.py:449}}
Apr 02 05:48:45.054057 np0000162733 devstack@neutron-api.service[102318]: DEBUG neutron.api.extensions [None req-2736a2d6-7783-4621-ac62-80cfd9aaaed9 None None] Ext name="Distributed Virtual Router" alias="dvr" description="Enables configuration of Distributed Virtual Routers." updated="2014-06-1T10:00:00-00:00" {{(pid=102318) _check_extension /opt/stack/neutron/neutron/api/extensions.py:415}}
Apr 02 05:48:45.054222 np0000162733 devstack@neutron-api.service[102318]: INFO neutron.api.extensions [None req-2736a2d6-7783-4621-ac62-80cfd9aaaed9 None None] Extension dvr not supported by any of loaded plugins
Apr 02 05:48:45.054312 np0000162733 devstack@neutron-api.service[102318]: DEBUG neutron.api.extensions [None req-2736a2d6-7783-4621-ac62-80cfd9aaaed9 None None] Loading extension file: ecmp_routes.py {{(pid=102318) _load_all_extensions_from_path /opt/stack/neutron/neutron/api/extensions.py:449}}
Apr 02 05:48:45.054561 np0000162733 devstack@neutron-api.service[102318]: DEBUG neutron.api.extensions [None req-2736a2d6-7783-4621-ac62-80cfd9aaaed9 None None] Ext name="Equal Cost Multipath Routing" alias="ecmp_routes" description="Allows traffic to reach thesame destination via multiple different links " updated="2020-11-26T18:00:00-00:00" {{(pid=102318) _check_extension /opt/stack/neutron/neutron/api/extensions.py:415}}
Apr 02 05:48:45.054729 np0000162733 devstack@neutron-api.service[102318]: INFO neutron.api.extensions [None req-2736a2d6-7783-4621-ac62-80cfd9aaaed9 None None] Extension ecmp_routes not supported by any of loaded plugins
Apr 02 05:48:45.054818 np0000162733 devstack@neutron-api.service[102318]: DEBUG neutron.api.extensions [None req-2736a2d6-7783-4621-ac62-80cfd9aaaed9 None None] Loading extension file: empty_string_filtering.py {{(pid=102318) _load_all_extensions_from_path /opt/stack/neutron/neutron/api/extensions.py:449}}
Apr 02 05:48:45.055048 np0000162733 devstack@neutron-api.service[102318]: DEBUG neutron.api.extensions [None req-2736a2d6-7783-4621-ac62-80cfd9aaaed9 None None] Ext name="Empty String Filtering Extension" alias="empty-string-filtering" description="Allow filtering by attributes with empty string value" updated="2018-05-01T10:00:00-00:00" {{(pid=102318) _check_extension /opt/stack/neutron/neutron/api/extensions.py:415}}
Apr 02 05:48:45.055218 np0000162733 devstack@neutron-api.service[102318]: INFO neutron.api.extensions [None req-2736a2d6-7783-4621-ac62-80cfd9aaaed9 None None] Loaded extension: empty-string-filtering
Apr 02 05:48:45.055306 np0000162733 devstack@neutron-api.service[102318]: DEBUG neutron.api.extensions [None req-2736a2d6-7783-4621-ac62-80cfd9aaaed9 None None] Loading extension file: expose_l3_conntrack_helper.py {{(pid=102318) _load_all_extensions_from_path /opt/stack/neutron/neutron/api/extensions.py:449}}
Apr 02 05:48:45.055557 np0000162733 devstack@neutron-api.service[102318]: DEBUG neutron.api.extensions [None req-2736a2d6-7783-4621-ac62-80cfd9aaaed9 None None] Ext name="Expose CT target rules for conntrack helper" alias="expose-l3-conntrack-helper" description="Expose allow adding CT target rules for conntrack helper" updated="2019-04-04T10:00:00-00:00" {{(pid=102318) _check_extension /opt/stack/neutron/neutron/api/extensions.py:415}}
Apr 02 05:48:45.055725 np0000162733 devstack@neutron-api.service[102318]: INFO neutron.api.extensions [None req-2736a2d6-7783-4621-ac62-80cfd9aaaed9 None None] Extension expose-l3-conntrack-helper not supported by any of loaded plugins
Apr 02 05:48:45.055813 np0000162733 devstack@neutron-api.service[102318]: DEBUG neutron.api.extensions [None req-2736a2d6-7783-4621-ac62-80cfd9aaaed9 None None] Loading extension file: expose_port_forwarding_in_fip.py {{(pid=102318) _load_all_extensions_from_path /opt/stack/neutron/neutron/api/extensions.py:449}}
Apr 02 05:48:45.056037 np0000162733 devstack@neutron-api.service[102318]: DEBUG neutron.api.extensions [None req-2736a2d6-7783-4621-ac62-80cfd9aaaed9 None None] Ext name="Expose Floating IP port forwardings" alias="expose-port-forwarding-in-fip" description="Expose port forwarding fields in floating IP response" updated="2018-06-28T16:00:00-00:00" {{(pid=102318) _check_extension /opt/stack/neutron/neutron/api/extensions.py:415}}
Apr 02 05:48:45.056201 np0000162733 devstack@neutron-api.service[102318]: INFO neutron.api.extensions [None req-2736a2d6-7783-4621-ac62-80cfd9aaaed9 None None] Extension expose-port-forwarding-in-fip not supported by any of loaded plugins
Apr 02 05:48:45.056292 np0000162733 devstack@neutron-api.service[102318]: DEBUG neutron.api.extensions [None req-2736a2d6-7783-4621-ac62-80cfd9aaaed9 None None] Loading extension file: external_net.py {{(pid=102318) _load_all_extensions_from_path /opt/stack/neutron/neutron/api/extensions.py:449}}
Apr 02 05:48:45.056536 np0000162733 devstack@neutron-api.service[102318]: DEBUG neutron.api.extensions [None req-2736a2d6-7783-4621-ac62-80cfd9aaaed9 None None] Ext name="Neutron external network" alias="external-net" description="Adds external network attribute to network resource." updated="2013-01-14T10:00:00-00:00" {{(pid=102318) _check_extension /opt/stack/neutron/neutron/api/extensions.py:415}}
Apr 02 05:48:45.056610 np0000162733 devstack@neutron-api.service[102317]: INFO neutron.plugins.ml2.drivers.type_vlan [None req-b8cc2d39-7b01-4f19-b0c8-5afbcc58eb9a None None] VlanTypeDriver initialization complete
Apr 02 05:48:45.056892 np0000162733 devstack@neutron-api.service[102318]: INFO neutron.api.extensions [None req-2736a2d6-7783-4621-ac62-80cfd9aaaed9 None None] Loaded extension: external-net
Apr 02 05:48:45.056955 np0000162733 devstack@neutron-api.service[102317]: INFO neutron.plugins.ml2.managers [None req-b8cc2d39-7b01-4f19-b0c8-5afbcc58eb9a None None] Initializing extension driver 'port_security'
Apr 02 05:48:45.057010 np0000162733 devstack@neutron-api.service[102318]: DEBUG neutron.api.extensions [None req-2736a2d6-7783-4621-ac62-80cfd9aaaed9 None None] Loading extension file: extra_dhcp_opt.py {{(pid=102318) _load_all_extensions_from_path /opt/stack/neutron/neutron/api/extensions.py:449}}
Apr 02 05:48:45.057071 np0000162733 devstack@neutron-api.service[102317]: INFO neutron.plugins.ml2.extensions.port_security [None req-b8cc2d39-7b01-4f19-b0c8-5afbcc58eb9a None None] PortSecurityExtensionDriver initialization complete
Apr 02 05:48:45.057071 np0000162733 devstack@neutron-api.service[102317]: INFO neutron.plugins.ml2.managers [None req-b8cc2d39-7b01-4f19-b0c8-5afbcc58eb9a None None] Initializing extension driver 'qos'
Apr 02 05:48:45.057165 np0000162733 devstack@neutron-api.service[102318]: DEBUG neutron.api.extensions [None req-2736a2d6-7783-4621-ac62-80cfd9aaaed9 None None] Ext name="Neutron Extra DHCP options" alias="extra_dhcp_opt" description="Extra options configuration for DHCP. For example PXE boot options to DHCP clients can be specified (e.g. tftp-server, server-ip-address, bootfile-name)" updated="2013-03-17T12:00:00-00:00" {{(pid=102318) _check_extension /opt/stack/neutron/neutron/api/extensions.py:415}}
Apr 02 05:48:45.057200 np0000162733 devstack@neutron-api.service[102317]: DEBUG neutron.plugins.ml2.extensions.qos [None req-b8cc2d39-7b01-4f19-b0c8-5afbcc58eb9a None None] QosExtensionDriver initialization complete {{(pid=102317) initialize /opt/stack/neutron/neutron/plugins/ml2/extensions/qos.py:31}}
Apr 02 05:48:45.057225 np0000162733 devstack@neutron-api.service[102318]: INFO neutron.api.extensions [None req-2736a2d6-7783-4621-ac62-80cfd9aaaed9 None None] Loaded extension: extra_dhcp_opt
Apr 02 05:48:45.057249 np0000162733 devstack@neutron-api.service[102317]: INFO neutron.plugins.ml2.managers [None req-b8cc2d39-7b01-4f19-b0c8-5afbcc58eb9a None None] Initializing mechanism driver 'ovn'
Apr 02 05:48:45.057273 np0000162733 devstack@neutron-api.service[102318]: DEBUG neutron.api.extensions [None req-2736a2d6-7783-4621-ac62-80cfd9aaaed9 None None] Loading extension file: extraroute.py {{(pid=102318) _load_all_extensions_from_path /opt/stack/neutron/neutron/api/extensions.py:449}}
Apr 02 05:48:45.057297 np0000162733 devstack@neutron-api.service[102317]: INFO neutron.plugins.ml2.drivers.ovn.mech_driver.mech_driver [None req-b8cc2d39-7b01-4f19-b0c8-5afbcc58eb9a None None] Starting OVNMechanismDriver
Apr 02 05:48:45.057488 np0000162733 devstack@neutron-api.service[102318]: DEBUG neutron.api.extensions [None req-2736a2d6-7783-4621-ac62-80cfd9aaaed9 None None] Ext name="Neutron Extra Route" alias="extraroute" description="Extra routes configuration for L3 router" updated="2013-02-01T10:00:00-00:00" {{(pid=102318) _check_extension /opt/stack/neutron/neutron/api/extensions.py:415}}
Apr 02 05:48:45.057680 np0000162733 devstack@neutron-api.service[102318]: INFO neutron.api.extensions [None req-2736a2d6-7783-4621-ac62-80cfd9aaaed9 None None] Loaded extension: extraroute
Apr 02 05:48:45.057811 np0000162733 devstack@neutron-api.service[102318]: DEBUG neutron.api.extensions [None req-2736a2d6-7783-4621-ac62-80cfd9aaaed9 None None] Loading extension file: extraroute_atomic.py {{(pid=102318) _load_all_extensions_from_path /opt/stack/neutron/neutron/api/extensions.py:449}}
Apr 02 05:48:45.058059 np0000162733 devstack@neutron-api.service[102318]: DEBUG neutron.api.extensions [None req-2736a2d6-7783-4621-ac62-80cfd9aaaed9 None None] Ext name="Atomically add/remove extra routes" alias="extraroute-atomic" description="Edit extra routes of a router on server side by atomically adding/removing extra routes" updated="2019-07-10T00:00:00+00:00" {{(pid=102318) _check_extension /opt/stack/neutron/neutron/api/extensions.py:415}}
Apr 02 05:48:45.058226 np0000162733 devstack@neutron-api.service[102318]: INFO neutron.api.extensions [None req-2736a2d6-7783-4621-ac62-80cfd9aaaed9 None None] Loaded extension: extraroute-atomic
Apr 02 05:48:45.058316 np0000162733 devstack@neutron-api.service[102318]: DEBUG neutron.api.extensions [None req-2736a2d6-7783-4621-ac62-80cfd9aaaed9 None None] Loading extension file: filter_validation.py {{(pid=102318) _load_all_extensions_from_path /opt/stack/neutron/neutron/api/extensions.py:449}}
Apr 02 05:48:45.058577 np0000162733 devstack@neutron-api.service[102318]: DEBUG neutron.api.extensions [None req-2736a2d6-7783-4621-ac62-80cfd9aaaed9 None None] Ext name="Filter parameters validation" alias="filter-validation" description="Provides validation on filter parameters." updated="2018-07-04T10:00:00-00:00" {{(pid=102318) _check_extension /opt/stack/neutron/neutron/api/extensions.py:415}}
Apr 02 05:48:45.058785 np0000162733 devstack@neutron-api.service[102318]: INFO neutron.api.extensions [None req-2736a2d6-7783-4621-ac62-80cfd9aaaed9 None None] Loaded extension: filter-validation
Apr 02 05:48:45.058891 np0000162733 devstack@neutron-api.service[102318]: DEBUG neutron.api.extensions [None req-2736a2d6-7783-4621-ac62-80cfd9aaaed9 None None] Loading extension file: fip_pf_description.py {{(pid=102318) _load_all_extensions_from_path /opt/stack/neutron/neutron/api/extensions.py:449}}
Apr 02 05:48:45.059124 np0000162733 devstack@neutron-api.service[102318]: DEBUG neutron.api.extensions [None req-2736a2d6-7783-4621-ac62-80cfd9aaaed9 None None] Ext name="Floating IP Port Forwarding new attribute description" alias="floating-ip-port-forwarding-description" description="Add a description field to Port Forwarding rules" updated="2019-11-01T10:00:00-00:00" {{(pid=102318) _check_extension /opt/stack/neutron/neutron/api/extensions.py:415}}
Apr 02 05:48:45.059290 np0000162733 devstack@neutron-api.service[102318]: INFO neutron.api.extensions [None req-2736a2d6-7783-4621-ac62-80cfd9aaaed9 None None] Extension floating-ip-port-forwarding-description not supported by any of loaded plugins
Apr 02 05:48:45.059322 np0000162733 devstack@neutron-api.service[102317]: DEBUG neutron_lib.callbacks.manager [None req-b8cc2d39-7b01-4f19-b0c8-5afbcc58eb9a None None] Subscribe: > process before_spawn 55550000, False {{(pid=102317) subscribe /opt/stack/data/venv/lib/python3.12/site-packages/neutron_lib/callbacks/manager.py:52}}
Apr 02 05:48:45.059386 np0000162733 devstack@neutron-api.service[102318]: DEBUG neutron.api.extensions [None req-2736a2d6-7783-4621-ac62-80cfd9aaaed9 None None] Loading extension file: fip_pf_detail.py {{(pid=102318) _load_all_extensions_from_path /opt/stack/neutron/neutron/api/extensions.py:449}}
Apr 02 05:48:45.059492 np0000162733 devstack@neutron-api.service[102317]: DEBUG neutron_lib.callbacks.manager [None req-b8cc2d39-7b01-4f19-b0c8-5afbcc58eb9a None None] Subscribe: > process after_init 55550000, True {{(pid=102317) subscribe /opt/stack/data/venv/lib/python3.12/site-packages/neutron_lib/callbacks/manager.py:52}}
Apr 02 05:48:45.059614 np0000162733 devstack@neutron-api.service[102317]: DEBUG neutron_lib.callbacks.manager [None req-b8cc2d39-7b01-4f19-b0c8-5afbcc58eb9a None None] Subscribe: > segment after_create 55550000, False {{(pid=102317) subscribe /opt/stack/data/venv/lib/python3.12/site-packages/neutron_lib/callbacks/manager.py:52}}
Apr 02 05:48:45.059657 np0000162733 devstack@neutron-api.service[102318]: DEBUG neutron.api.extensions [None req-2736a2d6-7783-4621-ac62-80cfd9aaaed9 None None] Ext name="Floating IP port forwarding detail" alias="floating-ip-port-forwarding-detail" description="Allow list floating ip return more port forwarding data, include'id' and 'internal_port_id'" updated="2022-05-06T10:00:00-00:00" {{(pid=102318) _check_extension /opt/stack/neutron/neutron/api/extensions.py:415}}
Apr 02 05:48:45.059725 np0000162733 devstack@neutron-api.service[102317]: DEBUG neutron_lib.callbacks.manager [None req-b8cc2d39-7b01-4f19-b0c8-5afbcc58eb9a None None] Subscribe: > segment after_create 55550000, False {{(pid=102317) subscribe /opt/stack/data/venv/lib/python3.12/site-packages/neutron_lib/callbacks/manager.py:52}}
Apr 02 05:48:45.059790 np0000162733 devstack@neutron-api.service[102318]: INFO neutron.api.extensions [None req-2736a2d6-7783-4621-ac62-80cfd9aaaed9 None None] Loaded extension: floating-ip-port-forwarding-detail
Apr 02 05:48:45.059821 np0000162733 devstack@neutron-api.service[102317]: DEBUG neutron_lib.callbacks.manager [None req-b8cc2d39-7b01-4f19-b0c8-5afbcc58eb9a None None] Subscribe: > segment after_delete 55550000, False {{(pid=102317) subscribe /opt/stack/data/venv/lib/python3.12/site-packages/neutron_lib/callbacks/manager.py:52}}
Apr 02 05:48:45.059890 np0000162733 devstack@neutron-api.service[102318]: DEBUG neutron.api.extensions [None req-2736a2d6-7783-4621-ac62-80cfd9aaaed9 None None] Loading extension file: fip_pf_port_range.py {{(pid=102318) _load_all_extensions_from_path /opt/stack/neutron/neutron/api/extensions.py:449}}
Apr 02 05:48:45.059950 np0000162733 devstack@neutron-api.service[102317]: DEBUG neutron_lib.callbacks.manager [None req-b8cc2d39-7b01-4f19-b0c8-5afbcc58eb9a None None] Subscribe: > allowed_address_pair before_create 55550000, False {{(pid=102317) subscribe /opt/stack/data/venv/lib/python3.12/site-packages/neutron_lib/callbacks/manager.py:52}}
Apr 02 05:48:45.060036 np0000162733 devstack@neutron-api.service[102317]: DEBUG neutron_lib.callbacks.manager [None req-b8cc2d39-7b01-4f19-b0c8-5afbcc58eb9a None None] Subscribe: > security_group precommit_create 55550000, False {{(pid=102317) subscribe /opt/stack/data/venv/lib/python3.12/site-packages/neutron_lib/callbacks/manager.py:52}}
Apr 02 05:48:45.060148 np0000162733 devstack@neutron-api.service[102317]: DEBUG neutron_lib.callbacks.manager [None req-b8cc2d39-7b01-4f19-b0c8-5afbcc58eb9a None None] Subscribe: > security_group after_update 55550000, False {{(pid=102317) subscribe /opt/stack/data/venv/lib/python3.12/site-packages/neutron_lib/callbacks/manager.py:52}}
Apr 02 05:48:45.060185 np0000162733 devstack@neutron-api.service[102318]: DEBUG neutron.api.extensions [None req-2736a2d6-7783-4621-ac62-80cfd9aaaed9 None None] Ext name="Floating IP Port Forwarding support port ranges" alias="floating-ip-port-forwarding-port-ranges" description="Add support to port ranges" updated="2020-07-01T10:00:00-00:00" {{(pid=102318) _check_extension /opt/stack/neutron/neutron/api/extensions.py:415}}
Apr 02 05:48:45.060252 np0000162733 devstack@neutron-api.service[102317]: DEBUG neutron_lib.callbacks.manager [None req-b8cc2d39-7b01-4f19-b0c8-5afbcc58eb9a None None] Subscribe: > security_group after_create 55550000, False {{(pid=102317) subscribe /opt/stack/data/venv/lib/python3.12/site-packages/neutron_lib/callbacks/manager.py:52}}
Apr 02 05:48:45.060342 np0000162733 devstack@neutron-api.service[102318]: INFO neutron.api.extensions [None req-2736a2d6-7783-4621-ac62-80cfd9aaaed9 None None] Extension floating-ip-port-forwarding-port-ranges not supported by any of loaded plugins
Apr 02 05:48:45.060372 np0000162733 devstack@neutron-api.service[102317]: DEBUG neutron_lib.callbacks.manager [None req-b8cc2d39-7b01-4f19-b0c8-5afbcc58eb9a None None] Subscribe: > security_group precommit_delete 55550000, False {{(pid=102317) subscribe /opt/stack/data/venv/lib/python3.12/site-packages/neutron_lib/callbacks/manager.py:52}}
Apr 02 05:48:45.060440 np0000162733 devstack@neutron-api.service[102318]: DEBUG neutron.api.extensions [None req-2736a2d6-7783-4621-ac62-80cfd9aaaed9 None None] Loading extension file: fip_port_details.py {{(pid=102318) _load_all_extensions_from_path /opt/stack/neutron/neutron/api/extensions.py:449}}
Apr 02 05:48:45.060554 np0000162733 devstack@neutron-api.service[102317]: DEBUG neutron_lib.callbacks.manager [None req-b8cc2d39-7b01-4f19-b0c8-5afbcc58eb9a None None] Subscribe: > security_group after_delete 55550000, False {{(pid=102317) subscribe /opt/stack/data/venv/lib/python3.12/site-packages/neutron_lib/callbacks/manager.py:52}}
Apr 02 05:48:45.060589 np0000162733 devstack@neutron-api.service[102317]: DEBUG neutron_lib.callbacks.manager [None req-b8cc2d39-7b01-4f19-b0c8-5afbcc58eb9a None None] Subscribe: > security_group_rule precommit_create 55550000, False {{(pid=102317) subscribe /opt/stack/data/venv/lib/python3.12/site-packages/neutron_lib/callbacks/manager.py:52}}
Apr 02 05:48:45.060678 np0000162733 devstack@neutron-api.service[102318]: DEBUG neutron.api.extensions [None req-2736a2d6-7783-4621-ac62-80cfd9aaaed9 None None] Ext name="Floating IP Port Details Extension" alias="fip-port-details" description="Add port_details attribute to Floating IP resource" updated="2018-04-09T10:00:00-00:00" {{(pid=102318) _check_extension /opt/stack/neutron/neutron/api/extensions.py:415}}
Apr 02 05:48:45.060713 np0000162733 devstack@neutron-api.service[102317]: DEBUG neutron_lib.callbacks.manager [None req-b8cc2d39-7b01-4f19-b0c8-5afbcc58eb9a None None] Subscribe: > security_group_rule after_create 55550000, False {{(pid=102317) subscribe /opt/stack/data/venv/lib/python3.12/site-packages/neutron_lib/callbacks/manager.py:52}}
Apr 02 05:48:45.060780 np0000162733 devstack@neutron-api.service[102317]: DEBUG neutron_lib.callbacks.manager [None req-b8cc2d39-7b01-4f19-b0c8-5afbcc58eb9a None None] Subscribe: > security_group_rule before_delete 55550000, False {{(pid=102317) subscribe /opt/stack/data/venv/lib/python3.12/site-packages/neutron_lib/callbacks/manager.py:52}}
Apr 02 05:48:45.060851 np0000162733 devstack@neutron-api.service[102318]: INFO neutron.api.extensions [None req-2736a2d6-7783-4621-ac62-80cfd9aaaed9 None None] Loaded extension: fip-port-details
Apr 02 05:48:45.060906 np0000162733 devstack@neutron-api.service[102317]: DEBUG neutron_lib.callbacks.manager [None req-b8cc2d39-7b01-4f19-b0c8-5afbcc58eb9a None None] Subscribe: > address_group after_create 55550000, False {{(pid=102317) subscribe /opt/stack/data/venv/lib/python3.12/site-packages/neutron_lib/callbacks/manager.py:52}}
Apr 02 05:48:45.060942 np0000162733 devstack@neutron-api.service[102318]: DEBUG neutron.api.extensions [None req-2736a2d6-7783-4621-ac62-80cfd9aaaed9 None None] Loading extension file: flavors.py {{(pid=102318) _load_all_extensions_from_path /opt/stack/neutron/neutron/api/extensions.py:449}}
Apr 02 05:48:45.061013 np0000162733 devstack@neutron-api.service[102317]: DEBUG neutron_lib.callbacks.manager [None req-b8cc2d39-7b01-4f19-b0c8-5afbcc58eb9a None None] Subscribe: > address_group after_update 55550000, False {{(pid=102317) subscribe /opt/stack/data/venv/lib/python3.12/site-packages/neutron_lib/callbacks/manager.py:52}}
Apr 02 05:48:45.061085 np0000162733 devstack@neutron-api.service[102317]: DEBUG neutron_lib.callbacks.manager [None req-b8cc2d39-7b01-4f19-b0c8-5afbcc58eb9a None None] Subscribe: > address_group after_delete 55550000, False {{(pid=102317) subscribe /opt/stack/data/venv/lib/python3.12/site-packages/neutron_lib/callbacks/manager.py:52}}
Apr 02 05:48:45.061289 np0000162733 devstack@neutron-api.service[102317]: DEBUG neutron_lib.callbacks.manager [None req-b8cc2d39-7b01-4f19-b0c8-5afbcc58eb9a None None] Subscribe: > qos_plugin after_init 55550000, False {{(pid=102317) subscribe /opt/stack/data/venv/lib/python3.12/site-packages/neutron_lib/callbacks/manager.py:52}}
Apr 02 05:48:45.061352 np0000162733 devstack@neutron-api.service[102318]: DEBUG neutron.api.extensions [None req-2736a2d6-7783-4621-ac62-80cfd9aaaed9 None None] Ext name="Neutron Service Flavors" alias="flavors" description="Flavor specification for Neutron advanced services." updated="2015-09-17T10:00:00-00:00" {{(pid=102318) _check_extension /opt/stack/neutron/neutron/api/extensions.py:415}}
Apr 02 05:48:45.061500 np0000162733 devstack@neutron-api.service[102317]: DEBUG neutron_lib.callbacks.manager [None req-b8cc2d39-7b01-4f19-b0c8-5afbcc58eb9a None None] Subscribe: > trunk_plugin after_init 55550000, False {{(pid=102317) subscribe /opt/stack/data/venv/lib/python3.12/site-packages/neutron_lib/callbacks/manager.py:52}}
Apr 02 05:48:45.061588 np0000162733 devstack@neutron-api.service[102318]: INFO neutron.api.extensions [None req-2736a2d6-7783-4621-ac62-80cfd9aaaed9 None None] Loaded extension: flavors
Apr 02 05:48:45.061681 np0000162733 devstack@neutron-api.service[102318]: DEBUG neutron.api.extensions [None req-2736a2d6-7783-4621-ac62-80cfd9aaaed9 None None] Loading extension file: floating_ip_port_forwarding.py {{(pid=102318) _load_all_extensions_from_path /opt/stack/neutron/neutron/api/extensions.py:449}}
Apr 02 05:48:45.061744 np0000162733 devstack@neutron-api.service[102317]: DEBUG neutron_lib.callbacks.manager [None req-b8cc2d39-7b01-4f19-b0c8-5afbcc58eb9a None None] Subscribe: > logging-plugin after_init 55550000, False {{(pid=102317) subscribe /opt/stack/data/venv/lib/python3.12/site-packages/neutron_lib/callbacks/manager.py:52}}
Apr 02 05:48:45.062059 np0000162733 devstack@neutron-api.service[102318]: DEBUG neutron.api.extensions [None req-2736a2d6-7783-4621-ac62-80cfd9aaaed9 None None] Ext name="Floating IP Port Forwarding" alias="floating-ip-port-forwarding" description="Allow port forwarding from floating IP port to an internal port" updated="2018-01-19T10:00:00-00:00" {{(pid=102318) _check_extension /opt/stack/neutron/neutron/api/extensions.py:415}}
Apr 02 05:48:45.062233 np0000162733 devstack@neutron-api.service[102318]: INFO neutron.api.extensions [None req-2736a2d6-7783-4621-ac62-80cfd9aaaed9 None None] Extension floating-ip-port-forwarding not supported by any of loaded plugins
Apr 02 05:48:45.062274 np0000162733 devstack@neutron-api.service[102317]: INFO neutron.services.logapi.drivers.ovn.driver [None req-b8cc2d39-7b01-4f19-b0c8-5afbcc58eb9a None None] OVN logging driver registered
Apr 02 05:48:45.062340 np0000162733 devstack@neutron-api.service[102318]: DEBUG neutron.api.extensions [None req-2736a2d6-7783-4621-ac62-80cfd9aaaed9 None None] Loading extension file: floatingip_pools.py {{(pid=102318) _load_all_extensions_from_path /opt/stack/neutron/neutron/api/extensions.py:449}}
Apr 02 05:48:45.062615 np0000162733 devstack@neutron-api.service[102318]: DEBUG neutron.api.extensions [None req-2736a2d6-7783-4621-ac62-80cfd9aaaed9 None None] Ext name="Floating IP Pools Extension" alias="floatingip-pools" description="Provides a floating IP pools API." updated="2018-03-21T10:00:00-00:00" {{(pid=102318) _check_extension /opt/stack/neutron/neutron/api/extensions.py:415}}
Apr 02 05:48:45.062814 np0000162733 devstack@neutron-api.service[102318]: INFO neutron.api.extensions [None req-2736a2d6-7783-4621-ac62-80cfd9aaaed9 None None] Loaded extension: floatingip-pools
Apr 02 05:48:45.062903 np0000162733 devstack@neutron-api.service[102318]: DEBUG neutron.api.extensions [None req-2736a2d6-7783-4621-ac62-80cfd9aaaed9 None None] Loading extension file: ip_allocation.py {{(pid=102318) _load_all_extensions_from_path /opt/stack/neutron/neutron/api/extensions.py:449}}
Apr 02 05:48:45.063146 np0000162733 devstack@neutron-api.service[102318]: DEBUG neutron.api.extensions [None req-2736a2d6-7783-4621-ac62-80cfd9aaaed9 None None] Ext name="IP Allocation" alias="ip_allocation" description="IP allocation extension." updated="2016-06-10T23:00:00-00:00" {{(pid=102318) _check_extension /opt/stack/neutron/neutron/api/extensions.py:415}}
Apr 02 05:48:45.063311 np0000162733 devstack@neutron-api.service[102318]: INFO neutron.api.extensions [None req-2736a2d6-7783-4621-ac62-80cfd9aaaed9 None None] Extension ip_allocation not supported by any of loaded plugins
Apr 02 05:48:45.063404 np0000162733 devstack@neutron-api.service[102318]: DEBUG neutron.api.extensions [None req-2736a2d6-7783-4621-ac62-80cfd9aaaed9 None None] Loading extension file: ip_substring_port_filtering.py {{(pid=102318) _load_all_extensions_from_path /opt/stack/neutron/neutron/api/extensions.py:449}}
Apr 02 05:48:45.063663 np0000162733 devstack@neutron-api.service[102318]: DEBUG neutron.api.extensions [None req-2736a2d6-7783-4621-ac62-80cfd9aaaed9 None None] Ext name="IP address substring filtering" alias="ip-substring-filtering" description="Provides IP address substring filtering when listing ports" updated="2017-11-28T09:00:00-00:00" {{(pid=102318) _check_extension /opt/stack/neutron/neutron/api/extensions.py:415}}
Apr 02 05:48:45.063838 np0000162733 devstack@neutron-api.service[102318]: INFO neutron.api.extensions [None req-2736a2d6-7783-4621-ac62-80cfd9aaaed9 None None] Extension ip-substring-filtering not supported by any of loaded plugins
Apr 02 05:48:45.063925 np0000162733 devstack@neutron-api.service[102317]: DEBUG neutron.plugins.ml2.plugin [None req-b8cc2d39-7b01-4f19-b0c8-5afbcc58eb9a None None] neutron.plugins.ml2.plugin.Ml2Plugin method _start_rpc_notifiers called with arguments () {} {{(pid=102317) wrapper /opt/stack/data/venv/lib/python3.12/site-packages/oslo_log/helpers.py:77}}
Apr 02 05:48:45.063968 np0000162733 devstack@neutron-api.service[102318]: DEBUG neutron.api.extensions [None req-2736a2d6-7783-4621-ac62-80cfd9aaaed9 None None] Loading extension file: l2_adjacency.py {{(pid=102318) _load_all_extensions_from_path /opt/stack/neutron/neutron/api/extensions.py:449}}
Apr 02 05:48:45.064216 np0000162733 devstack@neutron-api.service[102317]: DEBUG neutron_lib.callbacks.manager [None req-b8cc2d39-7b01-4f19-b0c8-5afbcc58eb9a None None] Subscribe: > port after_create 55550000, False {{(pid=102317) subscribe /opt/stack/data/venv/lib/python3.12/site-packages/neutron_lib/callbacks/manager.py:52}}
Apr 02 05:48:45.064331 np0000162733 devstack@neutron-api.service[102317]: DEBUG neutron_lib.callbacks.manager [None req-b8cc2d39-7b01-4f19-b0c8-5afbcc58eb9a None None] Subscribe: > port after_update 55550000, False {{(pid=102317) subscribe /opt/stack/data/venv/lib/python3.12/site-packages/neutron_lib/callbacks/manager.py:52}}
Apr 02 05:48:45.064443 np0000162733 devstack@neutron-api.service[102317]: DEBUG neutron_lib.callbacks.manager [None req-b8cc2d39-7b01-4f19-b0c8-5afbcc58eb9a None None] Subscribe: > port after_delete 55550000, False {{(pid=102317) subscribe /opt/stack/data/venv/lib/python3.12/site-packages/neutron_lib/callbacks/manager.py:52}}
Apr 02 05:48:45.064503 np0000162733 devstack@neutron-api.service[102318]: DEBUG neutron.api.extensions [None req-2736a2d6-7783-4621-ac62-80cfd9aaaed9 None None] Ext name="L2 Adjacency" alias="l2_adjacency" description="Display L2 Adjacency for Neutron Networks." updated="2016-04-12T16:00:00-00:00" {{(pid=102318) _check_extension /opt/stack/neutron/neutron/api/extensions.py:415}}
Apr 02 05:48:45.064584 np0000162733 devstack@neutron-api.service[102317]: DEBUG neutron_lib.callbacks.manager [None req-b8cc2d39-7b01-4f19-b0c8-5afbcc58eb9a None None] Subscribe: > subnet after_create 55550000, False {{(pid=102317) subscribe /opt/stack/data/venv/lib/python3.12/site-packages/neutron_lib/callbacks/manager.py:52}}
Apr 02 05:48:45.064679 np0000162733 devstack@neutron-api.service[102318]: INFO neutron.api.extensions [None req-2736a2d6-7783-4621-ac62-80cfd9aaaed9 None None] Extension l2_adjacency not supported by any of loaded plugins
Apr 02 05:48:45.064720 np0000162733 devstack@neutron-api.service[102317]: DEBUG neutron_lib.callbacks.manager [None req-b8cc2d39-7b01-4f19-b0c8-5afbcc58eb9a None None] Subscribe: > subnet after_update 55550000, False {{(pid=102317) subscribe /opt/stack/data/venv/lib/python3.12/site-packages/neutron_lib/callbacks/manager.py:52}}
Apr 02 05:48:45.064961 np0000162733 devstack@neutron-api.service[102317]: DEBUG neutron_lib.callbacks.manager [None req-b8cc2d39-7b01-4f19-b0c8-5afbcc58eb9a None None] Subscribe: > subnet after_delete 55550000, False {{(pid=102317) subscribe /opt/stack/data/venv/lib/python3.12/site-packages/neutron_lib/callbacks/manager.py:52}}
Apr 02 05:48:45.065019 np0000162733 devstack@neutron-api.service[102318]: DEBUG neutron.api.extensions [None req-2736a2d6-7783-4621-ac62-80cfd9aaaed9 None None] Loading extension file: l3.py {{(pid=102318) _load_all_extensions_from_path /opt/stack/neutron/neutron/api/extensions.py:449}}
Apr 02 05:48:45.065070 np0000162733 devstack@neutron-api.service[102317]: DEBUG neutron_lib.callbacks.manager [None req-b8cc2d39-7b01-4f19-b0c8-5afbcc58eb9a None None] Subscribe: > network after_create 55550000, False {{(pid=102317) subscribe /opt/stack/data/venv/lib/python3.12/site-packages/neutron_lib/callbacks/manager.py:52}}
Apr 02 05:48:45.065154 np0000162733 devstack@neutron-api.service[102317]: DEBUG neutron_lib.callbacks.manager [None req-b8cc2d39-7b01-4f19-b0c8-5afbcc58eb9a None None] Subscribe: > network after_update 55550000, False {{(pid=102317) subscribe /opt/stack/data/venv/lib/python3.12/site-packages/neutron_lib/callbacks/manager.py:52}}
Apr 02 05:48:45.065254 np0000162733 devstack@neutron-api.service[102317]: DEBUG neutron_lib.callbacks.manager [None req-b8cc2d39-7b01-4f19-b0c8-5afbcc58eb9a None None] Subscribe: > network after_delete 55550000, False {{(pid=102317) subscribe /opt/stack/data/venv/lib/python3.12/site-packages/neutron_lib/callbacks/manager.py:52}}
Apr 02 05:48:45.065352 np0000162733 devstack@neutron-api.service[102317]: DEBUG neutron_lib.callbacks.manager [None req-b8cc2d39-7b01-4f19-b0c8-5afbcc58eb9a None None] Subscribe: > security_group after_create 55550000, False {{(pid=102317) subscribe /opt/stack/data/venv/lib/python3.12/site-packages/neutron_lib/callbacks/manager.py:52}}
Apr 02 05:48:45.065391 np0000162733 devstack@neutron-api.service[102318]: DEBUG neutron.api.extensions [None req-2736a2d6-7783-4621-ac62-80cfd9aaaed9 None None] Ext name="Neutron L3 Router" alias="router" description="Router abstraction for basic L3 forwarding between L2 Neutron networks and access to external networks via a NAT gateway." updated="2012-07-20T10:00:00-00:00" {{(pid=102318) _check_extension /opt/stack/neutron/neutron/api/extensions.py:415}}
Apr 02 05:48:45.065504 np0000162733 devstack@neutron-api.service[102317]: DEBUG neutron_lib.callbacks.manager [None req-b8cc2d39-7b01-4f19-b0c8-5afbcc58eb9a None None] Subscribe: > security_group after_update 55550000, False {{(pid=102317) subscribe /opt/stack/data/venv/lib/python3.12/site-packages/neutron_lib/callbacks/manager.py:52}}
Apr 02 05:48:45.065604 np0000162733 devstack@neutron-api.service[102317]: DEBUG neutron_lib.callbacks.manager [None req-b8cc2d39-7b01-4f19-b0c8-5afbcc58eb9a None None] Subscribe: > security_group after_delete 55550000, False {{(pid=102317) subscribe /opt/stack/data/venv/lib/python3.12/site-packages/neutron_lib/callbacks/manager.py:52}}
Apr 02 05:48:45.065641 np0000162733 devstack@neutron-api.service[102318]: INFO neutron.api.extensions [None req-2736a2d6-7783-4621-ac62-80cfd9aaaed9 None None] Loaded extension: router
Apr 02 05:48:45.065706 np0000162733 devstack@neutron-api.service[102317]: DEBUG neutron_lib.callbacks.manager [None req-b8cc2d39-7b01-4f19-b0c8-5afbcc58eb9a None None] Subscribe: > security_group_rule after_create 55550000, False {{(pid=102317) subscribe /opt/stack/data/venv/lib/python3.12/site-packages/neutron_lib/callbacks/manager.py:52}}
Apr 02 05:48:45.065741 np0000162733 devstack@neutron-api.service[102318]: DEBUG neutron.api.extensions [None req-2736a2d6-7783-4621-ac62-80cfd9aaaed9 None None] Loading extension file: l3_conntrack_helper.py {{(pid=102318) _load_all_extensions_from_path /opt/stack/neutron/neutron/api/extensions.py:449}}
Apr 02 05:48:45.065872 np0000162733 devstack@neutron-api.service[102317]: DEBUG neutron_lib.callbacks.manager [None req-b8cc2d39-7b01-4f19-b0c8-5afbcc58eb9a None None] Subscribe: > security_group_rule after_update 55550000, False {{(pid=102317) subscribe /opt/stack/data/venv/lib/python3.12/site-packages/neutron_lib/callbacks/manager.py:52}}
Apr 02 05:48:45.065936 np0000162733 devstack@neutron-api.service[102317]: DEBUG neutron_lib.callbacks.manager [None req-b8cc2d39-7b01-4f19-b0c8-5afbcc58eb9a None None] Subscribe: > security_group_rule after_delete 55550000, False {{(pid=102317) subscribe /opt/stack/data/venv/lib/python3.12/site-packages/neutron_lib/callbacks/manager.py:52}}
Apr 02 05:48:45.066010 np0000162733 devstack@neutron-api.service[102317]: DEBUG neutron_lib.callbacks.manager [None req-b8cc2d39-7b01-4f19-b0c8-5afbcc58eb9a None None] Subscribe: > address_group after_create 55550000, False {{(pid=102317) subscribe /opt/stack/data/venv/lib/python3.12/site-packages/neutron_lib/callbacks/manager.py:52}}
Apr 02 05:48:45.066110 np0000162733 devstack@neutron-api.service[102317]: DEBUG neutron_lib.callbacks.manager [None req-b8cc2d39-7b01-4f19-b0c8-5afbcc58eb9a None None] Subscribe: > address_group after_update 55550000, False {{(pid=102317) subscribe /opt/stack/data/venv/lib/python3.12/site-packages/neutron_lib/callbacks/manager.py:52}}
Apr 02 05:48:45.066206 np0000162733 devstack@neutron-api.service[102317]: DEBUG neutron_lib.callbacks.manager [None req-b8cc2d39-7b01-4f19-b0c8-5afbcc58eb9a None None] Subscribe: > address_group after_delete 55550000, False {{(pid=102317) subscribe /opt/stack/data/venv/lib/python3.12/site-packages/neutron_lib/callbacks/manager.py:52}}
Apr 02 05:48:45.066308 np0000162733 devstack@neutron-api.service[102317]: DEBUG neutron.plugins.ml2.ovo_rpc [None req-b8cc2d39-7b01-4f19-b0c8-5afbcc58eb9a None None] ML2 OVO RPC backend initialized. {{(pid=102317) __init__ /opt/stack/neutron/neutron/plugins/ml2/ovo_rpc.py:117}}
Apr 02 05:48:45.066374 np0000162733 devstack@neutron-api.service[102318]: DEBUG neutron.api.extensions [None req-2736a2d6-7783-4621-ac62-80cfd9aaaed9 None None] Ext name="L3 Conntrack helper" alias="l3-conntrack-helper" description="Allow adding CT target rules for conntrack helper" updated="2019-04-04T10:00:00-00:00" {{(pid=102318) _check_extension /opt/stack/neutron/neutron/api/extensions.py:415}}
Apr 02 05:48:45.066555 np0000162733 devstack@neutron-api.service[102318]: INFO neutron.api.extensions [None req-2736a2d6-7783-4621-ac62-80cfd9aaaed9 None None] Extension l3-conntrack-helper not supported by any of loaded plugins
Apr 02 05:48:45.066646 np0000162733 devstack@neutron-api.service[102318]: DEBUG neutron.api.extensions [None req-2736a2d6-7783-4621-ac62-80cfd9aaaed9 None None] Loading extension file: l3_enable_default_route_bfd.py {{(pid=102318) _load_all_extensions_from_path /opt/stack/neutron/neutron/api/extensions.py:449}}
