May 07 03:41:22.814758 np0000172407 devstack@neutron-api.service[103328]: DEBUG ovsdbapp.backend.ovs_idl.transaction [None req-a2368f4b-e8d8-44b4-8479-42f012dc0afa None None] Running txn n=1 command(idx=2): PgAclAddCommand(_result=None, entity=pg_e2bb07eb_2928_49bd_832e_effe8bf7275d, direction=to-lport, priority=1002, match=outport == @pg_e2bb07eb_2928_49bd_832e_effe8bf7275d && ip6 && ip6.src == $pg_e2bb07eb_2928_49bd_832e_effe8bf7275d_ip6, action=allow-related, log=False, may_exist=True, severity=[], name=[], meter=[], external_ids={'neutron:security_group_rule_id': '7717cc29-5c7f-47b1-8768-65ea54fb1b60'}) {{(pid=103328) do_commit /opt/stack/data/venv/lib/python3.12/site-packages/ovsdbapp/backend/ovs_idl/transaction.py:89}}
May 07 03:41:22.815029 np0000172407 devstack@neutron-api.service[103328]: DEBUG ovsdbapp.backend.ovs_idl.transaction [None req-a2368f4b-e8d8-44b4-8479-42f012dc0afa None None] Running txn n=1 command(idx=3): PgAclAddCommand(_result=None, entity=pg_e2bb07eb_2928_49bd_832e_effe8bf7275d, direction=from-lport, priority=1002, match=inport == @pg_e2bb07eb_2928_49bd_832e_effe8bf7275d && ip4, action=allow-related, log=False, may_exist=True, severity=[], name=[], meter=[], external_ids={'neutron:security_group_rule_id': '8c4604e9-5864-4173-883e-6b6dc8a42e55'}) {{(pid=103328) do_commit /opt/stack/data/venv/lib/python3.12/site-packages/ovsdbapp/backend/ovs_idl/transaction.py:89}}
May 07 03:41:22.815270 np0000172407 devstack@neutron-api.service[103328]: DEBUG ovsdbapp.backend.ovs_idl.transaction [None req-a2368f4b-e8d8-44b4-8479-42f012dc0afa None None] Running txn n=1 command(idx=4): PgAclAddCommand(_result=None, entity=pg_e2bb07eb_2928_49bd_832e_effe8bf7275d, direction=to-lport, priority=1002, match=outport == @pg_e2bb07eb_2928_49bd_832e_effe8bf7275d && ip4 && ip4.src == $pg_e2bb07eb_2928_49bd_832e_effe8bf7275d_ip4, action=allow-related, log=False, may_exist=True, severity=[], name=[], meter=[], external_ids={'neutron:security_group_rule_id': 'a6d49627-377f-4888-8d51-03d94b929b1d'}) {{(pid=103328) do_commit /opt/stack/data/venv/lib/python3.12/site-packages/ovsdbapp/backend/ovs_idl/transaction.py:89}}
May 07 03:41:22.864395 np0000172407 devstack@neutron-api.service[103328]: DEBUG neutron.plugins.ml2.drivers.ovn.mech_driver.ovsdb.ovsdb_monitor [None req-a2368f4b-e8d8-44b4-8479-42f012dc0afa None None] Touching Hash Ring node "3516665f700458828226ee533df516e7" from IDL notify handler {{(pid=103328) notify /opt/stack/neutron/neutron/plugins/ml2/drivers/ovn/mech_driver/ovsdb/ovsdb_monitor.py:934}}
May 07 03:41:22.864791 np0000172407 devstack@neutron-api.service[103326]: DEBUG neutron.plugins.ml2.drivers.ovn.mech_driver.ovsdb.ovsdb_monitor [None req-11fe9a76-1a55-4ebb-91fe-927956034a5c None None] Touching Hash Ring node "cb66f050ae3150a1a8a9c75de217e300" from IDL notify handler {{(pid=103326) notify /opt/stack/neutron/neutron/plugins/ml2/drivers/ovn/mech_driver/ovsdb/ovsdb_monitor.py:934}}
May 07 03:41:22.864852 np0000172407 devstack@neutron-api.service[103329]: DEBUG neutron.plugins.ml2.drivers.ovn.mech_driver.ovsdb.ovsdb_monitor [None req-f83b8509-f03d-4786-81c7-df9387737f36 None None] Touching Hash Ring node "65f24589d6645a89ad002d2de0da4418" from IDL notify handler {{(pid=103329) notify /opt/stack/neutron/neutron/plugins/ml2/drivers/ovn/mech_driver/ovsdb/ovsdb_monitor.py:934}}
May 07 03:41:22.865099 np0000172407 devstack@neutron-api.service[103327]: DEBUG neutron.plugins.ml2.drivers.ovn.mech_driver.ovsdb.ovsdb_monitor [None req-842518b4-6f0c-4b92-91c8-0feaf539b15f None None] Touching Hash Ring node "a65606045afd5c3eb8d87ee7aa1900d2" from IDL notify handler {{(pid=103327) notify /opt/stack/neutron/neutron/plugins/ml2/drivers/ovn/mech_driver/ovsdb/ovsdb_monitor.py:934}}
May 07 03:41:22.872728 np0000172407 devstack@neutron-api.service[103328]: DEBUG neutron.plugins.ml2.drivers.ovn.mech_driver.ovsdb.ovsdb_monitor [None req-a2368f4b-e8d8-44b4-8479-42f012dc0afa None None] Hash Ring: Node 3516665f700458828226ee533df516e7 (host: np0000172407) handling event "create" for row 92e78125-e64c-4c3e-8295-807298504ae7 (table: ACL) {{(pid=103328) notify /opt/stack/neutron/neutron/plugins/ml2/drivers/ovn/mech_driver/ovsdb/ovsdb_monitor.py:942}}
May 07 03:41:22.873248 np0000172407 devstack@neutron-api.service[103327]: DEBUG neutron.plugins.ml2.drivers.ovn.mech_driver.ovsdb.ovsdb_monitor [None req-842518b4-6f0c-4b92-91c8-0feaf539b15f None None] Hash Ring: Node a65606045afd5c3eb8d87ee7aa1900d2 (host: np0000172407) handling event "create" for row 2f887c7b-cede-4e05-b71b-b6e4ad0a87b9 (table: ACL) {{(pid=103327) notify /opt/stack/neutron/neutron/plugins/ml2/drivers/ovn/mech_driver/ovsdb/ovsdb_monitor.py:942}}
May 07 03:41:22.873440 np0000172407 devstack@neutron-api.service[103329]: DEBUG neutron.plugins.ml2.drivers.ovn.mech_driver.ovsdb.ovsdb_monitor [None req-f83b8509-f03d-4786-81c7-df9387737f36 None None] Hash Ring: Node 65f24589d6645a89ad002d2de0da4418 (host: np0000172407) handling event "create" for row a7ba6e17-8616-4807-b40f-4e96f9aa024f (table: ACL) {{(pid=103329) notify /opt/stack/neutron/neutron/plugins/ml2/drivers/ovn/mech_driver/ovsdb/ovsdb_monitor.py:942}}
May 07 03:41:22.873639 np0000172407 devstack@neutron-api.service[103326]: DEBUG neutron.plugins.ml2.drivers.ovn.mech_driver.ovsdb.ovsdb_monitor [None req-11fe9a76-1a55-4ebb-91fe-927956034a5c None None] Hash Ring: Node cb66f050ae3150a1a8a9c75de217e300 (host: np0000172407) handling event "create" for row 222b807b-4e3c-4ead-839a-de55c511564e (table: ACL) {{(pid=103326) notify /opt/stack/neutron/neutron/plugins/ml2/drivers/ovn/mech_driver/ovsdb/ovsdb_monitor.py:942}}
May 07 03:41:22.873801 np0000172407 devstack@neutron-api.service[103328]: DEBUG neutron.plugins.ml2.drivers.ovn.mech_driver.ovsdb.ovsdb_monitor [None req-a2368f4b-e8d8-44b4-8479-42f012dc0afa None None] Touching Hash Ring node "3516665f700458828226ee533df516e7" from IDL notify handler {{(pid=103328) notify /opt/stack/neutron/neutron/plugins/ml2/drivers/ovn/mech_driver/ovsdb/ovsdb_monitor.py:934}}
May 07 03:41:22.876477 np0000172407 devstack@neutron-api.service[103328]: DEBUG neutron.plugins.ml2.drivers.ovn.mech_driver.ovsdb.ovsdb_monitor [None req-a2368f4b-e8d8-44b4-8479-42f012dc0afa None None] Hash Ring: Node 3516665f700458828226ee533df516e7 (host: np0000172407) handling event "create" for row fa84fb00-6871-425c-a523-6e01f284a930 (table: Port_Group) {{(pid=103328) notify /opt/stack/neutron/neutron/plugins/ml2/drivers/ovn/mech_driver/ovsdb/ovsdb_monitor.py:942}}
May 07 03:41:22.892203 np0000172407 devstack@neutron-api.service[103328]: INFO neutron.db.ovn_revision_numbers_db [None req-33c957ff-a619-4bcc-af7c-80b96dc0e766 admin admin] Successfully bumped revision number for resource e2bb07eb-2928-49bd-832e-effe8bf7275d (type: security_groups) to 1
May 07 03:41:22.901831 np0000172407 devstack@neutron-api.service[103328]: INFO neutron.db.ovn_revision_numbers_db [None req-33c957ff-a619-4bcc-af7c-80b96dc0e766 admin admin] Successfully bumped revision number for resource 326bbc45-7a66-4bfe-939d-ab40f6d4076e (type: security_group_rules) to 0
May 07 03:41:22.912557 np0000172407 devstack@neutron-api.service[103328]: INFO neutron.db.ovn_revision_numbers_db [None req-33c957ff-a619-4bcc-af7c-80b96dc0e766 admin admin] Successfully bumped revision number for resource 7717cc29-5c7f-47b1-8768-65ea54fb1b60 (type: security_group_rules) to 0
May 07 03:41:22.923587 np0000172407 devstack@neutron-api.service[103328]: INFO neutron.db.ovn_revision_numbers_db [None req-33c957ff-a619-4bcc-af7c-80b96dc0e766 admin admin] Successfully bumped revision number for resource 8c4604e9-5864-4173-883e-6b6dc8a42e55 (type: security_group_rules) to 0
May 07 03:41:22.934291 np0000172407 devstack@neutron-api.service[103328]: INFO neutron.db.ovn_revision_numbers_db [None req-33c957ff-a619-4bcc-af7c-80b96dc0e766 admin admin] Successfully bumped revision number for resource a6d49627-377f-4888-8d51-03d94b929b1d (type: security_group_rules) to 0
May 07 03:41:22.953886 np0000172407 devstack@neutron-api.service[103328]: DEBUG neutron.api.rpc.handlers.resources_rpc [None req-33c957ff-a619-4bcc-af7c-80b96dc0e766 admin admin] Pushing event updated for resources: {'SecurityGroup': ['ID=e2bb07eb-2928-49bd-832e-effe8bf7275d,revision_number=1']} {{(pid=103328) push /opt/stack/neutron/neutron/api/rpc/handlers/resources_rpc.py:237}}
May 07 03:41:22.958409 np0000172407 devstack@neutron-api.service[103328]: DEBUG ovsdbapp.backend.ovs_idl.transaction [None req-a2368f4b-e8d8-44b4-8479-42f012dc0afa None None] Running txn n=1 command(idx=0): CheckLivenessCommand(_result=None) {{(pid=103328) do_commit /opt/stack/data/venv/lib/python3.12/site-packages/ovsdbapp/backend/ovs_idl/transaction.py:89}}
May 07 03:41:22.961255 np0000172407 devstack@neutron-api.service[103328]: DEBUG neutron.plugins.ml2.drivers.ovn.mech_driver.ovsdb.ovsdb_monitor [None req-a2368f4b-e8d8-44b4-8479-42f012dc0afa None None] Touching Hash Ring node "3516665f700458828226ee533df516e7" from IDL notify handler {{(pid=103328) notify /opt/stack/neutron/neutron/plugins/ml2/drivers/ovn/mech_driver/ovsdb/ovsdb_monitor.py:934}}
May 07 03:41:22.965096 np0000172407 devstack@neutron-api.service[103328]: DEBUG neutron.plugins.ml2.drivers.ovn.mech_driver.ovsdb.ovsdb_monitor [None req-a2368f4b-e8d8-44b4-8479-42f012dc0afa None None] Hash Ring: Node 3516665f700458828226ee533df516e7 (host: np0000172407) handling event "update" for row c4f3d74c-9a36-41dc-a03f-e08b04356655 (table: NB_Global) {{(pid=103328) notify /opt/stack/neutron/neutron/plugins/ml2/drivers/ovn/mech_driver/ovsdb/ovsdb_monitor.py:942}}
May 07 03:41:22.967188 np0000172407 devstack@neutron-api.service[103329]: DEBUG neutron.plugins.ml2.drivers.ovn.mech_driver.ovsdb.ovsdb_monitor [None req-6e8855e8-870d-400b-a96f-558b02daf3c8 None None] ChassisAgentWriteEvent : Matched Chassis_Private, update, None None {{(pid=103329) matches /opt/stack/neutron/neutron/plugins/ml2/drivers/ovn/mech_driver/ovsdb/ovsdb_monitor.py:64}}
May 07 03:41:22.967830 np0000172407 devstack@neutron-api.service[103326]: DEBUG neutron.plugins.ml2.drivers.ovn.mech_driver.ovsdb.ovsdb_monitor [None req-68c30cdf-0bb3-4ef9-81ee-c700c0af13a1 None None] ChassisAgentWriteEvent : Matched Chassis_Private, update, None None {{(pid=103326) matches /opt/stack/neutron/neutron/plugins/ml2/drivers/ovn/mech_driver/ovsdb/ovsdb_monitor.py:64}}
May 07 03:41:22.967975 np0000172407 devstack@neutron-api.service[103328]: DEBUG neutron.plugins.ml2.drivers.ovn.mech_driver.ovsdb.ovsdb_monitor [None req-200f5569-ea86-49d0-8c08-1df3adb5419e None None] ChassisAgentWriteEvent : Matched Chassis_Private, update, None None {{(pid=103328) matches /opt/stack/neutron/neutron/plugins/ml2/drivers/ovn/mech_driver/ovsdb/ovsdb_monitor.py:64}}
May 07 03:41:22.968167 np0000172407 devstack@neutron-api.service[103327]: DEBUG neutron.plugins.ml2.drivers.ovn.mech_driver.ovsdb.ovsdb_monitor [None req-feaf5244-73bb-4d65-bb2e-db3c043102a0 None None] ChassisAgentWriteEvent : Matched Chassis_Private, update, None None {{(pid=103327) matches /opt/stack/neutron/neutron/plugins/ml2/drivers/ovn/mech_driver/ovsdb/ovsdb_monitor.py:64}}
May 07 03:41:22.970553 np0000172407 devstack@neutron-api.service[103328]: DEBUG neutron.plugins.ml2.drivers.ovn.mech_driver.ovsdb.ovsdb_monitor [None req-a2368f4b-e8d8-44b4-8479-42f012dc0afa None None] Touching Hash Ring node "3516665f700458828226ee533df516e7" from IDL notify handler {{(pid=103328) notify /opt/stack/neutron/neutron/plugins/ml2/drivers/ovn/mech_driver/ovsdb/ovsdb_monitor.py:934}}
May 07 03:41:22.975384 np0000172407 devstack@neutron-api.service[103326]: DEBUG neutron.common.ovn.hash_ring_manager [None req-68c30cdf-0bb3-4ef9-81ee-c700c0af13a1 None None] Hash Ring loaded. 4 active nodes. 0 offline nodes {{(pid=103326) _load_hash_ring /opt/stack/neutron/neutron/common/ovn/hash_ring_manager.py:102}}
May 07 03:41:22.976306 np0000172407 devstack@neutron-api.service[103329]: DEBUG neutron.common.ovn.hash_ring_manager [None req-6e8855e8-870d-400b-a96f-558b02daf3c8 None None] Hash Ring loaded. 4 active nodes. 0 offline nodes {{(pid=103329) _load_hash_ring /opt/stack/neutron/neutron/common/ovn/hash_ring_manager.py:102}}
May 07 03:41:22.977690 np0000172407 devstack@neutron-api.service[103328]: DEBUG neutron.plugins.ml2.drivers.ovn.mech_driver.ovsdb.ovsdb_monitor [None req-a2368f4b-e8d8-44b4-8479-42f012dc0afa None None] Hash Ring: Node 3516665f700458828226ee533df516e7 (host: np0000172407) handling event "update" for row c4f3d74c-9a36-41dc-a03f-e08b04356655 (table: NB_Global) {{(pid=103328) notify /opt/stack/neutron/neutron/plugins/ml2/drivers/ovn/mech_driver/ovsdb/ovsdb_monitor.py:942}}
May 07 03:41:22.979380 np0000172407 devstack@neutron-api.service[103328]: DEBUG neutron.common.ovn.hash_ring_manager [None req-200f5569-ea86-49d0-8c08-1df3adb5419e None None] Hash Ring loaded. 4 active nodes. 0 offline nodes {{(pid=103328) _load_hash_ring /opt/stack/neutron/neutron/common/ovn/hash_ring_manager.py:102}}
May 07 03:41:22.979668 np0000172407 devstack@neutron-api.service[103327]: DEBUG neutron.common.ovn.hash_ring_manager [None req-feaf5244-73bb-4d65-bb2e-db3c043102a0 None None] Hash Ring loaded. 4 active nodes. 0 offline nodes {{(pid=103327) _load_hash_ring /opt/stack/neutron/neutron/common/ovn/hash_ring_manager.py:102}}
May 07 03:41:22.979896 np0000172407 devstack@neutron-api.service[103327]: DEBUG neutron.plugins.ml2.drivers.ovn.mech_driver.ovsdb.ovsdb_monitor [None req-feaf5244-73bb-4d65-bb2e-db3c043102a0 None None] Hash Ring: Node a65606045afd5c3eb8d87ee7aa1900d2 (host: np0000172407) handling event "update" for row 67a48fe5-0fb4-4239-84fd-08e0c41a5200 (table: Chassis_Private) {{(pid=103327) notify /opt/stack/neutron/neutron/plugins/ml2/drivers/ovn/mech_driver/ovsdb/ovsdb_monitor.py:942}}
May 07 03:41:22.980184 np0000172407 devstack@neutron-api.service[103328]: DEBUG neutron.plugins.ml2.drivers.ovn.mech_driver.ovsdb.ovsdb_monitor [None req-a2368f4b-e8d8-44b4-8479-42f012dc0afa None None] Touching Hash Ring node "3516665f700458828226ee533df516e7" from IDL notify handler {{(pid=103328) notify /opt/stack/neutron/neutron/plugins/ml2/drivers/ovn/mech_driver/ovsdb/ovsdb_monitor.py:934}}
May 07 03:41:22.982727 np0000172407 devstack@neutron-api.service[103328]: DEBUG neutron.plugins.ml2.drivers.ovn.mech_driver.ovsdb.ovsdb_monitor [None req-a2368f4b-e8d8-44b4-8479-42f012dc0afa None None] Hash Ring: Node 3516665f700458828226ee533df516e7 (host: np0000172407) handling event "update" for row c4f3d74c-9a36-41dc-a03f-e08b04356655 (table: NB_Global) {{(pid=103328) notify /opt/stack/neutron/neutron/plugins/ml2/drivers/ovn/mech_driver/ovsdb/ovsdb_monitor.py:942}}
May 07 03:41:22.984115 np0000172407 devstack@neutron-api.service[103328]: DEBUG neutron.plugins.ml2.drivers.ovn.mech_driver.ovsdb.ovsdb_monitor [None req-a2368f4b-e8d8-44b4-8479-42f012dc0afa None None] Touching Hash Ring node "3516665f700458828226ee533df516e7" from IDL notify handler {{(pid=103328) notify /opt/stack/neutron/neutron/plugins/ml2/drivers/ovn/mech_driver/ovsdb/ovsdb_monitor.py:934}}
May 07 03:41:22.988050 np0000172407 devstack@neutron-api.service[103328]: DEBUG neutron.plugins.ml2.drivers.ovn.mech_driver.ovsdb.ovsdb_monitor [None req-a2368f4b-e8d8-44b4-8479-42f012dc0afa None None] Hash Ring: Node 3516665f700458828226ee533df516e7 (host: np0000172407) handling event "update" for row c4f3d74c-9a36-41dc-a03f-e08b04356655 (table: NB_Global) {{(pid=103328) notify /opt/stack/neutron/neutron/plugins/ml2/drivers/ovn/mech_driver/ovsdb/ovsdb_monitor.py:942}}
May 07 03:41:22.990926 np0000172407 devstack@neutron-api.service[103328]: DEBUG neutron.api.rpc.callbacks.version_manager [None req-33c957ff-a619-4bcc-af7c-80b96dc0e766 admin admin] Tracked resource versions report:
May 07 03:41:22.990926 np0000172407 devstack@neutron-api.service[103328]: pushed versions:
May 07 03:41:22.990926 np0000172407 devstack@neutron-api.service[103328]: { 'AddressGroup': {'1.2'},
May 07 03:41:22.990926 np0000172407 devstack@neutron-api.service[103328]: 'Agent': {'1.1'},
May 07 03:41:22.990926 np0000172407 devstack@neutron-api.service[103328]: 'ConntrackHelper': {'1.0'},
May 07 03:41:22.990926 np0000172407 devstack@neutron-api.service[103328]: 'LocalIPAssociation': {'1.0'},
May 07 03:41:22.990926 np0000172407 devstack@neutron-api.service[103328]: 'Log': {'1.0'},
May 07 03:41:22.990926 np0000172407 devstack@neutron-api.service[103328]: 'NDPProxy': {'1.0'},
May 07 03:41:22.990926 np0000172407 devstack@neutron-api.service[103328]: 'Network': {'1.2'},
May 07 03:41:22.990926 np0000172407 devstack@neutron-api.service[103328]: 'Port': {'1.10'},
May 07 03:41:22.990926 np0000172407 devstack@neutron-api.service[103328]: 'PortForwarding': {'1.3'},
May 07 03:41:22.990926 np0000172407 devstack@neutron-api.service[103328]: 'QosPolicy': {'1.10'},
May 07 03:41:22.990926 np0000172407 devstack@neutron-api.service[103328]: 'SecurityGroup': {'1.6'},
May 07 03:41:22.990926 np0000172407 devstack@neutron-api.service[103328]: 'SecurityGroupRule': {'1.3'},
May 07 03:41:22.990926 np0000172407 devstack@neutron-api.service[103328]: 'SubPort': {'1.0'},
May 07 03:41:22.990926 np0000172407 devstack@neutron-api.service[103328]: 'Subnet': {'1.2'},
May 07 03:41:22.990926 np0000172407 devstack@neutron-api.service[103328]: 'Trunk': {'1.1'}}
May 07 03:41:22.990926 np0000172407 devstack@neutron-api.service[103328]: consumer versions:
May 07 03:41:22.990926 np0000172407 devstack@neutron-api.service[103328]: { OVN Controller Gateway agent@np0000172407: {},
May 07 03:41:22.990926 np0000172407 devstack@neutron-api.service[103328]: OVN Neutron agent@np0000172407: {}}
May 07 03:41:22.990926 np0000172407 devstack@neutron-api.service[103328]: {{(pid=103328) report /opt/stack/neutron/neutron/api/rpc/callbacks/version_manager.py:183}}
May 07 03:41:23.039031 np0000172407 devstack@neutron-api.service[103328]: DEBUG neutron.plugins.ml2.drivers.helpers [None req-33c957ff-a619-4bcc-af7c-80b96dc0e766 admin admin] geneve segment allocate from pool success with {'geneve_vni': 3343} {{(pid=103328) allocate_partially_specified_segment /opt/stack/neutron/neutron/plugins/ml2/drivers/helpers.py:142}}
May 07 03:41:23.047229 np0000172407 devstack@neutron-api.service[103328]: DEBUG neutron_lib.callbacks.manager [None req-33c957ff-a619-4bcc-af7c-80b96dc0e766 admin admin] Publish callbacks ['neutron.services.segments.db._add_segment_host_mapping_for_segment-8767942290606', 'neutron.plugins.ml2.plugin.Ml2Plugin._handle_segment_change-289850'] for segment (2addfe43-4c62-4c71-8c5d-d18702feb4fc), precommit_create {{(pid=103328) _notify_loop /opt/stack/data/venv/lib/python3.12/site-packages/neutron_lib/callbacks/manager.py:184}}
May 07 03:41:23.047445 np0000172407 devstack@neutron-api.service[103328]: INFO neutron.db.segments_db [None req-33c957ff-a619-4bcc-af7c-80b96dc0e766 admin admin] Added segment 2addfe43-4c62-4c71-8c5d-d18702feb4fc of type geneve for network f8ab8915-3e69-49cd-99e0-fec8868b5901
May 07 03:41:23.063493 np0000172407 devstack@neutron-api.service[103328]: DEBUG neutron_lib.callbacks.manager [None req-33c957ff-a619-4bcc-af7c-80b96dc0e766 admin admin] Publish callbacks ['neutron.services.auto_allocate.db._ensure_external_network_default_value_callback-8767940654060'] for network (f8ab8915-3e69-49cd-99e0-fec8868b5901), precommit_create {{(pid=103328) _notify_loop /opt/stack/data/venv/lib/python3.12/site-packages/neutron_lib/callbacks/manager.py:184}}
May 07 03:41:23.074719 np0000172407 devstack@neutron-api.service[103328]: DEBUG neutron.plugins.ml2.drivers.ovn.mech_driver.mech_driver [None req-33c957ff-a619-4bcc-af7c-80b96dc0e766 admin admin] Validating network segment with type geneve, segmentation ID 3343, physical network None {{(pid=103328) _validate_network_segments /opt/stack/neutron/neutron/plugins/ml2/drivers/ovn/mech_driver/mech_driver.py:641}}
May 07 03:41:23.074929 np0000172407 devstack@neutron-api.service[103328]: DEBUG neutron.db.ovn_revision_numbers_db [None req-33c957ff-a619-4bcc-af7c-80b96dc0e766 admin admin] create_initial_revision uuid=f8ab8915-3e69-49cd-99e0-fec8868b5901, type=networks, rev=-1 {{(pid=103328) create_initial_revision /opt/stack/neutron/neutron/db/ovn_revision_numbers_db.py:98}}
May 07 03:41:23.081822 np0000172407 devstack@neutron-api.service[103328]: DEBUG neutron_lib.callbacks.manager [None req-33c957ff-a619-4bcc-af7c-80b96dc0e766 admin admin] Publish callbacks ['neutron.plugins.ml2.ovo_rpc._ObjectChangeHandler.handle_event-1298367'] for network (f8ab8915-3e69-49cd-99e0-fec8868b5901), after_create {{(pid=103328) _notify_loop /opt/stack/data/venv/lib/python3.12/site-packages/neutron_lib/callbacks/manager.py:184}}
May 07 03:41:23.093879 np0000172407 devstack@neutron-api.service[103328]: DEBUG neutron.api.rpc.handlers.resources_rpc [None req-33c957ff-a619-4bcc-af7c-80b96dc0e766 admin admin] Pushing event updated for resources: {'Network': ['ID=f8ab8915-3e69-49cd-99e0-fec8868b5901,revision_number=1']} {{(pid=103328) push /opt/stack/neutron/neutron/api/rpc/handlers/resources_rpc.py:237}}
May 07 03:41:23.101712 np0000172407 devstack@neutron-api.service[103328]: DEBUG ovsdbapp.backend.ovs_idl.transaction [None req-a2368f4b-e8d8-44b4-8479-42f012dc0afa None None] Running txn n=1 command(idx=0): AddNetworkCommand(_result=None, network_uuid=f8ab8915-3e69-49cd-99e0-fec8868b5901, may_exist=True, columns={'external_ids': {'neutron:network_name': 'admin_net', 'neutron:mtu': '1372', 'neutron:revision_number': '1', 'neutron:availability_zone_hints': '', 'neutron:provnet-network-type': 'geneve'}, 'other_config': {'mcast_snoop': 'false', 'mcast_flood_unregistered': 'false', 'vlan-passthru': 'false'}}) {{(pid=103328) do_commit /opt/stack/data/venv/lib/python3.12/site-packages/ovsdbapp/backend/ovs_idl/transaction.py:89}}
May 07 03:41:23.108076 np0000172407 devstack@neutron-api.service[103328]: DEBUG neutron.plugins.ml2.drivers.ovn.mech_driver.ovsdb.ovsdb_monitor [None req-a2368f4b-e8d8-44b4-8479-42f012dc0afa None None] Touching Hash Ring node "3516665f700458828226ee533df516e7" from IDL notify handler {{(pid=103328) notify /opt/stack/neutron/neutron/plugins/ml2/drivers/ovn/mech_driver/ovsdb/ovsdb_monitor.py:934}}
May 07 03:41:23.112192 np0000172407 devstack@neutron-api.service[103328]: DEBUG neutron.plugins.ml2.drivers.ovn.mech_driver.ovsdb.ovsdb_monitor [None req-a2368f4b-e8d8-44b4-8479-42f012dc0afa None None] Hash Ring: Node 3516665f700458828226ee533df516e7 (host: np0000172407) handling event "create" for row f8ab8915-3e69-49cd-99e0-fec8868b5901 (table: Logical_Switch) {{(pid=103328) notify /opt/stack/neutron/neutron/plugins/ml2/drivers/ovn/mech_driver/ovsdb/ovsdb_monitor.py:942}}
May 07 03:41:23.112383 np0000172407 devstack@neutron-api.service[103326]: DEBUG neutron.plugins.ml2.drivers.ovn.mech_driver.ovsdb.ovsdb_monitor [None req-68c30cdf-0bb3-4ef9-81ee-c700c0af13a1 None None] Hash Ring: Node cb66f050ae3150a1a8a9c75de217e300 (host: np0000172407) handling event "create" for row 0b0abb78-1a04-4049-a50b-28edf2892e88 (table: Datapath_Binding) {{(pid=103326) notify /opt/stack/neutron/neutron/plugins/ml2/drivers/ovn/mech_driver/ovsdb/ovsdb_monitor.py:942}}
May 07 03:41:23.136024 np0000172407 devstack@neutron-api.service[103328]: INFO neutron.db.ovn_revision_numbers_db [None req-33c957ff-a619-4bcc-af7c-80b96dc0e766 admin admin] Successfully bumped revision number for resource f8ab8915-3e69-49cd-99e0-fec8868b5901 (type: networks) to 1
May 07 03:41:23.151222 np0000172407 devstack@neutron-api.service[103328]: DEBUG neutron_lib.callbacks.manager [None req-33c957ff-a619-4bcc-af7c-80b96dc0e766 admin admin] Publish callbacks ['neutron.plugins.ml2.plugin.SecurityGroupDbMixin._ensure_default_security_group_handler-13964'] for port (None), before_create {{(pid=103328) _notify_loop /opt/stack/data/venv/lib/python3.12/site-packages/neutron_lib/callbacks/manager.py:184}}
May 07 03:41:23.218491 np0000172407 devstack@neutron-api.service[103328]: DEBUG neutron_lib.callbacks.manager [None req-33c957ff-a619-4bcc-af7c-80b96dc0e766 admin admin] Publish callbacks ['neutron.plugins.ml2.drivers.ovn.mech_driver.mech_driver.OVNMechanismDriver._validate_allowed_address_pairs-199546'] for allowed_address_pair (0264284e-aca6-4f54-b34e-30629787a14f), before_create {{(pid=103328) _notify_loop /opt/stack/data/venv/lib/python3.12/site-packages/neutron_lib/callbacks/manager.py:184}}
May 07 03:41:23.219026 np0000172407 devstack@neutron-api.service[103328]: DEBUG neutron_lib.callbacks.manager [None req-33c957ff-a619-4bcc-af7c-80b96dc0e766 admin admin] Publish callbacks [] for port (0264284e-aca6-4f54-b34e-30629787a14f), precommit_create {{(pid=103328) _notify_loop /opt/stack/data/venv/lib/python3.12/site-packages/neutron_lib/callbacks/manager.py:184}}
May 07 03:41:23.219210 np0000172407 devstack@neutron-api.service[103328]: DEBUG neutron.plugins.ml2.drivers.ovn.mech_driver.mech_driver [None req-33c957ff-a619-4bcc-af7c-80b96dc0e766 admin admin] No provisioning block for port 0264284e-aca6-4f54-b34e-30629787a14f since it does not have a host {{(pid=103328) _is_port_provisioning_required /opt/stack/neutron/neutron/plugins/ml2/drivers/ovn/mech_driver/mech_driver.py:894}}
May 07 03:41:23.219307 np0000172407 devstack@neutron-api.service[103328]: DEBUG neutron.db.ovn_revision_numbers_db [None req-33c957ff-a619-4bcc-af7c-80b96dc0e766 admin admin] create_initial_revision uuid=0264284e-aca6-4f54-b34e-30629787a14f, type=ports, rev=-1 {{(pid=103328) create_initial_revision /opt/stack/neutron/neutron/db/ovn_revision_numbers_db.py:98}}
May 07 03:41:23.249643 np0000172407 devstack@neutron-api.service[103328]: DEBUG neutron_lib.callbacks.manager [None req-33c957ff-a619-4bcc-af7c-80b96dc0e766 admin admin] Publish callbacks ['neutron.plugins.ml2.ovo_rpc._ObjectChangeHandler.handle_event-1298251'] for port (0264284e-aca6-4f54-b34e-30629787a14f), after_create {{(pid=103328) _notify_loop /opt/stack/data/venv/lib/python3.12/site-packages/neutron_lib/callbacks/manager.py:184}}
May 07 03:41:23.279543 np0000172407 devstack@neutron-api.service[103328]: DEBUG neutron.api.rpc.handlers.resources_rpc [None req-33c957ff-a619-4bcc-af7c-80b96dc0e766 admin admin] Pushing event updated for resources: {'Port': ['ID=0264284e-aca6-4f54-b34e-30629787a14f,revision_number=1']} {{(pid=103328) push /opt/stack/neutron/neutron/api/rpc/handlers/resources_rpc.py:237}}
May 07 03:41:23.285325 np0000172407 devstack@neutron-api.service[103328]: DEBUG ovsdbapp.backend.ovs_idl.transaction [None req-a2368f4b-e8d8-44b4-8479-42f012dc0afa None None] Running txn n=1 command(idx=0): AddLSwitchPortCommand(_result=None, lport=0264284e-aca6-4f54-b34e-30629787a14f, lswitch=neutron-f8ab8915-3e69-49cd-99e0-fec8868b5901, may_exist=True, network_uuid=f8ab8915-3e69-49cd-99e0-fec8868b5901, columns={'addresses': ['fa:16:3e:eb:02:02'], 'external_ids': {'neutron:port_name': '', 'neutron:device_id': 'ovnmeta-f8ab8915-3e69-49cd-99e0-fec8868b5901', 'neutron:project_id': '03d9692729c34295bbcf6a66e449969c', 'neutron:cidrs': '', 'neutron:device_owner': 'network:distributed', 'neutron:subnet_pool_addr_scope4': '', 'neutron:subnet_pool_addr_scope6': '', 'neutron:network_name': 'neutron-f8ab8915-3e69-49cd-99e0-fec8868b5901', 'neutron:security_group_ids': '', 'neutron:revision_number': '1', 'neutron:vnic_type': 'normal', 'neutron:port_capabilities': '', 'neutron:mtu': ''}, 'parent_name': [], 'tag': [], 'enabled': True, 'options': {}, 'type': 'localport', 'port_security': [], 'dhcpv4_options': [], 'dhcpv6_options': []}) {{(pid=103328) do_commit /opt/stack/data/venv/lib/python3.12/site-packages/ovsdbapp/backend/ovs_idl/transaction.py:89}}
May 07 03:41:23.285929 np0000172407 devstack@neutron-api.service[103328]: DEBUG ovsdbapp.backend.ovs_idl.transaction [None req-a2368f4b-e8d8-44b4-8479-42f012dc0afa None None] Running txn n=1 command(idx=1): QoSDelCommand(_result=None, switch=neutron-f8ab8915-3e69-49cd-99e0-fec8868b5901, conditions=[('direction', '=', 'to-lport'), ('priority', '=', 2002), ('match', '=', 'outport == "0264284e-aca6-4f54-b34e-30629787a14f"')], if_exists=True) {{(pid=103328) do_commit /opt/stack/data/venv/lib/python3.12/site-packages/ovsdbapp/backend/ovs_idl/transaction.py:89}}
May 07 03:41:23.286129 np0000172407 devstack@neutron-api.service[103328]: DEBUG ovsdbapp.backend.ovs_idl.transaction [None req-a2368f4b-e8d8-44b4-8479-42f012dc0afa None None] Running txn n=1 command(idx=2): QoSDelCommand(_result=None, switch=neutron-f8ab8915-3e69-49cd-99e0-fec8868b5901, conditions=[('direction', '=', 'from-lport'), ('priority', '=', 2002), ('match', '=', 'inport == "0264284e-aca6-4f54-b34e-30629787a14f"')], if_exists=True) {{(pid=103328) do_commit /opt/stack/data/venv/lib/python3.12/site-packages/ovsdbapp/backend/ovs_idl/transaction.py:89}}
May 07 03:41:23.293322 np0000172407 devstack@neutron-api.service[103328]: DEBUG neutron.plugins.ml2.drivers.ovn.mech_driver.ovsdb.ovsdb_monitor [None req-a2368f4b-e8d8-44b4-8479-42f012dc0afa None None] Touching Hash Ring node "3516665f700458828226ee533df516e7" from IDL notify handler {{(pid=103328) notify /opt/stack/neutron/neutron/plugins/ml2/drivers/ovn/mech_driver/ovsdb/ovsdb_monitor.py:934}}
May 07 03:41:23.296504 np0000172407 devstack@neutron-api.service[103327]: DEBUG neutron.plugins.ml2.drivers.ovn.mech_driver.ovsdb.ovsdb_monitor [None req-842518b4-6f0c-4b92-91c8-0feaf539b15f None None] Touching Hash Ring node "a65606045afd5c3eb8d87ee7aa1900d2" from IDL notify handler {{(pid=103327) notify /opt/stack/neutron/neutron/plugins/ml2/drivers/ovn/mech_driver/ovsdb/ovsdb_monitor.py:934}}
May 07 03:41:23.297217 np0000172407 devstack@neutron-api.service[103326]: DEBUG neutron.plugins.ml2.drivers.ovn.mech_driver.ovsdb.ovsdb_monitor [None req-68c30cdf-0bb3-4ef9-81ee-c700c0af13a1 None None] Hash Ring: Node cb66f050ae3150a1a8a9c75de217e300 (host: np0000172407) handling event "create" for row 2d976de6-7e5a-4b33-b20b-bac705111c2d (table: Port_Binding) {{(pid=103326) notify /opt/stack/neutron/neutron/plugins/ml2/drivers/ovn/mech_driver/ovsdb/ovsdb_monitor.py:942}}
May 07 03:41:23.298430 np0000172407 devstack@neutron-api.service[103328]: DEBUG neutron.plugins.ml2.drivers.ovn.mech_driver.ovsdb.ovsdb_monitor [None req-a2368f4b-e8d8-44b4-8479-42f012dc0afa None None] Hash Ring: Node 3516665f700458828226ee533df516e7 (host: np0000172407) handling event "update" for row f8ab8915-3e69-49cd-99e0-fec8868b5901 (table: Logical_Switch) {{(pid=103328) notify /opt/stack/neutron/neutron/plugins/ml2/drivers/ovn/mech_driver/ovsdb/ovsdb_monitor.py:942}}
May 07 03:41:23.300182 np0000172407 devstack@neutron-api.service[103327]: DEBUG neutron.plugins.ml2.drivers.ovn.mech_driver.ovsdb.ovsdb_monitor [None req-842518b4-6f0c-4b92-91c8-0feaf539b15f None None] Hash Ring: Node a65606045afd5c3eb8d87ee7aa1900d2 (host: np0000172407) handling event "create" for row e48bcb31-4d91-428e-bb35-e4a202393c13 (table: Logical_Switch_Port) {{(pid=103327) notify /opt/stack/neutron/neutron/plugins/ml2/drivers/ovn/mech_driver/ovsdb/ovsdb_monitor.py:942}}
May 07 03:41:23.301134 np0000172407 devstack@neutron-api.service[103327]: DEBUG ovsdbapp.backend.ovs_idl.event [None req-842518b4-6f0c-4b92-91c8-0feaf539b15f None None] Matched CREATE: LogicalSwitchPortCreateEvent(events=('create',), table='Logical_Switch_Port', conditions=[], old_conditions=None), priority=20 to row=Logical_Switch_Port(uuid=e48bcb31-4d91-428e-bb35-e4a202393c13, addresses=['fa:16:3e:eb:02:02'], dhcpv4_options=[], dhcpv6_options=[], dynamic_addresses=[], enabled=True, external_ids={'neutron:cidrs': '', 'neutron:device_id': 'ovnmeta-f8ab8915-3e69-49cd-99e0-fec8868b5901', 'neutron:device_owner': 'network:distributed', 'neutron:mtu': '', 'neutron:network_name': 'neutron-f8ab8915-3e69-49cd-99e0-fec8868b5901', 'neutron:port_capabilities': '', 'neutron:port_name': '', 'neutron:project_id': '03d9692729c34295bbcf6a66e449969c', 'neutron:revision_number': '1', 'neutron:security_group_ids': '', 'neutron:subnet_pool_addr_scope4': '', 'neutron:subnet_pool_addr_scope6': '', 'neutron:vnic_type': 'normal'}, ha_chassis_group=[], mirror_rules=[], name='0264284e-aca6-4f54-b34e-30629787a14f', options={}, parent_name=[], port_security=[], tag=[], tag_request=[], type='localport', up=[]) old= {{(pid=103327) matches /opt/stack/data/venv/lib/python3.12/site-packages/ovsdbapp/backend/ovs_idl/event.py:55}}
May 07 03:41:23.301753 np0000172407 devstack@neutron-api.service[103327]: INFO neutron.plugins.ml2.drivers.ovn.mech_driver.mech_driver [None req-37d9a6fb-3658-4240-a970-7d57b26462af None None] OVN reports status down for port: 0264284e-aca6-4f54-b34e-30629787a14f
May 07 03:41:23.302882 np0000172407 devstack@neutron-api.service[103327]: DEBUG neutron.plugins.ml2.drivers.ovn.mech_driver.ovsdb.ovsdb_monitor [None req-842518b4-6f0c-4b92-91c8-0feaf539b15f None None] Touching Hash Ring node "a65606045afd5c3eb8d87ee7aa1900d2" from IDL notify handler {{(pid=103327) notify /opt/stack/neutron/neutron/plugins/ml2/drivers/ovn/mech_driver/ovsdb/ovsdb_monitor.py:934}}
May 07 03:41:23.305196 np0000172407 devstack@neutron-api.service[103327]: DEBUG neutron.plugins.ml2.drivers.ovn.mech_driver.ovsdb.ovsdb_monitor [None req-842518b4-6f0c-4b92-91c8-0feaf539b15f None None] Hash Ring: Node a65606045afd5c3eb8d87ee7aa1900d2 (host: np0000172407) handling event "update" for row e48bcb31-4d91-428e-bb35-e4a202393c13 (table: Logical_Switch_Port) {{(pid=103327) notify /opt/stack/neutron/neutron/plugins/ml2/drivers/ovn/mech_driver/ovsdb/ovsdb_monitor.py:942}}
May 07 03:41:23.327158 np0000172407 devstack@neutron-api.service[103328]: INFO neutron.db.ovn_revision_numbers_db [None req-33c957ff-a619-4bcc-af7c-80b96dc0e766 admin admin] Successfully bumped revision number for resource 0264284e-aca6-4f54-b34e-30629787a14f (type: ports) to 1
May 07 03:41:23.328654 np0000172407 devstack@neutron-api.service[103327]: DEBUG neutron.db.provisioning_blocks [None req-37d9a6fb-3658-4240-a970-7d57b26462af None None] Transition to ACTIVE for port object 0264284e-aca6-4f54-b34e-30629787a14f will not be triggered until provisioned by entity L2. {{(pid=103327) add_provisioning_component /opt/stack/neutron/neutron/db/provisioning_blocks.py:74}}
May 07 03:41:23.334442 np0000172407 devstack@neutron-api.service[103328]: DEBUG neutron.pecan_wsgi.hooks.policy_enforcement [None req-33c957ff-a619-4bcc-af7c-80b96dc0e766 admin admin] Attributes excluded by policy engine: ['standard_attr_id'] {{(pid=103328) _exclude_attributes_by_policy /opt/stack/neutron/neutron/pecan_wsgi/hooks/policy_enforcement.py:256}}
May 07 03:41:23.334778 np0000172407 devstack@neutron-api.service[103328]: DEBUG neutron_lib.callbacks.manager [None req-33c957ff-a619-4bcc-af7c-80b96dc0e766 admin admin] Publish callbacks [] for network (None), before_response {{(pid=103328) _notify_loop /opt/stack/data/venv/lib/python3.12/site-packages/neutron_lib/callbacks/manager.py:184}}
May 07 03:41:23.346848 np0000172407 devstack@neutron-api.service[103328]: [pid: 103328|app: 0|req: 24/93] 199.204.45.44 () {68 vars in 1351 bytes} [Thu May 7 03:41:22 2026] POST /networking/v2.0/networks => generated 682 bytes in 638 msecs (HTTP/1.1 201) 4 headers in 162 bytes (1 switches on core 0)
May 07 03:41:23.356809 np0000172407 devstack@neutron-api.service[103327]: DEBUG neutron.plugins.ml2.plugin [None req-37d9a6fb-3658-4240-a970-7d57b26462af None None] Current status of the port 0264284e-aca6-4f54-b34e-30629787a14f is: DOWN; New status is: DOWN {{(pid=103327) _update_individual_port_db_status /opt/stack/neutron/neutron/plugins/ml2/plugin.py:2466}}
May 07 03:41:23.357829 np0000172407 devstack@neutron-api.service[103327]: DEBUG ovsdbapp.backend.ovs_idl.transaction [None req-842518b4-6f0c-4b92-91c8-0feaf539b15f None None] Running txn n=1 command(idx=0): DbRemoveCommand(_result=None, table=Logical_Switch_Port, record=0264284e-aca6-4f54-b34e-30629787a14f, column=external_ids, values=('neutron:host_id',), keyvalues={}, if_exists=True) {{(pid=103327) do_commit /opt/stack/data/venv/lib/python3.12/site-packages/ovsdbapp/backend/ovs_idl/transaction.py:89}}
May 07 03:41:23.547294 np0000172407 devstack@neutron-api.service[103329]: INFO neutron.pecan_wsgi.hooks.translation [None req-22cfc1e4-7b0e-48bf-a416-fb8a0e52c96b admin admin] GET failed (client error): The resource could not be found.
May 07 03:41:23.548136 np0000172407 devstack@neutron-api.service[103329]: [pid: 103329|app: 0|req: 24/94] 199.204.45.44 () {64 vars in 1327 bytes} [Thu May 7 03:41:23 2026] GET /networking/v2.0/networks/admin_net => generated 111 bytes in 11 msecs (HTTP/1.1 404) 4 headers in 164 bytes (1 switches on core 0)
May 07 03:41:23.588761 np0000172407 devstack@neutron-api.service[103326]: DEBUG neutron.pecan_wsgi.hooks.policy_enforcement [None req-e7b4778a-acfa-4a35-9f56-305ff70b4749 admin admin] Attributes excluded by policy engine: ['standard_attr_id'] {{(pid=103326) _exclude_attributes_by_policy /opt/stack/neutron/neutron/pecan_wsgi/hooks/policy_enforcement.py:256}}
May 07 03:41:23.589559 np0000172407 devstack@neutron-api.service[103326]: [pid: 103326|app: 0|req: 24/95] 199.204.45.44 () {64 vars in 1339 bytes} [Thu May 7 03:41:23 2026] GET /networking/v2.0/networks?name=admin_net => generated 666 bytes in 33 msecs (HTTP/1.1 200) 4 headers in 157 bytes (1 switches on core 0)
May 07 03:41:23.790632 np0000172407 devstack@neutron-api.service[103327]: INFO neutron.pecan_wsgi.hooks.translation [None req-4d5d264f-7461-4bea-96cb-223e0dfad02a admin admin] GET failed (client error): The resource could not be found.
May 07 03:41:23.791187 np0000172407 devstack@neutron-api.service[103327]: [pid: 103327|app: 0|req: 24/96] 199.204.45.44 () {64 vars in 1333 bytes} [Thu May 7 03:41:23 2026] GET /networking/v2.0/subnets/admin_subnet => generated 112 bytes in 10 msecs (HTTP/1.1 404) 4 headers in 164 bytes (1 switches on core 0)
May 07 03:41:23.820901 np0000172407 devstack@neutron-api.service[103328]: [pid: 103328|app: 0|req: 25/97] 199.204.45.44 () {64 vars in 1342 bytes} [Thu May 7 03:41:23 2026] GET /networking/v2.0/subnets?name=admin_subnet => generated 14 bytes in 20 msecs (HTTP/1.1 200) 4 headers in 156 bytes (1 switches on core 0)
May 07 03:41:24.072928 np0000172407 devstack@neutron-api.service[103329]: DEBUG neutron.pecan_wsgi.hooks.policy_enforcement [None req-a2a115b5-4ff9-45b8-8e83-e4176c3a56ae admin admin] Attributes excluded by policy engine: ['standard_attr_id'] {{(pid=103329) _exclude_attributes_by_policy /opt/stack/neutron/neutron/pecan_wsgi/hooks/policy_enforcement.py:256}}
May 07 03:41:24.073942 np0000172407 devstack@neutron-api.service[103329]: [pid: 103329|app: 0|req: 25/98] 199.204.45.44 () {64 vars in 1408 bytes} [Thu May 7 03:41:24 2026] GET /networking/v2.0/networks/f8ab8915-3e69-49cd-99e0-fec8868b5901 => generated 663 bytes in 33 msecs (HTTP/1.1 200) 4 headers in 157 bytes (1 switches on core 0)
May 07 03:41:24.090498 np0000172407 devstack@neutron-api.service[103326]: DEBUG neutron.api.v2.base [None req-cfdd0628-f244-4e7f-8f7f-bbbe9d96f4cb admin admin] Request body: {'subnet': {'ip_version': 4, 'name': 'admin_subnet', 'project_id': '03d9692729c34295bbcf6a66e449969c', 'cidr': '10.2.5.0/24', 'gateway_ip': None, 'network_id': 'f8ab8915-3e69-49cd-99e0-fec8868b5901'}} {{(pid=103326) prepare_request_body /opt/stack/neutron/neutron/api/v2/base.py:727}}
May 07 03:41:24.107670 np0000172407 devstack@neutron-api.service[103326]: DEBUG neutron.pecan_wsgi.hooks.quota_enforcement [None req-cfdd0628-f244-4e7f-8f7f-bbbe9d96f4cb admin admin] Made reservation on behalf of 03d9692729c34295bbcf6a66e449969c for: {'subnet': 1} {{(pid=103326) before /opt/stack/neutron/neutron/pecan_wsgi/hooks/quota_enforcement.py:66}}
May 07 03:41:24.111120 np0000172407 devstack@neutron-api.service[103326]: DEBUG neutron_lib.callbacks.manager [None req-cfdd0628-f244-4e7f-8f7f-bbbe9d96f4cb admin admin] Publish callbacks [] for subnet (None), before_create {{(pid=103326) _notify_loop /opt/stack/data/venv/lib/python3.12/site-packages/neutron_lib/callbacks/manager.py:184}}
May 07 03:41:24.162363 np0000172407 devstack@neutron-api.service[103326]: DEBUG neutron.db.ovn_revision_numbers_db [None req-cfdd0628-f244-4e7f-8f7f-bbbe9d96f4cb admin admin] create_initial_revision uuid=dcb8f5eb-465c-453a-bf0d-18cc5a5609d9, type=subnets, rev=-1 {{(pid=103326) create_initial_revision /opt/stack/neutron/neutron/db/ovn_revision_numbers_db.py:98}}
May 07 03:41:24.168823 np0000172407 devstack@neutron-api.service[103326]: DEBUG neutron_lib.callbacks.manager [None req-cfdd0628-f244-4e7f-8f7f-bbbe9d96f4cb admin admin] Publish callbacks ['neutron.plugins.ml2.ovo_rpc._ObjectChangeHandler.handle_event-65936636'] for subnet (dcb8f5eb-465c-453a-bf0d-18cc5a5609d9), after_create {{(pid=103326) _notify_loop /opt/stack/data/venv/lib/python3.12/site-packages/neutron_lib/callbacks/manager.py:184}}
May 07 03:41:24.184006 np0000172407 devstack@neutron-api.service[103326]: DEBUG neutron.api.rpc.handlers.resources_rpc [None req-cfdd0628-f244-4e7f-8f7f-bbbe9d96f4cb admin admin] Pushing event updated for resources: {'Subnet': ['ID=dcb8f5eb-465c-453a-bf0d-18cc5a5609d9,revision_number=0']} {{(pid=103326) push /opt/stack/neutron/neutron/api/rpc/handlers/resources_rpc.py:237}}
May 07 03:41:24.238716 np0000172407 devstack@neutron-api.service[103326]: DEBUG neutron_lib.callbacks.manager [None req-cfdd0628-f244-4e7f-8f7f-bbbe9d96f4cb admin admin] Publish callbacks ['neutron.plugins.ml2.plugin.SecurityGroupDbMixin._ensure_default_security_group_handler-119932', 'neutron.services.ovn_l3.plugin.OVNL3RouterPlugin._port_update-8767941050852', 'neutron.db.l3_db.L3_NAT_dbonly_mixin._prevent_internal_ip_change_for_fip-8767942178586'] for port (0264284e-aca6-4f54-b34e-30629787a14f), before_update {{(pid=103326) _notify_loop /opt/stack/data/venv/lib/python3.12/site-packages/neutron_lib/callbacks/manager.py:184}}
May 07 03:41:24.320751 np0000172407 devstack@neutron-api.service[103326]: DEBUG neutron.db.db_base_plugin_common [None req-cfdd0628-f244-4e7f-8f7f-bbbe9d96f4cb admin admin] Allocated IP 10.2.5.1 (f8ab8915-3e69-49cd-99e0-fec8868b5901/dcb8f5eb-465c-453a-bf0d-18cc5a5609d9/0264284e-aca6-4f54-b34e-30629787a14f) {{(pid=103326) _store_ip_allocation /opt/stack/neutron/neutron/db/db_base_plugin_common.py:131}}
May 07 03:41:24.387838 np0000172407 devstack@neutron-api.service[103326]: DEBUG neutron_lib.callbacks.manager [None req-cfdd0628-f244-4e7f-8f7f-bbbe9d96f4cb admin admin] Publish callbacks [] for port (0264284e-aca6-4f54-b34e-30629787a14f), precommit_update {{(pid=103326) _notify_loop /opt/stack/data/venv/lib/python3.12/site-packages/neutron_lib/callbacks/manager.py:184}}
May 07 03:41:24.388090 np0000172407 devstack@neutron-api.service[103326]: DEBUG neutron.plugins.ml2.drivers.ovn.mech_driver.mech_driver [None req-cfdd0628-f244-4e7f-8f7f-bbbe9d96f4cb admin admin] No provisioning block for port 0264284e-aca6-4f54-b34e-30629787a14f since it does not have a host {{(pid=103326) _is_port_provisioning_required /opt/stack/neutron/neutron/plugins/ml2/drivers/ovn/mech_driver/mech_driver.py:894}}
May 07 03:41:24.399740 np0000172407 devstack@neutron-api.service[103326]: DEBUG neutron_lib.callbacks.manager [None req-cfdd0628-f244-4e7f-8f7f-bbbe9d96f4cb admin admin] Publish callbacks ['neutron.plugins.ml2.ovo_rpc._ObjectChangeHandler.handle_event-65936643', 'neutron.db.l3_db.L3RpcNotifierMixin._notify_gateway_port_ip_changed-8767942183776', 'neutron.services.ovn_l3.plugin.OVNL3RouterPlugin._port_update-8767941050852'] for port (0264284e-aca6-4f54-b34e-30629787a14f), after_update {{(pid=103326) _notify_loop /opt/stack/data/venv/lib/python3.12/site-packages/neutron_lib/callbacks/manager.py:184}}
May 07 03:41:24.427987 np0000172407 devstack@neutron-api.service[103326]: DEBUG neutron.api.rpc.handlers.resources_rpc [None req-cfdd0628-f244-4e7f-8f7f-bbbe9d96f4cb admin admin] Pushing event updated for resources: {'Port': ['ID=0264284e-aca6-4f54-b34e-30629787a14f,revision_number=2']} {{(pid=103326) push /opt/stack/neutron/neutron/api/rpc/handlers/resources_rpc.py:237}}
May 07 03:41:24.519294 np0000172407 devstack@neutron-api.service[103326]: DEBUG ovsdbapp.backend.ovs_idl.transaction [None req-11fe9a76-1a55-4ebb-91fe-927956034a5c None None] Running txn n=1 command(idx=0): CheckRevisionNumberCommand(_result=None, name=0264284e-aca6-4f54-b34e-30629787a14f, resource={'id': '0264284e-aca6-4f54-b34e-30629787a14f', 'name': '', 'network_id': 'f8ab8915-3e69-49cd-99e0-fec8868b5901', 'project_id': '03d9692729c34295bbcf6a66e449969c', 'mac_address': 'fa:16:3e:eb:02:02', 'admin_state_up': True, 'status': 'DOWN', 'device_id': 'ovnmeta-f8ab8915-3e69-49cd-99e0-fec8868b5901', 'device_owner': 'network:distributed', 'standard_attr_id': 44, 'fixed_ips': [{'subnet_id': 'dcb8f5eb-465c-453a-bf0d-18cc5a5609d9', 'ip_address': '10.2.5.1'}], 'allowed_address_pairs': [], 'extra_dhcp_opts': [], 'security_groups': [], 'description': '', 'binding:vnic_type': 'normal', 'binding:profile': {}, 'binding:host_id': '', 'binding:vif_type': 'unbound', 'binding:vif_details': {}, 'port_security_enabled': False, 'tags': [], 'created_at': '2026-05-07T03:41:23Z', 'updated_at': '2026-05-07T03:41:24Z', 'revision_number': 2, 'tenant_id': '03d9692729c34295bbcf6a66e449969c', 'network': {'id': 'f8ab8915-3e69-49cd-99e0-fec8868b5901', 'name': 'admin_net', 'tenant_id': '03d9692729c34295bbcf6a66e449969c', 'project_id': '03d9692729c34295bbcf6a66e449969c', 'admin_state_up': True, 'mtu': 1372, 'status': 'ACTIVE', 'subnets': ['dcb8f5eb-465c-453a-bf0d-18cc5a5609d9'], 'standard_attr_id': 42, 'shared': False, 'availability_zone_hints': [], 'availability_zones': [], 'ipv4_address_scope': None, 'ipv6_address_scope': None, 'router:external': False, 'qinq': False, 'vlan_transparent': False, 'description': '', 'port_security_enabled': True, 'tags': [], 'created_at': '2026-05-07T03:41:22Z', 'updated_at': '2026-05-07T03:41:24Z', 'revision_number': 2, 'provider:network_type': 'geneve', 'provider:physical_network': None, 'provider:segmentation_id': 3343}}, resource_type=ports, if_exists=True) {{(pid=103326) do_commit /opt/stack/data/venv/lib/python3.12/site-packages/ovsdbapp/backend/ovs_idl/transaction.py:89}}
May 07 03:41:24.520032 np0000172407 devstack@neutron-api.service[103326]: DEBUG ovsdbapp.backend.ovs_idl.transaction [None req-11fe9a76-1a55-4ebb-91fe-927956034a5c None None] Running txn n=1 command(idx=1): AddDHCPOptionsCommand(_result=None, columns={'cidr': '10.2.5.0/24', 'options': {'server_id': '10.2.5.1', 'lease_time': '43200', 'mtu': '1372', 'server_mac': 'fa:16:3e:3d:34:1b', 'dns_server': '{127.0.0.53}', 'classless_static_route': '{169.254.169.254/32,10.2.5.1}'}, 'external_ids': {'subnet_id': 'dcb8f5eb-465c-453a-bf0d-18cc5a5609d9', 'neutron:network_id': 'f8ab8915-3e69-49cd-99e0-fec8868b5901', 'neutron:revision_number': '0'}}, may_exist=True, subnet_id=dcb8f5eb-465c-453a-bf0d-18cc5a5609d9, port_id=None, new_insert=False) {{(pid=103326) do_commit /opt/stack/data/venv/lib/python3.12/site-packages/ovsdbapp/backend/ovs_idl/transaction.py:89}}
May 07 03:41:24.520718 np0000172407 devstack@neutron-api.service[103326]: DEBUG ovsdbapp.backend.ovs_idl.transaction [None req-11fe9a76-1a55-4ebb-91fe-927956034a5c None None] Running txn n=1 command(idx=2): SetLSwitchPortCommand(_result=None, lport=0264284e-aca6-4f54-b34e-30629787a14f, external_ids_update=None, columns={'external_ids': {'neutron:port_name': '', 'neutron:device_id': 'ovnmeta-f8ab8915-3e69-49cd-99e0-fec8868b5901', 'neutron:project_id': '03d9692729c34295bbcf6a66e449969c', 'neutron:cidrs': '10.2.5.1/24', 'neutron:device_owner': 'network:distributed', 'neutron:subnet_pool_addr_scope4': '', 'neutron:subnet_pool_addr_scope6': '', 'neutron:network_name': 'neutron-f8ab8915-3e69-49cd-99e0-fec8868b5901', 'neutron:security_group_ids': '', 'neutron:revision_number': '2', 'neutron:vnic_type': 'normal', 'neutron:port_capabilities': '', 'neutron:mtu': ''}, 'parent_name': [], 'tag': [], 'options': {}, 'enabled': True, 'port_security': [], 'dhcpv4_options': [], 'dhcpv6_options': [], 'type': 'localport', 'addresses': ['fa:16:3e:eb:02:02 10.2.5.1'], 'ha_chassis_group': []}, if_exists=False) {{(pid=103326) do_commit /opt/stack/data/venv/lib/python3.12/site-packages/ovsdbapp/backend/ovs_idl/transaction.py:89}}
May 07 03:41:24.522334 np0000172407 devstack@neutron-api.service[103326]: DEBUG ovsdbapp.backend.ovs_idl.transaction [None req-11fe9a76-1a55-4ebb-91fe-927956034a5c None None] Running txn n=1 command(idx=3): PgDelPortCommand(_result=None, port_group=neutron_pg_drop, lsp=['0264284e-aca6-4f54-b34e-30629787a14f'], if_exists=False) {{(pid=103326) do_commit /opt/stack/data/venv/lib/python3.12/site-packages/ovsdbapp/backend/ovs_idl/transaction.py:89}}
May 07 03:41:24.574856 np0000172407 devstack@neutron-api.service[103327]: DEBUG neutron.plugins.ml2.drivers.ovn.mech_driver.ovsdb.ovsdb_monitor [None req-842518b4-6f0c-4b92-91c8-0feaf539b15f None None] Touching Hash Ring node "a65606045afd5c3eb8d87ee7aa1900d2" from IDL notify handler {{(pid=103327) notify /opt/stack/neutron/neutron/plugins/ml2/drivers/ovn/mech_driver/ovsdb/ovsdb_monitor.py:934}}
May 07 03:41:24.583443 np0000172407 devstack@neutron-api.service[103326]: DEBUG neutron.plugins.ml2.drivers.ovn.mech_driver.ovsdb.ovsdb_monitor [None req-68c30cdf-0bb3-4ef9-81ee-c700c0af13a1 None None] Hash Ring: Node cb66f050ae3150a1a8a9c75de217e300 (host: np0000172407) handling event "update" for row 2d976de6-7e5a-4b33-b20b-bac705111c2d (table: Port_Binding) {{(pid=103326) notify /opt/stack/neutron/neutron/plugins/ml2/drivers/ovn/mech_driver/ovsdb/ovsdb_monitor.py:942}}
May 07 03:41:24.584133 np0000172407 devstack@neutron-api.service[103327]: DEBUG neutron.plugins.ml2.drivers.ovn.mech_driver.ovsdb.ovsdb_monitor [None req-842518b4-6f0c-4b92-91c8-0feaf539b15f None None] Hash Ring: Node a65606045afd5c3eb8d87ee7aa1900d2 (host: np0000172407) handling event "create" for row 3ed35de9-56e3-4a98-b320-e1f043afa29e (table: DHCP_Options) {{(pid=103327) notify /opt/stack/neutron/neutron/plugins/ml2/drivers/ovn/mech_driver/ovsdb/ovsdb_monitor.py:942}}
