2026-05-06 06:07:36.146 9 INFO neutron.plugins.ml2.plugin [None req-2467e5b2-297b-4cdb-a9d4-335777c76c48 - - - - - -] Attempt 1 to provision port 0e06a184-49c8-419c-be51-6fd891aee310
2026-05-06 06:07:36.812 9 INFO neutron.notifiers.nova [-] Nova event matching ['req-16ed553d-9a44-4c0c-aa3e-39011cdb9d39'] response: {'server_uuid': '29508673-5f00-4dc2-8957-5d5e725919a8', 'name': 'network-vif-plugged', 'status': 'completed', 'tag': '0e06a184-49c8-419c-be51-6fd891aee310', 'code': 200}
2026-05-06 06:07:36.920 9 INFO neutron.plugins.ml2.plugin [None req-2467e5b2-297b-4cdb-a9d4-335777c76c48 - - - - - -] Attempt 1 to provision port 7df901f8-bc6c-4069-9a73-4cb365948ff3
2026-05-06 06:07:37.741 10 INFO neutron.plugins.ml2.plugin [None req-5f9ade25-4338-480c-9bd7-f4f2a20e38b8 - - - - - -] Attempt 1 to provision port 8e88a99e-e132-422e-90f2-3ab5a1962f31
2026-05-06 06:07:38.141 9 INFO neutron.plugins.ml2.plugin [None req-2467e5b2-297b-4cdb-a9d4-335777c76c48 - - - - - -] Attempt 1 to provision port 0e06a184-49c8-419c-be51-6fd891aee310
2026-05-06 06:07:38.447 9 INFO neutron.plugins.ml2.plugin [None req-2467e5b2-297b-4cdb-a9d4-335777c76c48 - - - - - -] Attempt 1 to provision port 7df901f8-bc6c-4069-9a73-4cb365948ff3
2026-05-06 06:07:38.498 9 INFO neutron.plugins.ml2.plugin [None req-15f71002-977a-4ac5-adfe-80854cb8e6b6 - - - - - -] Attempt 1 to provision port 8e88a99e-e132-422e-90f2-3ab5a1962f31
2026-05-06 06:07:40.058 10 INFO neutron.plugins.ml2.plugin [None req-2467e5b2-297b-4cdb-a9d4-335777c76c48 - - - - - -] Attempt 1 to provision port a6c19189-e262-40da-80b4-050887058c6e
2026-05-06 06:07:40.066 9 INFO neutron.plugins.ml2.plugin [None req-6408ce6a-ac8b-4194-8b62-bb8ebe67bff2 - - - - - -] Attempt 1 to provision port bd5b8e52-16f4-45ce-bc8e-e810db99ee48
2026-05-06 06:07:42.122 10 INFO neutron.plugins.ml2.plugin [None req-2467e5b2-297b-4cdb-a9d4-335777c76c48 - - - - - -] Attempt 1 to provision port a6c19189-e262-40da-80b4-050887058c6e
2026-05-06 06:07:42.493 10 INFO neutron.plugins.ml2.plugin [None req-2467e5b2-297b-4cdb-a9d4-335777c76c48 - - - - - -] Attempt 1 to provision port d155a1d6-d0b4-4c73-aada-a176757d93d2
2026-05-06 06:07:42.634 10 INFO neutron.plugins.ml2.plugin [None req-16c8c1e8-2346-43ee-81ba-d887175f5cfe - - - - - -] Attempt 1 to provision port d155a1d6-d0b4-4c73-aada-a176757d93d2
2026-05-06 06:07:44.111 9 INFO neutron.plugins.ml2.plugin [None req-2467e5b2-297b-4cdb-a9d4-335777c76c48 - - - - - -] Attempt 1 to provision port bd5b8e52-16f4-45ce-bc8e-e810db99ee48
2026-05-06 06:07:44.292 9 INFO neutron.notifiers.nova [-] Nova event matching ['req-33a0bff7-657c-41fa-b2fb-d649559bb2b6'] response: {'server_uuid': 'ac0c764d-899c-4d68-9749-e49f95fa4f3a', 'name': 'network-vif-plugged', 'status': 'completed', 'tag': 'bd5b8e52-16f4-45ce-bc8e-e810db99ee48', 'code': 200}
2026-05-06 06:07:46.148 9 INFO neutron.plugins.ml2.plugin [None req-2467e5b2-297b-4cdb-a9d4-335777c76c48 - - - - - -] Attempt 1 to provision port bd5b8e52-16f4-45ce-bc8e-e810db99ee48
2026-05-06 06:07:52.066 10 INFO neutron.plugins.ml2.plugin [None req-2467e5b2-297b-4cdb-a9d4-335777c76c48 - - - - - -] Attempt 1 to provision port 1e93659a-8eb3-4748-800b-055c2e047c05
2026-05-06 06:07:52.829 10 INFO neutron.plugins.ml2.plugin [None req-2467e5b2-297b-4cdb-a9d4-335777c76c48 - - - - - -] Attempt 1 to provision port 620846b2-df21-4475-ad02-57f34487c0b8
2026-05-06 06:07:53.369 10 INFO neutron.plugins.ml2.plugin [None req-492fbba0-5b0c-4538-843b-4ecc1b8da854 - - - - - -] Attempt 1 to provision port 31dceeb0-8df0-43e5-89fd-06d02310e21a
2026-05-06 06:07:53.710 9 INFO neutron.plugins.ml2.plugin [None req-72b1efa3-7d5a-40a0-afdf-aa22e6c81f1c - - - - - -] Attempt 1 to provision port dd8aaf8c-8fc8-433a-b5d7-ef66f6c462a0
2026-05-06 06:07:54.107 10 INFO neutron.plugins.ml2.plugin [None req-2467e5b2-297b-4cdb-a9d4-335777c76c48 - - - - - -] Attempt 1 to provision port 620846b2-df21-4475-ad02-57f34487c0b8
2026-05-06 06:07:54.308 10 INFO neutron.plugins.ml2.plugin [None req-2467e5b2-297b-4cdb-a9d4-335777c76c48 - - - - - -] Attempt 1 to provision port 2c98e4c9-a5d3-4229-94a3-91a7a00d53eb
2026-05-06 06:07:54.498 9 INFO neutron.plugins.ml2.plugin [None req-a3bad5b5-1c8f-4324-8cd9-0fc2d3a4822b - - - - - -] Attempt 1 to provision port 170aaf34-6e2d-4f9c-a8d5-817047cbcc93
2026-05-06 06:07:54.966 10 INFO neutron.plugins.ml2.plugin [None req-9ec52102-f48d-478a-8187-ee640f25435d - - - - - -] Attempt 1 to provision port 2c98e4c9-a5d3-4229-94a3-91a7a00d53eb
2026-05-06 06:07:54.985 10 INFO neutron.plugins.ml2.plugin [None req-2467e5b2-297b-4cdb-a9d4-335777c76c48 - - - - - -] Attempt 1 to provision port 170aaf34-6e2d-4f9c-a8d5-817047cbcc93
2026-05-06 06:07:55.344 10 INFO neutron.plugins.ml2.plugin [None req-2467e5b2-297b-4cdb-a9d4-335777c76c48 - - - - - -] Attempt 1 to provision port 1e93659a-8eb3-4748-800b-055c2e047c05
2026-05-06 06:07:55.826 10 INFO neutron.plugins.ml2.plugin [None req-6b2938e8-3f10-43c9-bb99-815c1c8f5a8e - - - - - -] Attempt 1 to provision port 7b36d2d9-e346-42cf-957a-5bc07b0702ea
2026-05-06 06:07:55.976 9 INFO neutron.plugins.ml2.plugin [None req-94ce1138-4b40-4deb-b836-2f2417f2f53a - - - - - -] Attempt 1 to provision port 835e823c-8e4c-4620-8567-34cc563b4264
2026-05-06 06:07:56.098 10 INFO neutron.plugins.ml2.plugin [None req-2467e5b2-297b-4cdb-a9d4-335777c76c48 - - - - - -] Attempt 1 to provision port 2c98e4c9-a5d3-4229-94a3-91a7a00d53eb
2026-05-06 06:07:56.420 10 INFO neutron.plugins.ml2.plugin [None req-2467e5b2-297b-4cdb-a9d4-335777c76c48 - - - - - -] Attempt 1 to provision port 170aaf34-6e2d-4f9c-a8d5-817047cbcc93
2026-05-06 06:07:56.439 9 INFO neutron.plugins.ml2.plugin [None req-b7fad88d-36f5-4b60-8e6d-19d792fc9954 - - - - - -] Attempt 1 to provision port 7b36d2d9-e346-42cf-957a-5bc07b0702ea
2026-05-06 06:07:56.690 9 INFO neutron.plugins.ml2.plugin [None req-53a8d65f-c634-4e15-bc41-6c37e9fc253a - - - - - -] Attempt 1 to provision port 835e823c-8e4c-4620-8567-34cc563b4264
2026-05-06 06:07:58.323 10 INFO neutron.plugins.ml2.plugin [None req-2467e5b2-297b-4cdb-a9d4-335777c76c48 - - - - - -] Attempt 1 to provision port b60fc109-b813-48f3-aae2-b91e506c4093
2026-05-06 06:07:58.897 10 INFO neutron.plugins.ml2.plugin [None req-2467e5b2-297b-4cdb-a9d4-335777c76c48 - - - - - -] Attempt 1 to provision port 2d419a24-68a9-45cf-93e6-b0e4014f5ebb
2026-05-06 06:07:59.054 9 INFO neutron.plugins.ml2.plugin [None req-5c6b47bf-db92-44ef-a19d-7400fa18d5e2 - - - - - -] Attempt 1 to provision port 68435af5-3698-4e21-9bf8-04dba8cae809
2026-05-06 06:07:59.574 10 INFO neutron.plugins.ml2.plugin [None req-2467e5b2-297b-4cdb-a9d4-335777c76c48 - - - - - -] Attempt 1 to provision port 68435af5-3698-4e21-9bf8-04dba8cae809
2026-05-06 06:07:59.597 9 INFO neutron.plugins.ml2.plugin [None req-a1372249-febd-48ba-a06e-22f958454133 - - - - - -] Attempt 1 to provision port d95a1098-b739-4f23-9a4f-4f107ab2808d
2026-05-06 06:08:00.443 9 INFO neutron.plugins.ml2.plugin [None req-2467e5b2-297b-4cdb-a9d4-335777c76c48 - - - - - -] Attempt 1 to provision port 2d419a24-68a9-45cf-93e6-b0e4014f5ebb
2026-05-06 06:08:00.726 9 INFO neutron.plugins.ml2.plugin [None req-2467e5b2-297b-4cdb-a9d4-335777c76c48 - - - - - -] Attempt 1 to provision port b60fc109-b813-48f3-aae2-b91e506c4093
2026-05-06 06:08:00.988 9 INFO neutron.plugins.ml2.plugin [None req-2467e5b2-297b-4cdb-a9d4-335777c76c48 - - - - - -] Attempt 1 to provision port 68435af5-3698-4e21-9bf8-04dba8cae809
2026-05-06 06:08:01.104 9 INFO neutron.plugins.ml2.plugin [None req-a9c46e07-3c80-4773-8439-7166f33b6cc5 - - - - - -] Attempt 1 to provision port 49ea1bc9-8b61-446d-87dd-6ef7e454d5c9
2026-05-06 06:08:01.296 9 INFO neutron.plugins.ml2.plugin [None req-2467e5b2-297b-4cdb-a9d4-335777c76c48 - - - - - -] Attempt 1 to provision port d95a1098-b739-4f23-9a4f-4f107ab2808d
2026-05-06 06:08:01.660 9 INFO neutron.plugins.ml2.plugin [None req-8f603bac-f523-437d-8d25-06c42e3ac3d1 - - - - - -] Attempt 1 to provision port 49ea1bc9-8b61-446d-87dd-6ef7e454d5c9
2026-05-06 06:08:02.744 9 INFO neutron.plugins.ml2.plugin [None req-e02bb206-d99a-4d50-8015-037198f70fc1 - - - - - -] Attempt 1 to provision port 5fe326b6-99e1-4113-b6b1-877c552b8ec3
2026-05-06 06:08:03.393 10 INFO neutron.plugins.ml2.plugin [None req-3767912a-4828-4e81-8724-1130462f5062 - - - - - -] Attempt 1 to provision port 5fe326b6-99e1-4113-b6b1-877c552b8ec3
2026-05-06 06:08:03.942 10 INFO neutron.plugins.ml2.plugin [None req-e4ba0711-8b02-474c-96e8-29c4febc3c49 - - - - - -] Attempt 1 to provision port 8dcd7b01-26e0-49e4-9b5d-26ea1c10dd5b
2026-05-06 06:08:05.089 9 INFO neutron.plugins.ml2.plugin [None req-0591eeb7-a4ce-4433-8c8b-7282e07b007c - - - - - -] Attempt 1 to provision port 33e9b470-71f6-4050-8174-79bdd32df350
2026-05-06 06:08:06.220 9 INFO neutron.plugins.ml2.plugin [None req-2467e5b2-297b-4cdb-a9d4-335777c76c48 - - - - - -] Attempt 1 to provision port d6baa2dd-3468-4b6d-9a56-ace145346814
2026-05-06 06:08:06.849 10 INFO neutron.plugins.ml2.plugin [None req-f57c6f58-5846-4ff6-9f65-04790ac8fa19 - - - - - -] Attempt 1 to provision port fa154e40-b6a3-407f-bb1e-08412e36599f
2026-05-06 06:08:06.984 9 INFO neutron.plugins.ml2.plugin [None req-bab4a574-bb70-4d80-a7db-db9ae4d781c6 - - - - - -] Attempt 1 to provision port d6baa2dd-3468-4b6d-9a56-ace145346814
2026-05-06 06:08:08.132 9 INFO neutron.plugins.ml2.plugin [None req-2467e5b2-297b-4cdb-a9d4-335777c76c48 - - - - - -] Attempt 1 to provision port 8dcd7b01-26e0-49e4-9b5d-26ea1c10dd5b
2026-05-06 06:08:08.354 9 INFO neutron.notifiers.nova [-] Nova event matching ['req-66bd39d7-bbcd-46ad-89e1-0031d72bf316'] response: {'server_uuid': '3df24e80-2724-4961-a349-7cf62bad4c70', 'name': 'network-vif-plugged', 'status': 'completed', 'tag': '8dcd7b01-26e0-49e4-9b5d-26ea1c10dd5b', 'code': 200}
2026-05-06 06:08:08.893 9 INFO neutron.plugins.ml2.plugin [None req-2467e5b2-297b-4cdb-a9d4-335777c76c48 - - - - - -] Attempt 1 to provision port d6baa2dd-3468-4b6d-9a56-ace145346814
2026-05-06 06:08:09.406 9 INFO neutron.plugins.ml2.plugin [None req-8b770523-3aa4-4fff-9aa3-e1cdfdc4cd45 - - - - - -] Attempt 1 to provision port 07da049b-35f7-4a7c-8fb0-e826e07d62a8
2026-05-06 06:08:10.251 10 INFO neutron.plugins.ml2.plugin [None req-65731f3a-ed5a-4527-9542-80bb930068c1 - - - - - -] Attempt 1 to provision port 07da049b-35f7-4a7c-8fb0-e826e07d62a8
2026-05-06 06:08:10.292 9 INFO neutron.plugins.ml2.plugin [None req-2467e5b2-297b-4cdb-a9d4-335777c76c48 - - - - - -] Attempt 1 to provision port 8dcd7b01-26e0-49e4-9b5d-26ea1c10dd5b
2026-05-06 06:08:10.570 9 INFO neutron.plugins.ml2.plugin [None req-2467e5b2-297b-4cdb-a9d4-335777c76c48 - - - - - -] Attempt 1 to provision port 33e9b470-71f6-4050-8174-79bdd32df350
2026-05-06 06:08:10.770 9 INFO neutron.notifiers.nova [-] Nova event matching ['req-14407e35-2e90-4efc-bbbe-7ea26aec197e'] response: {'server_uuid': '836e404d-df0e-469f-9eb8-b1e84393810f', 'name': 'network-vif-plugged', 'status': 'completed', 'tag': '33e9b470-71f6-4050-8174-79bdd32df350', 'code': 200}
2026-05-06 06:08:11.603 10 INFO neutron.plugins.ml2.plugin [None req-c12970db-fe02-48d2-9a0a-e94949dcaa27 - - - - - -] Attempt 1 to provision port ffd3300f-8215-4a79-ac82-7e29fa62c20c
2026-05-06 06:08:12.187 9 INFO neutron.plugins.ml2.plugin [None req-2467e5b2-297b-4cdb-a9d4-335777c76c48 - - - - - -] Attempt 1 to provision port ffd3300f-8215-4a79-ac82-7e29fa62c20c
2026-05-06 06:08:12.772 9 INFO neutron.plugins.ml2.plugin [None req-2467e5b2-297b-4cdb-a9d4-335777c76c48 - - - - - -] Attempt 1 to provision port 7c970c5b-5e73-45e5-91d8-fcde115a3a07
2026-05-06 06:08:13.224 10 INFO neutron.plugins.ml2.plugin [None req-6d0e07d5-71cd-4133-81e9-d566724d5886 - - - - - -] Attempt 1 to provision port 85d9984e-b585-4edb-9142-efa45e2a6c5d
2026-05-06 06:08:13.339 9 INFO neutron.plugins.ml2.plugin [None req-2467e5b2-297b-4cdb-a9d4-335777c76c48 - - - - - -] Attempt 1 to provision port 33e9b470-71f6-4050-8174-79bdd32df350
2026-05-06 06:08:13.698 9 INFO neutron.plugins.ml2.plugin [None req-248194a8-794f-4e94-a9e5-646c6421d0db - - - - - -] Attempt 1 to provision port 85d9984e-b585-4edb-9142-efa45e2a6c5d
2026-05-06 06:08:14.129 9 INFO neutron.plugins.ml2.plugin [None req-2467e5b2-297b-4cdb-a9d4-335777c76c48 - - - - - -] Attempt 1 to provision port 31dceeb0-8df0-43e5-89fd-06d02310e21a
2026-05-06 06:08:14.263 10 INFO neutron.plugins.ml2.plugin [None req-63254bde-5def-4a07-ab9e-329c5a363c82 - - - - - -] Attempt 1 to provision port 1ab5bd39-a31b-435e-b898-ed1ba3ebc49e
2026-05-06 06:08:14.504 9 INFO neutron.plugins.ml2.plugin [None req-2467e5b2-297b-4cdb-a9d4-335777c76c48 - - - - - -] Attempt 1 to provision port 7c970c5b-5e73-45e5-91d8-fcde115a3a07
2026-05-06 06:08:16.341 9 INFO neutron.plugins.ml2.plugin [None req-2467e5b2-297b-4cdb-a9d4-335777c76c48 - - - - - -] Attempt 1 to provision port 835e823c-8e4c-4620-8567-34cc563b4264
2026-05-06 06:08:16.859 9 INFO neutron.plugins.ml2.plugin [None req-2467e5b2-297b-4cdb-a9d4-335777c76c48 - - - - - -] Attempt 1 to provision port 31dceeb0-8df0-43e5-89fd-06d02310e21a
2026-05-06 06:08:17.091 9 INFO neutron.plugins.ml2.plugin [None req-2467e5b2-297b-4cdb-a9d4-335777c76c48 - - - - - -] Attempt 1 to provision port 1ab5bd39-a31b-435e-b898-ed1ba3ebc49e
2026-05-06 06:08:17.245 9 INFO neutron.notifiers.nova [-] Nova event matching ['req-20141ef8-ca89-497a-b406-25c9741c26c9'] response: {'server_uuid': 'c15bf050-7642-4ca1-b6ae-cc30a163d997', 'name': 'network-vif-plugged', 'status': 'completed', 'tag': '1ab5bd39-a31b-435e-b898-ed1ba3ebc49e', 'code': 200}
2026-05-06 06:08:17.623 9 INFO neutron.plugins.ml2.plugin [None req-2467e5b2-297b-4cdb-a9d4-335777c76c48 - - - - - -] Attempt 1 to provision port 7b36d2d9-e346-42cf-957a-5bc07b0702ea
2026-05-06 06:08:18.111 10 INFO neutron.plugins.ml2.plugin [None req-2467e5b2-297b-4cdb-a9d4-335777c76c48 - - - - - -] Attempt 1 to provision port 835e823c-8e4c-4620-8567-34cc563b4264
2026-05-06 06:08:18.426 10 INFO neutron.plugins.ml2.plugin [None req-2467e5b2-297b-4cdb-a9d4-335777c76c48 - - - - - -] Attempt 1 to provision port 1ab5bd39-a31b-435e-b898-ed1ba3ebc49e
2026-05-06 06:08:18.711 10 INFO neutron.plugins.ml2.plugin [None req-2467e5b2-297b-4cdb-a9d4-335777c76c48 - - - - - -] Attempt 1 to provision port dd8aaf8c-8fc8-433a-b5d7-ef66f6c462a0
2026-05-06 06:08:19.263 10 INFO neutron.plugins.ml2.plugin [None req-2467e5b2-297b-4cdb-a9d4-335777c76c48 - - - - - -] Attempt 1 to provision port 7b36d2d9-e346-42cf-957a-5bc07b0702ea
2026-05-06 06:08:19.558 9 INFO neutron.plugins.ml2.plugin [None req-9b6d9c09-644c-4117-94dc-b2d9d4900b9e - - - - - -] Attempt 1 to provision port 259e818d-01b4-4d27-a661-5bf641f2296e
2026-05-06 06:08:20.173 10 INFO neutron.plugins.ml2.plugin [None req-2467e5b2-297b-4cdb-a9d4-335777c76c48 - - - - - -] Attempt 1 to provision port 259e818d-01b4-4d27-a661-5bf641f2296e
2026-05-06 06:08:20.397 10 INFO neutron.plugins.ml2.plugin [None req-2467e5b2-297b-4cdb-a9d4-335777c76c48 - - - - - -] Attempt 1 to provision port dd8aaf8c-8fc8-433a-b5d7-ef66f6c462a0
2026-05-06 06:08:20.704 9 INFO neutron.plugins.ml2.plugin [None req-ceddf215-279c-486a-b57f-1e675eef1489 - - - - - -] Attempt 1 to provision port f0ca71b1-384e-49e6-8e49-ffc87121bc1b
2026-05-06 06:08:20.943 10 INFO neutron.plugins.ml2.plugin [None req-f3cb0dc5-11c4-4fed-8737-5f00b118b8b0 - - - - - -] Attempt 1 to provision port f0ca71b1-384e-49e6-8e49-ffc87121bc1b
2026-05-06 06:08:24.820 10 INFO neutron.plugins.ml2.plugin [None req-c21ff642-bfbd-4657-b5b3-bfe390c30b44 - - - - - -] Attempt 1 to provision port 29ec3f57-6584-4289-b5e5-b8190998fc80
2026-05-06 06:08:25.267 10 INFO neutron.plugins.ml2.plugin [None req-aadaa1d9-7f5f-4270-8924-349c0f314262 - - - - - -] Attempt 1 to provision port 8dcd7b01-26e0-49e4-9b5d-26ea1c10dd5b
2026-05-06 06:08:26.085 9 INFO neutron.plugins.ml2.plugin [None req-2467e5b2-297b-4cdb-a9d4-335777c76c48 - - - - - -] Attempt 1 to provision port 8dcd7b01-26e0-49e4-9b5d-26ea1c10dd5b
2026-05-06 06:08:27.558 10 INFO neutron.plugins.ml2.plugin [None req-05ca5bdf-2ef3-4b10-9570-74e8a9513c1e - - - - - -] Attempt 1 to provision port 8dcd7b01-26e0-49e4-9b5d-26ea1c10dd5b
2026-05-06 06:08:28.552 10 INFO neutron.notifiers.nova [-] Nova event matching ['req-bd73d36c-9265-4dca-9f36-76824ec7345f'] response: {'server_uuid': '836e404d-df0e-469f-9eb8-b1e84393810f', 'name': 'network-vif-unplugged', 'status': 'completed', 'tag': '33e9b470-71f6-4050-8174-79bdd32df350', 'code': 200}
2026-05-06 06:08:28.794 10 INFO neutron.plugins.ml2.plugin [None req-2467e5b2-297b-4cdb-a9d4-335777c76c48 - - - - - -] Attempt 1 to provision port 8dcd7b01-26e0-49e4-9b5d-26ea1c10dd5b
2026-05-06 06:08:29.079 10 INFO neutron.plugins.ml2.plugin [None req-2467e5b2-297b-4cdb-a9d4-335777c76c48 - - - - - -] Attempt 1 to provision port 33e9b470-71f6-4050-8174-79bdd32df350
2026-05-06 06:08:30.076 9 INFO neutron.plugins.ml2.plugin [None req-2467e5b2-297b-4cdb-a9d4-335777c76c48 - - - - - -] Attempt 1 to provision port 33e9b470-71f6-4050-8174-79bdd32df350
2026-05-06 06:08:30.606 10 INFO neutron.notifiers.nova [-] Nova event matching ['req-31234474-f60f-4404-82f3-e596f4f5f7bb'] response: {'server_uuid': '836e404d-df0e-469f-9eb8-b1e84393810f', 'name': 'network-vif-plugged', 'status': 'completed', 'tag': '33e9b470-71f6-4050-8174-79bdd32df350', 'code': 200} /var/lib/openstack/lib/python3.10/site-packages/oslo_db/sqlalchemy/enginefacade.py:667: SAWarning: DELETE statement on table 'portsecuritybindings' expected to delete 1 row(s); 0 were matched. Please set confirm_deleted_rows=False within the mapper configuration to prevent this warning. self.session.flush() /var/lib/openstack/lib/python3.10/site-packages/oslo_db/sqlalchemy/enginefacade.py:667: SAWarning: DELETE statement on table 'ml2_port_bindings' expected to delete 1 row(s); 0 were matched. Please set confirm_deleted_rows=False within the mapper configuration to prevent this warning. self.session.flush() /var/lib/openstack/lib/python3.10/site-packages/oslo_db/sqlalchemy/enginefacade.py:667: SAWarning: DELETE statement on table 'ml2_port_binding_levels' expected to delete 1 row(s); 0 were matched. Please set confirm_deleted_rows=False within the mapper configuration to prevent this warning. self.session.flush() /var/lib/openstack/lib/python3.10/site-packages/oslo_db/sqlalchemy/enginefacade.py:667: SAWarning: DELETE statement on table 'ports' expected to delete 1 row(s); 0 were matched. Please set confirm_deleted_rows=False within the mapper configuration to prevent this warning. self.session.flush()
2026-05-06 06:08:39.249 10 INFO neutron.plugins.ml2.plugin [None req-8750f518-a764-4e70-bc97-79187e6b0c18 - - - - - -] Attempt 1 to provision port c69a959d-676c-43e3-be5c-5deecbf8f35a
2026-05-06 06:08:40.020 10 INFO neutron.plugins.ml2.plugin [None req-0fd4988b-2bc1-4fb7-9653-9cf865250922 - - - - - -] Attempt 1 to provision port 41645203-bd6b-4e56-80a2-06c017fba43a
2026-05-06 06:08:40.087 9 INFO neutron.plugins.ml2.plugin [None req-2467e5b2-297b-4cdb-a9d4-335777c76c48 - - - - - -] Attempt 1 to provision port 41645203-bd6b-4e56-80a2-06c017fba43a
2026-05-06 06:08:41.605 9 INFO neutron.plugins.ml2.plugin [None req-f169d924-addf-410d-8f2e-343e2e395a3c - - - - - -] Attempt 1 to provision port 28bb2c48-c155-491e-9ea9-c9ef94c485ad
2026-05-06 06:08:42.159 10 INFO neutron.plugins.ml2.plugin [None req-91256a1b-d94e-4ecd-aabb-cf565bae0301 - - - - - -] Attempt 1 to provision port 28bb2c48-c155-491e-9ea9-c9ef94c485ad
2026-05-06 06:08:42.186 9 INFO neutron.plugins.ml2.plugin [None req-2467e5b2-297b-4cdb-a9d4-335777c76c48 - - - - - -] Attempt 1 to provision port 240356b4-4b81-45ba-be29-6ccc86c16e34
2026-05-06 06:08:42.712 9 INFO neutron.plugins.ml2.plugin [None req-2467e5b2-297b-4cdb-a9d4-335777c76c48 - - - - - -] Attempt 1 to provision port 41645203-bd6b-4e56-80a2-06c017fba43a
2026-05-06 06:08:44.059 9 INFO neutron.plugins.ml2.plugin [None req-2467e5b2-297b-4cdb-a9d4-335777c76c48 - - - - - -] Attempt 1 to provision port 240356b4-4b81-45ba-be29-6ccc86c16e34
2026-05-06 06:08:45.628 9 INFO neutron.plugins.ml2.plugin [None req-61af6435-792b-4c7a-a8cc-b795d1e7dd06 - - - - - -] Attempt 1 to provision port ae8432ae-de1a-4a45-a681-e94161a07980
2026-05-06 06:08:47.021 9 INFO neutron.plugins.ml2.plugin [None req-4a8e6cac-7765-42c7-a2ec-b0ea81612dfa - - - - - -] Attempt 1 to provision port f8af0bbe-f3a5-4156-947f-0bb42cd22ecd
2026-05-06 06:08:49.322 9 INFO neutron.plugins.ml2.plugin [None req-cd9d5bcd-45a2-4f14-b2da-f54f4d781046 - - - - - -] Attempt 1 to provision port aa388d5b-98a4-41fd-8ab7-9067a45f358d
2026-05-06 06:08:50.412 10 INFO neutron.plugins.ml2.plugin [None req-2467e5b2-297b-4cdb-a9d4-335777c76c48 - - - - - -] Attempt 1 to provision port ed9e5147-79e1-4fbb-b6fa-feef680120d1
2026-05-06 06:08:51.064 10 INFO neutron.plugins.ml2.plugin [None req-2467e5b2-297b-4cdb-a9d4-335777c76c48 - - - - - -] Attempt 1 to provision port d7959542-5d17-4f7d-99a9-0e5bcc441d65
2026-05-06 06:08:51.385 10 INFO neutron.plugins.ml2.plugin [None req-4a524434-0f9c-40b7-8575-34a91b8cf8aa - - - - - -] Attempt 1 to provision port c69f4c29-6428-4e20-bd13-9f0f9961e940
2026-05-06 06:08:51.423 10 INFO neutron.plugins.ml2.plugin [None req-4a524434-0f9c-40b7-8575-34a91b8cf8aa - - - - - -] Attempt 1 to provision port d7959542-5d17-4f7d-99a9-0e5bcc441d65
2026-05-06 06:08:52.095 9 INFO neutron.plugins.ml2.plugin [None req-2467e5b2-297b-4cdb-a9d4-335777c76c48 - - - - - -] Attempt 1 to provision port ed9e5147-79e1-4fbb-b6fa-feef680120d1
2026-05-06 06:08:52.541 9 INFO neutron.plugins.ml2.plugin [None req-dbb7cd4b-7af4-419e-be8a-aea5093f56ec - - - - - -] Attempt 1 to provision port c69f4c29-6428-4e20-bd13-9f0f9961e940
2026-05-06 06:08:52.565 9 INFO neutron.plugins.ml2.plugin [None req-2467e5b2-297b-4cdb-a9d4-335777c76c48 - - - - - -] Attempt 1 to provision port d7959542-5d17-4f7d-99a9-0e5bcc441d65
2026-05-06 06:08:52.881 9 INFO neutron.plugins.ml2.plugin [None req-f42a74b9-03e8-44c8-81aa-34b43502e87d - - - - - -] Attempt 1 to provision port c69f4c29-6428-4e20-bd13-9f0f9961e940
2026-05-06 06:08:54.601 9 INFO neutron.plugins.ml2.plugin [None req-2467e5b2-297b-4cdb-a9d4-335777c76c48 - - - - - -] Attempt 1 to provision port f8af0bbe-f3a5-4156-947f-0bb42cd22ecd
2026-05-06 06:08:54.731 9 INFO neutron.notifiers.nova [-] Nova event matching ['req-2b855daf-9453-40ce-96d7-beddd508565e'] response: {'server_uuid': '094eefd0-ec4c-4fa5-9b96-0a3702fa5496', 'name': 'network-vif-plugged', 'status': 'completed', 'tag': 'f8af0bbe-f3a5-4156-947f-0bb42cd22ecd', 'code': 200}
2026-05-06 06:08:56.115 10 INFO neutron.plugins.ml2.plugin [None req-2467e5b2-297b-4cdb-a9d4-335777c76c48 - - - - - -] Attempt 1 to provision port f8af0bbe-f3a5-4156-947f-0bb42cd22ecd
2026-05-06 06:08:58.341 10 INFO neutron.plugins.ml2.plugin [None req-2467e5b2-297b-4cdb-a9d4-335777c76c48 - - - - - -] Attempt 1 to provision port 28bb2c48-c155-491e-9ea9-c9ef94c485ad
2026-05-06 06:08:58.674 10 INFO neutron.plugins.ml2.plugin [None req-2467e5b2-297b-4cdb-a9d4-335777c76c48 - - - - - -] Attempt 1 to provision port c69a959d-676c-43e3-be5c-5deecbf8f35a
2026-05-06 06:09:00.087 9 INFO neutron.plugins.ml2.plugin [None req-2467e5b2-297b-4cdb-a9d4-335777c76c48 - - - - - -] Attempt 1 to provision port 28bb2c48-c155-491e-9ea9-c9ef94c485ad
2026-05-06 06:09:00.087 10 INFO neutron.plugins.ml2.plugin [None req-799e2be7-fd10-40be-987e-ecf3c4326b3c - - - - - -] Attempt 1 to provision port 95b406cf-6caf-4f66-92ff-eed2f754571c
2026-05-06 06:09:00.408 9 INFO neutron.plugins.ml2.plugin [None req-2467e5b2-297b-4cdb-a9d4-335777c76c48 - - - - - -] Attempt 1 to provision port c69a959d-676c-43e3-be5c-5deecbf8f35a
2026-05-06 06:09:04.263 9 INFO neutron.plugins.ml2.plugin [None req-2467e5b2-297b-4cdb-a9d4-335777c76c48 - - - - - -] Attempt 1 to provision port 95b406cf-6caf-4f66-92ff-eed2f754571c
2026-05-06 06:09:04.379 9 INFO neutron.notifiers.nova [-] Nova event matching ['req-b5541680-298a-411b-be3c-d81ea91dfb0b'] response: {'server_uuid': '678fb6bb-25db-4c66-94dc-5aa4b10af1db', 'name': 'network-vif-plugged', 'status': 'completed', 'tag': '95b406cf-6caf-4f66-92ff-eed2f754571c', 'code': 200}
2026-05-06 06:09:04.759 9 INFO neutron.plugins.ml2.plugin [None req-2467e5b2-297b-4cdb-a9d4-335777c76c48 - - - - - -] Attempt 1 to provision port ae8432ae-de1a-4a45-a681-e94161a07980 /var/lib/openstack/lib/python3.10/site-packages/oslo_db/sqlalchemy/enginefacade.py:667: SAWarning: DELETE statement on table 'portsecuritybindings' expected to delete 1 row(s); 0 were matched. Please set confirm_deleted_rows=False within the mapper configuration to prevent this warning. self.session.flush() /var/lib/openstack/lib/python3.10/site-packages/oslo_db/sqlalchemy/enginefacade.py:667: SAWarning: DELETE statement on table 'ml2_port_bindings' expected to delete 1 row(s); 0 were matched. Please set confirm_deleted_rows=False within the mapper configuration to prevent this warning. self.session.flush() /var/lib/openstack/lib/python3.10/site-packages/oslo_db/sqlalchemy/enginefacade.py:667: SAWarning: DELETE statement on table 'ml2_port_binding_levels' expected to delete 1 row(s); 0 were matched. Please set confirm_deleted_rows=False within the mapper configuration to prevent this warning. self.session.flush() /var/lib/openstack/lib/python3.10/site-packages/oslo_db/sqlalchemy/enginefacade.py:667: SAWarning: DELETE statement on table 'ports' expected to delete 1 row(s); 0 were matched. Please set confirm_deleted_rows=False within the mapper configuration to prevent this warning. self.session.flush()
2026-05-06 06:09:06.189 10 INFO neutron.plugins.ml2.plugin [None req-2467e5b2-297b-4cdb-a9d4-335777c76c48 - - - - - -] Attempt 1 to provision port 95b406cf-6caf-4f66-92ff-eed2f754571c
2026-05-06 06:09:06.460 10 INFO neutron.plugins.ml2.plugin [None req-2467e5b2-297b-4cdb-a9d4-335777c76c48 - - - - - -] Attempt 1 to provision port ae8432ae-de1a-4a45-a681-e94161a07980
2026-05-06 06:09:06.754 10 INFO neutron.plugins.ml2.plugin [None req-2467e5b2-297b-4cdb-a9d4-335777c76c48 - - - - - -] Attempt 1 to provision port c69f4c29-6428-4e20-bd13-9f0f9961e940
2026-05-06 06:09:08.092 10 INFO neutron.plugins.ml2.plugin [None req-2467e5b2-297b-4cdb-a9d4-335777c76c48 - - - - - -] Attempt 1 to provision port c69f4c29-6428-4e20-bd13-9f0f9961e940
2026-05-06 06:09:21.882 10 INFO neutron.plugins.ml2.plugin [None req-3bc24ff0-9b92-4b0c-bddf-bff2285bb1f1 - - - - - -] Attempt 1 to provision port 707e96e5-db1e-40a0-b1bb-e34864a704d9
2026-05-06 06:09:22.309 9 INFO neutron.plugins.ml2.plugin [None req-2467e5b2-297b-4cdb-a9d4-335777c76c48 - - - - - -] Attempt 1 to provision port d1445bdc-6a22-4a15-8483-5c0c808e5b6a
2026-05-06 06:09:22.347 10 INFO neutron.plugins.ml2.plugin [None req-c0041ac1-38a0-4d62-991c-b4cf16de455d - - - - - -] Attempt 1 to provision port d1445bdc-6a22-4a15-8483-5c0c808e5b6a
2026-05-06 06:09:22.992 9 INFO neutron.plugins.ml2.plugin [None req-2467e5b2-297b-4cdb-a9d4-335777c76c48 - - - - - -] Attempt 1 to provision port 707e96e5-db1e-40a0-b1bb-e34864a704d9
2026-05-06 06:09:23.167 9 INFO neutron.plugins.ml2.plugin [None req-39f8d90d-8906-454e-8d2b-a63588a3eb41 - - - - - -] Attempt 1 to provision port f1d4213d-54d5-4287-bf88-5910174be887
2026-05-06 06:09:23.653 10 INFO neutron.plugins.ml2.plugin [None req-83872a7a-1b56-448e-8d22-ef218366c8be - - - - - -] Attempt 1 to provision port f1d4213d-54d5-4287-bf88-5910174be887
2026-05-06 06:09:24.299 10 INFO neutron.plugins.ml2.plugin [None req-2467e5b2-297b-4cdb-a9d4-335777c76c48 - - - - - -] Attempt 1 to provision port 79afc587-f8bc-41f6-83ca-83f9bd12c58f
2026-05-06 06:09:24.762 10 INFO neutron.plugins.ml2.plugin [None req-2467e5b2-297b-4cdb-a9d4-335777c76c48 - - - - - -] Attempt 1 to provision port d1445bdc-6a22-4a15-8483-5c0c808e5b6a
2026-05-06 06:09:25.113 10 INFO neutron.plugins.ml2.plugin [None req-2467e5b2-297b-4cdb-a9d4-335777c76c48 - - - - - -] Attempt 1 to provision port 707e96e5-db1e-40a0-b1bb-e34864a704d9
2026-05-06 06:09:25.205 9 INFO neutron.plugins.ml2.plugin [None req-ad1d772c-5a94-4a8a-bd95-fb60a579bf61 - - - - - -] Attempt 1 to provision port acda2ad6-98e2-492a-bab0-a88bbab29f90
2026-05-06 06:09:25.445 9 INFO neutron.plugins.ml2.plugin [None req-30a0fbee-a442-4396-a59d-5a69e66696fc - - - - - -] Attempt 1 to provision port acda2ad6-98e2-492a-bab0-a88bbab29f90
2026-05-06 06:09:30.529 10 INFO neutron.plugins.ml2.plugin [None req-4cc2bd2a-9e25-4dc9-886f-8fb095e5caf4 - - - - - -] Attempt 1 to provision port eea0b88d-a6e4-457f-a30c-c09873d1cbe4
2026-05-06 06:09:31.583 10 INFO neutron.plugins.ml2.plugin [None req-a734fb4f-3aca-4db5-a00e-bef0fabd6a80 - - - - - -] Attempt 1 to provision port 60d4d4a4-494f-45f5-9729-6b595b6f03aa
2026-05-06 06:09:32.226 9 INFO neutron.plugins.ml2.plugin [None req-2467e5b2-297b-4cdb-a9d4-335777c76c48 - - - - - -] Attempt 1 to provision port e8af3d44-2696-4c10-aa9a-794be4af2237
2026-05-06 06:09:32.770 9 INFO neutron.plugins.ml2.plugin [None req-ae4eab0c-7f01-410a-8bff-1bce46150d3a - - - - - -] Attempt 1 to provision port e8af3d44-2696-4c10-aa9a-794be4af2237
2026-05-06 06:09:32.838 9 INFO neutron.plugins.ml2.plugin [None req-2467e5b2-297b-4cdb-a9d4-335777c76c48 - - - - - -] Attempt 1 to provision port 60d4d4a4-494f-45f5-9729-6b595b6f03aa
2026-05-06 06:09:34.230 10 INFO neutron.plugins.ml2.plugin [None req-2467e5b2-297b-4cdb-a9d4-335777c76c48 - - - - - -] Attempt 1 to provision port eea0b88d-a6e4-457f-a30c-c09873d1cbe4
2026-05-06 06:09:34.283 9 INFO neutron.plugins.ml2.plugin [None req-98839603-2632-44df-a928-beb54b5a200b - - - - - -] Attempt 1 to provision port 4abc894c-ace8-4780-8599-ca5ef4f9bb81
2026-05-06 06:09:34.435 10 INFO neutron.notifiers.nova [-] Nova event matching ['req-b1e59fc1-d5c1-4230-a810-dc43236646ba'] response: {'server_uuid': 'e117338b-f06b-4402-8036-680050b1081a', 'name': 'network-vif-plugged', 'status': 'completed', 'tag': 'eea0b88d-a6e4-457f-a30c-c09873d1cbe4', 'code': 200}
2026-05-06 06:09:34.638 9 INFO neutron.plugins.ml2.plugin [None req-fbdf5b65-bb22-4e85-9c15-4a0276676bc4 - - - - - -] Attempt 1 to provision port 4abc894c-ace8-4780-8599-ca5ef4f9bb81
2026-05-06 06:09:34.737 10 INFO neutron.plugins.ml2.plugin [None req-2467e5b2-297b-4cdb-a9d4-335777c76c48 - - - - - -] Attempt 1 to provision port e8af3d44-2696-4c10-aa9a-794be4af2237
2026-05-06 06:09:36.159 10 INFO neutron.plugins.ml2.plugin [None req-2467e5b2-297b-4cdb-a9d4-335777c76c48 - - - - - -] Attempt 1 to provision port eea0b88d-a6e4-457f-a30c-c09873d1cbe4
2026-05-06 06:09:40.190 10 INFO neutron.plugins.ml2.plugin [None req-2467e5b2-297b-4cdb-a9d4-335777c76c48 - - - - - -] Attempt 1 to provision port ba3e842d-238b-4b55-8f89-42a320fb78ba
2026-05-06 06:09:40.645 9 INFO neutron.plugins.ml2.plugin [None req-b8c1a26e-5007-42f9-b54a-1cc3232fb176 - - - - - -] Attempt 1 to provision port ba3e842d-238b-4b55-8f89-42a320fb78ba
2026-05-06 06:09:42.231 9 INFO neutron.plugins.ml2.plugin [None req-2467e5b2-297b-4cdb-a9d4-335777c76c48 - - - - - -] Attempt 1 to provision port ba3e842d-238b-4b55-8f89-42a320fb78ba
2026-05-06 06:09:42.436 10 INFO neutron.plugins.ml2.plugin [None req-d30bd1af-7d2f-432d-a7a2-51d4e7f7397b - - - - - -] Attempt 1 to provision port bd5039be-3423-4141-8fa0-cd32c1a184a3
2026-05-06 06:09:42.537 9 INFO neutron.plugins.ml2.plugin [None req-2467e5b2-297b-4cdb-a9d4-335777c76c48 - - - - - -] Attempt 1 to provision port c90f28a4-b69d-4162-bce6-ab18f2f9ed4e
2026-05-06 06:09:42.782 9 INFO neutron.plugins.ml2.plugin [None req-c36290f8-20a2-45c1-a155-32a72ee58150 - - - - - -] Attempt 1 to provision port bd5039be-3423-4141-8fa0-cd32c1a184a3
2026-05-06 06:09:46.067 10 INFO neutron.plugins.ml2.plugin [None req-55f939e6-7aae-40c5-81b5-e91543158cad - - - - - -] Attempt 1 to provision port a7390246-c60f-4033-90c2-bf74e2e18303
2026-05-06 06:10:01.531 9 INFO neutron.plugins.ml2.plugin [None req-228a7786-2706-46d8-b8c9-8d86cd696fec - - - - - -] Attempt 1 to provision port a106893a-5c52-4c5e-b929-3ead6e06f486
2026-05-06 06:10:02.163 9 INFO neutron.plugins.ml2.plugin [None req-2467e5b2-297b-4cdb-a9d4-335777c76c48 - - - - - -] Attempt 1 to provision port 908e2661-7c63-4ef8-9204-5808c60b5f39
2026-05-06 06:10:02.192 10 INFO neutron.plugins.ml2.plugin [None req-cd8f41cd-12a3-42e3-8f41-a6d2465a10f0 - - - - - -] Attempt 1 to provision port 908e2661-7c63-4ef8-9204-5808c60b5f39
2026-05-06 06:10:03.178 10 INFO neutron.plugins.ml2.plugin [None req-1ee30038-9620-4d67-8484-4862ee0a8295 - - - - - -] Attempt 1 to provision port b7584f14-c184-4b56-b253-369063df803a
2026-05-06 06:10:03.525 10 INFO neutron.plugins.ml2.plugin [None req-778faedd-8c8d-44c6-8c6c-5913c44a4864 - - - - - -] Attempt 1 to provision port fb3991d8-c2d9-4ad6-90f5-715e9830eb22
2026-05-06 06:10:04.265 9 INFO neutron.plugins.ml2.plugin [None req-2467e5b2-297b-4cdb-a9d4-335777c76c48 - - - - - -] Attempt 1 to provision port fb3991d8-c2d9-4ad6-90f5-715e9830eb22
2026-05-06 06:10:04.589 9 INFO neutron.plugins.ml2.plugin [None req-2467e5b2-297b-4cdb-a9d4-335777c76c48 - - - - - -] Attempt 1 to provision port 908e2661-7c63-4ef8-9204-5808c60b5f39
2026-05-06 06:10:04.608 9 INFO neutron.plugins.ml2.plugin [None req-e6228c85-1469-49fa-94c2-e80563c0b749 - - - - - -] Attempt 1 to provision port c9155b96-f92e-4285-ae37-665263a505a3
2026-05-06 06:10:05.152 9 INFO neutron.plugins.ml2.plugin [None req-a19d2740-19b5-478d-981d-5e314ef94ae7 - - - - - -] Attempt 1 to provision port c9155b96-f92e-4285-ae37-665263a505a3
2026-05-06 06:10:05.502 9 INFO neutron.plugins.ml2.plugin [None req-494b4d46-9779-46be-8dbc-0a50bb816413 - - - - - -] Attempt 1 to provision port 4a5c7c64-8007-4f38-88b4-5f96f4ea275d
2026-05-06 06:10:06.142 10 INFO neutron.plugins.ml2.plugin [None req-be717c1e-d6c9-4702-a5b9-c5dfda20e335 - - - - - -] Attempt 1 to provision port 4a5c7c64-8007-4f38-88b4-5f96f4ea275d
2026-05-06 06:10:06.190 9 INFO neutron.plugins.ml2.plugin [None req-2467e5b2-297b-4cdb-a9d4-335777c76c48 - - - - - -] Attempt 1 to provision port 7a22a3b6-a2a4-43c4-a204-60ccbb44690b
2026-05-06 06:10:06.720 9 INFO neutron.plugins.ml2.plugin [None req-2467e5b2-297b-4cdb-a9d4-335777c76c48 - - - - - -] Attempt 1 to provision port adbb8937-48a1-4ec0-bac3-7e4591bc6782
2026-05-06 06:10:08.227 10 INFO neutron.plugins.ml2.plugin [None req-2467e5b2-297b-4cdb-a9d4-335777c76c48 - - - - - -] Attempt 1 to provision port adbb8937-48a1-4ec0-bac3-7e4591bc6782
2026-05-06 06:10:08.545 10 INFO neutron.plugins.ml2.plugin [None req-2467e5b2-297b-4cdb-a9d4-335777c76c48 - - - - - -] Attempt 1 to provision port 7a22a3b6-a2a4-43c4-a204-60ccbb44690b
2026-05-06 06:10:09.533 9 INFO neutron.plugins.ml2.plugin [None req-6c6f1aeb-ffc7-4f72-ab66-7544dfa041df - - - - - -] Attempt 1 to provision port a3cb0f3c-9ff3-4631-adb8-fcdfc8e89eff
2026-05-06 06:10:10.175 10 INFO neutron.plugins.ml2.plugin [None req-2467e5b2-297b-4cdb-a9d4-335777c76c48 - - - - - -] Attempt 1 to provision port 8f5226f3-7c4f-4fa2-8f85-b3c17a4dd262
2026-05-06 06:10:10.196 10 INFO neutron.plugins.ml2.plugin [None req-000b5cfe-52e3-4a7e-b4f2-914bb6cdf533 - - - - - -] Attempt 1 to provision port 020e9b64-b7b1-4fff-9b2d-4e27d637d685
2026-05-06 06:10:10.551 9 INFO neutron.plugins.ml2.plugin [None req-d71835e1-da93-4d61-896f-61ba3e57b40c - - - - - -] Attempt 1 to provision port 8f5226f3-7c4f-4fa2-8f85-b3c17a4dd262
2026-05-06 06:10:11.788 9 ERROR neutron.plugins.ml2.managers [None req-ccf7bc99-6f9c-4a5a-8163-edbb77d0bfe3 - - - - - -] Mechanism driver openvswitch failed in bind_port: neutron_lib.exceptions.SubnetNotFound: Subnet 4c33e810-82ce-4b4a-8038-218f86a2bcc7 could not be found.
2026-05-06 06:10:11.788 9 ERROR neutron.plugins.ml2.managers
Traceback (most recent call last):
2026-05-06 06:10:11.788 9 ERROR neutron.plugins.ml2.managers
File "/var/lib/openstack/lib/python3.10/site-packages/neutron/plugins/ml2/managers.py", line 866, in _bind_port_level
2026-05-06 06:10:11.788 9 ERROR neutron.plugins.ml2.managers driver.obj.bind_port(context)
2026-05-06 06:10:11.788 9 ERROR neutron.plugins.ml2.managers
File "/var/lib/openstack/lib/python3.10/site-packages/neutron/plugins/ml2/drivers/openvswitch/mech_driver/mech_openvswitch.py", line 133, in bind_port
2026-05-06 06:10:11.788 9 ERROR neutron.plugins.ml2.managers super(OpenvswitchMechanismDriver, self).bind_port(context)
2026-05-06 06:10:11.788 9 ERROR neutron.plugins.ml2.managers
File "/var/lib/openstack/lib/python3.10/site-packages/neutron/plugins/ml2/drivers/mech_agent.py", line 104, in bind_port
2026-05-06 06:10:11.788 9 ERROR neutron.plugins.ml2.managers subnets = self.get_subnets_from_fixed_ips(context)
2026-05-06 06:10:11.788 9 ERROR neutron.plugins.ml2.managers
File "/var/lib/openstack/lib/python3.10/site-packages/neutron/plugins/ml2/drivers/mech_agent.py", line 149, in get_subnets_from_fixed_ips
2026-05-06 06:10:11.788 9 ERROR neutron.plugins.ml2.managers subnets.append(context._plugin.get_subnet(
2026-05-06 06:10:11.788 9 ERROR neutron.plugins.ml2.managers
File "/var/lib/openstack/lib/python3.10/site-packages/neutron_lib/db/api.py", line 223, in wrapped
2026-05-06 06:10:11.788 9 ERROR neutron.plugins.ml2.managers return f_with_retry(*args, **kwargs,
2026-05-06 06:10:11.788 9 ERROR neutron.plugins.ml2.managers
File "/var/lib/openstack/lib/python3.10/site-packages/neutron_lib/db/api.py", line 137, in wrapped
2026-05-06 06:10:11.788 9 ERROR neutron.plugins.ml2.managers with excutils.save_and_reraise_exception():
2026-05-06 06:10:11.788 9 ERROR neutron.plugins.ml2.managers
File "/var/lib/openstack/lib/python3.10/site-packages/oslo_utils/excutils.py", line 227, in __exit__
2026-05-06 06:10:11.788 9 ERROR neutron.plugins.ml2.managers self.force_reraise()
2026-05-06 06:10:11.788 9 ERROR neutron.plugins.ml2.managers
File "/var/lib/openstack/lib/python3.10/site-packages/oslo_utils/excutils.py", line 200, in force_reraise
2026-05-06 06:10:11.788 9 ERROR neutron.plugins.ml2.managers raise self.value
2026-05-06 06:10:11.788 9 ERROR neutron.plugins.ml2.managers
File "/var/lib/openstack/lib/python3.10/site-packages/neutron_lib/db/api.py", line 135, in wrapped
2026-05-06 06:10:11.788 9 ERROR neutron.plugins.ml2.managers return f(*args, **kwargs)
2026-05-06 06:10:11.788 9 ERROR neutron.plugins.ml2.managers
File "/var/lib/openstack/lib/python3.10/site-packages/oslo_db/api.py", line 144, in wrapper
2026-05-06 06:10:11.788 9 ERROR neutron.plugins.ml2.managers with excutils.save_and_reraise_exception() as ectxt:
2026-05-06 06:10:11.788 9 ERROR neutron.plugins.ml2.managers
File "/var/lib/openstack/lib/python3.10/site-packages/oslo_utils/excutils.py", line 227, in __exit__
2026-05-06 06:10:11.788 9 ERROR neutron.plugins.ml2.managers self.force_reraise()
2026-05-06 06:10:11.788 9 ERROR neutron.plugins.ml2.managers
File "/var/lib/openstack/lib/python3.10/site-packages/oslo_utils/excutils.py", line 200, in force_reraise
2026-05-06 06:10:11.788 9 ERROR neutron.plugins.ml2.managers raise self.value
2026-05-06 06:10:11.788 9 ERROR neutron.plugins.ml2.managers
File "/var/lib/openstack/lib/python3.10/site-packages/oslo_db/api.py", line 142, in wrapper
2026-05-06 06:10:11.788 9 ERROR neutron.plugins.ml2.managers return f(*args, **kwargs)
2026-05-06 06:10:11.788 9 ERROR neutron.plugins.ml2.managers
File "/var/lib/openstack/lib/python3.10/site-packages/neutron_lib/db/api.py", line 183, in wrapped
2026-05-06 06:10:11.788 9 ERROR neutron.plugins.ml2.managers with excutils.save_and_reraise_exception():
2026-05-06 06:10:11.788 9 ERROR neutron.plugins.ml2.managers
File "/var/lib/openstack/lib/python3.10/site-packages/oslo_utils/excutils.py", line 227, in __exit__
2026-05-06 06:10:11.788 9 ERROR neutron.plugins.ml2.managers self.force_reraise()
2026-05-06 06:10:11.788 9 ERROR neutron.plugins.ml2.managers
File "/var/lib/openstack/lib/python3.10/site-packages/oslo_utils/excutils.py", line 200, in force_reraise
2026-05-06 06:10:11.788 9 ERROR neutron.plugins.ml2.managers raise self.value
2026-05-06 06:10:11.788 9 ERROR neutron.plugins.ml2.managers
File "/var/lib/openstack/lib/python3.10/site-packages/neutron_lib/db/api.py", line 181, in wrapped
2026-05-06 06:10:11.788 9 ERROR neutron.plugins.ml2.managers return f(*dup_args, **dup_kwargs)
2026-05-06 06:10:11.788 9 ERROR neutron.plugins.ml2.managers
File "/var/lib/openstack/lib/python3.10/site-packages/neutron/db/db_base_plugin_v2.py", line 1198, in get_subnet
2026-05-06 06:10:11.788 9 ERROR neutron.plugins.ml2.managers subnet_obj = self._get_subnet_object(context, id)
2026-05-06 06:10:11.788 9 ERROR neutron.plugins.ml2.managers
File "/var/lib/openstack/lib/python3.10/site-packages/neutron/db/db_base_plugin_common.py", line 282, in _get_subnet_object
2026-05-06 06:10:11.788 9 ERROR neutron.plugins.ml2.managers raise exceptions.SubnetNotFound(subnet_id=id)
2026-05-06 06:10:11.788 9 ERROR neutron.plugins.ml2.managers neutron_lib.exceptions.SubnetNotFound: Subnet 4c33e810-82ce-4b4a-8038-218f86a2bcc7 could not be found.
2026-05-06 06:10:11.788 9 ERROR neutron.plugins.ml2.managers 
2026-05-06 06:10:11.789 9 ERROR neutron.plugins.ml2.managers [None req-ccf7bc99-6f9c-4a5a-8163-edbb77d0bfe3 - - - - - -] Failed to bind port f5797ea7-1047-425a-bd63-4218ffe5dfe5 on host instance for vnic_type normal using segments [{'id': 'f49ebb45-41c4-4661-9110-694f66bd6b42', 'network_type': 'vxlan', 'physical_network': None, 'segmentation_id': 781, 'network_id': '84749b6e-746f-4323-a85b-ab05feb4c292'}]
2026-05-06 06:10:11.791 9 INFO neutron.plugins.ml2.plugin [None req-ccf7bc99-6f9c-4a5a-8163-edbb77d0bfe3 - - - - - -] Attempt 2 to bind port f5797ea7-1047-425a-bd63-4218ffe5dfe5
2026-05-06 06:10:11.811 9 ERROR neutron.plugins.ml2.managers [None req-ccf7bc99-6f9c-4a5a-8163-edbb77d0bfe3 - - - - - -] Mechanism driver openvswitch failed in bind_port: neutron_lib.exceptions.SubnetNotFound: Subnet 4c33e810-82ce-4b4a-8038-218f86a2bcc7 could not be found.
2026-05-06 06:10:11.811 9 ERROR neutron.plugins.ml2.managers
Traceback (most recent call last):
2026-05-06 06:10:11.811 9 ERROR neutron.plugins.ml2.managers
File "/var/lib/openstack/lib/python3.10/site-packages/neutron/plugins/ml2/managers.py", line 866, in _bind_port_level
2026-05-06 06:10:11.811 9 ERROR neutron.plugins.ml2.managers driver.obj.bind_port(context)
2026-05-06 06:10:11.811 9 ERROR neutron.plugins.ml2.managers
File "/var/lib/openstack/lib/python3.10/site-packages/neutron/plugins/ml2/drivers/openvswitch/mech_driver/mech_openvswitch.py", line 133, in bind_port
2026-05-06 06:10:11.811 9 ERROR neutron.plugins.ml2.managers super(OpenvswitchMechanismDriver, self).bind_port(context)
2026-05-06 06:10:11.811 9 ERROR neutron.plugins.ml2.managers
File "/var/lib/openstack/lib/python3.10/site-packages/neutron/plugins/ml2/drivers/mech_agent.py", line 104, in bind_port
2026-05-06 06:10:11.811 9 ERROR neutron.plugins.ml2.managers subnets = self.get_subnets_from_fixed_ips(context)
2026-05-06 06:10:11.811 9 ERROR neutron.plugins.ml2.managers
File "/var/lib/openstack/lib/python3.10/site-packages/neutron/plugins/ml2/drivers/mech_agent.py", line 149, in get_subnets_from_fixed_ips
2026-05-06 06:10:11.811 9 ERROR neutron.plugins.ml2.managers subnets.append(context._plugin.get_subnet(
2026-05-06 06:10:11.811 9 ERROR neutron.plugins.ml2.managers
File "/var/lib/openstack/lib/python3.10/site-packages/neutron_lib/db/api.py", line 223, in wrapped
2026-05-06 06:10:11.811 9 ERROR neutron.plugins.ml2.managers return f_with_retry(*args, **kwargs,
2026-05-06 06:10:11.811 9 ERROR neutron.plugins.ml2.managers
File "/var/lib/openstack/lib/python3.10/site-packages/neutron_lib/db/api.py", line 137, in wrapped
2026-05-06 06:10:11.811 9 ERROR neutron.plugins.ml2.managers with excutils.save_and_reraise_exception():
2026-05-06 06:10:11.811 9 ERROR neutron.plugins.ml2.managers
File "/var/lib/openstack/lib/python3.10/site-packages/oslo_utils/excutils.py", line 227, in __exit__
2026-05-06 06:10:11.811 9 ERROR neutron.plugins.ml2.managers self.force_reraise()
2026-05-06 06:10:11.811 9 ERROR neutron.plugins.ml2.managers
File "/var/lib/openstack/lib/python3.10/site-packages/oslo_utils/excutils.py", line 200, in force_reraise
2026-05-06 06:10:11.811 9 ERROR neutron.plugins.ml2.managers raise self.value
2026-05-06 06:10:11.811 9 ERROR neutron.plugins.ml2.managers
File "/var/lib/openstack/lib/python3.10/site-packages/neutron_lib/db/api.py", line 135, in wrapped
2026-05-06 06:10:11.811 9 ERROR neutron.plugins.ml2.managers return f(*args, **kwargs)
2026-05-06 06:10:11.811 9 ERROR neutron.plugins.ml2.managers
File "/var/lib/openstack/lib/python3.10/site-packages/oslo_db/api.py", line 144, in wrapper
2026-05-06 06:10:11.811 9 ERROR neutron.plugins.ml2.managers with excutils.save_and_reraise_exception() as ectxt:
2026-05-06 06:10:11.811 9 ERROR neutron.plugins.ml2.managers
File "/var/lib/openstack/lib/python3.10/site-packages/oslo_utils/excutils.py", line 227, in __exit__
2026-05-06 06:10:11.811 9 ERROR neutron.plugins.ml2.managers self.force_reraise()
2026-05-06 06:10:11.811 9 ERROR neutron.plugins.ml2.managers
File "/var/lib/openstack/lib/python3.10/site-packages/oslo_utils/excutils.py", line 200, in force_reraise
2026-05-06 06:10:11.811 9 ERROR neutron.plugins.ml2.managers raise self.value
2026-05-06 06:10:11.811 9 ERROR neutron.plugins.ml2.managers
File "/var/lib/openstack/lib/python3.10/site-packages/oslo_db/api.py", line 142, in wrapper
2026-05-06 06:10:11.811 9 ERROR neutron.plugins.ml2.managers return f(*args, **kwargs)
2026-05-06 06:10:11.811 9 ERROR neutron.plugins.ml2.managers
File "/var/lib/openstack/lib/python3.10/site-packages/neutron_lib/db/api.py", line 183, in wrapped
2026-05-06 06:10:11.811 9 ERROR neutron.plugins.ml2.managers with excutils.save_and_reraise_exception():
2026-05-06 06:10:11.811 9 ERROR neutron.plugins.ml2.managers
File "/var/lib/openstack/lib/python3.10/site-packages/oslo_utils/excutils.py", line 227, in __exit__
2026-05-06 06:10:11.811 9 ERROR neutron.plugins.ml2.managers self.force_reraise()
2026-05-06 06:10:11.811 9 ERROR neutron.plugins.ml2.managers
File "/var/lib/openstack/lib/python3.10/site-packages/oslo_utils/excutils.py", line 200, in force_reraise
2026-05-06 06:10:11.811 9 ERROR neutron.plugins.ml2.managers raise self.value
2026-05-06 06:10:11.811 9 ERROR neutron.plugins.ml2.managers
File "/var/lib/openstack/lib/python3.10/site-packages/neutron_lib/db/api.py", line 181, in wrapped
2026-05-06 06:10:11.811 9 ERROR neutron.plugins.ml2.managers return f(*dup_args, **dup_kwargs)
2026-05-06 06:10:11.811 9 ERROR neutron.plugins.ml2.managers
File "/var/lib/openstack/lib/python3.10/site-packages/neutron/db/db_base_plugin_v2.py", line 1198, in get_subnet
2026-05-06 06:10:11.811 9 ERROR neutron.plugins.ml2.managers subnet_obj = self._get_subnet_object(context, id)
2026-05-06 06:10:11.811 9 ERROR neutron.plugins.ml2.managers
File "/var/lib/openstack/lib/python3.10/site-packages/neutron/db/db_base_plugin_common.py", line 282, in _get_subnet_object
2026-05-06 06:10:11.811 9 ERROR neutron.plugins.ml2.managers raise exceptions.SubnetNotFound(subnet_id=id)
2026-05-06 06:10:11.811 9 ERROR neutron.plugins.ml2.managers neutron_lib.exceptions.SubnetNotFound: Subnet 4c33e810-82ce-4b4a-8038-218f86a2bcc7 could not be found.
2026-05-06 06:10:11.811 9 ERROR neutron.plugins.ml2.managers 
2026-05-06 06:10:11.812 9 ERROR neutron.plugins.ml2.managers [None req-ccf7bc99-6f9c-4a5a-8163-edbb77d0bfe3 - - - - - -] Failed to bind port f5797ea7-1047-425a-bd63-4218ffe5dfe5 on host instance for vnic_type normal using segments [{'id': 'f49ebb45-41c4-4661-9110-694f66bd6b42', 'network_type': 'vxlan', 'physical_network': None, 'segmentation_id': 781, 'network_id': '84749b6e-746f-4323-a85b-ab05feb4c292'}]
2026-05-06 06:10:11.813 9 INFO neutron.plugins.ml2.plugin [None req-ccf7bc99-6f9c-4a5a-8163-edbb77d0bfe3 - - - - - -] Attempt 3 to bind port f5797ea7-1047-425a-bd63-4218ffe5dfe5
2026-05-06 06:10:11.835 9 ERROR neutron.plugins.ml2.managers [None req-ccf7bc99-6f9c-4a5a-8163-edbb77d0bfe3 - - - - - -] Mechanism driver openvswitch failed in bind_port: neutron_lib.exceptions.SubnetNotFound: Subnet 4c33e810-82ce-4b4a-8038-218f86a2bcc7 could not be found.
2026-05-06 06:10:11.835 9 ERROR neutron.plugins.ml2.managers
Traceback (most recent call last):
2026-05-06 06:10:11.835 9 ERROR neutron.plugins.ml2.managers
File "/var/lib/openstack/lib/python3.10/site-packages/neutron/plugins/ml2/managers.py", line 866, in _bind_port_level
2026-05-06 06:10:11.835 9 ERROR neutron.plugins.ml2.managers driver.obj.bind_port(context)
2026-05-06 06:10:11.835 9 ERROR neutron.plugins.ml2.managers
File "/var/lib/openstack/lib/python3.10/site-packages/neutron/plugins/ml2/drivers/openvswitch/mech_driver/mech_openvswitch.py", line 133, in bind_port
2026-05-06 06:10:11.835 9 ERROR neutron.plugins.ml2.managers super(OpenvswitchMechanismDriver, self).bind_port(context)
2026-05-06 06:10:11.835 9 ERROR neutron.plugins.ml2.managers
File "/var/lib/openstack/lib/python3.10/site-packages/neutron/plugins/ml2/drivers/mech_agent.py", line 104, in bind_port
2026-05-06 06:10:11.835 9 ERROR neutron.plugins.ml2.managers subnets = self.get_subnets_from_fixed_ips(context)
2026-05-06 06:10:11.835 9 ERROR neutron.plugins.ml2.managers
File "/var/lib/openstack/lib/python3.10/site-packages/neutron/plugins/ml2/drivers/mech_agent.py", line 149, in get_subnets_from_fixed_ips
2026-05-06 06:10:11.835 9 ERROR neutron.plugins.ml2.managers subnets.append(context._plugin.get_subnet(
2026-05-06 06:10:11.835 9 ERROR neutron.plugins.ml2.managers
File "/var/lib/openstack/lib/python3.10/site-packages/neutron_lib/db/api.py", line 223, in wrapped
2026-05-06 06:10:11.835 9 ERROR neutron.plugins.ml2.managers return f_with_retry(*args, **kwargs,
2026-05-06 06:10:11.835 9 ERROR neutron.plugins.ml2.managers
File "/var/lib/openstack/lib/python3.10/site-packages/neutron_lib/db/api.py", line 137, in wrapped
2026-05-06 06:10:11.835 9 ERROR neutron.plugins.ml2.managers with excutils.save_and_reraise_exception():
2026-05-06 06:10:11.835 9 ERROR neutron.plugins.ml2.managers
File "/var/lib/openstack/lib/python3.10/site-packages/oslo_utils/excutils.py", line 227, in __exit__
2026-05-06 06:10:11.835 9 ERROR neutron.plugins.ml2.managers self.force_reraise()
2026-05-06 06:10:11.835 9 ERROR neutron.plugins.ml2.managers
File "/var/lib/openstack/lib/python3.10/site-packages/oslo_utils/excutils.py", line 200, in force_reraise
