2026-05-26 17:10:48.205 8 INFO neutron.notifiers.nova [-] Nova event matching ['req-d4632819-c2d2-42b7-a4f2-051754f986c0'] response: {'name': 'network-changed', 'server_uuid': 'c3ae66bd-6f7f-48cf-b8c8-32e9d5ec98c9', 'tag': '257e796c-a7ae-46e1-a1f5-2fe3d7897db0', 'status': 'completed', 'code': 200} /var/lib/openstack/lib/python3.12/site-packages/pycadf/identifier.py:70: UserWarning: Invalid uuid: neutron. To ensure interoperability, identifiers should be a valid uuid. warnings.warn(('Invalid uuid: %s. To ensure interoperability, ' [pid: 7|app: 0|req: 784/1724] 10.0.0.48 () {32 vars in 773 bytes} [Tue May 26 17:10:48 2026] GET /v2.0/security-groups?tenant_id=29ff056d3ec3430ca1a77933c40229b1&name=default => generated 2925 bytes in 140 msecs (HTTP/1.1 200) 4 headers in 158 bytes (1 switches on core 0) [pid: 7|app: 0|req: 785/1725] 199.19.213.219 () {34 vars in 1080 bytes} [Tue May 26 17:10:48 2026] GET /v2.0/ports?tenant_id=560a1c178bb542c49f2cba863ad1d861&device_id=c3ae66bd-6f7f-48cf-b8c8-32e9d5ec98c9 => generated 1209 bytes in 45 msecs (HTTP/1.1 200) 4 headers in 158 bytes (1 switches on core 0) [pid: 7|app: 0|req: 786/1726] 199.19.213.219 () {34 vars in 986 bytes} [Tue May 26 17:10:48 2026] GET /v2.0/networks?id=1c96c8b3-4475-40e0-ad4c-a945ef30e84d => generated 759 bytes in 72 msecs (HTTP/1.1 200) 4 headers in 157 bytes (1 switches on core 0) [pid: 7|app: 0|req: 787/1727] 199.19.213.219 () {34 vars in 1058 bytes} [Tue May 26 17:10:48 2026] GET /v2.0/floatingips?fixed_ip_address=10.100.0.7&port_id=257e796c-a7ae-46e1-a1f5-2fe3d7897db0 => generated 860 bytes in 49 msecs (HTTP/1.1 200) 4 headers in 157 bytes (1 switches on core 0) [pid: 7|app: 0|req: 788/1728] 199.19.213.219 () {34 vars in 984 bytes} [Tue May 26 17:10:48 2026] GET /v2.0/subnets?id=9483e782-714e-4b53-904f-9638810850e0 => generated 678 bytes in 46 msecs (HTTP/1.1 200) 4 headers in 157 bytes (1 switches on core 0) [pid: 8|app: 0|req: 941/1729] 10.0.0.48 () {32 vars in 739 bytes} [Tue May 26 17:10:48 2026] DELETE /v2.0/security-groups/e80924c5-ed0f-4d3e-8bdb-2d65689f1058 => generated 0 bytes in 308 msecs (HTTP/1.1 204) 2 headers in 112 bytes (1 switches on core 0) [pid: 7|app: 0|req: 789/1730] 199.19.213.219 () {34 vars in 1052 bytes} [Tue May 26 17:10:48 2026] GET /v2.0/ports?network_id=1c96c8b3-4475-40e0-ad4c-a945ef30e84d&device_owner=network%3Adhcp => generated 12 bytes in 40 msecs (HTTP/1.1 200) 4 headers in 156 bytes (1 switches on core 0)
2026-05-26 17:10:49.014 7 INFO neutron.services.segments.plugin [-] Segment 7fa80c1c-72d4-4353-9b4b-0239505416d5 resource provider aggregate not found
2026-05-26 17:10:49.015 7 INFO neutron.services.segments.plugin [-] Segment 7fa80c1c-72d4-4353-9b4b-0239505416d5 resource provider aggregate not found
2026-05-26 17:10:49.032 7 INFO neutron.services.segments.plugin [-] Segment 7fa80c1c-72d4-4353-9b4b-0239505416d5 resource provider not found; error: Placement Client Error (4xx): {"errors": [{"status": 404, "title": "Not Found", "detail": "The resource could not be found.\n\n No resource provider with uuid 7fa80c1c-72d4-4353-9b4b-0239505416d5 found for delete ", "request_id": "req-6cbb43b5-5207-4eb1-b747-4eda0cd52187"}]}
2026-05-26 17:10:49.036 7 INFO neutron.services.segments.plugin [-] Segment 7fa80c1c-72d4-4353-9b4b-0239505416d5 resource provider not found; error: Placement Client Error (4xx): {"errors": [{"status": 404, "title": "Not Found", "detail": "The resource could not be found.\n\n No resource provider with uuid 7fa80c1c-72d4-4353-9b4b-0239505416d5 found for delete ", "request_id": "req-86f9984d-37bb-4ac1-ac74-1f9d4396d327"}]} [pid: 8|app: 0|req: 942/1731] 199.19.213.219 () {34 vars in 1012 bytes} [Tue May 26 17:10:49 2026] GET /v2.0/networks/1c96c8b3-4475-40e0-ad4c-a945ef30e84d?fields=segments => generated 14 bytes in 46 msecs (HTTP/1.1 200) 4 headers in 156 bytes (1 switches on core 0) [pid: 7|app: 0|req: 790/1732] 199.19.213.219 () {34 vars in 1112 bytes} [Tue May 26 17:10:49 2026] GET /v2.0/networks/1c96c8b3-4475-40e0-ad4c-a945ef30e84d?fields=provider%3Aphysical_network&fields=provider%3Anetwork_type => generated 79 bytes in 50 msecs (HTTP/1.1 200) 4 headers in 156 bytes (1 switches on core 0)
2026-05-26 17:10:50.136 8 INFO neutron.db.ovn_revision_numbers_db [None req-c8de0332-d276-44cc-b950-c3e986bc8482 ad3f9c95388c4935a9975eea19090963 91538594e71b4f2ea5e5a9b1fd0a87f6 - - default default] Successfully bumped revision number for resource 2a033297-132b-4a95-9676-d44f7c756405 (type: security_groups) to 1
2026-05-26 17:10:50.150 8 INFO neutron.db.ovn_revision_numbers_db [None req-c8de0332-d276-44cc-b950-c3e986bc8482 ad3f9c95388c4935a9975eea19090963 91538594e71b4f2ea5e5a9b1fd0a87f6 - - default default] Successfully bumped revision number for resource 19c50106-63fc-4daa-b780-cb2e255009f5 (type: security_group_rules) to 0
2026-05-26 17:10:50.167 8 INFO neutron.db.ovn_revision_numbers_db [None req-c8de0332-d276-44cc-b950-c3e986bc8482 ad3f9c95388c4935a9975eea19090963 91538594e71b4f2ea5e5a9b1fd0a87f6 - - default default] Successfully bumped revision number for resource 61f9441b-bed7-4700-972e-b9596dae2d0f (type: security_group_rules) to 0
2026-05-26 17:10:50.181 8 INFO neutron.db.ovn_revision_numbers_db [None req-c8de0332-d276-44cc-b950-c3e986bc8482 ad3f9c95388c4935a9975eea19090963 91538594e71b4f2ea5e5a9b1fd0a87f6 - - default default] Successfully bumped revision number for resource b0b1b918-edbf-49cb-a77f-cc10bfc6d670 (type: security_group_rules) to 0
2026-05-26 17:10:50.195 8 INFO neutron.db.ovn_revision_numbers_db [None req-c8de0332-d276-44cc-b950-c3e986bc8482 ad3f9c95388c4935a9975eea19090963 91538594e71b4f2ea5e5a9b1fd0a87f6 - - default default] Successfully bumped revision number for resource ed963a66-2afe-4e8b-a569-0607fba8e694 (type: security_group_rules) to 0 [pid: 8|app: 0|req: 943/1733] 10.0.0.48 () {32 vars in 773 bytes} [Tue May 26 17:10:49 2026] GET /v2.0/security-groups?tenant_id=211e24c9eef74528ad7e28f2b1491b0d&name=default => generated 2925 bytes in 406 msecs (HTTP/1.1 200) 4 headers in 158 bytes (1 switches on core 0) [pid: 7|app: 0|req: 791/1734] 10.0.0.48 () {32 vars in 739 bytes} [Tue May 26 17:10:50 2026] DELETE /v2.0/security-groups/2a033297-132b-4a95-9676-d44f7c756405 => generated 0 bytes in 287 msecs (HTTP/1.1 204) 2 headers in 112 bytes (1 switches on core 0)
2026-05-26 17:10:51.142 8 INFO neutron.db.ovn_revision_numbers_db [None req-8fe7ebf9-38ca-489e-ac73-bc46cfbc4f22 6bbb12abebe4441bbe611526bbb56941 7a5196b7aa83473d92efd2635c1973b3 - - default default] Successfully bumped revision number for resource df7a4555-96b3-46a0-be9d-1c636c845cea (type: security_groups) to 1
2026-05-26 17:10:51.155 8 INFO neutron.db.ovn_revision_numbers_db [None req-8fe7ebf9-38ca-489e-ac73-bc46cfbc4f22 6bbb12abebe4441bbe611526bbb56941 7a5196b7aa83473d92efd2635c1973b3 - - default default] Successfully bumped revision number for resource 453afbb1-37a9-468b-9371-1ccad0b015fc (type: security_group_rules) to 0
2026-05-26 17:10:51.167 8 INFO neutron.db.ovn_revision_numbers_db [None req-8fe7ebf9-38ca-489e-ac73-bc46cfbc4f22 6bbb12abebe4441bbe611526bbb56941 7a5196b7aa83473d92efd2635c1973b3 - - default default] Successfully bumped revision number for resource 9b324663-c96c-4180-adcb-b221610423ae (type: security_group_rules) to 0
2026-05-26 17:10:51.181 8 INFO neutron.db.ovn_revision_numbers_db [None req-8fe7ebf9-38ca-489e-ac73-bc46cfbc4f22 6bbb12abebe4441bbe611526bbb56941 7a5196b7aa83473d92efd2635c1973b3 - - default default] Successfully bumped revision number for resource e7d3b68a-8822-489b-a959-76e6481a15f9 (type: security_group_rules) to 0
2026-05-26 17:10:51.193 8 INFO neutron.db.ovn_revision_numbers_db [None req-8fe7ebf9-38ca-489e-ac73-bc46cfbc4f22 6bbb12abebe4441bbe611526bbb56941 7a5196b7aa83473d92efd2635c1973b3 - - default default] Successfully bumped revision number for resource faf0f6ed-b9a5-4aad-a3d9-802dad6225ef (type: security_group_rules) to 0
2026-05-26 17:10:51.278 8 INFO neutron.db.segments_db [None req-8fe7ebf9-38ca-489e-ac73-bc46cfbc4f22 6bbb12abebe4441bbe611526bbb56941 7a5196b7aa83473d92efd2635c1973b3 - - default default] Added segment aceb281b-de2c-4d5b-9644-060c65e387a4 of type geneve for network 661969a9-3b6c-493d-9d98-a01b0f6d97bc
2026-05-26 17:10:51.436 8 INFO neutron.db.ovn_revision_numbers_db [None req-8fe7ebf9-38ca-489e-ac73-bc46cfbc4f22 6bbb12abebe4441bbe611526bbb56941 7a5196b7aa83473d92efd2635c1973b3 - - default default] Successfully bumped revision number for resource 661969a9-3b6c-493d-9d98-a01b0f6d97bc (type: networks) to 1
2026-05-26 17:10:51.630 8 WARNING neutron.scheduler.dhcp_agent_scheduler [None req-8fe7ebf9-38ca-489e-ac73-bc46cfbc4f22 6bbb12abebe4441bbe611526bbb56941 7a5196b7aa83473d92efd2635c1973b3 - - default default] No more DHCP agents
2026-05-26 17:10:51.631 8 WARNING neutron.api.rpc.agentnotifiers.dhcp_rpc_agent_api [None req-8fe7ebf9-38ca-489e-ac73-bc46cfbc4f22 6bbb12abebe4441bbe611526bbb56941 7a5196b7aa83473d92efd2635c1973b3 - - default default] Unable to schedule network 661969a9-3b6c-493d-9d98-a01b0f6d97bc: no agents available; will retry on subsequent port and subnet creation events.
2026-05-26 17:10:51.715 7 INFO neutron.plugins.ml2.drivers.ovn.mech_driver.mech_driver [None req-a7fa3f6b-ab30-4198-ac48-1fc116dd7e2f - - - - - -] OVN reports status down for port: 0a081711-6f10-483d-ba77-d9a7eb25a2d1
2026-05-26 17:10:51.751 8 INFO neutron.db.ovn_revision_numbers_db [None req-8fe7ebf9-38ca-489e-ac73-bc46cfbc4f22 6bbb12abebe4441bbe611526bbb56941 7a5196b7aa83473d92efd2635c1973b3 - - default default] Successfully bumped revision number for resource 0a081711-6f10-483d-ba77-d9a7eb25a2d1 (type: ports) to 1 [pid: 8|app: 0|req: 944/1735] 10.0.0.48 () {34 vars in 669 bytes} [Tue May 26 17:10:50 2026] POST /v2.0/networks => generated 643 bytes in 1074 msecs (HTTP/1.1 201) 4 headers in 162 bytes (1 switches on core 0)
2026-05-26 17:10:51.997 7 WARNING neutron.scheduler.dhcp_agent_scheduler [None req-2fa9eb5a-5154-47d4-bda5-313b9b9a7566 6bbb12abebe4441bbe611526bbb56941 7a5196b7aa83473d92efd2635c1973b3 - - default default] No more DHCP agents
2026-05-26 17:10:51.998 7 WARNING neutron.api.rpc.agentnotifiers.dhcp_rpc_agent_api [None req-2fa9eb5a-5154-47d4-bda5-313b9b9a7566 6bbb12abebe4441bbe611526bbb56941 7a5196b7aa83473d92efd2635c1973b3 - - default default] Unable to schedule network 661969a9-3b6c-493d-9d98-a01b0f6d97bc: no agents available; will retry on subsequent port and subnet creation events.
2026-05-26 17:10:52.518 7 INFO neutron.db.ovn_revision_numbers_db [None req-c0cbd1c1-9876-426f-8e8f-0655808f4922 - - - - - -] Successfully bumped revision number for resource 0a081711-6f10-483d-ba77-d9a7eb25a2d1 (type: ports) to 2
2026-05-26 17:10:52.552 7 INFO neutron.db.ovn_revision_numbers_db [None req-c0cbd1c1-9876-426f-8e8f-0655808f4922 - - - - - -] Successfully bumped revision number for resource 22d783fd-9e78-4f3a-8301-781d1ab29d56 (type: subnets) to 0 [pid: 7|app: 0|req: 792/1736] 10.0.0.48 () {34 vars in 668 bytes} [Tue May 26 17:10:51 2026] POST /v2.0/subnets => generated 641 bytes in 763 msecs (HTTP/1.1 201) 4 headers in 162 bytes (1 switches on core 0)
2026-05-26 17:10:52.669 8 INFO neutron.db.segments_db [None req-cb6e919c-2314-4372-9b28-c582309e8b29 6bbb12abebe4441bbe611526bbb56941 7a5196b7aa83473d92efd2635c1973b3 - - default default] Added segment 14bede3c-e253-41c2-b62d-201e0d19ab02 of type geneve for network be09a23b-41aa-4a13-9506-ea3f51a5e0d9
2026-05-26 17:10:52.799 8 INFO neutron.db.ovn_revision_numbers_db [None req-cb6e919c-2314-4372-9b28-c582309e8b29 6bbb12abebe4441bbe611526bbb56941 7a5196b7aa83473d92efd2635c1973b3 - - default default] Successfully bumped revision number for resource be09a23b-41aa-4a13-9506-ea3f51a5e0d9 (type: networks) to 1
2026-05-26 17:10:52.977 8 WARNING neutron.scheduler.dhcp_agent_scheduler [None req-cb6e919c-2314-4372-9b28-c582309e8b29 6bbb12abebe4441bbe611526bbb56941 7a5196b7aa83473d92efd2635c1973b3 - - default default] No more DHCP agents
2026-05-26 17:10:52.979 8 WARNING neutron.api.rpc.agentnotifiers.dhcp_rpc_agent_api [None req-cb6e919c-2314-4372-9b28-c582309e8b29 6bbb12abebe4441bbe611526bbb56941 7a5196b7aa83473d92efd2635c1973b3 - - default default] Unable to schedule network be09a23b-41aa-4a13-9506-ea3f51a5e0d9: no agents available; will retry on subsequent port and subnet creation events.
2026-05-26 17:10:53.088 7 INFO neutron.plugins.ml2.drivers.ovn.mech_driver.mech_driver [None req-a7fa3f6b-ab30-4198-ac48-1fc116dd7e2f - - - - - -] OVN reports status down for port: 1456fffd-1882-47ba-b81e-3a8feb17ae4b
2026-05-26 17:10:53.091 8 INFO neutron.db.ovn_revision_numbers_db [None req-cb6e919c-2314-4372-9b28-c582309e8b29 6bbb12abebe4441bbe611526bbb56941 7a5196b7aa83473d92efd2635c1973b3 - - default default] Successfully bumped revision number for resource 1456fffd-1882-47ba-b81e-3a8feb17ae4b (type: ports) to 1 [pid: 8|app: 0|req: 945/1737] 10.0.0.48 () {34 vars in 669 bytes} [Tue May 26 17:10:52 2026] POST /v2.0/networks => generated 644 bytes in 550 msecs (HTTP/1.1 201) 4 headers in 162 bytes (1 switches on core 0)
2026-05-26 17:10:53.316 7 INFO neutron.db.ovn_revision_numbers_db [None req-72737daa-7c1f-44ac-96e7-bac07d1cef47 ad3f9c95388c4935a9975eea19090963 91538594e71b4f2ea5e5a9b1fd0a87f6 - - default default] Successfully bumped revision number for resource 5df90f98-1f2c-425a-89ea-970951e11cb6 (type: security_groups) to 1
2026-05-26 17:10:53.336 7 INFO neutron.db.ovn_revision_numbers_db [None req-72737daa-7c1f-44ac-96e7-bac07d1cef47 ad3f9c95388c4935a9975eea19090963 91538594e71b4f2ea5e5a9b1fd0a87f6 - - default default] Successfully bumped revision number for resource 1874a353-092d-49eb-b8c2-0eebf21e8c8e (type: security_group_rules) to 0
2026-05-26 17:10:53.348 7 INFO neutron.db.ovn_revision_numbers_db [None req-72737daa-7c1f-44ac-96e7-bac07d1cef47 ad3f9c95388c4935a9975eea19090963 91538594e71b4f2ea5e5a9b1fd0a87f6 - - default default] Successfully bumped revision number for resource 2c9cd4e7-85b3-4a52-a334-b6e1aa31eebc (type: security_group_rules) to 0
2026-05-26 17:10:53.356 8 INFO neutron.db.ovn_revision_numbers_db [None req-9ff151c9-135c-44d2-9aef-5903f7f71775 6bbb12abebe4441bbe611526bbb56941 7a5196b7aa83473d92efd2635c1973b3 - - default default] Successfully bumped revision number for resource be09a23b-41aa-4a13-9506-ea3f51a5e0d9 (type: networks) to 2
2026-05-26 17:10:53.360 7 INFO neutron.db.ovn_revision_numbers_db [None req-72737daa-7c1f-44ac-96e7-bac07d1cef47 ad3f9c95388c4935a9975eea19090963 91538594e71b4f2ea5e5a9b1fd0a87f6 - - default default] Successfully bumped revision number for resource 4ae09649-eb61-4ef7-b1d5-ecbca1fd6f5b (type: security_group_rules) to 0 [pid: 8|app: 0|req: 946/1738] 10.0.0.48 () {34 vars in 742 bytes} [Tue May 26 17:10:53 2026] PUT /v2.0/networks/be09a23b-41aa-4a13-9506-ea3f51a5e0d9 => generated 598 bytes in 237 msecs (HTTP/1.1 200) 4 headers in 157 bytes (1 switches on core 0)
2026-05-26 17:10:53.370 7 INFO neutron.db.ovn_revision_numbers_db [None req-72737daa-7c1f-44ac-96e7-bac07d1cef47 ad3f9c95388c4935a9975eea19090963 91538594e71b4f2ea5e5a9b1fd0a87f6 - - default default] Successfully bumped revision number for resource 5f3a13dd-cfda-422c-bef9-6fede858a0ab (type: security_group_rules) to 0 [pid: 7|app: 0|req: 793/1739] 10.0.0.48 () {32 vars in 773 bytes} [Tue May 26 17:10:52 2026] GET /v2.0/security-groups?tenant_id=cbf8034a92fd47008c97311398241187&name=default => generated 2925 bytes in 542 msecs (HTTP/1.1 200) 4 headers in 158 bytes (1 switches on core 0)
2026-05-26 17:10:53.588 8 WARNING neutron.scheduler.dhcp_agent_scheduler [None req-d44bba9d-2dbb-4891-a981-d2edd799cce7 6bbb12abebe4441bbe611526bbb56941 7a5196b7aa83473d92efd2635c1973b3 - - default default] No more DHCP agents
2026-05-26 17:10:53.589 8 WARNING neutron.api.rpc.agentnotifiers.dhcp_rpc_agent_api [None req-d44bba9d-2dbb-4891-a981-d2edd799cce7 6bbb12abebe4441bbe611526bbb56941 7a5196b7aa83473d92efd2635c1973b3 - - default default] Unable to schedule network be09a23b-41aa-4a13-9506-ea3f51a5e0d9: no agents available; will retry on subsequent port and subnet creation events. [pid: 7|app: 0|req: 794/1740] 10.0.0.48 () {32 vars in 739 bytes} [Tue May 26 17:10:53 2026] DELETE /v2.0/security-groups/5df90f98-1f2c-425a-89ea-970951e11cb6 => generated 0 bytes in 322 msecs (HTTP/1.1 204) 2 headers in 112 bytes (1 switches on core 0)
2026-05-26 17:10:54.132 8 INFO neutron.db.ovn_revision_numbers_db [None req-4d589a1d-13d1-48cf-a90d-160669ca8dac - - - - - -] Successfully bumped revision number for resource 1456fffd-1882-47ba-b81e-3a8feb17ae4b (type: ports) to 2
2026-05-26 17:10:54.164 8 INFO neutron.db.ovn_revision_numbers_db [None req-4d589a1d-13d1-48cf-a90d-160669ca8dac - - - - - -] Successfully bumped revision number for resource b8996a78-10d2-4d02-bb50-2ad1882bdb61 (type: subnets) to 0 [pid: 8|app: 0|req: 947/1741] 10.0.0.48 () {34 vars in 668 bytes} [Tue May 26 17:10:53 2026] POST /v2.0/subnets => generated 626 bytes in 815 msecs (HTTP/1.1 201) 4 headers in 162 bytes (1 switches on core 0)
2026-05-26 17:10:54.485 7 INFO neutron.db.ovn_revision_numbers_db [None req-2375798f-25af-433c-805c-f7b77bfc3840 6bbb12abebe4441bbe611526bbb56941 7a5196b7aa83473d92efd2635c1973b3 - - default default] Successfully bumped revision number for resource b8996a78-10d2-4d02-bb50-2ad1882bdb61 (type: subnets) to 1 [pid: 7|app: 0|req: 795/1742] 10.0.0.48 () {34 vars in 740 bytes} [Tue May 26 17:10:54 2026] PUT /v2.0/subnets/b8996a78-10d2-4d02-bb50-2ad1882bdb61 => generated 636 bytes in 301 msecs (HTTP/1.1 200) 4 headers in 157 bytes (1 switches on core 0)
2026-05-26 17:10:54.634 8 INFO neutron_taas.services.taas.taas_plugin [None req-8bab935c-e6d9-4da3-82c0-814fc973b2e9 6bbb12abebe4441bbe611526bbb56941 7a5196b7aa83473d92efd2635c1973b3 - - default default] TaaS: Handle Delete Port: 1456fffd-1882-47ba-b81e-3a8feb17ae4b
2026-05-26 17:10:54.637 8 INFO neutron_taas.services.taas.tap_mirror_plugin [None req-8bab935c-e6d9-4da3-82c0-814fc973b2e9 6bbb12abebe4441bbe611526bbb56941 7a5196b7aa83473d92efd2635c1973b3 - - default default] Tap Mirror: Handle Delete Port: 1456fffd-1882-47ba-b81e-3a8feb17ae4b [pid: 7|app: 0|req: 796/1743] 10.0.0.208 () {28 vars in 583 bytes} [Tue May 26 17:10:54 2026] GET /v2.0/subnets => generated 3266 bytes in 242 msecs (HTTP/1.1 200) 4 headers in 158 bytes (1 switches on core 0) [pid: 7|app: 0|req: 797/1744] 10.0.0.208 () {28 vars in 599 bytes} [Tue May 26 17:10:54 2026] GET /v2.0/security-groups => generated 28551 bytes in 62 msecs (HTTP/1.1 200) 4 headers in 159 bytes (1 switches on core 0) [pid: 7|app: 0|req: 798/1745] 10.0.0.208 () {28 vars in 583 bytes} [Tue May 26 17:10:54 2026] GET /v2.0/subnets => generated 2622 bytes in 46 msecs (HTTP/1.1 200) 4 headers in 158 bytes (1 switches on core 0)
2026-05-26 17:10:55.013 8 INFO neutron.services.segments.plugin [-] Segment 14bede3c-e253-41c2-b62d-201e0d19ab02 resource provider aggregate not found [pid: 7|app: 0|req: 799/1746] 10.0.0.208 () {28 vars in 591 bytes} [Tue May 26 17:10:55 2026] GET /v2.0/subnetpools => generated 19 bytes in 11 msecs (HTTP/1.1 200) 4 headers in 156 bytes (1 switches on core 0)
2026-05-26 17:10:55.025 8 INFO neutron.services.segments.plugin [-] Segment 14bede3c-e253-41c2-b62d-201e0d19ab02 resource provider aggregate not found
2026-05-26 17:10:55.046 8 INFO neutron.services.segments.plugin [-] Segment 14bede3c-e253-41c2-b62d-201e0d19ab02 resource provider not found; error: Placement Client Error (4xx): {"errors": [{"status": 404, "title": "Not Found", "detail": "The resource could not be found.\n\n No resource provider with uuid 14bede3c-e253-41c2-b62d-201e0d19ab02 found for delete ", "request_id": "req-d6caf27e-44c4-48eb-a0ef-31ba7e75685c"}]}
2026-05-26 17:10:55.050 8 INFO neutron.services.segments.plugin [-] Segment 14bede3c-e253-41c2-b62d-201e0d19ab02 resource provider not found; error: Placement Client Error (4xx): {"errors": [{"status": 404, "title": "Not Found", "detail": "The resource could not be found.\n\n No resource provider with uuid 14bede3c-e253-41c2-b62d-201e0d19ab02 found for delete ", "request_id": "req-fdfae40f-a950-47ab-b282-7ce1b3c2beb1"}]} [pid: 8|app: 0|req: 948/1747] 10.0.0.48 () {32 vars in 725 bytes} [Tue May 26 17:10:54 2026] DELETE /v2.0/networks/be09a23b-41aa-4a13-9506-ea3f51a5e0d9 => generated 0 bytes in 585 msecs (HTTP/1.1 204) 3 headers in 131 bytes (1 switches on core 0)
2026-05-26 17:10:55.097 8 INFO neutron.pecan_wsgi.hooks.translation [None req-98036089-1eb6-4778-a76e-edb28e207d89 6bbb12abebe4441bbe611526bbb56941 7a5196b7aa83473d92efd2635c1973b3 - - default default] DELETE failed (client error): The resource could not be found. [pid: 8|app: 0|req: 949/1748] 10.0.0.48 () {32 vars in 725 bytes} [Tue May 26 17:10:55 2026] DELETE /v2.0/networks/be09a23b-41aa-4a13-9506-ea3f51a5e0d9 => generated 138 bytes in 16 msecs (HTTP/1.1 404) 4 headers in 164 bytes (1 switches on core 0) [pid: 7|app: 0|req: 800/1749] 10.0.0.208 () {28 vars in 579 bytes} [Tue May 26 17:10:55 2026] GET /v2.0/ports => generated 11659 bytes in 115 msecs (HTTP/1.1 200) 4 headers in 159 bytes (1 switches on core 0) [pid: 8|app: 0|req: 950/1750] 10.0.0.48 () {32 vars in 693 bytes} [Tue May 26 17:10:55 2026] GET /v2.0/networks?router%3Aexternal=True => generated 651 bytes in 63 msecs (HTTP/1.1 200) 4 headers in 157 bytes (1 switches on core 0) [pid: 8|app: 0|req: 951/1751] 10.0.0.48 () {32 vars in 741 bytes} [Tue May 26 17:10:55 2026] GET /v2.0/subnets?network_id=01572401-893b-4fe0-8543-bd6b1a73647b => generated 649 bytes in 27 msecs (HTTP/1.1 200) 4 headers in 157 bytes (1 switches on core 0) [pid: 8|app: 0|req: 952/1752] 10.0.0.48 () {32 vars in 652 bytes} [Tue May 26 17:10:55 2026] GET /v2.0/extensions => generated 20118 bytes in 4 msecs (HTTP/1.1 200) 4 headers in 159 bytes (1 switches on core 0) [pid: 7|app: 0|req: 801/1753] 10.0.0.208 () {28 vars in 583 bytes} [Tue May 26 17:10:55 2026] GET /v2.0/routers => generated 975 bytes in 66 msecs (HTTP/1.1 200) 4 headers in 157 bytes (1 switches on core 0) [pid: 7|app: 0|req: 802/1754] 10.0.0.208 () {28 vars in 624 bytes} [Tue May 26 17:10:55 2026] GET /v2.0/agents?binary=ovn-controller => generated 416 bytes in 74 msecs (HTTP/1.1 200) 4 headers in 157 bytes (1 switches on core 0) [pid: 7|app: 0|req: 803/1755] 10.0.0.208 () {28 vars in 619 bytes} [Tue May 26 17:10:55 2026] GET /v2.0/network-ip-availabilities => generated 1980 bytes in 16 msecs (HTTP/1.1 200) 4 headers in 158 bytes (1 switches on core 0) [pid: 8|app: 0|req: 953/1756] 10.0.0.48 () {32 vars in 648 bytes} [Tue May 26 17:10:55 2026] GET /v2.0/networks => generated 1308 bytes in 118 msecs (HTTP/1.1 200) 4 headers in 158 bytes (1 switches on core 0) [pid: 7|app: 0|req: 804/1757] 10.0.0.208 () {28 vars in 591 bytes} [Tue May 26 17:10:55 2026] GET /v2.0/floatingips => generated 860 bytes in 49 msecs (HTTP/1.1 200) 4 headers in 157 bytes (1 switches on core 0) [pid: 8|app: 0|req: 954/1758] 10.0.0.48 () {32 vars in 646 bytes} [Tue May 26 17:10:55 2026] GET /v2.0/subnets => generated 1280 bytes in 49 msecs (HTTP/1.1 200) 4 headers in 158 bytes (1 switches on core 0) [pid: 7|app: 0|req: 805/1759] 10.0.0.208 () {28 vars in 581 bytes} [Tue May 26 17:10:55 2026] GET /v2.0/agents => generated 1214 bytes in 16 msecs (HTTP/1.1 200) 4 headers in 158 bytes (1 switches on core 0) [pid: 8|app: 0|req: 955/1760] 10.0.0.48 () {32 vars in 722 bytes} [Tue May 26 17:10:55 2026] GET /v2.0/networks/661969a9-3b6c-493d-9d98-a01b0f6d97bc => generated 668 bytes in 39 msecs (HTTP/1.1 200) 4 headers in 157 bytes (1 switches on core 0) [pid: 7|app: 0|req: 806/1761] 10.0.0.208 () {28 vars in 585 bytes} [Tue May 26 17:10:55 2026] GET /v2.0/networks => generated 3675 bytes in 50 msecs (HTTP/1.1 200) 4 headers in 158 bytes (1 switches on core 0) [pid: 7|app: 0|req: 807/1762] 10.0.0.48 () {32 vars in 720 bytes} [Tue May 26 17:10:55 2026] GET /v2.0/subnets/22d783fd-9e78-4f3a-8301-781d1ab29d56 => generated 641 bytes in 23 msecs (HTTP/1.1 200) 4 headers in 157 bytes (1 switches on core 0)
2026-05-26 17:10:55.492 7 INFO neutron.pecan_wsgi.hooks.translation [None req-ce32bbe5-5c44-4e4a-aee0-71ecf5deb403 6bbb12abebe4441bbe611526bbb56941 7a5196b7aa83473d92efd2635c1973b3 - - default default] DELETE failed (client error): The resource could not be found. [pid: 7|app: 0|req: 808/1763] 10.0.0.48 () {32 vars in 723 bytes} [Tue May 26 17:10:55 2026] DELETE /v2.0/subnets/b8996a78-10d2-4d02-bb50-2ad1882bdb61 => generated 136 bytes in 13 msecs (HTTP/1.1 404) 4 headers in 164 bytes (1 switches on core 0)
2026-05-26 17:10:55.510 7 INFO neutron.pecan_wsgi.hooks.translation [None req-6903975d-5a03-412e-8d15-c02d3dd6d9c6 6bbb12abebe4441bbe611526bbb56941 7a5196b7aa83473d92efd2635c1973b3 - - default default] DELETE failed (client error): The resource could not be found. [pid: 7|app: 0|req: 809/1764] 10.0.0.48 () {32 vars in 725 bytes} [Tue May 26 17:10:55 2026] DELETE /v2.0/networks/be09a23b-41aa-4a13-9506-ea3f51a5e0d9 => generated 138 bytes in 13 msecs (HTTP/1.1 404) 4 headers in 164 bytes (1 switches on core 0)
2026-05-26 17:10:55.705 8 INFO neutron.db.ovn_revision_numbers_db [None req-0f93c696-1afe-41e4-b32c-9f623af13d3d ad3f9c95388c4935a9975eea19090963 91538594e71b4f2ea5e5a9b1fd0a87f6 - - default default] Successfully bumped revision number for resource eb037136-77ed-4cdc-b1e0-f1c49909e3b9 (type: security_groups) to 1
2026-05-26 17:10:55.723 8 INFO neutron.db.ovn_revision_numbers_db [None req-0f93c696-1afe-41e4-b32c-9f623af13d3d ad3f9c95388c4935a9975eea19090963 91538594e71b4f2ea5e5a9b1fd0a87f6 - - default default] Successfully bumped revision number for resource 15cfafc5-e541-4ccd-a8e9-243ffd299745 (type: security_group_rules) to 0 [pid: 7|app: 0|req: 810/1765] 10.0.0.48 () {32 vars in 723 bytes} [Tue May 26 17:10:55 2026] DELETE /v2.0/subnets/22d783fd-9e78-4f3a-8301-781d1ab29d56 => generated 0 bytes in 208 msecs (HTTP/1.1 204) 3 headers in 131 bytes (1 switches on core 0)
2026-05-26 17:10:55.744 8 INFO neutron.db.ovn_revision_numbers_db [None req-0f93c696-1afe-41e4-b32c-9f623af13d3d ad3f9c95388c4935a9975eea19090963 91538594e71b4f2ea5e5a9b1fd0a87f6 - - default default] Successfully bumped revision number for resource 47b214f9-d1b8-4e46-868a-4f6f41efcc22 (type: security_group_rules) to 0
2026-05-26 17:10:55.760 8 INFO neutron.db.ovn_revision_numbers_db [None req-0f93c696-1afe-41e4-b32c-9f623af13d3d ad3f9c95388c4935a9975eea19090963 91538594e71b4f2ea5e5a9b1fd0a87f6 - - default default] Successfully bumped revision number for resource 7c4eaa3d-eea7-47cf-8529-edf12f0945d0 (type: security_group_rules) to 0
2026-05-26 17:10:55.776 8 INFO neutron.db.ovn_revision_numbers_db [None req-0f93c696-1afe-41e4-b32c-9f623af13d3d ad3f9c95388c4935a9975eea19090963 91538594e71b4f2ea5e5a9b1fd0a87f6 - - default default] Successfully bumped revision number for resource 8d69526a-59b2-4cc7-98ea-8b1f03cc7bfa (type: security_group_rules) to 0
2026-05-26 17:10:55.840 8 INFO neutron.db.segments_db [None req-0f93c696-1afe-41e4-b32c-9f623af13d3d ad3f9c95388c4935a9975eea19090963 91538594e71b4f2ea5e5a9b1fd0a87f6 - - default default] Added segment 0def717b-4fa9-4145-819e-9c21c0fc1a0b of type geneve for network 30958f53-02a7-4fba-bd38-4932db087cd8
2026-05-26 17:10:55.859 7 INFO neutron_taas.services.taas.taas_plugin [None req-269c112a-28a0-4c3d-9c66-d8213f71454d 6bbb12abebe4441bbe611526bbb56941 7a5196b7aa83473d92efd2635c1973b3 - - default default] TaaS: Handle Delete Port: 0a081711-6f10-483d-ba77-d9a7eb25a2d1
2026-05-26 17:10:55.862 7 INFO neutron_taas.services.taas.tap_mirror_plugin [None req-269c112a-28a0-4c3d-9c66-d8213f71454d 6bbb12abebe4441bbe611526bbb56941 7a5196b7aa83473d92efd2635c1973b3 - - default default] Tap Mirror: Handle Delete Port: 0a081711-6f10-483d-ba77-d9a7eb25a2d1
2026-05-26 17:10:55.961 8 INFO neutron.db.ovn_revision_numbers_db [None req-0f93c696-1afe-41e4-b32c-9f623af13d3d ad3f9c95388c4935a9975eea19090963 91538594e71b4f2ea5e5a9b1fd0a87f6 - - default default] Successfully bumped revision number for resource 30958f53-02a7-4fba-bd38-4932db087cd8 (type: networks) to 1
2026-05-26 17:10:56.088 7 INFO neutron.services.segments.plugin [-] Segment aceb281b-de2c-4d5b-9644-060c65e387a4 resource provider aggregate not found
2026-05-26 17:10:56.094 7 INFO neutron.services.segments.plugin [-] Segment aceb281b-de2c-4d5b-9644-060c65e387a4 resource provider aggregate not found
2026-05-26 17:10:56.115 7 INFO neutron.services.segments.plugin [-] Segment aceb281b-de2c-4d5b-9644-060c65e387a4 resource provider not found; error: Placement Client Error (4xx): {"errors": [{"status": 404, "title": "Not Found", "detail": "The resource could not be found.\n\n No resource provider with uuid aceb281b-de2c-4d5b-9644-060c65e387a4 found for delete ", "request_id": "req-42517258-2033-419f-babb-0f3f439fae12"}]}
2026-05-26 17:10:56.121 7 INFO neutron.services.segments.plugin [-] Segment aceb281b-de2c-4d5b-9644-060c65e387a4 resource provider not found; error: Placement Client Error (4xx): {"errors": [{"status": 404, "title": "Not Found", "detail": "The resource could not be found.\n\n No resource provider with uuid aceb281b-de2c-4d5b-9644-060c65e387a4 found for delete ", "request_id": "req-20f9ff5a-162d-4120-ba97-ba81fbb24801"}]} [pid: 7|app: 0|req: 811/1766] 10.0.0.48 () {32 vars in 725 bytes} [Tue May 26 17:10:55 2026] DELETE /v2.0/networks/661969a9-3b6c-493d-9d98-a01b0f6d97bc => generated 0 bytes in 422 msecs (HTTP/1.1 204) 3 headers in 131 bytes (1 switches on core 0)
2026-05-26 17:10:56.194 8 WARNING neutron.scheduler.dhcp_agent_scheduler [None req-0f93c696-1afe-41e4-b32c-9f623af13d3d ad3f9c95388c4935a9975eea19090963 91538594e71b4f2ea5e5a9b1fd0a87f6 - - default default] No more DHCP agents [pid: 7|app: 0|req: 812/1767] 10.0.0.167 () {34 vars in 990 bytes} [Tue May 26 17:10:56 2026] GET /v2.0/ports?device_id=c3ae66bd-6f7f-48cf-b8c8-32e9d5ec98c9 => generated 1209 bytes in 41 msecs (HTTP/1.1 200) 4 headers in 158 bytes (1 switches on core 0)
2026-05-26 17:10:56.195 8 WARNING neutron.api.rpc.agentnotifiers.dhcp_rpc_agent_api [None req-0f93c696-1afe-41e4-b32c-9f623af13d3d ad3f9c95388c4935a9975eea19090963 91538594e71b4f2ea5e5a9b1fd0a87f6 - - default default] Unable to schedule network 30958f53-02a7-4fba-bd38-4932db087cd8: no agents available; will retry on subsequent port and subnet creation events. [pid: 7|app: 0|req: 813/1768] 10.0.0.167 () {34 vars in 1040 bytes} [Tue May 26 17:10:56 2026] GET /v2.0/security-groups?id=5fdde68d-c909-41af-a9f1-59ce5e6ba1c9&fields=id&fields=name => generated 114 bytes in 52 msecs (HTTP/1.1 200) 4 headers in 157 bytes (1 switches on core 0)
2026-05-26 17:10:56.285 7 INFO neutron.plugins.ml2.drivers.ovn.mech_driver.mech_driver [None req-a7fa3f6b-ab30-4198-ac48-1fc116dd7e2f - - - - - -] OVN reports status down for port: bf39638a-21b3-4c1b-a0ee-acb8554eec1a
2026-05-26 17:10:56.339 8 INFO neutron.db.ovn_revision_numbers_db [None req-0f93c696-1afe-41e4-b32c-9f623af13d3d ad3f9c95388c4935a9975eea19090963 91538594e71b4f2ea5e5a9b1fd0a87f6 - - default default] Successfully bumped revision number for resource bf39638a-21b3-4c1b-a0ee-acb8554eec1a (type: ports) to 1 [pid: 8|app: 0|req: 956/1769] 10.0.0.48 () {34 vars in 670 bytes} [Tue May 26 17:10:55 2026] POST /v2.0/networks => generated 743 bytes in 926 msecs (HTTP/1.1 201) 4 headers in 162 bytes (1 switches on core 0)
2026-05-26 17:10:56.562 7 WARNING neutron.scheduler.dhcp_agent_scheduler [None req-1ed4e620-592f-42da-9972-137788fa50d8 ad3f9c95388c4935a9975eea19090963 91538594e71b4f2ea5e5a9b1fd0a87f6 - - default default] No more DHCP agents
2026-05-26 17:10:56.563 7 WARNING neutron.api.rpc.agentnotifiers.dhcp_rpc_agent_api [None req-1ed4e620-592f-42da-9972-137788fa50d8 ad3f9c95388c4935a9975eea19090963 91538594e71b4f2ea5e5a9b1fd0a87f6 - - default default] Unable to schedule network 30958f53-02a7-4fba-bd38-4932db087cd8: no agents available; will retry on subsequent port and subnet creation events. [pid: 8|app: 0|req: 957/1770] 10.0.0.48 () {32 vars in 773 bytes} [Tue May 26 17:10:56 2026] GET /v2.0/security-groups?tenant_id=7a5196b7aa83473d92efd2635c1973b3&name=default => generated 2925 bytes in 128 msecs (HTTP/1.1 200) 4 headers in 158 bytes (1 switches on core 0) [pid: 8|app: 0|req: 958/1771] 10.0.0.48 () {32 vars in 739 bytes} [Tue May 26 17:10:56 2026] DELETE /v2.0/security-groups/df7a4555-96b3-46a0-be9d-1c636c845cea => generated 0 bytes in 290 msecs (HTTP/1.1 204) 2 headers in 112 bytes (1 switches on core 0)
2026-05-26 17:10:57.074 7 INFO neutron.db.ovn_revision_numbers_db [None req-159ad7ee-06c2-4198-b36e-e9c161d52042 - - - - - -] Successfully bumped revision number for resource bf39638a-21b3-4c1b-a0ee-acb8554eec1a (type: ports) to 2
2026-05-26 17:10:57.110 7 INFO neutron.db.ovn_revision_numbers_db [None req-159ad7ee-06c2-4198-b36e-e9c161d52042 - - - - - -] Successfully bumped revision number for resource 6466eb1a-f228-4eb5-ad24-34aaddf30cef (type: subnets) to 0 [pid: 7|app: 0|req: 814/1772] 10.0.0.48 () {34 vars in 668 bytes} [Tue May 26 17:10:56 2026] POST /v2.0/subnets => generated 688 bytes in 754 msecs (HTTP/1.1 201) 4 headers in 162 bytes (1 switches on core 0)
2026-05-26 17:10:57.561 8 WARNING neutron.scheduler.dhcp_agent_scheduler [None req-ec00b498-9cee-4c25-8f2c-78a64bcedf49 ad3f9c95388c4935a9975eea19090963 91538594e71b4f2ea5e5a9b1fd0a87f6 - - default default] No more DHCP agents
2026-05-26 17:10:57.563 8 WARNING neutron.api.rpc.agentnotifiers.dhcp_rpc_agent_api [None req-ec00b498-9cee-4c25-8f2c-78a64bcedf49 ad3f9c95388c4935a9975eea19090963 91538594e71b4f2ea5e5a9b1fd0a87f6 - - default default] Unable to schedule network 01572401-893b-4fe0-8543-bd6b1a73647b: no agents available; will retry on subsequent port and subnet creation events.
2026-05-26 17:10:57.721 7 INFO neutron.plugins.ml2.drivers.ovn.mech_driver.mech_driver [None req-a7fa3f6b-ab30-4198-ac48-1fc116dd7e2f - - - - - -] OVN reports status down for port: 1b932863-7768-4f6d-afe8-6c9dc6efa7cd
2026-05-26 17:10:57.766 8 INFO neutron.db.ovn_revision_numbers_db [None req-ec00b498-9cee-4c25-8f2c-78a64bcedf49 ad3f9c95388c4935a9975eea19090963 91538594e71b4f2ea5e5a9b1fd0a87f6 - - default default] Successfully bumped revision number for resource 1b932863-7768-4f6d-afe8-6c9dc6efa7cd (type: ports) to 1
2026-05-26 17:10:58.364 8 INFO neutron.plugins.ml2.drivers.ovn.mech_driver.ovsdb.commands [-] Schedule LRP lrp-1b932863-7768-4f6d-afe8-6c9dc6efa7cd on gateway f42fb20b-fb5a-4dbf-8440-7e37ab441510 with priority 1
2026-05-26 17:10:58.455 7 INFO neutron.plugins.ml2.drivers.ovn.mech_driver.ovsdb.ovsdb_monitor [None req-ab6f4e30-23b1-462f-a751-467bfc36c6a1 - - - - - -] Router 7559462e-8c1a-4bcd-b031-63d02a952ce1 is bound to host instance
2026-05-26 17:10:58.493 7 INFO neutron.plugins.ml2.drivers.ovn.mech_driver.mech_driver [None req-a7fa3f6b-ab30-4198-ac48-1fc116dd7e2f - - - - - -] OVN reports status up for port: 1b932863-7768-4f6d-afe8-6c9dc6efa7cd
2026-05-26 17:10:58.533 7 INFO neutron.plugins.ml2.plugin [None req-a7fa3f6b-ab30-4198-ac48-1fc116dd7e2f - - - - - -] Attempt 1 to provision port 1b932863-7768-4f6d-afe8-6c9dc6efa7cd
2026-05-26 17:10:58.545 8 INFO neutron.db.ovn_revision_numbers_db [None req-ec00b498-9cee-4c25-8f2c-78a64bcedf49 ad3f9c95388c4935a9975eea19090963 91538594e71b4f2ea5e5a9b1fd0a87f6 - - default default] Successfully bumped revision number for resource 1b932863-7768-4f6d-afe8-6c9dc6efa7cd (type: router_ports) to 1
2026-05-26 17:10:58.619 8 INFO neutron.db.ovn_revision_numbers_db [None req-ec00b498-9cee-4c25-8f2c-78a64bcedf49 ad3f9c95388c4935a9975eea19090963 91538594e71b4f2ea5e5a9b1fd0a87f6 - - default default] Successfully bumped revision number for resource 7559462e-8c1a-4bcd-b031-63d02a952ce1 (type: routers) to 2 [pid: 8|app: 0|req: 959/1773] 10.0.0.48 () {34 vars in 668 bytes} [Tue May 26 17:10:57 2026] POST /v2.0/routers => generated 966 bytes in 1509 msecs (HTTP/1.1 201) 4 headers in 162 bytes (1 switches on core 0)
2026-05-26 17:10:59.115 8 INFO neutron.db.ovn_revision_numbers_db [None req-f9d81db2-c191-4305-bed4-c0b59681ccda 0f07744020ce49c0a634bcf3fc10d98b a593d0d2216548129d517dc6cb81d137 - - default default] Successfully bumped revision number for resource 48d62e77-5c68-4b8e-a9c2-ef2067646628 (type: security_groups) to 1
2026-05-26 17:10:59.128 8 INFO neutron.db.ovn_revision_numbers_db [None req-f9d81db2-c191-4305-bed4-c0b59681ccda 0f07744020ce49c0a634bcf3fc10d98b a593d0d2216548129d517dc6cb81d137 - - default default] Successfully bumped revision number for resource 0193fb18-6b1a-46fe-8f3d-4a4e96f09179 (type: security_group_rules) to 0
2026-05-26 17:10:59.141 8 INFO neutron.db.ovn_revision_numbers_db [None req-f9d81db2-c191-4305-bed4-c0b59681ccda 0f07744020ce49c0a634bcf3fc10d98b a593d0d2216548129d517dc6cb81d137 - - default default] Successfully bumped revision number for resource 4e9d4ddb-931b-47b8-b2a3-6a54558fecf1 (type: security_group_rules) to 0
2026-05-26 17:10:59.152 8 INFO neutron.db.ovn_revision_numbers_db [None req-f9d81db2-c191-4305-bed4-c0b59681ccda 0f07744020ce49c0a634bcf3fc10d98b a593d0d2216548129d517dc6cb81d137 - - default default] Successfully bumped revision number for resource 845e4256-1eb6-49b7-bf1f-7c35db55ab36 (type: security_group_rules) to 0
2026-05-26 17:10:59.164 8 INFO neutron.db.ovn_revision_numbers_db [None req-f9d81db2-c191-4305-bed4-c0b59681ccda 0f07744020ce49c0a634bcf3fc10d98b a593d0d2216548129d517dc6cb81d137 - - default default] Successfully bumped revision number for resource ba8fe60e-0916-496e-8fd5-37c3908515a8 (type: security_group_rules) to 0
2026-05-26 17:10:59.242 8 INFO neutron.db.segments_db [None req-f9d81db2-c191-4305-bed4-c0b59681ccda 0f07744020ce49c0a634bcf3fc10d98b a593d0d2216548129d517dc6cb81d137 - - default default] Added segment fc12cbee-975b-41a9-b453-824952b9a121 of type geneve for network 6294cee5-b1a9-4e3f-a1bf-bda4143fb1df
2026-05-26 17:10:59.367 8 INFO neutron.db.ovn_revision_numbers_db [None req-f9d81db2-c191-4305-bed4-c0b59681ccda 0f07744020ce49c0a634bcf3fc10d98b a593d0d2216548129d517dc6cb81d137 - - default default] Successfully bumped revision number for resource 6294cee5-b1a9-4e3f-a1bf-bda4143fb1df (type: networks) to 1
2026-05-26 17:10:59.564 7 WARNING neutron.scheduler.dhcp_agent_scheduler [None req-9fcd2cb9-a04d-4458-847e-47aec85ae646 ad3f9c95388c4935a9975eea19090963 91538594e71b4f2ea5e5a9b1fd0a87f6 - - default default] No more DHCP agents
2026-05-26 17:10:59.564 8 WARNING neutron.scheduler.dhcp_agent_scheduler [None req-f9d81db2-c191-4305-bed4-c0b59681ccda 0f07744020ce49c0a634bcf3fc10d98b a593d0d2216548129d517dc6cb81d137 - - default default] No more DHCP agents
2026-05-26 17:10:59.566 8 WARNING neutron.api.rpc.agentnotifiers.dhcp_rpc_agent_api [None req-f9d81db2-c191-4305-bed4-c0b59681ccda 0f07744020ce49c0a634bcf3fc10d98b a593d0d2216548129d517dc6cb81d137 - - default default] Unable to schedule network 6294cee5-b1a9-4e3f-a1bf-bda4143fb1df: no agents available; will retry on subsequent port and subnet creation events.
2026-05-26 17:10:59.567 7 WARNING neutron.api.rpc.agentnotifiers.dhcp_rpc_agent_api [None req-9fcd2cb9-a04d-4458-847e-47aec85ae646 ad3f9c95388c4935a9975eea19090963 91538594e71b4f2ea5e5a9b1fd0a87f6 - - default default] Unable to schedule network 30958f53-02a7-4fba-bd38-4932db087cd8: no agents available; will retry on subsequent port and subnet creation events.
2026-05-26 17:10:59.670 8 INFO neutron.db.ovn_revision_numbers_db [None req-f9d81db2-c191-4305-bed4-c0b59681ccda 0f07744020ce49c0a634bcf3fc10d98b a593d0d2216548129d517dc6cb81d137 - - default default] Successfully bumped revision number for resource fcdebd01-c787-4d0d-b9d8-4765617a4e93 (type: ports) to 1 [pid: 8|app: 0|req: 960/1774] 10.0.0.48 () {34 vars in 669 bytes} [Tue May 26 17:10:58 2026] POST /v2.0/networks => generated 633 bytes in 925 msecs (HTTP/1.1 201) 4 headers in 162 bytes (1 switches on core 0)
2026-05-26 17:10:59.923 7 INFO neutron.db.ovn_revision_numbers_db [None req-9fcd2cb9-a04d-4458-847e-47aec85ae646 ad3f9c95388c4935a9975eea19090963 91538594e71b4f2ea5e5a9b1fd0a87f6 - - default default] Successfully bumped revision number for resource 9ef8a472-5243-4d45-bda2-3abc5e14a98f (type: ports) to 1
2026-05-26 17:10:59.929 8 INFO neutron.db.ovn_revision_numbers_db [None req-d135c350-d976-4f44-b048-369f049d3a13 ad3f9c95388c4935a9975eea19090963 91538594e71b4f2ea5e5a9b1fd0a87f6 - - default default] Successfully bumped revision number for resource ca97aa5f-9f92-4b06-9df6-fd782e10239e (type: security_groups) to 1
2026-05-26 17:10:59.941 8 INFO neutron.db.ovn_revision_numbers_db [None req-d135c350-d976-4f44-b048-369f049d3a13 ad3f9c95388c4935a9975eea19090963 91538594e71b4f2ea5e5a9b1fd0a87f6 - - default default] Successfully bumped revision number for resource 1dc1ebfa-0a82-4bf6-b7a9-cdc4719faea3 (type: security_group_rules) to 0
2026-05-26 17:10:59.958 8 INFO neutron.db.ovn_revision_numbers_db [None req-d135c350-d976-4f44-b048-369f049d3a13 ad3f9c95388c4935a9975eea19090963 91538594e71b4f2ea5e5a9b1fd0a87f6 - - default default] Successfully bumped revision number for resource 2c449cd9-4ece-4fbc-bc18-feb2a0dbc7cb (type: security_group_rules) to 0
2026-05-26 17:10:59.973 8 INFO neutron.db.ovn_revision_numbers_db [None req-d135c350-d976-4f44-b048-369f049d3a13 ad3f9c95388c4935a9975eea19090963 91538594e71b4f2ea5e5a9b1fd0a87f6 - - default default] Successfully bumped revision number for resource 4907a734-111d-48ba-90ca-96db9757c68c (type: security_group_rules) to 0
2026-05-26 17:10:59.984 8 INFO neutron.db.ovn_revision_numbers_db [None req-d135c350-d976-4f44-b048-369f049d3a13 ad3f9c95388c4935a9975eea19090963 91538594e71b4f2ea5e5a9b1fd0a87f6 - - default default] Successfully bumped revision number for resource f2ee3aa4-5907-4d53-8963-9a3456972ddf (type: security_group_rules) to 0 [pid: 8|app: 0|req: 961/1775] 10.0.0.48 () {32 vars in 773 bytes} [Tue May 26 17:10:59 2026] GET /v2.0/security-groups?tenant_id=79e605373cde4cd5b42b13398c20a2d7&name=default => generated 2925 bytes in 330 msecs (HTTP/1.1 200) 4 headers in 158 bytes (1 switches on core 0) [pid: 8|app: 0|req: 962/1776] 10.0.0.48 () {32 vars in 825 bytes} [Tue May 26 17:11:00 2026] GET /v2.0/ports?project_id=560a1c178bb542c49f2cba863ad1d861&network_id=1c96c8b3-4475-40e0-ad4c-a945ef30e84d => generated 3315 bytes in 68 msecs (HTTP/1.1 200) 4 headers in 158 bytes (1 switches on core 0)
2026-05-26 17:11:00.173 8 INFO neutron.db.segments_db [None req-d1085b26-487f-4230-96ae-ce5c1163b444 0f07744020ce49c0a634bcf3fc10d98b a593d0d2216548129d517dc6cb81d137 - - default default] Added segment 6902b539-0882-4f4f-98e5-43b9838c352a of type geneve for network 35d963f2-2aa8-4687-b1bb-f6a08a107044
2026-05-26 17:11:00.314 8 INFO neutron.db.ovn_revision_numbers_db [None req-d1085b26-487f-4230-96ae-ce5c1163b444 0f07744020ce49c0a634bcf3fc10d98b a593d0d2216548129d517dc6cb81d137 - - default default] Successfully bumped revision number for resource 35d963f2-2aa8-4687-b1bb-f6a08a107044 (type: networks) to 1
2026-05-26 17:11:00.380 7 INFO neutron.db.ovn_revision_numbers_db [None req-5eb110c5-2577-4b8c-87b3-3eee6b7d4d12 - - - - - -] Successfully bumped revision number for resource 1b932863-7768-4f6d-afe8-6c9dc6efa7cd (type: ports) to 4
2026-05-26 17:11:00.488 8 WARNING neutron.scheduler.dhcp_agent_scheduler [None req-d1085b26-487f-4230-96ae-ce5c1163b444 0f07744020ce49c0a634bcf3fc10d98b a593d0d2216548129d517dc6cb81d137 - - default default] No more DHCP agents
2026-05-26 17:11:00.489 8 WARNING neutron.api.rpc.agentnotifiers.dhcp_rpc_agent_api [None req-d1085b26-487f-4230-96ae-ce5c1163b444 0f07744020ce49c0a634bcf3fc10d98b a593d0d2216548129d517dc6cb81d137 - - default default] Unable to schedule network 35d963f2-2aa8-4687-b1bb-f6a08a107044: no agents available; will retry on subsequent port and subnet creation events.
2026-05-26 17:11:00.633 8 INFO neutron.db.ovn_revision_numbers_db [None req-d1085b26-487f-4230-96ae-ce5c1163b444 0f07744020ce49c0a634bcf3fc10d98b a593d0d2216548129d517dc6cb81d137 - - default default] Successfully bumped revision number for resource 6d7e4d9f-f2a8-421e-a228-8ac5e32fb892 (type: ports) to 1 [pid: 8|app: 0|req: 963/1777] 10.0.0.48 () {34 vars in 669 bytes} [Tue May 26 17:11:00 2026] POST /v2.0/networks => generated 634 bytes in 565 msecs (HTTP/1.1 201) 4 headers in 162 bytes (1 switches on core 0) [pid: 8|app: 0|req: 964/1778] 10.0.0.48 () {32 vars in 739 bytes} [Tue May 26 17:11:00 2026] DELETE /v2.0/security-groups/ca97aa5f-9f92-4b06-9df6-fd782e10239e => generated 0 bytes in 285 msecs (HTTP/1.1 204) 2 headers in 112 bytes (1 switches on core 0) [pid: 8|app: 0|req: 965/1779] 10.0.0.48 () {32 vars in 741 bytes} [Tue May 26 17:11:00 2026] GET /v2.0/subnets?network_id=01572401-893b-4fe0-8543-bd6b1a73647b => generated 667 bytes in 34 msecs (HTTP/1.1 200) 4 headers in 157 bytes (1 switches on core 0)
2026-05-26 17:11:01.199 8 WARNING neutron.scheduler.dhcp_agent_scheduler [None req-3d71545a-9cf0-466c-9cd0-1ae802d8b344 0f07744020ce49c0a634bcf3fc10d98b a593d0d2216548129d517dc6cb81d137 - - default default] No more DHCP agents
2026-05-26 17:11:01.202 8 WARNING neutron.api.rpc.agentnotifiers.dhcp_rpc_agent_api [None req-3d71545a-9cf0-466c-9cd0-1ae802d8b344 0f07744020ce49c0a634bcf3fc10d98b a593d0d2216548129d517dc6cb81d137 - - default default] Unable to schedule network 6294cee5-b1a9-4e3f-a1bf-bda4143fb1df: no agents available; will retry on subsequent port and subnet creation events.
2026-05-26 17:11:01.274 8 INFO neutron.db.ovn_revision_numbers_db [None req-3d71545a-9cf0-466c-9cd0-1ae802d8b344 0f07744020ce49c0a634bcf3fc10d98b a593d0d2216548129d517dc6cb81d137 - - default default] Successfully bumped revision number for resource 57e0a651-cbcf-4ef3-b4d8-6761f6b7477f (type: subnets) to 0 [pid: 8|app: 0|req: 966/1780] 10.0.0.48 () {34 vars in 668 bytes} [Tue May 26 17:11:00 2026] POST /v2.0/subnets => generated 646 bytes in 330 msecs (HTTP/1.1 201) 4 headers in 162 bytes (1 switches on core 0)
2026-05-26 17:11:01.335 7 INFO neutron.db.ovn_revision_numbers_db [None req-5eb110c5-2577-4b8c-87b3-3eee6b7d4d12 - - - - - -] Successfully bumped revision number for resource 1b932863-7768-4f6d-afe8-6c9dc6efa7cd (type: ports) to 5
2026-05-26 17:11:01.393 7 WARNING neutron.scheduler.dhcp_agent_scheduler [None req-9fcd2cb9-a04d-4458-847e-47aec85ae646 ad3f9c95388c4935a9975eea19090963 91538594e71b4f2ea5e5a9b1fd0a87f6 - - default default] No more DHCP agents
2026-05-26 17:11:01.396 7 WARNING neutron.api.rpc.agentnotifiers.dhcp_rpc_agent_api [None req-9fcd2cb9-a04d-4458-847e-47aec85ae646 ad3f9c95388c4935a9975eea19090963 91538594e71b4f2ea5e5a9b1fd0a87f6 - - default default] Unable to schedule network 30958f53-02a7-4fba-bd38-4932db087cd8: no agents available; will retry on subsequent port and subnet creation events.
2026-05-26 17:11:01.566 8 INFO neutron.db.ovn_revision_numbers_db [None req-39a473d0-1eb2-48e9-a08e-d0c61e21e1b2 95b9a6ba65a9460493909055b3d78f5e 560a1c178bb542c49f2cba863ad1d861 - - default default] Successfully bumped revision number for resource 37f672ed-53c2-48d8-b3e6-18cf1e3609be (type: floatingips) to 2
2026-05-26 17:11:01.623 8 INFO neutron.db.l3_db [None req-39a473d0-1eb2-48e9-a08e-d0c61e21e1b2 95b9a6ba65a9460493909055b3d78f5e 560a1c178bb542c49f2cba863ad1d861 - - default default] Floating IP 37f672ed-53c2-48d8-b3e6-18cf1e3609be disassociated. External IP: 10.96.250.205, port: 257e796c-a7ae-46e1-a1f5-2fe3d7897db0.
2026-05-26 17:11:01.656 7 INFO neutron.plugins.ml2.drivers.ovn.mech_driver.mech_driver [None req-a7fa3f6b-ab30-4198-ac48-1fc116dd7e2f - - - - - -] OVN reports status down for port: fcdebd01-c787-4d0d-b9d8-4765617a4e93 [pid: 8|app: 0|req: 967/1781] 10.0.0.48 () {34 vars in 748 bytes} [Tue May 26 17:11:01 2026] PUT /v2.0/floatingips/37f672ed-53c2-48d8-b3e6-18cf1e3609be => generated 554 bytes in 353 msecs (HTTP/1.1 200) 4 headers in 157 bytes (1 switches on core 0)
2026-05-26 17:11:01.701 8 INFO neutron.notifiers.nova [-] Nova event matching ['req-af69243a-46e5-49a6-9a4e-b6c35669158e'] response: {'name': 'network-changed', 'server_uuid': 'c3ae66bd-6f7f-48cf-b8c8-32e9d5ec98c9', 'tag': '257e796c-a7ae-46e1-a1f5-2fe3d7897db0', 'status': 'completed', 'code': 200}
2026-05-26 17:11:01.787 7 INFO neutron.plugins.ml2.drivers.ovn.mech_driver.mech_driver [None req-a7fa3f6b-ab30-4198-ac48-1fc116dd7e2f - - - - - -] OVN reports status down for port: 9ef8a472-5243-4d45-bda2-3abc5e14a98f
2026-05-26 17:11:01.849 8 WARNING neutron.scheduler.dhcp_agent_scheduler [None req-81751bb2-3ea7-4a83-8d3d-6b397c3977a7 0f07744020ce49c0a634bcf3fc10d98b a593d0d2216548129d517dc6cb81d137 - - default default] No more DHCP agents
2026-05-26 17:11:01.851 8 WARNING neutron.api.rpc.agentnotifiers.dhcp_rpc_agent_api [None req-81751bb2-3ea7-4a83-8d3d-6b397c3977a7 0f07744020ce49c0a634bcf3fc10d98b a593d0d2216548129d517dc6cb81d137 - - default default] Unable to schedule network 35d963f2-2aa8-4687-b1bb-f6a08a107044: no agents available; will retry on subsequent port and subnet creation events.
2026-05-26 17:11:01.892 8 INFO neutron.db.ovn_revision_numbers_db [None req-81751bb2-3ea7-4a83-8d3d-6b397c3977a7 0f07744020ce49c0a634bcf3fc10d98b a593d0d2216548129d517dc6cb81d137 - - default default] Successfully bumped revision number for resource 4039648f-de89-46b6-b8e7-d4192aca63a7 (type: subnets) to 0 [pid: 8|app: 0|req: 968/1782] 10.0.0.48 () {34 vars in 668 bytes} [Tue May 26 17:11:01 2026] POST /v2.0/subnets => generated 655 bytes in 249 msecs (HTTP/1.1 201) 4 headers in 162 bytes (1 switches on core 0)
2026-05-26 17:11:01.911 7 WARNING neutron.plugins.ml2.drivers.ovn.mech_driver.ovsdb.ovn_client [None req-a7fa3f6b-ab30-4198-ac48-1fc116dd7e2f - - - - - -] Logical_Switch_Port 9ef8a472-5243-4d45-bda2-3abc5e14a98f host information not removed, the port state is up
2026-05-26 17:11:01.912 7 INFO neutron.plugins.ml2.drivers.ovn.mech_driver.mech_driver [None req-a7fa3f6b-ab30-4198-ac48-1fc116dd7e2f - - - - - -] OVN reports status down for port: 6d7e4d9f-f2a8-421e-a228-8ac5e32fb892 [pid: 8|app: 0|req: 969/1783] 10.0.0.48 () {32 vars in 728 bytes} [Tue May 26 17:11:01 2026] GET /v2.0/floatingips/37f672ed-53c2-48d8-b3e6-18cf1e3609be => generated 552 bytes in 23 msecs (HTTP/1.1 200) 4 headers in 157 bytes (1 switches on core 0)
