2026-05-26 17:13:28.496 8 INFO neutron.services.segments.plugin [-] Segment 9a71e00d-c717-4d08-826a-f808c332f31b resource provider aggregate not found
2026-05-26 17:13:28.515 8 INFO neutron.services.segments.plugin [-] Segment 9a71e00d-c717-4d08-826a-f808c332f31b resource provider aggregate not found
2026-05-26 17:13:28.521 8 INFO neutron.services.segments.plugin [-] Segment 9a71e00d-c717-4d08-826a-f808c332f31b resource provider not found; error: Placement Client Error (4xx): {"errors": [{"status": 404, "title": "Not Found", "detail": "The resource could not be found.\n\n No resource provider with uuid 9a71e00d-c717-4d08-826a-f808c332f31b found for delete ", "request_id": "req-6a9dc595-6e6a-4e49-a2b3-955eae533a98"}]}
2026-05-26 17:13:28.534 8 INFO neutron.services.segments.plugin [-] Segment 9a71e00d-c717-4d08-826a-f808c332f31b resource provider not found; error: Placement Client Error (4xx): {"errors": [{"status": 404, "title": "Not Found", "detail": "The resource could not be found.\n\n No resource provider with uuid 9a71e00d-c717-4d08-826a-f808c332f31b found for delete ", "request_id": "req-33e53db1-7c12-4872-92c0-0afd87c969dd"}]}
2026-05-26 17:13:28.550 8 INFO neutron.db.ovn_revision_numbers_db [None req-a157e47b-31f6-4725-ae0f-9f3b42c2b5cf 856a8b3da65d40d59b8a342642ef4b79 3035f0bd44214cd4b9b344460265e587 - - default default] Successfully bumped revision number for resource 4d900c58-029d-4089-8990-efdde427e925 (type: routers) to 5 [pid: 8|app: 0|req: 1524/2762] 10.0.0.48 () {34 vars in 706 bytes} [Tue May 26 17:13:27 2026] POST /v2.0/vpn/ipsec-site-connections => generated 803 bytes in 780 msecs (HTTP/1.1 201) 4 headers in 162 bytes (1 switches on core 0) [pid: 8|app: 0|req: 1525/2763] 10.0.0.48 () {34 vars in 692 bytes} [Tue May 26 17:13:28 2026] POST /v2.0/vpn/endpoint-groups => generated 289 bytes in 49 msecs (HTTP/1.1 201) 4 headers in 162 bytes (1 switches on core 0) [pid: 8|app: 0|req: 1526/2764] 10.0.0.48 () {32 vars in 747 bytes} [Tue May 26 17:13:28 2026] DELETE /v2.0/vpn/endpoint-groups/68437dd3-cf46-43c2-83e2-6e541704da12 => generated 0 bytes in 38 msecs (HTTP/1.1 204) 2 headers in 112 bytes (1 switches on core 0) [pid: 8|app: 0|req: 1527/2765] 10.0.0.48 () {32 vars in 670 bytes} [Tue May 26 17:13:28 2026] GET /v2.0/vpn/endpoint-groups => generated 634 bytes in 13 msecs (HTTP/1.1 200) 4 headers in 157 bytes (1 switches on core 0) [pid: 8|app: 0|req: 1528/2766] 10.0.0.48 () {32 vars in 670 bytes} [Tue May 26 17:13:28 2026] GET /v2.0/vpn/endpoint-groups => generated 634 bytes in 8 msecs (HTTP/1.1 200) 4 headers in 157 bytes (1 switches on core 0)
2026-05-26 17:13:28.843 7 WARNING neutron.scheduler.dhcp_agent_scheduler [req-95932fc4-135c-4461-b79f-28eb47a166a6 req-a9e9766e-87e3-41fc-beea-cdaf33d665b7 de8c3e7e536e47c8b509eb9cd134a834 422e1722999644dba50c4a22b042959d - - default default] No more DHCP agents
2026-05-26 17:13:28.845 7 WARNING neutron.api.rpc.agentnotifiers.dhcp_rpc_agent_api [req-95932fc4-135c-4461-b79f-28eb47a166a6 req-a9e9766e-87e3-41fc-beea-cdaf33d665b7 de8c3e7e536e47c8b509eb9cd134a834 422e1722999644dba50c4a22b042959d - - default default] Unable to schedule network edbfa88b-5d1a-4158-9e23-958406635322: no agents available; will retry on subsequent port and subnet creation events.
2026-05-26 17:13:29.070 7 INFO neutron.db.ovn_revision_numbers_db [req-95932fc4-135c-4461-b79f-28eb47a166a6 req-a9e9766e-87e3-41fc-beea-cdaf33d665b7 de8c3e7e536e47c8b509eb9cd134a834 422e1722999644dba50c4a22b042959d - - default default] Successfully bumped revision number for resource aaa2136c-9324-44af-a2dc-116db2d5a2b9 (type: ports) to 1 [pid: 7|app: 0|req: 1239/2767] 199.19.213.219 () {38 vars in 955 bytes} [Tue May 26 17:13:28 2026] POST /v2.0/ports => generated 1183 bytes in 637 msecs (HTTP/1.1 201) 4 headers in 163 bytes (1 switches on core 0) /var/lib/openstack/lib/python3.12/site-packages/pycadf/identifier.py:70: UserWarning: Invalid uuid: neutron. To ensure interoperability, identifiers should be a valid uuid. warnings.warn(('Invalid uuid: %s. To ensure interoperability, ' [pid: 8|app: 0|req: 1529/2768] 10.0.0.48 () {34 vars in 684 bytes} [Tue May 26 17:13:29 2026] POST /v2.0/vpn/ikepolicies => generated 403 bytes in 177 msecs (HTTP/1.1 201) 4 headers in 162 bytes (1 switches on core 0)
2026-05-26 17:13:29.409 7 INFO neutron.db.ovn_revision_numbers_db [None req-ca90a5d1-8698-43af-9869-b057d5a117a7 ad3f9c95388c4935a9975eea19090963 91538594e71b4f2ea5e5a9b1fd0a87f6 - - default default] Successfully bumped revision number for resource 0b55c66f-32f3-4fbe-8a31-499c9d21f6cb (type: security_groups) to 1
2026-05-26 17:13:29.423 7 INFO neutron.db.ovn_revision_numbers_db [None req-ca90a5d1-8698-43af-9869-b057d5a117a7 ad3f9c95388c4935a9975eea19090963 91538594e71b4f2ea5e5a9b1fd0a87f6 - - default default] Successfully bumped revision number for resource 26c2f1c0-b81f-4517-b09b-c6240a15a944 (type: security_group_rules) to 0
2026-05-26 17:13:29.435 7 INFO neutron.db.ovn_revision_numbers_db [None req-ca90a5d1-8698-43af-9869-b057d5a117a7 ad3f9c95388c4935a9975eea19090963 91538594e71b4f2ea5e5a9b1fd0a87f6 - - default default] Successfully bumped revision number for resource 36504b66-bdcf-40b6-9ac1-d1e3fb87aa3b (type: security_group_rules) to 0
2026-05-26 17:13:29.455 7 INFO neutron.db.ovn_revision_numbers_db [None req-ca90a5d1-8698-43af-9869-b057d5a117a7 ad3f9c95388c4935a9975eea19090963 91538594e71b4f2ea5e5a9b1fd0a87f6 - - default default] Successfully bumped revision number for resource 40444e3d-bea7-4f6d-ad25-ae28fc494004 (type: security_group_rules) to 0
2026-05-26 17:13:29.468 7 INFO neutron.services.segments.plugin [-] Segment 0566cb0f-3a4f-4811-98bb-938fdc63f92f resource provider aggregate not found
2026-05-26 17:13:29.471 7 INFO neutron.db.ovn_revision_numbers_db [None req-ca90a5d1-8698-43af-9869-b057d5a117a7 ad3f9c95388c4935a9975eea19090963 91538594e71b4f2ea5e5a9b1fd0a87f6 - - default default] Successfully bumped revision number for resource 85e02cf3-89dd-4fca-a281-60467400ef0e (type: security_group_rules) to 0
2026-05-26 17:13:29.484 7 INFO neutron.services.segments.plugin [-] Segment 0566cb0f-3a4f-4811-98bb-938fdc63f92f resource provider not found; error: Placement Client Error (4xx): {"errors": [{"status": 404, "title": "Not Found", "detail": "The resource could not be found.\n\n No resource provider with uuid 0566cb0f-3a4f-4811-98bb-938fdc63f92f found for delete ", "request_id": "req-e3d6081a-b78b-4018-a257-c2a92e13cc9c"}]}
2026-05-26 17:13:29.503 7 INFO neutron.services.segments.plugin [-] Segment 9c94dd7e-7037-4a61-a965-de1bf84c132a resource provider aggregate not found
2026-05-26 17:13:29.523 7 INFO neutron.services.segments.plugin [-] Segment 9c94dd7e-7037-4a61-a965-de1bf84c132a resource provider not found; error: Placement Client Error (4xx): {"errors": [{"status": 404, "title": "Not Found", "detail": "The resource could not be found.\n\n No resource provider with uuid 9c94dd7e-7037-4a61-a965-de1bf84c132a found for delete ", "request_id": "req-6b1f2829-b1e2-4fda-94ce-3c944d096a0f"}]} [pid: 7|app: 0|req: 1240/2769] 10.0.0.48 () {32 vars in 773 bytes} [Tue May 26 17:13:29 2026] GET /v2.0/security-groups?tenant_id=e264f7ff28ce4f72b562c2ebf6808079&name=default => generated 2929 bytes in 384 msecs (HTTP/1.1 200) 4 headers in 158 bytes (1 switches on core 0)
2026-05-26 17:13:29.533 7 INFO neutron.services.segments.plugin [-] Segment 0566cb0f-3a4f-4811-98bb-938fdc63f92f resource provider aggregate not found [pid: 7|app: 0|req: 1241/2770] 10.0.0.48 () {32 vars in 662 bytes} [Tue May 26 17:13:29 2026] GET /v2.0/vpn/ikepolicies => generated 798 bytes in 24 msecs (HTTP/1.1 200) 4 headers in 157 bytes (1 switches on core 0)
2026-05-26 17:13:29.553 7 INFO neutron.services.segments.plugin [-] Segment 0566cb0f-3a4f-4811-98bb-938fdc63f92f resource provider not found; error: Placement Client Error (4xx): {"errors": [{"status": 404, "title": "Not Found", "detail": "The resource could not be found.\n\n No resource provider with uuid 0566cb0f-3a4f-4811-98bb-938fdc63f92f found for delete ", "request_id": "req-2c9d9d22-a117-4e8c-9ee1-cb06b0a53a76"}]}
2026-05-26 17:13:29.584 7 INFO neutron.services.segments.plugin [-] Segment 9c94dd7e-7037-4a61-a965-de1bf84c132a resource provider aggregate not found
2026-05-26 17:13:29.607 7 INFO neutron.services.segments.plugin [-] Segment 9c94dd7e-7037-4a61-a965-de1bf84c132a resource provider not found; error: Placement Client Error (4xx): {"errors": [{"status": 404, "title": "Not Found", "detail": "The resource could not be found.\n\n No resource provider with uuid 9c94dd7e-7037-4a61-a965-de1bf84c132a found for delete ", "request_id": "req-752f645e-05eb-4b78-baad-c237f2b04804"}]} [pid: 7|app: 0|req: 1242/2771] 10.0.0.178 () {34 vars in 990 bytes} [Tue May 26 17:13:29 2026] GET /v2.0/ports?device_id=7e8c6ff5-dbb5-47a3-8da0-be106bfc15dc => generated 1186 bytes in 64 msecs (HTTP/1.1 200) 4 headers in 158 bytes (1 switches on core 0)
2026-05-26 17:13:29.760 8 INFO neutron.db.ovn_revision_numbers_db [req-95932fc4-135c-4461-b79f-28eb47a166a6 req-61756ad4-a01c-4497-b858-d537f4998994 54a80b7ef72c4ccdb6d9d648c5d7d97d 9f69955a48d14c25ba6c0e86cb02aab7 - - d4d1e972238c4e2fbc45c1f96a3ad8f6 d4d1e972238c4e2fbc45c1f96a3ad8f6] Successfully bumped revision number for resource aaa2136c-9324-44af-a2dc-116db2d5a2b9 (type: ports) to 2 [pid: 7|app: 0|req: 1243/2772] 10.0.0.48 () {32 vars in 739 bytes} [Tue May 26 17:13:29 2026] DELETE /v2.0/security-groups/0b55c66f-32f3-4fbe-8a31-499c9d21f6cb => generated 0 bytes in 319 msecs (HTTP/1.1 204) 2 headers in 112 bytes (1 switches on core 0) [pid: 7|app: 0|req: 1244/2773] 10.0.0.48 () {32 vars in 739 bytes} [Tue May 26 17:13:29 2026] DELETE /v2.0/vpn/ikepolicies/a9264e35-dc92-4ca9-a188-ac78d8afd977 => generated 0 bytes in 29 msecs (HTTP/1.1 204) 2 headers in 112 bytes (1 switches on core 0) [pid: 7|app: 0|req: 1245/2774] 10.0.0.178 () {34 vars in 1040 bytes} [Tue May 26 17:13:29 2026] GET /v2.0/security-groups?id=ee69426d-f1f9-4d41-888d-5aacf1c320ae&fields=id&fields=name => generated 111 bytes in 58 msecs (HTTP/1.1 200) 4 headers in 157 bytes (1 switches on core 0)
2026-05-26 17:13:30.025 8 INFO neutron.db.ovn_revision_numbers_db [req-95932fc4-135c-4461-b79f-28eb47a166a6 req-61756ad4-a01c-4497-b858-d537f4998994 54a80b7ef72c4ccdb6d9d648c5d7d97d 9f69955a48d14c25ba6c0e86cb02aab7 - - d4d1e972238c4e2fbc45c1f96a3ad8f6 d4d1e972238c4e2fbc45c1f96a3ad8f6] Successfully bumped revision number for resource aaa2136c-9324-44af-a2dc-116db2d5a2b9 (type: ports) to 4 [pid: 8|app: 0|req: 1530/2775] 199.19.213.219 () {38 vars in 1028 bytes} [Tue May 26 17:13:29 2026] PUT /v2.0/ports/aaa2136c-9324-44af-a2dc-116db2d5a2b9 => generated 1433 bytes in 775 msecs (HTTP/1.1 200) 4 headers in 158 bytes (1 switches on core 0) /var/lib/openstack/lib/python3.12/site-packages/pycadf/identifier.py:70: UserWarning: Invalid uuid: neutron. To ensure interoperability, identifiers should be a valid uuid. warnings.warn(('Invalid uuid: %s. To ensure interoperability, ' [pid: 7|app: 0|req: 1246/2776] 10.0.0.48 () {34 vars in 688 bytes} [Tue May 26 17:13:30 2026] POST /v2.0/vpn/ipsecpolicies => generated 411 bytes in 45 msecs (HTTP/1.1 201) 4 headers in 162 bytes (1 switches on core 0) [pid: 8|app: 0|req: 1531/2777] 10.0.0.48 () {32 vars in 773 bytes} [Tue May 26 17:13:30 2026] GET /v2.0/security-groups?tenant_id=b1326f5faf944e308ac010c5922a30b1&name=default => generated 2929 bytes in 42 msecs (HTTP/1.1 200) 4 headers in 158 bytes (1 switches on core 0) [pid: 7|app: 0|req: 1247/2778] 10.0.0.48 () {32 vars in 666 bytes} [Tue May 26 17:13:30 2026] GET /v2.0/vpn/ipsecpolicies => generated 813 bytes in 18 msecs (HTTP/1.1 200) 4 headers in 157 bytes (1 switches on core 0) [pid: 7|app: 0|req: 1248/2779] 10.0.0.48 () {32 vars in 743 bytes} [Tue May 26 17:13:30 2026] DELETE /v2.0/vpn/ipsecpolicies/04e2c48d-761c-4b72-bafe-cf4ad21b88e2 => generated 0 bytes in 37 msecs (HTTP/1.1 204) 2 headers in 112 bytes (1 switches on core 0)
2026-05-26 17:13:30.225 8 INFO neutron.notifiers.nova [-] Nova event matching ['req-ed8cb2a4-6582-4e89-938e-61d2d370bb55'] response: {'name': 'network-changed', 'server_uuid': '7e8c6ff5-dbb5-47a3-8da0-be106bfc15dc', 'tag': 'aaa2136c-9324-44af-a2dc-116db2d5a2b9', 'status': 'completed', 'code': 200}
2026-05-26 17:13:30.243 7 INFO neutron.db.segments_db [None req-2f0427af-7ed7-483e-8493-4f3a4906ead0 856a8b3da65d40d59b8a342642ef4b79 3035f0bd44214cd4b9b344460265e587 - - default default] Added segment ef629ada-3710-4125-bff2-f77a19a45b53 of type geneve for network 364a7ef5-c001-45da-9411-18ef989f376a
2026-05-26 17:13:30.280 7 WARNING neutron.plugins.ml2.drivers.ovn.mech_driver.ovsdb.ovn_client [None req-3614f9b9-1107-4f37-af12-76e4de75de0f - - - - - -] No hosting information found for port 3ef08ae8-e658-47a4-a45a-c17ded647be2: RuntimeError: No hosting information found for port 3ef08ae8-e658-47a4-a45a-c17ded647be2
2026-05-26 17:13:30.281 7 INFO neutron.plugins.ml2.drivers.ovn.mech_driver.mech_driver [None req-3614f9b9-1107-4f37-af12-76e4de75de0f - - - - - -] OVN reports status down for port: 8446b2c7-492a-4203-9a99-0de3948a9a8f [pid: 8|app: 0|req: 1532/2780] 10.0.0.48 () {32 vars in 739 bytes} [Tue May 26 17:13:30 2026] DELETE /v2.0/security-groups/69dfd13c-2c21-4567-be63-d613978b0486 => generated 0 bytes in 313 msecs (HTTP/1.1 204) 2 headers in 112 bytes (1 switches on core 0)
2026-05-26 17:13:30.532 7 INFO neutron.db.ovn_revision_numbers_db [None req-2f0427af-7ed7-483e-8493-4f3a4906ead0 856a8b3da65d40d59b8a342642ef4b79 3035f0bd44214cd4b9b344460265e587 - - default default] Successfully bumped revision number for resource 364a7ef5-c001-45da-9411-18ef989f376a (type: networks) to 1
2026-05-26 17:13:30.554 7 INFO neutron.db.ovn_revision_numbers_db [None req-3614f9b9-1107-4f37-af12-76e4de75de0f - - - - - -] Successfully bumped revision number for resource 3ef08ae8-e658-47a4-a45a-c17ded647be2 (type: router_ports) to 2
2026-05-26 17:13:30.554 7 INFO neutron.plugins.ml2.drivers.ovn.mech_driver.mech_driver [None req-3614f9b9-1107-4f37-af12-76e4de75de0f - - - - - -] OVN reports status down for port: 827537d8-56d5-44ba-9223-ae5ec6acfb1f
2026-05-26 17:13:30.659 7 INFO neutron.plugins.ml2.drivers.ovn.mech_driver.mech_driver [None req-3614f9b9-1107-4f37-af12-76e4de75de0f - - - - - -] OVN reports status down for port: e68da6f7-c94d-4131-8380-48babcb1dc2a
2026-05-26 17:13:30.676 7 INFO neutron.plugins.ml2.drivers.ovn.mech_driver.mech_driver [None req-3614f9b9-1107-4f37-af12-76e4de75de0f - - - - - -] OVN reports status down for port: 9e4478d8-4056-45e3-9f29-a6ce209c627f
2026-05-26 17:13:30.800 8 INFO neutron.db.ovn_revision_numbers_db [None req-8510ac7d-dfae-4e16-8dcc-9acd4830cf4a ad3f9c95388c4935a9975eea19090963 91538594e71b4f2ea5e5a9b1fd0a87f6 - - default default] Successfully bumped revision number for resource 5d779849-7ab1-4684-91cc-ad19d4bd2a23 (type: security_groups) to 1
2026-05-26 17:13:30.814 8 INFO neutron.db.ovn_revision_numbers_db [None req-8510ac7d-dfae-4e16-8dcc-9acd4830cf4a ad3f9c95388c4935a9975eea19090963 91538594e71b4f2ea5e5a9b1fd0a87f6 - - default default] Successfully bumped revision number for resource 09f0d631-4ec2-4bdf-9d94-21e02b251a8c (type: security_group_rules) to 0
2026-05-26 17:13:30.826 8 INFO neutron.db.ovn_revision_numbers_db [None req-8510ac7d-dfae-4e16-8dcc-9acd4830cf4a ad3f9c95388c4935a9975eea19090963 91538594e71b4f2ea5e5a9b1fd0a87f6 - - default default] Successfully bumped revision number for resource 8308fc62-9c63-471f-9a30-a0b70c46edfd (type: security_group_rules) to 0
2026-05-26 17:13:30.832 7 WARNING neutron.scheduler.dhcp_agent_scheduler [None req-2f0427af-7ed7-483e-8493-4f3a4906ead0 856a8b3da65d40d59b8a342642ef4b79 3035f0bd44214cd4b9b344460265e587 - - default default] No more DHCP agents
2026-05-26 17:13:30.835 7 WARNING neutron.api.rpc.agentnotifiers.dhcp_rpc_agent_api [None req-2f0427af-7ed7-483e-8493-4f3a4906ead0 856a8b3da65d40d59b8a342642ef4b79 3035f0bd44214cd4b9b344460265e587 - - default default] Unable to schedule network 364a7ef5-c001-45da-9411-18ef989f376a: no agents available; will retry on subsequent port and subnet creation events.
2026-05-26 17:13:30.838 8 INFO neutron.db.ovn_revision_numbers_db [None req-8510ac7d-dfae-4e16-8dcc-9acd4830cf4a ad3f9c95388c4935a9975eea19090963 91538594e71b4f2ea5e5a9b1fd0a87f6 - - default default] Successfully bumped revision number for resource 87615f2b-0fd2-4b73-b80a-a70a472591d9 (type: security_group_rules) to 0
2026-05-26 17:13:30.853 8 INFO neutron.db.ovn_revision_numbers_db [None req-8510ac7d-dfae-4e16-8dcc-9acd4830cf4a ad3f9c95388c4935a9975eea19090963 91538594e71b4f2ea5e5a9b1fd0a87f6 - - default default] Successfully bumped revision number for resource c01e48dd-4ec4-4076-b41a-851dd37371f9 (type: security_group_rules) to 0 [pid: 8|app: 0|req: 1533/2781] 10.0.0.48 () {32 vars in 773 bytes} [Tue May 26 17:13:30 2026] GET /v2.0/security-groups?tenant_id=d85c2c4694354b1ea3984321537fe767&name=default => generated 2929 bytes in 305 msecs (HTTP/1.1 200) 4 headers in 158 bytes (1 switches on core 0)
2026-05-26 17:13:30.898 7 INFO neutron.plugins.ml2.drivers.ovn.mech_driver.mech_driver [None req-3614f9b9-1107-4f37-af12-76e4de75de0f - - - - - -] OVN reports status down for port: 1ddecce1-eb85-413c-b81e-515139e702e8 [pid: 8|app: 0|req: 1534/2782] 199.19.213.219 () {34 vars in 1080 bytes} [Tue May 26 17:13:30 2026] GET /v2.0/ports?tenant_id=422e1722999644dba50c4a22b042959d&device_id=7e8c6ff5-dbb5-47a3-8da0-be106bfc15dc => generated 1436 bytes in 82 msecs (HTTP/1.1 200) 4 headers in 158 bytes (1 switches on core 0)
2026-05-26 17:13:31.020 7 WARNING neutron.plugins.ml2.drivers.ovn.mech_driver.ovsdb.ovn_client [None req-3614f9b9-1107-4f37-af12-76e4de75de0f - - - - - -] Logical_Switch_Port 1ddecce1-eb85-413c-b81e-515139e702e8 host information not removed, the port state is up
2026-05-26 17:13:31.021 7 INFO neutron.plugins.ml2.drivers.ovn.mech_driver.mech_driver [None req-3614f9b9-1107-4f37-af12-76e4de75de0f - - - - - -] OVN reports status down for port: 20072e16-0ddc-41a4-b0d5-b40a481e77a6
2026-05-26 17:13:31.064 7 INFO neutron.db.ovn_revision_numbers_db [None req-2f0427af-7ed7-483e-8493-4f3a4906ead0 856a8b3da65d40d59b8a342642ef4b79 3035f0bd44214cd4b9b344460265e587 - - default default] Successfully bumped revision number for resource 1b042488-4739-4aeb-aad4-67ebc39f80fe (type: ports) to 1 [pid: 7|app: 0|req: 1249/2783] 10.0.0.48 () {34 vars in 669 bytes} [Tue May 26 17:13:30 2026] POST /v2.0/networks => generated 632 bytes in 977 msecs (HTTP/1.1 201) 4 headers in 162 bytes (1 switches on core 0)
2026-05-26 17:13:31.194 7 INFO neutron.plugins.ml2.drivers.ovn.mech_driver.mech_driver [None req-3614f9b9-1107-4f37-af12-76e4de75de0f - - - - - -] OVN reports status up for port: 1ddecce1-eb85-413c-b81e-515139e702e8
2026-05-26 17:13:31.217 7 INFO neutron.plugins.ml2.plugin [None req-3614f9b9-1107-4f37-af12-76e4de75de0f - - - - - -] Attempt 1 to provision port 1ddecce1-eb85-413c-b81e-515139e702e8 [pid: 7|app: 0|req: 1250/2784] 199.19.213.219 () {34 vars in 1018 bytes} [Tue May 26 17:13:31 2026] GET /v2.0/networks?tenant_id=422e1722999644dba50c4a22b042959d&shared=False => generated 2384 bytes in 103 msecs (HTTP/1.1 200) 4 headers in 158 bytes (1 switches on core 0) [pid: 8|app: 0|req: 1535/2785] 10.0.0.48 () {32 vars in 739 bytes} [Tue May 26 17:13:30 2026] DELETE /v2.0/security-groups/5d779849-7ab1-4684-91cc-ad19d4bd2a23 => generated 0 bytes in 301 msecs (HTTP/1.1 204) 2 headers in 112 bytes (1 switches on core 0) [pid: 8|app: 0|req: 1536/2786] 199.19.213.219 () {34 vars in 930 bytes} [Tue May 26 17:13:31 2026] GET /v2.0/networks?shared=True => generated 753 bytes in 70 msecs (HTTP/1.1 200) 4 headers in 157 bytes (1 switches on core 0)
2026-05-26 17:13:31.677 7 WARNING neutron.scheduler.dhcp_agent_scheduler [None req-54fdcc0b-e69f-4039-af4f-11a625f5576e 856a8b3da65d40d59b8a342642ef4b79 3035f0bd44214cd4b9b344460265e587 - - default default] No more DHCP agents
2026-05-26 17:13:31.681 7 WARNING neutron.api.rpc.agentnotifiers.dhcp_rpc_agent_api [None req-54fdcc0b-e69f-4039-af4f-11a625f5576e 856a8b3da65d40d59b8a342642ef4b79 3035f0bd44214cd4b9b344460265e587 - - default default] Unable to schedule network 364a7ef5-c001-45da-9411-18ef989f376a: no agents available; will retry on subsequent port and subnet creation events.
2026-05-26 17:13:32.009 7 INFO neutron.db.ovn_revision_numbers_db [None req-3614f9b9-1107-4f37-af12-76e4de75de0f - - - - - -] Successfully bumped revision number for resource 1ddecce1-eb85-413c-b81e-515139e702e8 (type: ports) to 2 [pid: 8|app: 0|req: 1537/2787] 199.19.213.219 () {34 vars in 1080 bytes} [Tue May 26 17:13:32 2026] GET /v2.0/ports?tenant_id=422e1722999644dba50c4a22b042959d&device_id=7e8c6ff5-dbb5-47a3-8da0-be106bfc15dc => generated 1436 bytes in 58 msecs (HTTP/1.1 200) 4 headers in 158 bytes (1 switches on core 0)
2026-05-26 17:13:32.445 7 INFO neutron.db.ovn_revision_numbers_db [None req-f9680025-1144-4ed6-ad55-0958a123f199 - - - - - -] Successfully bumped revision number for resource 1b042488-4739-4aeb-aad4-67ebc39f80fe (type: ports) to 2 [pid: 8|app: 0|req: 1540/2790] 199.19.213.219 () {34 vars in 1056 bytes} [Tue May 26 17:13:32 2026] GET /v2.0/floatingips?fixed_ip_address=10.2.2.52&port_id=aaa2136c-9324-44af-a2dc-116db2d5a2b9 => generated 19 bytes in 30 msecs (HTTP/1.1 200) 4 headers in 156 bytes (1 switches on core 0)
2026-05-26 17:13:32.487 7 INFO neutron.db.ovn_revision_numbers_db [None req-f9680025-1144-4ed6-ad55-0958a123f199 - - - - - -] Successfully bumped revision number for resource c9da6036-80fe-4b9e-9375-b1829ded8ba7 (type: subnets) to 0 [pid: 8|app: 0|req: 1541/2791] 199.19.213.219 () {34 vars in 1106 bytes} [Tue May 26 17:13:32 2026] GET /v2.0/floatingips?fixed_ip_address=fd77%3A1457%3A4cf0%3A26a8%3A%3A320&port_id=aaa2136c-9324-44af-a2dc-116db2d5a2b9 => generated 19 bytes in 22 msecs (HTTP/1.1 200) 4 headers in 156 bytes (1 switches on core 0) [pid: 7|app: 0|req: 1251/2792] 10.0.0.48 () {34 vars in 668 bytes} [Tue May 26 17:13:31 2026] POST /v2.0/subnets => generated 629 bytes in 1289 msecs (HTTP/1.1 201) 4 headers in 162 bytes (1 switches on core 0) [pid: 8|app: 0|req: 1542/2793] 199.19.213.219 () {34 vars in 1064 bytes} [Tue May 26 17:13:32 2026] GET /v2.0/subnets?id=43b0a179-fd5e-4b00-9f65-58cb114a7e56&id=42131fd7-3efc-45f4-9284-1fc4be7d81c8 => generated 1413 bytes in 35 msecs (HTTP/1.1 200) 4 headers in 158 bytes (1 switches on core 0) [pid: 8|app: 0|req: 1543/2794] 199.19.213.219 () {34 vars in 1052 bytes} [Tue May 26 17:13:32 2026] GET /v2.0/ports?network_id=edbfa88b-5d1a-4158-9e23-958406635322&device_owner=network%3Adhcp => generated 12 bytes in 24 msecs (HTTP/1.1 200) 4 headers in 156 bytes (1 switches on core 0) [pid: 8|app: 0|req: 1544/2795] 199.19.213.219 () {34 vars in 1052 bytes} [Tue May 26 17:13:32 2026] GET /v2.0/ports?network_id=edbfa88b-5d1a-4158-9e23-958406635322&device_owner=network%3Adhcp => generated 12 bytes in 20 msecs (HTTP/1.1 200) 4 headers in 156 bytes (1 switches on core 0) [pid: 8|app: 0|req: 1545/2796] 199.19.213.219 () {34 vars in 1012 bytes} [Tue May 26 17:13:32 2026] GET /v2.0/networks/edbfa88b-5d1a-4158-9e23-958406635322?fields=segments => generated 14 bytes in 58 msecs (HTTP/1.1 200) 4 headers in 156 bytes (1 switches on core 0) [pid: 8|app: 0|req: 1546/2797] 199.19.213.219 () {34 vars in 1112 bytes} [Tue May 26 17:13:32 2026] GET /v2.0/networks/edbfa88b-5d1a-4158-9e23-958406635322?fields=provider%3Aphysical_network&fields=provider%3Anetwork_type => generated 79 bytes in 43 msecs (HTTP/1.1 200) 4 headers in 156 bytes (1 switches on core 0)
2026-05-26 17:13:33.017 7 WARNING neutron.scheduler.dhcp_agent_scheduler [None req-aadfe027-4b2b-43b8-b545-f9415f101cc2 856a8b3da65d40d59b8a342642ef4b79 3035f0bd44214cd4b9b344460265e587 - - default default] No more DHCP agents
2026-05-26 17:13:33.018 7 WARNING neutron.api.rpc.agentnotifiers.dhcp_rpc_agent_api [None req-aadfe027-4b2b-43b8-b545-f9415f101cc2 856a8b3da65d40d59b8a342642ef4b79 3035f0bd44214cd4b9b344460265e587 - - default default] Unable to schedule network 01572401-893b-4fe0-8543-bd6b1a73647b: no agents available; will retry on subsequent port and subnet creation events.
2026-05-26 17:13:33.205 7 INFO neutron.db.ovn_revision_numbers_db [None req-aadfe027-4b2b-43b8-b545-f9415f101cc2 856a8b3da65d40d59b8a342642ef4b79 3035f0bd44214cd4b9b344460265e587 - - default default] Successfully bumped revision number for resource 6e783d09-8e66-4584-b7a5-8fddf60c1fc8 (type: ports) to 1
2026-05-26 17:13:33.813 7 INFO neutron.plugins.ml2.drivers.ovn.mech_driver.ovsdb.commands [None req-c2a3f560-e404-490d-9246-e7f631555cb6 - - - - - -] Schedule LRP lrp-6e783d09-8e66-4584-b7a5-8fddf60c1fc8 on gateway f42fb20b-fb5a-4dbf-8440-7e37ab441510 with priority 1
2026-05-26 17:13:33.939 7 INFO neutron.db.ovn_revision_numbers_db [None req-aadfe027-4b2b-43b8-b545-f9415f101cc2 856a8b3da65d40d59b8a342642ef4b79 3035f0bd44214cd4b9b344460265e587 - - default default] Successfully bumped revision number for resource 6e783d09-8e66-4584-b7a5-8fddf60c1fc8 (type: router_ports) to 1
2026-05-26 17:13:34.013 7 INFO neutron.db.ovn_revision_numbers_db [None req-aadfe027-4b2b-43b8-b545-f9415f101cc2 856a8b3da65d40d59b8a342642ef4b79 3035f0bd44214cd4b9b344460265e587 - - default default] Successfully bumped revision number for resource 5f2a244a-7439-4849-b32c-f21e31d0f0ee (type: routers) to 2 [pid: 7|app: 0|req: 1252/2798] 10.0.0.48 () {34 vars in 668 bytes} [Tue May 26 17:13:32 2026] POST /v2.0/routers => generated 936 bytes in 1520 msecs (HTTP/1.1 201) 4 headers in 162 bytes (1 switches on core 0)
2026-05-26 17:13:34.541 8 WARNING neutron.scheduler.dhcp_agent_scheduler [None req-b18f38b7-9037-48a1-a492-5e0fcf43d6c6 856a8b3da65d40d59b8a342642ef4b79 3035f0bd44214cd4b9b344460265e587 - - default default] No more DHCP agents
2026-05-26 17:13:34.542 8 WARNING neutron.api.rpc.agentnotifiers.dhcp_rpc_agent_api [None req-b18f38b7-9037-48a1-a492-5e0fcf43d6c6 856a8b3da65d40d59b8a342642ef4b79 3035f0bd44214cd4b9b344460265e587 - - default default] Unable to schedule network 364a7ef5-c001-45da-9411-18ef989f376a: no agents available; will retry on subsequent port and subnet creation events.
2026-05-26 17:13:34.709 8 INFO neutron.db.ovn_revision_numbers_db [None req-b18f38b7-9037-48a1-a492-5e0fcf43d6c6 856a8b3da65d40d59b8a342642ef4b79 3035f0bd44214cd4b9b344460265e587 - - default default] Successfully bumped revision number for resource 3117d23b-e6e3-4945-a231-1cb4ea211173 (type: ports) to 1 [pid: 7|app: 0|req: 1253/2799] 10.0.0.178 () {34 vars in 990 bytes} [Tue May 26 17:13:35 2026] GET /v2.0/ports?device_id=7e8c6ff5-dbb5-47a3-8da0-be106bfc15dc => generated 1198 bytes in 78 msecs (HTTP/1.1 200) 4 headers in 158 bytes (1 switches on core 0) [pid: 7|app: 0|req: 1254/2800] 10.0.0.178 () {34 vars in 1040 bytes} [Tue May 26 17:13:35 2026] GET /v2.0/security-groups?id=ee69426d-f1f9-4d41-888d-5aacf1c320ae&fields=id&fields=name => generated 111 bytes in 43 msecs (HTTP/1.1 200) 4 headers in 157 bytes (1 switches on core 0)
2026-05-26 17:13:35.535 8 WARNING neutron.scheduler.dhcp_agent_scheduler [None req-b18f38b7-9037-48a1-a492-5e0fcf43d6c6 856a8b3da65d40d59b8a342642ef4b79 3035f0bd44214cd4b9b344460265e587 - - default default] No more DHCP agents
2026-05-26 17:13:35.537 8 WARNING neutron.api.rpc.agentnotifiers.dhcp_rpc_agent_api [None req-b18f38b7-9037-48a1-a492-5e0fcf43d6c6 856a8b3da65d40d59b8a342642ef4b79 3035f0bd44214cd4b9b344460265e587 - - default default] Unable to schedule network 364a7ef5-c001-45da-9411-18ef989f376a: no agents available; will retry on subsequent port and subnet creation events.
2026-05-26 17:13:35.799 7 INFO neutron.db.ovn_revision_numbers_db [None req-a425c4e8-11b8-427b-baa3-bed460c7f762 28a8db2053624e6c9728f9adf6c8974f 6a347600dc274b6fb2de933087ae38e8 - - default default] Successfully bumped revision number for resource 0c009023-8c6e-48df-9449-13e0bacc1c4e (type: security_groups) to 1
2026-05-26 17:13:35.814 7 INFO neutron.db.ovn_revision_numbers_db [None req-a425c4e8-11b8-427b-baa3-bed460c7f762 28a8db2053624e6c9728f9adf6c8974f 6a347600dc274b6fb2de933087ae38e8 - - default default] Successfully bumped revision number for resource 1799b9d2-b179-476a-9b4f-1c2982015c20 (type: security_group_rules) to 0
2026-05-26 17:13:35.827 7 INFO neutron.db.ovn_revision_numbers_db [None req-a425c4e8-11b8-427b-baa3-bed460c7f762 28a8db2053624e6c9728f9adf6c8974f 6a347600dc274b6fb2de933087ae38e8 - - default default] Successfully bumped revision number for resource 5866a3a6-bd7c-49c8-b41d-2481566d256b (type: security_group_rules) to 0
2026-05-26 17:13:35.839 7 INFO neutron.db.ovn_revision_numbers_db [None req-a425c4e8-11b8-427b-baa3-bed460c7f762 28a8db2053624e6c9728f9adf6c8974f 6a347600dc274b6fb2de933087ae38e8 - - default default] Successfully bumped revision number for resource af059193-9554-4f04-bb03-c36ed5f90532 (type: security_group_rules) to 0
2026-05-26 17:13:35.850 7 INFO neutron.db.ovn_revision_numbers_db [None req-a425c4e8-11b8-427b-baa3-bed460c7f762 28a8db2053624e6c9728f9adf6c8974f 6a347600dc274b6fb2de933087ae38e8 - - default default] Successfully bumped revision number for resource ea0eba32-1098-4733-b32f-37e1560adfd8 (type: security_group_rules) to 0
2026-05-26 17:13:35.925 7 INFO neutron.db.segments_db [None req-a425c4e8-11b8-427b-baa3-bed460c7f762 28a8db2053624e6c9728f9adf6c8974f 6a347600dc274b6fb2de933087ae38e8 - - default default] Added segment ec290f87-c33a-4a2d-97ae-b47f8be2e015 of type geneve for network 72ea8ab1-4225-49d3-8ded-b2034d3ef0ff
2026-05-26 17:13:35.959 8 INFO neutron.db.ovn_revision_numbers_db [None req-b18f38b7-9037-48a1-a492-5e0fcf43d6c6 856a8b3da65d40d59b8a342642ef4b79 3035f0bd44214cd4b9b344460265e587 - - default default] Successfully bumped revision number for resource 3117d23b-e6e3-4945-a231-1cb4ea211173 (type: router_ports) to 1 [pid: 8|app: 0|req: 1547/2801] 10.0.0.48 () {34 vars in 782 bytes} [Tue May 26 17:13:34 2026] PUT /v2.0/routers/5f2a244a-7439-4849-b32c-f21e31d0f0ee/add_router_interface => generated 309 bytes in 1926 msecs (HTTP/1.1 200) 4 headers in 157 bytes (1 switches on core 0)
2026-05-26 17:13:36.200 7 INFO neutron.db.ovn_revision_numbers_db [None req-a425c4e8-11b8-427b-baa3-bed460c7f762 28a8db2053624e6c9728f9adf6c8974f 6a347600dc274b6fb2de933087ae38e8 - - default default] Successfully bumped revision number for resource 72ea8ab1-4225-49d3-8ded-b2034d3ef0ff (type: networks) to 1
2026-05-26 17:13:36.389 7 WARNING neutron.scheduler.dhcp_agent_scheduler [None req-a425c4e8-11b8-427b-baa3-bed460c7f762 28a8db2053624e6c9728f9adf6c8974f 6a347600dc274b6fb2de933087ae38e8 - - default default] No more DHCP agents
2026-05-26 17:13:36.390 7 WARNING neutron.api.rpc.agentnotifiers.dhcp_rpc_agent_api [None req-a425c4e8-11b8-427b-baa3-bed460c7f762 28a8db2053624e6c9728f9adf6c8974f 6a347600dc274b6fb2de933087ae38e8 - - default default] Unable to schedule network 72ea8ab1-4225-49d3-8ded-b2034d3ef0ff: no agents available; will retry on subsequent port and subnet creation events.
2026-05-26 17:13:36.514 7 INFO neutron.db.ovn_revision_numbers_db [None req-a425c4e8-11b8-427b-baa3-bed460c7f762 28a8db2053624e6c9728f9adf6c8974f 6a347600dc274b6fb2de933087ae38e8 - - default default] Successfully bumped revision number for resource 2caf9b58-f2d2-4a50-8504-a4d1fbcc1e70 (type: ports) to 1 [pid: 7|app: 0|req: 1255/2802] 10.0.0.48 () {34 vars in 669 bytes} [Tue May 26 17:13:35 2026] POST /v2.0/networks => generated 632 bytes in 1079 msecs (HTTP/1.1 201) 4 headers in 162 bytes (1 switches on core 0)
2026-05-26 17:13:36.549 8 WARNING neutron.scheduler.dhcp_agent_scheduler [None req-f4f87bc5-01a2-431c-8c6e-422b3d4ddc60 - - - - - -] No more DHCP agents
2026-05-26 17:13:36.551 8 WARNING neutron.api.rpc.agentnotifiers.dhcp_rpc_agent_api [None req-f4f87bc5-01a2-431c-8c6e-422b3d4ddc60 - - - - - -] Unable to schedule network 01572401-893b-4fe0-8543-bd6b1a73647b: no agents available; will retry on subsequent port and subnet creation events.
2026-05-26 17:13:36.752 8 INFO neutron.db.ovn_revision_numbers_db [None req-f4f87bc5-01a2-431c-8c6e-422b3d4ddc60 - - - - - -] Successfully bumped revision number for resource 310850c6-eca6-4a60-b0af-ef24aed9a3ae (type: ports) to 1
2026-05-26 17:13:36.788 7 WARNING neutron.plugins.ml2.drivers.ovn.mech_driver.ovsdb.ovn_client [None req-83b45046-b7ea-4d1d-8469-241d8360b19b - - - - - -] No hosting information found for port 1ddecce1-eb85-413c-b81e-515139e702e8: RuntimeError: No hosting information found for port 1ddecce1-eb85-413c-b81e-515139e702e8
2026-05-26 17:13:36.954 7 WARNING neutron.scheduler.dhcp_agent_scheduler [None req-ff304029-7344-4cae-8e46-f7482fa767d6 28a8db2053624e6c9728f9adf6c8974f 6a347600dc274b6fb2de933087ae38e8 - - default default] No more DHCP agents
2026-05-26 17:13:36.956 7 WARNING neutron.api.rpc.agentnotifiers.dhcp_rpc_agent_api [None req-ff304029-7344-4cae-8e46-f7482fa767d6 28a8db2053624e6c9728f9adf6c8974f 6a347600dc274b6fb2de933087ae38e8 - - default default] Unable to schedule network 72ea8ab1-4225-49d3-8ded-b2034d3ef0ff: no agents available; will retry on subsequent port and subnet creation events.
2026-05-26 17:13:36.969 7 INFO neutron.db.ovn_revision_numbers_db [None req-83b45046-b7ea-4d1d-8469-241d8360b19b - - - - - -] Successfully bumped revision number for resource 1ddecce1-eb85-413c-b81e-515139e702e8 (type: router_ports) to 2
2026-05-26 17:13:36.970 7 INFO neutron.plugins.ml2.drivers.ovn.mech_driver.mech_driver [None req-83b45046-b7ea-4d1d-8469-241d8360b19b - - - - - -] OVN reports status down for port: d36eccc6-c9f3-4f9c-852d-8f4a8c8d63a9
2026-05-26 17:13:37.062 8 INFO neutron.db.ovn_revision_numbers_db [None req-f4f87bc5-01a2-431c-8c6e-422b3d4ddc60 - - - - - -] Successfully bumped revision number for resource 310850c6-eca6-4a60-b0af-ef24aed9a3ae (type: ports) to 3
2026-05-26 17:13:37.139 8 INFO neutron.db.segments_db [None req-f4f87bc5-01a2-431c-8c6e-422b3d4ddc60 - - - - - -] Added segment bd4baca0-8a31-4e2a-be96-fbe45b49c6bf of type geneve for network bad4601b-e6f6-4814-8de4-3c8cc6aa808e
2026-05-26 17:13:37.148 7 INFO neutron.plugins.ml2.drivers.ovn.mech_driver.mech_driver [None req-83b45046-b7ea-4d1d-8469-241d8360b19b - - - - - -] OVN reports status down for port: aaa2136c-9324-44af-a2dc-116db2d5a2b9
2026-05-26 17:13:37.196 7 INFO neutron.db.ovn_revision_numbers_db [None req-ff304029-7344-4cae-8e46-f7482fa767d6 28a8db2053624e6c9728f9adf6c8974f 6a347600dc274b6fb2de933087ae38e8 - - default default] Successfully bumped revision number for resource 3224084b-6d86-435d-a89e-ca40e87d3a62 (type: ports) to 1
2026-05-26 17:13:37.282 8 INFO neutron.db.ovn_revision_numbers_db [None req-fbee7fe1-dd50-4ef7-b527-b3d2b5f0b302 - - - - - -] Successfully bumped revision number for resource bad4601b-e6f6-4814-8de4-3c8cc6aa808e (type: networks) to 1
2026-05-26 17:13:37.285 7 WARNING neutron.plugins.ml2.drivers.ovn.mech_driver.ovsdb.ovn_client [None req-83b45046-b7ea-4d1d-8469-241d8360b19b - - - - - -] Logical_Switch_Port aaa2136c-9324-44af-a2dc-116db2d5a2b9 host information not removed, the port state is up
2026-05-26 17:13:37.295 7 INFO neutron.plugins.ml2.drivers.ovn.mech_driver.mech_driver [None req-83b45046-b7ea-4d1d-8469-241d8360b19b - - - - - -] OVN reports status down for port: 1b042488-4739-4aeb-aad4-67ebc39f80fe [pid: 7|app: 0|req: 1256/2803] 10.0.0.48 () {34 vars in 663 bytes} [Tue May 26 17:13:36 2026] POST /v2.0/ports => generated 743 bytes in 794 msecs (HTTP/1.1 201) 4 headers in 162 bytes (1 switches on core 0) /var/lib/openstack/lib/python3.12/site-packages/pycadf/identifier.py:70: UserWarning: Invalid uuid: neutron. To ensure interoperability, identifiers should be a valid uuid. warnings.warn(('Invalid uuid: %s. To ensure interoperability, '
2026-05-26 17:13:37.437 7 INFO neutron.notifiers.nova [-] Nova event matching ['req-0feb519b-7c58-4535-8a1b-9d813ea0fd56'] response: {'server_uuid': '7e8c6ff5-dbb5-47a3-8da0-be106bfc15dc', 'name': 'network-vif-unplugged', 'status': 'completed', 'tag': 'aaa2136c-9324-44af-a2dc-116db2d5a2b9', 'code': 200}
2026-05-26 17:13:37.441 8 WARNING neutron.scheduler.dhcp_agent_scheduler [None req-fbee7fe1-dd50-4ef7-b527-b3d2b5f0b302 - - - - - -] No more DHCP agents
2026-05-26 17:13:37.443 8 WARNING neutron.api.rpc.agentnotifiers.dhcp_rpc_agent_api [None req-fbee7fe1-dd50-4ef7-b527-b3d2b5f0b302 - - - - - -] Unable to schedule network bad4601b-e6f6-4814-8de4-3c8cc6aa808e: no agents available; will retry on subsequent port and subnet creation events.
2026-05-26 17:13:37.485 7 INFO neutron.plugins.ml2.drivers.ovn.mech_driver.mech_driver [None req-83b45046-b7ea-4d1d-8469-241d8360b19b - - - - - -] OVN reports status down for port: 6e783d09-8e66-4584-b7a5-8fddf60c1fc8
2026-05-26 17:13:37.566 8 INFO neutron.db.ovn_revision_numbers_db [None req-fbee7fe1-dd50-4ef7-b527-b3d2b5f0b302 - - - - - -] Successfully bumped revision number for resource 3938131d-7125-4671-bcda-1d96738f42fa (type: ports) to 1
2026-05-26 17:13:37.628 7 WARNING neutron.plugins.ml2.drivers.ovn.mech_driver.ovsdb.ovn_client [None req-83b45046-b7ea-4d1d-8469-241d8360b19b - - - - - -] Logical_Switch_Port 6e783d09-8e66-4584-b7a5-8fddf60c1fc8 host information not removed, the port state is up
2026-05-26 17:13:37.629 7 INFO neutron.plugins.ml2.drivers.ovn.mech_driver.mech_driver [None req-83b45046-b7ea-4d1d-8469-241d8360b19b - - - - - -] OVN reports status up for port: 6e783d09-8e66-4584-b7a5-8fddf60c1fc8
2026-05-26 17:13:37.657 7 INFO neutron.plugins.ml2.plugin [None req-83b45046-b7ea-4d1d-8469-241d8360b19b - - - - - -] Attempt 1 to provision port 6e783d09-8e66-4584-b7a5-8fddf60c1fc8
2026-05-26 17:13:37.688 8 WARNING neutron.scheduler.dhcp_agent_scheduler [None req-fbee7fe1-dd50-4ef7-b527-b3d2b5f0b302 - - - - - -] No more DHCP agents
2026-05-26 17:13:37.690 8 WARNING neutron.api.rpc.agentnotifiers.dhcp_rpc_agent_api [None req-fbee7fe1-dd50-4ef7-b527-b3d2b5f0b302 - - - - - -] Unable to schedule network bad4601b-e6f6-4814-8de4-3c8cc6aa808e: no agents available; will retry on subsequent port and subnet creation events.
2026-05-26 17:13:37.713 8 INFO neutron.db.ovn_revision_numbers_db [None req-fbee7fe1-dd50-4ef7-b527-b3d2b5f0b302 - - - - - -] Successfully bumped revision number for resource 4d24afe4-0189-4d0c-b459-a956a32b702d (type: subnets) to 0 [pid: 7|app: 0|req: 1257/2804] 10.0.0.48 () {34 vars in 665 bytes} [Tue May 26 17:13:37 2026] POST /v2.0/trunks => generated 409 bytes in 429 msecs (HTTP/1.1 201) 4 headers in 162 bytes (1 switches on core 0)
2026-05-26 17:13:37.887 7 INFO neutron.db.segments_db [None req-75a78756-ed5e-4ef8-8ee1-81e9681d0b8d 28a8db2053624e6c9728f9adf6c8974f 6a347600dc274b6fb2de933087ae38e8 - - default default] Added segment 8c542f33-6fc4-4354-8f15-d8c6d55bda8f of type geneve for network 0a7d4643-aad6-4fcc-9fbe-3c0b21fe752b
2026-05-26 17:13:38.015 7 INFO neutron.db.ovn_revision_numbers_db [None req-75a78756-ed5e-4ef8-8ee1-81e9681d0b8d 28a8db2053624e6c9728f9adf6c8974f 6a347600dc274b6fb2de933087ae38e8 - - default default] Successfully bumped revision number for resource 0a7d4643-aad6-4fcc-9fbe-3c0b21fe752b (type: networks) to 1
2026-05-26 17:13:38.131 8 WARNING neutron.scheduler.dhcp_agent_scheduler [None req-fbee7fe1-dd50-4ef7-b527-b3d2b5f0b302 - - - - - -] No more DHCP agents
2026-05-26 17:13:38.133 8 WARNING neutron.api.rpc.agentnotifiers.dhcp_rpc_agent_api [None req-fbee7fe1-dd50-4ef7-b527-b3d2b5f0b302 - - - - - -] Unable to schedule network bad4601b-e6f6-4814-8de4-3c8cc6aa808e: no agents available; will retry on subsequent port and subnet creation events.
2026-05-26 17:13:38.203 7 WARNING neutron.scheduler.dhcp_agent_scheduler [None req-75a78756-ed5e-4ef8-8ee1-81e9681d0b8d 28a8db2053624e6c9728f9adf6c8974f 6a347600dc274b6fb2de933087ae38e8 - - default default] No more DHCP agents
2026-05-26 17:13:38.204 7 WARNING neutron.api.rpc.agentnotifiers.dhcp_rpc_agent_api [None req-75a78756-ed5e-4ef8-8ee1-81e9681d0b8d 28a8db2053624e6c9728f9adf6c8974f 6a347600dc274b6fb2de933087ae38e8 - - default default] Unable to schedule network 0a7d4643-aad6-4fcc-9fbe-3c0b21fe752b: no agents available; will retry on subsequent port and subnet creation events.
2026-05-26 17:13:38.336 8 INFO neutron.db.ovn_revision_numbers_db [None req-fbee7fe1-dd50-4ef7-b527-b3d2b5f0b302 - - - - - -] Successfully bumped revision number for resource b60dd4bf-3312-411e-9618-ca3b394da3c4 (type: ports) to 1
2026-05-26 17:13:38.361 7 INFO neutron.db.ovn_revision_numbers_db [None req-75a78756-ed5e-4ef8-8ee1-81e9681d0b8d 28a8db2053624e6c9728f9adf6c8974f 6a347600dc274b6fb2de933087ae38e8 - - default default] Successfully bumped revision number for resource 0d27bb92-f139-48d2-867b-551e015c5128 (type: ports) to 1 [pid: 7|app: 0|req: 1258/2805] 10.0.0.48 () {34 vars in 669 bytes} [Tue May 26 17:13:37 2026] POST /v2.0/networks => generated 632 bytes in 608 msecs (HTTP/1.1 201) 4 headers in 162 bytes (1 switches on core 0)
2026-05-26 17:13:38.626 7 WARNING neutron.scheduler.dhcp_agent_scheduler [None req-821d0e12-e051-43ae-a28d-6e275fe4fe7f 28a8db2053624e6c9728f9adf6c8974f 6a347600dc274b6fb2de933087ae38e8 - - default default] No more DHCP agents
2026-05-26 17:13:38.628 7 WARNING neutron.api.rpc.agentnotifiers.dhcp_rpc_agent_api [None req-821d0e12-e051-43ae-a28d-6e275fe4fe7f 28a8db2053624e6c9728f9adf6c8974f 6a347600dc274b6fb2de933087ae38e8 - - default default] Unable to schedule network 0a7d4643-aad6-4fcc-9fbe-3c0b21fe752b: no agents available; will retry on subsequent port and subnet creation events.
2026-05-26 17:13:38.758 7 INFO neutron.db.ovn_revision_numbers_db [None req-821d0e12-e051-43ae-a28d-6e275fe4fe7f 28a8db2053624e6c9728f9adf6c8974f 6a347600dc274b6fb2de933087ae38e8 - - default default] Successfully bumped revision number for resource 220dbd0a-20f8-439e-b0da-946c125ba3f8 (type: ports) to 1 [pid: 7|app: 0|req: 1259/2806] 10.0.0.48 () {34 vars in 663 bytes} [Tue May 26 17:13:38 2026] POST /v2.0/ports => generated 743 bytes in 420 msecs (HTTP/1.1 201) 4 headers in 162 bytes (1 switches on core 0) /var/lib/openstack/lib/python3.12/site-packages/pycadf/identifier.py:70: UserWarning: Invalid uuid: neutron. To ensure interoperability, identifiers should be a valid uuid. warnings.warn(('Invalid uuid: %s. To ensure interoperability, ' [pid: 7|app: 0|req: 1260/2807] 10.0.0.48 () {34 vars in 665 bytes} [Tue May 26 17:13:38 2026] POST /v2.0/trunks => generated 409 bytes in 222 msecs (HTTP/1.1 201) 4 headers in 162 bytes (1 switches on core 0)
2026-05-26 17:13:39.141 7 INFO neutron.db.segments_db [None req-e98fc263-7028-42ce-bb53-1ae712977afb 28a8db2053624e6c9728f9adf6c8974f 6a347600dc274b6fb2de933087ae38e8 - - default default] Added segment acb1e121-2ba5-46f8-b7cf-8a859f25c785 of type geneve for network 68f020bc-938b-4abe-af2d-6e23d88f18f4
2026-05-26 17:13:39.296 7 INFO neutron.db.ovn_revision_numbers_db [None req-e98fc263-7028-42ce-bb53-1ae712977afb 28a8db2053624e6c9728f9adf6c8974f 6a347600dc274b6fb2de933087ae38e8 - - default default] Successfully bumped revision number for resource 68f020bc-938b-4abe-af2d-6e23d88f18f4 (type: networks) to 1
2026-05-26 17:13:39.502 7 WARNING neutron.scheduler.dhcp_agent_scheduler [None req-e98fc263-7028-42ce-bb53-1ae712977afb 28a8db2053624e6c9728f9adf6c8974f 6a347600dc274b6fb2de933087ae38e8 - - default default] No more DHCP agents
2026-05-26 17:13:39.504 7 WARNING neutron.api.rpc.agentnotifiers.dhcp_rpc_agent_api [None req-e98fc263-7028-42ce-bb53-1ae712977afb 28a8db2053624e6c9728f9adf6c8974f 6a347600dc274b6fb2de933087ae38e8 - - default default] Unable to schedule network 68f020bc-938b-4abe-af2d-6e23d88f18f4: no agents available; will retry on subsequent port and subnet creation events.
2026-05-26 17:13:39.637 8 WARNING neutron.scheduler.dhcp_agent_scheduler [None req-fbee7fe1-dd50-4ef7-b527-b3d2b5f0b302 - - - - - -] No more DHCP agents
2026-05-26 17:13:39.639 8 WARNING neutron.api.rpc.agentnotifiers.dhcp_rpc_agent_api [None req-fbee7fe1-dd50-4ef7-b527-b3d2b5f0b302 - - - - - -] Unable to schedule network bad4601b-e6f6-4814-8de4-3c8cc6aa808e: no agents available; will retry on subsequent port and subnet creation events.
2026-05-26 17:13:39.639 7 INFO neutron.db.ovn_revision_numbers_db [None req-e98fc263-7028-42ce-bb53-1ae712977afb 28a8db2053624e6c9728f9adf6c8974f 6a347600dc274b6fb2de933087ae38e8 - - default default] Successfully bumped revision number for resource 4a53682d-d878-42a5-9483-cfcf9e6b06ac (type: ports) to 1 [pid: 7|app: 0|req: 1261/2808] 10.0.0.48 () {34 vars in 669 bytes} [Tue May 26 17:13:39 2026] POST /v2.0/networks => generated 631 bytes in 628 msecs (HTTP/1.1 201) 4 headers in 162 bytes (1 switches on core 0)
2026-05-26 17:13:39.893 7 WARNING neutron.scheduler.dhcp_agent_scheduler [None req-7d157dff-89be-446c-afe4-9ee3b61a64eb 28a8db2053624e6c9728f9adf6c8974f 6a347600dc274b6fb2de933087ae38e8 - - default default] No more DHCP agents
2026-05-26 17:13:39.894 7 WARNING neutron.api.rpc.agentnotifiers.dhcp_rpc_agent_api [None req-7d157dff-89be-446c-afe4-9ee3b61a64eb 28a8db2053624e6c9728f9adf6c8974f 6a347600dc274b6fb2de933087ae38e8 - - default default] Unable to schedule network 68f020bc-938b-4abe-af2d-6e23d88f18f4: no agents available; will retry on subsequent port and subnet creation events.
2026-05-26 17:13:40.032 7 INFO neutron.db.ovn_revision_numbers_db [None req-7d157dff-89be-446c-afe4-9ee3b61a64eb 28a8db2053624e6c9728f9adf6c8974f 6a347600dc274b6fb2de933087ae38e8 - - default default] Successfully bumped revision number for resource f4f59767-14a3-47ce-a74a-aebb71b3f104 (type: ports) to 1 [pid: 7|app: 0|req: 1262/2809] 10.0.0.48 () {34 vars in 663 bytes} [Tue May 26 17:13:39 2026] POST /v2.0/ports => generated 743 bytes in 401 msecs (HTTP/1.1 201) 4 headers in 162 bytes (1 switches on core 0) /var/lib/openstack/lib/python3.12/site-packages/pycadf/identifier.py:70: UserWarning: Invalid uuid: neutron. To ensure interoperability, identifiers should be a valid uuid. warnings.warn(('Invalid uuid: %s. To ensure interoperability, '
2026-05-26 17:13:40.231 8 INFO neutron.db.ovn_revision_numbers_db [None req-fbee7fe1-dd50-4ef7-b527-b3d2b5f0b302 - - - - - -] Successfully bumped revision number for resource b60dd4bf-3312-411e-9618-ca3b394da3c4 (type: router_ports) to 1 [pid: 7|app: 0|req: 1263/2810] 10.0.0.48 () {34 vars in 665 bytes} [Tue May 26 17:13:40 2026] POST /v2.0/trunks => generated 409 bytes in 331 msecs (HTTP/1.1 201) 4 headers in 162 bytes (1 switches on core 0)
2026-05-26 17:13:40.420 8 WARNING neutron.scheduler.dhcp_agent_scheduler [None req-fbee7fe1-dd50-4ef7-b527-b3d2b5f0b302 - - - - - -] No more DHCP agents
2026-05-26 17:13:40.422 8 WARNING neutron.api.rpc.agentnotifiers.dhcp_rpc_agent_api [None req-fbee7fe1-dd50-4ef7-b527-b3d2b5f0b302 - - - - - -] Unable to schedule network bad4601b-e6f6-4814-8de4-3c8cc6aa808e: no agents available; will retry on subsequent port and subnet creation events. [pid: 7|app: 0|req: 1264/2811] 10.0.0.178 () {34 vars in 990 bytes} [Tue May 26 17:13:40 2026] GET /v2.0/ports?device_id=7e8c6ff5-dbb5-47a3-8da0-be106bfc15dc => generated 1198 bytes in 74 msecs (HTTP/1.1 200) 4 headers in 158 bytes (1 switches on core 0)
2026-05-26 17:13:40.596 7 INFO neutron.db.segments_db [None req-8b097723-dea4-46a1-99a7-73fc7591a208 28a8db2053624e6c9728f9adf6c8974f 6a347600dc274b6fb2de933087ae38e8 - - default default] Added segment 8aa0109d-fd9e-4174-bcfe-abd35e905929 of type geneve for network 63ec3273-2395-4581-8d56-45f60d045ba0
2026-05-26 17:13:40.630 8 INFO neutron.db.ovn_revision_numbers_db [None req-fbee7fe1-dd50-4ef7-b527-b3d2b5f0b302 - - - - - -] Successfully bumped revision number for resource 82b9a3ce-add7-497e-83f8-50de9daea4f0 (type: ports) to 1
2026-05-26 17:13:40.749 7 INFO neutron.db.ovn_revision_numbers_db [None req-8b097723-dea4-46a1-99a7-73fc7591a208 28a8db2053624e6c9728f9adf6c8974f 6a347600dc274b6fb2de933087ae38e8 - - default default] Successfully bumped revision number for resource 63ec3273-2395-4581-8d56-45f60d045ba0 (type: networks) to 1
2026-05-26 17:13:40.901 8 INFO neutron.db.ovn_revision_numbers_db [None req-fbee7fe1-dd50-4ef7-b527-b3d2b5f0b302 - - - - - -] Successfully bumped revision number for resource 82b9a3ce-add7-497e-83f8-50de9daea4f0 (type: ports) to 3
2026-05-26 17:13:40.970 7 WARNING neutron.scheduler.dhcp_agent_scheduler [None req-8b097723-dea4-46a1-99a7-73fc7591a208 28a8db2053624e6c9728f9adf6c8974f 6a347600dc274b6fb2de933087ae38e8 - - default default] No more DHCP agents
2026-05-26 17:13:40.971 7 WARNING neutron.api.rpc.agentnotifiers.dhcp_rpc_agent_api [None req-8b097723-dea4-46a1-99a7-73fc7591a208 28a8db2053624e6c9728f9adf6c8974f 6a347600dc274b6fb2de933087ae38e8 - - default default] Unable to schedule network 63ec3273-2395-4581-8d56-45f60d045ba0: no agents available; will retry on subsequent port and subnet creation events.
2026-05-26 17:13:41.094 7 INFO neutron.db.ovn_revision_numbers_db [None req-8b097723-dea4-46a1-99a7-73fc7591a208 28a8db2053624e6c9728f9adf6c8974f 6a347600dc274b6fb2de933087ae38e8 - - default default] Successfully bumped revision number for resource b7082965-85e4-436d-9244-65a3df018da8 (type: ports) to 1 [pid: 7|app: 0|req: 1265/2812] 10.0.0.48 () {34 vars in 669 bytes} [Tue May 26 17:13:40 2026] POST /v2.0/networks => generated 631 bytes in 625 msecs (HTTP/1.1 201) 4 headers in 162 bytes (1 switches on core 0) [pid: 7|app: 0|req: 1266/2813] 10.0.0.178 () {34 vars in 1040 bytes} [Tue May 26 17:13:41 2026] GET /v2.0/security-groups?id=ee69426d-f1f9-4d41-888d-5aacf1c320ae&fields=id&fields=name => generated 111 bytes in 32 msecs (HTTP/1.1 200) 4 headers in 157 bytes (1 switches on core 0) [pid: 8|app: 0|req: 1548/2814] 10.0.0.48 () {34 vars in 684 bytes} [Tue May 26 17:13:35 2026] POST /v2.0/vpn/vpnservices => generated 457 bytes in 5220 msecs (HTTP/1.1 201) 4 headers in 162 bytes (1 switches on core 0) [pid: 8|app: 0|req: 1549/2815] 10.0.0.48 () {32 vars in 662 bytes} [Tue May 26 17:13:41 2026] GET /v2.0/vpn/vpnservices => generated 1313 bytes in 12 msecs (HTTP/1.1 200) 4 headers in 158 bytes (1 switches on core 0)
