2026-06-09 18:02:37.860 8 INFO cinder.api.openstack.wsgi [None req-31d9371e-ac69-4453-9ff5-340aaa4c5657 7273851d1c9a4515835c076687dd33a3 b0dfc71e512446aa90005cb0594b376d - - default default] http://cinder-api.openstack.svc.cluster.local:8776/v3/b0dfc71e512446aa90005cb0594b376d/scheduler-stats/get_pools?detail=true returned with HTTP 200 [pid: 8|app: 0|req: 345/689] 10.0.0.183 () {28 vars in 696 bytes} [Tue Jun 9 18:02:37 2026] GET /v3/b0dfc71e512446aa90005cb0594b376d/scheduler-stats/get_pools?detail=true => generated 670 bytes in 513 msecs (HTTP/1.1 200) 7 headers in 285 bytes (1 switches on core 0)
2026-06-09 18:02:37.905 7 INFO cinder.api.openstack.wsgi [None req-08a9fb64-cd4a-4e2b-9953-f9c8b7e279bc 7273851d1c9a4515835c076687dd33a3 b0dfc71e512446aa90005cb0594b376d - - default default] GET http://cinder-api.openstack.svc.cluster.local:8776/v3/b0dfc71e512446aa90005cb0594b376d/os-quota-sets/1916221b6e204ec1a171bef6a941588b?usage=true
2026-06-09 18:02:37.930 7 INFO cinder.api.openstack.wsgi [None req-08a9fb64-cd4a-4e2b-9953-f9c8b7e279bc 7273851d1c9a4515835c076687dd33a3 b0dfc71e512446aa90005cb0594b376d - - default default] http://cinder-api.openstack.svc.cluster.local:8776/v3/b0dfc71e512446aa90005cb0594b376d/os-quota-sets/1916221b6e204ec1a171bef6a941588b?usage=true returned with HTTP 200 [pid: 7|app: 0|req: 345/690] 10.0.0.183 () {28 vars in 736 bytes} [Tue Jun 9 18:02:37 2026] GET /v3/b0dfc71e512446aa90005cb0594b376d/os-quota-sets/1916221b6e204ec1a171bef6a941588b?usage=true => generated 845 bytes in 31 msecs (HTTP/1.1 200) 7 headers in 285 bytes (1 switches on core 0)
2026-06-09 18:02:37.941 8 INFO cinder.api.openstack.wsgi [None req-371e106f-c6cf-42ed-8e1a-ef9299692fa6 7273851d1c9a4515835c076687dd33a3 b0dfc71e512446aa90005cb0594b376d - - default default] GET http://cinder-api.openstack.svc.cluster.local:8776/v3/b0dfc71e512446aa90005cb0594b376d/os-quota-sets/6b35286538984a7784190aafd91ec626?usage=true
2026-06-09 18:02:37.967 8 INFO cinder.api.openstack.wsgi [None req-371e106f-c6cf-42ed-8e1a-ef9299692fa6 7273851d1c9a4515835c076687dd33a3 b0dfc71e512446aa90005cb0594b376d - - default default] http://cinder-api.openstack.svc.cluster.local:8776/v3/b0dfc71e512446aa90005cb0594b376d/os-quota-sets/6b35286538984a7784190aafd91ec626?usage=true returned with HTTP 200 [pid: 8|app: 0|req: 346/691] 10.0.0.183 () {28 vars in 736 bytes} [Tue Jun 9 18:02:37 2026] GET /v3/b0dfc71e512446aa90005cb0594b376d/os-quota-sets/6b35286538984a7784190aafd91ec626?usage=true => generated 847 bytes in 33 msecs (HTTP/1.1 200) 7 headers in 285 bytes (1 switches on core 0)
2026-06-09 18:02:37.978 7 INFO cinder.api.openstack.wsgi [None req-d300ac25-30ec-4f4f-a647-d29802b5e39c 7273851d1c9a4515835c076687dd33a3 b0dfc71e512446aa90005cb0594b376d - - default default] GET http://cinder-api.openstack.svc.cluster.local:8776/v3/b0dfc71e512446aa90005cb0594b376d/os-quota-sets/b0dfc71e512446aa90005cb0594b376d?usage=true
2026-06-09 18:02:38.000 7 INFO cinder.api.openstack.wsgi [None req-d300ac25-30ec-4f4f-a647-d29802b5e39c 7273851d1c9a4515835c076687dd33a3 b0dfc71e512446aa90005cb0594b376d - - default default] http://cinder-api.openstack.svc.cluster.local:8776/v3/b0dfc71e512446aa90005cb0594b376d/os-quota-sets/b0dfc71e512446aa90005cb0594b376d?usage=true returned with HTTP 200 [pid: 7|app: 0|req: 346/692] 10.0.0.183 () {28 vars in 736 bytes} [Tue Jun 9 18:02:37 2026] GET /v3/b0dfc71e512446aa90005cb0594b376d/os-quota-sets/b0dfc71e512446aa90005cb0594b376d?usage=true => generated 845 bytes in 29 msecs (HTTP/1.1 200) 7 headers in 285 bytes (1 switches on core 0)
2026-06-09 18:02:46.839 8 INFO cinder.api.openstack.wsgi [None req-371e106f-c6cf-42ed-8e1a-ef9299692fa6 7273851d1c9a4515835c076687dd33a3 b0dfc71e512446aa90005cb0594b376d - - default default] GET http://10.0.0.190:8776/
2026-06-09 18:02:46.839 7 INFO cinder.api.openstack.wsgi [None req-d300ac25-30ec-4f4f-a647-d29802b5e39c 7273851d1c9a4515835c076687dd33a3 b0dfc71e512446aa90005cb0594b376d - - default default] GET http://10.0.0.190:8776/
2026-06-09 18:02:46.840 7 INFO cinder.api.openstack.wsgi [None req-d300ac25-30ec-4f4f-a647-d29802b5e39c 7273851d1c9a4515835c076687dd33a3 b0dfc71e512446aa90005cb0594b376d - - default default] http://10.0.0.190:8776/ returned with HTTP 300
2026-06-09 18:02:46.840 8 INFO cinder.api.openstack.wsgi [None req-371e106f-c6cf-42ed-8e1a-ef9299692fa6 7273851d1c9a4515835c076687dd33a3 b0dfc71e512446aa90005cb0594b376d - - default default] http://10.0.0.190:8776/ returned with HTTP 300
2026-06-09 18:02:56.839 7 INFO cinder.api.openstack.wsgi [None req-d300ac25-30ec-4f4f-a647-d29802b5e39c 7273851d1c9a4515835c076687dd33a3 b0dfc71e512446aa90005cb0594b376d - - default default] GET http://10.0.0.190:8776/
2026-06-09 18:02:56.839 8 INFO cinder.api.openstack.wsgi [None req-371e106f-c6cf-42ed-8e1a-ef9299692fa6 7273851d1c9a4515835c076687dd33a3 b0dfc71e512446aa90005cb0594b376d - - default default] GET http://10.0.0.190:8776/
2026-06-09 18:02:56.840 7 INFO cinder.api.openstack.wsgi [None req-d300ac25-30ec-4f4f-a647-d29802b5e39c 7273851d1c9a4515835c076687dd33a3 b0dfc71e512446aa90005cb0594b376d - - default default] http://10.0.0.190:8776/ returned with HTTP 300
2026-06-09 18:02:56.840 8 INFO cinder.api.openstack.wsgi [None req-371e106f-c6cf-42ed-8e1a-ef9299692fa6 7273851d1c9a4515835c076687dd33a3 b0dfc71e512446aa90005cb0594b376d - - default default] http://10.0.0.190:8776/ returned with HTTP 300
2026-06-09 18:03:02.685 7 INFO cinder.api.openstack.wsgi [None req-87c0325e-f27b-4f41-8664-769717df4f33 7273851d1c9a4515835c076687dd33a3 b0dfc71e512446aa90005cb0594b376d - - default default] GET http://cinder-api.openstack.svc.cluster.local:8776/v3/b0dfc71e512446aa90005cb0594b376d/snapshots
2026-06-09 18:03:02.698 7 INFO cinder.volume.api [None req-87c0325e-f27b-4f41-8664-769717df4f33 7273851d1c9a4515835c076687dd33a3 b0dfc71e512446aa90005cb0594b376d - - default default] Get all snapshots completed successfully.
2026-06-09 18:03:02.698 7 INFO cinder.api.openstack.wsgi [None req-87c0325e-f27b-4f41-8664-769717df4f33 7273851d1c9a4515835c076687dd33a3 b0dfc71e512446aa90005cb0594b376d - - default default] http://cinder-api.openstack.svc.cluster.local:8776/v3/b0dfc71e512446aa90005cb0594b376d/snapshots returned with HTTP 200 [pid: 7|app: 0|req: 349/697] 10.0.0.184 () {32 vars in 705 bytes} [Tue Jun 9 18:03:02 2026] GET /v3/b0dfc71e512446aa90005cb0594b376d/snapshots => generated 17 bytes in 20 msecs (HTTP/1.1 200) 7 headers in 284 bytes (1 switches on core 0)
2026-06-09 18:03:02.714 8 INFO cinder.api.openstack.wsgi [None req-132aa00d-de7b-419f-9ecb-3a8ac3e9030c 7273851d1c9a4515835c076687dd33a3 b0dfc71e512446aa90005cb0594b376d - - default default] GET http://cinder-api.openstack.svc.cluster.local:8776/v3/b0dfc71e512446aa90005cb0594b376d/volumes
2026-06-09 18:03:02.742 8 INFO cinder.volume.api [None req-132aa00d-de7b-419f-9ecb-3a8ac3e9030c 7273851d1c9a4515835c076687dd33a3 b0dfc71e512446aa90005cb0594b376d - - default default] Get all volumes completed successfully.
2026-06-09 18:03:02.743 8 INFO cinder.api.openstack.wsgi [None req-132aa00d-de7b-419f-9ecb-3a8ac3e9030c 7273851d1c9a4515835c076687dd33a3 b0dfc71e512446aa90005cb0594b376d - - default default] http://cinder-api.openstack.svc.cluster.local:8776/v3/b0dfc71e512446aa90005cb0594b376d/volumes returned with HTTP 200 [pid: 8|app: 0|req: 349/698] 10.0.0.184 () {32 vars in 701 bytes} [Tue Jun 9 18:03:02 2026] GET /v3/b0dfc71e512446aa90005cb0594b376d/volumes => generated 15 bytes in 36 msecs (HTTP/1.1 200) 7 headers in 284 bytes (1 switches on core 0)
2026-06-09 18:03:06.839 7 INFO cinder.api.openstack.wsgi [None req-87c0325e-f27b-4f41-8664-769717df4f33 7273851d1c9a4515835c076687dd33a3 b0dfc71e512446aa90005cb0594b376d - - default default] GET http://10.0.0.190:8776/
2026-06-09 18:03:06.839 8 INFO cinder.api.openstack.wsgi [None req-132aa00d-de7b-419f-9ecb-3a8ac3e9030c 7273851d1c9a4515835c076687dd33a3 b0dfc71e512446aa90005cb0594b376d - - default default] GET http://10.0.0.190:8776/
2026-06-09 18:03:06.840 8 INFO cinder.api.openstack.wsgi [None req-132aa00d-de7b-419f-9ecb-3a8ac3e9030c 7273851d1c9a4515835c076687dd33a3 b0dfc71e512446aa90005cb0594b376d - - default default] http://10.0.0.190:8776/ returned with HTTP 300
2026-06-09 18:03:06.841 7 INFO cinder.api.openstack.wsgi [None req-87c0325e-f27b-4f41-8664-769717df4f33 7273851d1c9a4515835c076687dd33a3 b0dfc71e512446aa90005cb0594b376d - - default default] http://10.0.0.190:8776/ returned with HTTP 300
2026-06-09 18:03:16.839 7 INFO cinder.api.openstack.wsgi [None req-87c0325e-f27b-4f41-8664-769717df4f33 7273851d1c9a4515835c076687dd33a3 b0dfc71e512446aa90005cb0594b376d - - default default] GET http://10.0.0.190:8776/
2026-06-09 18:03:16.839 7 INFO cinder.api.openstack.wsgi [None req-87c0325e-f27b-4f41-8664-769717df4f33 7273851d1c9a4515835c076687dd33a3 b0dfc71e512446aa90005cb0594b376d - - default default] http://10.0.0.190:8776/ returned with HTTP 300
2026-06-09 18:03:16.839 8 INFO cinder.api.openstack.wsgi [None req-132aa00d-de7b-419f-9ecb-3a8ac3e9030c 7273851d1c9a4515835c076687dd33a3 b0dfc71e512446aa90005cb0594b376d - - default default] GET http://10.0.0.190:8776/
2026-06-09 18:03:16.841 8 INFO cinder.api.openstack.wsgi [None req-132aa00d-de7b-419f-9ecb-3a8ac3e9030c 7273851d1c9a4515835c076687dd33a3 b0dfc71e512446aa90005cb0594b376d - - default default] http://10.0.0.190:8776/ returned with HTTP 300
2026-06-09 18:03:26.838 7 INFO cinder.api.openstack.wsgi [None req-87c0325e-f27b-4f41-8664-769717df4f33 7273851d1c9a4515835c076687dd33a3 b0dfc71e512446aa90005cb0594b376d - - default default] GET http://10.0.0.190:8776/
2026-06-09 18:03:26.839 8 INFO cinder.api.openstack.wsgi [None req-132aa00d-de7b-419f-9ecb-3a8ac3e9030c 7273851d1c9a4515835c076687dd33a3 b0dfc71e512446aa90005cb0594b376d - - default default] GET http://10.0.0.190:8776/
2026-06-09 18:03:26.840 8 INFO cinder.api.openstack.wsgi [None req-132aa00d-de7b-419f-9ecb-3a8ac3e9030c 7273851d1c9a4515835c076687dd33a3 b0dfc71e512446aa90005cb0594b376d - - default default] http://10.0.0.190:8776/ returned with HTTP 300
2026-06-09 18:03:26.841 7 INFO cinder.api.openstack.wsgi [None req-87c0325e-f27b-4f41-8664-769717df4f33 7273851d1c9a4515835c076687dd33a3 b0dfc71e512446aa90005cb0594b376d - - default default] http://10.0.0.190:8776/ returned with HTTP 300
2026-06-09 18:03:36.840 7 INFO cinder.api.openstack.wsgi [None req-87c0325e-f27b-4f41-8664-769717df4f33 7273851d1c9a4515835c076687dd33a3 b0dfc71e512446aa90005cb0594b376d - - default default] GET http://10.0.0.190:8776/
2026-06-09 18:03:36.840 8 INFO cinder.api.openstack.wsgi [None req-132aa00d-de7b-419f-9ecb-3a8ac3e9030c 7273851d1c9a4515835c076687dd33a3 b0dfc71e512446aa90005cb0594b376d - - default default] GET http://10.0.0.190:8776/
2026-06-09 18:03:36.841 8 INFO cinder.api.openstack.wsgi [None req-132aa00d-de7b-419f-9ecb-3a8ac3e9030c 7273851d1c9a4515835c076687dd33a3 b0dfc71e512446aa90005cb0594b376d - - default default] http://10.0.0.190:8776/ returned with HTTP 300
2026-06-09 18:03:36.841 7 INFO cinder.api.openstack.wsgi [None req-87c0325e-f27b-4f41-8664-769717df4f33 7273851d1c9a4515835c076687dd33a3 b0dfc71e512446aa90005cb0594b376d - - default default] http://10.0.0.190:8776/ returned with HTTP 300
2026-06-09 18:03:37.058 8 INFO cinder.api.openstack.wsgi [None req-3fb4e4d4-64e2-4527-93a8-3b702c9bbbca 276d5429bf9b48f69686786fa60a79f0 6e38d2de4f1548e18c427d230dd4e0fa - - default default] POST http://cinder-api.openstack.svc.cluster.local:8776/v3/6e38d2de4f1548e18c427d230dd4e0fa/volumes
2026-06-09 18:03:37.374 7 INFO cinder.api.openstack.wsgi [None req-5e2a8a5a-0254-4561-8a80-f14420282636 7273851d1c9a4515835c076687dd33a3 b0dfc71e512446aa90005cb0594b376d - - default default] GET http://cinder-api.openstack.svc.cluster.local:8776/v3/b0dfc71e512446aa90005cb0594b376d/os-services
2026-06-09 18:03:37.382 7 INFO cinder.api.openstack.wsgi [None req-5e2a8a5a-0254-4561-8a80-f14420282636 7273851d1c9a4515835c076687dd33a3 b0dfc71e512446aa90005cb0594b376d - - default default] http://cinder-api.openstack.svc.cluster.local:8776/v3/b0dfc71e512446aa90005cb0594b376d/os-services returned with HTTP 200 [pid: 7|app: 0|req: 354/707] 10.0.0.183 () {28 vars in 645 bytes} [Tue Jun 9 18:03:37 2026] GET /v3/b0dfc71e512446aa90005cb0594b376d/os-services => generated 646 bytes in 173 msecs (HTTP/1.1 200) 7 headers in 285 bytes (1 switches on core 0)
2026-06-09 18:03:37.439 7 INFO cinder.api.openstack.wsgi [None req-4f1d26dd-faea-4fac-88cd-018cccb00491 7273851d1c9a4515835c076687dd33a3 b0dfc71e512446aa90005cb0594b376d - - default default] GET http://cinder-api.openstack.svc.cluster.local:8776/v3/b0dfc71e512446aa90005cb0594b376d/os-quota-sets/01b4dcdf2d5647e19abb6c59f7d54c56?usage=true
2026-06-09 18:03:37.475 7 INFO cinder.api.openstack.wsgi [None req-4f1d26dd-faea-4fac-88cd-018cccb00491 7273851d1c9a4515835c076687dd33a3 b0dfc71e512446aa90005cb0594b376d - - default default] http://cinder-api.openstack.svc.cluster.local:8776/v3/b0dfc71e512446aa90005cb0594b376d/os-quota-sets/01b4dcdf2d5647e19abb6c59f7d54c56?usage=true returned with HTTP 200 [pid: 7|app: 0|req: 355/708] 10.0.0.183 () {28 vars in 736 bytes} [Tue Jun 9 18:03:37 2026] GET /v3/b0dfc71e512446aa90005cb0594b376d/os-quota-sets/01b4dcdf2d5647e19abb6c59f7d54c56?usage=true => generated 847 bytes in 42 msecs (HTTP/1.1 200) 7 headers in 285 bytes (1 switches on core 0)
2026-06-09 18:03:37.491 7 INFO cinder.api.openstack.wsgi [None req-d3ada199-243f-4034-a44b-71bbc084ce25 7273851d1c9a4515835c076687dd33a3 b0dfc71e512446aa90005cb0594b376d - - default default] GET http://cinder-api.openstack.svc.cluster.local:8776/v3/b0dfc71e512446aa90005cb0594b376d/os-quota-sets/10fe004039014673ad5b47b9687945b5?usage=true
2026-06-09 18:03:37.515 7 INFO cinder.api.openstack.wsgi [None req-d3ada199-243f-4034-a44b-71bbc084ce25 7273851d1c9a4515835c076687dd33a3 b0dfc71e512446aa90005cb0594b376d - - default default] http://cinder-api.openstack.svc.cluster.local:8776/v3/b0dfc71e512446aa90005cb0594b376d/os-quota-sets/10fe004039014673ad5b47b9687945b5?usage=true returned with HTTP 200 [pid: 7|app: 0|req: 356/709] 10.0.0.183 () {28 vars in 736 bytes} [Tue Jun 9 18:03:37 2026] GET /v3/b0dfc71e512446aa90005cb0594b376d/os-quota-sets/10fe004039014673ad5b47b9687945b5?usage=true => generated 847 bytes in 33 msecs (HTTP/1.1 200) 7 headers in 285 bytes (1 switches on core 0)
2026-06-09 18:03:37.528 7 INFO cinder.api.openstack.wsgi [None req-05fd0ba9-71d2-4f66-828f-414a16ab8984 7273851d1c9a4515835c076687dd33a3 b0dfc71e512446aa90005cb0594b376d - - default default] GET http://cinder-api.openstack.svc.cluster.local:8776/v3/b0dfc71e512446aa90005cb0594b376d/os-quota-sets/1916221b6e204ec1a171bef6a941588b?usage=true
2026-06-09 18:03:37.559 7 INFO cinder.api.openstack.wsgi [None req-05fd0ba9-71d2-4f66-828f-414a16ab8984 7273851d1c9a4515835c076687dd33a3 b0dfc71e512446aa90005cb0594b376d - - default default] http://cinder-api.openstack.svc.cluster.local:8776/v3/b0dfc71e512446aa90005cb0594b376d/os-quota-sets/1916221b6e204ec1a171bef6a941588b?usage=true returned with HTTP 200 [pid: 7|app: 0|req: 357/710] 10.0.0.183 () {28 vars in 736 bytes} [Tue Jun 9 18:03:37 2026] GET /v3/b0dfc71e512446aa90005cb0594b376d/os-quota-sets/1916221b6e204ec1a171bef6a941588b?usage=true => generated 845 bytes in 39 msecs (HTTP/1.1 200) 7 headers in 285 bytes (1 switches on core 0)
2026-06-09 18:03:37.572 7 INFO cinder.api.openstack.wsgi [None req-4a514c11-9c5e-450a-9d4f-f5d71d169b55 7273851d1c9a4515835c076687dd33a3 b0dfc71e512446aa90005cb0594b376d - - default default] GET http://cinder-api.openstack.svc.cluster.local:8776/v3/b0dfc71e512446aa90005cb0594b376d/os-quota-sets/6b35286538984a7784190aafd91ec626?usage=true
2026-06-09 18:03:37.597 7 INFO cinder.api.openstack.wsgi [None req-4a514c11-9c5e-450a-9d4f-f5d71d169b55 7273851d1c9a4515835c076687dd33a3 b0dfc71e512446aa90005cb0594b376d - - default default] http://cinder-api.openstack.svc.cluster.local:8776/v3/b0dfc71e512446aa90005cb0594b376d/os-quota-sets/6b35286538984a7784190aafd91ec626?usage=true returned with HTTP 200 [pid: 7|app: 0|req: 358/711] 10.0.0.183 () {28 vars in 736 bytes} [Tue Jun 9 18:03:37 2026] GET /v3/b0dfc71e512446aa90005cb0594b376d/os-quota-sets/6b35286538984a7784190aafd91ec626?usage=true => generated 847 bytes in 32 msecs (HTTP/1.1 200) 7 headers in 285 bytes (1 switches on core 0)
2026-06-09 18:03:37.613 7 INFO cinder.api.openstack.wsgi [None req-7c5574f8-4ab3-4f0e-b369-d27b8084b5e4 7273851d1c9a4515835c076687dd33a3 b0dfc71e512446aa90005cb0594b376d - - default default] GET http://cinder-api.openstack.svc.cluster.local:8776/v3/b0dfc71e512446aa90005cb0594b376d/os-quota-sets/6e38d2de4f1548e18c427d230dd4e0fa?usage=true
2026-06-09 18:03:37.643 7 INFO cinder.api.openstack.wsgi [None req-7c5574f8-4ab3-4f0e-b369-d27b8084b5e4 7273851d1c9a4515835c076687dd33a3 b0dfc71e512446aa90005cb0594b376d - - default default] http://cinder-api.openstack.svc.cluster.local:8776/v3/b0dfc71e512446aa90005cb0594b376d/os-quota-sets/6e38d2de4f1548e18c427d230dd4e0fa?usage=true returned with HTTP 200 [pid: 7|app: 0|req: 359/712] 10.0.0.183 () {28 vars in 736 bytes} [Tue Jun 9 18:03:37 2026] GET /v3/b0dfc71e512446aa90005cb0594b376d/os-quota-sets/6e38d2de4f1548e18c427d230dd4e0fa?usage=true => generated 847 bytes in 38 msecs (HTTP/1.1 200) 7 headers in 285 bytes (1 switches on core 0)
2026-06-09 18:03:37.653 7 INFO cinder.api.openstack.wsgi [None req-406b7308-0b47-4ade-8717-4511200d6d73 7273851d1c9a4515835c076687dd33a3 b0dfc71e512446aa90005cb0594b376d - - default default] GET http://cinder-api.openstack.svc.cluster.local:8776/v3/b0dfc71e512446aa90005cb0594b376d/os-quota-sets/b0dfc71e512446aa90005cb0594b376d?usage=true
2026-06-09 18:03:37.680 7 INFO cinder.api.openstack.wsgi [None req-406b7308-0b47-4ade-8717-4511200d6d73 7273851d1c9a4515835c076687dd33a3 b0dfc71e512446aa90005cb0594b376d - - default default] http://cinder-api.openstack.svc.cluster.local:8776/v3/b0dfc71e512446aa90005cb0594b376d/os-quota-sets/b0dfc71e512446aa90005cb0594b376d?usage=true returned with HTTP 200 [pid: 7|app: 0|req: 360/713] 10.0.0.183 () {28 vars in 736 bytes} [Tue Jun 9 18:03:37 2026] GET /v3/b0dfc71e512446aa90005cb0594b376d/os-quota-sets/b0dfc71e512446aa90005cb0594b376d?usage=true => generated 845 bytes in 33 msecs (HTTP/1.1 200) 7 headers in 285 bytes (1 switches on core 0)
2026-06-09 18:03:37.693 7 INFO cinder.api.openstack.wsgi [None req-12ebe61e-016e-4f0d-8e2d-30853567c1cf 7273851d1c9a4515835c076687dd33a3 b0dfc71e512446aa90005cb0594b376d - - default default] GET http://cinder-api.openstack.svc.cluster.local:8776/v3/b0dfc71e512446aa90005cb0594b376d/os-quota-sets/b91b786dc3b9408d926d933cb6bb6db9?usage=true
2026-06-09 18:03:37.719 8 INFO cinder.api.v3.volumes [None req-3fb4e4d4-64e2-4527-93a8-3b702c9bbbca 276d5429bf9b48f69686786fa60a79f0 6e38d2de4f1548e18c427d230dd4e0fa - - default default] Create volume of 1 GB
2026-06-09 18:03:37.720 7 INFO cinder.api.openstack.wsgi [None req-12ebe61e-016e-4f0d-8e2d-30853567c1cf 7273851d1c9a4515835c076687dd33a3 b0dfc71e512446aa90005cb0594b376d - - default default] http://cinder-api.openstack.svc.cluster.local:8776/v3/b0dfc71e512446aa90005cb0594b376d/os-quota-sets/b91b786dc3b9408d926d933cb6bb6db9?usage=true returned with HTTP 200 [pid: 7|app: 0|req: 361/714] 10.0.0.183 () {28 vars in 736 bytes} [Tue Jun 9 18:03:37 2026] GET /v3/b0dfc71e512446aa90005cb0594b376d/os-quota-sets/b91b786dc3b9408d926d933cb6bb6db9?usage=true => generated 847 bytes in 37 msecs (HTTP/1.1 200) 7 headers in 285 bytes (1 switches on core 0)
2026-06-09 18:03:37.734 7 INFO cinder.api.openstack.wsgi [None req-2ee55fc2-b0da-473e-95d9-29bd1d288ef5 7273851d1c9a4515835c076687dd33a3 b0dfc71e512446aa90005cb0594b376d - - default default] GET http://cinder-api.openstack.svc.cluster.local:8776/v3/b0dfc71e512446aa90005cb0594b376d/volumes/detail?all_tenants=true
2026-06-09 18:03:37.742 7 INFO cinder.volume.api [None req-2ee55fc2-b0da-473e-95d9-29bd1d288ef5 7273851d1c9a4515835c076687dd33a3 b0dfc71e512446aa90005cb0594b376d - - default default] Get all volumes completed successfully.
2026-06-09 18:03:37.746 8 INFO cinder.volume.api [None req-3fb4e4d4-64e2-4527-93a8-3b702c9bbbca 276d5429bf9b48f69686786fa60a79f0 6e38d2de4f1548e18c427d230dd4e0fa - - default default] Availability Zones retrieved successfully.
2026-06-09 18:03:37.746 7 INFO cinder.api.openstack.wsgi [None req-2ee55fc2-b0da-473e-95d9-29bd1d288ef5 7273851d1c9a4515835c076687dd33a3 b0dfc71e512446aa90005cb0594b376d - - default default] http://cinder-api.openstack.svc.cluster.local:8776/v3/b0dfc71e512446aa90005cb0594b376d/volumes/detail?all_tenants=true returned with HTTP 200 [pid: 7|app: 0|req: 362/715] 10.0.0.183 () {28 vars in 684 bytes} [Tue Jun 9 18:03:37 2026] GET /v3/b0dfc71e512446aa90005cb0594b376d/volumes/detail?all_tenants=true => generated 15 bytes in 18 msecs (HTTP/1.1 200) 7 headers in 284 bytes (1 switches on core 0)
2026-06-09 18:03:37.757 7 INFO cinder.api.openstack.wsgi [None req-2098b90b-7900-49e7-ba47-2e2d61efa4a9 7273851d1c9a4515835c076687dd33a3 b0dfc71e512446aa90005cb0594b376d - - default default] GET http://cinder-api.openstack.svc.cluster.local:8776/v3/b0dfc71e512446aa90005cb0594b376d/snapshots?all_tenants=true
2026-06-09 18:03:37.768 7 INFO cinder.volume.api [None req-2098b90b-7900-49e7-ba47-2e2d61efa4a9 7273851d1c9a4515835c076687dd33a3 b0dfc71e512446aa90005cb0594b376d - - default default] Get all snapshots completed successfully.
2026-06-09 18:03:37.769 7 INFO cinder.api.openstack.wsgi [None req-2098b90b-7900-49e7-ba47-2e2d61efa4a9 7273851d1c9a4515835c076687dd33a3 b0dfc71e512446aa90005cb0594b376d - - default default] http://cinder-api.openstack.svc.cluster.local:8776/v3/b0dfc71e512446aa90005cb0594b376d/snapshots?all_tenants=true returned with HTTP 200 [pid: 7|app: 0|req: 363/716] 10.0.0.183 () {28 vars in 674 bytes} [Tue Jun 9 18:03:37 2026] GET /v3/b0dfc71e512446aa90005cb0594b376d/snapshots?all_tenants=true => generated 17 bytes in 18 msecs (HTTP/1.1 200) 7 headers in 284 bytes (1 switches on core 0)
2026-06-09 18:03:37.781 7 INFO cinder.api.openstack.wsgi [None req-b6644108-aa9d-4e07-a78b-9d4b010688f6 7273851d1c9a4515835c076687dd33a3 b0dfc71e512446aa90005cb0594b376d - - default default] GET http://cinder-api.openstack.svc.cluster.local:8776/v3/b0dfc71e512446aa90005cb0594b376d/volumes/detail?all_tenants=true
2026-06-09 18:03:37.802 7 INFO cinder.volume.api [None req-b6644108-aa9d-4e07-a78b-9d4b010688f6 7273851d1c9a4515835c076687dd33a3 b0dfc71e512446aa90005cb0594b376d - - default default] Get all volumes completed successfully.
2026-06-09 18:03:37.806 7 INFO cinder.api.openstack.wsgi [None req-b6644108-aa9d-4e07-a78b-9d4b010688f6 7273851d1c9a4515835c076687dd33a3 b0dfc71e512446aa90005cb0594b376d - - default default] http://cinder-api.openstack.svc.cluster.local:8776/v3/b0dfc71e512446aa90005cb0594b376d/volumes/detail?all_tenants=true returned with HTTP 200 [pid: 7|app: 0|req: 364/717] 10.0.0.183 () {28 vars in 684 bytes} [Tue Jun 9 18:03:37 2026] GET /v3/b0dfc71e512446aa90005cb0594b376d/volumes/detail?all_tenants=true => generated 15 bytes in 32 msecs (HTTP/1.1 200) 7 headers in 284 bytes (1 switches on core 0)
2026-06-09 18:03:37.816 7 INFO cinder.api.openstack.wsgi [None req-fe45006f-1426-45c4-a269-5fa9f5cf4b85 7273851d1c9a4515835c076687dd33a3 b0dfc71e512446aa90005cb0594b376d - - default default] GET http://cinder-api.openstack.svc.cluster.local:8776/v3/b0dfc71e512446aa90005cb0594b376d/scheduler-stats/get_pools?detail=true
2026-06-09 18:03:38.102 8 INFO cinder.volume.api [None req-3fb4e4d4-64e2-4527-93a8-3b702c9bbbca 276d5429bf9b48f69686786fa60a79f0 6e38d2de4f1548e18c427d230dd4e0fa - - default default] Create volume request issued successfully.
2026-06-09 18:03:38.103 8 INFO cinder.api.openstack.wsgi [None req-3fb4e4d4-64e2-4527-93a8-3b702c9bbbca 276d5429bf9b48f69686786fa60a79f0 6e38d2de4f1548e18c427d230dd4e0fa - - default default] http://cinder-api.openstack.svc.cluster.local:8776/v3/6e38d2de4f1548e18c427d230dd4e0fa/volumes returned with HTTP 202 [pid: 8|app: 0|req: 354/718] 10.0.0.184 () {34 vars in 723 bytes} [Tue Jun 9 18:03:37 2026] POST /v3/6e38d2de4f1548e18c427d230dd4e0fa/volumes => generated 865 bytes in 1052 msecs (HTTP/1.1 202) 7 headers in 291 bytes (1 switches on core 0) /var/lib/openstack/lib/python3.12/site-packages/pycadf/identifier.py:70: UserWarning: Invalid uuid: cinderv3. To ensure interoperability, identifiers should be a valid uuid. warnings.warn(('Invalid uuid: %s. To ensure interoperability, '
2026-06-09 18:03:38.119 8 INFO cinder.api.openstack.wsgi [None req-dc9d9137-f1c6-4b4f-97e6-4ca1b3c726a8 276d5429bf9b48f69686786fa60a79f0 6e38d2de4f1548e18c427d230dd4e0fa - - default default] GET http://cinder-api.openstack.svc.cluster.local:8776/v3/6e38d2de4f1548e18c427d230dd4e0fa/volumes/e5eb90d1-fb8d-4665-b3d9-75384e936709 /var/lib/openstack/lib/python3.12/site-packages/oslo_context/context.py:101: DeprecationWarning: Policy enforcement is depending on the value of is_admin. This key is deprecated. Please update your policy file to use the standard policy values. warnings.warn(
2026-06-09 18:03:38.136 8 INFO cinder.volume.api [None req-dc9d9137-f1c6-4b4f-97e6-4ca1b3c726a8 276d5429bf9b48f69686786fa60a79f0 6e38d2de4f1548e18c427d230dd4e0fa - - default default] Volume info retrieved successfully.
2026-06-09 18:03:38.144 8 INFO cinder.api.openstack.wsgi [None req-dc9d9137-f1c6-4b4f-97e6-4ca1b3c726a8 276d5429bf9b48f69686786fa60a79f0 6e38d2de4f1548e18c427d230dd4e0fa - - default default] http://cinder-api.openstack.svc.cluster.local:8776/v3/6e38d2de4f1548e18c427d230dd4e0fa/volumes/e5eb90d1-fb8d-4665-b3d9-75384e936709 returned with HTTP 200 [pid: 8|app: 0|req: 355/719] 10.0.0.184 () {32 vars in 775 bytes} [Tue Jun 9 18:03:38 2026] GET /v3/6e38d2de4f1548e18c427d230dd4e0fa/volumes/e5eb90d1-fb8d-4665-b3d9-75384e936709 => generated 933 bytes in 29 msecs (HTTP/1.1 200) 7 headers in 285 bytes (1 switches on core 0)
2026-06-09 18:03:38.320 7 INFO cinder.api.openstack.wsgi [None req-fe45006f-1426-45c4-a269-5fa9f5cf4b85 7273851d1c9a4515835c076687dd33a3 b0dfc71e512446aa90005cb0594b376d - - default default] http://cinder-api.openstack.svc.cluster.local:8776/v3/b0dfc71e512446aa90005cb0594b376d/scheduler-stats/get_pools?detail=true returned with HTTP 200 [pid: 7|app: 0|req: 365/720] 10.0.0.183 () {28 vars in 696 bytes} [Tue Jun 9 18:03:37 2026] GET /v3/b0dfc71e512446aa90005cb0594b376d/scheduler-stats/get_pools?detail=true => generated 670 bytes in 511 msecs (HTTP/1.1 200) 7 headers in 285 bytes (1 switches on core 0) /var/lib/openstack/lib/python3.12/site-packages/pycadf/identifier.py:70: UserWarning: Invalid uuid: cinderv3. To ensure interoperability, identifiers should be a valid uuid. warnings.warn(('Invalid uuid: %s. To ensure interoperability, '
2026-06-09 18:03:39.181 8 INFO cinder.api.openstack.wsgi [None req-8ee76cc7-e791-426e-a69d-d69d8d696cc5 276d5429bf9b48f69686786fa60a79f0 6e38d2de4f1548e18c427d230dd4e0fa - - default default] GET http://cinder-api.openstack.svc.cluster.local:8776/v3/6e38d2de4f1548e18c427d230dd4e0fa/volumes/e5eb90d1-fb8d-4665-b3d9-75384e936709 /var/lib/openstack/lib/python3.12/site-packages/oslo_context/context.py:101: DeprecationWarning: Policy enforcement is depending on the value of is_admin. This key is deprecated. Please update your policy file to use the standard policy values. warnings.warn(
2026-06-09 18:03:39.197 8 INFO cinder.volume.api [None req-8ee76cc7-e791-426e-a69d-d69d8d696cc5 276d5429bf9b48f69686786fa60a79f0 6e38d2de4f1548e18c427d230dd4e0fa - - default default] Volume info retrieved successfully.
2026-06-09 18:03:39.215 8 INFO cinder.api.openstack.wsgi [None req-8ee76cc7-e791-426e-a69d-d69d8d696cc5 276d5429bf9b48f69686786fa60a79f0 6e38d2de4f1548e18c427d230dd4e0fa - - default default] http://cinder-api.openstack.svc.cluster.local:8776/v3/6e38d2de4f1548e18c427d230dd4e0fa/volumes/e5eb90d1-fb8d-4665-b3d9-75384e936709 returned with HTTP 200 [pid: 8|app: 0|req: 356/721] 10.0.0.184 () {32 vars in 775 bytes} [Tue Jun 9 18:03:39 2026] GET /v3/6e38d2de4f1548e18c427d230dd4e0fa/volumes/e5eb90d1-fb8d-4665-b3d9-75384e936709 => generated 957 bytes in 43 msecs (HTTP/1.1 200) 7 headers in 285 bytes (1 switches on core 0)
2026-06-09 18:03:40.238 7 INFO cinder.api.openstack.wsgi [None req-35061abf-3fc3-42f3-8f14-aa0f60f3b53f 276d5429bf9b48f69686786fa60a79f0 6e38d2de4f1548e18c427d230dd4e0fa - - default default] GET http://cinder-api.openstack.svc.cluster.local:8776/v3/6e38d2de4f1548e18c427d230dd4e0fa/volumes/e5eb90d1-fb8d-4665-b3d9-75384e936709 /var/lib/openstack/lib/python3.12/site-packages/oslo_context/context.py:101: DeprecationWarning: Policy enforcement is depending on the value of is_admin. This key is deprecated. Please update your policy file to use the standard policy values. warnings.warn(
2026-06-09 18:03:40.321 7 INFO cinder.volume.api [None req-35061abf-3fc3-42f3-8f14-aa0f60f3b53f 276d5429bf9b48f69686786fa60a79f0 6e38d2de4f1548e18c427d230dd4e0fa - - default default] Volume info retrieved successfully.
2026-06-09 18:03:40.343 7 INFO cinder.api.openstack.wsgi [None req-35061abf-3fc3-42f3-8f14-aa0f60f3b53f 276d5429bf9b48f69686786fa60a79f0 6e38d2de4f1548e18c427d230dd4e0fa - - default default] http://cinder-api.openstack.svc.cluster.local:8776/v3/6e38d2de4f1548e18c427d230dd4e0fa/volumes/e5eb90d1-fb8d-4665-b3d9-75384e936709 returned with HTTP 200 [pid: 7|app: 0|req: 366/722] 10.0.0.184 () {32 vars in 775 bytes} [Tue Jun 9 18:03:40 2026] GET /v3/6e38d2de4f1548e18c427d230dd4e0fa/volumes/e5eb90d1-fb8d-4665-b3d9-75384e936709 => generated 957 bytes in 114 msecs (HTTP/1.1 200) 7 headers in 285 bytes (1 switches on core 0) /var/lib/openstack/lib/python3.12/site-packages/pycadf/identifier.py:70: UserWarning: Invalid uuid: cinderv3. To ensure interoperability, identifiers should be a valid uuid. warnings.warn(('Invalid uuid: %s. To ensure interoperability, '
2026-06-09 18:03:41.368 8 INFO cinder.api.openstack.wsgi [None req-1cdf6da3-da3c-4a33-afcd-feecab48e439 276d5429bf9b48f69686786fa60a79f0 6e38d2de4f1548e18c427d230dd4e0fa - - default default] GET http://cinder-api.openstack.svc.cluster.local:8776/v3/6e38d2de4f1548e18c427d230dd4e0fa/volumes/e5eb90d1-fb8d-4665-b3d9-75384e936709 /var/lib/openstack/lib/python3.12/site-packages/oslo_context/context.py:101: DeprecationWarning: Policy enforcement is depending on the value of is_admin. This key is deprecated. Please update your policy file to use the standard policy values. warnings.warn(
2026-06-09 18:03:41.387 8 INFO cinder.volume.api [None req-1cdf6da3-da3c-4a33-afcd-feecab48e439 276d5429bf9b48f69686786fa60a79f0 6e38d2de4f1548e18c427d230dd4e0fa - - default default] Volume info retrieved successfully.
2026-06-09 18:03:41.404 8 INFO cinder.api.openstack.wsgi [None req-1cdf6da3-da3c-4a33-afcd-feecab48e439 276d5429bf9b48f69686786fa60a79f0 6e38d2de4f1548e18c427d230dd4e0fa - - default default] http://cinder-api.openstack.svc.cluster.local:8776/v3/6e38d2de4f1548e18c427d230dd4e0fa/volumes/e5eb90d1-fb8d-4665-b3d9-75384e936709 returned with HTTP 200 [pid: 8|app: 0|req: 357/723] 10.0.0.184 () {32 vars in 775 bytes} [Tue Jun 9 18:03:41 2026] GET /v3/6e38d2de4f1548e18c427d230dd4e0fa/volumes/e5eb90d1-fb8d-4665-b3d9-75384e936709 => generated 1483 bytes in 48 msecs (HTTP/1.1 200) 7 headers in 286 bytes (1 switches on core 0) /var/lib/openstack/lib/python3.12/site-packages/pycadf/identifier.py:70: UserWarning: Invalid uuid: cinderv3. To ensure interoperability, identifiers should be a valid uuid. warnings.warn(('Invalid uuid: %s. To ensure interoperability, '
2026-06-09 18:03:41.524 7 INFO cinder.api.openstack.wsgi [req-8189ba7f-ae46-4cd3-9e97-e4d10cee815d req-cabd31ac-c4a2-4e4b-800f-d7e228cf7d36 276d5429bf9b48f69686786fa60a79f0 6e38d2de4f1548e18c427d230dd4e0fa - - default default] GET http://cinder-api.openstack.svc.cluster.local:8776/v3/6e38d2de4f1548e18c427d230dd4e0fa/volumes/e5eb90d1-fb8d-4665-b3d9-75384e936709 /var/lib/openstack/lib/python3.12/site-packages/oslo_context/context.py:101: DeprecationWarning: Policy enforcement is depending on the value of is_admin. This key is deprecated. Please update your policy file to use the standard policy values. warnings.warn(
2026-06-09 18:03:41.542 7 INFO cinder.volume.api [req-8189ba7f-ae46-4cd3-9e97-e4d10cee815d req-cabd31ac-c4a2-4e4b-800f-d7e228cf7d36 276d5429bf9b48f69686786fa60a79f0 6e38d2de4f1548e18c427d230dd4e0fa - - default default] Volume info retrieved successfully.
2026-06-09 18:03:41.553 7 INFO cinder.api.openstack.wsgi [req-8189ba7f-ae46-4cd3-9e97-e4d10cee815d req-cabd31ac-c4a2-4e4b-800f-d7e228cf7d36 276d5429bf9b48f69686786fa60a79f0 6e38d2de4f1548e18c427d230dd4e0fa - - default default] http://cinder-api.openstack.svc.cluster.local:8776/v3/6e38d2de4f1548e18c427d230dd4e0fa/volumes/e5eb90d1-fb8d-4665-b3d9-75384e936709 returned with HTTP 200 [pid: 7|app: 0|req: 367/724] 10.0.0.35 () {34 vars in 1027 bytes} [Tue Jun 9 18:03:41 2026] GET /v3/6e38d2de4f1548e18c427d230dd4e0fa/volumes/e5eb90d1-fb8d-4665-b3d9-75384e936709 => generated 1483 bytes in 39 msecs (HTTP/1.1 200) 7 headers in 286 bytes (1 switches on core 0) /var/lib/openstack/lib/python3.12/site-packages/pycadf/identifier.py:70: UserWarning: Invalid uuid: cinderv3. To ensure interoperability, identifiers should be a valid uuid. warnings.warn(('Invalid uuid: %s. To ensure interoperability, '
2026-06-09 18:03:42.077 8 INFO cinder.api.openstack.wsgi [req-8189ba7f-ae46-4cd3-9e97-e4d10cee815d req-6829b83f-4d8c-437e-bbbb-65eb81983fb2 276d5429bf9b48f69686786fa60a79f0 6e38d2de4f1548e18c427d230dd4e0fa - - default default] GET http://cinder-api.openstack.svc.cluster.local:8776/v3/6e38d2de4f1548e18c427d230dd4e0fa/volumes/e5eb90d1-fb8d-4665-b3d9-75384e936709 /var/lib/openstack/lib/python3.12/site-packages/oslo_context/context.py:101: DeprecationWarning: Policy enforcement is depending on the value of is_admin. This key is deprecated. Please update your policy file to use the standard policy values. warnings.warn(
2026-06-09 18:03:42.103 8 INFO cinder.volume.api [req-8189ba7f-ae46-4cd3-9e97-e4d10cee815d req-6829b83f-4d8c-437e-bbbb-65eb81983fb2 276d5429bf9b48f69686786fa60a79f0 6e38d2de4f1548e18c427d230dd4e0fa - - default default] Volume info retrieved successfully.
2026-06-09 18:03:42.109 8 INFO cinder.api.openstack.wsgi [req-8189ba7f-ae46-4cd3-9e97-e4d10cee815d req-6829b83f-4d8c-437e-bbbb-65eb81983fb2 276d5429bf9b48f69686786fa60a79f0 6e38d2de4f1548e18c427d230dd4e0fa - - default default] http://cinder-api.openstack.svc.cluster.local:8776/v3/6e38d2de4f1548e18c427d230dd4e0fa/volumes/e5eb90d1-fb8d-4665-b3d9-75384e936709 returned with HTTP 200 [pid: 8|app: 0|req: 358/725] 10.0.0.35 () {34 vars in 1027 bytes} [Tue Jun 9 18:03:42 2026] GET /v3/6e38d2de4f1548e18c427d230dd4e0fa/volumes/e5eb90d1-fb8d-4665-b3d9-75384e936709 => generated 1483 bytes in 39 msecs (HTTP/1.1 200) 7 headers in 286 bytes (1 switches on core 0)
2026-06-09 18:03:42.123 7 INFO cinder.api.openstack.wsgi [req-8189ba7f-ae46-4cd3-9e97-e4d10cee815d req-cabd31ac-c4a2-4e4b-800f-d7e228cf7d36 276d5429bf9b48f69686786fa60a79f0 6e38d2de4f1548e18c427d230dd4e0fa - - default default] GET http://cinder-api.openstack.svc.cluster.local:8776/
2026-06-09 18:03:42.124 7 INFO cinder.api.openstack.wsgi [req-8189ba7f-ae46-4cd3-9e97-e4d10cee815d req-cabd31ac-c4a2-4e4b-800f-d7e228cf7d36 276d5429bf9b48f69686786fa60a79f0 6e38d2de4f1548e18c427d230dd4e0fa - - default default] http://cinder-api.openstack.svc.cluster.local:8776/ returned with HTTP 300 [pid: 7|app: 0|req: 368/726] 10.0.0.35 () {32 vars in 828 bytes} [Tue Jun 9 18:03:42 2026] GET / => generated 411 bytes in 2 msecs (HTTP/1.1 300) 5 headers in 169 bytes (1 switches on core 0) /var/lib/openstack/lib/python3.12/site-packages/pycadf/identifier.py:70: UserWarning: Invalid uuid: cinderv3. To ensure interoperability, identifiers should be a valid uuid. warnings.warn(('Invalid uuid: %s. To ensure interoperability, '
2026-06-09 18:03:42.143 8 INFO cinder.api.openstack.wsgi [req-8189ba7f-ae46-4cd3-9e97-e4d10cee815d req-8aedeac4-a153-4464-9bfd-378e66de2e72 276d5429bf9b48f69686786fa60a79f0 6e38d2de4f1548e18c427d230dd4e0fa - - default default] POST http://cinder-api.openstack.svc.cluster.local:8776/v3/6e38d2de4f1548e18c427d230dd4e0fa/attachments /var/lib/openstack/lib/python3.12/site-packages/oslo_context/context.py:101: DeprecationWarning: Policy enforcement is depending on the value of is_admin. This key is deprecated. Please update your policy file to use the standard policy values. warnings.warn(
2026-06-09 18:03:42.234 8 INFO cinder.api.openstack.wsgi [req-8189ba7f-ae46-4cd3-9e97-e4d10cee815d req-8aedeac4-a153-4464-9bfd-378e66de2e72 276d5429bf9b48f69686786fa60a79f0 6e38d2de4f1548e18c427d230dd4e0fa - - default default] http://cinder-api.openstack.svc.cluster.local:8776/v3/6e38d2de4f1548e18c427d230dd4e0fa/attachments returned with HTTP 200 [pid: 8|app: 0|req: 359/727] 10.0.0.35 () {40 vars in 1056 bytes} [Tue Jun 9 18:03:42 2026] POST /v3/6e38d2de4f1548e18c427d230dd4e0fa/attachments => generated 273 bytes in 101 msecs (HTTP/1.1 200) 7 headers in 286 bytes (1 switches on core 0)
2026-06-09 18:03:46.840 8 INFO cinder.api.openstack.wsgi [req-8189ba7f-ae46-4cd3-9e97-e4d10cee815d req-8aedeac4-a153-4464-9bfd-378e66de2e72 276d5429bf9b48f69686786fa60a79f0 6e38d2de4f1548e18c427d230dd4e0fa - - default default] GET http://10.0.0.190:8776/
2026-06-09 18:03:46.841 8 INFO cinder.api.openstack.wsgi [req-8189ba7f-ae46-4cd3-9e97-e4d10cee815d req-8aedeac4-a153-4464-9bfd-378e66de2e72 276d5429bf9b48f69686786fa60a79f0 6e38d2de4f1548e18c427d230dd4e0fa - - default default] http://10.0.0.190:8776/ returned with HTTP 300
2026-06-09 18:03:46.843 7 INFO cinder.api.openstack.wsgi [req-8189ba7f-ae46-4cd3-9e97-e4d10cee815d req-cabd31ac-c4a2-4e4b-800f-d7e228cf7d36 276d5429bf9b48f69686786fa60a79f0 6e38d2de4f1548e18c427d230dd4e0fa - - default default] GET http://10.0.0.190:8776/
2026-06-09 18:03:46.844 7 INFO cinder.api.openstack.wsgi [req-8189ba7f-ae46-4cd3-9e97-e4d10cee815d req-cabd31ac-c4a2-4e4b-800f-d7e228cf7d36 276d5429bf9b48f69686786fa60a79f0 6e38d2de4f1548e18c427d230dd4e0fa - - default default] http://10.0.0.190:8776/ returned with HTTP 300
2026-06-09 18:03:48.257 8 INFO cinder.api.openstack.wsgi [req-8189ba7f-ae46-4cd3-9e97-e4d10cee815d req-8aedeac4-a153-4464-9bfd-378e66de2e72 276d5429bf9b48f69686786fa60a79f0 6e38d2de4f1548e18c427d230dd4e0fa - - default default] GET http://cinder-api.openstack.svc.cluster.local:8776/
2026-06-09 18:03:48.259 8 INFO cinder.api.openstack.wsgi [req-8189ba7f-ae46-4cd3-9e97-e4d10cee815d req-8aedeac4-a153-4464-9bfd-378e66de2e72 276d5429bf9b48f69686786fa60a79f0 6e38d2de4f1548e18c427d230dd4e0fa - - default default] http://cinder-api.openstack.svc.cluster.local:8776/ returned with HTTP 300 [pid: 8|app: 0|req: 361/730] 199.204.45.95 () {32 vars in 839 bytes} [Tue Jun 9 18:03:48 2026] GET / => generated 411 bytes in 3 msecs (HTTP/1.1 300) 5 headers in 169 bytes (1 switches on core 0) /var/lib/openstack/lib/python3.12/site-packages/pycadf/identifier.py:70: UserWarning: Invalid uuid: cinderv3. To ensure interoperability, identifiers should be a valid uuid. warnings.warn(('Invalid uuid: %s. To ensure interoperability, '
2026-06-09 18:03:48.331 7 INFO cinder.api.openstack.wsgi [req-8189ba7f-ae46-4cd3-9e97-e4d10cee815d req-bca2a939-7814-4e3f-9aaf-0d9e5044eea1 276d5429bf9b48f69686786fa60a79f0 6e38d2de4f1548e18c427d230dd4e0fa - - default default] GET http://cinder-api.openstack.svc.cluster.local:8776/v3/6e38d2de4f1548e18c427d230dd4e0fa/volumes/e5eb90d1-fb8d-4665-b3d9-75384e936709 /var/lib/openstack/lib/python3.12/site-packages/oslo_context/context.py:101: DeprecationWarning: Policy enforcement is depending on the value of is_admin. This key is deprecated. Please update your policy file to use the standard policy values. warnings.warn(
2026-06-09 18:03:48.360 7 INFO cinder.volume.api [req-8189ba7f-ae46-4cd3-9e97-e4d10cee815d req-bca2a939-7814-4e3f-9aaf-0d9e5044eea1 276d5429bf9b48f69686786fa60a79f0 6e38d2de4f1548e18c427d230dd4e0fa - - default default] Volume info retrieved successfully.
2026-06-09 18:03:48.376 7 INFO cinder.api.openstack.wsgi [req-8189ba7f-ae46-4cd3-9e97-e4d10cee815d req-bca2a939-7814-4e3f-9aaf-0d9e5044eea1 276d5429bf9b48f69686786fa60a79f0 6e38d2de4f1548e18c427d230dd4e0fa - - default default] http://cinder-api.openstack.svc.cluster.local:8776/v3/6e38d2de4f1548e18c427d230dd4e0fa/volumes/e5eb90d1-fb8d-4665-b3d9-75384e936709 returned with HTTP 200 [pid: 7|app: 0|req: 370/731] 199.204.45.95 () {36 vars in 1072 bytes} [Tue Jun 9 18:03:48 2026] GET /v3/6e38d2de4f1548e18c427d230dd4e0fa/volumes/e5eb90d1-fb8d-4665-b3d9-75384e936709 => generated 1663 bytes in 53 msecs (HTTP/1.1 200) 7 headers in 287 bytes (1 switches on core 0) /var/lib/openstack/lib/python3.12/site-packages/pycadf/identifier.py:70: UserWarning: Invalid uuid: cinderv3. To ensure interoperability, identifiers should be a valid uuid. warnings.warn(('Invalid uuid: %s. To ensure interoperability, '
2026-06-09 18:03:50.449 8 INFO cinder.api.openstack.wsgi [req-8189ba7f-ae46-4cd3-9e97-e4d10cee815d req-a96ee29a-a7fa-4678-a2d6-e8b6ac11b862 276d5429bf9b48f69686786fa60a79f0 6e38d2de4f1548e18c427d230dd4e0fa - - default default] PUT http://cinder-api.openstack.svc.cluster.local:8776/v3/6e38d2de4f1548e18c427d230dd4e0fa/attachments/8201f0ec-f619-4c5f-8e83-1650bb81590f /var/lib/openstack/lib/python3.12/site-packages/oslo_context/context.py:101: DeprecationWarning: Policy enforcement is depending on the value of is_admin. This key is deprecated. Please update your policy file to use the standard policy values. warnings.warn(
2026-06-09 18:03:51.520 8 INFO cinder.api.openstack.wsgi [req-8189ba7f-ae46-4cd3-9e97-e4d10cee815d req-a96ee29a-a7fa-4678-a2d6-e8b6ac11b862 276d5429bf9b48f69686786fa60a79f0 6e38d2de4f1548e18c427d230dd4e0fa - - default default] http://cinder-api.openstack.svc.cluster.local:8776/v3/6e38d2de4f1548e18c427d230dd4e0fa/attachments/8201f0ec-f619-4c5f-8e83-1650bb81590f returned with HTTP 200 [pid: 8|app: 0|req: 362/732] 199.204.45.95 () {40 vars in 1134 bytes} [Tue Jun 9 18:03:50 2026] PUT /v3/6e38d2de4f1548e18c427d230dd4e0fa/attachments/8201f0ec-f619-4c5f-8e83-1650bb81590f => generated 802 bytes in 1084 msecs (HTTP/1.1 200) 7 headers in 286 bytes (1 switches on core 0) /var/lib/openstack/lib/python3.12/site-packages/pycadf/identifier.py:70: UserWarning: Invalid uuid: cinderv3. To ensure interoperability, identifiers should be a valid uuid. warnings.warn(('Invalid uuid: %s. To ensure interoperability, '
2026-06-09 18:03:52.046 7 INFO cinder.api.openstack.wsgi [req-8189ba7f-ae46-4cd3-9e97-e4d10cee815d req-d3be23b3-928f-415a-a9b9-c50ce9813e14 276d5429bf9b48f69686786fa60a79f0 6e38d2de4f1548e18c427d230dd4e0fa - - default default] POST http://cinder-api.openstack.svc.cluster.local:8776/v3/6e38d2de4f1548e18c427d230dd4e0fa/attachments/8201f0ec-f619-4c5f-8e83-1650bb81590f/action /var/lib/openstack/lib/python3.12/site-packages/oslo_context/context.py:101: DeprecationWarning: Policy enforcement is depending on the value of is_admin. This key is deprecated. Please update your policy file to use the standard policy values. warnings.warn(
2026-06-09 18:03:52.092 7 INFO cinder.api.openstack.wsgi [req-8189ba7f-ae46-4cd3-9e97-e4d10cee815d req-d3be23b3-928f-415a-a9b9-c50ce9813e14 276d5429bf9b48f69686786fa60a79f0 6e38d2de4f1548e18c427d230dd4e0fa - - default default] http://cinder-api.openstack.svc.cluster.local:8776/v3/6e38d2de4f1548e18c427d230dd4e0fa/attachments/8201f0ec-f619-4c5f-8e83-1650bb81590f/action returned with HTTP 204 [pid: 7|app: 0|req: 371/733] 199.204.45.95 () {40 vars in 1147 bytes} [Tue Jun 9 18:03:52 2026] POST /v3/6e38d2de4f1548e18c427d230dd4e0fa/attachments/8201f0ec-f619-4c5f-8e83-1650bb81590f/action => generated 0 bytes in 60 msecs (HTTP/1.1 204) 7 headers in 292 bytes (1 switches on core 0)
2026-06-09 18:03:56.839 7 INFO cinder.api.openstack.wsgi [req-8189ba7f-ae46-4cd3-9e97-e4d10cee815d req-d3be23b3-928f-415a-a9b9-c50ce9813e14 276d5429bf9b48f69686786fa60a79f0 6e38d2de4f1548e18c427d230dd4e0fa - - default default] GET http://10.0.0.190:8776/
2026-06-09 18:03:56.839 8 INFO cinder.api.openstack.wsgi [req-8189ba7f-ae46-4cd3-9e97-e4d10cee815d req-a96ee29a-a7fa-4678-a2d6-e8b6ac11b862 276d5429bf9b48f69686786fa60a79f0 6e38d2de4f1548e18c427d230dd4e0fa - - default default] GET http://10.0.0.190:8776/
2026-06-09 18:03:56.840 8 INFO cinder.api.openstack.wsgi [req-8189ba7f-ae46-4cd3-9e97-e4d10cee815d req-a96ee29a-a7fa-4678-a2d6-e8b6ac11b862 276d5429bf9b48f69686786fa60a79f0 6e38d2de4f1548e18c427d230dd4e0fa - - default default] http://10.0.0.190:8776/ returned with HTTP 300
2026-06-09 18:03:56.840 7 INFO cinder.api.openstack.wsgi [req-8189ba7f-ae46-4cd3-9e97-e4d10cee815d req-d3be23b3-928f-415a-a9b9-c50ce9813e14 276d5429bf9b48f69686786fa60a79f0 6e38d2de4f1548e18c427d230dd4e0fa - - default default] http://10.0.0.190:8776/ returned with HTTP 300 /var/lib/openstack/lib/python3.12/site-packages/pycadf/identifier.py:70: UserWarning: Invalid uuid: cinderv3. To ensure interoperability, identifiers should be a valid uuid. warnings.warn(('Invalid uuid: %s. To ensure interoperability, '
2026-06-09 18:04:04.761 8 INFO cinder.api.openstack.wsgi [req-dadadb58-75f9-4f95-afd7-2f7dfcc50751 req-626ade48-3911-4796-aa71-957328d30dcc 276d5429bf9b48f69686786fa60a79f0 6e38d2de4f1548e18c427d230dd4e0fa - - default default] DELETE http://cinder-api.openstack.svc.cluster.local:8776/v3/6e38d2de4f1548e18c427d230dd4e0fa/attachments/8201f0ec-f619-4c5f-8e83-1650bb81590f /var/lib/openstack/lib/python3.12/site-packages/oslo_context/context.py:101: DeprecationWarning: Policy enforcement is depending on the value of is_admin. This key is deprecated. Please update your policy file to use the standard policy values. warnings.warn(
2026-06-09 18:04:05.344 8 INFO cinder.api.openstack.wsgi [req-dadadb58-75f9-4f95-afd7-2f7dfcc50751 req-626ade48-3911-4796-aa71-957328d30dcc 276d5429bf9b48f69686786fa60a79f0 6e38d2de4f1548e18c427d230dd4e0fa - - default default] http://cinder-api.openstack.svc.cluster.local:8776/v3/6e38d2de4f1548e18c427d230dd4e0fa/attachments/8201f0ec-f619-4c5f-8e83-1650bb81590f returned with HTTP 200 [pid: 8|app: 0|req: 364/736] 199.204.45.95 () {38 vars in 1102 bytes} [Tue Jun 9 18:04:04 2026] DELETE /v3/6e38d2de4f1548e18c427d230dd4e0fa/attachments/8201f0ec-f619-4c5f-8e83-1650bb81590f => generated 19 bytes in 592 msecs (HTTP/1.1 200) 7 headers in 285 bytes (1 switches on core 0) /var/lib/openstack/lib/python3.12/site-packages/pycadf/identifier.py:70: UserWarning: Invalid uuid: cinderv3. To ensure interoperability, identifiers should be a valid uuid. warnings.warn(('Invalid uuid: %s. To ensure interoperability, '
2026-06-09 18:04:05.362 7 INFO cinder.api.openstack.wsgi [req-dadadb58-75f9-4f95-afd7-2f7dfcc50751 req-64b2c89d-d37c-4647-99fb-3879a11c0498 276d5429bf9b48f69686786fa60a79f0 6e38d2de4f1548e18c427d230dd4e0fa - - default default] DELETE http://cinder-api.openstack.svc.cluster.local:8776/v3/6e38d2de4f1548e18c427d230dd4e0fa/volumes/e5eb90d1-fb8d-4665-b3d9-75384e936709
2026-06-09 18:04:05.363 7 INFO cinder.api.v3.volumes [req-dadadb58-75f9-4f95-afd7-2f7dfcc50751 req-64b2c89d-d37c-4647-99fb-3879a11c0498 276d5429bf9b48f69686786fa60a79f0 6e38d2de4f1548e18c427d230dd4e0fa - - default default] Delete volume with id: e5eb90d1-fb8d-4665-b3d9-75384e936709 /var/lib/openstack/lib/python3.12/site-packages/oslo_context/context.py:101: DeprecationWarning: Policy enforcement is depending on the value of is_admin. This key is deprecated. Please update your policy file to use the standard policy values. warnings.warn(
2026-06-09 18:04:05.376 7 INFO cinder.volume.api [req-dadadb58-75f9-4f95-afd7-2f7dfcc50751 req-64b2c89d-d37c-4647-99fb-3879a11c0498 276d5429bf9b48f69686786fa60a79f0 6e38d2de4f1548e18c427d230dd4e0fa - - default default] Volume info retrieved successfully.
2026-06-09 18:04:05.418 7 INFO cinder.volume.api [req-dadadb58-75f9-4f95-afd7-2f7dfcc50751 req-64b2c89d-d37c-4647-99fb-3879a11c0498 276d5429bf9b48f69686786fa60a79f0 6e38d2de4f1548e18c427d230dd4e0fa - - default default] Delete volume request issued successfully.
2026-06-09 18:04:05.419 7 INFO cinder.api.openstack.wsgi [req-dadadb58-75f9-4f95-afd7-2f7dfcc50751 req-64b2c89d-d37c-4647-99fb-3879a11c0498 276d5429bf9b48f69686786fa60a79f0 6e38d2de4f1548e18c427d230dd4e0fa - - default default] http://cinder-api.openstack.svc.cluster.local:8776/v3/6e38d2de4f1548e18c427d230dd4e0fa/volumes/e5eb90d1-fb8d-4665-b3d9-75384e936709 returned with HTTP 202 [pid: 7|app: 0|req: 373/737] 199.204.45.95 () {36 vars in 1053 bytes} [Tue Jun 9 18:04:05 2026] DELETE /v3/6e38d2de4f1548e18c427d230dd4e0fa/volumes/e5eb90d1-fb8d-4665-b3d9-75384e936709 => generated 0 bytes in 64 msecs (HTTP/1.1 202) 6 headers in 233 bytes (1 switches on core 0)
2026-06-09 18:04:06.839 8 INFO cinder.api.openstack.wsgi [req-dadadb58-75f9-4f95-afd7-2f7dfcc50751 req-626ade48-3911-4796-aa71-957328d30dcc 276d5429bf9b48f69686786fa60a79f0 6e38d2de4f1548e18c427d230dd4e0fa - - default default] GET http://10.0.0.190:8776/
2026-06-09 18:04:06.840 7 INFO cinder.api.openstack.wsgi [req-dadadb58-75f9-4f95-afd7-2f7dfcc50751 req-64b2c89d-d37c-4647-99fb-3879a11c0498 276d5429bf9b48f69686786fa60a79f0 6e38d2de4f1548e18c427d230dd4e0fa - - default default] GET http://10.0.0.190:8776/
2026-06-09 18:04:06.840 8 INFO cinder.api.openstack.wsgi [req-dadadb58-75f9-4f95-afd7-2f7dfcc50751 req-626ade48-3911-4796-aa71-957328d30dcc 276d5429bf9b48f69686786fa60a79f0 6e38d2de4f1548e18c427d230dd4e0fa - - default default] http://10.0.0.190:8776/ returned with HTTP 300
2026-06-09 18:04:06.840 7 INFO cinder.api.openstack.wsgi [req-dadadb58-75f9-4f95-afd7-2f7dfcc50751 req-64b2c89d-d37c-4647-99fb-3879a11c0498 276d5429bf9b48f69686786fa60a79f0 6e38d2de4f1548e18c427d230dd4e0fa - - default default] http://10.0.0.190:8776/ returned with HTTP 300
2026-06-09 18:04:16.839 8 INFO cinder.api.openstack.wsgi [req-dadadb58-75f9-4f95-afd7-2f7dfcc50751 req-626ade48-3911-4796-aa71-957328d30dcc 276d5429bf9b48f69686786fa60a79f0 6e38d2de4f1548e18c427d230dd4e0fa - - default default] GET http://10.0.0.190:8776/
