May 01 02:46:29.464907 np0000171445 nova-scheduler[109749]: DEBUG cotyledon.oslo_config_glue [-] vnc.server_listen = 127.0.0.1 {{(pid=109749) log_opt_values /opt/stack/data/venv/lib/python3.12/site-packages/oslo_config/cfg.py:3006}}
May 01 02:46:29.464907 np0000171445 nova-scheduler[109749]: DEBUG cotyledon.oslo_config_glue [-] vnc.server_proxyclient_address = 127.0.0.1 {{(pid=109749) log_opt_values /opt/stack/data/venv/lib/python3.12/site-packages/oslo_config/cfg.py:3006}}
May 01 02:46:29.464907 np0000171445 nova-scheduler[109749]: DEBUG cotyledon.oslo_config_glue [-] vnc.vencrypt_ca_certs = None {{(pid=109749) log_opt_values /opt/stack/data/venv/lib/python3.12/site-packages/oslo_config/cfg.py:3006}}
May 01 02:46:29.464907 np0000171445 nova-scheduler[109749]: DEBUG cotyledon.oslo_config_glue [-] vnc.vencrypt_client_cert = None {{(pid=109749) log_opt_values /opt/stack/data/venv/lib/python3.12/site-packages/oslo_config/cfg.py:3006}}
May 01 02:46:29.464907 np0000171445 nova-scheduler[109749]: DEBUG cotyledon.oslo_config_glue [-] vnc.vencrypt_client_key = None {{(pid=109749) log_opt_values /opt/stack/data/venv/lib/python3.12/site-packages/oslo_config/cfg.py:3006}}
May 01 02:46:29.464907 np0000171445 nova-scheduler[109749]: DEBUG cotyledon.oslo_config_glue [-] workarounds.disable_compute_service_check_for_ffu = False {{(pid=109749) log_opt_values /opt/stack/data/venv/lib/python3.12/site-packages/oslo_config/cfg.py:3006}}
May 01 02:46:29.464907 np0000171445 nova-scheduler[109749]: DEBUG cotyledon.oslo_config_glue [-] workarounds.disable_deep_image_inspection = False {{(pid=109749) log_opt_values /opt/stack/data/venv/lib/python3.12/site-packages/oslo_config/cfg.py:3006}}
May 01 02:46:29.464907 np0000171445 nova-scheduler[109749]: DEBUG cotyledon.oslo_config_glue [-] workarounds.disable_fallback_pcpu_query = False {{(pid=109749) log_opt_values /opt/stack/data/venv/lib/python3.12/site-packages/oslo_config/cfg.py:3006}}
May 01 02:46:29.464907 np0000171445 nova-scheduler[109749]: DEBUG cotyledon.oslo_config_glue [-] workarounds.disable_group_policy_check_upcall = False {{(pid=109749) log_opt_values /opt/stack/data/venv/lib/python3.12/site-packages/oslo_config/cfg.py:3006}}
May 01 02:46:29.465159 np0000171445 nova-scheduler[109749]: DEBUG cotyledon.oslo_config_glue [-] workarounds.disable_libvirt_livesnapshot = False {{(pid=109749) log_opt_values /opt/stack/data/venv/lib/python3.12/site-packages/oslo_config/cfg.py:3006}}
May 01 02:46:29.465159 np0000171445 nova-scheduler[109749]: DEBUG cotyledon.oslo_config_glue [-] workarounds.disable_rootwrap = False {{(pid=109749) log_opt_values /opt/stack/data/venv/lib/python3.12/site-packages/oslo_config/cfg.py:3006}}
May 01 02:46:29.465159 np0000171445 nova-scheduler[109749]: DEBUG cotyledon.oslo_config_glue [-] workarounds.enable_numa_live_migration = False {{(pid=109749) log_opt_values /opt/stack/data/venv/lib/python3.12/site-packages/oslo_config/cfg.py:3006}}
May 01 02:46:29.465159 np0000171445 nova-scheduler[109749]: DEBUG cotyledon.oslo_config_glue [-] workarounds.enable_qemu_monitor_announce_self = False {{(pid=109749) log_opt_values /opt/stack/data/venv/lib/python3.12/site-packages/oslo_config/cfg.py:3006}}
May 01 02:46:29.465159 np0000171445 nova-scheduler[109749]: DEBUG cotyledon.oslo_config_glue [-] workarounds.ensure_libvirt_rbd_instance_dir_cleanup = False {{(pid=109749) log_opt_values /opt/stack/data/venv/lib/python3.12/site-packages/oslo_config/cfg.py:3006}}
May 01 02:46:29.465159 np0000171445 nova-scheduler[109749]: DEBUG cotyledon.oslo_config_glue [-] workarounds.handle_virt_lifecycle_events = True {{(pid=109749) log_opt_values /opt/stack/data/venv/lib/python3.12/site-packages/oslo_config/cfg.py:3006}}
May 01 02:46:29.465159 np0000171445 nova-scheduler[109749]: DEBUG cotyledon.oslo_config_glue [-] workarounds.libvirt_disable_apic = False {{(pid=109749) log_opt_values /opt/stack/data/venv/lib/python3.12/site-packages/oslo_config/cfg.py:3006}}
May 01 02:46:29.465159 np0000171445 nova-scheduler[109749]: DEBUG cotyledon.oslo_config_glue [-] workarounds.never_download_image_if_on_rbd = False {{(pid=109749) log_opt_values /opt/stack/data/venv/lib/python3.12/site-packages/oslo_config/cfg.py:3006}}
May 01 02:46:29.465159 np0000171445 nova-scheduler[109749]: DEBUG cotyledon.oslo_config_glue [-] workarounds.qemu_monitor_announce_self_count = 3 {{(pid=109749) log_opt_values /opt/stack/data/venv/lib/python3.12/site-packages/oslo_config/cfg.py:3006}}
May 01 02:46:29.465434 np0000171445 nova-scheduler[109749]: DEBUG cotyledon.oslo_config_glue [-] workarounds.qemu_monitor_announce_self_interval = 1 {{(pid=109749) log_opt_values /opt/stack/data/venv/lib/python3.12/site-packages/oslo_config/cfg.py:3006}}
May 01 02:46:29.465434 np0000171445 nova-scheduler[109749]: DEBUG cotyledon.oslo_config_glue [-] workarounds.reserve_disk_resource_for_image_cache = False {{(pid=109749) log_opt_values /opt/stack/data/venv/lib/python3.12/site-packages/oslo_config/cfg.py:3006}}
May 01 02:46:29.465434 np0000171445 nova-scheduler[109749]: DEBUG cotyledon.oslo_config_glue [-] workarounds.skip_cpu_compare_at_startup = False {{(pid=109749) log_opt_values /opt/stack/data/venv/lib/python3.12/site-packages/oslo_config/cfg.py:3006}}
May 01 02:46:29.465434 np0000171445 nova-scheduler[109749]: DEBUG cotyledon.oslo_config_glue [-] workarounds.skip_cpu_compare_on_dest = False {{(pid=109749) log_opt_values /opt/stack/data/venv/lib/python3.12/site-packages/oslo_config/cfg.py:3006}}
May 01 02:46:29.465434 np0000171445 nova-scheduler[109749]: DEBUG cotyledon.oslo_config_glue [-] workarounds.skip_hypervisor_version_check_on_lm = False {{(pid=109749) log_opt_values /opt/stack/data/venv/lib/python3.12/site-packages/oslo_config/cfg.py:3006}}
May 01 02:46:29.465434 np0000171445 nova-scheduler[109749]: DEBUG cotyledon.oslo_config_glue [-] workarounds.skip_reserve_in_use_ironic_nodes = False {{(pid=109749) log_opt_values /opt/stack/data/venv/lib/python3.12/site-packages/oslo_config/cfg.py:3006}}
May 01 02:46:29.465434 np0000171445 nova-scheduler[109749]: DEBUG cotyledon.oslo_config_glue [-] workarounds.unified_limits_count_pcpu_as_vcpu = False {{(pid=109749) log_opt_values /opt/stack/data/venv/lib/python3.12/site-packages/oslo_config/cfg.py:3006}}
May 01 02:46:29.465434 np0000171445 nova-scheduler[109749]: DEBUG cotyledon.oslo_config_glue [-] workarounds.wait_for_vif_plugged_event_during_hard_reboot = [] {{(pid=109749) log_opt_values /opt/stack/data/venv/lib/python3.12/site-packages/oslo_config/cfg.py:3006}}
May 01 02:46:29.465627 np0000171445 nova-scheduler[109749]: DEBUG cotyledon.oslo_config_glue [-] wsgi.api_paste_config = /etc/nova/api-paste.ini {{(pid=109749) log_opt_values /opt/stack/data/venv/lib/python3.12/site-packages/oslo_config/cfg.py:3006}}
May 01 02:46:29.465627 np0000171445 nova-scheduler[109749]: DEBUG cotyledon.oslo_config_glue [-] wsgi.secure_proxy_ssl_header = None {{(pid=109749) log_opt_values /opt/stack/data/venv/lib/python3.12/site-packages/oslo_config/cfg.py:3006}}
May 01 02:46:29.465627 np0000171445 nova-scheduler[109749]: DEBUG cotyledon.oslo_config_glue [-] zvm.ca_file = None {{(pid=109749) log_opt_values /opt/stack/data/venv/lib/python3.12/site-packages/oslo_config/cfg.py:3006}}
May 01 02:46:29.465627 np0000171445 nova-scheduler[109749]: DEBUG cotyledon.oslo_config_glue [-] zvm.cloud_connector_url = None {{(pid=109749) log_opt_values /opt/stack/data/venv/lib/python3.12/site-packages/oslo_config/cfg.py:3006}}
May 01 02:46:29.465627 np0000171445 nova-scheduler[109749]: DEBUG cotyledon.oslo_config_glue [-] zvm.image_tmp_path = /opt/stack/data/nova/images {{(pid=109749) log_opt_values /opt/stack/data/venv/lib/python3.12/site-packages/oslo_config/cfg.py:3006}}
May 01 02:46:29.465627 np0000171445 nova-scheduler[109749]: DEBUG cotyledon.oslo_config_glue [-] zvm.reachable_timeout = 300 {{(pid=109749) log_opt_values /opt/stack/data/venv/lib/python3.12/site-packages/oslo_config/cfg.py:3006}}
May 01 02:46:29.465627 np0000171445 nova-scheduler[109749]: DEBUG cotyledon.oslo_config_glue [-] oslo_versionedobjects.fatal_exception_format_errors = False {{(pid=109749) log_opt_values /opt/stack/data/venv/lib/python3.12/site-packages/oslo_config/cfg.py:3006}}
May 01 02:46:29.465627 np0000171445 nova-scheduler[109749]: DEBUG cotyledon.oslo_config_glue [-] oslo_middleware.http_basic_auth_user_file = /etc/htpasswd {{(pid=109749) log_opt_values /opt/stack/data/venv/lib/python3.12/site-packages/oslo_config/cfg.py:3006}}
May 01 02:46:29.465627 np0000171445 nova-scheduler[109749]: DEBUG cotyledon.oslo_config_glue [-] oslo_messaging_metrics.metrics_buffer_size = 1000 {{(pid=109749) log_opt_values /opt/stack/data/venv/lib/python3.12/site-packages/oslo_config/cfg.py:3006}}
May 01 02:46:29.465847 np0000171445 nova-scheduler[109749]: DEBUG cotyledon.oslo_config_glue [-] oslo_messaging_metrics.metrics_enabled = False {{(pid=109749) log_opt_values /opt/stack/data/venv/lib/python3.12/site-packages/oslo_config/cfg.py:3006}}
May 01 02:46:29.465847 np0000171445 nova-scheduler[109749]: DEBUG cotyledon.oslo_config_glue [-] oslo_messaging_metrics.metrics_process_name = {{(pid=109749) log_opt_values /opt/stack/data/venv/lib/python3.12/site-packages/oslo_config/cfg.py:3006}}
May 01 02:46:29.465847 np0000171445 nova-scheduler[109749]: DEBUG cotyledon.oslo_config_glue [-] oslo_messaging_metrics.metrics_socket_file = /var/tmp/metrics_collector.sock {{(pid=109749) log_opt_values /opt/stack/data/venv/lib/python3.12/site-packages/oslo_config/cfg.py:3006}}
May 01 02:46:29.465847 np0000171445 nova-scheduler[109749]: DEBUG cotyledon.oslo_config_glue [-] oslo_messaging_metrics.metrics_thread_stop_timeout = 10 {{(pid=109749) log_opt_values /opt/stack/data/venv/lib/python3.12/site-packages/oslo_config/cfg.py:3006}}
May 01 02:46:29.465847 np0000171445 nova-scheduler[109749]: DEBUG cotyledon.oslo_config_glue [-] profiler.connection_string = messaging:// {{(pid=109749) log_opt_values /opt/stack/data/venv/lib/python3.12/site-packages/oslo_config/cfg.py:3006}}
May 01 02:46:29.465847 np0000171445 nova-scheduler[109749]: DEBUG cotyledon.oslo_config_glue [-] profiler.enabled = False {{(pid=109749) log_opt_values /opt/stack/data/venv/lib/python3.12/site-packages/oslo_config/cfg.py:3006}}
May 01 02:46:29.465847 np0000171445 nova-scheduler[109749]: DEBUG cotyledon.oslo_config_glue [-] profiler.es_doc_type = notification {{(pid=109749) log_opt_values /opt/stack/data/venv/lib/python3.12/site-packages/oslo_config/cfg.py:3006}}
May 01 02:46:29.465847 np0000171445 nova-scheduler[109749]: DEBUG cotyledon.oslo_config_glue [-] profiler.es_scroll_size = 10000 {{(pid=109749) log_opt_values /opt/stack/data/venv/lib/python3.12/site-packages/oslo_config/cfg.py:3006}}
May 01 02:46:29.465847 np0000171445 nova-scheduler[109749]: DEBUG cotyledon.oslo_config_glue [-] profiler.es_scroll_time = 2m {{(pid=109749) log_opt_values /opt/stack/data/venv/lib/python3.12/site-packages/oslo_config/cfg.py:3006}}
May 01 02:46:29.466082 np0000171445 nova-scheduler[109749]: DEBUG cotyledon.oslo_config_glue [-] profiler.filter_error_trace = False {{(pid=109749) log_opt_values /opt/stack/data/venv/lib/python3.12/site-packages/oslo_config/cfg.py:3006}}
May 01 02:46:29.466082 np0000171445 nova-scheduler[109749]: DEBUG cotyledon.oslo_config_glue [-] profiler.hmac_keys = **** {{(pid=109749) log_opt_values /opt/stack/data/venv/lib/python3.12/site-packages/oslo_config/cfg.py:3006}}
May 01 02:46:29.466082 np0000171445 nova-scheduler[109749]: DEBUG cotyledon.oslo_config_glue [-] profiler.sentinel_service_name = mymaster {{(pid=109749) log_opt_values /opt/stack/data/venv/lib/python3.12/site-packages/oslo_config/cfg.py:3006}}
May 01 02:46:29.466082 np0000171445 nova-scheduler[109749]: DEBUG cotyledon.oslo_config_glue [-] profiler.socket_timeout = 0.1 {{(pid=109749) log_opt_values /opt/stack/data/venv/lib/python3.12/site-packages/oslo_config/cfg.py:3006}}
May 01 02:46:29.466082 np0000171445 nova-scheduler[109749]: DEBUG cotyledon.oslo_config_glue [-] profiler.trace_requests = False {{(pid=109749) log_opt_values /opt/stack/data/venv/lib/python3.12/site-packages/oslo_config/cfg.py:3006}}
May 01 02:46:29.466082 np0000171445 nova-scheduler[109749]: DEBUG cotyledon.oslo_config_glue [-] profiler.trace_sqlalchemy = False {{(pid=109749) log_opt_values /opt/stack/data/venv/lib/python3.12/site-packages/oslo_config/cfg.py:3006}}
May 01 02:46:29.466082 np0000171445 nova-scheduler[109749]: DEBUG cotyledon.oslo_config_glue [-] profiler_jaeger.process_tags = {} {{(pid=109749) log_opt_values /opt/stack/data/venv/lib/python3.12/site-packages/oslo_config/cfg.py:3006}}
May 01 02:46:29.466082 np0000171445 nova-scheduler[109749]: DEBUG cotyledon.oslo_config_glue [-] profiler_jaeger.service_name_prefix = None {{(pid=109749) log_opt_values /opt/stack/data/venv/lib/python3.12/site-packages/oslo_config/cfg.py:3006}}
May 01 02:46:29.466082 np0000171445 nova-scheduler[109749]: DEBUG cotyledon.oslo_config_glue [-] profiler_otlp.service_name_prefix = None {{(pid=109749) log_opt_values /opt/stack/data/venv/lib/python3.12/site-packages/oslo_config/cfg.py:3006}}
May 01 02:46:29.466298 np0000171445 nova-scheduler[109749]: DEBUG cotyledon.oslo_config_glue [-] oslo_messaging_rabbit.amqp_auto_delete = False {{(pid=109749) log_opt_values /opt/stack/data/venv/lib/python3.12/site-packages/oslo_config/cfg.py:3006}}
May 01 02:46:29.466298 np0000171445 nova-scheduler[109749]: DEBUG cotyledon.oslo_config_glue [-] oslo_messaging_rabbit.amqp_durable_queues = False {{(pid=109749) log_opt_values /opt/stack/data/venv/lib/python3.12/site-packages/oslo_config/cfg.py:3006}}
May 01 02:46:29.466298 np0000171445 nova-scheduler[109749]: DEBUG cotyledon.oslo_config_glue [-] oslo_messaging_rabbit.conn_pool_min_size = 2 {{(pid=109749) log_opt_values /opt/stack/data/venv/lib/python3.12/site-packages/oslo_config/cfg.py:3006}}
May 01 02:46:29.466298 np0000171445 nova-scheduler[109749]: DEBUG cotyledon.oslo_config_glue [-] oslo_messaging_rabbit.conn_pool_ttl = 1200 {{(pid=109749) log_opt_values /opt/stack/data/venv/lib/python3.12/site-packages/oslo_config/cfg.py:3006}}
May 01 02:46:29.466298 np0000171445 nova-scheduler[109749]: DEBUG cotyledon.oslo_config_glue [-] oslo_messaging_rabbit.direct_mandatory_flag = True {{(pid=109749) log_opt_values /opt/stack/data/venv/lib/python3.12/site-packages/oslo_config/cfg.py:3006}}
May 01 02:46:29.466298 np0000171445 nova-scheduler[109749]: DEBUG cotyledon.oslo_config_glue [-] oslo_messaging_rabbit.enable_cancel_on_failover = False {{(pid=109749) log_opt_values /opt/stack/data/venv/lib/python3.12/site-packages/oslo_config/cfg.py:3006}}
May 01 02:46:29.466298 np0000171445 nova-scheduler[109749]: DEBUG cotyledon.oslo_config_glue [-] oslo_messaging_rabbit.heartbeat_in_pthread = False {{(pid=109749) log_opt_values /opt/stack/data/venv/lib/python3.12/site-packages/oslo_config/cfg.py:3006}}
May 01 02:46:29.466298 np0000171445 nova-scheduler[109749]: DEBUG cotyledon.oslo_config_glue [-] oslo_messaging_rabbit.heartbeat_rate = 3 {{(pid=109749) log_opt_values /opt/stack/data/venv/lib/python3.12/site-packages/oslo_config/cfg.py:3006}}
May 01 02:46:29.466298 np0000171445 nova-scheduler[109749]: DEBUG cotyledon.oslo_config_glue [-] oslo_messaging_rabbit.heartbeat_timeout_threshold = 60 {{(pid=109749) log_opt_values /opt/stack/data/venv/lib/python3.12/site-packages/oslo_config/cfg.py:3006}}
May 01 02:46:29.466505 np0000171445 nova-scheduler[109749]: DEBUG cotyledon.oslo_config_glue [-] oslo_messaging_rabbit.hostname = np0000171445 {{(pid=109749) log_opt_values /opt/stack/data/venv/lib/python3.12/site-packages/oslo_config/cfg.py:3006}}
May 01 02:46:29.466505 np0000171445 nova-scheduler[109749]: DEBUG cotyledon.oslo_config_glue [-] oslo_messaging_rabbit.kombu_compression = None {{(pid=109749) log_opt_values /opt/stack/data/venv/lib/python3.12/site-packages/oslo_config/cfg.py:3006}}
May 01 02:46:29.466505 np0000171445 nova-scheduler[109749]: DEBUG cotyledon.oslo_config_glue [-] oslo_messaging_rabbit.kombu_failover_strategy = round-robin {{(pid=109749) log_opt_values /opt/stack/data/venv/lib/python3.12/site-packages/oslo_config/cfg.py:3006}}
May 01 02:46:29.466505 np0000171445 nova-scheduler[109749]: DEBUG cotyledon.oslo_config_glue [-] oslo_messaging_rabbit.kombu_missing_consumer_retry_timeout = 60 {{(pid=109749) log_opt_values /opt/stack/data/venv/lib/python3.12/site-packages/oslo_config/cfg.py:3006}}
May 01 02:46:29.466505 np0000171445 nova-scheduler[109749]: DEBUG cotyledon.oslo_config_glue [-] oslo_messaging_rabbit.kombu_reconnect_delay = 1.0 {{(pid=109749) log_opt_values /opt/stack/data/venv/lib/python3.12/site-packages/oslo_config/cfg.py:3006}}
May 01 02:46:29.466505 np0000171445 nova-scheduler[109749]: DEBUG cotyledon.oslo_config_glue [-] oslo_messaging_rabbit.kombu_reconnect_splay = 0.0 {{(pid=109749) log_opt_values /opt/stack/data/venv/lib/python3.12/site-packages/oslo_config/cfg.py:3006}}
May 01 02:46:29.466505 np0000171445 nova-scheduler[109749]: DEBUG cotyledon.oslo_config_glue [-] oslo_messaging_rabbit.processname = nova-scheduler {{(pid=109749) log_opt_values /opt/stack/data/venv/lib/python3.12/site-packages/oslo_config/cfg.py:3006}}
May 01 02:46:29.466505 np0000171445 nova-scheduler[109749]: DEBUG cotyledon.oslo_config_glue [-] oslo_messaging_rabbit.rabbit_ha_queues = False {{(pid=109749) log_opt_values /opt/stack/data/venv/lib/python3.12/site-packages/oslo_config/cfg.py:3006}}
May 01 02:46:29.466505 np0000171445 nova-scheduler[109749]: DEBUG cotyledon.oslo_config_glue [-] oslo_messaging_rabbit.rabbit_interval_max = 30 {{(pid=109749) log_opt_values /opt/stack/data/venv/lib/python3.12/site-packages/oslo_config/cfg.py:3006}}
May 01 02:46:29.466723 np0000171445 nova-scheduler[109760]: DEBUG dbcounter [-] [109760] Writer thread running {{(pid=109760) stat_writer /opt/stack/data/venv/lib/python3.12/site-packages/dbcounter.py:102}}
May 01 02:46:29.466760 np0000171445 nova-scheduler[109749]: DEBUG cotyledon.oslo_config_glue [-] oslo_messaging_rabbit.rabbit_login_method = AMQPLAIN {{(pid=109749) log_opt_values /opt/stack/data/venv/lib/python3.12/site-packages/oslo_config/cfg.py:3006}}
May 01 02:46:29.466760 np0000171445 nova-scheduler[109749]: DEBUG cotyledon.oslo_config_glue [-] oslo_messaging_rabbit.rabbit_qos_prefetch_count = 0 {{(pid=109749) log_opt_values /opt/stack/data/venv/lib/python3.12/site-packages/oslo_config/cfg.py:3006}}
May 01 02:46:29.466760 np0000171445 nova-scheduler[109749]: DEBUG cotyledon.oslo_config_glue [-] oslo_messaging_rabbit.rabbit_quorum_delivery_limit = 0 {{(pid=109749) log_opt_values /opt/stack/data/venv/lib/python3.12/site-packages/oslo_config/cfg.py:3006}}
May 01 02:46:29.466760 np0000171445 nova-scheduler[109749]: DEBUG cotyledon.oslo_config_glue [-] oslo_messaging_rabbit.rabbit_quorum_max_memory_bytes = 0 {{(pid=109749) log_opt_values /opt/stack/data/venv/lib/python3.12/site-packages/oslo_config/cfg.py:3006}}
May 01 02:46:29.466760 np0000171445 nova-scheduler[109749]: DEBUG cotyledon.oslo_config_glue [-] oslo_messaging_rabbit.rabbit_quorum_max_memory_length = 0 {{(pid=109749) log_opt_values /opt/stack/data/venv/lib/python3.12/site-packages/oslo_config/cfg.py:3006}}
May 01 02:46:29.466760 np0000171445 nova-scheduler[109749]: DEBUG cotyledon.oslo_config_glue [-] oslo_messaging_rabbit.rabbit_quorum_queue = False {{(pid=109749) log_opt_values /opt/stack/data/venv/lib/python3.12/site-packages/oslo_config/cfg.py:3006}}
May 01 02:46:29.466760 np0000171445 nova-scheduler[109749]: DEBUG cotyledon.oslo_config_glue [-] oslo_messaging_rabbit.rabbit_retry_backoff = 2 {{(pid=109749) log_opt_values /opt/stack/data/venv/lib/python3.12/site-packages/oslo_config/cfg.py:3006}}
May 01 02:46:29.466760 np0000171445 nova-scheduler[109749]: DEBUG cotyledon.oslo_config_glue [-] oslo_messaging_rabbit.rabbit_retry_interval = 1 {{(pid=109749) log_opt_values /opt/stack/data/venv/lib/python3.12/site-packages/oslo_config/cfg.py:3006}}
May 01 02:46:29.466995 np0000171445 nova-scheduler[109749]: DEBUG cotyledon.oslo_config_glue [-] oslo_messaging_rabbit.rabbit_stream_fanout = False {{(pid=109749) log_opt_values /opt/stack/data/venv/lib/python3.12/site-packages/oslo_config/cfg.py:3006}}
May 01 02:46:29.466995 np0000171445 nova-scheduler[109749]: DEBUG cotyledon.oslo_config_glue [-] oslo_messaging_rabbit.rabbit_transient_queues_ttl = 1800 {{(pid=109749) log_opt_values /opt/stack/data/venv/lib/python3.12/site-packages/oslo_config/cfg.py:3006}}
May 01 02:46:29.466995 np0000171445 nova-scheduler[109749]: DEBUG cotyledon.oslo_config_glue [-] oslo_messaging_rabbit.rabbit_transient_quorum_queue = False {{(pid=109749) log_opt_values /opt/stack/data/venv/lib/python3.12/site-packages/oslo_config/cfg.py:3006}}
May 01 02:46:29.466995 np0000171445 nova-scheduler[109749]: DEBUG cotyledon.oslo_config_glue [-] oslo_messaging_rabbit.rpc_conn_pool_size = 30 {{(pid=109749) log_opt_values /opt/stack/data/venv/lib/python3.12/site-packages/oslo_config/cfg.py:3006}}
May 01 02:46:29.466995 np0000171445 nova-scheduler[109749]: DEBUG cotyledon.oslo_config_glue [-] oslo_messaging_rabbit.ssl = False {{(pid=109749) log_opt_values /opt/stack/data/venv/lib/python3.12/site-packages/oslo_config/cfg.py:3006}}
May 01 02:46:29.466995 np0000171445 nova-scheduler[109749]: DEBUG cotyledon.oslo_config_glue [-] oslo_messaging_rabbit.ssl_ca_file = {{(pid=109749) log_opt_values /opt/stack/data/venv/lib/python3.12/site-packages/oslo_config/cfg.py:3006}}
May 01 02:46:29.466995 np0000171445 nova-scheduler[109749]: DEBUG cotyledon.oslo_config_glue [-] oslo_messaging_rabbit.ssl_cert_file = {{(pid=109749) log_opt_values /opt/stack/data/venv/lib/python3.12/site-packages/oslo_config/cfg.py:3006}}
May 01 02:46:29.466995 np0000171445 nova-scheduler[109749]: DEBUG cotyledon.oslo_config_glue [-] oslo_messaging_rabbit.ssl_enforce_fips_mode = False {{(pid=109749) log_opt_values /opt/stack/data/venv/lib/python3.12/site-packages/oslo_config/cfg.py:3006}}
May 01 02:46:29.466995 np0000171445 nova-scheduler[109749]: DEBUG cotyledon.oslo_config_glue [-] oslo_messaging_rabbit.ssl_key_file = {{(pid=109749) log_opt_values /opt/stack/data/venv/lib/python3.12/site-packages/oslo_config/cfg.py:3006}}
May 01 02:46:29.467208 np0000171445 nova-scheduler[109749]: DEBUG cotyledon.oslo_config_glue [-] oslo_messaging_rabbit.ssl_version = {{(pid=109749) log_opt_values /opt/stack/data/venv/lib/python3.12/site-packages/oslo_config/cfg.py:3006}}
May 01 02:46:29.467208 np0000171445 nova-scheduler[109749]: DEBUG cotyledon.oslo_config_glue [-] oslo_messaging_rabbit.use_queue_manager = False {{(pid=109749) log_opt_values /opt/stack/data/venv/lib/python3.12/site-packages/oslo_config/cfg.py:3006}}
May 01 02:46:29.467208 np0000171445 nova-scheduler[109749]: DEBUG cotyledon.oslo_config_glue [-] oslo_messaging_notifications.driver = ['messagingv2'] {{(pid=109749) log_opt_values /opt/stack/data/venv/lib/python3.12/site-packages/oslo_config/cfg.py:3006}}
May 01 02:46:29.467208 np0000171445 nova-scheduler[109749]: DEBUG cotyledon.oslo_config_glue [-] oslo_messaging_notifications.retry = -1 {{(pid=109749) log_opt_values /opt/stack/data/venv/lib/python3.12/site-packages/oslo_config/cfg.py:3006}}
May 01 02:46:29.467208 np0000171445 nova-scheduler[109749]: DEBUG cotyledon.oslo_config_glue [-] oslo_messaging_notifications.topics = ['notifications'] {{(pid=109749) log_opt_values /opt/stack/data/venv/lib/python3.12/site-packages/oslo_config/cfg.py:3006}}
May 01 02:46:29.467208 np0000171445 nova-scheduler[109749]: DEBUG cotyledon.oslo_config_glue [-] oslo_messaging_notifications.transport_url = **** {{(pid=109749) log_opt_values /opt/stack/data/venv/lib/python3.12/site-packages/oslo_config/cfg.py:3006}}
May 01 02:46:29.467208 np0000171445 nova-scheduler[109749]: DEBUG cotyledon.oslo_config_glue [-] oslo_limit.auth_section = None {{(pid=109749) log_opt_values /opt/stack/data/venv/lib/python3.12/site-packages/oslo_config/cfg.py:3006}}
May 01 02:46:29.467208 np0000171445 nova-scheduler[109749]: DEBUG cotyledon.oslo_config_glue [-] oslo_limit.auth_type = None {{(pid=109749) log_opt_values /opt/stack/data/venv/lib/python3.12/site-packages/oslo_config/cfg.py:3006}}
May 01 02:46:29.467208 np0000171445 nova-scheduler[109749]: DEBUG cotyledon.oslo_config_glue [-] oslo_limit.cafile = None {{(pid=109749) log_opt_values /opt/stack/data/venv/lib/python3.12/site-packages/oslo_config/cfg.py:3006}}
May 01 02:46:29.467431 np0000171445 nova-scheduler[109749]: DEBUG cotyledon.oslo_config_glue [-] oslo_limit.certfile = None {{(pid=109749) log_opt_values /opt/stack/data/venv/lib/python3.12/site-packages/oslo_config/cfg.py:3006}}
May 01 02:46:29.467431 np0000171445 nova-scheduler[109749]: DEBUG cotyledon.oslo_config_glue [-] oslo_limit.collect_timing = False {{(pid=109749) log_opt_values /opt/stack/data/venv/lib/python3.12/site-packages/oslo_config/cfg.py:3006}}
May 01 02:46:29.467485 np0000171445 nova-scheduler[109767]: DEBUG nova.service [None req-b5ca115f-290a-4de0-b79e-0ad7b0389bc7 None None] Creating RPC server for service: nova-scheduler on topic: scheduler {{(pid=109767) start /opt/stack/nova/nova/service.py:195}}
May 01 02:46:29.467517 np0000171445 nova-scheduler[109749]: DEBUG cotyledon.oslo_config_glue [-] oslo_limit.connect_retries = None {{(pid=109749) log_opt_values /opt/stack/data/venv/lib/python3.12/site-packages/oslo_config/cfg.py:3006}}
May 01 02:46:29.467517 np0000171445 nova-scheduler[109749]: DEBUG cotyledon.oslo_config_glue [-] oslo_limit.connect_retry_delay = None {{(pid=109749) log_opt_values /opt/stack/data/venv/lib/python3.12/site-packages/oslo_config/cfg.py:3006}}
May 01 02:46:29.467517 np0000171445 nova-scheduler[109749]: DEBUG cotyledon.oslo_config_glue [-] oslo_limit.endpoint_id = None {{(pid=109749) log_opt_values /opt/stack/data/venv/lib/python3.12/site-packages/oslo_config/cfg.py:3006}}
May 01 02:46:29.467517 np0000171445 nova-scheduler[109749]: DEBUG cotyledon.oslo_config_glue [-] oslo_limit.endpoint_interface = public {{(pid=109749) log_opt_values /opt/stack/data/venv/lib/python3.12/site-packages/oslo_config/cfg.py:3006}}
May 01 02:46:29.467517 np0000171445 nova-scheduler[109749]: DEBUG cotyledon.oslo_config_glue [-] oslo_limit.endpoint_override = None {{(pid=109749) log_opt_values /opt/stack/data/venv/lib/python3.12/site-packages/oslo_config/cfg.py:3006}}
May 01 02:46:29.467517 np0000171445 nova-scheduler[109749]: DEBUG cotyledon.oslo_config_glue [-] oslo_limit.endpoint_region_name = None {{(pid=109749) log_opt_values /opt/stack/data/venv/lib/python3.12/site-packages/oslo_config/cfg.py:3006}}
May 01 02:46:29.467702 np0000171445 nova-scheduler[109776]: INFO dbcounter [None req-aa991f4b-eb90-431b-92d8-2218be33637b None None] Registered counter for database nova_cell0
May 01 02:46:29.467731 np0000171445 nova-scheduler[109749]: DEBUG cotyledon.oslo_config_glue [-] oslo_limit.endpoint_service_name = None {{(pid=109749) log_opt_values /opt/stack/data/venv/lib/python3.12/site-packages/oslo_config/cfg.py:3006}}
May 01 02:46:29.467731 np0000171445 nova-scheduler[109749]: DEBUG cotyledon.oslo_config_glue [-] oslo_limit.endpoint_service_type = None {{(pid=109749) log_opt_values /opt/stack/data/venv/lib/python3.12/site-packages/oslo_config/cfg.py:3006}}
May 01 02:46:29.467731 np0000171445 nova-scheduler[109749]: DEBUG cotyledon.oslo_config_glue [-] oslo_limit.insecure = False {{(pid=109749) log_opt_values /opt/stack/data/venv/lib/python3.12/site-packages/oslo_config/cfg.py:3006}}
May 01 02:46:29.467731 np0000171445 nova-scheduler[109749]: DEBUG cotyledon.oslo_config_glue [-] oslo_limit.keyfile = None {{(pid=109749) log_opt_values /opt/stack/data/venv/lib/python3.12/site-packages/oslo_config/cfg.py:3006}}
May 01 02:46:29.467731 np0000171445 nova-scheduler[109749]: DEBUG cotyledon.oslo_config_glue [-] oslo_limit.max_version = None {{(pid=109749) log_opt_values /opt/stack/data/venv/lib/python3.12/site-packages/oslo_config/cfg.py:3006}}
May 01 02:46:29.467731 np0000171445 nova-scheduler[109749]: DEBUG cotyledon.oslo_config_glue [-] oslo_limit.min_version = None {{(pid=109749) log_opt_values /opt/stack/data/venv/lib/python3.12/site-packages/oslo_config/cfg.py:3006}}
May 01 02:46:29.467731 np0000171445 nova-scheduler[109749]: DEBUG cotyledon.oslo_config_glue [-] oslo_limit.region_name = None {{(pid=109749) log_opt_values /opt/stack/data/venv/lib/python3.12/site-packages/oslo_config/cfg.py:3006}}
May 01 02:46:29.467731 np0000171445 nova-scheduler[109749]: DEBUG cotyledon.oslo_config_glue [-] oslo_limit.retriable_status_codes = None {{(pid=109749) log_opt_values /opt/stack/data/venv/lib/python3.12/site-packages/oslo_config/cfg.py:3006}}
May 01 02:46:29.467731 np0000171445 nova-scheduler[109749]: DEBUG cotyledon.oslo_config_glue [-] oslo_limit.service_name = None {{(pid=109749) log_opt_values /opt/stack/data/venv/lib/python3.12/site-packages/oslo_config/cfg.py:3006}}
May 01 02:46:29.467950 np0000171445 nova-scheduler[109749]: DEBUG cotyledon.oslo_config_glue [-] oslo_limit.service_type = None {{(pid=109749) log_opt_values /opt/stack/data/venv/lib/python3.12/site-packages/oslo_config/cfg.py:3006}}
May 01 02:46:29.467950 np0000171445 nova-scheduler[109749]: DEBUG cotyledon.oslo_config_glue [-] oslo_limit.split_loggers = False {{(pid=109749) log_opt_values /opt/stack/data/venv/lib/python3.12/site-packages/oslo_config/cfg.py:3006}}
May 01 02:46:29.467950 np0000171445 nova-scheduler[109749]: DEBUG cotyledon.oslo_config_glue [-] oslo_limit.status_code_retries = None {{(pid=109749) log_opt_values /opt/stack/data/venv/lib/python3.12/site-packages/oslo_config/cfg.py:3006}}
May 01 02:46:29.467950 np0000171445 nova-scheduler[109749]: DEBUG cotyledon.oslo_config_glue [-] oslo_limit.status_code_retry_delay = None {{(pid=109749) log_opt_values /opt/stack/data/venv/lib/python3.12/site-packages/oslo_config/cfg.py:3006}}
May 01 02:46:29.467950 np0000171445 nova-scheduler[109749]: DEBUG cotyledon.oslo_config_glue [-] oslo_limit.timeout = None {{(pid=109749) log_opt_values /opt/stack/data/venv/lib/python3.12/site-packages/oslo_config/cfg.py:3006}}
May 01 02:46:29.467950 np0000171445 nova-scheduler[109749]: DEBUG cotyledon.oslo_config_glue [-] oslo_limit.valid_interfaces = None {{(pid=109749) log_opt_values /opt/stack/data/venv/lib/python3.12/site-packages/oslo_config/cfg.py:3006}}
May 01 02:46:29.467950 np0000171445 nova-scheduler[109749]: DEBUG cotyledon.oslo_config_glue [-] oslo_limit.version = None {{(pid=109749) log_opt_values /opt/stack/data/venv/lib/python3.12/site-packages/oslo_config/cfg.py:3006}}
May 01 02:46:29.467950 np0000171445 nova-scheduler[109749]: DEBUG cotyledon.oslo_config_glue [-] oslo_reports.file_event_handler = None {{(pid=109749) log_opt_values /opt/stack/data/venv/lib/python3.12/site-packages/oslo_config/cfg.py:3006}}
May 01 02:46:29.467950 np0000171445 nova-scheduler[109749]: DEBUG cotyledon.oslo_config_glue [-] oslo_reports.file_event_handler_interval = 1 {{(pid=109749) log_opt_values /opt/stack/data/venv/lib/python3.12/site-packages/oslo_config/cfg.py:3006}}
May 01 02:46:29.468220 np0000171445 nova-scheduler[109749]: DEBUG cotyledon.oslo_config_glue [-] oslo_reports.log_dir = None {{(pid=109749) log_opt_values /opt/stack/data/venv/lib/python3.12/site-packages/oslo_config/cfg.py:3006}}
May 01 02:46:29.468220 np0000171445 nova-scheduler[109749]: DEBUG cotyledon.oslo_config_glue [-] ******************************************************************************** {{(pid=109749) log_opt_values /opt/stack/data/venv/lib/python3.12/site-packages/oslo_config/cfg.py:3013}}
May 01 02:46:29.468220 np0000171445 nova-scheduler[109749]: DEBUG cotyledon._service_worker [-] Run service ServiceWrapper(0) [109749] {{(pid=109749) wait_forever /opt/stack/data/venv/lib/python3.12/site-packages/cotyledon/_service_worker.py:218}}
May 01 02:46:29.468553 np0000171445 nova-scheduler[109760]: DEBUG nova.service [None req-94064505-5a81-4c68-a2ce-ddea75479d36 None None] Creating RPC server for service: nova-scheduler on topic: scheduler {{(pid=109760) start /opt/stack/nova/nova/service.py:195}}
May 01 02:46:29.469196 np0000171445 nova-scheduler[109749]: INFO nova.service [-] Starting scheduler node (version 33.1.0)
May 01 02:46:29.476683 np0000171445 nova-scheduler[109776]: DEBUG oslo_db.sqlalchemy.engines [None req-aa991f4b-eb90-431b-92d8-2218be33637b None None] MySQL server mode set to STRICT_TRANS_TABLES,STRICT_ALL_TABLES,NO_ZERO_IN_DATE,NO_ZERO_DATE,ERROR_FOR_DIVISION_BY_ZERO,TRADITIONAL,NO_ENGINE_SUBSTITUTION {{(pid=109776) _check_effective_sql_mode /opt/stack/data/venv/lib/python3.12/site-packages/oslo_db/sqlalchemy/engines.py:325}}
May 01 02:46:29.478235 np0000171445 nova-scheduler[109749]: INFO dbcounter [None req-671e143b-948f-4fa0-8c78-2631a9911114 None None] Registered counter for database nova_cell0
May 01 02:46:29.487479 np0000171445 nova-scheduler[109776]: DEBUG dbcounter [-] [109776] Writer thread running {{(pid=109776) stat_writer /opt/stack/data/venv/lib/python3.12/site-packages/dbcounter.py:102}}
May 01 02:46:29.488573 np0000171445 nova-scheduler[109749]: DEBUG oslo_db.sqlalchemy.engines [None req-671e143b-948f-4fa0-8c78-2631a9911114 None None] MySQL server mode set to STRICT_TRANS_TABLES,STRICT_ALL_TABLES,NO_ZERO_IN_DATE,NO_ZERO_DATE,ERROR_FOR_DIVISION_BY_ZERO,TRADITIONAL,NO_ENGINE_SUBSTITUTION {{(pid=109749) _check_effective_sql_mode /opt/stack/data/venv/lib/python3.12/site-packages/oslo_db/sqlalchemy/engines.py:325}}
May 01 02:46:29.492785 np0000171445 nova-scheduler[109776]: DEBUG nova.service [None req-aa991f4b-eb90-431b-92d8-2218be33637b None None] Creating RPC server for service: nova-scheduler on topic: scheduler {{(pid=109776) start /opt/stack/nova/nova/service.py:195}}
May 01 02:46:29.495191 np0000171445 nova-scheduler[109767]: DEBUG nova.service [None req-b5ca115f-290a-4de0-b79e-0ad7b0389bc7 None None] Join ServiceGroup membership for this service scheduler {{(pid=109767) start /opt/stack/nova/nova/service.py:221}}
May 01 02:46:29.495289 np0000171445 nova-scheduler[109760]: DEBUG nova.service [None req-94064505-5a81-4c68-a2ce-ddea75479d36 None None] Join ServiceGroup membership for this service scheduler {{(pid=109760) start /opt/stack/nova/nova/service.py:221}}
May 01 02:46:29.495349 np0000171445 nova-scheduler[109760]: DEBUG nova.servicegroup.drivers.db [None req-94064505-5a81-4c68-a2ce-ddea75479d36 None None] DB_Driver: join new ServiceGroup member np0000171445 to the scheduler group, service = {{(pid=109760) join /opt/stack/nova/nova/servicegroup/drivers/db.py:44}}
May 01 02:46:29.495713 np0000171445 nova-scheduler[109767]: DEBUG nova.servicegroup.drivers.db [None req-b5ca115f-290a-4de0-b79e-0ad7b0389bc7 None None] DB_Driver: join new ServiceGroup member np0000171445 to the scheduler group, service = {{(pid=109767) join /opt/stack/nova/nova/servicegroup/drivers/db.py:44}}
May 01 02:46:29.502020 np0000171445 nova-scheduler[109749]: DEBUG dbcounter [-] [109749] Writer thread running {{(pid=109749) stat_writer /opt/stack/data/venv/lib/python3.12/site-packages/dbcounter.py:102}}
May 01 02:46:29.505722 np0000171445 nova-scheduler[109749]: DEBUG nova.service [None req-671e143b-948f-4fa0-8c78-2631a9911114 None None] Creating RPC server for service: nova-scheduler on topic: scheduler {{(pid=109749) start /opt/stack/nova/nova/service.py:195}}
May 01 02:46:29.513491 np0000171445 nova-scheduler[109776]: DEBUG nova.service [None req-aa991f4b-eb90-431b-92d8-2218be33637b None None] Join ServiceGroup membership for this service scheduler {{(pid=109776) start /opt/stack/nova/nova/service.py:221}}
May 01 02:46:29.513992 np0000171445 nova-scheduler[109776]: DEBUG nova.servicegroup.drivers.db [None req-aa991f4b-eb90-431b-92d8-2218be33637b None None] DB_Driver: join new ServiceGroup member np0000171445 to the scheduler group, service = {{(pid=109776) join /opt/stack/nova/nova/servicegroup/drivers/db.py:44}}
May 01 02:46:29.524427 np0000171445 nova-scheduler[109749]: DEBUG nova.service [None req-671e143b-948f-4fa0-8c78-2631a9911114 None None] Join ServiceGroup membership for this service scheduler {{(pid=109749) start /opt/stack/nova/nova/service.py:221}}
May 01 02:46:29.524650 np0000171445 nova-scheduler[109749]: DEBUG nova.servicegroup.drivers.db [None req-671e143b-948f-4fa0-8c78-2631a9911114 None None] DB_Driver: join new ServiceGroup member np0000171445 to the scheduler group, service = {{(pid=109749) join /opt/stack/nova/nova/servicegroup/drivers/db.py:44}}
May 01 02:46:34.516419 np0000171445 nova-scheduler[109767]: DEBUG oslo.service.backend._threading.loopingcall [-] Fixed interval looping call 'nova.servicegroup.drivers.db.DbDriver._report_state' sleeping for 119.98 seconds {{(pid=109767) _run_loop /opt/stack/data/venv/lib/python3.12/site-packages/oslo_service/backend/_threading/loopingcall.py:125}}
May 01 02:46:34.517000 np0000171445 nova-scheduler[109760]: DEBUG oslo.service.backend._threading.loopingcall [-] Fixed interval looping call 'nova.servicegroup.drivers.db.DbDriver._report_state' sleeping for 119.98 seconds {{(pid=109760) _run_loop /opt/stack/data/venv/lib/python3.12/site-packages/oslo_service/backend/_threading/loopingcall.py:125}}
May 01 02:46:34.527320 np0000171445 nova-scheduler[109776]: DEBUG oslo.service.backend._threading.loopingcall [-] Fixed interval looping call 'nova.servicegroup.drivers.db.DbDriver._report_state' sleeping for 119.99 seconds {{(pid=109776) _run_loop /opt/stack/data/venv/lib/python3.12/site-packages/oslo_service/backend/_threading/loopingcall.py:125}}
May 01 02:46:34.538146 np0000171445 nova-scheduler[109749]: DEBUG oslo.service.backend._threading.loopingcall [-] Fixed interval looping call 'nova.servicegroup.drivers.db.DbDriver._report_state' sleeping for 119.99 seconds {{(pid=109749) _run_loop /opt/stack/data/venv/lib/python3.12/site-packages/oslo_service/backend/_threading/loopingcall.py:125}}
May 01 02:46:38.087956 np0000171445 nova-scheduler[108998]: DEBUG dbcounter [-] [108998] Writing DB stats nova_api:SELECT=3 {{(pid=108998) stat_writer /opt/stack/data/venv/lib/python3.12/site-packages/dbcounter.py:115}}
May 01 02:46:38.184696 np0000171445 nova-scheduler[108998]: DEBUG dbcounter [-] [108998] Writing DB stats nova_cell0:SELECT=1 {{(pid=108998) stat_writer /opt/stack/data/venv/lib/python3.12/site-packages/dbcounter.py:115}}
May 01 02:46:38.191225 np0000171445 nova-scheduler[108998]: DEBUG dbcounter [-] [108998] Writing DB stats nova_cell1:SELECT=1 {{(pid=108998) stat_writer /opt/stack/data/venv/lib/python3.12/site-packages/dbcounter.py:115}}
May 01 02:46:44.509518 np0000171445 nova-scheduler[109767]: DEBUG dbcounter [-] [109767] Writing DB stats nova_cell0:SELECT=4,nova_cell0:INSERT=1,nova_cell0:UPDATE=1 {{(pid=109767) stat_writer /opt/stack/data/venv/lib/python3.12/site-packages/dbcounter.py:115}}
May 01 02:46:44.512796 np0000171445 nova-scheduler[109760]: DEBUG dbcounter [-] [109760] Writing DB stats nova_cell0:SELECT=3,nova_cell0:UPDATE=1 {{(pid=109760) stat_writer /opt/stack/data/venv/lib/python3.12/site-packages/dbcounter.py:115}}
May 01 02:46:44.524482 np0000171445 nova-scheduler[109776]: DEBUG dbcounter [-] [109776] Writing DB stats nova_cell0:SELECT=3 {{(pid=109776) stat_writer /opt/stack/data/venv/lib/python3.12/site-packages/dbcounter.py:115}}
May 01 02:46:44.534209 np0000171445 nova-scheduler[109749]: DEBUG dbcounter [-] [109749] Writing DB stats nova_cell0:SELECT=3 {{(pid=109749) stat_writer /opt/stack/data/venv/lib/python3.12/site-packages/dbcounter.py:115}}
May 01 02:46:50.518126 np0000171445 nova-scheduler[109776]: DEBUG oslo.service.backend._threading.loopingcall [None req-8da4f934-c7e2-4a3c-ad55-c61e0441a34d None None] Dynamic interval looping call 'nova.service.Service.periodic_tasks' sleeping for 60.00 seconds {{(pid=109776) _run_loop /opt/stack/data/venv/lib/python3.12/site-packages/oslo_service/backend/_threading/loopingcall.py:125}}
May 01 02:47:12.497894 np0000171445 nova-scheduler[109760]: DEBUG oslo.service.backend._threading.loopingcall [None req-af11b488-3efc-40a7-9f3d-f89dc069310c None None] Dynamic interval looping call 'nova.service.Service.periodic_tasks' sleeping for 60.00 seconds {{(pid=109760) _run_loop /opt/stack/data/venv/lib/python3.12/site-packages/oslo_service/backend/_threading/loopingcall.py:125}}
May 01 02:47:17.527830 np0000171445 nova-scheduler[109749]: DEBUG oslo.service.backend._threading.loopingcall [None req-d8d481d7-715c-4f9e-86b6-e1ad43f4e1e5 None None] Dynamic interval looping call 'nova.service.Service.periodic_tasks' sleeping for 60.00 seconds {{(pid=109749) _run_loop /opt/stack/data/venv/lib/python3.12/site-packages/oslo_service/backend/_threading/loopingcall.py:125}}
May 01 02:47:22.500789 np0000171445 nova-scheduler[109767]: DEBUG oslo.service.backend._threading.loopingcall [None req-dbf4e29c-401d-45b6-8411-895ef4f9f4e0 None None] Dynamic interval looping call 'nova.service.Service.periodic_tasks' sleeping for 60.00 seconds {{(pid=109767) _run_loop /opt/stack/data/venv/lib/python3.12/site-packages/oslo_service/backend/_threading/loopingcall.py:125}}
May 01 02:47:50.518973 np0000171445 nova-scheduler[109776]: DEBUG oslo.service.backend._threading.loopingcall [None req-8da4f934-c7e2-4a3c-ad55-c61e0441a34d None None] Dynamic interval looping call 'nova.service.Service.periodic_tasks' sleeping for 60.00 seconds {{(pid=109776) _run_loop /opt/stack/data/venv/lib/python3.12/site-packages/oslo_service/backend/_threading/loopingcall.py:125}}
May 01 02:48:12.499115 np0000171445 nova-scheduler[109760]: DEBUG oslo.service.backend._threading.loopingcall [None req-af11b488-3efc-40a7-9f3d-f89dc069310c None None] Dynamic interval looping call 'nova.service.Service.periodic_tasks' sleeping for 60.00 seconds {{(pid=109760) _run_loop /opt/stack/data/venv/lib/python3.12/site-packages/oslo_service/backend/_threading/loopingcall.py:125}}
May 01 02:48:17.528675 np0000171445 nova-scheduler[109749]: DEBUG oslo.service.backend._threading.loopingcall [None req-d8d481d7-715c-4f9e-86b6-e1ad43f4e1e5 None None] Dynamic interval looping call 'nova.service.Service.periodic_tasks' sleeping for 60.00 seconds {{(pid=109749) _run_loop /opt/stack/data/venv/lib/python3.12/site-packages/oslo_service/backend/_threading/loopingcall.py:125}}
May 01 02:48:22.501667 np0000171445 nova-scheduler[109767]: DEBUG oslo.service.backend._threading.loopingcall [None req-dbf4e29c-401d-45b6-8411-895ef4f9f4e0 None None] Dynamic interval looping call 'nova.service.Service.periodic_tasks' sleeping for 60.00 seconds {{(pid=109767) _run_loop /opt/stack/data/venv/lib/python3.12/site-packages/oslo_service/backend/_threading/loopingcall.py:125}}
May 01 02:48:34.508169 np0000171445 nova-scheduler[109760]: DEBUG oslo.service.backend._threading.loopingcall [-] Fixed interval looping call 'nova.servicegroup.drivers.db.DbDriver._report_state' sleeping for 119.99 seconds {{(pid=109760) _run_loop /opt/stack/data/venv/lib/python3.12/site-packages/oslo_service/backend/_threading/loopingcall.py:125}}
May 01 02:48:34.509372 np0000171445 nova-scheduler[109767]: DEBUG oslo.service.backend._threading.loopingcall [-] Fixed interval looping call 'nova.servicegroup.drivers.db.DbDriver._report_state' sleeping for 119.99 seconds {{(pid=109767) _run_loop /opt/stack/data/venv/lib/python3.12/site-packages/oslo_service/backend/_threading/loopingcall.py:125}}
May 01 02:48:34.522750 np0000171445 nova-scheduler[109776]: DEBUG oslo.service.backend._threading.loopingcall [-] Fixed interval looping call 'nova.servicegroup.drivers.db.DbDriver._report_state' sleeping for 119.99 seconds {{(pid=109776) _run_loop /opt/stack/data/venv/lib/python3.12/site-packages/oslo_service/backend/_threading/loopingcall.py:125}}
May 01 02:48:34.535351 np0000171445 nova-scheduler[109749]: DEBUG oslo.service.backend._threading.loopingcall [-] Fixed interval looping call 'nova.servicegroup.drivers.db.DbDriver._report_state' sleeping for 119.99 seconds {{(pid=109749) _run_loop /opt/stack/data/venv/lib/python3.12/site-packages/oslo_service/backend/_threading/loopingcall.py:125}}
May 01 02:48:44.502432 np0000171445 nova-scheduler[109760]: DEBUG dbcounter [-] [109760] Writing DB stats nova_cell0:SELECT=1,nova_cell0:UPDATE=1 {{(pid=109760) stat_writer /opt/stack/data/venv/lib/python3.12/site-packages/dbcounter.py:115}}
May 01 02:48:44.503622 np0000171445 nova-scheduler[109767]: DEBUG dbcounter [-] [109767] Writing DB stats nova_cell0:SELECT=1,nova_cell0:UPDATE=1 {{(pid=109767) stat_writer /opt/stack/data/venv/lib/python3.12/site-packages/dbcounter.py:115}}
May 01 02:48:44.521019 np0000171445 nova-scheduler[109776]: DEBUG dbcounter [-] [109776] Writing DB stats nova_cell0:SELECT=1 {{(pid=109776) stat_writer /opt/stack/data/venv/lib/python3.12/site-packages/dbcounter.py:115}}
May 01 02:48:44.532357 np0000171445 nova-scheduler[109749]: DEBUG dbcounter [-] [109749] Writing DB stats nova_cell0:SELECT=1 {{(pid=109749) stat_writer /opt/stack/data/venv/lib/python3.12/site-packages/dbcounter.py:115}}
May 01 02:48:50.519752 np0000171445 nova-scheduler[109776]: DEBUG oslo.service.backend._threading.loopingcall [None req-8da4f934-c7e2-4a3c-ad55-c61e0441a34d None None] Dynamic interval looping call 'nova.service.Service.periodic_tasks' sleeping for 60.00 seconds {{(pid=109776) _run_loop /opt/stack/data/venv/lib/python3.12/site-packages/oslo_service/backend/_threading/loopingcall.py:125}}
May 01 02:49:12.499885 np0000171445 nova-scheduler[109760]: DEBUG oslo.service.backend._threading.loopingcall [None req-af11b488-3efc-40a7-9f3d-f89dc069310c None None] Dynamic interval looping call 'nova.service.Service.periodic_tasks' sleeping for 60.00 seconds {{(pid=109760) _run_loop /opt/stack/data/venv/lib/python3.12/site-packages/oslo_service/backend/_threading/loopingcall.py:125}}
May 01 02:49:17.529647 np0000171445 nova-scheduler[109749]: DEBUG oslo.service.backend._threading.loopingcall [None req-d8d481d7-715c-4f9e-86b6-e1ad43f4e1e5 None None] Dynamic interval looping call 'nova.service.Service.periodic_tasks' sleeping for 60.00 seconds {{(pid=109749) _run_loop /opt/stack/data/venv/lib/python3.12/site-packages/oslo_service/backend/_threading/loopingcall.py:125}}
May 01 02:49:22.502461 np0000171445 nova-scheduler[109767]: DEBUG oslo.service.backend._threading.loopingcall [None req-dbf4e29c-401d-45b6-8411-895ef4f9f4e0 None None] Dynamic interval looping call 'nova.service.Service.periodic_tasks' sleeping for 60.00 seconds {{(pid=109767) _run_loop /opt/stack/data/venv/lib/python3.12/site-packages/oslo_service/backend/_threading/loopingcall.py:125}}
May 01 02:49:50.521649 np0000171445 nova-scheduler[109776]: DEBUG oslo.service.backend._threading.loopingcall [None req-8da4f934-c7e2-4a3c-ad55-c61e0441a34d None None] Dynamic interval looping call 'nova.service.Service.periodic_tasks' sleeping for 60.00 seconds {{(pid=109776) _run_loop /opt/stack/data/venv/lib/python3.12/site-packages/oslo_service/backend/_threading/loopingcall.py:125}}
May 01 02:50:12.500589 np0000171445 nova-scheduler[109760]: DEBUG oslo.service.backend._threading.loopingcall [None req-af11b488-3efc-40a7-9f3d-f89dc069310c None None] Dynamic interval looping call 'nova.service.Service.periodic_tasks' sleeping for 60.00 seconds {{(pid=109760) _run_loop /opt/stack/data/venv/lib/python3.12/site-packages/oslo_service/backend/_threading/loopingcall.py:125}}
May 01 02:50:17.530202 np0000171445 nova-scheduler[109749]: DEBUG oslo.service.backend._threading.loopingcall [None req-d8d481d7-715c-4f9e-86b6-e1ad43f4e1e5 None None] Dynamic interval looping call 'nova.service.Service.periodic_tasks' sleeping for 60.00 seconds {{(pid=109749) _run_loop /opt/stack/data/venv/lib/python3.12/site-packages/oslo_service/backend/_threading/loopingcall.py:125}}
May 01 02:50:22.503590 np0000171445 nova-scheduler[109767]: DEBUG oslo.service.backend._threading.loopingcall [None req-dbf4e29c-401d-45b6-8411-895ef4f9f4e0 None None] Dynamic interval looping call 'nova.service.Service.periodic_tasks' sleeping for 60.00 seconds {{(pid=109767) _run_loop /opt/stack/data/venv/lib/python3.12/site-packages/oslo_service/backend/_threading/loopingcall.py:125}}
May 01 02:50:34.506949 np0000171445 nova-scheduler[109760]: DEBUG oslo.service.backend._threading.loopingcall [-] Fixed interval looping call 'nova.servicegroup.drivers.db.DbDriver._report_state' sleeping for 119.99 seconds {{(pid=109760) _run_loop /opt/stack/data/venv/lib/python3.12/site-packages/oslo_service/backend/_threading/loopingcall.py:125}}
May 01 02:50:34.507600 np0000171445 nova-scheduler[109767]: DEBUG oslo.service.backend._threading.loopingcall [-] Fixed interval looping call 'nova.servicegroup.drivers.db.DbDriver._report_state' sleeping for 119.99 seconds {{(pid=109767) _run_loop /opt/stack/data/venv/lib/python3.12/site-packages/oslo_service/backend/_threading/loopingcall.py:125}}
May 01 02:50:34.517488 np0000171445 nova-scheduler[109776]: DEBUG oslo.service.backend._threading.loopingcall [-] Fixed interval looping call 'nova.servicegroup.drivers.db.DbDriver._report_state' sleeping for 120.00 seconds {{(pid=109776) _run_loop /opt/stack/data/venv/lib/python3.12/site-packages/oslo_service/backend/_threading/loopingcall.py:125}}
May 01 02:50:34.530302 np0000171445 nova-scheduler[109749]: DEBUG oslo.service.backend._threading.loopingcall [-] Fixed interval looping call 'nova.servicegroup.drivers.db.DbDriver._report_state' sleeping for 120.00 seconds {{(pid=109749) _run_loop /opt/stack/data/venv/lib/python3.12/site-packages/oslo_service/backend/_threading/loopingcall.py:125}}
May 01 02:50:44.501845 np0000171445 nova-scheduler[109760]: DEBUG dbcounter [-] [109760] Writing DB stats nova_cell0:SELECT=1,nova_cell0:UPDATE=1 {{(pid=109760) stat_writer /opt/stack/data/venv/lib/python3.12/site-packages/dbcounter.py:115}}
May 01 02:50:44.504549 np0000171445 nova-scheduler[109767]: DEBUG dbcounter [-] [109767] Writing DB stats nova_cell0:SELECT=1,nova_cell0:UPDATE=1 {{(pid=109767) stat_writer /opt/stack/data/venv/lib/python3.12/site-packages/dbcounter.py:115}}
