Apr 04 10:34:10.943176 np0000163506 nova-scheduler[107496]: DEBUG cotyledon.oslo_config_glue [-] vnc.server_proxyclient_address = 127.0.0.1 {{(pid=107496) log_opt_values /opt/stack/data/venv/lib/python3.12/site-packages/oslo_config/cfg.py:3006}}
Apr 04 10:34:10.943176 np0000163506 nova-scheduler[107496]: DEBUG cotyledon.oslo_config_glue [-] vnc.vencrypt_ca_certs = None {{(pid=107496) log_opt_values /opt/stack/data/venv/lib/python3.12/site-packages/oslo_config/cfg.py:3006}}
Apr 04 10:34:10.943176 np0000163506 nova-scheduler[107496]: DEBUG cotyledon.oslo_config_glue [-] vnc.vencrypt_client_cert = None {{(pid=107496) log_opt_values /opt/stack/data/venv/lib/python3.12/site-packages/oslo_config/cfg.py:3006}}
Apr 04 10:34:10.943176 np0000163506 nova-scheduler[107496]: DEBUG cotyledon.oslo_config_glue [-] vnc.vencrypt_client_key = None {{(pid=107496) log_opt_values /opt/stack/data/venv/lib/python3.12/site-packages/oslo_config/cfg.py:3006}}
Apr 04 10:34:10.943176 np0000163506 nova-scheduler[107496]: DEBUG cotyledon.oslo_config_glue [-] workarounds.disable_compute_service_check_for_ffu = False {{(pid=107496) log_opt_values /opt/stack/data/venv/lib/python3.12/site-packages/oslo_config/cfg.py:3006}}
Apr 04 10:34:10.943176 np0000163506 nova-scheduler[107496]: DEBUG cotyledon.oslo_config_glue [-] workarounds.disable_deep_image_inspection = False {{(pid=107496) log_opt_values /opt/stack/data/venv/lib/python3.12/site-packages/oslo_config/cfg.py:3006}}
Apr 04 10:34:10.943394 np0000163506 nova-scheduler[107496]: DEBUG cotyledon.oslo_config_glue [-] workarounds.disable_fallback_pcpu_query = False {{(pid=107496) log_opt_values /opt/stack/data/venv/lib/python3.12/site-packages/oslo_config/cfg.py:3006}}
Apr 04 10:34:10.943394 np0000163506 nova-scheduler[107496]: DEBUG cotyledon.oslo_config_glue [-] workarounds.disable_group_policy_check_upcall = False {{(pid=107496) log_opt_values /opt/stack/data/venv/lib/python3.12/site-packages/oslo_config/cfg.py:3006}}
Apr 04 10:34:10.943394 np0000163506 nova-scheduler[107496]: DEBUG cotyledon.oslo_config_glue [-] workarounds.disable_libvirt_livesnapshot = False {{(pid=107496) log_opt_values /opt/stack/data/venv/lib/python3.12/site-packages/oslo_config/cfg.py:3006}}
Apr 04 10:34:10.943394 np0000163506 nova-scheduler[107496]: DEBUG cotyledon.oslo_config_glue [-] workarounds.disable_rootwrap = False {{(pid=107496) log_opt_values /opt/stack/data/venv/lib/python3.12/site-packages/oslo_config/cfg.py:3006}}
Apr 04 10:34:10.943394 np0000163506 nova-scheduler[107496]: DEBUG cotyledon.oslo_config_glue [-] workarounds.enable_numa_live_migration = False {{(pid=107496) log_opt_values /opt/stack/data/venv/lib/python3.12/site-packages/oslo_config/cfg.py:3006}}
Apr 04 10:34:10.943394 np0000163506 nova-scheduler[107496]: DEBUG cotyledon.oslo_config_glue [-] workarounds.enable_qemu_monitor_announce_self = False {{(pid=107496) log_opt_values /opt/stack/data/venv/lib/python3.12/site-packages/oslo_config/cfg.py:3006}}
Apr 04 10:34:10.943394 np0000163506 nova-scheduler[107496]: DEBUG cotyledon.oslo_config_glue [-] workarounds.ensure_libvirt_rbd_instance_dir_cleanup = False {{(pid=107496) log_opt_values /opt/stack/data/venv/lib/python3.12/site-packages/oslo_config/cfg.py:3006}}
Apr 04 10:34:10.943394 np0000163506 nova-scheduler[107496]: DEBUG cotyledon.oslo_config_glue [-] workarounds.handle_virt_lifecycle_events = True {{(pid=107496) log_opt_values /opt/stack/data/venv/lib/python3.12/site-packages/oslo_config/cfg.py:3006}}
Apr 04 10:34:10.943394 np0000163506 nova-scheduler[107496]: DEBUG cotyledon.oslo_config_glue [-] workarounds.libvirt_disable_apic = False {{(pid=107496) log_opt_values /opt/stack/data/venv/lib/python3.12/site-packages/oslo_config/cfg.py:3006}}
Apr 04 10:34:10.943603 np0000163506 nova-scheduler[107496]: DEBUG cotyledon.oslo_config_glue [-] workarounds.never_download_image_if_on_rbd = False {{(pid=107496) log_opt_values /opt/stack/data/venv/lib/python3.12/site-packages/oslo_config/cfg.py:3006}}
Apr 04 10:34:10.943603 np0000163506 nova-scheduler[107496]: DEBUG cotyledon.oslo_config_glue [-] workarounds.qemu_monitor_announce_self_count = 3 {{(pid=107496) log_opt_values /opt/stack/data/venv/lib/python3.12/site-packages/oslo_config/cfg.py:3006}}
Apr 04 10:34:10.943603 np0000163506 nova-scheduler[107496]: DEBUG cotyledon.oslo_config_glue [-] workarounds.qemu_monitor_announce_self_interval = 1 {{(pid=107496) log_opt_values /opt/stack/data/venv/lib/python3.12/site-packages/oslo_config/cfg.py:3006}}
Apr 04 10:34:10.943603 np0000163506 nova-scheduler[107496]: DEBUG cotyledon.oslo_config_glue [-] workarounds.reserve_disk_resource_for_image_cache = False {{(pid=107496) log_opt_values /opt/stack/data/venv/lib/python3.12/site-packages/oslo_config/cfg.py:3006}}
Apr 04 10:34:10.943603 np0000163506 nova-scheduler[107496]: DEBUG cotyledon.oslo_config_glue [-] workarounds.skip_cpu_compare_at_startup = False {{(pid=107496) log_opt_values /opt/stack/data/venv/lib/python3.12/site-packages/oslo_config/cfg.py:3006}}
Apr 04 10:34:10.943603 np0000163506 nova-scheduler[107496]: DEBUG cotyledon.oslo_config_glue [-] workarounds.skip_cpu_compare_on_dest = False {{(pid=107496) log_opt_values /opt/stack/data/venv/lib/python3.12/site-packages/oslo_config/cfg.py:3006}}
Apr 04 10:34:10.943603 np0000163506 nova-scheduler[107496]: DEBUG cotyledon.oslo_config_glue [-] workarounds.skip_hypervisor_version_check_on_lm = False {{(pid=107496) log_opt_values /opt/stack/data/venv/lib/python3.12/site-packages/oslo_config/cfg.py:3006}}
Apr 04 10:34:10.943603 np0000163506 nova-scheduler[107496]: DEBUG cotyledon.oslo_config_glue [-] workarounds.skip_reserve_in_use_ironic_nodes = False {{(pid=107496) log_opt_values /opt/stack/data/venv/lib/python3.12/site-packages/oslo_config/cfg.py:3006}}
Apr 04 10:34:10.943805 np0000163506 nova-scheduler[107496]: DEBUG cotyledon.oslo_config_glue [-] workarounds.unified_limits_count_pcpu_as_vcpu = False {{(pid=107496) log_opt_values /opt/stack/data/venv/lib/python3.12/site-packages/oslo_config/cfg.py:3006}}
Apr 04 10:34:10.943805 np0000163506 nova-scheduler[107496]: DEBUG cotyledon.oslo_config_glue [-] workarounds.wait_for_vif_plugged_event_during_hard_reboot = [] {{(pid=107496) log_opt_values /opt/stack/data/venv/lib/python3.12/site-packages/oslo_config/cfg.py:3006}}
Apr 04 10:34:10.943805 np0000163506 nova-scheduler[107496]: DEBUG cotyledon.oslo_config_glue [-] wsgi.api_paste_config = /etc/nova/api-paste.ini {{(pid=107496) log_opt_values /opt/stack/data/venv/lib/python3.12/site-packages/oslo_config/cfg.py:3006}}
Apr 04 10:34:10.943805 np0000163506 nova-scheduler[107496]: DEBUG cotyledon.oslo_config_glue [-] wsgi.secure_proxy_ssl_header = None {{(pid=107496) log_opt_values /opt/stack/data/venv/lib/python3.12/site-packages/oslo_config/cfg.py:3006}}
Apr 04 10:34:10.943805 np0000163506 nova-scheduler[107496]: DEBUG cotyledon.oslo_config_glue [-] zvm.ca_file = None {{(pid=107496) log_opt_values /opt/stack/data/venv/lib/python3.12/site-packages/oslo_config/cfg.py:3006}}
Apr 04 10:34:10.943805 np0000163506 nova-scheduler[107496]: DEBUG cotyledon.oslo_config_glue [-] zvm.cloud_connector_url = None {{(pid=107496) log_opt_values /opt/stack/data/venv/lib/python3.12/site-packages/oslo_config/cfg.py:3006}}
Apr 04 10:34:10.943805 np0000163506 nova-scheduler[107496]: DEBUG cotyledon.oslo_config_glue [-] zvm.image_tmp_path = /opt/stack/data/nova/images {{(pid=107496) log_opt_values /opt/stack/data/venv/lib/python3.12/site-packages/oslo_config/cfg.py:3006}}
Apr 04 10:34:10.943805 np0000163506 nova-scheduler[107496]: DEBUG cotyledon.oslo_config_glue [-] zvm.reachable_timeout = 300 {{(pid=107496) log_opt_values /opt/stack/data/venv/lib/python3.12/site-packages/oslo_config/cfg.py:3006}}
Apr 04 10:34:10.943805 np0000163506 nova-scheduler[107496]: DEBUG cotyledon.oslo_config_glue [-] oslo_versionedobjects.fatal_exception_format_errors = False {{(pid=107496) log_opt_values /opt/stack/data/venv/lib/python3.12/site-packages/oslo_config/cfg.py:3006}}
Apr 04 10:34:10.944020 np0000163506 nova-scheduler[107496]: DEBUG cotyledon.oslo_config_glue [-] oslo_middleware.http_basic_auth_user_file = /etc/htpasswd {{(pid=107496) log_opt_values /opt/stack/data/venv/lib/python3.12/site-packages/oslo_config/cfg.py:3006}}
Apr 04 10:34:10.944020 np0000163506 nova-scheduler[107496]: DEBUG cotyledon.oslo_config_glue [-] oslo_messaging_metrics.metrics_buffer_size = 1000 {{(pid=107496) log_opt_values /opt/stack/data/venv/lib/python3.12/site-packages/oslo_config/cfg.py:3006}}
Apr 04 10:34:10.944020 np0000163506 nova-scheduler[107496]: DEBUG cotyledon.oslo_config_glue [-] oslo_messaging_metrics.metrics_enabled = False {{(pid=107496) log_opt_values /opt/stack/data/venv/lib/python3.12/site-packages/oslo_config/cfg.py:3006}}
Apr 04 10:34:10.944020 np0000163506 nova-scheduler[107496]: DEBUG cotyledon.oslo_config_glue [-] oslo_messaging_metrics.metrics_process_name = {{(pid=107496) log_opt_values /opt/stack/data/venv/lib/python3.12/site-packages/oslo_config/cfg.py:3006}}
Apr 04 10:34:10.944020 np0000163506 nova-scheduler[107496]: DEBUG cotyledon.oslo_config_glue [-] oslo_messaging_metrics.metrics_socket_file = /var/tmp/metrics_collector.sock {{(pid=107496) log_opt_values /opt/stack/data/venv/lib/python3.12/site-packages/oslo_config/cfg.py:3006}}
Apr 04 10:34:10.944020 np0000163506 nova-scheduler[107496]: DEBUG cotyledon.oslo_config_glue [-] oslo_messaging_metrics.metrics_thread_stop_timeout = 10 {{(pid=107496) log_opt_values /opt/stack/data/venv/lib/python3.12/site-packages/oslo_config/cfg.py:3006}}
Apr 04 10:34:10.944020 np0000163506 nova-scheduler[107496]: DEBUG cotyledon.oslo_config_glue [-] profiler.connection_string = messaging:// {{(pid=107496) log_opt_values /opt/stack/data/venv/lib/python3.12/site-packages/oslo_config/cfg.py:3006}}
Apr 04 10:34:10.944020 np0000163506 nova-scheduler[107496]: DEBUG cotyledon.oslo_config_glue [-] profiler.enabled = False {{(pid=107496) log_opt_values /opt/stack/data/venv/lib/python3.12/site-packages/oslo_config/cfg.py:3006}}
Apr 04 10:34:10.944294 np0000163506 nova-scheduler[107496]: DEBUG cotyledon.oslo_config_glue [-] profiler.es_doc_type = notification {{(pid=107496) log_opt_values /opt/stack/data/venv/lib/python3.12/site-packages/oslo_config/cfg.py:3006}}
Apr 04 10:34:10.944294 np0000163506 nova-scheduler[107496]: DEBUG cotyledon.oslo_config_glue [-] profiler.es_scroll_size = 10000 {{(pid=107496) log_opt_values /opt/stack/data/venv/lib/python3.12/site-packages/oslo_config/cfg.py:3006}}
Apr 04 10:34:10.944294 np0000163506 nova-scheduler[107496]: DEBUG cotyledon.oslo_config_glue [-] profiler.es_scroll_time = 2m {{(pid=107496) log_opt_values /opt/stack/data/venv/lib/python3.12/site-packages/oslo_config/cfg.py:3006}}
Apr 04 10:34:10.944294 np0000163506 nova-scheduler[107496]: DEBUG cotyledon.oslo_config_glue [-] profiler.filter_error_trace = False {{(pid=107496) log_opt_values /opt/stack/data/venv/lib/python3.12/site-packages/oslo_config/cfg.py:3006}}
Apr 04 10:34:10.944294 np0000163506 nova-scheduler[107496]: DEBUG cotyledon.oslo_config_glue [-] profiler.hmac_keys = **** {{(pid=107496) log_opt_values /opt/stack/data/venv/lib/python3.12/site-packages/oslo_config/cfg.py:3006}}
Apr 04 10:34:10.944294 np0000163506 nova-scheduler[107496]: DEBUG cotyledon.oslo_config_glue [-] profiler.sentinel_service_name = mymaster {{(pid=107496) log_opt_values /opt/stack/data/venv/lib/python3.12/site-packages/oslo_config/cfg.py:3006}}
Apr 04 10:34:10.944294 np0000163506 nova-scheduler[107496]: DEBUG cotyledon.oslo_config_glue [-] profiler.socket_timeout = 0.1 {{(pid=107496) log_opt_values /opt/stack/data/venv/lib/python3.12/site-packages/oslo_config/cfg.py:3006}}
Apr 04 10:34:10.944294 np0000163506 nova-scheduler[107496]: DEBUG cotyledon.oslo_config_glue [-] profiler.trace_requests = False {{(pid=107496) log_opt_values /opt/stack/data/venv/lib/python3.12/site-packages/oslo_config/cfg.py:3006}}
Apr 04 10:34:10.944294 np0000163506 nova-scheduler[107496]: DEBUG cotyledon.oslo_config_glue [-] profiler.trace_sqlalchemy = False {{(pid=107496) log_opt_values /opt/stack/data/venv/lib/python3.12/site-packages/oslo_config/cfg.py:3006}}
Apr 04 10:34:10.945441 np0000163506 nova-scheduler[107496]: DEBUG cotyledon.oslo_config_glue [-] profiler_jaeger.process_tags = {} {{(pid=107496) log_opt_values /opt/stack/data/venv/lib/python3.12/site-packages/oslo_config/cfg.py:3006}}
Apr 04 10:34:10.945441 np0000163506 nova-scheduler[107496]: DEBUG cotyledon.oslo_config_glue [-] profiler_jaeger.service_name_prefix = None {{(pid=107496) log_opt_values /opt/stack/data/venv/lib/python3.12/site-packages/oslo_config/cfg.py:3006}}
Apr 04 10:34:10.945441 np0000163506 nova-scheduler[107496]: DEBUG cotyledon.oslo_config_glue [-] profiler_otlp.service_name_prefix = None {{(pid=107496) log_opt_values /opt/stack/data/venv/lib/python3.12/site-packages/oslo_config/cfg.py:3006}}
Apr 04 10:34:10.945441 np0000163506 nova-scheduler[107496]: DEBUG cotyledon.oslo_config_glue [-] oslo_messaging_rabbit.amqp_auto_delete = False {{(pid=107496) log_opt_values /opt/stack/data/venv/lib/python3.12/site-packages/oslo_config/cfg.py:3006}}
Apr 04 10:34:10.945441 np0000163506 nova-scheduler[107496]: DEBUG cotyledon.oslo_config_glue [-] oslo_messaging_rabbit.amqp_durable_queues = False {{(pid=107496) log_opt_values /opt/stack/data/venv/lib/python3.12/site-packages/oslo_config/cfg.py:3006}}
Apr 04 10:34:10.945441 np0000163506 nova-scheduler[107496]: DEBUG cotyledon.oslo_config_glue [-] oslo_messaging_rabbit.conn_pool_min_size = 2 {{(pid=107496) log_opt_values /opt/stack/data/venv/lib/python3.12/site-packages/oslo_config/cfg.py:3006}}
Apr 04 10:34:10.945441 np0000163506 nova-scheduler[107496]: DEBUG cotyledon.oslo_config_glue [-] oslo_messaging_rabbit.conn_pool_ttl = 1200 {{(pid=107496) log_opt_values /opt/stack/data/venv/lib/python3.12/site-packages/oslo_config/cfg.py:3006}}
Apr 04 10:34:10.945441 np0000163506 nova-scheduler[107496]: DEBUG cotyledon.oslo_config_glue [-] oslo_messaging_rabbit.direct_mandatory_flag = True {{(pid=107496) log_opt_values /opt/stack/data/venv/lib/python3.12/site-packages/oslo_config/cfg.py:3006}}
Apr 04 10:34:10.945441 np0000163506 nova-scheduler[107496]: DEBUG cotyledon.oslo_config_glue [-] oslo_messaging_rabbit.enable_cancel_on_failover = False {{(pid=107496) log_opt_values /opt/stack/data/venv/lib/python3.12/site-packages/oslo_config/cfg.py:3006}}
Apr 04 10:34:10.945674 np0000163506 nova-scheduler[107496]: DEBUG cotyledon.oslo_config_glue [-] oslo_messaging_rabbit.heartbeat_in_pthread = False {{(pid=107496) log_opt_values /opt/stack/data/venv/lib/python3.12/site-packages/oslo_config/cfg.py:3006}}
Apr 04 10:34:10.945674 np0000163506 nova-scheduler[107496]: DEBUG cotyledon.oslo_config_glue [-] oslo_messaging_rabbit.heartbeat_rate = 3 {{(pid=107496) log_opt_values /opt/stack/data/venv/lib/python3.12/site-packages/oslo_config/cfg.py:3006}}
Apr 04 10:34:10.945674 np0000163506 nova-scheduler[107496]: DEBUG cotyledon.oslo_config_glue [-] oslo_messaging_rabbit.heartbeat_timeout_threshold = 60 {{(pid=107496) log_opt_values /opt/stack/data/venv/lib/python3.12/site-packages/oslo_config/cfg.py:3006}}
Apr 04 10:34:10.945674 np0000163506 nova-scheduler[107496]: DEBUG cotyledon.oslo_config_glue [-] oslo_messaging_rabbit.hostname = np0000163506 {{(pid=107496) log_opt_values /opt/stack/data/venv/lib/python3.12/site-packages/oslo_config/cfg.py:3006}}
Apr 04 10:34:10.945674 np0000163506 nova-scheduler[107496]: DEBUG cotyledon.oslo_config_glue [-] oslo_messaging_rabbit.kombu_compression = None {{(pid=107496) log_opt_values /opt/stack/data/venv/lib/python3.12/site-packages/oslo_config/cfg.py:3006}}
Apr 04 10:34:10.945674 np0000163506 nova-scheduler[107496]: DEBUG cotyledon.oslo_config_glue [-] oslo_messaging_rabbit.kombu_failover_strategy = round-robin {{(pid=107496) log_opt_values /opt/stack/data/venv/lib/python3.12/site-packages/oslo_config/cfg.py:3006}}
Apr 04 10:34:10.945674 np0000163506 nova-scheduler[107496]: DEBUG cotyledon.oslo_config_glue [-] oslo_messaging_rabbit.kombu_missing_consumer_retry_timeout = 60 {{(pid=107496) log_opt_values /opt/stack/data/venv/lib/python3.12/site-packages/oslo_config/cfg.py:3006}}
Apr 04 10:34:10.945674 np0000163506 nova-scheduler[107496]: DEBUG cotyledon.oslo_config_glue [-] oslo_messaging_rabbit.kombu_reconnect_delay = 1.0 {{(pid=107496) log_opt_values /opt/stack/data/venv/lib/python3.12/site-packages/oslo_config/cfg.py:3006}}
Apr 04 10:34:10.945918 np0000163506 nova-scheduler[107496]: DEBUG cotyledon.oslo_config_glue [-] oslo_messaging_rabbit.kombu_reconnect_splay = 0.0 {{(pid=107496) log_opt_values /opt/stack/data/venv/lib/python3.12/site-packages/oslo_config/cfg.py:3006}}
Apr 04 10:34:10.945918 np0000163506 nova-scheduler[107496]: DEBUG cotyledon.oslo_config_glue [-] oslo_messaging_rabbit.processname = nova-scheduler {{(pid=107496) log_opt_values /opt/stack/data/venv/lib/python3.12/site-packages/oslo_config/cfg.py:3006}}
Apr 04 10:34:10.945918 np0000163506 nova-scheduler[107496]: DEBUG cotyledon.oslo_config_glue [-] oslo_messaging_rabbit.rabbit_ha_queues = False {{(pid=107496) log_opt_values /opt/stack/data/venv/lib/python3.12/site-packages/oslo_config/cfg.py:3006}}
Apr 04 10:34:10.945918 np0000163506 nova-scheduler[107496]: DEBUG cotyledon.oslo_config_glue [-] oslo_messaging_rabbit.rabbit_interval_max = 30 {{(pid=107496) log_opt_values /opt/stack/data/venv/lib/python3.12/site-packages/oslo_config/cfg.py:3006}}
Apr 04 10:34:10.945918 np0000163506 nova-scheduler[107496]: DEBUG cotyledon.oslo_config_glue [-] oslo_messaging_rabbit.rabbit_login_method = AMQPLAIN {{(pid=107496) log_opt_values /opt/stack/data/venv/lib/python3.12/site-packages/oslo_config/cfg.py:3006}}
Apr 04 10:34:10.945918 np0000163506 nova-scheduler[107496]: DEBUG cotyledon.oslo_config_glue [-] oslo_messaging_rabbit.rabbit_qos_prefetch_count = 0 {{(pid=107496) log_opt_values /opt/stack/data/venv/lib/python3.12/site-packages/oslo_config/cfg.py:3006}}
Apr 04 10:34:10.945918 np0000163506 nova-scheduler[107496]: DEBUG cotyledon.oslo_config_glue [-] oslo_messaging_rabbit.rabbit_quorum_delivery_limit = 0 {{(pid=107496) log_opt_values /opt/stack/data/venv/lib/python3.12/site-packages/oslo_config/cfg.py:3006}}
Apr 04 10:34:10.945918 np0000163506 nova-scheduler[107496]: DEBUG cotyledon.oslo_config_glue [-] oslo_messaging_rabbit.rabbit_quorum_max_memory_bytes = 0 {{(pid=107496) log_opt_values /opt/stack/data/venv/lib/python3.12/site-packages/oslo_config/cfg.py:3006}}
Apr 04 10:34:10.946473 np0000163506 nova-scheduler[107496]: DEBUG cotyledon.oslo_config_glue [-] oslo_messaging_rabbit.rabbit_quorum_max_memory_length = 0 {{(pid=107496) log_opt_values /opt/stack/data/venv/lib/python3.12/site-packages/oslo_config/cfg.py:3006}}
Apr 04 10:34:10.946473 np0000163506 nova-scheduler[107496]: DEBUG cotyledon.oslo_config_glue [-] oslo_messaging_rabbit.rabbit_quorum_queue = False {{(pid=107496) log_opt_values /opt/stack/data/venv/lib/python3.12/site-packages/oslo_config/cfg.py:3006}}
Apr 04 10:34:10.946473 np0000163506 nova-scheduler[107496]: DEBUG cotyledon.oslo_config_glue [-] oslo_messaging_rabbit.rabbit_retry_backoff = 2 {{(pid=107496) log_opt_values /opt/stack/data/venv/lib/python3.12/site-packages/oslo_config/cfg.py:3006}}
Apr 04 10:34:10.946473 np0000163506 nova-scheduler[107496]: DEBUG cotyledon.oslo_config_glue [-] oslo_messaging_rabbit.rabbit_retry_interval = 1 {{(pid=107496) log_opt_values /opt/stack/data/venv/lib/python3.12/site-packages/oslo_config/cfg.py:3006}}
Apr 04 10:34:10.946473 np0000163506 nova-scheduler[107496]: DEBUG cotyledon.oslo_config_glue [-] oslo_messaging_rabbit.rabbit_stream_fanout = False {{(pid=107496) log_opt_values /opt/stack/data/venv/lib/python3.12/site-packages/oslo_config/cfg.py:3006}}
Apr 04 10:34:10.946473 np0000163506 nova-scheduler[107496]: DEBUG cotyledon.oslo_config_glue [-] oslo_messaging_rabbit.rabbit_transient_queues_ttl = 1800 {{(pid=107496) log_opt_values /opt/stack/data/venv/lib/python3.12/site-packages/oslo_config/cfg.py:3006}}
Apr 04 10:34:10.946473 np0000163506 nova-scheduler[107496]: DEBUG cotyledon.oslo_config_glue [-] oslo_messaging_rabbit.rabbit_transient_quorum_queue = False {{(pid=107496) log_opt_values /opt/stack/data/venv/lib/python3.12/site-packages/oslo_config/cfg.py:3006}}
Apr 04 10:34:10.946473 np0000163506 nova-scheduler[107496]: DEBUG cotyledon.oslo_config_glue [-] oslo_messaging_rabbit.rpc_conn_pool_size = 30 {{(pid=107496) log_opt_values /opt/stack/data/venv/lib/python3.12/site-packages/oslo_config/cfg.py:3006}}
Apr 04 10:34:10.946473 np0000163506 nova-scheduler[107496]: DEBUG cotyledon.oslo_config_glue [-] oslo_messaging_rabbit.ssl = False {{(pid=107496) log_opt_values /opt/stack/data/venv/lib/python3.12/site-packages/oslo_config/cfg.py:3006}}
Apr 04 10:34:10.947552 np0000163506 nova-scheduler[107496]: DEBUG cotyledon.oslo_config_glue [-] oslo_messaging_rabbit.ssl_ca_file = {{(pid=107496) log_opt_values /opt/stack/data/venv/lib/python3.12/site-packages/oslo_config/cfg.py:3006}}
Apr 04 10:34:10.947552 np0000163506 nova-scheduler[107496]: DEBUG cotyledon.oslo_config_glue [-] oslo_messaging_rabbit.ssl_cert_file = {{(pid=107496) log_opt_values /opt/stack/data/venv/lib/python3.12/site-packages/oslo_config/cfg.py:3006}}
Apr 04 10:34:10.947552 np0000163506 nova-scheduler[107496]: DEBUG cotyledon.oslo_config_glue [-] oslo_messaging_rabbit.ssl_enforce_fips_mode = False {{(pid=107496) log_opt_values /opt/stack/data/venv/lib/python3.12/site-packages/oslo_config/cfg.py:3006}}
Apr 04 10:34:10.947552 np0000163506 nova-scheduler[107496]: DEBUG cotyledon.oslo_config_glue [-] oslo_messaging_rabbit.ssl_key_file = {{(pid=107496) log_opt_values /opt/stack/data/venv/lib/python3.12/site-packages/oslo_config/cfg.py:3006}}
Apr 04 10:34:10.947552 np0000163506 nova-scheduler[107496]: DEBUG cotyledon.oslo_config_glue [-] oslo_messaging_rabbit.ssl_version = {{(pid=107496) log_opt_values /opt/stack/data/venv/lib/python3.12/site-packages/oslo_config/cfg.py:3006}}
Apr 04 10:34:10.947552 np0000163506 nova-scheduler[107496]: DEBUG cotyledon.oslo_config_glue [-] oslo_messaging_rabbit.use_queue_manager = False {{(pid=107496) log_opt_values /opt/stack/data/venv/lib/python3.12/site-packages/oslo_config/cfg.py:3006}}
Apr 04 10:34:10.947552 np0000163506 nova-scheduler[107496]: DEBUG cotyledon.oslo_config_glue [-] oslo_messaging_notifications.driver = ['messagingv2'] {{(pid=107496) log_opt_values /opt/stack/data/venv/lib/python3.12/site-packages/oslo_config/cfg.py:3006}}
Apr 04 10:34:10.947552 np0000163506 nova-scheduler[107496]: DEBUG cotyledon.oslo_config_glue [-] oslo_messaging_notifications.retry = -1 {{(pid=107496) log_opt_values /opt/stack/data/venv/lib/python3.12/site-packages/oslo_config/cfg.py:3006}}
Apr 04 10:34:10.947552 np0000163506 nova-scheduler[107496]: DEBUG cotyledon.oslo_config_glue [-] oslo_messaging_notifications.topics = ['notifications'] {{(pid=107496) log_opt_values /opt/stack/data/venv/lib/python3.12/site-packages/oslo_config/cfg.py:3006}}
Apr 04 10:34:10.948139 np0000163506 nova-scheduler[107496]: DEBUG cotyledon.oslo_config_glue [-] oslo_messaging_notifications.transport_url = **** {{(pid=107496) log_opt_values /opt/stack/data/venv/lib/python3.12/site-packages/oslo_config/cfg.py:3006}}
Apr 04 10:34:10.948139 np0000163506 nova-scheduler[107496]: DEBUG cotyledon.oslo_config_glue [-] oslo_limit.auth_section = None {{(pid=107496) log_opt_values /opt/stack/data/venv/lib/python3.12/site-packages/oslo_config/cfg.py:3006}}
Apr 04 10:34:10.948139 np0000163506 nova-scheduler[107496]: DEBUG cotyledon.oslo_config_glue [-] oslo_limit.auth_type = None {{(pid=107496) log_opt_values /opt/stack/data/venv/lib/python3.12/site-packages/oslo_config/cfg.py:3006}}
Apr 04 10:34:10.948139 np0000163506 nova-scheduler[107496]: DEBUG cotyledon.oslo_config_glue [-] oslo_limit.cafile = None {{(pid=107496) log_opt_values /opt/stack/data/venv/lib/python3.12/site-packages/oslo_config/cfg.py:3006}}
Apr 04 10:34:10.948139 np0000163506 nova-scheduler[107496]: DEBUG cotyledon.oslo_config_glue [-] oslo_limit.certfile = None {{(pid=107496) log_opt_values /opt/stack/data/venv/lib/python3.12/site-packages/oslo_config/cfg.py:3006}}
Apr 04 10:34:10.948139 np0000163506 nova-scheduler[107496]: DEBUG cotyledon.oslo_config_glue [-] oslo_limit.collect_timing = False {{(pid=107496) log_opt_values /opt/stack/data/venv/lib/python3.12/site-packages/oslo_config/cfg.py:3006}}
Apr 04 10:34:10.948139 np0000163506 nova-scheduler[107496]: DEBUG cotyledon.oslo_config_glue [-] oslo_limit.connect_retries = None {{(pid=107496) log_opt_values /opt/stack/data/venv/lib/python3.12/site-packages/oslo_config/cfg.py:3006}}
Apr 04 10:34:10.948139 np0000163506 nova-scheduler[107496]: DEBUG cotyledon.oslo_config_glue [-] oslo_limit.connect_retry_delay = None {{(pid=107496) log_opt_values /opt/stack/data/venv/lib/python3.12/site-packages/oslo_config/cfg.py:3006}}
Apr 04 10:34:10.948139 np0000163506 nova-scheduler[107496]: DEBUG cotyledon.oslo_config_glue [-] oslo_limit.endpoint_id = None {{(pid=107496) log_opt_values /opt/stack/data/venv/lib/python3.12/site-packages/oslo_config/cfg.py:3006}}
Apr 04 10:34:10.949125 np0000163506 nova-scheduler[107496]: DEBUG cotyledon.oslo_config_glue [-] oslo_limit.endpoint_interface = public {{(pid=107496) log_opt_values /opt/stack/data/venv/lib/python3.12/site-packages/oslo_config/cfg.py:3006}}
Apr 04 10:34:10.949125 np0000163506 nova-scheduler[107496]: DEBUG cotyledon.oslo_config_glue [-] oslo_limit.endpoint_override = None {{(pid=107496) log_opt_values /opt/stack/data/venv/lib/python3.12/site-packages/oslo_config/cfg.py:3006}}
Apr 04 10:34:10.949125 np0000163506 nova-scheduler[107496]: DEBUG cotyledon.oslo_config_glue [-] oslo_limit.endpoint_region_name = None {{(pid=107496) log_opt_values /opt/stack/data/venv/lib/python3.12/site-packages/oslo_config/cfg.py:3006}}
Apr 04 10:34:10.949125 np0000163506 nova-scheduler[107496]: DEBUG cotyledon.oslo_config_glue [-] oslo_limit.endpoint_service_name = None {{(pid=107496) log_opt_values /opt/stack/data/venv/lib/python3.12/site-packages/oslo_config/cfg.py:3006}}
Apr 04 10:34:10.949125 np0000163506 nova-scheduler[107496]: DEBUG cotyledon.oslo_config_glue [-] oslo_limit.endpoint_service_type = None {{(pid=107496) log_opt_values /opt/stack/data/venv/lib/python3.12/site-packages/oslo_config/cfg.py:3006}}
Apr 04 10:34:10.949125 np0000163506 nova-scheduler[107496]: DEBUG cotyledon.oslo_config_glue [-] oslo_limit.insecure = False {{(pid=107496) log_opt_values /opt/stack/data/venv/lib/python3.12/site-packages/oslo_config/cfg.py:3006}}
Apr 04 10:34:10.949125 np0000163506 nova-scheduler[107496]: DEBUG cotyledon.oslo_config_glue [-] oslo_limit.keyfile = None {{(pid=107496) log_opt_values /opt/stack/data/venv/lib/python3.12/site-packages/oslo_config/cfg.py:3006}}
Apr 04 10:34:10.949125 np0000163506 nova-scheduler[107496]: DEBUG cotyledon.oslo_config_glue [-] oslo_limit.max_version = None {{(pid=107496) log_opt_values /opt/stack/data/venv/lib/python3.12/site-packages/oslo_config/cfg.py:3006}}
Apr 04 10:34:10.949125 np0000163506 nova-scheduler[107496]: DEBUG cotyledon.oslo_config_glue [-] oslo_limit.min_version = None {{(pid=107496) log_opt_values /opt/stack/data/venv/lib/python3.12/site-packages/oslo_config/cfg.py:3006}}
Apr 04 10:34:10.949756 np0000163506 nova-scheduler[107496]: DEBUG cotyledon.oslo_config_glue [-] oslo_limit.region_name = None {{(pid=107496) log_opt_values /opt/stack/data/venv/lib/python3.12/site-packages/oslo_config/cfg.py:3006}}
Apr 04 10:34:10.949756 np0000163506 nova-scheduler[107496]: DEBUG cotyledon.oslo_config_glue [-] oslo_limit.retriable_status_codes = None {{(pid=107496) log_opt_values /opt/stack/data/venv/lib/python3.12/site-packages/oslo_config/cfg.py:3006}}
Apr 04 10:34:10.949756 np0000163506 nova-scheduler[107496]: DEBUG cotyledon.oslo_config_glue [-] oslo_limit.service_name = None {{(pid=107496) log_opt_values /opt/stack/data/venv/lib/python3.12/site-packages/oslo_config/cfg.py:3006}}
Apr 04 10:34:10.949756 np0000163506 nova-scheduler[107496]: DEBUG cotyledon.oslo_config_glue [-] oslo_limit.service_type = None {{(pid=107496) log_opt_values /opt/stack/data/venv/lib/python3.12/site-packages/oslo_config/cfg.py:3006}}
Apr 04 10:34:10.949756 np0000163506 nova-scheduler[107496]: DEBUG cotyledon.oslo_config_glue [-] oslo_limit.split_loggers = False {{(pid=107496) log_opt_values /opt/stack/data/venv/lib/python3.12/site-packages/oslo_config/cfg.py:3006}}
Apr 04 10:34:10.949756 np0000163506 nova-scheduler[107496]: DEBUG cotyledon.oslo_config_glue [-] oslo_limit.status_code_retries = None {{(pid=107496) log_opt_values /opt/stack/data/venv/lib/python3.12/site-packages/oslo_config/cfg.py:3006}}
Apr 04 10:34:10.949756 np0000163506 nova-scheduler[107496]: DEBUG cotyledon.oslo_config_glue [-] oslo_limit.status_code_retry_delay = None {{(pid=107496) log_opt_values /opt/stack/data/venv/lib/python3.12/site-packages/oslo_config/cfg.py:3006}}
Apr 04 10:34:10.949756 np0000163506 nova-scheduler[107496]: DEBUG cotyledon.oslo_config_glue [-] oslo_limit.timeout = None {{(pid=107496) log_opt_values /opt/stack/data/venv/lib/python3.12/site-packages/oslo_config/cfg.py:3006}}
Apr 04 10:34:10.949756 np0000163506 nova-scheduler[107496]: DEBUG cotyledon.oslo_config_glue [-] oslo_limit.valid_interfaces = None {{(pid=107496) log_opt_values /opt/stack/data/venv/lib/python3.12/site-packages/oslo_config/cfg.py:3006}}
Apr 04 10:34:10.950310 np0000163506 nova-scheduler[107496]: DEBUG cotyledon.oslo_config_glue [-] oslo_limit.version = None {{(pid=107496) log_opt_values /opt/stack/data/venv/lib/python3.12/site-packages/oslo_config/cfg.py:3006}}
Apr 04 10:34:10.950310 np0000163506 nova-scheduler[107496]: DEBUG cotyledon.oslo_config_glue [-] oslo_reports.file_event_handler = None {{(pid=107496) log_opt_values /opt/stack/data/venv/lib/python3.12/site-packages/oslo_config/cfg.py:3006}}
Apr 04 10:34:10.950310 np0000163506 nova-scheduler[107496]: DEBUG cotyledon.oslo_config_glue [-] oslo_reports.file_event_handler_interval = 1 {{(pid=107496) log_opt_values /opt/stack/data/venv/lib/python3.12/site-packages/oslo_config/cfg.py:3006}}
Apr 04 10:34:10.950310 np0000163506 nova-scheduler[107496]: DEBUG cotyledon.oslo_config_glue [-] oslo_reports.log_dir = None {{(pid=107496) log_opt_values /opt/stack/data/venv/lib/python3.12/site-packages/oslo_config/cfg.py:3006}}
Apr 04 10:34:10.950310 np0000163506 nova-scheduler[107496]: DEBUG cotyledon.oslo_config_glue [-] ******************************************************************************** {{(pid=107496) log_opt_values /opt/stack/data/venv/lib/python3.12/site-packages/oslo_config/cfg.py:3013}}
Apr 04 10:34:10.950310 np0000163506 nova-scheduler[107496]: DEBUG cotyledon._service_worker [-] Run service ServiceWrapper(3) [107496] {{(pid=107496) wait_forever /opt/stack/data/venv/lib/python3.12/site-packages/cotyledon/_service_worker.py:218}}
Apr 04 10:34:10.950466 np0000163506 nova-scheduler[107479]: DEBUG dbcounter [-] [107479] Writer thread running {{(pid=107479) stat_writer /opt/stack/data/venv/lib/python3.12/site-packages/dbcounter.py:102}}
Apr 04 10:34:10.950496 np0000163506 nova-scheduler[107496]: INFO nova.service [-] Starting scheduler node (version 33.1.0)
Apr 04 10:34:10.950524 np0000163506 nova-scheduler[107479]: DEBUG nova.service [None req-2af1f184-cb2d-443d-a9d5-e3676f91df73 None None] Creating RPC server for service: nova-scheduler on topic: scheduler {{(pid=107479) start /opt/stack/nova/nova/service.py:195}}
Apr 04 10:34:10.950552 np0000163506 nova-scheduler[107486]: DEBUG dbcounter [-] [107486] Writer thread running {{(pid=107486) stat_writer /opt/stack/data/venv/lib/python3.12/site-packages/dbcounter.py:102}}
Apr 04 10:34:10.950552 np0000163506 nova-scheduler[107486]: DEBUG nova.service [None req-3177fa92-8efa-43f3-a20a-d0e4a052d0cb None None] Creating RPC server for service: nova-scheduler on topic: scheduler {{(pid=107486) start /opt/stack/nova/nova/service.py:195}}
Apr 04 10:34:10.950609 np0000163506 nova-scheduler[107496]: INFO dbcounter [None req-dfa5b899-72f4-4d1f-b99c-434342ae2f2a None None] Registered counter for database nova_cell0
Apr 04 10:34:10.953229 np0000163506 nova-scheduler[107496]: DEBUG oslo_db.sqlalchemy.engines [None req-dfa5b899-72f4-4d1f-b99c-434342ae2f2a None None] MySQL server mode set to STRICT_TRANS_TABLES,STRICT_ALL_TABLES,NO_ZERO_IN_DATE,NO_ZERO_DATE,ERROR_FOR_DIVISION_BY_ZERO,TRADITIONAL,NO_ENGINE_SUBSTITUTION {{(pid=107496) _check_effective_sql_mode /opt/stack/data/venv/lib/python3.12/site-packages/oslo_db/sqlalchemy/engines.py:325}}
Apr 04 10:34:10.959140 np0000163506 nova-scheduler[107486]: DEBUG nova.service [None req-3177fa92-8efa-43f3-a20a-d0e4a052d0cb None None] Join ServiceGroup membership for this service scheduler {{(pid=107486) start /opt/stack/nova/nova/service.py:221}}
Apr 04 10:34:10.959380 np0000163506 nova-scheduler[107486]: DEBUG nova.servicegroup.drivers.db [None req-3177fa92-8efa-43f3-a20a-d0e4a052d0cb None None] DB_Driver: join new ServiceGroup member np0000163506 to the scheduler group, service = {{(pid=107486) join /opt/stack/nova/nova/servicegroup/drivers/db.py:44}}
Apr 04 10:34:10.960792 np0000163506 nova-scheduler[107472]: DEBUG nova.service [None req-253a0f2e-39ae-416f-8b62-d2a7957c810b None None] Join ServiceGroup membership for this service scheduler {{(pid=107472) start /opt/stack/nova/nova/service.py:221}}
Apr 04 10:34:10.961010 np0000163506 nova-scheduler[107472]: DEBUG nova.servicegroup.drivers.db [None req-253a0f2e-39ae-416f-8b62-d2a7957c810b None None] DB_Driver: join new ServiceGroup member np0000163506 to the scheduler group, service = {{(pid=107472) join /opt/stack/nova/nova/servicegroup/drivers/db.py:44}}
Apr 04 10:34:10.963643 np0000163506 nova-scheduler[107472]: DEBUG oslo.service.backend._threading.loopingcall [None req-70e4d4e2-924e-4a21-acb8-5a991b64b504 None None] Dynamic interval looping call 'nova.service.Service.periodic_tasks' sleeping for 60.00 seconds {{(pid=107472) _run_loop /opt/stack/data/venv/lib/python3.12/site-packages/oslo_service/backend/_threading/loopingcall.py:125}}
Apr 04 10:34:10.964608 np0000163506 nova-scheduler[107496]: DEBUG dbcounter [-] [107496] Writer thread running {{(pid=107496) stat_writer /opt/stack/data/venv/lib/python3.12/site-packages/dbcounter.py:102}}
Apr 04 10:34:10.967947 np0000163506 nova-scheduler[107496]: DEBUG nova.service [None req-dfa5b899-72f4-4d1f-b99c-434342ae2f2a None None] Creating RPC server for service: nova-scheduler on topic: scheduler {{(pid=107496) start /opt/stack/nova/nova/service.py:195}}
Apr 04 10:34:10.970334 np0000163506 nova-scheduler[107479]: DEBUG nova.service [None req-2af1f184-cb2d-443d-a9d5-e3676f91df73 None None] Join ServiceGroup membership for this service scheduler {{(pid=107479) start /opt/stack/nova/nova/service.py:221}}
Apr 04 10:34:10.970658 np0000163506 nova-scheduler[107479]: DEBUG nova.servicegroup.drivers.db [None req-2af1f184-cb2d-443d-a9d5-e3676f91df73 None None] DB_Driver: join new ServiceGroup member np0000163506 to the scheduler group, service = {{(pid=107479) join /opt/stack/nova/nova/servicegroup/drivers/db.py:44}}
Apr 04 10:34:10.987048 np0000163506 nova-scheduler[107496]: DEBUG nova.service [None req-dfa5b899-72f4-4d1f-b99c-434342ae2f2a None None] Join ServiceGroup membership for this service scheduler {{(pid=107496) start /opt/stack/nova/nova/service.py:221}}
Apr 04 10:34:10.987343 np0000163506 nova-scheduler[107496]: DEBUG nova.servicegroup.drivers.db [None req-dfa5b899-72f4-4d1f-b99c-434342ae2f2a None None] DB_Driver: join new ServiceGroup member np0000163506 to the scheduler group, service = {{(pid=107496) join /opt/stack/nova/nova/servicegroup/drivers/db.py:44}}
Apr 04 10:34:13.975015 np0000163506 nova-scheduler[107479]: DEBUG oslo.service.backend._threading.loopingcall [None req-d49ff488-c2a7-4226-8706-b360910ec963 None None] Dynamic interval looping call 'nova.service.Service.periodic_tasks' sleeping for 60.00 seconds {{(pid=107479) _run_loop /opt/stack/data/venv/lib/python3.12/site-packages/oslo_service/backend/_threading/loopingcall.py:125}}
Apr 04 10:34:15.982933 np0000163506 nova-scheduler[107472]: DEBUG oslo.service.backend._threading.loopingcall [-] Fixed interval looping call 'nova.servicegroup.drivers.db.DbDriver._report_state' sleeping for 119.98 seconds {{(pid=107472) _run_loop /opt/stack/data/venv/lib/python3.12/site-packages/oslo_service/backend/_threading/loopingcall.py:125}}
Apr 04 10:34:15.984376 np0000163506 nova-scheduler[107486]: DEBUG oslo.service.backend._threading.loopingcall [-] Fixed interval looping call 'nova.servicegroup.drivers.db.DbDriver._report_state' sleeping for 119.98 seconds {{(pid=107486) _run_loop /opt/stack/data/venv/lib/python3.12/site-packages/oslo_service/backend/_threading/loopingcall.py:125}}
Apr 04 10:34:15.988374 np0000163506 nova-scheduler[107479]: DEBUG oslo.service.backend._threading.loopingcall [-] Fixed interval looping call 'nova.servicegroup.drivers.db.DbDriver._report_state' sleeping for 119.99 seconds {{(pid=107479) _run_loop /opt/stack/data/venv/lib/python3.12/site-packages/oslo_service/backend/_threading/loopingcall.py:125}}
Apr 04 10:34:16.000673 np0000163506 nova-scheduler[107496]: DEBUG oslo.service.backend._threading.loopingcall [-] Fixed interval looping call 'nova.servicegroup.drivers.db.DbDriver._report_state' sleeping for 119.99 seconds {{(pid=107496) _run_loop /opt/stack/data/venv/lib/python3.12/site-packages/oslo_service/backend/_threading/loopingcall.py:125}}
Apr 04 10:34:17.963276 np0000163506 nova-scheduler[107486]: DEBUG oslo.service.backend._threading.loopingcall [None req-bbb8f421-22ac-4025-8606-fe145408c09a None None] Dynamic interval looping call 'nova.service.Service.periodic_tasks' sleeping for 60.00 seconds {{(pid=107486) _run_loop /opt/stack/data/venv/lib/python3.12/site-packages/oslo_service/backend/_threading/loopingcall.py:125}}
Apr 04 10:34:19.580373 np0000163506 nova-scheduler[106753]: DEBUG dbcounter [-] [106753] Writing DB stats nova_api:SELECT=3 {{(pid=106753) stat_writer /opt/stack/data/venv/lib/python3.12/site-packages/dbcounter.py:115}}
Apr 04 10:34:19.681076 np0000163506 nova-scheduler[106753]: DEBUG dbcounter [-] [106753] Writing DB stats nova_cell1:SELECT=1 {{(pid=106753) stat_writer /opt/stack/data/venv/lib/python3.12/site-packages/dbcounter.py:115}}
Apr 04 10:34:19.688211 np0000163506 nova-scheduler[106753]: DEBUG dbcounter [-] [106753] Writing DB stats nova_cell0:SELECT=1 {{(pid=106753) stat_writer /opt/stack/data/venv/lib/python3.12/site-packages/dbcounter.py:115}}
Apr 04 10:34:25.975609 np0000163506 nova-scheduler[107472]: DEBUG dbcounter [-] [107472] Writing DB stats nova_cell0:SELECT=4,nova_cell0:INSERT=1,nova_cell0:UPDATE=1 {{(pid=107472) stat_writer /opt/stack/data/venv/lib/python3.12/site-packages/dbcounter.py:115}}
Apr 04 10:34:25.977742 np0000163506 nova-scheduler[107486]: DEBUG dbcounter [-] [107486] Writing DB stats nova_cell0:SELECT=3,nova_cell0:UPDATE=1 {{(pid=107486) stat_writer /opt/stack/data/venv/lib/python3.12/site-packages/dbcounter.py:115}}
Apr 04 10:34:25.985471 np0000163506 nova-scheduler[107479]: DEBUG dbcounter [-] [107479] Writing DB stats nova_cell0:SELECT=3 {{(pid=107479) stat_writer /opt/stack/data/venv/lib/python3.12/site-packages/dbcounter.py:115}}
Apr 04 10:34:25.997785 np0000163506 nova-scheduler[107496]: DEBUG dbcounter [-] [107496] Writing DB stats nova_cell0:SELECT=3 {{(pid=107496) stat_writer /opt/stack/data/venv/lib/python3.12/site-packages/dbcounter.py:115}}
Apr 04 10:34:35.990065 np0000163506 nova-scheduler[107496]: DEBUG oslo.service.backend._threading.loopingcall [None req-eb736cef-85da-46b0-ae3f-b0ba0913ec77 None None] Dynamic interval looping call 'nova.service.Service.periodic_tasks' sleeping for 60.00 seconds {{(pid=107496) _run_loop /opt/stack/data/venv/lib/python3.12/site-packages/oslo_service/backend/_threading/loopingcall.py:125}}
Apr 04 10:35:10.964629 np0000163506 nova-scheduler[107472]: DEBUG oslo.service.backend._threading.loopingcall [None req-70e4d4e2-924e-4a21-acb8-5a991b64b504 None None] Dynamic interval looping call 'nova.service.Service.periodic_tasks' sleeping for 60.00 seconds {{(pid=107472) _run_loop /opt/stack/data/venv/lib/python3.12/site-packages/oslo_service/backend/_threading/loopingcall.py:125}}
Apr 04 10:35:13.975945 np0000163506 nova-scheduler[107479]: DEBUG oslo.service.backend._threading.loopingcall [None req-d49ff488-c2a7-4226-8706-b360910ec963 None None] Dynamic interval looping call 'nova.service.Service.periodic_tasks' sleeping for 60.00 seconds {{(pid=107479) _run_loop /opt/stack/data/venv/lib/python3.12/site-packages/oslo_service/backend/_threading/loopingcall.py:125}}
Apr 04 10:35:17.964344 np0000163506 nova-scheduler[107486]: DEBUG oslo.service.backend._threading.loopingcall [None req-bbb8f421-22ac-4025-8606-fe145408c09a None None] Dynamic interval looping call 'nova.service.Service.periodic_tasks' sleeping for 60.00 seconds {{(pid=107486) _run_loop /opt/stack/data/venv/lib/python3.12/site-packages/oslo_service/backend/_threading/loopingcall.py:125}}
Apr 04 10:35:35.990836 np0000163506 nova-scheduler[107496]: DEBUG oslo.service.backend._threading.loopingcall [None req-eb736cef-85da-46b0-ae3f-b0ba0913ec77 None None] Dynamic interval looping call 'nova.service.Service.periodic_tasks' sleeping for 60.00 seconds {{(pid=107496) _run_loop /opt/stack/data/venv/lib/python3.12/site-packages/oslo_service/backend/_threading/loopingcall.py:125}}
Apr 04 10:36:10.965406 np0000163506 nova-scheduler[107472]: DEBUG oslo.service.backend._threading.loopingcall [None req-70e4d4e2-924e-4a21-acb8-5a991b64b504 None None] Dynamic interval looping call 'nova.service.Service.periodic_tasks' sleeping for 60.00 seconds {{(pid=107472) _run_loop /opt/stack/data/venv/lib/python3.12/site-packages/oslo_service/backend/_threading/loopingcall.py:125}}
Apr 04 10:36:13.976556 np0000163506 nova-scheduler[107479]: DEBUG oslo.service.backend._threading.loopingcall [None req-d49ff488-c2a7-4226-8706-b360910ec963 None None] Dynamic interval looping call 'nova.service.Service.periodic_tasks' sleeping for 60.00 seconds {{(pid=107479) _run_loop /opt/stack/data/venv/lib/python3.12/site-packages/oslo_service/backend/_threading/loopingcall.py:125}}
Apr 04 10:36:15.977092 np0000163506 nova-scheduler[107486]: DEBUG oslo.service.backend._threading.loopingcall [-] Fixed interval looping call 'nova.servicegroup.drivers.db.DbDriver._report_state' sleeping for 119.99 seconds {{(pid=107486) _run_loop /opt/stack/data/venv/lib/python3.12/site-packages/oslo_service/backend/_threading/loopingcall.py:125}}
Apr 04 10:36:15.978144 np0000163506 nova-scheduler[107472]: DEBUG oslo.service.backend._threading.loopingcall [-] Fixed interval looping call 'nova.servicegroup.drivers.db.DbDriver._report_state' sleeping for 119.99 seconds {{(pid=107472) _run_loop /opt/stack/data/venv/lib/python3.12/site-packages/oslo_service/backend/_threading/loopingcall.py:125}}
Apr 04 10:36:15.988960 np0000163506 nova-scheduler[107479]: DEBUG oslo.service.backend._threading.loopingcall [-] Fixed interval looping call 'nova.servicegroup.drivers.db.DbDriver._report_state' sleeping for 119.99 seconds {{(pid=107479) _run_loop /opt/stack/data/venv/lib/python3.12/site-packages/oslo_service/backend/_threading/loopingcall.py:125}}
Apr 04 10:36:15.999631 np0000163506 nova-scheduler[107496]: DEBUG oslo.service.backend._threading.loopingcall [-] Fixed interval looping call 'nova.servicegroup.drivers.db.DbDriver._report_state' sleeping for 119.99 seconds {{(pid=107496) _run_loop /opt/stack/data/venv/lib/python3.12/site-packages/oslo_service/backend/_threading/loopingcall.py:125}}
Apr 04 10:36:17.965123 np0000163506 nova-scheduler[107486]: DEBUG oslo.service.backend._threading.loopingcall [None req-bbb8f421-22ac-4025-8606-fe145408c09a None None] Dynamic interval looping call 'nova.service.Service.periodic_tasks' sleeping for 60.00 seconds {{(pid=107486) _run_loop /opt/stack/data/venv/lib/python3.12/site-packages/oslo_service/backend/_threading/loopingcall.py:125}}
Apr 04 10:36:25.971951 np0000163506 nova-scheduler[107486]: DEBUG dbcounter [-] [107486] Writing DB stats nova_cell0:SELECT=1,nova_cell0:UPDATE=1 {{(pid=107486) stat_writer /opt/stack/data/venv/lib/python3.12/site-packages/dbcounter.py:115}}
Apr 04 10:36:25.972621 np0000163506 nova-scheduler[107472]: DEBUG dbcounter [-] [107472] Writing DB stats nova_cell0:SELECT=1,nova_cell0:UPDATE=1 {{(pid=107472) stat_writer /opt/stack/data/venv/lib/python3.12/site-packages/dbcounter.py:115}}
Apr 04 10:36:25.985716 np0000163506 nova-scheduler[107479]: DEBUG dbcounter [-] [107479] Writing DB stats nova_cell0:SELECT=1 {{(pid=107479) stat_writer /opt/stack/data/venv/lib/python3.12/site-packages/dbcounter.py:115}}
Apr 04 10:36:25.996803 np0000163506 nova-scheduler[107496]: DEBUG dbcounter [-] [107496] Writing DB stats nova_cell0:SELECT=1 {{(pid=107496) stat_writer /opt/stack/data/venv/lib/python3.12/site-packages/dbcounter.py:115}}
Apr 04 10:36:35.991583 np0000163506 nova-scheduler[107496]: DEBUG oslo.service.backend._threading.loopingcall [None req-eb736cef-85da-46b0-ae3f-b0ba0913ec77 None None] Dynamic interval looping call 'nova.service.Service.periodic_tasks' sleeping for 60.00 seconds {{(pid=107496) _run_loop /opt/stack/data/venv/lib/python3.12/site-packages/oslo_service/backend/_threading/loopingcall.py:125}}
Apr 04 10:37:10.966146 np0000163506 nova-scheduler[107472]: DEBUG oslo.service.backend._threading.loopingcall [None req-70e4d4e2-924e-4a21-acb8-5a991b64b504 None None] Dynamic interval looping call 'nova.service.Service.periodic_tasks' sleeping for 60.00 seconds {{(pid=107472) _run_loop /opt/stack/data/venv/lib/python3.12/site-packages/oslo_service/backend/_threading/loopingcall.py:125}}
Apr 04 10:37:13.977321 np0000163506 nova-scheduler[107479]: DEBUG oslo.service.backend._threading.loopingcall [None req-d49ff488-c2a7-4226-8706-b360910ec963 None None] Dynamic interval looping call 'nova.service.Service.periodic_tasks' sleeping for 60.00 seconds {{(pid=107479) _run_loop /opt/stack/data/venv/lib/python3.12/site-packages/oslo_service/backend/_threading/loopingcall.py:125}}
Apr 04 10:37:17.966114 np0000163506 nova-scheduler[107486]: DEBUG oslo.service.backend._threading.loopingcall [None req-bbb8f421-22ac-4025-8606-fe145408c09a None None] Dynamic interval looping call 'nova.service.Service.periodic_tasks' sleeping for 60.00 seconds {{(pid=107486) _run_loop /opt/stack/data/venv/lib/python3.12/site-packages/oslo_service/backend/_threading/loopingcall.py:125}}
Apr 04 10:37:35.992817 np0000163506 nova-scheduler[107496]: DEBUG oslo.service.backend._threading.loopingcall [None req-eb736cef-85da-46b0-ae3f-b0ba0913ec77 None None] Dynamic interval looping call 'nova.service.Service.periodic_tasks' sleeping for 60.00 seconds {{(pid=107496) _run_loop /opt/stack/data/venv/lib/python3.12/site-packages/oslo_service/backend/_threading/loopingcall.py:125}}
Apr 04 10:38:01.689658 np0000163506 nova-scheduler[107486]: DEBUG nova.scheduler.manager [None req-d819701b-b023-4207-8dda-62e8793f2f3f demo demo] Starting to schedule for instances: ['a4fdc929-b764-425d-83ad-b07d25332b21'] {{(pid=107486) select_destinations /opt/stack/nova/nova/scheduler/manager.py:210}}
Apr 04 10:38:01.692488 np0000163506 nova-scheduler[107486]: DEBUG oslo_db.sqlalchemy.engines [None req-d819701b-b023-4207-8dda-62e8793f2f3f demo demo] Parent process 106753 forked (107486) with an open database connection, which is being discarded and recreated. {{(pid=107486) checkout /opt/stack/data/venv/lib/python3.12/site-packages/oslo_db/sqlalchemy/engines.py:402}}
Apr 04 10:38:01.701022 np0000163506 nova-scheduler[107486]: DEBUG dbcounter [-] [107486] Writer thread running {{(pid=107486) stat_writer /opt/stack/data/venv/lib/python3.12/site-packages/dbcounter.py:102}}
Apr 04 10:38:01.703499 np0000163506 nova-scheduler[107486]: DEBUG nova.scheduler.request_filter [None req-d819701b-b023-4207-8dda-62e8793f2f3f demo demo] Request filter 'map_az_to_placement_aggregate' took 0.0 seconds {{(pid=107486) wrapper /opt/stack/nova/nova/scheduler/request_filter.py:46}}
Apr 04 10:38:01.703876 np0000163506 nova-scheduler[107486]: DEBUG nova.scheduler.request_filter [None req-d819701b-b023-4207-8dda-62e8793f2f3f demo demo] compute_status_filter request filter added forbidden trait COMPUTE_STATUS_DISABLED {{(pid=107486) compute_status_filter /opt/stack/nova/nova/scheduler/request_filter.py:253}}
Apr 04 10:38:01.704016 np0000163506 nova-scheduler[107486]: DEBUG nova.scheduler.request_filter [None req-d819701b-b023-4207-8dda-62e8793f2f3f demo demo] Request filter 'compute_status_filter' took 0.0 seconds {{(pid=107486) wrapper /opt/stack/nova/nova/scheduler/request_filter.py:46}}
Apr 04 10:38:01.704245 np0000163506 nova-scheduler[107486]: DEBUG nova.scheduler.request_filter [None req-d819701b-b023-4207-8dda-62e8793f2f3f demo demo] Request filter 'accelerators_filter' took 0.0 seconds {{(pid=107486) wrapper /opt/stack/nova/nova/scheduler/request_filter.py:46}}
Apr 04 10:38:01.704482 np0000163506 nova-scheduler[107486]: DEBUG nova.scheduler.request_filter [None req-d819701b-b023-4207-8dda-62e8793f2f3f demo demo] Request filter 'packed_virtqueue_filter' took 0.0 seconds {{(pid=107486) wrapper /opt/stack/nova/nova/scheduler/request_filter.py:46}}
Apr 04 10:38:01.708286 np0000163506 nova-scheduler[107486]: WARNING neutronclient.v2_0.client [None req-d819701b-b023-4207-8dda-62e8793f2f3f demo demo] The python binding code in neutronclient is deprecated in favor of OpenstackSDK, please use that as this will be removed in a future release.
Apr 04 10:38:01.973191 np0000163506 nova-scheduler[107486]: DEBUG nova.scheduler.request_filter [None req-d819701b-b023-4207-8dda-62e8793f2f3f demo demo] Request filter 'remote_managed_ports_filter' took 0.3 seconds {{(pid=107486) wrapper /opt/stack/nova/nova/scheduler/request_filter.py:46}}
