2026-04-26 03:02:51.011 8 INFO neutron.quota.resource_registry [None req-854c62df-ecce-4550-864b-2d32f683862e - - - - - -] Creating instance of TrackedResource for resource:subnet
2026-04-26 03:02:51.012 8 INFO neutron.quota.resource_registry [None req-854c62df-ecce-4550-864b-2d32f683862e - - - - - -] Creating instance of TrackedResource for resource:subnetpool
2026-04-26 03:02:51.012 8 INFO neutron.quota.resource_registry [None req-854c62df-ecce-4550-864b-2d32f683862e - - - - - -] Creating instance of TrackedResource for resource:port
2026-04-26 03:02:51.012 7 INFO neutron.api.extensions [None req-56fbeaf5-89c4-40c1-acda-5bf2ae5f3407 - - - - - -] Extension local_ip not supported by any of loaded plugins
2026-04-26 03:02:51.013 7 INFO neutron.api.extensions [None req-56fbeaf5-89c4-40c1-acda-5bf2ae5f3407 - - - - - -] Extension logging not supported by any of loaded plugins
2026-04-26 03:02:51.015 7 INFO neutron.api.extensions [None req-56fbeaf5-89c4-40c1-acda-5bf2ae5f3407 - - - - - -] Extension metering not supported by any of loaded plugins
2026-04-26 03:02:51.015 7 INFO neutron.api.extensions [None req-56fbeaf5-89c4-40c1-acda-5bf2ae5f3407 - - - - - -] Extension metering_source_and_destination_fields not supported by any of loaded plugins
2026-04-26 03:02:51.016 8 INFO neutron.quota.resource_registry [None req-854c62df-ecce-4550-864b-2d32f683862e - - - - - -] Creating instance of TrackedResource for resource:router
2026-04-26 03:02:51.016 7 INFO neutron.api.extensions [None req-56fbeaf5-89c4-40c1-acda-5bf2ae5f3407 - - - - - -] Loaded extension: multi-provider
2026-04-26 03:02:51.016 8 INFO neutron.quota.resource_registry [None req-854c62df-ecce-4550-864b-2d32f683862e - - - - - -] Creating instance of TrackedResource for resource:floatingip
2026-04-26 03:02:51.017 7 INFO neutron.api.extensions [None req-56fbeaf5-89c4-40c1-acda-5bf2ae5f3407 - - - - - -] Loaded extension: net-mtu
2026-04-26 03:02:51.017 7 INFO neutron.api.extensions [None req-56fbeaf5-89c4-40c1-acda-5bf2ae5f3407 - - - - - -] Loaded extension: net-mtu-writable
2026-04-26 03:02:51.018 7 INFO neutron.api.extensions [None req-56fbeaf5-89c4-40c1-acda-5bf2ae5f3407 - - - - - -] Loaded extension: network_availability_zone
2026-04-26 03:02:51.018 7 INFO neutron.api.extensions [None req-56fbeaf5-89c4-40c1-acda-5bf2ae5f3407 - - - - - -] Loaded extension: network_ha
2026-04-26 03:02:51.019 7 INFO neutron.api.extensions [None req-56fbeaf5-89c4-40c1-acda-5bf2ae5f3407 - - - - - -] Loaded extension: network-ip-availability
2026-04-26 03:02:51.020 7 INFO neutron.api.extensions [None req-56fbeaf5-89c4-40c1-acda-5bf2ae5f3407 - - - - - -] Extension network-segment-range not supported by any of loaded plugins
2026-04-26 03:02:51.020 7 INFO neutron.api.extensions [None req-56fbeaf5-89c4-40c1-acda-5bf2ae5f3407 - - - - - -] Loaded extension: pagination
2026-04-26 03:02:51.022 7 INFO neutron.api.extensions [None req-56fbeaf5-89c4-40c1-acda-5bf2ae5f3407 - - - - - -] Loaded extension: port-device-profile
2026-04-26 03:02:51.022 7 INFO neutron.api.extensions [None req-56fbeaf5-89c4-40c1-acda-5bf2ae5f3407 - - - - - -] Extension port-hardware-offload-type not supported by any of loaded plugins
2026-04-26 03:02:51.023 7 INFO neutron.api.extensions [None req-56fbeaf5-89c4-40c1-acda-5bf2ae5f3407 - - - - - -] Extension port-hint-ovs-tx-steering not supported by any of loaded plugins
2026-04-26 03:02:51.023 7 INFO neutron.api.extensions [None req-56fbeaf5-89c4-40c1-acda-5bf2ae5f3407 - - - - - -] Extension port-hints not supported by any of loaded plugins
2026-04-26 03:02:51.024 7 INFO neutron.api.extensions [None req-56fbeaf5-89c4-40c1-acda-5bf2ae5f3407 - - - - - -] Loaded extension: port-mac-override
2026-04-26 03:02:51.024 7 INFO neutron.api.extensions [None req-56fbeaf5-89c4-40c1-acda-5bf2ae5f3407 - - - - - -] Loaded extension: port-mac-address-regenerate
2026-04-26 03:02:51.025 7 INFO neutron.api.extensions [None req-56fbeaf5-89c4-40c1-acda-5bf2ae5f3407 - - - - - -] Loaded extension: port-numa-affinity-policy
2026-04-26 03:02:51.025 7 INFO neutron.api.extensions [None req-56fbeaf5-89c4-40c1-acda-5bf2ae5f3407 - - - - - -] Loaded extension: port-numa-affinity-policy-socket
2026-04-26 03:02:51.026 7 INFO neutron.api.extensions [None req-56fbeaf5-89c4-40c1-acda-5bf2ae5f3407 - - - - - -] Loaded extension: port-resource-request
2026-04-26 03:02:51.026 7 INFO neutron.api.extensions [None req-56fbeaf5-89c4-40c1-acda-5bf2ae5f3407 - - - - - -] Loaded extension: port-resource-request-groups
2026-04-26 03:02:51.027 7 INFO neutron.api.extensions [None req-56fbeaf5-89c4-40c1-acda-5bf2ae5f3407 - - - - - -] Extension port-trusted-vif not supported by any of loaded plugins
2026-04-26 03:02:51.028 7 INFO neutron.api.extensions [None req-56fbeaf5-89c4-40c1-acda-5bf2ae5f3407 - - - - - -] Loaded extension: binding
2026-04-26 03:02:51.027 8 INFO neutron.quota.resource_registry [None req-854c62df-ecce-4550-864b-2d32f683862e - - - - - -] Creating instance of CountableResource for resource:rbac_policy
2026-04-26 03:02:51.028 7 INFO neutron.api.extensions [None req-56fbeaf5-89c4-40c1-acda-5bf2ae5f3407 - - - - - -] Loaded extension: binding-extended
2026-04-26 03:02:51.029 7 INFO neutron.api.extensions [None req-56fbeaf5-89c4-40c1-acda-5bf2ae5f3407 - - - - - -] Loaded extension: port-security
2026-04-26 03:02:51.029 8 INFO neutron.quota.resource_registry [None req-854c62df-ecce-4550-864b-2d32f683862e - - - - - -] Creating instance of TrackedResource for resource:security_group
2026-04-26 03:02:51.029 7 INFO neutron.api.extensions [None req-56fbeaf5-89c4-40c1-acda-5bf2ae5f3407 - - - - - -] Loaded extension: project-id
2026-04-26 03:02:51.030 7 INFO neutron.api.extensions [None req-56fbeaf5-89c4-40c1-acda-5bf2ae5f3407 - - - - - -] Loaded extension: provider
2026-04-26 03:02:51.030 8 INFO neutron.quota.resource_registry [None req-854c62df-ecce-4550-864b-2d32f683862e - - - - - -] Creating instance of TrackedResource for resource:security_group_rule
2026-04-26 03:02:51.031 7 INFO neutron.api.extensions [None req-56fbeaf5-89c4-40c1-acda-5bf2ae5f3407 - - - - - -] Extension qinq not supported by any of loaded plugins
2026-04-26 03:02:51.031 8 INFO neutron.quota.resource_registry [None req-854c62df-ecce-4550-864b-2d32f683862e - - - - - -] Creating instance of TrackedResource for resource:subnetpool
2026-04-26 03:02:51.031 8 WARNING neutron.quota.resource_registry [None req-854c62df-ecce-4550-864b-2d32f683862e - - - - - -] subnetpool is already registered
2026-04-26 03:02:51.032 8 INFO neutron.quota.resource_registry [None req-854c62df-ecce-4550-864b-2d32f683862e - - - - - -] Creating instance of TrackedResource for resource:subnetpool
2026-04-26 03:02:51.032 8 WARNING neutron.quota.resource_registry [None req-854c62df-ecce-4550-864b-2d32f683862e - - - - - -] subnetpool is already registered
2026-04-26 03:02:51.032 8 INFO neutron.quota.resource_registry [None req-854c62df-ecce-4550-864b-2d32f683862e - - - - - -] Creating instance of CountableResource for resource:trunk
2026-04-26 03:02:51.033 7 INFO neutron.api.extensions [None req-56fbeaf5-89c4-40c1-acda-5bf2ae5f3407 - - - - - -] Loaded extension: qos
2026-04-26 03:02:51.033 8 INFO neutron.quota.resource_registry [None req-854c62df-ecce-4550-864b-2d32f683862e - - - - - -] Creating instance of CountableResource for resource:ikepolicy
2026-04-26 03:02:51.033 8 INFO neutron.quota.resource_registry [None req-854c62df-ecce-4550-864b-2d32f683862e - - - - - -] Creating instance of CountableResource for resource:ipsecpolicy
2026-04-26 03:02:51.034 7 INFO neutron.api.extensions [None req-56fbeaf5-89c4-40c1-acda-5bf2ae5f3407 - - - - - -] Loaded extension: qos-bw-limit-direction
2026-04-26 03:02:51.034 8 INFO neutron.quota.resource_registry [None req-854c62df-ecce-4550-864b-2d32f683862e - - - - - -] Creating instance of CountableResource for resource:endpoint_group
2026-04-26 03:02:51.034 8 INFO neutron.quota.resource_registry [None req-854c62df-ecce-4550-864b-2d32f683862e - - - - - -] Creating instance of CountableResource for resource:vpnservice
2026-04-26 03:02:51.034 7 INFO neutron.api.extensions [None req-56fbeaf5-89c4-40c1-acda-5bf2ae5f3407 - - - - - -] Loaded extension: qos-bw-minimum-ingress
2026-04-26 03:02:51.034 8 INFO neutron.quota.resource_registry [None req-854c62df-ecce-4550-864b-2d32f683862e - - - - - -] Creating instance of CountableResource for resource:ipsec_site_connection
2026-04-26 03:02:51.035 7 INFO neutron.api.extensions [None req-56fbeaf5-89c4-40c1-acda-5bf2ae5f3407 - - - - - -] Loaded extension: qos-default
2026-04-26 03:02:51.035 7 INFO neutron.api.extensions [None req-56fbeaf5-89c4-40c1-acda-5bf2ae5f3407 - - - - - -] Loaded extension: qos-fip
2026-04-26 03:02:51.035 7 INFO neutron.api.extensions [None req-56fbeaf5-89c4-40c1-acda-5bf2ae5f3407 - - - - - -] Extension qos-fip-network-policy not supported by any of loaded plugins
2026-04-26 03:02:51.035 8 INFO neutron.quota.resource_registry [None req-854c62df-ecce-4550-864b-2d32f683862e - - - - - -] Creating instance of CountableResource for resource:ipsecpolicy
2026-04-26 03:02:51.036 8 WARNING neutron.quota.resource_registry [None req-854c62df-ecce-4550-864b-2d32f683862e - - - - - -] ipsecpolicy is already registered
2026-04-26 03:02:51.036 7 INFO neutron.api.extensions [None req-56fbeaf5-89c4-40c1-acda-5bf2ae5f3407 - - - - - -] Loaded extension: qos-gateway-ip
2026-04-26 03:02:51.036 8 INFO neutron.quota.resource_registry [None req-854c62df-ecce-4550-864b-2d32f683862e - - - - - -] Creating instance of CountableResource for resource:ikepolicy
2026-04-26 03:02:51.036 8 WARNING neutron.quota.resource_registry [None req-854c62df-ecce-4550-864b-2d32f683862e - - - - - -] ikepolicy is already registered
2026-04-26 03:02:51.036 7 INFO neutron.api.extensions [None req-56fbeaf5-89c4-40c1-acda-5bf2ae5f3407 - - - - - -] Loaded extension: qos-port-network-policy
2026-04-26 03:02:51.037 7 INFO neutron.api.extensions [None req-56fbeaf5-89c4-40c1-acda-5bf2ae5f3407 - - - - - -] Loaded extension: qos-pps-minimum
2026-04-26 03:02:51.038 7 INFO neutron.api.extensions [None req-56fbeaf5-89c4-40c1-acda-5bf2ae5f3407 - - - - - -] Loaded extension: qos-pps-minimum-rule-alias
2026-04-26 03:02:51.038 7 INFO neutron.api.extensions [None req-56fbeaf5-89c4-40c1-acda-5bf2ae5f3407 - - - - - -] Loaded extension: qos-pps
2026-04-26 03:02:51.039 7 INFO neutron.api.extensions [None req-56fbeaf5-89c4-40c1-acda-5bf2ae5f3407 - - - - - -] Loaded extension: qos-rule-type-details
2026-04-26 03:02:51.039 7 INFO neutron.api.extensions [None req-56fbeaf5-89c4-40c1-acda-5bf2ae5f3407 - - - - - -] Loaded extension: qos-rule-type-filter
2026-04-26 03:02:51.040 7 INFO neutron.api.extensions [None req-56fbeaf5-89c4-40c1-acda-5bf2ae5f3407 - - - - - -] Loaded extension: qos-rules-alias
2026-04-26 03:02:51.040 7 INFO neutron.api.extensions [None req-56fbeaf5-89c4-40c1-acda-5bf2ae5f3407 - - - - - -] Loaded extension: quota-check-limit
2026-04-26 03:02:51.041 8 INFO neutron.quota.resource_registry [None req-854c62df-ecce-4550-864b-2d32f683862e - - - - - -] Creating instance of TrackedResource for resource:router
2026-04-26 03:02:51.041 8 WARNING neutron.quota.resource_registry [None req-854c62df-ecce-4550-864b-2d32f683862e - - - - - -] router is already registered
2026-04-26 03:02:51.041 7 INFO neutron.api.extensions [None req-56fbeaf5-89c4-40c1-acda-5bf2ae5f3407 - - - - - -] Loaded extension: quota-check-limit-default
2026-04-26 03:02:51.042 8 INFO neutron.quota.resource_registry [None req-854c62df-ecce-4550-864b-2d32f683862e - - - - - -] Creating instance of TrackedResource for resource:floatingip
2026-04-26 03:02:51.042 8 WARNING neutron.quota.resource_registry [None req-854c62df-ecce-4550-864b-2d32f683862e - - - - - -] floatingip is already registered
2026-04-26 03:02:51.043 7 INFO neutron.api.extensions [None req-56fbeaf5-89c4-40c1-acda-5bf2ae5f3407 - - - - - -] Loaded extension: quotas
2026-04-26 03:02:51.044 7 INFO neutron.api.extensions [None req-56fbeaf5-89c4-40c1-acda-5bf2ae5f3407 - - - - - -] Loaded extension: quota_details
2026-04-26 03:02:51.045 8 INFO neutron.quota.resource_registry [None req-854c62df-ecce-4550-864b-2d32f683862e - - - - - -] Creating instance of CountableResource for resource:rbac_policy
2026-04-26 03:02:51.046 8 WARNING neutron.quota.resource_registry [None req-854c62df-ecce-4550-864b-2d32f683862e - - - - - -] rbac_policy is already registered
2026-04-26 03:02:51.046 7 INFO neutron.api.extensions [None req-56fbeaf5-89c4-40c1-acda-5bf2ae5f3407 - - - - - -] Loaded extension: rbac-policies
2026-04-26 03:02:51.046 8 INFO neutron.quota.resource_registry [None req-854c62df-ecce-4550-864b-2d32f683862e - - - - - -] Creating instance of TrackedResource for resource:security_group
2026-04-26 03:02:51.046 7 INFO neutron.api.extensions [None req-56fbeaf5-89c4-40c1-acda-5bf2ae5f3407 - - - - - -] Loaded extension: rbac-address-group
2026-04-26 03:02:51.046 8 WARNING neutron.quota.resource_registry [None req-854c62df-ecce-4550-864b-2d32f683862e - - - - - -] security_group is already registered
2026-04-26 03:02:51.047 8 INFO neutron.quota.resource_registry [None req-854c62df-ecce-4550-864b-2d32f683862e - - - - - -] Creating instance of TrackedResource for resource:security_group_rule
2026-04-26 03:02:51.047 7 INFO neutron.api.extensions [None req-56fbeaf5-89c4-40c1-acda-5bf2ae5f3407 - - - - - -] Loaded extension: rbac-address-scope
2026-04-26 03:02:51.047 8 WARNING neutron.quota.resource_registry [None req-854c62df-ecce-4550-864b-2d32f683862e - - - - - -] security_group_rule is already registered
2026-04-26 03:02:51.047 7 INFO neutron.api.extensions [None req-56fbeaf5-89c4-40c1-acda-5bf2ae5f3407 - - - - - -] Loaded extension: rbac-security-groups
2026-04-26 03:02:51.048 7 INFO neutron.api.extensions [None req-56fbeaf5-89c4-40c1-acda-5bf2ae5f3407 - - - - - -] Loaded extension: rbac-subnetpool
2026-04-26 03:02:51.048 8 INFO neutron.quota.resource_registry [None req-854c62df-ecce-4550-864b-2d32f683862e - - - - - -] Creating instance of TrackedResource for resource:subnetpool
2026-04-26 03:02:51.048 8 WARNING neutron.quota.resource_registry [None req-854c62df-ecce-4550-864b-2d32f683862e - - - - - -] subnetpool is already registered
2026-04-26 03:02:51.048 7 INFO neutron.api.extensions [None req-56fbeaf5-89c4-40c1-acda-5bf2ae5f3407 - - - - - -] Loaded extension: revision-if-match
2026-04-26 03:02:51.048 8 INFO neutron.quota.resource_registry [None req-854c62df-ecce-4550-864b-2d32f683862e - - - - - -] Creating instance of TrackedResource for resource:subnetpool
2026-04-26 03:02:51.048 8 WARNING neutron.quota.resource_registry [None req-854c62df-ecce-4550-864b-2d32f683862e - - - - - -] subnetpool is already registered
2026-04-26 03:02:51.049 7 INFO neutron.api.extensions [None req-56fbeaf5-89c4-40c1-acda-5bf2ae5f3407 - - - - - -] Loaded extension: standard-attr-revisions
2026-04-26 03:02:51.049 8 INFO neutron.quota.resource_registry [None req-854c62df-ecce-4550-864b-2d32f683862e - - - - - -] Creating instance of CountableResource for resource:trunk
2026-04-26 03:02:51.049 8 WARNING neutron.quota.resource_registry [None req-854c62df-ecce-4550-864b-2d32f683862e - - - - - -] trunk is already registered
2026-04-26 03:02:51.050 7 INFO neutron.api.extensions [None req-56fbeaf5-89c4-40c1-acda-5bf2ae5f3407 - - - - - -] Loaded extension: router_availability_zone
2026-04-26 03:02:51.050 8 INFO neutron.quota.resource_registry [None req-854c62df-ecce-4550-864b-2d32f683862e - - - - - -] Creating instance of CountableResource for resource:ikepolicy
2026-04-26 03:02:51.050 8 WARNING neutron.quota.resource_registry [None req-854c62df-ecce-4550-864b-2d32f683862e - - - - - -] ikepolicy is already registered
2026-04-26 03:02:51.050 7 INFO neutron.api.extensions [None req-56fbeaf5-89c4-40c1-acda-5bf2ae5f3407 - - - - - -] Extension router-service-type not supported by any of loaded plugins
2026-04-26 03:02:51.050 8 INFO neutron.quota.resource_registry [None req-854c62df-ecce-4550-864b-2d32f683862e - - - - - -] Creating instance of CountableResource for resource:ipsecpolicy
2026-04-26 03:02:51.050 8 WARNING neutron.quota.resource_registry [None req-854c62df-ecce-4550-864b-2d32f683862e - - - - - -] ipsecpolicy is already registered
2026-04-26 03:02:51.051 8 INFO neutron.quota.resource_registry [None req-854c62df-ecce-4550-864b-2d32f683862e - - - - - -] Creating instance of CountableResource for resource:endpoint_group
2026-04-26 03:02:51.051 8 WARNING neutron.quota.resource_registry [None req-854c62df-ecce-4550-864b-2d32f683862e - - - - - -] endpoint_group is already registered
2026-04-26 03:02:51.051 8 INFO neutron.quota.resource_registry [None req-854c62df-ecce-4550-864b-2d32f683862e - - - - - -] Creating instance of CountableResource for resource:vpnservice
2026-04-26 03:02:51.051 8 WARNING neutron.quota.resource_registry [None req-854c62df-ecce-4550-864b-2d32f683862e - - - - - -] vpnservice is already registered
2026-04-26 03:02:51.052 8 INFO neutron.quota.resource_registry [None req-854c62df-ecce-4550-864b-2d32f683862e - - - - - -] Creating instance of CountableResource for resource:ipsec_site_connection
2026-04-26 03:02:51.052 8 WARNING neutron.quota.resource_registry [None req-854c62df-ecce-4550-864b-2d32f683862e - - - - - -] ipsec_site_connection is already registered
2026-04-26 03:02:51.052 7 INFO neutron.api.extensions [None req-56fbeaf5-89c4-40c1-acda-5bf2ae5f3407 - - - - - -] Loaded extension: security-groups-default-rules
2026-04-26 03:02:51.052 8 INFO neutron.quota.resource_registry [None req-854c62df-ecce-4550-864b-2d32f683862e - - - - - -] Creating instance of CountableResource for resource:ipsecpolicy
2026-04-26 03:02:51.052 8 WARNING neutron.quota.resource_registry [None req-854c62df-ecce-4550-864b-2d32f683862e - - - - - -] ipsecpolicy is already registered
2026-04-26 03:02:51.052 7 INFO neutron.api.extensions [None req-56fbeaf5-89c4-40c1-acda-5bf2ae5f3407 - - - - - -] Loaded extension: security-groups-normalized-cidr
2026-04-26 03:02:51.053 8 INFO neutron.quota.resource_registry [None req-854c62df-ecce-4550-864b-2d32f683862e - - - - - -] Creating instance of CountableResource for resource:ikepolicy
2026-04-26 03:02:51.053 8 WARNING neutron.quota.resource_registry [None req-854c62df-ecce-4550-864b-2d32f683862e - - - - - -] ikepolicy is already registered
2026-04-26 03:02:51.053 7 INFO neutron.api.extensions [None req-56fbeaf5-89c4-40c1-acda-5bf2ae5f3407 - - - - - -] Loaded extension: port-security-groups-filtering
2026-04-26 03:02:51.054 7 INFO neutron.api.extensions [None req-56fbeaf5-89c4-40c1-acda-5bf2ae5f3407 - - - - - -] Loaded extension: security-groups-remote-address-group
2026-04-26 03:02:51.054 7 INFO neutron.api.extensions [None req-56fbeaf5-89c4-40c1-acda-5bf2ae5f3407 - - - - - -] Loaded extension: security-groups-rules-belongs-to-default-sg
2026-04-26 03:02:51.054 7 INFO neutron.api.extensions [None req-56fbeaf5-89c4-40c1-acda-5bf2ae5f3407 - - - - - -] Loaded extension: security-groups-shared-filtering
2026-04-26 03:02:51.060 7 INFO neutron.api.extensions [None req-56fbeaf5-89c4-40c1-acda-5bf2ae5f3407 - - - - - -] Loaded extension: security-group
2026-04-26 03:02:51.061 7 INFO neutron.api.extensions [None req-56fbeaf5-89c4-40c1-acda-5bf2ae5f3407 - - - - - -] Loaded extension: segment
2026-04-26 03:02:51.061 7 INFO neutron.api.extensions [None req-56fbeaf5-89c4-40c1-acda-5bf2ae5f3407 - - - - - -] Loaded extension: segments-peer-subnet-host-routes
2026-04-26 03:02:51.062 7 INFO neutron.api.extensions [None req-56fbeaf5-89c4-40c1-acda-5bf2ae5f3407 - - - - - -] Loaded extension: service-type
2026-04-26 03:02:51.062 7 INFO neutron.api.extensions [None req-56fbeaf5-89c4-40c1-acda-5bf2ae5f3407 - - - - - -] Loaded extension: sorting
2026-04-26 03:02:51.071 7 INFO neutron.api.extensions [None req-56fbeaf5-89c4-40c1-acda-5bf2ae5f3407 - - - - - -] Loaded extension: standard-attr-segment
2026-04-26 03:02:51.072 7 INFO neutron.api.extensions [None req-56fbeaf5-89c4-40c1-acda-5bf2ae5f3407 - - - - - -] Loaded extension: standard-attr-description
2026-04-26 03:02:51.072 7 INFO neutron.api.extensions [None req-56fbeaf5-89c4-40c1-acda-5bf2ae5f3407 - - - - - -] Loaded extension: stateful-security-group
2026-04-26 03:02:51.073 7 WARNING neutron.api.extensions [None req-56fbeaf5-89c4-40c1-acda-5bf2ae5f3407 - - - - - -] Did not find expected name "Stdattrs_common" in /var/lib/openstack/lib/python3.12/site-packages/neutron/extensions/stdattrs_common.py
2026-04-26 03:02:51.073 7 INFO neutron.api.extensions [None req-56fbeaf5-89c4-40c1-acda-5bf2ae5f3407 - - - - - -] Extension subnet-dns-publish-fixed-ip not supported by any of loaded plugins
2026-04-26 03:02:51.074 7 INFO neutron.api.extensions [None req-56fbeaf5-89c4-40c1-acda-5bf2ae5f3407 - - - - - -] Loaded extension: subnet-external-network
2026-04-26 03:02:51.074 7 INFO neutron.api.extensions [None req-56fbeaf5-89c4-40c1-acda-5bf2ae5f3407 - - - - - -] Loaded extension: subnet_onboard
2026-04-26 03:02:51.075 7 INFO neutron.api.extensions [None req-56fbeaf5-89c4-40c1-acda-5bf2ae5f3407 - - - - - -] Loaded extension: subnet-segmentid-writable
2026-04-26 03:02:51.075 7 INFO neutron.api.extensions [None req-56fbeaf5-89c4-40c1-acda-5bf2ae5f3407 - - - - - -] Loaded extension: subnet-service-types
2026-04-26 03:02:51.076 7 INFO neutron.api.extensions [None req-56fbeaf5-89c4-40c1-acda-5bf2ae5f3407 - - - - - -] Loaded extension: subnet_allocation
2026-04-26 03:02:51.077 7 INFO neutron.api.extensions [None req-56fbeaf5-89c4-40c1-acda-5bf2ae5f3407 - - - - - -] Loaded extension: subnetpool-prefix-ops
2026-04-26 03:02:51.077 7 INFO neutron.api.extensions [None req-56fbeaf5-89c4-40c1-acda-5bf2ae5f3407 - - - - - -] Loaded extension: tag-creation
2026-04-26 03:02:51.078 7 INFO neutron.api.extensions [None req-56fbeaf5-89c4-40c1-acda-5bf2ae5f3407 - - - - - -] Extension tag-ports-during-bulk-creation not supported by any of loaded plugins
2026-04-26 03:02:51.082 7 INFO neutron.api.extensions [None req-56fbeaf5-89c4-40c1-acda-5bf2ae5f3407 - - - - - -] Loaded extension: standard-attr-tag
2026-04-26 03:02:51.082 7 INFO neutron.api.extensions [None req-56fbeaf5-89c4-40c1-acda-5bf2ae5f3407 - - - - - -] Loaded extension: standard-attr-timestamp
2026-04-26 03:02:51.083 7 INFO neutron.api.extensions [None req-56fbeaf5-89c4-40c1-acda-5bf2ae5f3407 - - - - - -] Loaded extension: trunk
2026-04-26 03:02:51.083 7 INFO neutron.api.extensions [None req-56fbeaf5-89c4-40c1-acda-5bf2ae5f3407 - - - - - -] Loaded extension: trunk-details
2026-04-26 03:02:51.084 7 INFO neutron.api.extensions [None req-56fbeaf5-89c4-40c1-acda-5bf2ae5f3407 - - - - - -] Extension uplink-status-propagation not supported by any of loaded plugins
2026-04-26 03:02:51.084 7 INFO neutron.api.extensions [None req-56fbeaf5-89c4-40c1-acda-5bf2ae5f3407 - - - - - -] Extension uplink-status-propagation-updatable not supported by any of loaded plugins
2026-04-26 03:02:51.086 7 INFO neutron.api.extensions [None req-56fbeaf5-89c4-40c1-acda-5bf2ae5f3407 - - - - - -] Extension vlan-transparent not supported by any of loaded plugins
2026-04-26 03:02:51.087 7 INFO neutron.api.extensions [None req-56fbeaf5-89c4-40c1-acda-5bf2ae5f3407 - - - - - -] Loaded extension: vpn-aes-ctr
2026-04-26 03:02:51.089 7 INFO neutron.api.extensions [None req-56fbeaf5-89c4-40c1-acda-5bf2ae5f3407 - - - - - -] Extension vpn-agent-scheduler not supported by any of loaded plugins
2026-04-26 03:02:51.090 7 INFO neutron.api.extensions [None req-56fbeaf5-89c4-40c1-acda-5bf2ae5f3407 - - - - - -] Loaded extension: vpn-endpoint-groups
2026-04-26 03:02:51.091 7 INFO neutron.api.extensions [None req-56fbeaf5-89c4-40c1-acda-5bf2ae5f3407 - - - - - -] Loaded extension: vpn-flavors
2026-04-26 03:02:51.092 7 INFO neutron.api.extensions [None req-56fbeaf5-89c4-40c1-acda-5bf2ae5f3407 - - - - - -] Loaded extension: vpnaas
2026-04-26 03:02:51.093 7 INFO neutron.api.extensions [None req-56fbeaf5-89c4-40c1-acda-5bf2ae5f3407 - - - - - -] Loaded extension: taas
2026-04-26 03:02:51.094 7 INFO neutron.api.extensions [None req-56fbeaf5-89c4-40c1-acda-5bf2ae5f3407 - - - - - -] Loaded extension: tap-mirror
2026-04-26 03:02:51.095 7 INFO neutron.api.extensions [None req-56fbeaf5-89c4-40c1-acda-5bf2ae5f3407 - - - - - -] Loaded extension: taas-vlan-filter
2026-04-26 03:02:51.097 7 INFO neutron.quota.resource_registry [None req-56fbeaf5-89c4-40c1-acda-5bf2ae5f3407 - - - - - -] Creating instance of TrackedResource for resource:network
2026-04-26 03:02:51.097 7 INFO neutron.quota.resource_registry [None req-56fbeaf5-89c4-40c1-acda-5bf2ae5f3407 - - - - - -] Creating instance of TrackedResource for resource:subnet
2026-04-26 03:02:51.097 7 INFO neutron.quota.resource_registry [None req-56fbeaf5-89c4-40c1-acda-5bf2ae5f3407 - - - - - -] Creating instance of TrackedResource for resource:subnetpool
2026-04-26 03:02:51.098 7 INFO neutron.quota.resource_registry [None req-56fbeaf5-89c4-40c1-acda-5bf2ae5f3407 - - - - - -] Creating instance of TrackedResource for resource:port
2026-04-26 03:02:51.099 8 WARNING keystonemiddleware._common.config [None req-854c62df-ecce-4550-864b-2d32f683862e - - - - - -] The option "audit_map_file" is not known to keystonemiddleware
2026-04-26 03:02:51.101 7 INFO neutron.quota.resource_registry [None req-56fbeaf5-89c4-40c1-acda-5bf2ae5f3407 - - - - - -] Creating instance of TrackedResource for resource:router
2026-04-26 03:02:51.101 7 INFO neutron.quota.resource_registry [None req-56fbeaf5-89c4-40c1-acda-5bf2ae5f3407 - - - - - -] Creating instance of TrackedResource for resource:floatingip
2026-04-26 03:02:51.106 7 INFO neutron.quota.resource_registry [None req-56fbeaf5-89c4-40c1-acda-5bf2ae5f3407 - - - - - -] Creating instance of CountableResource for resource:rbac_policy
2026-04-26 03:02:51.106 8 WARNING oslo_config.cfg [None req-854c62df-ecce-4550-864b-2d32f683862e - - - - - -] Deprecated: Option "auth_uri" from group "keystone_authtoken" is deprecated. Use option "www_authenticate_uri" from group "keystone_authtoken".
2026-04-26 03:02:51.106 7 INFO neutron.quota.resource_registry [None req-56fbeaf5-89c4-40c1-acda-5bf2ae5f3407 - - - - - -] Creating instance of TrackedResource for resource:security_group
2026-04-26 03:02:51.107 7 INFO neutron.quota.resource_registry [None req-56fbeaf5-89c4-40c1-acda-5bf2ae5f3407 - - - - - -] Creating instance of TrackedResource for resource:security_group_rule
2026-04-26 03:02:51.107 7 INFO neutron.quota.resource_registry [None req-56fbeaf5-89c4-40c1-acda-5bf2ae5f3407 - - - - - -] Creating instance of TrackedResource for resource:subnetpool
2026-04-26 03:02:51.108 7 WARNING neutron.quota.resource_registry [None req-56fbeaf5-89c4-40c1-acda-5bf2ae5f3407 - - - - - -] subnetpool is already registered
2026-04-26 03:02:51.108 7 INFO neutron.quota.resource_registry [None req-56fbeaf5-89c4-40c1-acda-5bf2ae5f3407 - - - - - -] Creating instance of TrackedResource for resource:subnetpool
2026-04-26 03:02:51.109 7 WARNING neutron.quota.resource_registry [None req-56fbeaf5-89c4-40c1-acda-5bf2ae5f3407 - - - - - -] subnetpool is already registered WSGI app 0 (mountpoint='') ready in 8 seconds on interpreter 0x7f45e7a02668 pid: 8 (default app)
2026-04-26 03:02:51.109 7 INFO neutron.quota.resource_registry [None req-56fbeaf5-89c4-40c1-acda-5bf2ae5f3407 - - - - - -] Creating instance of CountableResource for resource:trunk
2026-04-26 03:02:51.109 7 INFO neutron.quota.resource_registry [None req-56fbeaf5-89c4-40c1-acda-5bf2ae5f3407 - - - - - -] Creating instance of CountableResource for resource:ikepolicy
2026-04-26 03:02:51.110 7 INFO neutron.quota.resource_registry [None req-56fbeaf5-89c4-40c1-acda-5bf2ae5f3407 - - - - - -] Creating instance of CountableResource for resource:ipsecpolicy
2026-04-26 03:02:51.110 7 INFO neutron.quota.resource_registry [None req-56fbeaf5-89c4-40c1-acda-5bf2ae5f3407 - - - - - -] Creating instance of CountableResource for resource:endpoint_group
2026-04-26 03:02:51.111 7 INFO neutron.quota.resource_registry [None req-56fbeaf5-89c4-40c1-acda-5bf2ae5f3407 - - - - - -] Creating instance of CountableResource for resource:vpnservice
2026-04-26 03:02:51.111 7 INFO neutron.quota.resource_registry [None req-56fbeaf5-89c4-40c1-acda-5bf2ae5f3407 - - - - - -] Creating instance of CountableResource for resource:ipsec_site_connection
2026-04-26 03:02:51.111 7 INFO neutron.quota.resource_registry [None req-56fbeaf5-89c4-40c1-acda-5bf2ae5f3407 - - - - - -] Creating instance of CountableResource for resource:ipsecpolicy
2026-04-26 03:02:51.111 7 WARNING neutron.quota.resource_registry [None req-56fbeaf5-89c4-40c1-acda-5bf2ae5f3407 - - - - - -] ipsecpolicy is already registered
2026-04-26 03:02:51.112 7 INFO neutron.quota.resource_registry [None req-56fbeaf5-89c4-40c1-acda-5bf2ae5f3407 - - - - - -] Creating instance of CountableResource for resource:ikepolicy
2026-04-26 03:02:51.112 7 WARNING neutron.quota.resource_registry [None req-56fbeaf5-89c4-40c1-acda-5bf2ae5f3407 - - - - - -] ikepolicy is already registered
2026-04-26 03:02:51.116 7 INFO neutron.quota.resource_registry [None req-56fbeaf5-89c4-40c1-acda-5bf2ae5f3407 - - - - - -] Creating instance of TrackedResource for resource:router
2026-04-26 03:02:51.117 7 WARNING neutron.quota.resource_registry [None req-56fbeaf5-89c4-40c1-acda-5bf2ae5f3407 - - - - - -] router is already registered
2026-04-26 03:02:51.117 7 INFO neutron.quota.resource_registry [None req-56fbeaf5-89c4-40c1-acda-5bf2ae5f3407 - - - - - -] Creating instance of TrackedResource for resource:floatingip
2026-04-26 03:02:51.117 7 WARNING neutron.quota.resource_registry [None req-56fbeaf5-89c4-40c1-acda-5bf2ae5f3407 - - - - - -] floatingip is already registered
2026-04-26 03:02:51.121 7 INFO neutron.quota.resource_registry [None req-56fbeaf5-89c4-40c1-acda-5bf2ae5f3407 - - - - - -] Creating instance of CountableResource for resource:rbac_policy
2026-04-26 03:02:51.121 7 WARNING neutron.quota.resource_registry [None req-56fbeaf5-89c4-40c1-acda-5bf2ae5f3407 - - - - - -] rbac_policy is already registered
2026-04-26 03:02:51.122 7 INFO neutron.quota.resource_registry [None req-56fbeaf5-89c4-40c1-acda-5bf2ae5f3407 - - - - - -] Creating instance of TrackedResource for resource:security_group
2026-04-26 03:02:51.122 7 WARNING neutron.quota.resource_registry [None req-56fbeaf5-89c4-40c1-acda-5bf2ae5f3407 - - - - - -] security_group is already registered
2026-04-26 03:02:51.122 7 INFO neutron.quota.resource_registry [None req-56fbeaf5-89c4-40c1-acda-5bf2ae5f3407 - - - - - -] Creating instance of TrackedResource for resource:security_group_rule
2026-04-26 03:02:51.122 7 WARNING neutron.quota.resource_registry [None req-56fbeaf5-89c4-40c1-acda-5bf2ae5f3407 - - - - - -] security_group_rule is already registered
2026-04-26 03:02:51.123 7 INFO neutron.quota.resource_registry [None req-56fbeaf5-89c4-40c1-acda-5bf2ae5f3407 - - - - - -] Creating instance of TrackedResource for resource:subnetpool
2026-04-26 03:02:51.123 7 WARNING neutron.quota.resource_registry [None req-56fbeaf5-89c4-40c1-acda-5bf2ae5f3407 - - - - - -] subnetpool is already registered
2026-04-26 03:02:51.124 7 INFO neutron.quota.resource_registry [None req-56fbeaf5-89c4-40c1-acda-5bf2ae5f3407 - - - - - -] Creating instance of TrackedResource for resource:subnetpool
2026-04-26 03:02:51.124 7 WARNING neutron.quota.resource_registry [None req-56fbeaf5-89c4-40c1-acda-5bf2ae5f3407 - - - - - -] subnetpool is already registered
2026-04-26 03:02:51.124 7 INFO neutron.quota.resource_registry [None req-56fbeaf5-89c4-40c1-acda-5bf2ae5f3407 - - - - - -] Creating instance of CountableResource for resource:trunk
2026-04-26 03:02:51.124 7 WARNING neutron.quota.resource_registry [None req-56fbeaf5-89c4-40c1-acda-5bf2ae5f3407 - - - - - -] trunk is already registered
2026-04-26 03:02:51.125 7 INFO neutron.quota.resource_registry [None req-56fbeaf5-89c4-40c1-acda-5bf2ae5f3407 - - - - - -] Creating instance of CountableResource for resource:ikepolicy
2026-04-26 03:02:51.125 7 WARNING neutron.quota.resource_registry [None req-56fbeaf5-89c4-40c1-acda-5bf2ae5f3407 - - - - - -] ikepolicy is already registered
2026-04-26 03:02:51.125 7 INFO neutron.quota.resource_registry [None req-56fbeaf5-89c4-40c1-acda-5bf2ae5f3407 - - - - - -] Creating instance of CountableResource for resource:ipsecpolicy
2026-04-26 03:02:51.125 7 WARNING neutron.quota.resource_registry [None req-56fbeaf5-89c4-40c1-acda-5bf2ae5f3407 - - - - - -] ipsecpolicy is already registered
2026-04-26 03:02:51.126 7 INFO neutron.quota.resource_registry [None req-56fbeaf5-89c4-40c1-acda-5bf2ae5f3407 - - - - - -] Creating instance of CountableResource for resource:endpoint_group
2026-04-26 03:02:51.126 7 WARNING neutron.quota.resource_registry [None req-56fbeaf5-89c4-40c1-acda-5bf2ae5f3407 - - - - - -] endpoint_group is already registered
2026-04-26 03:02:51.126 7 INFO neutron.quota.resource_registry [None req-56fbeaf5-89c4-40c1-acda-5bf2ae5f3407 - - - - - -] Creating instance of CountableResource for resource:vpnservice
2026-04-26 03:02:51.126 7 WARNING neutron.quota.resource_registry [None req-56fbeaf5-89c4-40c1-acda-5bf2ae5f3407 - - - - - -] vpnservice is already registered
2026-04-26 03:02:51.127 7 INFO neutron.quota.resource_registry [None req-56fbeaf5-89c4-40c1-acda-5bf2ae5f3407 - - - - - -] Creating instance of CountableResource for resource:ipsec_site_connection
2026-04-26 03:02:51.127 7 WARNING neutron.quota.resource_registry [None req-56fbeaf5-89c4-40c1-acda-5bf2ae5f3407 - - - - - -] ipsec_site_connection is already registered
2026-04-26 03:02:51.127 7 INFO neutron.quota.resource_registry [None req-56fbeaf5-89c4-40c1-acda-5bf2ae5f3407 - - - - - -] Creating instance of CountableResource for resource:ipsecpolicy
2026-04-26 03:02:51.127 7 WARNING neutron.quota.resource_registry [None req-56fbeaf5-89c4-40c1-acda-5bf2ae5f3407 - - - - - -] ipsecpolicy is already registered
2026-04-26 03:02:51.128 7 INFO neutron.quota.resource_registry [None req-56fbeaf5-89c4-40c1-acda-5bf2ae5f3407 - - - - - -] Creating instance of CountableResource for resource:ikepolicy
2026-04-26 03:02:51.128 7 WARNING neutron.quota.resource_registry [None req-56fbeaf5-89c4-40c1-acda-5bf2ae5f3407 - - - - - -] ikepolicy is already registered
2026-04-26 03:02:51.170 7 WARNING keystonemiddleware._common.config [None req-56fbeaf5-89c4-40c1-acda-5bf2ae5f3407 - - - - - -] The option "audit_map_file" is not known to keystonemiddleware
2026-04-26 03:02:51.176 7 WARNING oslo_config.cfg [None req-56fbeaf5-89c4-40c1-acda-5bf2ae5f3407 - - - - - -] Deprecated: Option "auth_uri" from group "keystone_authtoken" is deprecated. Use option "www_authenticate_uri" from group "keystone_authtoken". WSGI app 0 (mountpoint='') ready in 8 seconds on interpreter 0x7f45e7a02668 pid: 7 (default app) /var/lib/openstack/lib/python3.12/site-packages/pycadf/identifier.py:70: UserWarning: Invalid uuid: unknown. To ensure interoperability, identifiers should be a valid uuid. warnings.warn(('Invalid uuid: %s. To ensure interoperability, '
2026-04-26 03:02:58.723 7 INFO neutron.pecan_wsgi.hooks.translation [None req-7c414532-5393-4275-b910-2864ec51a71b 6b1049251c0046b7aaef354bc4bfec07 1ded1b7e03f44501ad541c3ae72f0478 - - default default] GET failed (client error): The resource could not be found. [pid: 7|app: 0|req: 1/4] 199.204.45.89 () {44 vars in 924 bytes} [Sun Apr 26 03:02:57 2026] GET /v2.0/networks/public => generated 108 bytes in 820 msecs (HTTP/1.1 404) 4 headers in 164 bytes (1 switches on core 0) /var/lib/openstack/lib/python3.12/site-packages/pycadf/identifier.py:70: UserWarning: Invalid uuid: unknown. To ensure interoperability, identifiers should be a valid uuid. warnings.warn(('Invalid uuid: %s. To ensure interoperability, ' [pid: 8|app: 0|req: 4/5] 199.204.45.89 () {44 vars in 946 bytes} [Sun Apr 26 03:02:58 2026] GET /v2.0/networks?name=public => generated 15 bytes in 357 msecs (HTTP/1.1 200) 4 headers in 156 bytes (1 switches on core 0)
2026-04-26 03:02:59.490 7 WARNING neutron.services.revisions.revision_plugin [None req-ead3b00d-4e6d-431f-8c30-af193cd4ef2e 6b1049251c0046b7aaef354bc4bfec07 1ded1b7e03f44501ad541c3ae72f0478 - - default default] Could not find related network for resource to bump revision.
2026-04-26 03:02:59.514 7 INFO neutron.db.segments_db [None req-ead3b00d-4e6d-431f-8c30-af193cd4ef2e 6b1049251c0046b7aaef354bc4bfec07 1ded1b7e03f44501ad541c3ae72f0478 - - default default] Added segment 57fec0e4-6c25-4ef8-857f-bd00524dffbd of type flat for network 8e21fba0-768e-4c0f-9a84-440986a6ecce
2026-04-26 03:02:59.560 7 INFO neutron.pecan_wsgi.hooks.translation [None req-ead3b00d-4e6d-431f-8c30-af193cd4ef2e 6b1049251c0046b7aaef354bc4bfec07 1ded1b7e03f44501ad541c3ae72f0478 - - default default] POST failed (client error): The resource could not be found. [pid: 7|app: 0|req: 2/6] 199.204.45.89 () {48 vars in 964 bytes} [Sun Apr 26 03:02:59 2026] POST /v2.0/networks => generated 124 bytes in 486 msecs (HTTP/1.1 404) 4 headers in 164 bytes (1 switches on core 0)
2026-04-26 03:03:05.938 8 INFO neutron.pecan_wsgi.hooks.translation [None req-ec77d6ef-c00b-4cec-87e9-d60d495961a4 6b1049251c0046b7aaef354bc4bfec07 1ded1b7e03f44501ad541c3ae72f0478 - - default default] GET failed (client error): The resource could not be found. [pid: 8|app: 0|req: 5/7] 199.204.45.89 () {44 vars in 924 bytes} [Sun Apr 26 03:03:05 2026] GET /v2.0/networks/public => generated 108 bytes in 417 msecs (HTTP/1.1 404) 4 headers in 164 bytes (1 switches on core 0) [pid: 7|app: 0|req: 3/8] 199.204.45.89 () {44 vars in 946 bytes} [Sun Apr 26 03:03:05 2026] GET /v2.0/networks?name=public => generated 15 bytes in 31 msecs (HTTP/1.1 200) 4 headers in 156 bytes (1 switches on core 0)
2026-04-26 03:03:06.267 8 WARNING neutron.services.revisions.revision_plugin [None req-78f49ac1-e218-4c41-94a4-2624d39a8161 6b1049251c0046b7aaef354bc4bfec07 1ded1b7e03f44501ad541c3ae72f0478 - - default default] Could not find related network for resource to bump revision.
2026-04-26 03:03:06.289 8 INFO neutron.db.segments_db [None req-78f49ac1-e218-4c41-94a4-2624d39a8161 6b1049251c0046b7aaef354bc4bfec07 1ded1b7e03f44501ad541c3ae72f0478 - - default default] Added segment aa471924-4176-4baf-8a28-cb5255f37c35 of type flat for network 6a0e9a66-a099-4dbf-b45d-587eff267aa2
2026-04-26 03:03:06.340 8 INFO neutron.pecan_wsgi.hooks.translation [None req-78f49ac1-e218-4c41-94a4-2624d39a8161 6b1049251c0046b7aaef354bc4bfec07 1ded1b7e03f44501ad541c3ae72f0478 - - default default] POST failed (client error): The resource could not be found. [pid: 8|app: 0|req: 6/9] 199.204.45.89 () {48 vars in 964 bytes} [Sun Apr 26 03:03:05 2026] POST /v2.0/networks => generated 124 bytes in 377 msecs (HTTP/1.1 404) 4 headers in 164 bytes (1 switches on core 0)
2026-04-26 03:03:12.313 8 INFO neutron.pecan_wsgi.hooks.translation [None req-2301404a-65ec-42a3-8010-91d5446d9ff6 6b1049251c0046b7aaef354bc4bfec07 1ded1b7e03f44501ad541c3ae72f0478 - - default default] GET failed (client error): The resource could not be found. [pid: 8|app: 0|req: 7/11] 199.204.45.89 () {44 vars in 924 bytes} [Sun Apr 26 03:03:12 2026] GET /v2.0/networks/public => generated 108 bytes in 56 msecs (HTTP/1.1 404) 4 headers in 164 bytes (1 switches on core 0) [pid: 7|app: 0|req: 5/12] 199.204.45.89 () {44 vars in 946 bytes} [Sun Apr 26 03:03:12 2026] GET /v2.0/networks?name=public => generated 15 bytes in 15 msecs (HTTP/1.1 200) 4 headers in 156 bytes (1 switches on core 0)
2026-04-26 03:03:12.382 8 WARNING neutron.services.revisions.revision_plugin [None req-a6b7910d-a832-4e6a-98e2-618d63419411 6b1049251c0046b7aaef354bc4bfec07 1ded1b7e03f44501ad541c3ae72f0478 - - default default] Could not find related network for resource to bump revision.
2026-04-26 03:03:12.394 8 INFO neutron.db.segments_db [None req-a6b7910d-a832-4e6a-98e2-618d63419411 6b1049251c0046b7aaef354bc4bfec07 1ded1b7e03f44501ad541c3ae72f0478 - - default default] Added segment 2ef53134-7c07-41a1-8b9e-3d47d37dda59 of type flat for network 033cc2a9-91da-48bd-9e70-0557d9554f67
2026-04-26 03:03:12.419 8 INFO neutron.pecan_wsgi.hooks.translation [None req-a6b7910d-a832-4e6a-98e2-618d63419411 6b1049251c0046b7aaef354bc4bfec07 1ded1b7e03f44501ad541c3ae72f0478 - - default default] POST failed (client error): The resource could not be found. [pid: 8|app: 0|req: 8/13] 199.204.45.89 () {48 vars in 964 bytes} [Sun Apr 26 03:03:12 2026] POST /v2.0/networks => generated 124 bytes in 95 msecs (HTTP/1.1 404) 4 headers in 164 bytes (1 switches on core 0)