199.204.45.89 - - [26/Mar/2026:01:03:08 +0000] "POST /identity/v3/auth/tokens HTTP/1.1" 201 7617 "-" "uwsgi keystoneauth1/5.13.1 python-requests/2.32.5 CPython/3.12.3"
199.204.45.89 - - [26/Mar/2026:01:03:07 +0000] "POST /container-infra/v1/certificates HTTP/1.1" 201 5472 "-" "python-urllib3/2.6.3"
199.204.45.89 - - [26/Mar/2026:01:03:12 +0000] "GET /placement/resource_providers/d25b1ef3-40b5-4fa2-aa4c-a7e32d98f097/allocations HTTP/1.1" 200 3302 "-" "nova-compute keystoneauth1/5.13.1 python-requests/2.32.5 CPython/3.12.3"
199.204.45.89 - - [26/Mar/2026:01:03:12 +0000] "GET /placement/resource_providers/d25b1ef3-40b5-4fa2-aa4c-a7e32d98f097/allocations HTTP/1.1" 200 3302 "-" "nova-compute keystoneauth1/5.13.1 python-requests/2.32.5 CPython/3.12.3"
199.204.45.89 - - [26/Mar/2026:01:03:12 +0000] "GET /placement/allocations/6e6ce71b-e8c7-4954-9d30-990fca572768 HTTP/1.1" 200 3275 "-" "nova-compute keystoneauth1/5.13.1 python-requests/2.32.5 CPython/3.12.3"
199.204.45.89 - - [26/Mar/2026:01:03:12 +0000] "GET /placement/allocations/560d50a4-d017-4f92-b1bc-fa1268723d19 HTTP/1.1" 200 3275 "-" "nova-compute keystoneauth1/5.13.1 python-requests/2.32.5 CPython/3.12.3"
199.204.45.89 - - [26/Mar/2026:01:03:12 +0000] "GET /placement/allocations/b1906945-a1d1-4b81-94fc-5d2814fed2b6 HTTP/1.1" 200 3275 "-" "nova-compute keystoneauth1/5.13.1 python-requests/2.32.5 CPython/3.12.3"
172.24.5.77 - - [26/Mar/2026:01:03:36 +0000] "GET /volume/v3/volumes/detail HTTP/1.1" 200 2988 "-" "cinder-csi-plugin/v1.32.0 gophercloud/v2.5.0"
199.204.45.89 - - [26/Mar/2026:01:04:12 +0000] "GET /placement/resource_providers/d25b1ef3-40b5-4fa2-aa4c-a7e32d98f097/allocations HTTP/1.1" 200 3302 "-" "nova-compute keystoneauth1/5.13.1 python-requests/2.32.5 CPython/3.12.3"
199.204.45.89 - - [26/Mar/2026:01:04:12 +0000] "GET /placement/resource_providers/d25b1ef3-40b5-4fa2-aa4c-a7e32d98f097/allocations HTTP/1.1" 200 3302 "-" "nova-compute keystoneauth1/5.13.1 python-requests/2.32.5 CPython/3.12.3"
199.204.45.89 - - [26/Mar/2026:01:04:12 +0000] "GET /placement/allocations/6e6ce71b-e8c7-4954-9d30-990fca572768 HTTP/1.1" 200 3275 "-" "nova-compute keystoneauth1/5.13.1 python-requests/2.32.5 CPython/3.12.3"
199.204.45.89 - - [26/Mar/2026:01:04:12 +0000] "GET /placement/allocations/560d50a4-d017-4f92-b1bc-fa1268723d19 HTTP/1.1" 200 3275 "-" "nova-compute keystoneauth1/5.13.1 python-requests/2.32.5 CPython/3.12.3"
199.204.45.89 - - [26/Mar/2026:01:04:12 +0000] "GET /placement/allocations/b1906945-a1d1-4b81-94fc-5d2814fed2b6 HTTP/1.1" 200 3275 "-" "nova-compute keystoneauth1/5.13.1 python-requests/2.32.5 CPython/3.12.3"
172.24.5.77 - - [26/Mar/2026:01:04:36 +0000] "GET /volume/v3/volumes/detail HTTP/1.1" 200 2988 "-" "cinder-csi-plugin/v1.32.0 gophercloud/v2.5.0"
199.204.45.89 - - [26/Mar/2026:01:05:14 +0000] "GET /identity HTTP/1.1" 300 3230 "-" "placement/unknown keystonemiddleware.auth_token/12.0.0 keystoneauth1/5.13.1 python-requests/2.32.5 CPython/3.12.3"
199.204.45.89 - - [26/Mar/2026:01:05:14 +0000] "POST /identity/v3/auth/tokens HTTP/1.1" 201 8093 "-" "placement/unknown keystonemiddleware.auth_token/12.0.0 keystoneauth1/5.13.1 python-requests/2.32.5 CPython/3.12.3"
199.204.45.89 - - [26/Mar/2026:01:05:14 +0000] "GET /identity/v3/auth/tokens HTTP/1.1" 200 8083 "-" "python-keystoneclient"
199.204.45.89 - - [26/Mar/2026:01:05:14 +0000] "GET /placement/resource_providers/d25b1ef3-40b5-4fa2-aa4c-a7e32d98f097/allocations HTTP/1.1" 200 3302 "-" "nova-compute keystoneauth1/5.13.1 python-requests/2.32.5 CPython/3.12.3"
199.204.45.89 - - [26/Mar/2026:01:05:14 +0000] "GET /placement/resource_providers?in_tree=d25b1ef3-40b5-4fa2-aa4c-a7e32d98f097 HTTP/1.1" 200 3816 "-" "nova-compute keystoneauth1/5.13.1 python-requests/2.32.5 CPython/3.12.3"
199.204.45.89 - - [26/Mar/2026:01:05:14 +0000] "GET /placement/resource_providers/d25b1ef3-40b5-4fa2-aa4c-a7e32d98f097/inventories HTTP/1.1" 200 3344 "-" "nova-compute keystoneauth1/5.13.1 python-requests/2.32.5 CPython/3.12.3"
199.204.45.89 - - [26/Mar/2026:01:05:14 +0000] "GET /placement/resource_providers/d25b1ef3-40b5-4fa2-aa4c-a7e32d98f097/aggregates HTTP/1.1" 200 3068 "-" "nova-compute keystoneauth1/5.13.1 python-requests/2.32.5 CPython/3.12.3"
199.204.45.89 - - [26/Mar/2026:01:05:14 +0000] "GET /placement/resource_providers/d25b1ef3-40b5-4fa2-aa4c-a7e32d98f097/traits HTTP/1.1" 200 5008 "-" "nova-compute keystoneauth1/5.13.1 python-requests/2.32.5 CPython/3.12.3"
199.204.45.89 - - [26/Mar/2026:01:05:14 +0000] "GET /placement/resource_providers/d25b1ef3-40b5-4fa2-aa4c-a7e32d98f097/allocations HTTP/1.1" 200 3302 "-" "nova-compute keystoneauth1/5.13.1 python-requests/2.32.5 CPython/3.12.3"
199.204.45.89 - - [26/Mar/2026:01:05:14 +0000] "GET /placement/allocations/6e6ce71b-e8c7-4954-9d30-990fca572768 HTTP/1.1" 200 3275 "-" "nova-compute keystoneauth1/5.13.1 python-requests/2.32.5 CPython/3.12.3"
199.204.45.89 - - [26/Mar/2026:01:05:14 +0000] "GET /placement/allocations/560d50a4-d017-4f92-b1bc-fa1268723d19 HTTP/1.1" 200 3275 "-" "nova-compute keystoneauth1/5.13.1 python-requests/2.32.5 CPython/3.12.3"
199.204.45.89 - - [26/Mar/2026:01:05:14 +0000] "GET /placement/allocations/b1906945-a1d1-4b81-94fc-5d2814fed2b6 HTTP/1.1" 200 3275 "-" "nova-compute keystoneauth1/5.13.1 python-requests/2.32.5 CPython/3.12.3"
172.24.5.77 - - [26/Mar/2026:01:05:36 +0000] "GET /volume/v3/volumes/detail HTTP/1.1" 200 2988 "-" "cinder-csi-plugin/v1.32.0 gophercloud/v2.5.0"
172.18.0.2 - - [26/Mar/2026:01:06:01 +0000] "GET /networking/v2.0/networks/30bd493a-9400-4be2-9a25-1ef11740ebd2 HTTP/1.1" 200 3502 "-" "cluster-api-provider-openstack/v0.12.4 gophercloud/v2.7.0"
172.18.0.2 - - [26/Mar/2026:01:06:01 +0000] "GET /networking/v2.0/networks?name=k8s-clusterapi-cluster-magnum-system-kube-wwsmv HTTP/1.1" 200 3490 "-" "cluster-api-provider-openstack/v0.12.4 gophercloud/v2.7.0"
172.18.0.2 - - [26/Mar/2026:01:06:02 +0000] "GET /networking/v2.0/subnets?cidr=192.168.24.0%2F24&network_id=b7ecc833-fabf-473b-a411-a43803fd4e7b HTTP/1.1" 200 3614 "-" "cluster-api-provider-openstack/v0.12.4 gophercloud/v2.7.0"
172.18.0.2 - - [26/Mar/2026:01:06:02 +0000] "GET /networking/v2.0/routers/86603619-9d25-4a6a-a59f-a447d84f857f HTTP/1.1" 200 4061 "-" "cluster-api-provider-openstack/v0.12.4 gophercloud/v2.7.0"
172.18.0.2 - - [26/Mar/2026:01:06:02 +0000] "GET /networking/v2.0/ports?device_id=86603619-9d25-4a6a-a59f-a447d84f857f HTTP/1.1" 200 3569 "-" "cluster-api-provider-openstack/v0.12.4 gophercloud/v2.7.0"
172.18.0.2 - - [26/Mar/2026:01:06:02 +0000] "GET /networking/v2.0/security-groups?name=k8s-cluster-magnum-system-kube-wwsmv-secgroup-bastion HTTP/1.1" 200 2868 "-" "cluster-api-provider-openstack/v0.12.4 gophercloud/v2.7.0"
172.18.0.2 - - [26/Mar/2026:01:06:02 +0000] "GET /networking/v2.0/security-groups?name=k8s-cluster-magnum-system-kube-wwsmv-secgroup-worker HTTP/1.1" 200 11151 "-" "cluster-api-provider-openstack/v0.12.4 gophercloud/v2.7.0"
172.18.0.2 - - [26/Mar/2026:01:06:02 +0000] "GET /networking/v2.0/security-groups?name=k8s-cluster-magnum-system-kube-wwsmv-secgroup-controlplane HTTP/1.1" 200 7754 "-" "cluster-api-provider-openstack/v0.12.4 gophercloud/v2.7.0"
172.18.0.2 - - [26/Mar/2026:01:06:02 +0000] "GET /networking/v2.0/floatingips?floating_ip_address=172.24.5.189 HTTP/1.1" 200 3757 "-" "cluster-api-provider-openstack/v0.12.4 gophercloud/v2.7.0"
172.18.0.2 - - [26/Mar/2026:01:06:02 +0000] "GET /compute/v2.1/ HTTP/1.1" 200 3431 "-" "cluster-api-provider-openstack/v0.12.4 gophercloud/v2.7.0"
172.18.0.2 - - [26/Mar/2026:01:06:02 +0000] "GET /compute/v2.1/os-availability-zone HTTP/1.1" 200 3137 "-" "cluster-api-provider-openstack/v0.12.4 gophercloud/v2.7.0"
172.18.0.2 - - [26/Mar/2026:01:06:14 +0000] "GET /compute/v2.1/ HTTP/1.1" 200 3431 "-" "cluster-api-provider-openstack/v0.12.4 gophercloud/v2.7.0"
172.18.0.2 - - [26/Mar/2026:01:06:14 +0000] "GET /compute/v2.1/ HTTP/1.1" 200 3431 "-" "cluster-api-provider-openstack/v0.12.4 gophercloud/v2.7.0"
172.18.0.2 - - [26/Mar/2026:01:06:14 +0000] "GET /compute/v2.1/ HTTP/1.1" 200 3431 "-" "cluster-api-provider-openstack/v0.12.4 gophercloud/v2.7.0"
199.204.45.89 - - [26/Mar/2026:01:06:14 +0000] "GET /identity/v3/auth/tokens HTTP/1.1" 200 8083 "-" "python-keystoneclient"
199.204.45.89 - - [26/Mar/2026:01:06:14 +0000] "GET /identity/v3/auth/tokens HTTP/1.1" 200 8083 "-" "python-keystoneclient"
199.204.45.89 - - [26/Mar/2026:01:06:14 +0000] "GET /networking/v2.0/ports?device_id=560d50a4-d017-4f92-b1bc-fa1268723d19 HTTP/1.1" 200 3732 "-" "python-neutronclient"
199.204.45.89 - - [26/Mar/2026:01:06:14 +0000] "GET /networking/v2.0/ports?device_id=6e6ce71b-e8c7-4954-9d30-990fca572768 HTTP/1.1" 200 3732 "-" "python-neutronclient"
199.204.45.89 - - [26/Mar/2026:01:06:14 +0000] "GET /networking/v2.0/ports?device_id=b1906945-a1d1-4b81-94fc-5d2814fed2b6 HTTP/1.1" 200 3711 "-" "python-neutronclient"
199.204.45.89 - - [26/Mar/2026:01:06:14 +0000] "GET /networking/v2.0/security-groups?id=f2b60eb7-c988-4a90-8036-6b6c806285f4&fields=id&fields=name HTTP/1.1" 200 3010 "-" "python-neutronclient"
172.18.0.2 - - [26/Mar/2026:01:06:14 +0000] "GET /compute/v2.1/servers/560d50a4-d017-4f92-b1bc-fa1268723d19 HTTP/1.1" 200 4642 "-" "cluster-api-provider-openstack/v0.12.4 gophercloud/v2.7.0"
199.204.45.89 - - [26/Mar/2026:01:06:14 +0000] "GET /networking/v2.0/security-groups?id=b3ccfcbc-5165-4588-82e6-65ea52fa039b&fields=id&fields=name HTTP/1.1" 200 3016 "-" "python-neutronclient"
199.204.45.89 - - [26/Mar/2026:01:06:14 +0000] "GET /networking/v2.0/security-groups?id=f2b60eb7-c988-4a90-8036-6b6c806285f4&fields=id&fields=name HTTP/1.1" 200 3010 "-" "python-neutronclient"
172.18.0.2 - - [26/Mar/2026:01:06:14 +0000] "GET /compute/v2.1/servers/6e6ce71b-e8c7-4954-9d30-990fca572768 HTTP/1.1" 200 4642 "-" "cluster-api-provider-openstack/v0.12.4 gophercloud/v2.7.0"
172.18.0.2 - - [26/Mar/2026:01:06:14 +0000] "GET /compute/v2.1/servers/b1906945-a1d1-4b81-94fc-5d2814fed2b6 HTTP/1.1" 200 4627 "-" "cluster-api-provider-openstack/v0.12.4 gophercloud/v2.7.0"
199.204.45.89 - - [26/Mar/2026:01:06:16 +0000] "GET /placement/resource_providers/d25b1ef3-40b5-4fa2-aa4c-a7e32d98f097/allocations HTTP/1.1" 200 3302 "-" "nova-compute keystoneauth1/5.13.1 python-requests/2.32.5 CPython/3.12.3"
199.204.45.89 - - [26/Mar/2026:01:06:16 +0000] "GET /placement/resource_providers/d25b1ef3-40b5-4fa2-aa4c-a7e32d98f097/allocations HTTP/1.1" 200 3302 "-" "nova-compute keystoneauth1/5.13.1 python-requests/2.32.5 CPython/3.12.3"
199.204.45.89 - - [26/Mar/2026:01:06:16 +0000] "GET /placement/allocations/6e6ce71b-e8c7-4954-9d30-990fca572768 HTTP/1.1" 200 3275 "-" "nova-compute keystoneauth1/5.13.1 python-requests/2.32.5 CPython/3.12.3"
199.204.45.89 - - [26/Mar/2026:01:06:16 +0000] "GET /placement/allocations/560d50a4-d017-4f92-b1bc-fa1268723d19 HTTP/1.1" 200 3275 "-" "nova-compute keystoneauth1/5.13.1 python-requests/2.32.5 CPython/3.12.3"
199.204.45.89 - - [26/Mar/2026:01:06:16 +0000] "GET /placement/allocations/b1906945-a1d1-4b81-94fc-5d2814fed2b6 HTTP/1.1" 200 3275 "-" "nova-compute keystoneauth1/5.13.1 python-requests/2.32.5 CPython/3.12.3"
172.24.5.77 - - [26/Mar/2026:01:06:36 +0000] "GET /volume/v3/volumes/detail HTTP/1.1" 200 2988 "-" "cinder-csi-plugin/v1.32.0 gophercloud/v2.5.0"
172.18.0.2 - - [26/Mar/2026:01:07:02 +0000] "GET /networking/v2.0/ports?id=b6f7e454-9a12-4736-9794-91ffad8b1d86&name=kube-wwsmv-sj8md-dvzl7-0&network_id=b7ecc833-fabf-473b-a411-a43803fd4e7b HTTP/1.1" 200 3680 "-" "cluster-api-provider-openstack/v0.12.4 gophercloud/v2.7.0"
172.18.0.2 - - [26/Mar/2026:01:07:02 +0000] "GET /networking/v2.0/ports?id=3a2d0eb2-6ad6-4244-88cf-6cb6b0541637&name=kube-wwsmv-default-worker-2pwbm-45zrb-xjmcl-0&network_id=b7ecc833-fabf-473b-a411-a43803fd4e7b HTTP/1.1" 200 3701 "-" "cluster-api-provider-openstack/v0.12.4 gophercloud/v2.7.0"
172.18.0.2 - - [26/Mar/2026:01:07:02 +0000] "GET /compute/v2.1/ HTTP/1.1" 200 3431 "-" "cluster-api-provider-openstack/v0.12.4 gophercloud/v2.7.0"
172.18.0.2 - - [26/Mar/2026:01:07:02 +0000] "GET /networking/v2.0/ports?id=d37e0705-c7c7-42e8-938e-856db423a6c9&name=kube-wwsmv-default-worker-2pwbm-45zrb-8skhm-0&network_id=b7ecc833-fabf-473b-a411-a43803fd4e7b HTTP/1.1" 200 3701 "-" "cluster-api-provider-openstack/v0.12.4 gophercloud/v2.7.0"
172.18.0.2 - - [26/Mar/2026:01:07:02 +0000] "GET /compute/v2.1/ HTTP/1.1" 200 3431 "-" "cluster-api-provider-openstack/v0.12.4 gophercloud/v2.7.0"
172.18.0.2 - - [26/Mar/2026:01:07:02 +0000] "GET /compute/v2.1/ HTTP/1.1" 200 3431 "-" "cluster-api-provider-openstack/v0.12.4 gophercloud/v2.7.0"
199.204.45.89 - - [26/Mar/2026:01:07:02 +0000] "GET /networking/v2.0/ports?device_id=6e6ce71b-e8c7-4954-9d30-990fca572768 HTTP/1.1" 200 3732 "-" "python-neutronclient"
199.204.45.89 - - [26/Mar/2026:01:07:02 +0000] "GET /networking/v2.0/ports?device_id=b1906945-a1d1-4b81-94fc-5d2814fed2b6 HTTP/1.1" 200 3711 "-" "python-neutronclient"
199.204.45.89 - - [26/Mar/2026:01:07:02 +0000] "GET /networking/v2.0/security-groups?id=f2b60eb7-c988-4a90-8036-6b6c806285f4&fields=id&fields=name HTTP/1.1" 200 3010 "-" "python-neutronclient"
199.204.45.89 - - [26/Mar/2026:01:07:02 +0000] "GET /identity/v3/auth/tokens HTTP/1.1" 200 8083 "-" "python-keystoneclient"
172.18.0.2 - - [26/Mar/2026:01:07:02 +0000] "GET /compute/v2.1/servers/6e6ce71b-e8c7-4954-9d30-990fca572768 HTTP/1.1" 200 4642 "-" "cluster-api-provider-openstack/v0.12.4 gophercloud/v2.7.0"
199.204.45.89 - - [26/Mar/2026:01:07:02 +0000] "GET /networking/v2.0/ports?device_id=560d50a4-d017-4f92-b1bc-fa1268723d19 HTTP/1.1" 200 3732 "-" "python-neutronclient"
199.204.45.89 - - [26/Mar/2026:01:07:02 +0000] "GET /networking/v2.0/security-groups?id=b3ccfcbc-5165-4588-82e6-65ea52fa039b&fields=id&fields=name HTTP/1.1" 200 3016 "-" "python-neutronclient"
172.18.0.2 - - [26/Mar/2026:01:07:02 +0000] "GET /compute/v2.1/servers/b1906945-a1d1-4b81-94fc-5d2814fed2b6 HTTP/1.1" 200 4627 "-" "cluster-api-provider-openstack/v0.12.4 gophercloud/v2.7.0"
199.204.45.89 - - [26/Mar/2026:01:07:02 +0000] "GET /networking/v2.0/security-groups?id=f2b60eb7-c988-4a90-8036-6b6c806285f4&fields=id&fields=name HTTP/1.1" 200 3010 "-" "python-neutronclient"
172.18.0.2 - - [26/Mar/2026:01:07:02 +0000] "GET /compute/v2.1/servers/560d50a4-d017-4f92-b1bc-fa1268723d19 HTTP/1.1" 200 4642 "-" "cluster-api-provider-openstack/v0.12.4 gophercloud/v2.7.0"
199.204.45.89 - - [26/Mar/2026:01:07:17 +0000] "GET /placement/resource_providers/d25b1ef3-40b5-4fa2-aa4c-a7e32d98f097/allocations HTTP/1.1" 200 3302 "-" "nova-compute keystoneauth1/5.13.1 python-requests/2.32.5 CPython/3.12.3"
199.204.45.89 - - [26/Mar/2026:01:07:17 +0000] "GET /placement/resource_providers/d25b1ef3-40b5-4fa2-aa4c-a7e32d98f097/allocations HTTP/1.1" 200 3302 "-" "nova-compute keystoneauth1/5.13.1 python-requests/2.32.5 CPython/3.12.3"
199.204.45.89 - - [26/Mar/2026:01:07:17 +0000] "GET /placement/allocations/6e6ce71b-e8c7-4954-9d30-990fca572768 HTTP/1.1" 200 3275 "-" "nova-compute keystoneauth1/5.13.1 python-requests/2.32.5 CPython/3.12.3"
199.204.45.89 - - [26/Mar/2026:01:07:17 +0000] "GET /placement/allocations/560d50a4-d017-4f92-b1bc-fa1268723d19 HTTP/1.1" 200 3275 "-" "nova-compute keystoneauth1/5.13.1 python-requests/2.32.5 CPython/3.12.3"
199.204.45.89 - - [26/Mar/2026:01:07:17 +0000] "GET /placement/allocations/b1906945-a1d1-4b81-94fc-5d2814fed2b6 HTTP/1.1" 200 3275 "-" "nova-compute keystoneauth1/5.13.1 python-requests/2.32.5 CPython/3.12.3"
172.24.5.77 - - [26/Mar/2026:01:07:18 +0000] "GET /networking/ HTTP/1.1" 200 2909 "-" "openstack-cloud-controller-manager/v1.34.1 gophercloud/v2.8.0"
199.204.45.89 - - [26/Mar/2026:01:07:18 +0000] "GET /identity/v3/auth/tokens HTTP/1.1" 200 8209 "-" "python-keystoneclient"
199.204.45.89 - - [26/Mar/2026:01:07:18 +0000] "GET /networking/v2.0/ports?device_id=b1906945-a1d1-4b81-94fc-5d2814fed2b6 HTTP/1.1" 200 3711 "-" "python-neutronclient"
199.204.45.89 - - [26/Mar/2026:01:07:18 +0000] "GET /networking/v2.0/security-groups?id=b3ccfcbc-5165-4588-82e6-65ea52fa039b&fields=id&fields=name HTTP/1.1" 200 3016 "-" "python-neutronclient"
172.24.5.77 - - [26/Mar/2026:01:07:18 +0000] "GET /compute/v2.1/servers/b1906945-a1d1-4b81-94fc-5d2814fed2b6 HTTP/1.1" 200 4575 "-" "openstack-cloud-controller-manager/v1.34.1 gophercloud/v2.8.0"
172.24.5.77 - - [26/Mar/2026:01:07:18 +0000] "GET /compute/v2.1/flavors/4 HTTP/1.1" 200 3410 "-" "openstack-cloud-controller-manager/v1.34.1 gophercloud/v2.8.0"
172.24.5.77 - - [26/Mar/2026:01:07:18 +0000] "GET /networking/v2.0/ports?device_id=b1906945-a1d1-4b81-94fc-5d2814fed2b6 HTTP/1.1" 200 3680 "-" "openstack-cloud-controller-manager/v1.34.1 gophercloud/v2.8.0"
172.24.5.77 - - [26/Mar/2026:01:07:18 +0000] "GET /networking/ HTTP/1.1" 200 2909 "-" "openstack-cloud-controller-manager/v1.34.1 gophercloud/v2.8.0"
199.204.45.89 - - [26/Mar/2026:01:07:18 +0000] "GET /networking/v2.0/ports?device_id=6e6ce71b-e8c7-4954-9d30-990fca572768 HTTP/1.1" 200 3732 "-" "python-neutronclient"
199.204.45.89 - - [26/Mar/2026:01:07:19 +0000] "GET /networking/v2.0/security-groups?id=f2b60eb7-c988-4a90-8036-6b6c806285f4&fields=id&fields=name HTTP/1.1" 200 3010 "-" "python-neutronclient"
172.24.5.77 - - [26/Mar/2026:01:07:18 +0000] "GET /compute/v2.1/servers/6e6ce71b-e8c7-4954-9d30-990fca572768 HTTP/1.1" 200 4590 "-" "openstack-cloud-controller-manager/v1.34.1 gophercloud/v2.8.0"
172.24.5.77 - - [26/Mar/2026:01:07:19 +0000] "GET /compute/v2.1/flavors/4 HTTP/1.1" 200 3410 "-" "openstack-cloud-controller-manager/v1.34.1 gophercloud/v2.8.0"
172.24.5.77 - - [26/Mar/2026:01:07:19 +0000] "GET /networking/v2.0/ports?device_id=6e6ce71b-e8c7-4954-9d30-990fca572768 HTTP/1.1" 200 3701 "-" "openstack-cloud-controller-manager/v1.34.1 gophercloud/v2.8.0"
172.24.5.77 - - [26/Mar/2026:01:07:19 +0000] "GET /networking/ HTTP/1.1" 200 2909 "-" "openstack-cloud-controller-manager/v1.34.1 gophercloud/v2.8.0"
199.204.45.89 - - [26/Mar/2026:01:07:19 +0000] "GET /networking/v2.0/ports?device_id=560d50a4-d017-4f92-b1bc-fa1268723d19 HTTP/1.1" 200 3732 "-" "python-neutronclient"
199.204.45.89 - - [26/Mar/2026:01:07:19 +0000] "GET /networking/v2.0/security-groups?id=f2b60eb7-c988-4a90-8036-6b6c806285f4&fields=id&fields=name HTTP/1.1" 200 3010 "-" "python-neutronclient"
172.24.5.77 - - [26/Mar/2026:01:07:19 +0000] "GET /compute/v2.1/servers/560d50a4-d017-4f92-b1bc-fa1268723d19 HTTP/1.1" 200 4590 "-" "openstack-cloud-controller-manager/v1.34.1 gophercloud/v2.8.0"
172.24.5.77 - - [26/Mar/2026:01:07:19 +0000] "GET /compute/v2.1/flavors/4 HTTP/1.1" 200 3410 "-" "openstack-cloud-controller-manager/v1.34.1 gophercloud/v2.8.0"
172.24.5.77 - - [26/Mar/2026:01:07:19 +0000] "GET /networking/v2.0/ports?device_id=560d50a4-d017-4f92-b1bc-fa1268723d19 HTTP/1.1" 200 3701 "-" "openstack-cloud-controller-manager/v1.34.1 gophercloud/v2.8.0"
199.204.45.89 - - [26/Mar/2026:01:07:36 +0000] "GET /identity HTTP/1.1" 300 3230 "-" "cinder/28.1.0.dev16 keystonemiddleware.auth_token/12.0.0 keystoneauth1/5.13.1 python-requests/2.32.5 CPython/3.12.3"
199.204.45.89 - - [26/Mar/2026:01:07:36 +0000] "POST /identity/v3/auth/tokens HTTP/1.1" 201 7905 "-" "cinder/28.1.0.dev16 keystonemiddleware.auth_token/12.0.0 keystoneauth1/5.13.1 python-requests/2.32.5 CPython/3.12.3"
199.204.45.89 - - [26/Mar/2026:01:07:36 +0000] "GET /identity/v3/auth/tokens HTTP/1.1" 200 8209 "-" "python-keystoneclient"
172.24.5.77 - - [26/Mar/2026:01:07:36 +0000] "GET /volume/v3/volumes/detail HTTP/1.1" 200 2988 "-" "cinder-csi-plugin/v1.32.0 gophercloud/v2.5.0"
172.18.0.2 - - [26/Mar/2026:01:07:55 +0000] "GET /compute/v2.1/ HTTP/1.1" 200 3431 "-" "cluster-api-provider-openstack/v0.12.4 gophercloud/v2.7.0"
172.18.0.2 - - [26/Mar/2026:01:07:55 +0000] "GET /compute/v2.1/ HTTP/1.1" 200 3431 "-" "cluster-api-provider-openstack/v0.12.4 gophercloud/v2.7.0"
172.18.0.2 - - [26/Mar/2026:01:07:55 +0000] "GET /compute/v2.1/ HTTP/1.1" 200 3431 "-" "cluster-api-provider-openstack/v0.12.4 gophercloud/v2.7.0"
199.204.45.89 - - [26/Mar/2026:01:07:55 +0000] "GET /identity/v3/auth/tokens HTTP/1.1" 200 8209 "-" "python-keystoneclient"
199.204.45.89 - - [26/Mar/2026:01:07:55 +0000] "GET /identity/v3/auth/tokens HTTP/1.1" 200 8209 "-" "python-keystoneclient"
199.204.45.89 - - [26/Mar/2026:01:07:55 +0000] "GET /identity/v3/auth/tokens HTTP/1.1" 200 8209 "-" "python-keystoneclient"
199.204.45.89 - - [26/Mar/2026:01:07:55 +0000] "GET /networking/v2.0/ports?device_id=6e6ce71b-e8c7-4954-9d30-990fca572768 HTTP/1.1" 200 3732 "-" "python-neutronclient"
199.204.45.89 - - [26/Mar/2026:01:07:55 +0000] "GET /identity/v3/auth/tokens HTTP/1.1" 200 8083 "-" "python-keystoneclient"
199.204.45.89 - - [26/Mar/2026:01:07:55 +0000] "GET /networking/v2.0/ports?device_id=b1906945-a1d1-4b81-94fc-5d2814fed2b6 HTTP/1.1" 200 3711 "-" "python-neutronclient"
199.204.45.89 - - [26/Mar/2026:01:07:55 +0000] "GET /networking/v2.0/security-groups?id=f2b60eb7-c988-4a90-8036-6b6c806285f4&fields=id&fields=name HTTP/1.1" 200 3010 "-" "python-neutronclient"
172.18.0.2 - - [26/Mar/2026:01:07:55 +0000] "GET /compute/v2.1/servers/6e6ce71b-e8c7-4954-9d30-990fca572768 HTTP/1.1" 200 4642 "-" "cluster-api-provider-openstack/v0.12.4 gophercloud/v2.7.0"
199.204.45.89 - - [26/Mar/2026:01:07:55 +0000] "GET /networking/v2.0/ports?device_id=560d50a4-d017-4f92-b1bc-fa1268723d19 HTTP/1.1" 200 3732 "-" "python-neutronclient"
199.204.45.89 - - [26/Mar/2026:01:07:55 +0000] "GET /networking/v2.0/security-groups?id=b3ccfcbc-5165-4588-82e6-65ea52fa039b&fields=id&fields=name HTTP/1.1" 200 3016 "-" "python-neutronclient"
172.18.0.2 - - [26/Mar/2026:01:07:55 +0000] "GET /compute/v2.1/servers/b1906945-a1d1-4b81-94fc-5d2814fed2b6 HTTP/1.1" 200 4627 "-" "cluster-api-provider-openstack/v0.12.4 gophercloud/v2.7.0"
199.204.45.89 - - [26/Mar/2026:01:07:55 +0000] "GET /networking/v2.0/security-groups?id=f2b60eb7-c988-4a90-8036-6b6c806285f4&fields=id&fields=name HTTP/1.1" 200 3010 "-" "python-neutronclient"
172.18.0.2 - - [26/Mar/2026:01:07:55 +0000] "GET /compute/v2.1/servers/560d50a4-d017-4f92-b1bc-fa1268723d19 HTTP/1.1" 200 4642 "-" "cluster-api-provider-openstack/v0.12.4 gophercloud/v2.7.0"
199.204.45.89 - - [26/Mar/2026:01:08:18 +0000] "GET /placement/resource_providers/d25b1ef3-40b5-4fa2-aa4c-a7e32d98f097/allocations HTTP/1.1" 200 3302 "-" "nova-compute keystoneauth1/5.13.1 python-requests/2.32.5 CPython/3.12.3"
199.204.45.89 - - [26/Mar/2026:01:08:18 +0000] "GET /placement/resource_providers/d25b1ef3-40b5-4fa2-aa4c-a7e32d98f097/allocations HTTP/1.1" 200 3302 "-" "nova-compute keystoneauth1/5.13.1 python-requests/2.32.5 CPython/3.12.3"
199.204.45.89 - - [26/Mar/2026:01:08:18 +0000] "GET /placement/allocations/6e6ce71b-e8c7-4954-9d30-990fca572768 HTTP/1.1" 200 3275 "-" "nova-compute keystoneauth1/5.13.1 python-requests/2.32.5 CPython/3.12.3"
199.204.45.89 - - [26/Mar/2026:01:08:18 +0000] "GET /placement/allocations/560d50a4-d017-4f92-b1bc-fa1268723d19 HTTP/1.1" 200 3275 "-" "nova-compute keystoneauth1/5.13.1 python-requests/2.32.5 CPython/3.12.3"
199.204.45.89 - - [26/Mar/2026:01:08:18 +0000] "GET /placement/allocations/b1906945-a1d1-4b81-94fc-5d2814fed2b6 HTTP/1.1" 200 3275 "-" "nova-compute keystoneauth1/5.13.1 python-requests/2.32.5 CPython/3.12.3"
172.24.5.77 - - [26/Mar/2026:01:08:36 +0000] "GET /volume/v3/volumes/detail HTTP/1.1" 200 2988 "-" "cinder-csi-plugin/v1.32.0 gophercloud/v2.5.0"
199.204.45.89 - - [26/Mar/2026:01:09:18 +0000] "GET /placement/resource_providers/d25b1ef3-40b5-4fa2-aa4c-a7e32d98f097/allocations HTTP/1.1" 200 3302 "-" "nova-compute keystoneauth1/5.13.1 python-requests/2.32.5 CPython/3.12.3"
199.204.45.89 - - [26/Mar/2026:01:09:18 +0000] "GET /placement/resource_providers/d25b1ef3-40b5-4fa2-aa4c-a7e32d98f097/allocations HTTP/1.1" 200 3302 "-" "nova-compute keystoneauth1/5.13.1 python-requests/2.32.5 CPython/3.12.3"
199.204.45.89 - - [26/Mar/2026:01:09:18 +0000] "GET /placement/allocations/6e6ce71b-e8c7-4954-9d30-990fca572768 HTTP/1.1" 200 3275 "-" "nova-compute keystoneauth1/5.13.1 python-requests/2.32.5 CPython/3.12.3"
199.204.45.89 - - [26/Mar/2026:01:09:18 +0000] "GET /placement/allocations/560d50a4-d017-4f92-b1bc-fa1268723d19 HTTP/1.1" 200 3275 "-" "nova-compute keystoneauth1/5.13.1 python-requests/2.32.5 CPython/3.12.3"
199.204.45.89 - - [26/Mar/2026:01:09:18 +0000] "GET /placement/allocations/b1906945-a1d1-4b81-94fc-5d2814fed2b6 HTTP/1.1" 200 3275 "-" "nova-compute keystoneauth1/5.13.1 python-requests/2.32.5 CPython/3.12.3"
172.24.5.77 - - [26/Mar/2026:01:09:36 +0000] "GET /volume/v3/volumes/detail HTTP/1.1" 200 2988 "-" "cinder-csi-plugin/v1.32.0 gophercloud/v2.5.0"
199.204.45.89 - - [26/Mar/2026:01:10:19 +0000] "GET /identity HTTP/1.1" 300 3230 "-" "placement/unknown keystonemiddleware.auth_token/12.0.0 keystoneauth1/5.13.1 python-requests/2.32.5 CPython/3.12.3"
199.204.45.89 - - [26/Mar/2026:01:10:19 +0000] "POST /identity/v3/auth/tokens HTTP/1.1" 201 8093 "-" "placement/unknown keystonemiddleware.auth_token/12.0.0 keystoneauth1/5.13.1 python-requests/2.32.5 CPython/3.12.3"
199.204.45.89 - - [26/Mar/2026:01:10:19 +0000] "GET /identity/v3/auth/tokens HTTP/1.1" 200 8083 "-" "python-keystoneclient"
199.204.45.89 - - [26/Mar/2026:01:10:19 +0000] "GET /placement/resource_providers/d25b1ef3-40b5-4fa2-aa4c-a7e32d98f097/allocations HTTP/1.1" 200 3302 "-" "nova-compute keystoneauth1/5.13.1 python-requests/2.32.5 CPython/3.12.3"
199.204.45.89 - - [26/Mar/2026:01:10:19 +0000] "GET /placement/resource_providers?in_tree=d25b1ef3-40b5-4fa2-aa4c-a7e32d98f097 HTTP/1.1" 200 3816 "-" "nova-compute keystoneauth1/5.13.1 python-requests/2.32.5 CPython/3.12.3"
199.204.45.89 - - [26/Mar/2026:01:10:19 +0000] "GET /placement/resource_providers/d25b1ef3-40b5-4fa2-aa4c-a7e32d98f097/inventories HTTP/1.1" 200 3344 "-" "nova-compute keystoneauth1/5.13.1 python-requests/2.32.5 CPython/3.12.3"
199.204.45.89 - - [26/Mar/2026:01:10:19 +0000] "GET /placement/resource_providers/d25b1ef3-40b5-4fa2-aa4c-a7e32d98f097/aggregates HTTP/1.1" 200 3068 "-" "nova-compute keystoneauth1/5.13.1 python-requests/2.32.5 CPython/3.12.3"
199.204.45.89 - - [26/Mar/2026:01:10:19 +0000] "GET /placement/resource_providers/d25b1ef3-40b5-4fa2-aa4c-a7e32d98f097/traits HTTP/1.1" 200 5008 "-" "nova-compute keystoneauth1/5.13.1 python-requests/2.32.5 CPython/3.12.3"
199.204.45.89 - - [26/Mar/2026:01:10:19 +0000] "GET /placement/resource_providers/d25b1ef3-40b5-4fa2-aa4c-a7e32d98f097/allocations HTTP/1.1" 200 3302 "-" "nova-compute keystoneauth1/5.13.1 python-requests/2.32.5 CPython/3.12.3"
199.204.45.89 - - [26/Mar/2026:01:10:19 +0000] "GET /placement/allocations/6e6ce71b-e8c7-4954-9d30-990fca572768 HTTP/1.1" 200 3275 "-" "nova-compute keystoneauth1/5.13.1 python-requests/2.32.5 CPython/3.12.3"
199.204.45.89 - - [26/Mar/2026:01:10:19 +0000] "GET /placement/allocations/560d50a4-d017-4f92-b1bc-fa1268723d19 HTTP/1.1" 200 3275 "-" "nova-compute keystoneauth1/5.13.1 python-requests/2.32.5 CPython/3.12.3"
199.204.45.89 - - [26/Mar/2026:01:10:19 +0000] "GET /placement/allocations/b1906945-a1d1-4b81-94fc-5d2814fed2b6 HTTP/1.1" 200 3275 "-" "nova-compute keystoneauth1/5.13.1 python-requests/2.32.5 CPython/3.12.3"
172.24.5.77 - - [26/Mar/2026:01:10:36 +0000] "GET /volume/v3/volumes/detail HTTP/1.1" 200 2988 "-" "cinder-csi-plugin/v1.32.0 gophercloud/v2.5.0"
199.204.45.89 - - [26/Mar/2026:01:11:19 +0000] "GET /placement/resource_providers/d25b1ef3-40b5-4fa2-aa4c-a7e32d98f097/allocations HTTP/1.1" 200 3302 "-" "nova-compute keystoneauth1/5.13.1 python-requests/2.32.5 CPython/3.12.3"
199.204.45.89 - - [26/Mar/2026:01:11:19 +0000] "GET /placement/resource_providers/d25b1ef3-40b5-4fa2-aa4c-a7e32d98f097/allocations HTTP/1.1" 200 3302 "-" "nova-compute keystoneauth1/5.13.1 python-requests/2.32.5 CPython/3.12.3"
199.204.45.89 - - [26/Mar/2026:01:11:19 +0000] "GET /placement/allocations/6e6ce71b-e8c7-4954-9d30-990fca572768 HTTP/1.1" 200 3275 "-" "nova-compute keystoneauth1/5.13.1 python-requests/2.32.5 CPython/3.12.3"
199.204.45.89 - - [26/Mar/2026:01:11:19 +0000] "GET /placement/allocations/560d50a4-d017-4f92-b1bc-fa1268723d19 HTTP/1.1" 200 3275 "-" "nova-compute keystoneauth1/5.13.1 python-requests/2.32.5 CPython/3.12.3"
199.204.45.89 - - [26/Mar/2026:01:11:19 +0000] "GET /placement/allocations/b1906945-a1d1-4b81-94fc-5d2814fed2b6 HTTP/1.1" 200 3275 "-" "nova-compute keystoneauth1/5.13.1 python-requests/2.32.5 CPython/3.12.3"
172.24.5.77 - - [26/Mar/2026:01:11:36 +0000] "GET /volume/v3/volumes/detail HTTP/1.1" 200 2988 "-" "cinder-csi-plugin/v1.32.0 gophercloud/v2.5.0"
199.204.45.89 - - [26/Mar/2026:01:12:19 +0000] "GET /placement/resource_providers/d25b1ef3-40b5-4fa2-aa4c-a7e32d98f097/allocations HTTP/1.1" 200 3302 "-" "nova-compute keystoneauth1/5.13.1 python-requests/2.32.5 CPython/3.12.3"
199.204.45.89 - - [26/Mar/2026:01:12:19 +0000] "GET /placement/resource_providers/d25b1ef3-40b5-4fa2-aa4c-a7e32d98f097/allocations HTTP/1.1" 200 3302 "-" "nova-compute keystoneauth1/5.13.1 python-requests/2.32.5 CPython/3.12.3"
199.204.45.89 - - [26/Mar/2026:01:12:19 +0000] "GET /placement/allocations/6e6ce71b-e8c7-4954-9d30-990fca572768 HTTP/1.1" 200 3275 "-" "nova-compute keystoneauth1/5.13.1 python-requests/2.32.5 CPython/3.12.3"
199.204.45.89 - - [26/Mar/2026:01:12:19 +0000] "GET /placement/allocations/560d50a4-d017-4f92-b1bc-fa1268723d19 HTTP/1.1" 200 3275 "-" "nova-compute keystoneauth1/5.13.1 python-requests/2.32.5 CPython/3.12.3"
199.204.45.89 - - [26/Mar/2026:01:12:19 +0000] "GET /placement/allocations/b1906945-a1d1-4b81-94fc-5d2814fed2b6 HTTP/1.1" 200 3275 "-" "nova-compute keystoneauth1/5.13.1 python-requests/2.32.5 CPython/3.12.3"
172.24.5.77 - - [26/Mar/2026:01:12:19 +0000] "GET /networking/ HTTP/1.1" 200 2909 "-" "openstack-cloud-controller-manager/v1.34.1 gophercloud/v2.8.0"
199.204.45.89 - - [26/Mar/2026:01:12:19 +0000] "GET /identity/v3/auth/tokens HTTP/1.1" 200 8209 "-" "python-keystoneclient"
199.204.45.89 - - [26/Mar/2026:01:12:19 +0000] "GET /identity/v3/auth/tokens HTTP/1.1" 200 8083 "-" "python-keystoneclient"
199.204.45.89 - - [26/Mar/2026:01:12:19 +0000] "GET /networking/v2.0/ports?device_id=b1906945-a1d1-4b81-94fc-5d2814fed2b6 HTTP/1.1" 200 3711 "-" "python-neutronclient"
199.204.45.89 - - [26/Mar/2026:01:12:19 +0000] "GET /networking/v2.0/security-groups?id=b3ccfcbc-5165-4588-82e6-65ea52fa039b&fields=id&fields=name HTTP/1.1" 200 3016 "-" "python-neutronclient"
172.24.5.77 - - [26/Mar/2026:01:12:19 +0000] "GET /compute/v2.1/servers/b1906945-a1d1-4b81-94fc-5d2814fed2b6 HTTP/1.1" 200 4575 "-" "openstack-cloud-controller-manager/v1.34.1 gophercloud/v2.8.0"
172.24.5.77 - - [26/Mar/2026:01:12:19 +0000] "GET /compute/v2.1/flavors/4 HTTP/1.1" 200 3410 "-" "openstack-cloud-controller-manager/v1.34.1 gophercloud/v2.8.0"
172.24.5.77 - - [26/Mar/2026:01:12:19 +0000] "GET /networking/v2.0/ports?device_id=b1906945-a1d1-4b81-94fc-5d2814fed2b6 HTTP/1.1" 200 3680 "-" "openstack-cloud-controller-manager/v1.34.1 gophercloud/v2.8.0"
172.24.5.77 - - [26/Mar/2026:01:12:19 +0000] "GET /networking/ HTTP/1.1" 200 2909 "-" "openstack-cloud-controller-manager/v1.34.1 gophercloud/v2.8.0"
199.204.45.89 - - [26/Mar/2026:01:12:20 +0000] "GET /identity/v3/auth/tokens HTTP/1.1" 200 8083 "-" "python-keystoneclient"
199.204.45.89 - - [26/Mar/2026:01:12:20 +0000] "GET /networking/v2.0/ports?device_id=6e6ce71b-e8c7-4954-9d30-990fca572768 HTTP/1.1" 200 3732 "-" "python-neutronclient"
199.204.45.89 - - [26/Mar/2026:01:12:20 +0000] "GET /networking/v2.0/security-groups?id=f2b60eb7-c988-4a90-8036-6b6c806285f4&fields=id&fields=name HTTP/1.1" 200 3010 "-" "python-neutronclient"
172.24.5.77 - - [26/Mar/2026:01:12:19 +0000] "GET /compute/v2.1/servers/6e6ce71b-e8c7-4954-9d30-990fca572768 HTTP/1.1" 200 4590 "-" "openstack-cloud-controller-manager/v1.34.1 gophercloud/v2.8.0"
172.24.5.77 - - [26/Mar/2026:01:12:20 +0000] "GET /compute/v2.1/flavors/4 HTTP/1.1" 200 3410 "-" "openstack-cloud-controller-manager/v1.34.1 gophercloud/v2.8.0"
172.24.5.77 - - [26/Mar/2026:01:12:20 +0000] "GET /networking/v2.0/ports?device_id=6e6ce71b-e8c7-4954-9d30-990fca572768 HTTP/1.1" 200 3701 "-" "openstack-cloud-controller-manager/v1.34.1 gophercloud/v2.8.0"
172.24.5.77 - - [26/Mar/2026:01:12:20 +0000] "GET /networking/ HTTP/1.1" 200 2909 "-" "openstack-cloud-controller-manager/v1.34.1 gophercloud/v2.8.0"
199.204.45.89 - - [26/Mar/2026:01:12:20 +0000] "GET /networking/v2.0/ports?device_id=560d50a4-d017-4f92-b1bc-fa1268723d19 HTTP/1.1" 200 3732 "-" "python-neutronclient"
199.204.45.89 - - [26/Mar/2026:01:12:20 +0000] "GET /networking/v2.0/security-groups?id=f2b60eb7-c988-4a90-8036-6b6c806285f4&fields=id&fields=name HTTP/1.1" 200 3010 "-" "python-neutronclient"
172.24.5.77 - - [26/Mar/2026:01:12:20 +0000] "GET /compute/v2.1/servers/560d50a4-d017-4f92-b1bc-fa1268723d19 HTTP/1.1" 200 4590 "-" "openstack-cloud-controller-manager/v1.34.1 gophercloud/v2.8.0"
172.24.5.77 - - [26/Mar/2026:01:12:20 +0000] "GET /compute/v2.1/flavors/4 HTTP/1.1" 200 3410 "-" "openstack-cloud-controller-manager/v1.34.1 gophercloud/v2.8.0"
172.24.5.77 - - [26/Mar/2026:01:12:20 +0000] "GET /networking/v2.0/ports?device_id=560d50a4-d017-4f92-b1bc-fa1268723d19 HTTP/1.1" 200 3701 "-" "openstack-cloud-controller-manager/v1.34.1 gophercloud/v2.8.0"
199.204.45.89 - - [26/Mar/2026:01:12:36 +0000] "GET /identity HTTP/1.1" 300 3230 "-" "cinder/28.1.0.dev16 keystonemiddleware.auth_token/12.0.0 keystoneauth1/5.13.1 python-requests/2.32.5 CPython/3.12.3"
199.204.45.89 - - [26/Mar/2026:01:12:36 +0000] "POST /identity/v3/auth/tokens HTTP/1.1" 201 7905 "-" "cinder/28.1.0.dev16 keystonemiddleware.auth_token/12.0.0 keystoneauth1/5.13.1 python-requests/2.32.5 CPython/3.12.3"
199.204.45.89 - - [26/Mar/2026:01:12:37 +0000] "GET /identity/v3/auth/tokens HTTP/1.1" 200 8209 "-" "python-keystoneclient"
172.24.5.77 - - [26/Mar/2026:01:12:36 +0000] "GET /volume/v3/volumes/detail HTTP/1.1" 200 2988 "-" "cinder-csi-plugin/v1.32.0 gophercloud/v2.5.0"
199.204.45.89 - - [26/Mar/2026:01:13:19 +0000] "GET /placement/resource_providers/d25b1ef3-40b5-4fa2-aa4c-a7e32d98f097/allocations HTTP/1.1" 200 3302 "-" "nova-compute keystoneauth1/5.13.1 python-requests/2.32.5 CPython/3.12.3"
199.204.45.89 - - [26/Mar/2026:01:13:19 +0000] "GET /placement/resource_providers/d25b1ef3-40b5-4fa2-aa4c-a7e32d98f097/allocations HTTP/1.1" 200 3302 "-" "nova-compute keystoneauth1/5.13.1 python-requests/2.32.5 CPython/3.12.3"
199.204.45.89 - - [26/Mar/2026:01:13:19 +0000] "GET /placement/allocations/6e6ce71b-e8c7-4954-9d30-990fca572768 HTTP/1.1" 200 3275 "-" "nova-compute keystoneauth1/5.13.1 python-requests/2.32.5 CPython/3.12.3"
199.204.45.89 - - [26/Mar/2026:01:13:19 +0000] "GET /placement/allocations/560d50a4-d017-4f92-b1bc-fa1268723d19 HTTP/1.1" 200 3275 "-" "nova-compute keystoneauth1/5.13.1 python-requests/2.32.5 CPython/3.12.3"
199.204.45.89 - - [26/Mar/2026:01:13:19 +0000] "GET /placement/allocations/b1906945-a1d1-4b81-94fc-5d2814fed2b6 HTTP/1.1" 200 3275 "-" "nova-compute keystoneauth1/5.13.1 python-requests/2.32.5 CPython/3.12.3"
172.24.5.77 - - [26/Mar/2026:01:13:37 +0000] "GET /volume/v3/volumes/detail HTTP/1.1" 200 2988 "-" "cinder-csi-plugin/v1.32.0 gophercloud/v2.5.0"
199.204.45.89 - - [26/Mar/2026:01:14:20 +0000] "GET /placement/resource_providers/d25b1ef3-40b5-4fa2-aa4c-a7e32d98f097/allocations HTTP/1.1" 200 3302 "-" "nova-compute keystoneauth1/5.13.1 python-requests/2.32.5 CPython/3.12.3"
199.204.45.89 - - [26/Mar/2026:01:14:20 +0000] "GET /placement/resource_providers/d25b1ef3-40b5-4fa2-aa4c-a7e32d98f097/allocations HTTP/1.1" 200 3302 "-" "nova-compute keystoneauth1/5.13.1 python-requests/2.32.5 CPython/3.12.3"
199.204.45.89 - - [26/Mar/2026:01:14:20 +0000] "GET /placement/allocations/6e6ce71b-e8c7-4954-9d30-990fca572768 HTTP/1.1" 200 3275 "-" "nova-compute keystoneauth1/5.13.1 python-requests/2.32.5 CPython/3.12.3"
199.204.45.89 - - [26/Mar/2026:01:14:20 +0000] "GET /placement/allocations/560d50a4-d017-4f92-b1bc-fa1268723d19 HTTP/1.1" 200 3275 "-" "nova-compute keystoneauth1/5.13.1 python-requests/2.32.5 CPython/3.12.3"
199.204.45.89 - - [26/Mar/2026:01:14:20 +0000] "GET /placement/allocations/b1906945-a1d1-4b81-94fc-5d2814fed2b6 HTTP/1.1" 200 3275 "-" "nova-compute keystoneauth1/5.13.1 python-requests/2.32.5 CPython/3.12.3"
172.24.5.77 - - [26/Mar/2026:01:14:37 +0000] "GET /volume/v3/volumes/detail HTTP/1.1" 200 2988 "-" "cinder-csi-plugin/v1.32.0 gophercloud/v2.5.0"
199.204.45.89 - - [26/Mar/2026:01:15:02 +0000] "GET /identity/v3/auth/tokens HTTP/1.1" 200 8209 "-" "python-keystoneclient"
172.18.0.2 - - [26/Mar/2026:01:15:02 +0000] "GET /networking/v2.0/networks/30bd493a-9400-4be2-9a25-1ef11740ebd2 HTTP/1.1" 200 3502 "-" "cluster-api-provider-openstack/v0.12.4 gophercloud/v2.7.0"
172.18.0.2 - - [26/Mar/2026:01:15:02 +0000] "GET /networking/v2.0/networks?name=k8s-clusterapi-cluster-magnum-system-kube-wwsmv HTTP/1.1" 200 3490 "-" "cluster-api-provider-openstack/v0.12.4 gophercloud/v2.7.0"
172.18.0.2 - - [26/Mar/2026:01:15:02 +0000] "GET /networking/v2.0/subnets?cidr=192.168.24.0%2F24&network_id=b7ecc833-fabf-473b-a411-a43803fd4e7b HTTP/1.1" 200 3614 "-" "cluster-api-provider-openstack/v0.12.4 gophercloud/v2.7.0"
172.18.0.2 - - [26/Mar/2026:01:15:02 +0000] "GET /networking/v2.0/routers/86603619-9d25-4a6a-a59f-a447d84f857f HTTP/1.1" 200 4061 "-" "cluster-api-provider-openstack/v0.12.4 gophercloud/v2.7.0"
172.18.0.2 - - [26/Mar/2026:01:15:03 +0000] "GET /networking/v2.0/ports?device_id=86603619-9d25-4a6a-a59f-a447d84f857f HTTP/1.1" 200 3569 "-" "cluster-api-provider-openstack/v0.12.4 gophercloud/v2.7.0"
172.18.0.2 - - [26/Mar/2026:01:15:03 +0000] "GET /networking/v2.0/security-groups?name=k8s-cluster-magnum-system-kube-wwsmv-secgroup-bastion HTTP/1.1" 200 2868 "-" "cluster-api-provider-openstack/v0.12.4 gophercloud/v2.7.0"
172.18.0.2 - - [26/Mar/2026:01:15:03 +0000] "GET /networking/v2.0/security-groups?name=k8s-cluster-magnum-system-kube-wwsmv-secgroup-controlplane HTTP/1.1" 200 7754 "-" "cluster-api-provider-openstack/v0.12.4 gophercloud/v2.7.0"
172.18.0.2 - - [26/Mar/2026:01:15:03 +0000] "GET /networking/v2.0/security-groups?name=k8s-cluster-magnum-system-kube-wwsmv-secgroup-worker HTTP/1.1" 200 11151 "-" "cluster-api-provider-openstack/v0.12.4 gophercloud/v2.7.0"
172.18.0.2 - - [26/Mar/2026:01:15:03 +0000] "GET /networking/v2.0/floatingips?floating_ip_address=172.24.5.189 HTTP/1.1" 200 3757 "-" "cluster-api-provider-openstack/v0.12.4 gophercloud/v2.7.0"
172.18.0.2 - - [26/Mar/2026:01:15:03 +0000] "GET /compute/v2.1/ HTTP/1.1" 200 3431 "-" "cluster-api-provider-openstack/v0.12.4 gophercloud/v2.7.0"
172.18.0.2 - - [26/Mar/2026:01:15:03 +0000] "GET /compute/v2.1/os-availability-zone HTTP/1.1" 200 3137 "-" "cluster-api-provider-openstack/v0.12.4 gophercloud/v2.7.0"
172.18.0.2 - - [26/Mar/2026:01:15:19 +0000] "GET /compute/v2.1/ HTTP/1.1" 200 3431 "-" "cluster-api-provider-openstack/v0.12.4 gophercloud/v2.7.0"
172.18.0.2 - - [26/Mar/2026:01:15:19 +0000] "GET /compute/v2.1/ HTTP/1.1" 200 3431 "-" "cluster-api-provider-openstack/v0.12.4 gophercloud/v2.7.0"
172.18.0.2 - - [26/Mar/2026:01:15:19 +0000] "GET /compute/v2.1/ HTTP/1.1" 200 3431 "-" "cluster-api-provider-openstack/v0.12.4 gophercloud/v2.7.0"
199.204.45.89 - - [26/Mar/2026:01:15:19 +0000] "GET /identity/v3/auth/tokens HTTP/1.1" 200 8083 "-" "python-keystoneclient"
199.204.45.89 - - [26/Mar/2026:01:15:19 +0000] "GET /identity/v3/auth/tokens HTTP/1.1" 200 8083 "-" "python-keystoneclient"
199.204.45.89 - - [26/Mar/2026:01:15:19 +0000] "GET /networking/v2.0/ports?device_id=6e6ce71b-e8c7-4954-9d30-990fca572768 HTTP/1.1" 200 3732 "-" "python-neutronclient"
199.204.45.89 - - [26/Mar/2026:01:15:19 +0000] "GET /networking/v2.0/ports?device_id=b1906945-a1d1-4b81-94fc-5d2814fed2b6 HTTP/1.1" 200 3711 "-" "python-neutronclient"
199.204.45.89 - - [26/Mar/2026:01:15:19 +0000] "GET /networking/v2.0/ports?device_id=560d50a4-d017-4f92-b1bc-fa1268723d19 HTTP/1.1" 200 3732 "-" "python-neutronclient"
199.204.45.89 - - [26/Mar/2026:01:15:19 +0000] "GET /networking/v2.0/security-groups?id=f2b60eb7-c988-4a90-8036-6b6c806285f4&fields=id&fields=name HTTP/1.1" 200 3010 "-" "python-neutronclient"
199.204.45.89 - - [26/Mar/2026:01:15:19 +0000] "GET /networking/v2.0/security-groups?id=b3ccfcbc-5165-4588-82e6-65ea52fa039b&fields=id&fields=name HTTP/1.1" 200 3016 "-" "python-neutronclient"
172.18.0.2 - - [26/Mar/2026:01:15:19 +0000] "GET /compute/v2.1/servers/6e6ce71b-e8c7-4954-9d30-990fca572768 HTTP/1.1" 200 4642 "-" "cluster-api-provider-openstack/v0.12.4 gophercloud/v2.7.0"
172.18.0.2 - - [26/Mar/2026:01:15:19 +0000] "GET /compute/v2.1/servers/b1906945-a1d1-4b81-94fc-5d2814fed2b6 HTTP/1.1" 200 4627 "-" "cluster-api-provider-openstack/v0.12.4 gophercloud/v2.7.0"
199.204.45.89 - - [26/Mar/2026:01:15:19 +0000] "GET /networking/v2.0/security-groups?id=f2b60eb7-c988-4a90-8036-6b6c806285f4&fields=id&fields=name HTTP/1.1" 200 3010 "-" "python-neutronclient"
172.18.0.2 - - [26/Mar/2026:01:15:19 +0000] "GET /compute/v2.1/servers/560d50a4-d017-4f92-b1bc-fa1268723d19 HTTP/1.1" 200 4642 "-" "cluster-api-provider-openstack/v0.12.4 gophercloud/v2.7.0"
199.204.45.89 - - [26/Mar/2026:01:15:21 +0000] "GET /identity/v3/auth/tokens HTTP/1.1" 200 8083 "-" "python-keystoneclient"
199.204.45.89 - - [26/Mar/2026:01:15:21 +0000] "GET /placement/resource_providers/d25b1ef3-40b5-4fa2-aa4c-a7e32d98f097/allocations HTTP/1.1" 200 3302 "-" "nova-compute keystoneauth1/5.13.1 python-requests/2.32.5 CPython/3.12.3"
199.204.45.89 - - [26/Mar/2026:01:15:21 +0000] "GET /placement/resource_providers?in_tree=d25b1ef3-40b5-4fa2-aa4c-a7e32d98f097 HTTP/1.1" 200 3816 "-" "nova-compute keystoneauth1/5.13.1 python-requests/2.32.5 CPython/3.12.3"
199.204.45.89 - - [26/Mar/2026:01:15:21 +0000] "GET /placement/resource_providers/d25b1ef3-40b5-4fa2-aa4c-a7e32d98f097/inventories HTTP/1.1" 200 3344 "-" "nova-compute keystoneauth1/5.13.1 python-requests/2.32.5 CPython/3.12.3"
199.204.45.89 - - [26/Mar/2026:01:15:21 +0000] "GET /placement/resource_providers/d25b1ef3-40b5-4fa2-aa4c-a7e32d98f097/aggregates HTTP/1.1" 200 3068 "-" "nova-compute keystoneauth1/5.13.1 python-requests/2.32.5 CPython/3.12.3"
199.204.45.89 - - [26/Mar/2026:01:15:21 +0000] "GET /placement/resource_providers/d25b1ef3-40b5-4fa2-aa4c-a7e32d98f097/traits HTTP/1.1" 200 5008 "-" "nova-compute keystoneauth1/5.13.1 python-requests/2.32.5 CPython/3.12.3"
199.204.45.89 - - [26/Mar/2026:01:15:21 +0000] "GET /placement/resource_providers/d25b1ef3-40b5-4fa2-aa4c-a7e32d98f097/allocations HTTP/1.1" 200 3302 "-" "nova-compute keystoneauth1/5.13.1 python-requests/2.32.5 CPython/3.12.3"
199.204.45.89 - - [26/Mar/2026:01:15:22 +0000] "GET /placement/allocations/6e6ce71b-e8c7-4954-9d30-990fca572768 HTTP/1.1" 200 3275 "-" "nova-compute keystoneauth1/5.13.1 python-requests/2.32.5 CPython/3.12.3"
199.204.45.89 - - [26/Mar/2026:01:15:22 +0000] "GET /placement/allocations/560d50a4-d017-4f92-b1bc-fa1268723d19 HTTP/1.1" 200 3275 "-" "nova-compute keystoneauth1/5.13.1 python-requests/2.32.5 CPython/3.12.3"
199.204.45.89 - - [26/Mar/2026:01:15:22 +0000] "GET /placement/allocations/b1906945-a1d1-4b81-94fc-5d2814fed2b6 HTTP/1.1" 200 3275 "-" "nova-compute keystoneauth1/5.13.1 python-requests/2.32.5 CPython/3.12.3"
172.24.5.77 - - [26/Mar/2026:01:15:37 +0000] "GET /volume/v3/volumes/detail HTTP/1.1" 200 2988 "-" "cinder-csi-plugin/v1.32.0 gophercloud/v2.5.0"
199.204.45.89 - - [26/Mar/2026:01:16:23 +0000] "GET /placement/resource_providers/d25b1ef3-40b5-4fa2-aa4c-a7e32d98f097/allocations HTTP/1.1" 200 3302 "-" "nova-compute keystoneauth1/5.13.1 python-requests/2.32.5 CPython/3.12.3"
199.204.45.89 - - [26/Mar/2026:01:16:23 +0000] "GET /placement/resource_providers/d25b1ef3-40b5-4fa2-aa4c-a7e32d98f097/allocations HTTP/1.1" 200 3302 "-" "nova-compute keystoneauth1/5.13.1 python-requests/2.32.5 CPython/3.12.3"
199.204.45.89 - - [26/Mar/2026:01:16:23 +0000] "GET /placement/allocations/6e6ce71b-e8c7-4954-9d30-990fca572768 HTTP/1.1" 200 3275 "-" "nova-compute keystoneauth1/5.13.1 python-requests/2.32.5 CPython/3.12.3"
199.204.45.89 - - [26/Mar/2026:01:16:23 +0000] "GET /placement/allocations/560d50a4-d017-4f92-b1bc-fa1268723d19 HTTP/1.1" 200 3275 "-" "nova-compute keystoneauth1/5.13.1 python-requests/2.32.5 CPython/3.12.3"
172.18.0.2 - - [26/Mar/2026:01:16:23 +0000] "GET /networking/v2.0/ports?id=b6f7e454-9a12-4736-9794-91ffad8b1d86&name=kube-wwsmv-sj8md-dvzl7-0&network_id=b7ecc833-fabf-473b-a411-a43803fd4e7b HTTP/1.1" 200 3680 "-" "cluster-api-provider-openstack/v0.12.4 gophercloud/v2.7.0"
172.18.0.2 - - [26/Mar/2026:01:16:23 +0000] "GET /networking/v2.0/ports?id=3a2d0eb2-6ad6-4244-88cf-6cb6b0541637&name=kube-wwsmv-default-worker-2pwbm-45zrb-xjmcl-0&network_id=b7ecc833-fabf-473b-a411-a43803fd4e7b HTTP/1.1" 200 3701 "-" "cluster-api-provider-openstack/v0.12.4 gophercloud/v2.7.0"
172.18.0.2 - - [26/Mar/2026:01:16:23 +0000] "GET /networking/v2.0/ports?id=d37e0705-c7c7-42e8-938e-856db423a6c9&name=kube-wwsmv-default-worker-2pwbm-45zrb-8skhm-0&network_id=b7ecc833-fabf-473b-a411-a43803fd4e7b HTTP/1.1" 200 3701 "-" "cluster-api-provider-openstack/v0.12.4 gophercloud/v2.7.0"
172.18.0.2 - - [26/Mar/2026:01:16:23 +0000] "GET /compute/v2.1/ HTTP/1.1" 200 3431 "-" "cluster-api-provider-openstack/v0.12.4 gophercloud/v2.7.0"
172.18.0.2 - - [26/Mar/2026:01:16:23 +0000] "GET /compute/v2.1/ HTTP/1.1" 200 3431 "-" "cluster-api-provider-openstack/v0.12.4 gophercloud/v2.7.0"
172.18.0.2 - - [26/Mar/2026:01:16:23 +0000] "GET /compute/v2.1/ HTTP/1.1" 200 3431 "-" "cluster-api-provider-openstack/v0.12.4 gophercloud/v2.7.0"
199.204.45.89 - - [26/Mar/2026:01:16:23 +0000] "GET /placement/allocations/b1906945-a1d1-4b81-94fc-5d2814fed2b6 HTTP/1.1" 200 3275 "-" "nova-compute keystoneauth1/5.13.1 python-requests/2.32.5 CPython/3.12.3"
199.204.45.89 - - [26/Mar/2026:01:16:23 +0000] "GET /networking/v2.0/ports?device_id=560d50a4-d017-4f92-b1bc-fa1268723d19 HTTP/1.1" 200 3732 "-" "python-neutronclient"
199.204.45.89 - - [26/Mar/2026:01:16:23 +0000] "GET /networking/v2.0/ports?device_id=6e6ce71b-e8c7-4954-9d30-990fca572768 HTTP/1.1" 200 3732 "-" "python-neutronclient"
199.204.45.89 - - [26/Mar/2026:01:16:23 +0000] "GET /networking/v2.0/ports?device_id=b1906945-a1d1-4b81-94fc-5d2814fed2b6 HTTP/1.1" 200 3711 "-" "python-neutronclient"
199.204.45.89 - - [26/Mar/2026:01:16:23 +0000] "GET /networking/v2.0/security-groups?id=f2b60eb7-c988-4a90-8036-6b6c806285f4&fields=id&fields=name HTTP/1.1" 200 3010 "-" "python-neutronclient"
199.204.45.89 - - [26/Mar/2026:01:16:23 +0000] "GET /networking/v2.0/security-groups?id=f2b60eb7-c988-4a90-8036-6b6c806285f4&fields=id&fields=name HTTP/1.1" 200 3010 "-" "python-neutronclient"
172.18.0.2 - - [26/Mar/2026:01:16:23 +0000] "GET /compute/v2.1/servers/6e6ce71b-e8c7-4954-9d30-990fca572768 HTTP/1.1" 200 4642 "-" "cluster-api-provider-openstack/v0.12.4 gophercloud/v2.7.0"
172.18.0.2 - - [26/Mar/2026:01:16:23 +0000] "GET /compute/v2.1/servers/560d50a4-d017-4f92-b1bc-fa1268723d19 HTTP/1.1" 200 4642 "-" "cluster-api-provider-openstack/v0.12.4 gophercloud/v2.7.0"
199.204.45.89 - - [26/Mar/2026:01:16:23 +0000] "GET /networking/v2.0/security-groups?id=b3ccfcbc-5165-4588-82e6-65ea52fa039b&fields=id&fields=name HTTP/1.1" 200 3016 "-" "python-neutronclient"
172.18.0.2 - - [26/Mar/2026:01:16:23 +0000] "GET /compute/v2.1/servers/b1906945-a1d1-4b81-94fc-5d2814fed2b6 HTTP/1.1" 200 4627 "-" "cluster-api-provider-openstack/v0.12.4 gophercloud/v2.7.0"
172.24.5.77 - - [26/Mar/2026:01:16:37 +0000] "GET /volume/v3/volumes/detail HTTP/1.1" 200 2988 "-" "cinder-csi-plugin/v1.32.0 gophercloud/v2.5.0"
172.24.5.77 - - [26/Mar/2026:01:17:20 +0000] "GET /networking/ HTTP/1.1" 200 2909 "-" "openstack-cloud-controller-manager/v1.34.1 gophercloud/v2.8.0"
199.204.45.89 - - [26/Mar/2026:01:17:20 +0000] "GET /identity/v3/auth/tokens HTTP/1.1" 200 8209 "-" "python-keystoneclient"
199.204.45.89 - - [26/Mar/2026:01:17:20 +0000] "GET /identity/v3/auth/tokens HTTP/1.1" 200 8083 "-" "python-keystoneclient"
199.204.45.89 - - [26/Mar/2026:01:17:20 +0000] "GET /networking/v2.0/ports?device_id=6e6ce71b-e8c7-4954-9d30-990fca572768 HTTP/1.1" 200 3732 "-" "python-neutronclient"
199.204.45.89 - - [26/Mar/2026:01:17:20 +0000] "GET /networking/v2.0/security-groups?id=f2b60eb7-c988-4a90-8036-6b6c806285f4&fields=id&fields=name HTTP/1.1" 200 3010 "-" "python-neutronclient"
172.24.5.77 - - [26/Mar/2026:01:17:20 +0000] "GET /compute/v2.1/servers/6e6ce71b-e8c7-4954-9d30-990fca572768 HTTP/1.1" 200 4590 "-" "openstack-cloud-controller-manager/v1.34.1 gophercloud/v2.8.0"
172.24.5.77 - - [26/Mar/2026:01:17:21 +0000] "GET /compute/v2.1/flavors/4 HTTP/1.1" 200 3410 "-" "openstack-cloud-controller-manager/v1.34.1 gophercloud/v2.8.0"
172.24.5.77 - - [26/Mar/2026:01:17:21 +0000] "GET /networking/v2.0/ports?device_id=6e6ce71b-e8c7-4954-9d30-990fca572768 HTTP/1.1" 200 3701 "-" "openstack-cloud-controller-manager/v1.34.1 gophercloud/v2.8.0"
172.24.5.77 - - [26/Mar/2026:01:17:21 +0000] "GET /networking/ HTTP/1.1" 200 2909 "-" "openstack-cloud-controller-manager/v1.34.1 gophercloud/v2.8.0"
199.204.45.89 - - [26/Mar/2026:01:17:21 +0000] "GET /networking/v2.0/ports?device_id=560d50a4-d017-4f92-b1bc-fa1268723d19 HTTP/1.1" 200 3732 "-" "python-neutronclient"
199.204.45.89 - - [26/Mar/2026:01:17:21 +0000] "GET /networking/v2.0/security-groups?id=f2b60eb7-c988-4a90-8036-6b6c806285f4&fields=id&fields=name HTTP/1.1" 200 3010 "-" "python-neutronclient"
172.24.5.77 - - [26/Mar/2026:01:17:21 +0000] "GET /compute/v2.1/servers/560d50a4-d017-4f92-b1bc-fa1268723d19 HTTP/1.1" 200 4590 "-" "openstack-cloud-controller-manager/v1.34.1 gophercloud/v2.8.0"
172.24.5.77 - - [26/Mar/2026:01:17:21 +0000] "GET /compute/v2.1/flavors/4 HTTP/1.1" 200 3410 "-" "openstack-cloud-controller-manager/v1.34.1 gophercloud/v2.8.0"
172.24.5.77 - - [26/Mar/2026:01:17:21 +0000] "GET /networking/v2.0/ports?device_id=560d50a4-d017-4f92-b1bc-fa1268723d19 HTTP/1.1" 200 3701 "-" "openstack-cloud-controller-manager/v1.34.1 gophercloud/v2.8.0"
172.24.5.77 - - [26/Mar/2026:01:17:21 +0000] "GET /networking/ HTTP/1.1" 200 2909 "-" "openstack-cloud-controller-manager/v1.34.1 gophercloud/v2.8.0"
