Mar 26 00:53:20.283555 np0000160846 neutron-periodic-workers[104396]: DEBUG cotyledon.oslo_config_glue [-] ml2.project_network_types = ['geneve'] {{(pid=104396) log_opt_values /opt/stack/data/venv/lib/python3.12/site-packages/oslo_config/cfg.py:3006}}
Mar 26 00:53:20.283555 np0000160846 neutron-periodic-workers[104396]: DEBUG cotyledon.oslo_config_glue [-] ml2.tunnelled_network_rp_name = rp_tunnelled {{(pid=104396) log_opt_values /opt/stack/data/venv/lib/python3.12/site-packages/oslo_config/cfg.py:3006}}
Mar 26 00:53:20.283555 np0000160846 neutron-periodic-workers[104396]: DEBUG cotyledon.oslo_config_glue [-] ml2.type_drivers = ['local', 'flat', 'vlan', 'geneve'] {{(pid=104396) log_opt_values /opt/stack/data/venv/lib/python3.12/site-packages/oslo_config/cfg.py:3006}}
Mar 26 00:53:20.283555 np0000160846 neutron-periodic-workers[104396]: DEBUG cotyledon.oslo_config_glue [-] ml2_type_flat.flat_networks = ['public'] {{(pid=104396) log_opt_values /opt/stack/data/venv/lib/python3.12/site-packages/oslo_config/cfg.py:3006}}
Mar 26 00:53:20.283555 np0000160846 neutron-periodic-workers[104396]: DEBUG cotyledon.oslo_config_glue [-] ml2_type_geneve.max_header_size = 38 {{(pid=104396) log_opt_values /opt/stack/data/venv/lib/python3.12/site-packages/oslo_config/cfg.py:3006}}
Mar 26 00:53:20.283853 np0000160846 neutron-periodic-workers[104396]: DEBUG cotyledon.oslo_config_glue [-] ml2_type_geneve.vni_ranges = ['1:65536'] {{(pid=104396) log_opt_values /opt/stack/data/venv/lib/python3.12/site-packages/oslo_config/cfg.py:3006}}
Mar 26 00:53:20.283853 np0000160846 neutron-periodic-workers[104396]: DEBUG cotyledon.oslo_config_glue [-] ml2_type_vlan.network_vlan_ranges = ['public'] {{(pid=104396) log_opt_values /opt/stack/data/venv/lib/python3.12/site-packages/oslo_config/cfg.py:3006}}
Mar 26 00:53:20.283853 np0000160846 neutron-periodic-workers[104396]: DEBUG cotyledon.oslo_config_glue [-] network_log.burst_limit = 25 {{(pid=104396) log_opt_values /opt/stack/data/venv/lib/python3.12/site-packages/oslo_config/cfg.py:3006}}
Mar 26 00:53:20.283853 np0000160846 neutron-periodic-workers[104396]: DEBUG cotyledon.oslo_config_glue [-] network_log.local_output_log_base = None {{(pid=104396) log_opt_values /opt/stack/data/venv/lib/python3.12/site-packages/oslo_config/cfg.py:3006}}
Mar 26 00:53:20.283853 np0000160846 neutron-periodic-workers[104396]: DEBUG cotyledon.oslo_config_glue [-] network_log.rate_limit = 100 {{(pid=104396) log_opt_values /opt/stack/data/venv/lib/python3.12/site-packages/oslo_config/cfg.py:3006}}
Mar 26 00:53:20.283853 np0000160846 neutron-periodic-workers[104396]: DEBUG cotyledon.oslo_config_glue [-] database.asyncio_connection = **** {{(pid=104396) log_opt_values /opt/stack/data/venv/lib/python3.12/site-packages/oslo_config/cfg.py:3006}}
Mar 26 00:53:20.283853 np0000160846 neutron-periodic-workers[104396]: DEBUG cotyledon.oslo_config_glue [-] database.asyncio_slave_connection = **** {{(pid=104396) log_opt_values /opt/stack/data/venv/lib/python3.12/site-packages/oslo_config/cfg.py:3006}}
Mar 26 00:53:20.283853 np0000160846 neutron-periodic-workers[104396]: DEBUG cotyledon.oslo_config_glue [-] database.backend = sqlalchemy {{(pid=104396) log_opt_values /opt/stack/data/venv/lib/python3.12/site-packages/oslo_config/cfg.py:3006}}
Mar 26 00:53:20.283853 np0000160846 neutron-periodic-workers[104396]: DEBUG cotyledon.oslo_config_glue [-] database.connection = **** {{(pid=104396) log_opt_values /opt/stack/data/venv/lib/python3.12/site-packages/oslo_config/cfg.py:3006}}
Mar 26 00:53:20.284122 np0000160846 neutron-periodic-workers[104396]: DEBUG cotyledon.oslo_config_glue [-] database.connection_debug = 0 {{(pid=104396) log_opt_values /opt/stack/data/venv/lib/python3.12/site-packages/oslo_config/cfg.py:3006}}
Mar 26 00:53:20.284122 np0000160846 neutron-periodic-workers[104396]: DEBUG cotyledon.oslo_config_glue [-] database.connection_parameters = {{(pid=104396) log_opt_values /opt/stack/data/venv/lib/python3.12/site-packages/oslo_config/cfg.py:3006}}
Mar 26 00:53:20.284122 np0000160846 neutron-periodic-workers[104396]: DEBUG cotyledon.oslo_config_glue [-] database.connection_recycle_time = 3600 {{(pid=104396) log_opt_values /opt/stack/data/venv/lib/python3.12/site-packages/oslo_config/cfg.py:3006}}
Mar 26 00:53:20.284122 np0000160846 neutron-periodic-workers[104396]: DEBUG cotyledon.oslo_config_glue [-] database.connection_trace = False {{(pid=104396) log_opt_values /opt/stack/data/venv/lib/python3.12/site-packages/oslo_config/cfg.py:3006}}
Mar 26 00:53:20.284122 np0000160846 neutron-periodic-workers[104396]: DEBUG cotyledon.oslo_config_glue [-] database.db_inc_retry_interval = True {{(pid=104396) log_opt_values /opt/stack/data/venv/lib/python3.12/site-packages/oslo_config/cfg.py:3006}}
Mar 26 00:53:20.284122 np0000160846 neutron-periodic-workers[104396]: DEBUG cotyledon.oslo_config_glue [-] database.db_max_retries = 20 {{(pid=104396) log_opt_values /opt/stack/data/venv/lib/python3.12/site-packages/oslo_config/cfg.py:3006}}
Mar 26 00:53:20.284122 np0000160846 neutron-periodic-workers[104396]: DEBUG cotyledon.oslo_config_glue [-] database.db_max_retry_interval = 10 {{(pid=104396) log_opt_values /opt/stack/data/venv/lib/python3.12/site-packages/oslo_config/cfg.py:3006}}
Mar 26 00:53:20.284122 np0000160846 neutron-periodic-workers[104396]: DEBUG cotyledon.oslo_config_glue [-] database.db_retry_interval = 1 {{(pid=104396) log_opt_values /opt/stack/data/venv/lib/python3.12/site-packages/oslo_config/cfg.py:3006}}
Mar 26 00:53:20.284122 np0000160846 neutron-periodic-workers[104396]: DEBUG cotyledon.oslo_config_glue [-] database.max_overflow = 50 {{(pid=104396) log_opt_values /opt/stack/data/venv/lib/python3.12/site-packages/oslo_config/cfg.py:3006}}
Mar 26 00:53:20.284391 np0000160846 neutron-periodic-workers[104396]: DEBUG cotyledon.oslo_config_glue [-] database.max_pool_size = 5 {{(pid=104396) log_opt_values /opt/stack/data/venv/lib/python3.12/site-packages/oslo_config/cfg.py:3006}}
Mar 26 00:53:20.284391 np0000160846 neutron-periodic-workers[104396]: DEBUG cotyledon.oslo_config_glue [-] database.max_retries = 10 {{(pid=104396) log_opt_values /opt/stack/data/venv/lib/python3.12/site-packages/oslo_config/cfg.py:3006}}
Mar 26 00:53:20.284391 np0000160846 neutron-periodic-workers[104396]: DEBUG cotyledon.oslo_config_glue [-] database.mysql_sql_mode = TRADITIONAL {{(pid=104396) log_opt_values /opt/stack/data/venv/lib/python3.12/site-packages/oslo_config/cfg.py:3006}}
Mar 26 00:53:20.284391 np0000160846 neutron-periodic-workers[104396]: DEBUG cotyledon.oslo_config_glue [-] database.mysql_wsrep_sync_wait = None {{(pid=104396) log_opt_values /opt/stack/data/venv/lib/python3.12/site-packages/oslo_config/cfg.py:3006}}
Mar 26 00:53:20.284391 np0000160846 neutron-periodic-workers[104396]: DEBUG cotyledon.oslo_config_glue [-] database.pool_timeout = None {{(pid=104396) log_opt_values /opt/stack/data/venv/lib/python3.12/site-packages/oslo_config/cfg.py:3006}}
Mar 26 00:53:20.284391 np0000160846 neutron-periodic-workers[104396]: DEBUG cotyledon.oslo_config_glue [-] database.retry_interval = 10 {{(pid=104396) log_opt_values /opt/stack/data/venv/lib/python3.12/site-packages/oslo_config/cfg.py:3006}}
Mar 26 00:53:20.284391 np0000160846 neutron-periodic-workers[104396]: DEBUG cotyledon.oslo_config_glue [-] database.slave_connection = **** {{(pid=104396) log_opt_values /opt/stack/data/venv/lib/python3.12/site-packages/oslo_config/cfg.py:3006}}
Mar 26 00:53:20.284391 np0000160846 neutron-periodic-workers[104396]: DEBUG cotyledon.oslo_config_glue [-] database.sqlite_synchronous = True {{(pid=104396) log_opt_values /opt/stack/data/venv/lib/python3.12/site-packages/oslo_config/cfg.py:3006}}
Mar 26 00:53:20.284391 np0000160846 neutron-periodic-workers[104396]: DEBUG cotyledon.oslo_config_glue [-] database.synchronous_reader = True {{(pid=104396) log_opt_values /opt/stack/data/venv/lib/python3.12/site-packages/oslo_config/cfg.py:3006}}
Mar 26 00:53:20.284651 np0000160846 neutron-periodic-workers[104396]: DEBUG cotyledon.oslo_config_glue [-] database.use_db_reconnect = False {{(pid=104396) log_opt_values /opt/stack/data/venv/lib/python3.12/site-packages/oslo_config/cfg.py:3006}}
Mar 26 00:53:20.284651 np0000160846 neutron-periodic-workers[104396]: DEBUG cotyledon.oslo_config_glue [-] ovn.bfd_min_rx = 1000 {{(pid=104396) log_opt_values /opt/stack/data/venv/lib/python3.12/site-packages/oslo_config/cfg.py:3006}}
Mar 26 00:53:20.284651 np0000160846 neutron-periodic-workers[104396]: DEBUG cotyledon.oslo_config_glue [-] ovn.bfd_min_tx = 100 {{(pid=104396) log_opt_values /opt/stack/data/venv/lib/python3.12/site-packages/oslo_config/cfg.py:3006}}
Mar 26 00:53:20.284651 np0000160846 neutron-periodic-workers[104396]: DEBUG cotyledon.oslo_config_glue [-] ovn.bfd_mult = 3 {{(pid=104396) log_opt_values /opt/stack/data/venv/lib/python3.12/site-packages/oslo_config/cfg.py:3006}}
Mar 26 00:53:20.284651 np0000160846 neutron-periodic-workers[104396]: DEBUG cotyledon.oslo_config_glue [-] ovn.broadcast_arps_to_all_routers = True {{(pid=104396) log_opt_values /opt/stack/data/venv/lib/python3.12/site-packages/oslo_config/cfg.py:3006}}
Mar 26 00:53:20.284651 np0000160846 neutron-periodic-workers[104396]: DEBUG cotyledon.oslo_config_glue [-] ovn.dhcp_default_lease_time = 43200 {{(pid=104396) log_opt_values /opt/stack/data/venv/lib/python3.12/site-packages/oslo_config/cfg.py:3006}}
Mar 26 00:53:20.284651 np0000160846 neutron-periodic-workers[104396]: DEBUG cotyledon.oslo_config_glue [-] ovn.disable_ovn_dhcp_for_baremetal_ports = False {{(pid=104396) log_opt_values /opt/stack/data/venv/lib/python3.12/site-packages/oslo_config/cfg.py:3006}}
Mar 26 00:53:20.284651 np0000160846 neutron-periodic-workers[104396]: DEBUG cotyledon.oslo_config_glue [-] ovn.dns_records_ovn_owned = False {{(pid=104396) log_opt_values /opt/stack/data/venv/lib/python3.12/site-packages/oslo_config/cfg.py:3006}}
Mar 26 00:53:20.284651 np0000160846 neutron-periodic-workers[104396]: DEBUG cotyledon.oslo_config_glue [-] ovn.dns_servers = [] {{(pid=104396) log_opt_values /opt/stack/data/venv/lib/python3.12/site-packages/oslo_config/cfg.py:3006}}
Mar 26 00:53:20.284893 np0000160846 neutron-periodic-workers[104396]: DEBUG cotyledon.oslo_config_glue [-] ovn.enable_distributed_floating_ip = False {{(pid=104396) log_opt_values /opt/stack/data/venv/lib/python3.12/site-packages/oslo_config/cfg.py:3006}}
Mar 26 00:53:20.284893 np0000160846 neutron-periodic-workers[104396]: DEBUG cotyledon.oslo_config_glue [-] ovn.fdb_age_threshold = 300 {{(pid=104396) log_opt_values /opt/stack/data/venv/lib/python3.12/site-packages/oslo_config/cfg.py:3006}}
Mar 26 00:53:20.284893 np0000160846 neutron-periodic-workers[104396]: DEBUG cotyledon.oslo_config_glue [-] ovn.ha_failover_strategy = normal {{(pid=104396) log_opt_values /opt/stack/data/venv/lib/python3.12/site-packages/oslo_config/cfg.py:3006}}
Mar 26 00:53:20.284893 np0000160846 neutron-periodic-workers[104396]: DEBUG cotyledon.oslo_config_glue [-] ovn.live_migration_activation_strategy = rarp {{(pid=104396) log_opt_values /opt/stack/data/venv/lib/python3.12/site-packages/oslo_config/cfg.py:3006}}
Mar 26 00:53:20.284893 np0000160846 neutron-periodic-workers[104396]: DEBUG cotyledon.oslo_config_glue [-] ovn.localnet_learn_fdb = False {{(pid=104396) log_opt_values /opt/stack/data/venv/lib/python3.12/site-packages/oslo_config/cfg.py:3006}}
Mar 26 00:53:20.284893 np0000160846 neutron-periodic-workers[104396]: DEBUG cotyledon.oslo_config_glue [-] ovn.mac_binding_age_threshold = 300 {{(pid=104396) log_opt_values /opt/stack/data/venv/lib/python3.12/site-packages/oslo_config/cfg.py:3006}}
Mar 26 00:53:20.284893 np0000160846 neutron-periodic-workers[104396]: DEBUG cotyledon.oslo_config_glue [-] ovn.neutron_sync_mode = log {{(pid=104396) log_opt_values /opt/stack/data/venv/lib/python3.12/site-packages/oslo_config/cfg.py:3006}}
Mar 26 00:53:20.284893 np0000160846 neutron-periodic-workers[104396]: DEBUG cotyledon.oslo_config_glue [-] ovn.ovn_dhcp4_global_options = {} {{(pid=104396) log_opt_values /opt/stack/data/venv/lib/python3.12/site-packages/oslo_config/cfg.py:3006}}
Mar 26 00:53:20.284893 np0000160846 neutron-periodic-workers[104396]: DEBUG cotyledon.oslo_config_glue [-] ovn.ovn_dhcp6_global_options = {} {{(pid=104396) log_opt_values /opt/stack/data/venv/lib/python3.12/site-packages/oslo_config/cfg.py:3006}}
Mar 26 00:53:20.285125 np0000160846 neutron-periodic-workers[104396]: DEBUG cotyledon.oslo_config_glue [-] ovn.ovn_l3_scheduler = leastloaded {{(pid=104396) log_opt_values /opt/stack/data/venv/lib/python3.12/site-packages/oslo_config/cfg.py:3006}}
Mar 26 00:53:20.285125 np0000160846 neutron-periodic-workers[104396]: DEBUG cotyledon.oslo_config_glue [-] ovn.ovn_metadata_enabled = True {{(pid=104396) log_opt_values /opt/stack/data/venv/lib/python3.12/site-packages/oslo_config/cfg.py:3006}}
Mar 26 00:53:20.285125 np0000160846 neutron-periodic-workers[104396]: DEBUG cotyledon.oslo_config_glue [-] ovn.ovn_nb_ca_cert = /opt/stack/data/CA/int-ca/ca-chain.pem {{(pid=104396) log_opt_values /opt/stack/data/venv/lib/python3.12/site-packages/oslo_config/cfg.py:3006}}
Mar 26 00:53:20.285125 np0000160846 neutron-periodic-workers[104396]: DEBUG cotyledon.oslo_config_glue [-] ovn.ovn_nb_certificate = /opt/stack/data/CA/int-ca/devstack-cert.crt {{(pid=104396) log_opt_values /opt/stack/data/venv/lib/python3.12/site-packages/oslo_config/cfg.py:3006}}
Mar 26 00:53:20.285125 np0000160846 neutron-periodic-workers[104396]: DEBUG cotyledon.oslo_config_glue [-] ovn.ovn_nb_connection = ['ssl:199.204.45.89:6641'] {{(pid=104396) log_opt_values /opt/stack/data/venv/lib/python3.12/site-packages/oslo_config/cfg.py:3006}}
Mar 26 00:53:20.285125 np0000160846 neutron-periodic-workers[104396]: DEBUG cotyledon.oslo_config_glue [-] ovn.ovn_nb_private_key = /opt/stack/data/CA/int-ca/private/devstack-cert.key {{(pid=104396) log_opt_values /opt/stack/data/venv/lib/python3.12/site-packages/oslo_config/cfg.py:3006}}
Mar 26 00:53:20.285125 np0000160846 neutron-periodic-workers[104396]: DEBUG cotyledon.oslo_config_glue [-] ovn.ovn_router_indirect_snat = False {{(pid=104396) log_opt_values /opt/stack/data/venv/lib/python3.12/site-packages/oslo_config/cfg.py:3006}}
Mar 26 00:53:20.285125 np0000160846 neutron-periodic-workers[104396]: DEBUG cotyledon.oslo_config_glue [-] ovn.ovn_sb_ca_cert = /opt/stack/data/CA/int-ca/ca-chain.pem {{(pid=104396) log_opt_values /opt/stack/data/venv/lib/python3.12/site-packages/oslo_config/cfg.py:3006}}
Mar 26 00:53:20.285443 np0000160846 neutron-periodic-workers[104396]: DEBUG cotyledon.oslo_config_glue [-] ovn.ovn_sb_certificate = /opt/stack/data/CA/int-ca/devstack-cert.crt {{(pid=104396) log_opt_values /opt/stack/data/venv/lib/python3.12/site-packages/oslo_config/cfg.py:3006}}
Mar 26 00:53:20.285443 np0000160846 neutron-periodic-workers[104396]: DEBUG cotyledon.oslo_config_glue [-] ovn.ovn_sb_connection = ['ssl:199.204.45.89:6642'] {{(pid=104396) log_opt_values /opt/stack/data/venv/lib/python3.12/site-packages/oslo_config/cfg.py:3006}}
Mar 26 00:53:20.285443 np0000160846 neutron-periodic-workers[104396]: DEBUG cotyledon.oslo_config_glue [-] ovn.ovn_sb_private_key = /opt/stack/data/CA/int-ca/private/devstack-cert.key {{(pid=104396) log_opt_values /opt/stack/data/venv/lib/python3.12/site-packages/oslo_config/cfg.py:3006}}
Mar 26 00:53:20.285443 np0000160846 neutron-periodic-workers[104396]: DEBUG cotyledon.oslo_config_glue [-] ovn.ovs_create_tap = False {{(pid=104396) log_opt_values /opt/stack/data/venv/lib/python3.12/site-packages/oslo_config/cfg.py:3006}}
Mar 26 00:53:20.285443 np0000160846 neutron-periodic-workers[104396]: DEBUG cotyledon.oslo_config_glue [-] ovn.ovsdb_connection_timeout = 180 {{(pid=104396) log_opt_values /opt/stack/data/venv/lib/python3.12/site-packages/oslo_config/cfg.py:3006}}
Mar 26 00:53:20.285443 np0000160846 neutron-periodic-workers[104396]: DEBUG cotyledon.oslo_config_glue [-] ovn.ovsdb_log_level = INFO {{(pid=104396) log_opt_values /opt/stack/data/venv/lib/python3.12/site-packages/oslo_config/cfg.py:3006}}
Mar 26 00:53:20.285443 np0000160846 neutron-periodic-workers[104396]: DEBUG cotyledon.oslo_config_glue [-] ovn.ovsdb_probe_interval = 60000 {{(pid=104396) log_opt_values /opt/stack/data/venv/lib/python3.12/site-packages/oslo_config/cfg.py:3006}}
Mar 26 00:53:20.285443 np0000160846 neutron-periodic-workers[104396]: DEBUG cotyledon.oslo_config_glue [-] ovn.ovsdb_retry_max_interval = 180 {{(pid=104396) log_opt_values /opt/stack/data/venv/lib/python3.12/site-packages/oslo_config/cfg.py:3006}}
Mar 26 00:53:20.285443 np0000160846 neutron-periodic-workers[104396]: DEBUG cotyledon.oslo_config_glue [-] ovn.stateless_nat_enabled = False {{(pid=104396) log_opt_values /opt/stack/data/venv/lib/python3.12/site-packages/oslo_config/cfg.py:3006}}
Mar 26 00:53:20.285789 np0000160846 neutron-periodic-workers[104396]: DEBUG cotyledon.oslo_config_glue [-] ovn.vhost_sock_dir = /var/run/openvswitch {{(pid=104396) log_opt_values /opt/stack/data/venv/lib/python3.12/site-packages/oslo_config/cfg.py:3006}}
Mar 26 00:53:20.285789 np0000160846 neutron-periodic-workers[104396]: DEBUG cotyledon.oslo_config_glue [-] OVS.bridge_mac_table_size = 50000 {{(pid=104396) log_opt_values /opt/stack/data/venv/lib/python3.12/site-packages/oslo_config/cfg.py:3006}}
Mar 26 00:53:20.285789 np0000160846 neutron-periodic-workers[104396]: DEBUG cotyledon.oslo_config_glue [-] OVS.igmp_flood = False {{(pid=104396) log_opt_values /opt/stack/data/venv/lib/python3.12/site-packages/oslo_config/cfg.py:3006}}
Mar 26 00:53:20.285789 np0000160846 neutron-periodic-workers[104396]: DEBUG cotyledon.oslo_config_glue [-] OVS.igmp_flood_reports = True {{(pid=104396) log_opt_values /opt/stack/data/venv/lib/python3.12/site-packages/oslo_config/cfg.py:3006}}
Mar 26 00:53:20.285789 np0000160846 neutron-periodic-workers[104396]: DEBUG cotyledon.oslo_config_glue [-] OVS.igmp_flood_unregistered = False {{(pid=104396) log_opt_values /opt/stack/data/venv/lib/python3.12/site-packages/oslo_config/cfg.py:3006}}
Mar 26 00:53:20.285789 np0000160846 neutron-periodic-workers[104396]: DEBUG cotyledon.oslo_config_glue [-] OVS.igmp_snooping_enable = False {{(pid=104396) log_opt_values /opt/stack/data/venv/lib/python3.12/site-packages/oslo_config/cfg.py:3006}}
Mar 26 00:53:20.285789 np0000160846 neutron-periodic-workers[104396]: DEBUG cotyledon.oslo_config_glue [-] OVS.ovsdb_timeout = 10 {{(pid=104396) log_opt_values /opt/stack/data/venv/lib/python3.12/site-packages/oslo_config/cfg.py:3006}}
Mar 26 00:53:20.285789 np0000160846 neutron-periodic-workers[104396]: DEBUG cotyledon.oslo_config_glue [-] ovn_nb_global.fdb_removal_limit = 0 {{(pid=104396) log_opt_values /opt/stack/data/venv/lib/python3.12/site-packages/oslo_config/cfg.py:3006}}
Mar 26 00:53:20.285789 np0000160846 neutron-periodic-workers[104396]: DEBUG cotyledon.oslo_config_glue [-] ovn_nb_global.ignore_lsp_down = False {{(pid=104396) log_opt_values /opt/stack/data/venv/lib/python3.12/site-packages/oslo_config/cfg.py:3006}}
Mar 26 00:53:20.286140 np0000160846 neutron-periodic-workers[104396]: DEBUG cotyledon.oslo_config_glue [-] ovn_nb_global.mac_binding_removal_limit = 0 {{(pid=104396) log_opt_values /opt/stack/data/venv/lib/python3.12/site-packages/oslo_config/cfg.py:3006}}
Mar 26 00:53:20.286140 np0000160846 neutron-periodic-workers[104396]: DEBUG cotyledon.oslo_config_glue [-] ******************************************************************************** {{(pid=104396) log_opt_values /opt/stack/data/venv/lib/python3.12/site-packages/oslo_config/cfg.py:3013}}
Mar 26 00:53:20.286140 np0000160846 neutron-periodic-workers[104396]: DEBUG cotyledon._service_worker [-] Run service ServiceWrapper(0) [104396] {{(pid=104396) wait_forever /opt/stack/data/venv/lib/python3.12/site-packages/cotyledon/_service_worker.py:218}}
Mar 26 00:53:29.926338 np0000160846 neutron-periodic-workers[103718]: DEBUG dbcounter [-] [103718] Writing DB stats neutron:SELECT=4 {{(pid=103718) stat_writer /opt/stack/data/venv/lib/python3.12/site-packages/dbcounter.py:115}}
Mar 26 00:54:24.258075 np0000160846 neutron-periodic-workers[104374]: DEBUG oslo_db.sqlalchemy.engines [None req-67343f86-7432-4b50-9eb0-33167010009c None None] Parent process 103718 forked (104374) with an open database connection, which is being discarded and recreated. {{(pid=104374) checkout /opt/stack/data/venv/lib/python3.12/site-packages/oslo_db/sqlalchemy/engines.py:402}}
Mar 26 00:54:24.266452 np0000160846 neutron-periodic-workers[104374]: DEBUG dbcounter [-] [104374] Writer thread running {{(pid=104374) stat_writer /opt/stack/data/venv/lib/python3.12/site-packages/dbcounter.py:102}}
Mar 26 00:54:24.269784 np0000160846 neutron-periodic-workers[104374]: DEBUG neutron.db.agents_db [None req-67343f86-7432-4b50-9eb0-33167010009c None None] Agent healthcheck: found 0 active agents {{(pid=104374) agent_health_check /opt/stack/neutron/neutron/db/agents_db.py:317}}
Mar 26 00:54:24.269940 np0000160846 neutron-periodic-workers[104374]: DEBUG oslo.service.backend._threading.loopingcall [None req-67343f86-7432-4b50-9eb0-33167010009c None None] Fixed interval looping call 'neutron.plugins.ml2.plugin.AgentDbMixin.agent_health_check' sleeping for 36.98 seconds {{(pid=104374) _run_loop /opt/stack/data/venv/lib/python3.12/site-packages/oslo_service/backend/_threading/loopingcall.py:125}}
Mar 26 00:54:33.243558 np0000160846 neutron-periodic-workers[104365]: DEBUG dbcounter [-] [104365] Writer thread running {{(pid=104365) stat_writer /opt/stack/data/venv/lib/python3.12/site-packages/dbcounter.py:102}}
Mar 26 00:54:33.255909 np0000160846 neutron-periodic-workers[104365]: DEBUG oslo.service.backend._threading.loopingcall [None req-d4b4dbfd-9276-4a2f-85a6-447ada628518 None None] Fixed interval looping call 'neutron.plugins.ml2.plugin.DhcpAgentSchedulerDbMixin.remove_networks_from_down_agents' sleeping for 36.97 seconds {{(pid=104365) _run_loop /opt/stack/data/venv/lib/python3.12/site-packages/oslo_service/backend/_threading/loopingcall.py:125}}
Mar 26 00:54:34.267174 np0000160846 neutron-periodic-workers[104374]: DEBUG dbcounter [-] [104374] Writing DB stats neutron:SELECT=1 {{(pid=104374) stat_writer /opt/stack/data/venv/lib/python3.12/site-packages/dbcounter.py:115}}
Mar 26 00:54:43.254386 np0000160846 neutron-periodic-workers[104365]: DEBUG dbcounter [-] [104365] Writing DB stats neutron:SELECT=3 {{(pid=104365) stat_writer /opt/stack/data/venv/lib/python3.12/site-packages/dbcounter.py:115}}
Mar 26 00:55:01.256270 np0000160846 neutron-periodic-workers[104374]: DEBUG neutron.db.agents_db [None req-67343f86-7432-4b50-9eb0-33167010009c None None] Agent healthcheck: found 0 active agents {{(pid=104374) agent_health_check /opt/stack/neutron/neutron/db/agents_db.py:317}}
Mar 26 00:55:01.256968 np0000160846 neutron-periodic-workers[104374]: DEBUG oslo.service.backend._threading.loopingcall [None req-67343f86-7432-4b50-9eb0-33167010009c None None] Fixed interval looping call 'neutron.plugins.ml2.plugin.AgentDbMixin.agent_health_check' sleeping for 36.99 seconds {{(pid=104374) _run_loop /opt/stack/data/venv/lib/python3.12/site-packages/oslo_service/backend/_threading/loopingcall.py:125}}
Mar 26 00:55:01.321469 np0000160846 neutron-periodic-workers[104396]: DEBUG dbcounter [-] [104396] Writer thread running {{(pid=104396) stat_writer /opt/stack/data/venv/lib/python3.12/site-packages/dbcounter.py:102}}
Mar 26 00:55:01.330486 np0000160846 neutron-periodic-workers[104396]: DEBUG oslo.service.backend._threading.loopingcall [None req-58990e1b-7694-4e97-9b63-6d482e55c7ad None None] Fixed interval looping call 'neutron.services.ovn_l3.plugin.L3_NAT_dbonly_mixin._clean_garbage' sleeping for 299.96 seconds {{(pid=104396) _run_loop /opt/stack/data/venv/lib/python3.12/site-packages/oslo_service/backend/_threading/loopingcall.py:125}}
Mar 26 00:55:10.236495 np0000160846 neutron-periodic-workers[104365]: DEBUG oslo.service.backend._threading.loopingcall [None req-d4b4dbfd-9276-4a2f-85a6-447ada628518 None None] Fixed interval looping call 'neutron.plugins.ml2.plugin.DhcpAgentSchedulerDbMixin.remove_networks_from_down_agents' sleeping for 36.99 seconds {{(pid=104365) _run_loop /opt/stack/data/venv/lib/python3.12/site-packages/oslo_service/backend/_threading/loopingcall.py:125}}
Mar 26 00:55:11.254431 np0000160846 neutron-periodic-workers[104374]: DEBUG dbcounter [-] [104374] Writing DB stats neutron:SELECT=1 {{(pid=104374) stat_writer /opt/stack/data/venv/lib/python3.12/site-packages/dbcounter.py:115}}
Mar 26 00:55:11.322123 np0000160846 neutron-periodic-workers[104396]: DEBUG dbcounter [-] [104396] Writing DB stats neutron:SELECT=1 {{(pid=104396) stat_writer /opt/stack/data/venv/lib/python3.12/site-packages/dbcounter.py:115}}
Mar 26 00:55:20.236371 np0000160846 neutron-periodic-workers[104365]: DEBUG dbcounter [-] [104365] Writing DB stats neutron:SELECT=3 {{(pid=104365) stat_writer /opt/stack/data/venv/lib/python3.12/site-packages/dbcounter.py:115}}
Mar 26 00:55:20.283655 np0000160846 neutron-periodic-workers[104386]: DEBUG dbcounter [-] [104386] Writer thread running {{(pid=104386) stat_writer /opt/stack/data/venv/lib/python3.12/site-packages/dbcounter.py:102}}
Mar 26 00:55:20.285335 np0000160846 neutron-periodic-workers[104386]: DEBUG oslo.service.backend._threading.loopingcall [None req-2b4e67df-7e75-4cbc-b223-e280de1e857b None None] Fixed interval looping call 'neutron.db.quota.driver_nolock.DbQuotaNoLockDriver._remove_expired_reservations' sleeping for 119.99 seconds {{(pid=104386) _run_loop /opt/stack/data/venv/lib/python3.12/site-packages/oslo_service/backend/_threading/loopingcall.py:125}}
Mar 26 00:55:30.284321 np0000160846 neutron-periodic-workers[104386]: DEBUG dbcounter [-] [104386] Writing DB stats neutron:DELETE=1 {{(pid=104386) stat_writer /opt/stack/data/venv/lib/python3.12/site-packages/dbcounter.py:115}}
Mar 26 00:55:38.250842 np0000160846 neutron-periodic-workers[104374]: DEBUG neutron.db.agents_db [None req-67343f86-7432-4b50-9eb0-33167010009c None None] Agent healthcheck: found 0 active agents {{(pid=104374) agent_health_check /opt/stack/neutron/neutron/db/agents_db.py:317}}
Mar 26 00:55:38.251384 np0000160846 neutron-periodic-workers[104374]: DEBUG oslo.service.backend._threading.loopingcall [None req-67343f86-7432-4b50-9eb0-33167010009c None None] Fixed interval looping call 'neutron.plugins.ml2.plugin.AgentDbMixin.agent_health_check' sleeping for 37.00 seconds {{(pid=104374) _run_loop /opt/stack/data/venv/lib/python3.12/site-packages/oslo_service/backend/_threading/loopingcall.py:125}}
Mar 26 00:55:47.235730 np0000160846 neutron-periodic-workers[104365]: DEBUG oslo.service.backend._threading.loopingcall [None req-d4b4dbfd-9276-4a2f-85a6-447ada628518 None None] Fixed interval looping call 'neutron.plugins.ml2.plugin.DhcpAgentSchedulerDbMixin.remove_networks_from_down_agents' sleeping for 36.99 seconds {{(pid=104365) _run_loop /opt/stack/data/venv/lib/python3.12/site-packages/oslo_service/backend/_threading/loopingcall.py:125}}
Mar 26 00:55:48.249330 np0000160846 neutron-periodic-workers[104374]: DEBUG dbcounter [-] [104374] Writing DB stats neutron:SELECT=1 {{(pid=104374) stat_writer /opt/stack/data/venv/lib/python3.12/site-packages/dbcounter.py:115}}
Mar 26 00:55:57.234813 np0000160846 neutron-periodic-workers[104365]: DEBUG dbcounter [-] [104365] Writing DB stats neutron:SELECT=3 {{(pid=104365) stat_writer /opt/stack/data/venv/lib/python3.12/site-packages/dbcounter.py:115}}
Mar 26 00:56:15.257483 np0000160846 neutron-periodic-workers[104374]: DEBUG neutron.db.agents_db [None req-67343f86-7432-4b50-9eb0-33167010009c None None] Agent healthcheck: found 0 active agents {{(pid=104374) agent_health_check /opt/stack/neutron/neutron/db/agents_db.py:317}}
Mar 26 00:56:15.257937 np0000160846 neutron-periodic-workers[104374]: DEBUG oslo.service.backend._threading.loopingcall [None req-67343f86-7432-4b50-9eb0-33167010009c None None] Fixed interval looping call 'neutron.plugins.ml2.plugin.AgentDbMixin.agent_health_check' sleeping for 36.99 seconds {{(pid=104374) _run_loop /opt/stack/data/venv/lib/python3.12/site-packages/oslo_service/backend/_threading/loopingcall.py:125}}
Mar 26 00:56:24.235853 np0000160846 neutron-periodic-workers[104365]: DEBUG oslo.service.backend._threading.loopingcall [None req-d4b4dbfd-9276-4a2f-85a6-447ada628518 None None] Fixed interval looping call 'neutron.plugins.ml2.plugin.DhcpAgentSchedulerDbMixin.remove_networks_from_down_agents' sleeping for 36.99 seconds {{(pid=104365) _run_loop /opt/stack/data/venv/lib/python3.12/site-packages/oslo_service/backend/_threading/loopingcall.py:125}}
Mar 26 00:56:25.255000 np0000160846 neutron-periodic-workers[104374]: DEBUG dbcounter [-] [104374] Writing DB stats neutron:SELECT=1 {{(pid=104374) stat_writer /opt/stack/data/venv/lib/python3.12/site-packages/dbcounter.py:115}}
Mar 26 00:56:34.234308 np0000160846 neutron-periodic-workers[104365]: DEBUG dbcounter [-] [104365] Writing DB stats neutron:SELECT=3 {{(pid=104365) stat_writer /opt/stack/data/venv/lib/python3.12/site-packages/dbcounter.py:115}}
Mar 26 00:56:52.253333 np0000160846 neutron-periodic-workers[104374]: DEBUG neutron.db.agents_db [None req-67343f86-7432-4b50-9eb0-33167010009c None None] Agent healthcheck: found 0 active agents {{(pid=104374) agent_health_check /opt/stack/neutron/neutron/db/agents_db.py:317}}
Mar 26 00:56:52.253906 np0000160846 neutron-periodic-workers[104374]: DEBUG oslo.service.backend._threading.loopingcall [None req-67343f86-7432-4b50-9eb0-33167010009c None None] Fixed interval looping call 'neutron.plugins.ml2.plugin.AgentDbMixin.agent_health_check' sleeping for 36.99 seconds {{(pid=104374) _run_loop /opt/stack/data/venv/lib/python3.12/site-packages/oslo_service/backend/_threading/loopingcall.py:125}}
Mar 26 00:57:01.236172 np0000160846 neutron-periodic-workers[104365]: DEBUG oslo.service.backend._threading.loopingcall [None req-d4b4dbfd-9276-4a2f-85a6-447ada628518 None None] Fixed interval looping call 'neutron.plugins.ml2.plugin.DhcpAgentSchedulerDbMixin.remove_networks_from_down_agents' sleeping for 36.99 seconds {{(pid=104365) _run_loop /opt/stack/data/venv/lib/python3.12/site-packages/oslo_service/backend/_threading/loopingcall.py:125}}
Mar 26 00:57:02.251689 np0000160846 neutron-periodic-workers[104374]: DEBUG dbcounter [-] [104374] Writing DB stats neutron:SELECT=1 {{(pid=104374) stat_writer /opt/stack/data/venv/lib/python3.12/site-packages/dbcounter.py:115}}
Mar 26 00:57:11.234688 np0000160846 neutron-periodic-workers[104365]: DEBUG dbcounter [-] [104365] Writing DB stats neutron:SELECT=3 {{(pid=104365) stat_writer /opt/stack/data/venv/lib/python3.12/site-packages/dbcounter.py:115}}
Mar 26 00:57:20.282408 np0000160846 neutron-periodic-workers[104386]: DEBUG oslo.service.backend._threading.loopingcall [None req-2b4e67df-7e75-4cbc-b223-e280de1e857b None None] Fixed interval looping call 'neutron.db.quota.driver_nolock.DbQuotaNoLockDriver._remove_expired_reservations' sleeping for 119.99 seconds {{(pid=104386) _run_loop /opt/stack/data/venv/lib/python3.12/site-packages/oslo_service/backend/_threading/loopingcall.py:125}}
Mar 26 00:57:29.246960 np0000160846 neutron-periodic-workers[104374]: DEBUG neutron.db.agents_db [None req-67343f86-7432-4b50-9eb0-33167010009c None None] Agent healthcheck: found 0 active agents {{(pid=104374) agent_health_check /opt/stack/neutron/neutron/db/agents_db.py:317}}
Mar 26 00:57:29.247467 np0000160846 neutron-periodic-workers[104374]: DEBUG oslo.service.backend._threading.loopingcall [None req-67343f86-7432-4b50-9eb0-33167010009c None None] Fixed interval looping call 'neutron.plugins.ml2.plugin.AgentDbMixin.agent_health_check' sleeping for 37.00 seconds {{(pid=104374) _run_loop /opt/stack/data/venv/lib/python3.12/site-packages/oslo_service/backend/_threading/loopingcall.py:125}}
Mar 26 00:57:30.280937 np0000160846 neutron-periodic-workers[104386]: DEBUG dbcounter [-] [104386] Writing DB stats neutron:DELETE=1 {{(pid=104386) stat_writer /opt/stack/data/venv/lib/python3.12/site-packages/dbcounter.py:115}}
Mar 26 00:57:38.235415 np0000160846 neutron-periodic-workers[104365]: DEBUG oslo.service.backend._threading.loopingcall [None req-d4b4dbfd-9276-4a2f-85a6-447ada628518 None None] Fixed interval looping call 'neutron.plugins.ml2.plugin.DhcpAgentSchedulerDbMixin.remove_networks_from_down_agents' sleeping for 36.99 seconds {{(pid=104365) _run_loop /opt/stack/data/venv/lib/python3.12/site-packages/oslo_service/backend/_threading/loopingcall.py:125}}
Mar 26 00:57:39.246329 np0000160846 neutron-periodic-workers[104374]: DEBUG dbcounter [-] [104374] Writing DB stats neutron:SELECT=1 {{(pid=104374) stat_writer /opt/stack/data/venv/lib/python3.12/site-packages/dbcounter.py:115}}
Mar 26 00:57:48.234352 np0000160846 neutron-periodic-workers[104365]: DEBUG dbcounter [-] [104365] Writing DB stats neutron:SELECT=3 {{(pid=104365) stat_writer /opt/stack/data/venv/lib/python3.12/site-packages/dbcounter.py:115}}
Mar 26 00:58:06.252846 np0000160846 neutron-periodic-workers[104374]: DEBUG neutron.db.agents_db [None req-67343f86-7432-4b50-9eb0-33167010009c None None] Agent healthcheck: found 0 active agents {{(pid=104374) agent_health_check /opt/stack/neutron/neutron/db/agents_db.py:317}}
Mar 26 00:58:06.253518 np0000160846 neutron-periodic-workers[104374]: DEBUG oslo.service.backend._threading.loopingcall [None req-67343f86-7432-4b50-9eb0-33167010009c None None] Fixed interval looping call 'neutron.plugins.ml2.plugin.AgentDbMixin.agent_health_check' sleeping for 36.99 seconds {{(pid=104374) _run_loop /opt/stack/data/venv/lib/python3.12/site-packages/oslo_service/backend/_threading/loopingcall.py:125}}
Mar 26 00:58:15.237035 np0000160846 neutron-periodic-workers[104365]: DEBUG oslo.service.backend._threading.loopingcall [None req-d4b4dbfd-9276-4a2f-85a6-447ada628518 None None] Fixed interval looping call 'neutron.plugins.ml2.plugin.DhcpAgentSchedulerDbMixin.remove_networks_from_down_agents' sleeping for 36.99 seconds {{(pid=104365) _run_loop /opt/stack/data/venv/lib/python3.12/site-packages/oslo_service/backend/_threading/loopingcall.py:125}}
Mar 26 00:58:16.250880 np0000160846 neutron-periodic-workers[104374]: DEBUG dbcounter [-] [104374] Writing DB stats neutron:SELECT=1 {{(pid=104374) stat_writer /opt/stack/data/venv/lib/python3.12/site-packages/dbcounter.py:115}}
Mar 26 00:58:25.239535 np0000160846 neutron-periodic-workers[104365]: DEBUG dbcounter [-] [104365] Writing DB stats neutron:SELECT=3 {{(pid=104365) stat_writer /opt/stack/data/venv/lib/python3.12/site-packages/dbcounter.py:115}}
Mar 26 00:58:43.248280 np0000160846 neutron-periodic-workers[104374]: DEBUG neutron.db.agents_db [None req-67343f86-7432-4b50-9eb0-33167010009c None None] Agent healthcheck: found 0 active agents {{(pid=104374) agent_health_check /opt/stack/neutron/neutron/db/agents_db.py:317}}
Mar 26 00:58:43.248280 np0000160846 neutron-periodic-workers[104374]: DEBUG oslo.service.backend._threading.loopingcall [None req-67343f86-7432-4b50-9eb0-33167010009c None None] Fixed interval looping call 'neutron.plugins.ml2.plugin.AgentDbMixin.agent_health_check' sleeping for 37.00 seconds {{(pid=104374) _run_loop /opt/stack/data/venv/lib/python3.12/site-packages/oslo_service/backend/_threading/loopingcall.py:125}}
Mar 26 00:58:52.235594 np0000160846 neutron-periodic-workers[104365]: DEBUG oslo.service.backend._threading.loopingcall [None req-d4b4dbfd-9276-4a2f-85a6-447ada628518 None None] Fixed interval looping call 'neutron.plugins.ml2.plugin.DhcpAgentSchedulerDbMixin.remove_networks_from_down_agents' sleeping for 36.99 seconds {{(pid=104365) _run_loop /opt/stack/data/venv/lib/python3.12/site-packages/oslo_service/backend/_threading/loopingcall.py:125}}
Mar 26 00:58:53.247434 np0000160846 neutron-periodic-workers[104374]: DEBUG dbcounter [-] [104374] Writing DB stats neutron:SELECT=1 {{(pid=104374) stat_writer /opt/stack/data/venv/lib/python3.12/site-packages/dbcounter.py:115}}
Mar 26 00:59:02.234733 np0000160846 neutron-periodic-workers[104365]: DEBUG dbcounter [-] [104365] Writing DB stats neutron:SELECT=3 {{(pid=104365) stat_writer /opt/stack/data/venv/lib/python3.12/site-packages/dbcounter.py:115}}
Mar 26 00:59:20.253939 np0000160846 neutron-periodic-workers[104374]: DEBUG neutron.db.agents_db [None req-67343f86-7432-4b50-9eb0-33167010009c None None] Agent healthcheck: found 0 active agents {{(pid=104374) agent_health_check /opt/stack/neutron/neutron/db/agents_db.py:317}}
Mar 26 00:59:20.254549 np0000160846 neutron-periodic-workers[104374]: DEBUG oslo.service.backend._threading.loopingcall [None req-67343f86-7432-4b50-9eb0-33167010009c None None] Fixed interval looping call 'neutron.plugins.ml2.plugin.AgentDbMixin.agent_health_check' sleeping for 36.99 seconds {{(pid=104374) _run_loop /opt/stack/data/venv/lib/python3.12/site-packages/oslo_service/backend/_threading/loopingcall.py:125}}
Mar 26 00:59:20.277566 np0000160846 neutron-periodic-workers[104386]: DEBUG oslo.service.backend._threading.loopingcall [None req-2b4e67df-7e75-4cbc-b223-e280de1e857b None None] Fixed interval looping call 'neutron.db.quota.driver_nolock.DbQuotaNoLockDriver._remove_expired_reservations' sleeping for 120.00 seconds {{(pid=104386) _run_loop /opt/stack/data/venv/lib/python3.12/site-packages/oslo_service/backend/_threading/loopingcall.py:125}}
Mar 26 00:59:29.235854 np0000160846 neutron-periodic-workers[104365]: DEBUG oslo.service.backend._threading.loopingcall [None req-d4b4dbfd-9276-4a2f-85a6-447ada628518 None None] Fixed interval looping call 'neutron.plugins.ml2.plugin.DhcpAgentSchedulerDbMixin.remove_networks_from_down_agents' sleeping for 36.99 seconds {{(pid=104365) _run_loop /opt/stack/data/venv/lib/python3.12/site-packages/oslo_service/backend/_threading/loopingcall.py:125}}
Mar 26 00:59:30.252026 np0000160846 neutron-periodic-workers[104374]: DEBUG dbcounter [-] [104374] Writing DB stats neutron:SELECT=1 {{(pid=104374) stat_writer /opt/stack/data/venv/lib/python3.12/site-packages/dbcounter.py:115}}
Mar 26 00:59:30.276383 np0000160846 neutron-periodic-workers[104386]: DEBUG dbcounter [-] [104386] Writing DB stats neutron:DELETE=1 {{(pid=104386) stat_writer /opt/stack/data/venv/lib/python3.12/site-packages/dbcounter.py:115}}
Mar 26 00:59:39.234485 np0000160846 neutron-periodic-workers[104365]: DEBUG dbcounter [-] [104365] Writing DB stats neutron:SELECT=3 {{(pid=104365) stat_writer /opt/stack/data/venv/lib/python3.12/site-packages/dbcounter.py:115}}
Mar 26 00:59:57.248080 np0000160846 neutron-periodic-workers[104374]: DEBUG neutron.db.agents_db [None req-67343f86-7432-4b50-9eb0-33167010009c None None] Agent healthcheck: found 0 active agents {{(pid=104374) agent_health_check /opt/stack/neutron/neutron/db/agents_db.py:317}}
Mar 26 00:59:57.248080 np0000160846 neutron-periodic-workers[104374]: DEBUG oslo.service.backend._threading.loopingcall [None req-67343f86-7432-4b50-9eb0-33167010009c None None] Fixed interval looping call 'neutron.plugins.ml2.plugin.AgentDbMixin.agent_health_check' sleeping for 37.00 seconds {{(pid=104374) _run_loop /opt/stack/data/venv/lib/python3.12/site-packages/oslo_service/backend/_threading/loopingcall.py:125}}
Mar 26 01:00:01.303633 np0000160846 neutron-periodic-workers[104396]: DEBUG oslo.service.backend._threading.loopingcall [None req-58990e1b-7694-4e97-9b63-6d482e55c7ad None None] Fixed interval looping call 'neutron.services.ovn_l3.plugin.L3_NAT_dbonly_mixin._clean_garbage' sleeping for 299.99 seconds {{(pid=104396) _run_loop /opt/stack/data/venv/lib/python3.12/site-packages/oslo_service/backend/_threading/loopingcall.py:125}}
Mar 26 01:00:06.233903 np0000160846 neutron-periodic-workers[104365]: DEBUG oslo.service.backend._threading.loopingcall [None req-d4b4dbfd-9276-4a2f-85a6-447ada628518 None None] Fixed interval looping call 'neutron.plugins.ml2.plugin.DhcpAgentSchedulerDbMixin.remove_networks_from_down_agents' sleeping for 36.99 seconds {{(pid=104365) _run_loop /opt/stack/data/venv/lib/python3.12/site-packages/oslo_service/backend/_threading/loopingcall.py:125}}
Mar 26 01:00:07.247304 np0000160846 neutron-periodic-workers[104374]: DEBUG dbcounter [-] [104374] Writing DB stats neutron:SELECT=1 {{(pid=104374) stat_writer /opt/stack/data/venv/lib/python3.12/site-packages/dbcounter.py:115}}
Mar 26 01:00:11.295228 np0000160846 neutron-periodic-workers[104396]: DEBUG dbcounter [-] [104396] Writing DB stats neutron:SELECT=1 {{(pid=104396) stat_writer /opt/stack/data/venv/lib/python3.12/site-packages/dbcounter.py:115}}
Mar 26 01:00:16.233209 np0000160846 neutron-periodic-workers[104365]: DEBUG dbcounter [-] [104365] Writing DB stats neutron:SELECT=3 {{(pid=104365) stat_writer /opt/stack/data/venv/lib/python3.12/site-packages/dbcounter.py:115}}
Mar 26 01:00:34.253281 np0000160846 neutron-periodic-workers[104374]: DEBUG neutron.db.agents_db [None req-67343f86-7432-4b50-9eb0-33167010009c None None] Agent healthcheck: found 0 active agents {{(pid=104374) agent_health_check /opt/stack/neutron/neutron/db/agents_db.py:317}}
Mar 26 01:00:34.254005 np0000160846 neutron-periodic-workers[104374]: DEBUG oslo.service.backend._threading.loopingcall [None req-67343f86-7432-4b50-9eb0-33167010009c None None] Fixed interval looping call 'neutron.plugins.ml2.plugin.AgentDbMixin.agent_health_check' sleeping for 36.99 seconds {{(pid=104374) _run_loop /opt/stack/data/venv/lib/python3.12/site-packages/oslo_service/backend/_threading/loopingcall.py:125}}
Mar 26 01:00:43.235161 np0000160846 neutron-periodic-workers[104365]: DEBUG oslo.service.backend._threading.loopingcall [None req-d4b4dbfd-9276-4a2f-85a6-447ada628518 None None] Fixed interval looping call 'neutron.plugins.ml2.plugin.DhcpAgentSchedulerDbMixin.remove_networks_from_down_agents' sleeping for 36.99 seconds {{(pid=104365) _run_loop /opt/stack/data/venv/lib/python3.12/site-packages/oslo_service/backend/_threading/loopingcall.py:125}}
Mar 26 01:00:44.251684 np0000160846 neutron-periodic-workers[104374]: DEBUG dbcounter [-] [104374] Writing DB stats neutron:SELECT=1 {{(pid=104374) stat_writer /opt/stack/data/venv/lib/python3.12/site-packages/dbcounter.py:115}}
Mar 26 01:00:53.233879 np0000160846 neutron-periodic-workers[104365]: DEBUG dbcounter [-] [104365] Writing DB stats neutron:SELECT=3 {{(pid=104365) stat_writer /opt/stack/data/venv/lib/python3.12/site-packages/dbcounter.py:115}}
Mar 26 01:01:11.248966 np0000160846 neutron-periodic-workers[104374]: DEBUG neutron.db.agents_db [None req-67343f86-7432-4b50-9eb0-33167010009c None None] Agent healthcheck: found 0 active agents {{(pid=104374) agent_health_check /opt/stack/neutron/neutron/db/agents_db.py:317}}
Mar 26 01:01:11.249739 np0000160846 neutron-periodic-workers[104374]: DEBUG oslo.service.backend._threading.loopingcall [None req-67343f86-7432-4b50-9eb0-33167010009c None None] Fixed interval looping call 'neutron.plugins.ml2.plugin.AgentDbMixin.agent_health_check' sleeping for 36.99 seconds {{(pid=104374) _run_loop /opt/stack/data/venv/lib/python3.12/site-packages/oslo_service/backend/_threading/loopingcall.py:125}}
Mar 26 01:01:20.232869 np0000160846 neutron-periodic-workers[104365]: DEBUG oslo.service.backend._threading.loopingcall [None req-d4b4dbfd-9276-4a2f-85a6-447ada628518 None None] Fixed interval looping call 'neutron.plugins.ml2.plugin.DhcpAgentSchedulerDbMixin.remove_networks_from_down_agents' sleeping for 36.99 seconds {{(pid=104365) _run_loop /opt/stack/data/venv/lib/python3.12/site-packages/oslo_service/backend/_threading/loopingcall.py:125}}
Mar 26 01:01:20.282507 np0000160846 neutron-periodic-workers[104386]: DEBUG oslo.service.backend._threading.loopingcall [None req-2b4e67df-7e75-4cbc-b223-e280de1e857b None None] Fixed interval looping call 'neutron.db.quota.driver_nolock.DbQuotaNoLockDriver._remove_expired_reservations' sleeping for 120.00 seconds {{(pid=104386) _run_loop /opt/stack/data/venv/lib/python3.12/site-packages/oslo_service/backend/_threading/loopingcall.py:125}}
Mar 26 01:01:21.247255 np0000160846 neutron-periodic-workers[104374]: DEBUG dbcounter [-] [104374] Writing DB stats neutron:SELECT=1 {{(pid=104374) stat_writer /opt/stack/data/venv/lib/python3.12/site-packages/dbcounter.py:115}}
Mar 26 01:01:30.232222 np0000160846 neutron-periodic-workers[104365]: DEBUG dbcounter [-] [104365] Writing DB stats neutron:SELECT=3 {{(pid=104365) stat_writer /opt/stack/data/venv/lib/python3.12/site-packages/dbcounter.py:115}}
Mar 26 01:01:30.281198 np0000160846 neutron-periodic-workers[104386]: DEBUG dbcounter [-] [104386] Writing DB stats neutron:DELETE=1 {{(pid=104386) stat_writer /opt/stack/data/venv/lib/python3.12/site-packages/dbcounter.py:115}}
Mar 26 01:01:48.242963 np0000160846 neutron-periodic-workers[104374]: DEBUG neutron.db.agents_db [None req-67343f86-7432-4b50-9eb0-33167010009c None None] Agent healthcheck: found 0 active agents {{(pid=104374) agent_health_check /opt/stack/neutron/neutron/db/agents_db.py:317}}
Mar 26 01:01:48.242963 np0000160846 neutron-periodic-workers[104374]: DEBUG oslo.service.backend._threading.loopingcall [None req-67343f86-7432-4b50-9eb0-33167010009c None None] Fixed interval looping call 'neutron.plugins.ml2.plugin.AgentDbMixin.agent_health_check' sleeping for 37.00 seconds {{(pid=104374) _run_loop /opt/stack/data/venv/lib/python3.12/site-packages/oslo_service/backend/_threading/loopingcall.py:125}}
Mar 26 01:01:57.228518 np0000160846 neutron-periodic-workers[104365]: DEBUG oslo.service.backend._threading.loopingcall [None req-d4b4dbfd-9276-4a2f-85a6-447ada628518 None None] Fixed interval looping call 'neutron.plugins.ml2.plugin.DhcpAgentSchedulerDbMixin.remove_networks_from_down_agents' sleeping for 36.99 seconds {{(pid=104365) _run_loop /opt/stack/data/venv/lib/python3.12/site-packages/oslo_service/backend/_threading/loopingcall.py:125}}
Mar 26 01:01:58.242067 np0000160846 neutron-periodic-workers[104374]: DEBUG dbcounter [-] [104374] Writing DB stats neutron:SELECT=1 {{(pid=104374) stat_writer /opt/stack/data/venv/lib/python3.12/site-packages/dbcounter.py:115}}
Mar 26 01:02:07.228113 np0000160846 neutron-periodic-workers[104365]: DEBUG dbcounter [-] [104365] Writing DB stats neutron:SELECT=3 {{(pid=104365) stat_writer /opt/stack/data/venv/lib/python3.12/site-packages/dbcounter.py:115}}
Mar 26 01:02:25.249358 np0000160846 neutron-periodic-workers[104374]: DEBUG neutron.db.agents_db [None req-67343f86-7432-4b50-9eb0-33167010009c None None] Agent healthcheck: found 0 active agents {{(pid=104374) agent_health_check /opt/stack/neutron/neutron/db/agents_db.py:317}}
Mar 26 01:02:25.250306 np0000160846 neutron-periodic-workers[104374]: DEBUG oslo.service.backend._threading.loopingcall [None req-67343f86-7432-4b50-9eb0-33167010009c None None] Fixed interval looping call 'neutron.plugins.ml2.plugin.AgentDbMixin.agent_health_check' sleeping for 36.99 seconds {{(pid=104374) _run_loop /opt/stack/data/venv/lib/python3.12/site-packages/oslo_service/backend/_threading/loopingcall.py:125}}
Mar 26 01:02:34.225787 np0000160846 neutron-periodic-workers[104365]: DEBUG oslo.service.backend._threading.loopingcall [None req-d4b4dbfd-9276-4a2f-85a6-447ada628518 None None] Fixed interval looping call 'neutron.plugins.ml2.plugin.DhcpAgentSchedulerDbMixin.remove_networks_from_down_agents' sleeping for 36.99 seconds {{(pid=104365) _run_loop /opt/stack/data/venv/lib/python3.12/site-packages/oslo_service/backend/_threading/loopingcall.py:125}}
Mar 26 01:02:35.246546 np0000160846 neutron-periodic-workers[104374]: DEBUG dbcounter [-] [104374] Writing DB stats neutron:SELECT=1 {{(pid=104374) stat_writer /opt/stack/data/venv/lib/python3.12/site-packages/dbcounter.py:115}}
Mar 26 01:02:44.225149 np0000160846 neutron-periodic-workers[104365]: DEBUG dbcounter [-] [104365] Writing DB stats neutron:SELECT=3 {{(pid=104365) stat_writer /opt/stack/data/venv/lib/python3.12/site-packages/dbcounter.py:115}}
Mar 26 01:03:02.244784 np0000160846 neutron-periodic-workers[104374]: DEBUG neutron.db.agents_db [None req-67343f86-7432-4b50-9eb0-33167010009c None None] Agent healthcheck: found 0 active agents {{(pid=104374) agent_health_check /opt/stack/neutron/neutron/db/agents_db.py:317}}
Mar 26 01:03:02.245511 np0000160846 neutron-periodic-workers[104374]: DEBUG oslo.service.backend._threading.loopingcall [None req-67343f86-7432-4b50-9eb0-33167010009c None None] Fixed interval looping call 'neutron.plugins.ml2.plugin.AgentDbMixin.agent_health_check' sleeping for 36.99 seconds {{(pid=104374) _run_loop /opt/stack/data/venv/lib/python3.12/site-packages/oslo_service/backend/_threading/loopingcall.py:125}}
Mar 26 01:03:11.227124 np0000160846 neutron-periodic-workers[104365]: DEBUG oslo.service.backend._threading.loopingcall [None req-d4b4dbfd-9276-4a2f-85a6-447ada628518 None None] Fixed interval looping call 'neutron.plugins.ml2.plugin.DhcpAgentSchedulerDbMixin.remove_networks_from_down_agents' sleeping for 36.99 seconds {{(pid=104365) _run_loop /opt/stack/data/venv/lib/python3.12/site-packages/oslo_service/backend/_threading/loopingcall.py:125}}
Mar 26 01:03:12.242878 np0000160846 neutron-periodic-workers[104374]: DEBUG dbcounter [-] [104374] Writing DB stats neutron:SELECT=1 {{(pid=104374) stat_writer /opt/stack/data/venv/lib/python3.12/site-packages/dbcounter.py:115}}
Mar 26 01:03:20.287815 np0000160846 neutron-periodic-workers[104386]: DEBUG oslo.service.backend._threading.loopingcall [None req-2b4e67df-7e75-4cbc-b223-e280de1e857b None None] Fixed interval looping call 'neutron.db.quota.driver_nolock.DbQuotaNoLockDriver._remove_expired_reservations' sleeping for 120.00 seconds {{(pid=104386) _run_loop /opt/stack/data/venv/lib/python3.12/site-packages/oslo_service/backend/_threading/loopingcall.py:125}}
Mar 26 01:03:21.225380 np0000160846 neutron-periodic-workers[104365]: DEBUG dbcounter [-] [104365] Writing DB stats neutron:SELECT=3 {{(pid=104365) stat_writer /opt/stack/data/venv/lib/python3.12/site-packages/dbcounter.py:115}}
