+ exec neutron-metadata-agent --config-file /etc/neutron/neutron.conf --config-file /tmp/pod-shared/neutron-agent.ini --config-file /etc/neutron/metadata_agent.ini /var/lib/openstack/lib/python3.10/site-packages/neutron/common/utils.py:54: UserWarning: pkg_resources is deprecated as an API. See https://setuptools.pypa.io/en/latest/pkg_resources.html. The pkg_resources package is slated for removal as early as 2025-11-30. Refrain from using this package or pin to Setuptools<81. import pkg_resources
2026-06-09 22:56:48.743 39 INFO neutron.common.config [-] Logging enabled!
2026-06-09 22:56:48.744 39 INFO neutron.common.config [-] /var/lib/openstack/bin/neutron-metadata-agent version 23.5.0 /var/lib/openstack/lib/python3.10/site-packages/memcache.py:1303: SyntaxWarning: "is" with a literal. Did you mean "=="? if key is '': /var/lib/openstack/lib/python3.10/site-packages/memcache.py:1304: SyntaxWarning: "is" with a literal. Did you mean "=="? if key_extra_len is 0:
2026-06-09 22:56:48.759 39 INFO oslo_service.service [None req-a0675376-ab40-482b-ab50-7111ab06e1ac - - - - - -] Starting 2 workers
2026-06-09 22:56:48.769 48 INFO eventlet.wsgi.server [-] (48) wsgi starting up on http:/var/lib/neutron/openstack-helm/metadata_proxy
2026-06-09 22:56:48.769 47 INFO eventlet.wsgi.server [-] (47) wsgi starting up on http:/var/lib/neutron/openstack-helm/metadata_proxy
2026-06-09 22:57:22.548 47 INFO eventlet.wsgi.server [-] 169.254.169.254, "GET / HTTP/1.1" status: 404 len: 176 time: 0.1209624
2026-06-09 23:00:32.491 47 INFO eventlet.wsgi.server [-] 169.254.169.254, "GET / HTTP/1.1" status: 404 len: 176 time: 0.0084991
2026-06-09 23:03:42.404 48 INFO eventlet.wsgi.server [-] 169.254.169.254, "GET / HTTP/1.1" status: 404 len: 176 time: 0.0090539
2026-06-09 23:04:12.439 48 INFO eventlet.wsgi.server [-] 169.254.169.254, "GET / HTTP/1.1" status: 404 len: 176 time: 0.0079458
2026-06-09 23:06:52.426 48 INFO eventlet.wsgi.server [-] 169.254.169.254, "GET / HTTP/1.1" status: 404 len: 176 time: 0.0070879
2026-06-09 23:10:02.635 47 INFO eventlet.wsgi.server [-] 169.254.169.254, "GET / HTTP/1.1" status: 404 len: 176 time: 0.0754020
2026-06-09 23:13:12.460 47 INFO eventlet.wsgi.server [-] 169.254.169.254, "GET / HTTP/1.1" status: 404 len: 176 time: 0.0093923
2026-06-09 23:14:12.457 47 INFO eventlet.wsgi.server [-] 169.254.169.254, "GET / HTTP/1.1" status: 404 len: 176 time: 0.0044079
2026-06-09 23:16:22.549 48 INFO eventlet.wsgi.server [-] 169.254.169.254, "GET / HTTP/1.1" status: 404 len: 176 time: 0.0101964
2026-06-09 23:19:32.482 48 INFO eventlet.wsgi.server [-] 169.254.169.254, "GET / HTTP/1.1" status: 404 len: 176 time: 0.0078039
2026-06-09 23:22:42.566 48 INFO eventlet.wsgi.server [-] 169.254.169.254, "GET / HTTP/1.1" status: 404 len: 176 time: 0.1266139
2026-06-09 23:24:12.523 48 INFO eventlet.wsgi.server [-] 169.254.169.254, "GET / HTTP/1.1" status: 404 len: 176 time: 0.0119061
2026-06-09 23:25:52.530 48 INFO eventlet.wsgi.server [-] 169.254.169.254, "GET / HTTP/1.1" status: 404 len: 176 time: 0.0067339
2026-06-09 23:29:02.495 47 INFO eventlet.wsgi.server [-] 169.254.169.254, "GET / HTTP/1.1" status: 404 len: 176 time: 0.0088043
2026-06-09 23:30:54.638 48 INFO eventlet.wsgi.server [-] 10.100.0.4, "GET /2009-04-04/meta-data/instance-id HTTP/1.1" status: 200 len: 146 time: 1.4459662
2026-06-09 23:30:54.676 48 INFO eventlet.wsgi.server [-] 10.100.0.4, "GET /2009-04-04/meta-data/public-keys HTTP/1.1" status: 200 len: 162 time: 0.0271916
2026-06-09 23:30:54.706 47 INFO eventlet.wsgi.server [-] 10.100.0.4, "GET /2009-04-04/meta-data/public-keys/0/openssh-key HTTP/1.1" status: 200 len: 341 time: 0.0237696
2026-06-09 23:30:54.727 47 INFO eventlet.wsgi.server [-] 10.100.0.4, "GET /2009-04-04/meta-data/instance-id HTTP/1.1" status: 200 len: 146 time: 0.0120223
2026-06-09 23:30:54.746 47 INFO eventlet.wsgi.server [-] 10.100.0.4, "GET /2009-04-04/meta-data/ami-launch-index HTTP/1.1" status: 200 len: 136 time: 0.0107996
2026-06-09 23:30:54.763 47 INFO eventlet.wsgi.server [-] 10.100.0.4, "GET /2009-04-04/meta-data/instance-type HTTP/1.1" status: 200 len: 142 time: 0.0116203
2026-06-09 23:30:54.782 47 INFO eventlet.wsgi.server [-] 10.100.0.4, "GET /2009-04-04/meta-data/local-ipv4 HTTP/1.1" status: 200 len: 146 time: 0.0114291
2026-06-09 23:30:54.804 47 INFO eventlet.wsgi.server [-] 10.100.0.4, "GET /2009-04-04/meta-data/public-ipv4 HTTP/1.1" status: 200 len: 149 time: 0.0135279
2026-06-09 23:30:54.823 47 INFO eventlet.wsgi.server [-] 10.100.0.4, "GET /2009-04-04/meta-data/hostname HTTP/1.1" status: 200 len: 200 time: 0.0120673
2026-06-09 23:30:54.841 47 INFO eventlet.wsgi.server [-] 10.100.0.4, "GET /2009-04-04/meta-data/local-hostname HTTP/1.1" status: 200 len: 200 time: 0.0118155
2026-06-09 23:30:54.901 47 INFO eventlet.wsgi.server [-] 10.100.0.4, "GET /2009-04-04/user-data HTTP/1.1" status: 200 len: 231 time: 0.0158119
2026-06-09 23:30:54.929 47 INFO eventlet.wsgi.server [-] 10.100.0.4, "GET /2009-04-04/meta-data/block-device-mapping HTTP/1.1" status: 200 len: 143 time: 0.0195656
2026-06-09 23:30:54.947 47 INFO eventlet.wsgi.server [-] 10.100.0.4, "GET /2009-04-04/meta-data/block-device-mapping/ami HTTP/1.1" status: 200 len: 138 time: 0.0130670
2026-06-09 23:30:54.975 48 INFO eventlet.wsgi.server [-] 10.100.0.4, "GET /2009-04-04/meta-data/block-device-mapping/root HTTP/1.1" status: 200 len: 143 time: 0.0226758
2026-06-09 23:30:54.995 48 INFO eventlet.wsgi.server [-] 10.100.0.4, "GET /2009-04-04/meta-data/public-hostname HTTP/1.1" status: 200 len: 200 time: 0.0137107
2026-06-09 23:30:55.017 48 INFO eventlet.wsgi.server [-] 10.100.0.4, "GET /2009-04-04/meta-data/placement/availability-zone HTTP/1.1" status: 200 len: 139 time: 0.0123262
2026-06-09 23:31:47.593 47 INFO eventlet.wsgi.server [-] 10.100.0.7, "GET /2009-04-04/meta-data/instance-id HTTP/1.1" status: 200 len: 146 time: 0.7286725
2026-06-09 23:31:47.621 47 INFO eventlet.wsgi.server [-] 10.100.0.7, "GET /2009-04-04/meta-data/public-keys HTTP/1.1" status: 200 len: 163 time: 0.0154233
2026-06-09 23:31:47.640 47 INFO eventlet.wsgi.server [-] 10.100.0.7, "GET /2009-04-04/meta-data/public-keys/0/openssh-key HTTP/1.1" status: 200 len: 341 time: 0.0130992
2026-06-09 23:31:47.663 47 INFO eventlet.wsgi.server [-] 10.100.0.7, "GET /2009-04-04/meta-data/instance-id HTTP/1.1" status: 200 len: 146 time: 0.0140469
2026-06-09 23:31:47.683 47 INFO eventlet.wsgi.server [-] 10.100.0.7, "GET /2009-04-04/meta-data/ami-launch-index HTTP/1.1" status: 200 len: 136 time: 0.0126147
2026-06-09 23:31:47.705 47 INFO eventlet.wsgi.server [-] 10.100.0.7, "GET /2009-04-04/meta-data/instance-type HTTP/1.1" status: 200 len: 142 time: 0.0151799
2026-06-09 23:31:47.720 47 INFO eventlet.wsgi.server [-] 10.100.0.7, "GET /2009-04-04/meta-data/local-ipv4 HTTP/1.1" status: 200 len: 146 time: 0.0106390
2026-06-09 23:31:47.739 48 INFO eventlet.wsgi.server [-] 10.100.0.7, "GET /2009-04-04/meta-data/public-ipv4 HTTP/1.1" status: 200 len: 149 time: 0.0131366
2026-06-09 23:31:47.763 48 INFO eventlet.wsgi.server [-] 10.100.0.7, "GET /2009-04-04/meta-data/hostname HTTP/1.1" status: 200 len: 191 time: 0.0171900
2026-06-09 23:31:47.785 48 INFO eventlet.wsgi.server [-] 10.100.0.7, "GET /2009-04-04/meta-data/local-hostname HTTP/1.1" status: 200 len: 191 time: 0.0120015
2026-06-09 23:31:47.802 48 INFO eventlet.wsgi.server [-] 10.100.0.7, "GET /2009-04-04/user-data HTTP/1.1" status: 200 len: 231 time: 0.0116665
2026-06-09 23:31:47.825 48 INFO eventlet.wsgi.server [-] 10.100.0.7, "GET /2009-04-04/meta-data/block-device-mapping HTTP/1.1" status: 200 len: 143 time: 0.0122530
2026-06-09 23:31:47.840 48 INFO eventlet.wsgi.server [-] 10.100.0.7, "GET /2009-04-04/meta-data/block-device-mapping/ami HTTP/1.1" status: 200 len: 138 time: 0.0118315
2026-06-09 23:31:47.862 48 INFO eventlet.wsgi.server [-] 10.100.0.7, "GET /2009-04-04/meta-data/block-device-mapping/root HTTP/1.1" status: 200 len: 143 time: 0.0165203
2026-06-09 23:31:47.880 48 INFO eventlet.wsgi.server [-] 10.100.0.7, "GET /2009-04-04/meta-data/public-hostname HTTP/1.1" status: 200 len: 191 time: 0.0107889
2026-06-09 23:31:47.904 48 INFO eventlet.wsgi.server [-] 10.100.0.7, "GET /2009-04-04/meta-data/placement/availability-zone HTTP/1.1" status: 200 len: 139 time: 0.0170398
2026-06-09 23:32:08.454 47 INFO eventlet.wsgi.server [-] 10.100.0.7, "GET /2009-04-04/meta-data/instance-id HTTP/1.1" status: 200 len: 146 time: 0.1721253
2026-06-09 23:32:08.483 48 INFO eventlet.wsgi.server [-] 10.100.0.7, "GET /2009-04-04/meta-data/public-keys HTTP/1.1" status: 200 len: 163 time: 0.0135374
2026-06-09 23:32:08.505 47 INFO eventlet.wsgi.server [-] 10.100.0.7, "GET /2009-04-04/meta-data/public-keys/0/openssh-key HTTP/1.1" status: 200 len: 341 time: 0.0162642
2026-06-09 23:32:08.529 47 INFO eventlet.wsgi.server [-] 10.100.0.7, "GET /2009-04-04/meta-data/instance-id HTTP/1.1" status: 200 len: 146 time: 0.0133550
2026-06-09 23:32:08.550 48 INFO eventlet.wsgi.server [-] 10.100.0.7, "GET /2009-04-04/meta-data/ami-launch-index HTTP/1.1" status: 200 len: 136 time: 0.0128355
2026-06-09 23:32:08.569 48 INFO eventlet.wsgi.server [-] 10.100.0.7, "GET /2009-04-04/meta-data/instance-type HTTP/1.1" status: 200 len: 142 time: 0.0147402
2026-06-09 23:32:08.586 47 INFO eventlet.wsgi.server [-] 10.100.0.7, "GET /2009-04-04/meta-data/local-ipv4 HTTP/1.1" status: 200 len: 146 time: 0.0115449
2026-06-09 23:32:08.606 47 INFO eventlet.wsgi.server [-] 10.100.0.7, "GET /2009-04-04/meta-data/public-ipv4 HTTP/1.1" status: 200 len: 149 time: 0.0154593
2026-06-09 23:32:08.630 47 INFO eventlet.wsgi.server [-] 10.100.0.7, "GET /2009-04-04/meta-data/hostname HTTP/1.1" status: 200 len: 191 time: 0.0183051
2026-06-09 23:32:08.652 47 INFO eventlet.wsgi.server [-] 10.100.0.7, "GET /2009-04-04/meta-data/local-hostname HTTP/1.1" status: 200 len: 191 time: 0.0167496
2026-06-09 23:32:08.671 48 INFO eventlet.wsgi.server [-] 10.100.0.7, "GET /2009-04-04/user-data HTTP/1.1" status: 200 len: 231 time: 0.0143015
2026-06-09 23:32:08.692 48 INFO eventlet.wsgi.server [-] 10.100.0.7, "GET /2009-04-04/meta-data/block-device-mapping HTTP/1.1" status: 200 len: 143 time: 0.0155191
2026-06-09 23:32:08.706 48 INFO eventlet.wsgi.server [-] 10.100.0.7, "GET /2009-04-04/meta-data/block-device-mapping/ami HTTP/1.1" status: 200 len: 138 time: 0.0100408
2026-06-09 23:32:08.720 48 INFO eventlet.wsgi.server [-] 10.100.0.7, "GET /2009-04-04/meta-data/block-device-mapping/root HTTP/1.1" status: 200 len: 143 time: 0.0100491
2026-06-09 23:32:08.734 48 INFO eventlet.wsgi.server [-] 10.100.0.7, "GET /2009-04-04/meta-data/public-hostname HTTP/1.1" status: 200 len: 191 time: 0.0096204
2026-06-09 23:32:08.753 48 INFO eventlet.wsgi.server [-] 10.100.0.7, "GET /2009-04-04/meta-data/placement/availability-zone HTTP/1.1" status: 200 len: 139 time: 0.0145497
2026-06-09 23:32:12.524 48 INFO eventlet.wsgi.server [-] 169.254.169.254, "GET / HTTP/1.1" status: 404 len: 176 time: 0.0073669
2026-06-09 23:33:10.879 47 INFO eventlet.wsgi.server [-] 10.100.0.13, "GET /2009-04-04/meta-data/instance-id HTTP/1.1" status: 200 len: 146 time: 1.4863076
2026-06-09 23:33:10.909 47 INFO eventlet.wsgi.server [-] 10.100.0.13, "GET /2009-04-04/meta-data/public-keys HTTP/1.1" status: 200 len: 175 time: 0.0174584
2026-06-09 23:33:10.929 47 INFO eventlet.wsgi.server [-] 10.100.0.13, "GET /2009-04-04/meta-data/public-keys/0/openssh-key HTTP/1.1" status: 200 len: 341 time: 0.0152106
2026-06-09 23:33:10.963 48 INFO eventlet.wsgi.server [-] 10.100.0.13, "GET /2009-04-04/meta-data/instance-id HTTP/1.1" status: 200 len: 146 time: 0.0263422
2026-06-09 23:33:10.986 48 INFO eventlet.wsgi.server [-] 10.100.0.13, "GET /2009-04-04/meta-data/ami-launch-index HTTP/1.1" status: 200 len: 136 time: 0.0172477
2026-06-09 23:33:11.010 48 INFO eventlet.wsgi.server [-] 10.100.0.13, "GET /2009-04-04/meta-data/instance-type HTTP/1.1" status: 200 len: 142 time: 0.0160875
2026-06-09 23:33:11.029 48 INFO eventlet.wsgi.server [-] 10.100.0.13, "GET /2009-04-04/meta-data/local-ipv4 HTTP/1.1" status: 200 len: 147 time: 0.0124545
2026-06-09 23:33:11.056 48 INFO eventlet.wsgi.server [-] 10.100.0.13, "GET /2009-04-04/meta-data/public-ipv4 HTTP/1.1" status: 200 len: 149 time: 0.0144668
2026-06-09 23:33:11.076 48 INFO eventlet.wsgi.server [-] 10.100.0.13, "GET /2009-04-04/meta-data/hostname HTTP/1.1" status: 200 len: 190 time: 0.0136878
2026-06-09 23:33:11.116 48 INFO eventlet.wsgi.server [-] 10.100.0.13, "GET /2009-04-04/meta-data/local-hostname HTTP/1.1" status: 200 len: 190 time: 0.0331004
2026-06-09 23:33:11.135 48 INFO neutron.agent.metadata.agent [-] The instance: a5026feb-321e-4bd3-9c13-9e47e98fdb97 is not present anymore, skipping cache...
2026-06-09 23:33:11.197 48 INFO eventlet.wsgi.server [-] 10.100.0.13, "GET /2009-04-04/user-data HTTP/1.1" status: 404 len: 297 time: 0.0756967
2026-06-09 23:33:11.251 48 INFO eventlet.wsgi.server [-] 10.100.0.13, "GET /2009-04-04/meta-data/block-device-mapping HTTP/1.1" status: 200 len: 143 time: 0.0137477
2026-06-09 23:33:11.267 48 INFO eventlet.wsgi.server [-] 10.100.0.13, "GET /2009-04-04/meta-data/block-device-mapping/ami HTTP/1.1" status: 200 len: 138 time: 0.0117154
2026-06-09 23:33:11.285 48 INFO eventlet.wsgi.server [-] 10.100.0.13, "GET /2009-04-04/meta-data/block-device-mapping/root HTTP/1.1" status: 200 len: 143 time: 0.0119314
2026-06-09 23:33:11.312 48 INFO eventlet.wsgi.server [-] 10.100.0.13, "GET /2009-04-04/meta-data/public-hostname HTTP/1.1" status: 200 len: 190 time: 0.0193062
2026-06-09 23:33:11.337 48 INFO eventlet.wsgi.server [-] 10.100.0.13, "GET /2009-04-04/meta-data/placement/availability-zone HTTP/1.1" status: 200 len: 139 time: 0.0175755
2026-06-09 23:33:38.072 47 INFO eventlet.wsgi.server [-] 10.100.0.12, "GET /2009-04-04/meta-data/instance-id HTTP/1.1" status: 200 len: 146 time: 0.7057350
2026-06-09 23:33:38.097 48 INFO eventlet.wsgi.server [-] 10.100.0.12, "GET /2009-04-04/meta-data/public-keys HTTP/1.1" status: 200 len: 175 time: 0.0153198
2026-06-09 23:33:38.124 48 INFO eventlet.wsgi.server [-] 10.100.0.12, "GET /2009-04-04/meta-data/public-keys/0/openssh-key HTTP/1.1" status: 200 len: 341 time: 0.0210078
2026-06-09 23:33:38.152 47 INFO eventlet.wsgi.server [-] 10.100.0.12, "GET /2009-04-04/meta-data/instance-id HTTP/1.1" status: 200 len: 146 time: 0.0216594
2026-06-09 23:33:38.175 47 INFO eventlet.wsgi.server [-] 10.100.0.12, "GET /2009-04-04/meta-data/ami-launch-index HTTP/1.1" status: 200 len: 136 time: 0.0166774
2026-06-09 23:33:38.195 47 INFO eventlet.wsgi.server [-] 10.100.0.12, "GET /2009-04-04/meta-data/instance-type HTTP/1.1" status: 200 len: 142 time: 0.0143199
2026-06-09 23:33:38.218 48 INFO eventlet.wsgi.server [-] 10.100.0.12, "GET /2009-04-04/meta-data/local-ipv4 HTTP/1.1" status: 200 len: 147 time: 0.0139821
2026-06-09 23:33:38.244 48 INFO eventlet.wsgi.server [-] 10.100.0.12, "GET /2009-04-04/meta-data/public-ipv4 HTTP/1.1" status: 200 len: 149 time: 0.0168912
2026-06-09 23:33:38.266 48 INFO eventlet.wsgi.server [-] 10.100.0.12, "GET /2009-04-04/meta-data/hostname HTTP/1.1" status: 200 len: 190 time: 0.0135217
2026-06-09 23:33:38.295 48 INFO eventlet.wsgi.server [-] 10.100.0.12, "GET /2009-04-04/meta-data/local-hostname HTTP/1.1" status: 200 len: 190 time: 0.0127058
2026-06-09 23:33:38.314 48 INFO neutron.agent.metadata.agent [-] The instance: 1e0435e5-fe79-4353-a29f-f091faa34290 is not present anymore, skipping cache...
2026-06-09 23:33:38.392 48 INFO eventlet.wsgi.server [-] 10.100.0.12, "GET /2009-04-04/user-data HTTP/1.1" status: 404 len: 297 time: 0.0913036
2026-06-09 23:33:38.418 48 INFO eventlet.wsgi.server [-] 10.100.0.12, "GET /2009-04-04/meta-data/block-device-mapping HTTP/1.1" status: 200 len: 143 time: 0.0111954
2026-06-09 23:33:38.440 48 INFO eventlet.wsgi.server [-] 10.100.0.12, "GET /2009-04-04/meta-data/block-device-mapping/ami HTTP/1.1" status: 200 len: 138 time: 0.0112519
2026-06-09 23:33:38.461 48 INFO eventlet.wsgi.server [-] 10.100.0.12, "GET /2009-04-04/meta-data/block-device-mapping/root HTTP/1.1" status: 200 len: 143 time: 0.0175068
2026-06-09 23:33:38.479 48 INFO eventlet.wsgi.server [-] 10.100.0.12, "GET /2009-04-04/meta-data/public-hostname HTTP/1.1" status: 200 len: 190 time: 0.0127604
2026-06-09 23:33:38.502 48 INFO eventlet.wsgi.server [-] 10.100.0.12, "GET /2009-04-04/meta-data/placement/availability-zone HTTP/1.1" status: 200 len: 139 time: 0.0161872
2026-06-09 23:34:05.872 47 INFO eventlet.wsgi.server [-] 10.2.1.192, "GET /2009-04-04/meta-data/instance-id HTTP/1.1" status: 200 len: 146 time: 0.2610769
2026-06-09 23:34:05.907 47 INFO eventlet.wsgi.server [-] 10.2.1.192, "GET /2009-04-04/meta-data/public-keys HTTP/1.1" status: 200 len: 173 time: 0.0196521
2026-06-09 23:34:05.929 47 INFO eventlet.wsgi.server [-] 10.2.1.192, "GET /2009-04-04/meta-data/public-keys/0/openssh-key HTTP/1.1" status: 200 len: 341 time: 0.0148690
2026-06-09 23:34:05.951 47 INFO eventlet.wsgi.server [-] 10.2.1.192, "GET /2009-04-04/meta-data/instance-id HTTP/1.1" status: 200 len: 146 time: 0.0133030
2026-06-09 23:34:05.971 47 INFO eventlet.wsgi.server [-] 10.2.1.192, "GET /2009-04-04/meta-data/ami-launch-index HTTP/1.1" status: 200 len: 136 time: 0.0122361
2026-06-09 23:34:05.990 47 INFO eventlet.wsgi.server [-] 10.2.1.192, "GET /2009-04-04/meta-data/instance-type HTTP/1.1" status: 200 len: 142 time: 0.0120494
2026-06-09 23:34:06.022 48 INFO eventlet.wsgi.server [-] 10.2.1.192, "GET /2009-04-04/meta-data/local-ipv4 HTTP/1.1" status: 200 len: 146 time: 0.0223141
2026-06-09 23:34:06.055 48 INFO eventlet.wsgi.server [-] 10.2.1.192, "GET /2009-04-04/meta-data/public-ipv4 HTTP/1.1" status: 200 len: 149 time: 0.0219450
2026-06-09 23:34:06.079 48 INFO eventlet.wsgi.server [-] 10.2.1.192, "GET /2009-04-04/meta-data/hostname HTTP/1.1" status: 200 len: 185 time: 0.0156684
2026-06-09 23:34:06.099 48 INFO eventlet.wsgi.server [-] 10.2.1.192, "GET /2009-04-04/meta-data/local-hostname HTTP/1.1" status: 200 len: 185 time: 0.0129910
2026-06-09 23:34:06.126 48 INFO neutron.agent.metadata.agent [-] The instance: 27caa5f4-2af1-4609-ae8d-8106b1e6c8bf is not present anymore, skipping cache...
2026-06-09 23:34:06.199 48 INFO eventlet.wsgi.server [-] 10.2.1.192, "GET /2009-04-04/user-data HTTP/1.1" status: 404 len: 297 time: 0.0863860
2026-06-09 23:34:06.255 47 INFO eventlet.wsgi.server [-] 10.2.1.192, "GET /2009-04-04/meta-data/block-device-mapping HTTP/1.1" status: 200 len: 143 time: 0.0140853
2026-06-09 23:34:06.271 47 INFO eventlet.wsgi.server [-] 10.2.1.192, "GET /2009-04-04/meta-data/block-device-mapping/ami HTTP/1.1" status: 200 len: 138 time: 0.0120990
2026-06-09 23:34:06.288 48 INFO eventlet.wsgi.server [-] 10.2.1.192, "GET /2009-04-04/meta-data/block-device-mapping/root HTTP/1.1" status: 200 len: 143 time: 0.0127528
2026-06-09 23:34:06.302 48 INFO eventlet.wsgi.server [-] 10.2.1.192, "GET /2009-04-04/meta-data/public-hostname HTTP/1.1" status: 200 len: 185 time: 0.0102327
2026-06-09 23:34:06.321 47 INFO eventlet.wsgi.server [-] 10.2.1.192, "GET /2009-04-04/meta-data/placement/availability-zone HTTP/1.1" status: 200 len: 139 time: 0.0134258
2026-06-09 23:34:12.519 48 INFO eventlet.wsgi.server [-] 169.254.169.254, "GET / HTTP/1.1" status: 404 len: 176 time: 0.0645707
2026-06-09 23:34:18.689 47 INFO eventlet.wsgi.server [-] 10.2.2.16, "GET /2009-04-04/meta-data/instance-id HTTP/1.1" status: 200 len: 146 time: 0.2296042
2026-06-09 23:34:18.720 47 INFO eventlet.wsgi.server [-] 10.2.2.16, "GET /2009-04-04/meta-data/public-keys HTTP/1.1" status: 200 len: 173 time: 0.0172999
2026-06-09 23:34:18.740 47 INFO eventlet.wsgi.server [-] 10.2.2.16, "GET /2009-04-04/meta-data/public-keys/0/openssh-key HTTP/1.1" status: 200 len: 341 time: 0.0142586
2026-06-09 23:34:18.767 47 INFO eventlet.wsgi.server [-] 10.2.2.16, "GET /2009-04-04/meta-data/instance-id HTTP/1.1" status: 200 len: 146 time: 0.0197248
2026-06-09 23:34:18.790 47 INFO eventlet.wsgi.server [-] 10.2.2.16, "GET /2009-04-04/meta-data/ami-launch-index HTTP/1.1" status: 200 len: 136 time: 0.0124042
2026-06-09 23:34:18.810 47 INFO eventlet.wsgi.server [-] 10.2.2.16, "GET /2009-04-04/meta-data/instance-type HTTP/1.1" status: 200 len: 142 time: 0.0141048
2026-06-09 23:34:18.853 47 INFO eventlet.wsgi.server [-] 10.2.2.16, "GET /2009-04-04/meta-data/local-ipv4 HTTP/1.1" status: 200 len: 144 time: 0.0336037
2026-06-09 23:34:18.874 47 INFO eventlet.wsgi.server [-] 10.2.2.16, "GET /2009-04-04/meta-data/public-ipv4 HTTP/1.1" status: 200 len: 149 time: 0.0115187
2026-06-09 23:34:18.893 47 INFO eventlet.wsgi.server [-] 10.2.2.16, "GET /2009-04-04/meta-data/hostname HTTP/1.1" status: 200 len: 183 time: 0.0132954
2026-06-09 23:34:18.918 47 INFO eventlet.wsgi.server [-] 10.2.2.16, "GET /2009-04-04/meta-data/local-hostname HTTP/1.1" status: 200 len: 183 time: 0.0181463
2026-06-09 23:34:18.937 47 INFO neutron.agent.metadata.agent [-] The instance: fadaeeee-a49d-4cd6-b4d9-2f497fc4c0e4 is not present anymore, skipping cache...
2026-06-09 23:34:18.981 47 INFO eventlet.wsgi.server [-] 10.2.2.16, "GET /2009-04-04/user-data HTTP/1.1" status: 404 len: 297 time: 0.0568380
2026-06-09 23:34:19.016 47 INFO eventlet.wsgi.server [-] 10.2.2.16, "GET /2009-04-04/meta-data/block-device-mapping HTTP/1.1" status: 200 len: 143 time: 0.0214303
2026-06-09 23:34:19.036 47 INFO eventlet.wsgi.server [-] 10.2.2.16, "GET /2009-04-04/meta-data/block-device-mapping/ami HTTP/1.1" status: 200 len: 138 time: 0.0136285
2026-06-09 23:34:19.061 48 INFO eventlet.wsgi.server [-] 10.2.2.16, "GET /2009-04-04/meta-data/block-device-mapping/root HTTP/1.1" status: 200 len: 143 time: 0.0183735
2026-06-09 23:34:19.079 47 INFO eventlet.wsgi.server [-] 10.2.2.16, "GET /2009-04-04/meta-data/public-hostname HTTP/1.1" status: 200 len: 183 time: 0.0106859
2026-06-09 23:34:19.094 47 INFO eventlet.wsgi.server [-] 10.2.2.16, "GET /2009-04-04/meta-data/placement/availability-zone HTTP/1.1" status: 200 len: 139 time: 0.0092316
2026-06-09 23:34:24.707 48 INFO eventlet.wsgi.server [-] 10.100.0.9, "GET /latest/meta-data/public-ipv4 HTTP/1.1" status: 200 len: 149 time: 0.2010176
2026-06-09 23:34:24.961 47 INFO eventlet.wsgi.server [-] 10.100.0.9, "POST /openstack/2013-10-17/password HTTP/1.1" status: 200 len: 134 time: 0.1772752
2026-06-09 23:35:22.505 48 INFO eventlet.wsgi.server [-] 169.254.169.254, "GET / HTTP/1.1" status: 404 len: 176 time: 0.0115709
2026-06-09 23:38:32.495 48 INFO eventlet.wsgi.server [-] 169.254.169.254, "GET / HTTP/1.1" status: 404 len: 176 time: 0.0087478
2026-06-09 23:41:42.477 47 INFO eventlet.wsgi.server [-] 169.254.169.254, "GET / HTTP/1.1" status: 404 len: 176 time: 0.0140636