2026-05-09 06:26:36.914 7 INFO neutron.db.ovn_revision_numbers_db [None req-352fb93a-3b95-4ad7-89f4-292e69af374f a55ded0a67ae456ea8348b2dd9f5dfc5 0c944360777b4152945370776fdcd469 - - default default] Successfully bumped revision number for resource 9340aa1d-b562-4e34-9b64-7447dbdeea23 (type: security_group_rules) to 0 [pid: 7|app: 0|req: 931/1678] 10.0.0.251 () {32 vars in 774 bytes} [Sat May 9 06:26:36 2026] GET /v2.0/security-groups?tenant_id=7c9ba766436443d381dffb8f7e0be1e2&name=default => generated 2925 bytes in 231 msecs (HTTP/1.1 200) 4 headers in 158 bytes (1 switches on core 0)
2026-05-09 06:26:36.962 7 WARNING neutron.api.v2.base [None req-dc96a036-b866-4be3-8366-4f9dbb5685c0 61938ce6113a4faf84098ed49bd9986e 8290023a2a9444f6ac46c134f3c8bca2 - - default default] An exception happened while processing the request body. The exception message is [Invalid input for target_tenant. Reason: '1234123412341234123412341234123412341234123412341234123412341234123412341234123412341234123412341234123412341234123412341234123412341234123412341234123412341234123412341234123412341234123412341234123412341234123412341234123412341234123412341234123412341234123412341234123412341234123412341234123412341234123412341234123412341234123412341234123412341234123412341234123412341234123412341234123412341234' exceeds maximum length of 255.].: webob.exc.HTTPBadRequest: Invalid input for target_tenant. Reason: '1234123412341234123412341234123412341234123412341234123412341234123412341234123412341234123412341234123412341234123412341234123412341234123412341234123412341234123412341234123412341234123412341234123412341234123412341234123412341234123412341234123412341234123412341234123412341234123412341234123412341234123412341234123412341234123412341234123412341234123412341234123412341234123412341234123412341234' exceeds maximum length of 255.
2026-05-09 06:26:36.963 7 INFO neutron.api.v2.resource [None req-dc96a036-b866-4be3-8366-4f9dbb5685c0 61938ce6113a4faf84098ed49bd9986e 8290023a2a9444f6ac46c134f3c8bca2 - - default default] create failed (client error): Invalid input for target_tenant. Reason: '1234123412341234123412341234123412341234123412341234123412341234123412341234123412341234123412341234123412341234123412341234123412341234123412341234123412341234123412341234123412341234123412341234123412341234123412341234123412341234123412341234123412341234123412341234123412341234123412341234123412341234123412341234123412341234123412341234123412341234123412341234123412341234123412341234123412341234' exceeds maximum length of 255. [pid: 7|app: 0|req: 932/1679] 10.0.0.251 () {34 vars in 681 bytes} [Sat May 9 06:26:36 2026] POST /v2.0/rbac-policies => generated 547 bytes in 6 msecs (HTTP/1.1 400) 4 headers in 166 bytes (1 switches on core 0) [pid: 8|app: 0|req: 748/1680] 10.0.0.251 () {32 vars in 724 bytes} [Sat May 9 06:26:36 2026] DELETE /v2.0/subnets/e7a9063d-5046-4ba3-a220-853623d800d3 => generated 0 bytes in 170 msecs (HTTP/1.1 204) 3 headers in 131 bytes (1 switches on core 0) [pid: 7|app: 0|req: 933/1681] 10.0.0.251 () {32 vars in 740 bytes} [Sat May 9 06:26:36 2026] DELETE /v2.0/security-groups/2ff1e2fc-77d2-4ae4-ada2-8980189445b4 => generated 0 bytes in 194 msecs (HTTP/1.1 204) 2 headers in 112 bytes (1 switches on core 0)
2026-05-09 06:26:37.167 8 INFO neutron_taas.services.taas.taas_plugin [None req-237f2940-e40f-420c-b194-48e4d0b432c8 61938ce6113a4faf84098ed49bd9986e 8290023a2a9444f6ac46c134f3c8bca2 - - default default] TaaS: Handle Delete Port: 07399ade-98e9-4b85-947a-038691a7909d
2026-05-09 06:26:37.170 8 INFO neutron_taas.services.taas.tap_mirror_plugin [None req-237f2940-e40f-420c-b194-48e4d0b432c8 61938ce6113a4faf84098ed49bd9986e 8290023a2a9444f6ac46c134f3c8bca2 - - default default] Tap Mirror: Handle Delete Port: 07399ade-98e9-4b85-947a-038691a7909d
2026-05-09 06:26:37.273 7 INFO neutron_taas.services.taas.taas_plugin [None req-613e479c-e065-4619-bc7d-22dbee7b7e16 2b10a8fa065e46008f43324e5293cbe6 777e4485ef8946e8b99c93c19698e8a8 - - default default] TaaS: Handle Delete Port: f25e0b03-2eaa-4793-9638-a66d7dc04db0
2026-05-09 06:26:37.276 7 INFO neutron_taas.services.taas.tap_mirror_plugin [None req-613e479c-e065-4619-bc7d-22dbee7b7e16 2b10a8fa065e46008f43324e5293cbe6 777e4485ef8946e8b99c93c19698e8a8 - - default default] Tap Mirror: Handle Delete Port: f25e0b03-2eaa-4793-9638-a66d7dc04db0
2026-05-09 06:26:37.485 8 INFO neutron.services.segments.plugin [-] Segment 2f9905f6-9534-4abd-9f27-db6988946ac3 resource provider aggregate not found
2026-05-09 06:26:37.493 7 INFO neutron.services.segments.plugin [-] Segment 95a0ffdd-efc3-4205-a1c2-f697bb49fc83 resource provider aggregate not found
2026-05-09 06:26:37.494 8 INFO neutron.services.segments.plugin [-] Segment 2f9905f6-9534-4abd-9f27-db6988946ac3 resource provider aggregate not found
2026-05-09 06:26:37.499 7 INFO neutron.services.segments.plugin [-] Segment 95a0ffdd-efc3-4205-a1c2-f697bb49fc83 resource provider aggregate not found
2026-05-09 06:26:37.506 8 INFO neutron.services.segments.plugin [-] Segment 2f9905f6-9534-4abd-9f27-db6988946ac3 resource provider not found; error: Placement Client Error (4xx): {"errors": [{"status": 404, "title": "Not Found", "detail": "The resource could not be found.\n\n No resource provider with uuid 2f9905f6-9534-4abd-9f27-db6988946ac3 found for delete ", "request_id": "req-9bf72968-cde9-49cb-a6e7-d5273272d995"}]}
2026-05-09 06:26:37.518 8 INFO neutron.services.segments.plugin [-] Segment 2f9905f6-9534-4abd-9f27-db6988946ac3 resource provider not found; error: Placement Client Error (4xx): {"errors": [{"status": 404, "title": "Not Found", "detail": "The resource could not be found.\n\n No resource provider with uuid 2f9905f6-9534-4abd-9f27-db6988946ac3 found for delete ", "request_id": "req-7c164bad-5af8-403f-b1e9-8fe5d86b4471"}]}
2026-05-09 06:26:37.523 7 INFO neutron.services.segments.plugin [-] Segment 95a0ffdd-efc3-4205-a1c2-f697bb49fc83 resource provider not found; error: Placement Client Error (4xx): {"errors": [{"status": 404, "title": "Not Found", "detail": "The resource could not be found.\n\n No resource provider with uuid 95a0ffdd-efc3-4205-a1c2-f697bb49fc83 found for delete ", "request_id": "req-9d31476a-5279-4475-98ca-c9eab2a74a59"}]}
2026-05-09 06:26:37.532 7 INFO neutron.services.segments.plugin [-] Segment 95a0ffdd-efc3-4205-a1c2-f697bb49fc83 resource provider not found; error: Placement Client Error (4xx): {"errors": [{"status": 404, "title": "Not Found", "detail": "The resource could not be found.\n\n No resource provider with uuid 95a0ffdd-efc3-4205-a1c2-f697bb49fc83 found for delete ", "request_id": "req-892103cb-d97a-437a-a74a-33d5afd37847"}]} [pid: 7|app: 0|req: 934/1682] 10.0.0.251 () {32 vars in 726 bytes} [Sat May 9 06:26:37 2026] DELETE /v2.0/networks/dea62a48-2b47-45af-8cff-d587eadd0010 => generated 0 bytes in 383 msecs (HTTP/1.1 204) 3 headers in 131 bytes (1 switches on core 0) [pid: 8|app: 0|req: 749/1683] 10.0.0.251 () {32 vars in 726 bytes} [Sat May 9 06:26:37 2026] DELETE /v2.0/networks/4bfe03d8-a243-428d-8d79-250140302e77 => generated 0 bytes in 534 msecs (HTTP/1.1 204) 3 headers in 131 bytes (1 switches on core 0)
2026-05-09 06:26:37.676 8 INFO neutron_taas.services.taas.taas_plugin [None req-9fe2f8a2-9e83-4b46-8228-7432ca8e0eed 2b10a8fa065e46008f43324e5293cbe6 777e4485ef8946e8b99c93c19698e8a8 - - default default] TaaS: Handle Delete Port: 9f75f2f9-9a41-4155-a54b-b94dd1324a7e
2026-05-09 06:26:37.678 7 INFO neutron.db.ovn_revision_numbers_db [None req-69022601-63d2-4704-9826-f3fa0fb8c0a1 a55ded0a67ae456ea8348b2dd9f5dfc5 0c944360777b4152945370776fdcd469 - - default default] Successfully bumped revision number for resource 044d2be9-7414-4212-9411-605d4d21d447 (type: security_groups) to 1
2026-05-09 06:26:37.679 8 INFO neutron_taas.services.taas.tap_mirror_plugin [None req-9fe2f8a2-9e83-4b46-8228-7432ca8e0eed 2b10a8fa065e46008f43324e5293cbe6 777e4485ef8946e8b99c93c19698e8a8 - - default default] Tap Mirror: Handle Delete Port: 9f75f2f9-9a41-4155-a54b-b94dd1324a7e
2026-05-09 06:26:37.689 7 INFO neutron.db.ovn_revision_numbers_db [None req-69022601-63d2-4704-9826-f3fa0fb8c0a1 a55ded0a67ae456ea8348b2dd9f5dfc5 0c944360777b4152945370776fdcd469 - - default default] Successfully bumped revision number for resource 5e9b2d81-e99e-4ca8-bb9d-90c06969d767 (type: security_group_rules) to 0
2026-05-09 06:26:37.698 7 INFO neutron.db.ovn_revision_numbers_db [None req-69022601-63d2-4704-9826-f3fa0fb8c0a1 a55ded0a67ae456ea8348b2dd9f5dfc5 0c944360777b4152945370776fdcd469 - - default default] Successfully bumped revision number for resource 6df33835-eb6a-42a8-be9f-25cfc34f5dae (type: security_group_rules) to 0
2026-05-09 06:26:37.707 7 INFO neutron.db.ovn_revision_numbers_db [None req-69022601-63d2-4704-9826-f3fa0fb8c0a1 a55ded0a67ae456ea8348b2dd9f5dfc5 0c944360777b4152945370776fdcd469 - - default default] Successfully bumped revision number for resource b89b03c2-6910-4d21-a79d-39853337109d (type: security_group_rules) to 0
2026-05-09 06:26:37.723 8 WARNING neutron.plugins.ml2.drivers.ovn.mech_driver.ovsdb.ovn_client [None req-12485096-29b9-46ba-b168-dbf57af178b4 - - - - - -] No port found with ID a8dc5523-fb20-4e9c-95e3-38182b573906: RuntimeError: No port found with ID a8dc5523-fb20-4e9c-95e3-38182b573906
2026-05-09 06:26:37.726 7 INFO neutron.db.ovn_revision_numbers_db [None req-69022601-63d2-4704-9826-f3fa0fb8c0a1 a55ded0a67ae456ea8348b2dd9f5dfc5 0c944360777b4152945370776fdcd469 - - default default] Successfully bumped revision number for resource eadb08ca-235a-486b-9c2c-5ad5eb712578 (type: security_group_rules) to 0
2026-05-09 06:26:37.731 8 INFO neutron.plugins.ml2.drivers.ovn.mech_driver.mech_driver [None req-12485096-29b9-46ba-b168-dbf57af178b4 - - - - - -] OVN reports status down for port: 066ff358-0098-45fb-8308-7acd58273b4b
2026-05-09 06:26:37.753 8 INFO neutron.plugins.ml2.drivers.ovn.mech_driver.mech_driver [None req-12485096-29b9-46ba-b168-dbf57af178b4 - - - - - -] OVN reports status down for port: 07399ade-98e9-4b85-947a-038691a7909d
2026-05-09 06:26:37.765 8 INFO neutron.plugins.ml2.drivers.ovn.mech_driver.mech_driver [None req-12485096-29b9-46ba-b168-dbf57af178b4 - - - - - -] OVN reports status down for port: 4e5a9bc1-1e93-4e27-923e-4d8cafd2625f
2026-05-09 06:26:37.806 7 INFO neutron.db.segments_db [None req-69022601-63d2-4704-9826-f3fa0fb8c0a1 a55ded0a67ae456ea8348b2dd9f5dfc5 0c944360777b4152945370776fdcd469 - - default default] Added segment 163bb7f8-e80e-42a0-8077-9e4b1a3aaf2e of type geneve for network d6a1bcb0-0772-430e-a8f0-2fdaa2d4c5a8
2026-05-09 06:26:37.915 8 WARNING neutron.plugins.ml2.drivers.ovn.mech_driver.ovsdb.ovn_client [None req-12485096-29b9-46ba-b168-dbf57af178b4 - - - - - -] Logical_Switch_Port 4e5a9bc1-1e93-4e27-923e-4d8cafd2625f host information not removed, the port state is up
2026-05-09 06:26:37.916 8 INFO neutron.plugins.ml2.drivers.ovn.mech_driver.mech_driver [None req-12485096-29b9-46ba-b168-dbf57af178b4 - - - - - -] OVN reports status up for port: 4e5a9bc1-1e93-4e27-923e-4d8cafd2625f
2026-05-09 06:26:37.917 7 INFO neutron.db.ovn_revision_numbers_db [None req-69022601-63d2-4704-9826-f3fa0fb8c0a1 a55ded0a67ae456ea8348b2dd9f5dfc5 0c944360777b4152945370776fdcd469 - - default default] Successfully bumped revision number for resource d6a1bcb0-0772-430e-a8f0-2fdaa2d4c5a8 (type: networks) to 1
2026-05-09 06:26:37.939 8 INFO neutron.plugins.ml2.plugin [None req-12485096-29b9-46ba-b168-dbf57af178b4 - - - - - -] Attempt 1 to provision port 4e5a9bc1-1e93-4e27-923e-4d8cafd2625f [pid: 8|app: 0|req: 750/1684] 10.0.0.251 () {32 vars in 726 bytes} [Sat May 9 06:26:37 2026] DELETE /v2.0/networks/f5867c1f-1b78-4c64-8c57-2bfa1b53f0b0 => generated 0 bytes in 511 msecs (HTTP/1.1 204) 3 headers in 131 bytes (1 switches on core 0)
2026-05-09 06:26:38.075 7 WARNING neutron.scheduler.dhcp_agent_scheduler [None req-69022601-63d2-4704-9826-f3fa0fb8c0a1 a55ded0a67ae456ea8348b2dd9f5dfc5 0c944360777b4152945370776fdcd469 - - default default] No more DHCP agents
2026-05-09 06:26:38.076 7 WARNING neutron.api.rpc.agentnotifiers.dhcp_rpc_agent_api [None req-69022601-63d2-4704-9826-f3fa0fb8c0a1 a55ded0a67ae456ea8348b2dd9f5dfc5 0c944360777b4152945370776fdcd469 - - default default] Unable to schedule network d6a1bcb0-0772-430e-a8f0-2fdaa2d4c5a8: no agents available; will retry on subsequent port and subnet creation events.
2026-05-09 06:26:38.124 7 INFO neutron.plugins.ml2.drivers.ovn.mech_driver.mech_driver [None req-6e24c6e4-a7be-4a02-8364-959eaab48513 - - - - - -] OVN reports status down for port: b162b77a-5c74-4500-b6bd-426f07ffda33
2026-05-09 06:26:38.190 7 INFO neutron.db.ovn_revision_numbers_db [None req-69022601-63d2-4704-9826-f3fa0fb8c0a1 a55ded0a67ae456ea8348b2dd9f5dfc5 0c944360777b4152945370776fdcd469 - - default default] Successfully bumped revision number for resource b162b77a-5c74-4500-b6bd-426f07ffda33 (type: ports) to 1
2026-05-09 06:26:38.225 8 INFO neutron.db.segments_db [None req-10ac5220-9440-44d6-b16d-60c263c716d1 61938ce6113a4faf84098ed49bd9986e 8290023a2a9444f6ac46c134f3c8bca2 - - default default] Added segment 9b06d990-b94b-4155-93e5-407ea77e2a48 of type geneve for network ff876445-7b4f-4a3f-bcd6-8e5b211d030b [pid: 7|app: 0|req: 935/1685] 10.0.0.251 () {34 vars in 671 bytes} [Sat May 9 06:26:37 2026] POST /v2.0/networks => generated 744 bytes in 687 msecs (HTTP/1.1 201) 4 headers in 162 bytes (1 switches on core 0)
2026-05-09 06:26:38.333 7 INFO neutron.db.segments_db [None req-c610cd21-349a-4b66-b2c6-24a4bedd0907 2b10a8fa065e46008f43324e5293cbe6 777e4485ef8946e8b99c93c19698e8a8 - - default default] Added segment cd69a6f5-fc99-45e4-8929-b7a23ce8cbe8 of type geneve for network 5916ff61-0c24-4f18-b2cc-ca35621b29a1
2026-05-09 06:26:38.443 7 INFO neutron.db.ovn_revision_numbers_db [None req-c610cd21-349a-4b66-b2c6-24a4bedd0907 2b10a8fa065e46008f43324e5293cbe6 777e4485ef8946e8b99c93c19698e8a8 - - default default] Successfully bumped revision number for resource 5916ff61-0c24-4f18-b2cc-ca35621b29a1 (type: networks) to 1
2026-05-09 06:26:38.446 8 INFO neutron.db.ovn_revision_numbers_db [None req-10ac5220-9440-44d6-b16d-60c263c716d1 61938ce6113a4faf84098ed49bd9986e 8290023a2a9444f6ac46c134f3c8bca2 - - default default] Successfully bumped revision number for resource ff876445-7b4f-4a3f-bcd6-8e5b211d030b (type: networks) to 1
2026-05-09 06:26:38.619 7 WARNING neutron.scheduler.dhcp_agent_scheduler [None req-c610cd21-349a-4b66-b2c6-24a4bedd0907 2b10a8fa065e46008f43324e5293cbe6 777e4485ef8946e8b99c93c19698e8a8 - - default default] No more DHCP agents
2026-05-09 06:26:38.620 7 WARNING neutron.api.rpc.agentnotifiers.dhcp_rpc_agent_api [None req-c610cd21-349a-4b66-b2c6-24a4bedd0907 2b10a8fa065e46008f43324e5293cbe6 777e4485ef8946e8b99c93c19698e8a8 - - default default] Unable to schedule network 5916ff61-0c24-4f18-b2cc-ca35621b29a1: no agents available; will retry on subsequent port and subnet creation events.
2026-05-09 06:26:38.701 7 INFO neutron.db.ovn_revision_numbers_db [None req-c610cd21-349a-4b66-b2c6-24a4bedd0907 2b10a8fa065e46008f43324e5293cbe6 777e4485ef8946e8b99c93c19698e8a8 - - default default] Successfully bumped revision number for resource c855d057-3045-4e58-ac52-a2a196a62203 (type: ports) to 1 [pid: 7|app: 0|req: 936/1686] 10.0.0.251 () {34 vars in 670 bytes} [Sat May 9 06:26:38 2026] POST /v2.0/networks => generated 634 bytes in 491 msecs (HTTP/1.1 201) 4 headers in 162 bytes (1 switches on core 0)
2026-05-09 06:26:38.737 8 INFO neutron.db.ovn_revision_numbers_db [None req-12485096-29b9-46ba-b168-dbf57af178b4 - - - - - -] Successfully bumped revision number for resource 4e5a9bc1-1e93-4e27-923e-4d8cafd2625f (type: ports) to 2
2026-05-09 06:26:38.811 8 WARNING neutron.scheduler.dhcp_agent_scheduler [None req-10ac5220-9440-44d6-b16d-60c263c716d1 61938ce6113a4faf84098ed49bd9986e 8290023a2a9444f6ac46c134f3c8bca2 - - default default] No more DHCP agents
2026-05-09 06:26:38.817 8 WARNING neutron.api.rpc.agentnotifiers.dhcp_rpc_agent_api [None req-10ac5220-9440-44d6-b16d-60c263c716d1 61938ce6113a4faf84098ed49bd9986e 8290023a2a9444f6ac46c134f3c8bca2 - - default default] Unable to schedule network ff876445-7b4f-4a3f-bcd6-8e5b211d030b: no agents available; will retry on subsequent port and subnet creation events.
2026-05-09 06:26:38.853 7 WARNING neutron.scheduler.dhcp_agent_scheduler [None req-ea4e63c9-4f10-4387-a1e0-032d0f614e7a a55ded0a67ae456ea8348b2dd9f5dfc5 0c944360777b4152945370776fdcd469 - - default default] No more DHCP agents
2026-05-09 06:26:38.854 7 WARNING neutron.api.rpc.agentnotifiers.dhcp_rpc_agent_api [None req-ea4e63c9-4f10-4387-a1e0-032d0f614e7a a55ded0a67ae456ea8348b2dd9f5dfc5 0c944360777b4152945370776fdcd469 - - default default] Unable to schedule network d6a1bcb0-0772-430e-a8f0-2fdaa2d4c5a8: no agents available; will retry on subsequent port and subnet creation events.
2026-05-09 06:26:38.943 8 INFO neutron.db.ovn_revision_numbers_db [None req-10ac5220-9440-44d6-b16d-60c263c716d1 61938ce6113a4faf84098ed49bd9986e 8290023a2a9444f6ac46c134f3c8bca2 - - default default] Successfully bumped revision number for resource f18637b0-eaf7-401b-b8f7-bbcad88f8339 (type: ports) to 1 [pid: 8|app: 0|req: 751/1687] 10.0.0.251 () {34 vars in 670 bytes} [Sat May 9 06:26:38 2026] POST /v2.0/networks => generated 730 bytes in 906 msecs (HTTP/1.1 201) 4 headers in 162 bytes (1 switches on core 0)
2026-05-09 06:26:39.139 8 WARNING neutron.scheduler.dhcp_agent_scheduler [None req-8f5bf575-92ee-474b-a8a2-715de67188c3 2b10a8fa065e46008f43324e5293cbe6 777e4485ef8946e8b99c93c19698e8a8 - - default default] No more DHCP agents
2026-05-09 06:26:39.140 8 WARNING neutron.api.rpc.agentnotifiers.dhcp_rpc_agent_api [None req-8f5bf575-92ee-474b-a8a2-715de67188c3 2b10a8fa065e46008f43324e5293cbe6 777e4485ef8946e8b99c93c19698e8a8 - - default default] Unable to schedule network 5916ff61-0c24-4f18-b2cc-ca35621b29a1: no agents available; will retry on subsequent port and subnet creation events.
2026-05-09 06:26:39.190 8 INFO neutron.db.ovn_revision_numbers_db [None req-8f5bf575-92ee-474b-a8a2-715de67188c3 2b10a8fa065e46008f43324e5293cbe6 777e4485ef8946e8b99c93c19698e8a8 - - default default] Successfully bumped revision number for resource 166927bc-fda6-46f6-926e-a0a2c6326409 (type: subnets) to 0 [pid: 8|app: 0|req: 752/1688] 10.0.0.251 () {34 vars in 669 bytes} [Sat May 9 06:26:38 2026] POST /v2.0/subnets => generated 646 bytes in 245 msecs (HTTP/1.1 201) 4 headers in 162 bytes (1 switches on core 0)
2026-05-09 06:26:39.316 7 INFO neutron.db.ovn_revision_numbers_db [None req-4199fac8-9369-4269-ae30-662c89d62bc2 - - - - - -] Successfully bumped revision number for resource b162b77a-5c74-4500-b6bd-426f07ffda33 (type: ports) to 2
2026-05-09 06:26:39.335 8 WARNING neutron.scheduler.dhcp_agent_scheduler [None req-6f54a76d-074e-455d-afe2-e19f1c4e804d 61938ce6113a4faf84098ed49bd9986e 8290023a2a9444f6ac46c134f3c8bca2 - - default default] No more DHCP agents
2026-05-09 06:26:39.336 8 WARNING neutron.api.rpc.agentnotifiers.dhcp_rpc_agent_api [None req-6f54a76d-074e-455d-afe2-e19f1c4e804d 61938ce6113a4faf84098ed49bd9986e 8290023a2a9444f6ac46c134f3c8bca2 - - default default] Unable to schedule network ff876445-7b4f-4a3f-bcd6-8e5b211d030b: no agents available; will retry on subsequent port and subnet creation events.
2026-05-09 06:26:39.350 7 INFO neutron.db.ovn_revision_numbers_db [None req-4199fac8-9369-4269-ae30-662c89d62bc2 - - - - - -] Successfully bumped revision number for resource e33510c3-3329-4218-93af-54555db5ac17 (type: subnets) to 0 [pid: 7|app: 0|req: 937/1689] 10.0.0.251 () {34 vars in 669 bytes} [Sat May 9 06:26:38 2026] POST /v2.0/subnets => generated 688 bytes in 646 msecs (HTTP/1.1 201) 4 headers in 162 bytes (1 switches on core 0)
2026-05-09 06:26:39.480 7 INFO neutron.db.ovn_revision_numbers_db [None req-706652f1-a04e-4443-9356-9b96d36437a5 2b10a8fa065e46008f43324e5293cbe6 777e4485ef8946e8b99c93c19698e8a8 - - default default] Successfully bumped revision number for resource 9c026511-03c5-48a5-9d90-20e43f94d8e0 (type: routers) to 1 [pid: 7|app: 0|req: 938/1690] 10.0.0.251 () {34 vars in 669 bytes} [Sat May 9 06:26:39 2026] POST /v2.0/routers => generated 606 bytes in 133 msecs (HTTP/1.1 201) 4 headers in 162 bytes (1 switches on core 0)
2026-05-09 06:26:39.532 8 INFO neutron.services.segments.plugin [-] Segment 6e852b84-b851-4420-b0c6-184f7d7e117e resource provider aggregate not found
2026-05-09 06:26:39.539 8 INFO neutron.services.segments.plugin [-] Segment 6e852b84-b851-4420-b0c6-184f7d7e117e resource provider aggregate not found
2026-05-09 06:26:39.551 8 INFO neutron.services.segments.plugin [-] Segment 6e852b84-b851-4420-b0c6-184f7d7e117e resource provider not found; error: Placement Client Error (4xx): {"errors": [{"status": 404, "title": "Not Found", "detail": "The resource could not be found.\n\n No resource provider with uuid 6e852b84-b851-4420-b0c6-184f7d7e117e found for delete ", "request_id": "req-a4dee2ef-1b3b-4819-af73-601c7fb440f5"}]}
2026-05-09 06:26:39.555 8 INFO neutron.services.segments.plugin [-] Segment 6e852b84-b851-4420-b0c6-184f7d7e117e resource provider not found; error: Placement Client Error (4xx): {"errors": [{"status": 404, "title": "Not Found", "detail": "The resource could not be found.\n\n No resource provider with uuid 6e852b84-b851-4420-b0c6-184f7d7e117e found for delete ", "request_id": "req-4ccb9350-7137-418d-8be8-7e198afc9e97"}]}
2026-05-09 06:26:39.770 8 INFO neutron.db.ovn_revision_numbers_db [None req-ed28cfdf-5025-4bb4-9e6e-7458d5d1a6aa - - - - - -] Successfully bumped revision number for resource f18637b0-eaf7-401b-b8f7-bbcad88f8339 (type: ports) to 2
2026-05-09 06:26:39.792 7 INFO neutron.db.ovn_revision_numbers_db [None req-dc11fa98-dd7f-412c-87c9-0135bb2984a2 a55ded0a67ae456ea8348b2dd9f5dfc5 0c944360777b4152945370776fdcd469 - - default default] Successfully bumped revision number for resource c611cdbe-0416-433f-872c-f8206f977925 (type: security_groups) to 1
2026-05-09 06:26:39.802 7 INFO neutron.db.ovn_revision_numbers_db [None req-dc11fa98-dd7f-412c-87c9-0135bb2984a2 a55ded0a67ae456ea8348b2dd9f5dfc5 0c944360777b4152945370776fdcd469 - - default default] Successfully bumped revision number for resource 0daf655f-215c-47e9-b9d8-1783c5c4bb2b (type: security_group_rules) to 0
2026-05-09 06:26:39.805 8 INFO neutron.db.ovn_revision_numbers_db [None req-ed28cfdf-5025-4bb4-9e6e-7458d5d1a6aa - - - - - -] Successfully bumped revision number for resource b2ced1c8-cccf-474c-9a3e-c05f03dab5aa (type: subnets) to 0
2026-05-09 06:26:39.814 7 INFO neutron.db.ovn_revision_numbers_db [None req-dc11fa98-dd7f-412c-87c9-0135bb2984a2 a55ded0a67ae456ea8348b2dd9f5dfc5 0c944360777b4152945370776fdcd469 - - default default] Successfully bumped revision number for resource 7983372d-9715-4e77-a7ba-efb8047af262 (type: security_group_rules) to 0 [pid: 8|app: 0|req: 753/1691] 10.0.0.251 () {34 vars in 669 bytes} [Sat May 9 06:26:39 2026] POST /v2.0/subnets => generated 647 bytes in 609 msecs (HTTP/1.1 201) 4 headers in 162 bytes (1 switches on core 0)
2026-05-09 06:26:39.828 7 INFO neutron.db.ovn_revision_numbers_db [None req-dc11fa98-dd7f-412c-87c9-0135bb2984a2 a55ded0a67ae456ea8348b2dd9f5dfc5 0c944360777b4152945370776fdcd469 - - default default] Successfully bumped revision number for resource c75ef909-56f9-4822-97a4-20403c856061 (type: security_group_rules) to 0
2026-05-09 06:26:39.843 7 INFO neutron.db.ovn_revision_numbers_db [None req-dc11fa98-dd7f-412c-87c9-0135bb2984a2 a55ded0a67ae456ea8348b2dd9f5dfc5 0c944360777b4152945370776fdcd469 - - default default] Successfully bumped revision number for resource d2df6ac7-82e1-4f9d-bca8-98130476f885 (type: security_group_rules) to 0 [pid: 7|app: 0|req: 939/1692] 10.0.0.251 () {32 vars in 774 bytes} [Sat May 9 06:26:39 2026] GET /v2.0/security-groups?tenant_id=124dcc6cea74401c8b0823d61073b37a&name=default => generated 2925 bytes in 378 msecs (HTTP/1.1 200) 4 headers in 158 bytes (1 switches on core 0)
2026-05-09 06:26:40.178 7 WARNING neutron.scheduler.dhcp_agent_scheduler [None req-6b7b49e8-fdda-40d8-a170-3494a3f0cfff 2b10a8fa065e46008f43324e5293cbe6 777e4485ef8946e8b99c93c19698e8a8 - - default default] No more DHCP agents
2026-05-09 06:26:40.180 7 WARNING neutron.api.rpc.agentnotifiers.dhcp_rpc_agent_api [None req-6b7b49e8-fdda-40d8-a170-3494a3f0cfff 2b10a8fa065e46008f43324e5293cbe6 777e4485ef8946e8b99c93c19698e8a8 - - default default] Unable to schedule network 5916ff61-0c24-4f18-b2cc-ca35621b29a1: no agents available; will retry on subsequent port and subnet creation events.
2026-05-09 06:26:40.234 8 WARNING neutron.scheduler.dhcp_agent_scheduler [None req-65154eb0-6421-4f90-b263-228e8b1beb8f a55ded0a67ae456ea8348b2dd9f5dfc5 0c944360777b4152945370776fdcd469 - - default default] No more DHCP agents
2026-05-09 06:26:40.236 8 WARNING neutron.api.rpc.agentnotifiers.dhcp_rpc_agent_api [None req-65154eb0-6421-4f90-b263-228e8b1beb8f a55ded0a67ae456ea8348b2dd9f5dfc5 0c944360777b4152945370776fdcd469 - - default default] Unable to schedule network 77ed57ed-b5b8-4ab5-a0ca-fee31f892b3c: no agents available; will retry on subsequent port and subnet creation events.
2026-05-09 06:26:40.256 7 INFO neutron.plugins.ml2.drivers.ovn.mech_driver.mech_driver [None req-6e24c6e4-a7be-4a02-8364-959eaab48513 - - - - - -] OVN reports status down for port: dae2c2e3-c3f3-427e-88e4-0d655aa987f7
2026-05-09 06:26:40.319 7 INFO neutron.db.ovn_revision_numbers_db [None req-6b7b49e8-fdda-40d8-a170-3494a3f0cfff 2b10a8fa065e46008f43324e5293cbe6 777e4485ef8946e8b99c93c19698e8a8 - - default default] Successfully bumped revision number for resource dae2c2e3-c3f3-427e-88e4-0d655aa987f7 (type: ports) to 1
2026-05-09 06:26:40.401 7 INFO neutron.plugins.ml2.drivers.ovn.mech_driver.mech_driver [None req-6e24c6e4-a7be-4a02-8364-959eaab48513 - - - - - -] OVN reports status down for port: 7166e6ea-ead0-431e-9a65-251eae309285
2026-05-09 06:26:40.402 8 INFO neutron.db.ovn_revision_numbers_db [None req-65154eb0-6421-4f90-b263-228e8b1beb8f a55ded0a67ae456ea8348b2dd9f5dfc5 0c944360777b4152945370776fdcd469 - - default default] Successfully bumped revision number for resource 7166e6ea-ead0-431e-9a65-251eae309285 (type: ports) to 1 [pid: 7|app: 0|req: 940/1693] 10.0.0.251 () {34 vars in 665 bytes} [Sat May 9 06:26:39 2026] POST /v2.0/ports => generated 958 bytes in 565 msecs (HTTP/1.1 201) 4 headers in 162 bytes (1 switches on core 0) /var/lib/openstack/lib/python3.12/site-packages/pycadf/identifier.py:70: UserWarning: Invalid uuid: neutron. To ensure interoperability, identifiers should be a valid uuid. warnings.warn(('Invalid uuid: %s. To ensure interoperability, ' [pid: 7|app: 0|req: 941/1694] 10.0.0.251 () {34 vars in 681 bytes} [Sat May 9 06:26:40 2026] POST /v2.0/rbac-policies => generated 324 bytes in 263 msecs (HTTP/1.1 201) 4 headers in 162 bytes (1 switches on core 0) [pid: 7|app: 0|req: 942/1695] 10.0.0.251 () {32 vars in 740 bytes} [Sat May 9 06:26:40 2026] DELETE /v2.0/security-groups/c611cdbe-0416-433f-872c-f8206f977925 => generated 0 bytes in 244 msecs (HTTP/1.1 204) 2 headers in 112 bytes (1 switches on core 0)
2026-05-09 06:26:41.000 8 INFO neutron.plugins.ml2.drivers.ovn.mech_driver.ovsdb.commands [None req-59771ae6-76d3-4faf-8e0e-14926938766a - - - - - -] Schedule LRP lrp-7166e6ea-ead0-431e-9a65-251eae309285 on gateway 6896333d-a4db-4f37-8b3a-20db7d741a4b with priority 1
2026-05-09 06:26:41.062 8 INFO neutron.plugins.ml2.drivers.ovn.mech_driver.ovsdb.ovsdb_monitor [None req-66337c84-f4e8-412f-aa83-95d2f871ffa5 - - - - - -] Router 598e85b3-9bbb-4e3a-af8c-09effedf129c is bound to host instance
2026-05-09 06:26:41.091 7 INFO neutron.plugins.ml2.drivers.ovn.mech_driver.mech_driver [None req-6e24c6e4-a7be-4a02-8364-959eaab48513 - - - - - -] OVN reports status up for port: 7166e6ea-ead0-431e-9a65-251eae309285
2026-05-09 06:26:41.103 8 INFO neutron.db.ovn_revision_numbers_db [None req-65154eb0-6421-4f90-b263-228e8b1beb8f a55ded0a67ae456ea8348b2dd9f5dfc5 0c944360777b4152945370776fdcd469 - - default default] Successfully bumped revision number for resource 7166e6ea-ead0-431e-9a65-251eae309285 (type: router_ports) to 1
2026-05-09 06:26:41.127 7 INFO neutron.plugins.ml2.plugin [None req-6e24c6e4-a7be-4a02-8364-959eaab48513 - - - - - -] Attempt 1 to provision port 7166e6ea-ead0-431e-9a65-251eae309285
2026-05-09 06:26:41.234 8 INFO neutron.db.ovn_revision_numbers_db [None req-65154eb0-6421-4f90-b263-228e8b1beb8f a55ded0a67ae456ea8348b2dd9f5dfc5 0c944360777b4152945370776fdcd469 - - default default] Successfully bumped revision number for resource 598e85b3-9bbb-4e3a-af8c-09effedf129c (type: routers) to 2 [pid: 8|app: 0|req: 754/1696] 10.0.0.251 () {34 vars in 669 bytes} [Sat May 9 06:26:39 2026] POST /v2.0/routers => generated 966 bytes in 1443 msecs (HTTP/1.1 201) 4 headers in 162 bytes (1 switches on core 0) [pid: 8|app: 0|req: 755/1697] 10.0.0.251 () {32 vars in 723 bytes} [Sat May 9 06:26:41 2026] GET /v2.0/networks/ff876445-7b4f-4a3f-bcd6-8e5b211d030b => generated 655 bytes in 217 msecs (HTTP/1.1 200) 4 headers in 157 bytes (1 switches on core 0)
2026-05-09 06:26:41.598 7 INFO neutron.db.ovn_revision_numbers_db [None req-0f538184-2f83-4b27-84fe-7838711414c3 2b10a8fa065e46008f43324e5293cbe6 777e4485ef8946e8b99c93c19698e8a8 - - default default] Successfully bumped revision number for resource dae2c2e3-c3f3-427e-88e4-0d655aa987f7 (type: ports) to 2
2026-05-09 06:26:42.224 7 WARNING neutron.scheduler.dhcp_agent_scheduler [None req-0f538184-2f83-4b27-84fe-7838711414c3 2b10a8fa065e46008f43324e5293cbe6 777e4485ef8946e8b99c93c19698e8a8 - - default default] No more DHCP agents
2026-05-09 06:26:42.226 7 WARNING neutron.api.rpc.agentnotifiers.dhcp_rpc_agent_api [None req-0f538184-2f83-4b27-84fe-7838711414c3 2b10a8fa065e46008f43324e5293cbe6 777e4485ef8946e8b99c93c19698e8a8 - - default default] Unable to schedule network 5916ff61-0c24-4f18-b2cc-ca35621b29a1: no agents available; will retry on subsequent port and subnet creation events.
2026-05-09 06:26:42.375 8 WARNING neutron.scheduler.dhcp_agent_scheduler [None req-f88afb57-9e15-447d-b862-02edab0bf7ed a55ded0a67ae456ea8348b2dd9f5dfc5 0c944360777b4152945370776fdcd469 - - default default] No more DHCP agents
2026-05-09 06:26:42.377 8 WARNING neutron.api.rpc.agentnotifiers.dhcp_rpc_agent_api [None req-f88afb57-9e15-447d-b862-02edab0bf7ed a55ded0a67ae456ea8348b2dd9f5dfc5 0c944360777b4152945370776fdcd469 - - default default] Unable to schedule network d6a1bcb0-0772-430e-a8f0-2fdaa2d4c5a8: no agents available; will retry on subsequent port and subnet creation events.
2026-05-09 06:26:42.521 7 INFO neutron.db.ovn_revision_numbers_db [None req-0f538184-2f83-4b27-84fe-7838711414c3 2b10a8fa065e46008f43324e5293cbe6 777e4485ef8946e8b99c93c19698e8a8 - - default default] Successfully bumped revision number for resource dae2c2e3-c3f3-427e-88e4-0d655aa987f7 (type: router_ports) to 2 [pid: 7|app: 0|req: 943/1698] 10.0.0.251 () {34 vars in 783 bytes} [Sat May 9 06:26:40 2026] PUT /v2.0/routers/9c026511-03c5-48a5-9d90-20e43f94d8e0/add_router_interface => generated 309 bytes in 1581 msecs (HTTP/1.1 200) 4 headers in 157 bytes (1 switches on core 0)
2026-05-09 06:26:42.653 8 INFO neutron.db.ovn_revision_numbers_db [None req-7dddd0ae-b3b0-4fba-b4fe-beab738e3dbf - - - - - -] Successfully bumped revision number for resource 7166e6ea-ead0-431e-9a65-251eae309285 (type: ports) to 4
2026-05-09 06:26:42.701 8 INFO neutron.db.ovn_revision_numbers_db [None req-f88afb57-9e15-447d-b862-02edab0bf7ed a55ded0a67ae456ea8348b2dd9f5dfc5 0c944360777b4152945370776fdcd469 - - default default] Successfully bumped revision number for resource d4166340-3b3b-4340-bdd8-6fdf7f631a1e (type: ports) to 1 /var/lib/openstack/lib/python3.12/site-packages/pycadf/identifier.py:70: UserWarning: Invalid uuid: neutron. To ensure interoperability, identifiers should be a valid uuid. warnings.warn(('Invalid uuid: %s. To ensure interoperability, '
2026-05-09 06:26:42.718 7 INFO neutron.pecan_wsgi.hooks.translation [None req-04e1c3fd-08a9-481b-826c-1544e7849d40 bab3a7fcaf734204a5ac94d482952d1e 063d9151fa0e49758fe87ab038d9b100 - - default default] GET failed (client error): The resource could not be found. [pid: 7|app: 0|req: 944/1699] 10.0.0.251 () {32 vars in 723 bytes} [Sat May 9 06:26:42 2026] GET /v2.0/networks/ff876445-7b4f-4a3f-bcd6-8e5b211d030b => generated 138 bytes in 181 msecs (HTTP/1.1 404) 4 headers in 164 bytes (1 switches on core 0) [pid: 7|app: 0|req: 945/1700] 10.0.0.251 () {32 vars in 717 bytes} [Sat May 9 06:26:42 2026] GET /v2.0/ports/dae2c2e3-c3f3-427e-88e4-0d655aa987f7 => generated 1018 bytes in 37 msecs (HTTP/1.1 200) 4 headers in 158 bytes (1 switches on core 0)
2026-05-09 06:26:42.887 7 INFO neutron_taas.services.taas.taas_plugin [None req-84c942af-4368-454b-a334-26e53a6e8300 61938ce6113a4faf84098ed49bd9986e 8290023a2a9444f6ac46c134f3c8bca2 - - default default] TaaS: Handle Delete Port: f18637b0-eaf7-401b-b8f7-bbcad88f8339
2026-05-09 06:26:42.890 7 INFO neutron_taas.services.taas.tap_mirror_plugin [None req-84c942af-4368-454b-a334-26e53a6e8300 61938ce6113a4faf84098ed49bd9986e 8290023a2a9444f6ac46c134f3c8bca2 - - default default] Tap Mirror: Handle Delete Port: f18637b0-eaf7-401b-b8f7-bbcad88f8339
2026-05-09 06:26:43.167 7 INFO neutron.services.segments.plugin [-] Segment 9b06d990-b94b-4155-93e5-407ea77e2a48 resource provider aggregate not found
2026-05-09 06:26:43.168 7 INFO neutron.services.segments.plugin [-] Segment 9b06d990-b94b-4155-93e5-407ea77e2a48 resource provider aggregate not found
2026-05-09 06:26:43.190 7 INFO neutron.services.segments.plugin [-] Segment 9b06d990-b94b-4155-93e5-407ea77e2a48 resource provider not found; error: Placement Client Error (4xx): {"errors": [{"status": 404, "title": "Not Found", "detail": "The resource could not be found.\n\n No resource provider with uuid 9b06d990-b94b-4155-93e5-407ea77e2a48 found for delete ", "request_id": "req-1747719b-ad27-4308-8063-f60fb2a8fab7"}]}
2026-05-09 06:26:43.191 7 INFO neutron.services.segments.plugin [-] Segment 9b06d990-b94b-4155-93e5-407ea77e2a48 resource provider not found; error: Placement Client Error (4xx): {"errors": [{"status": 404, "title": "Not Found", "detail": "The resource could not be found.\n\n No resource provider with uuid 9b06d990-b94b-4155-93e5-407ea77e2a48 found for delete ", "request_id": "req-28add5ab-2449-4071-ae2b-1595c067b2cc"}]} [pid: 7|app: 0|req: 946/1701] 10.0.0.251 () {32 vars in 726 bytes} [Sat May 9 06:26:42 2026] DELETE /v2.0/networks/ff876445-7b4f-4a3f-bcd6-8e5b211d030b => generated 0 bytes in 449 msecs (HTTP/1.1 204) 3 headers in 131 bytes (1 switches on core 0)
2026-05-09 06:26:43.363 8 INFO neutron.db.ovn_revision_numbers_db [None req-7dddd0ae-b3b0-4fba-b4fe-beab738e3dbf - - - - - -] Successfully bumped revision number for resource 7166e6ea-ead0-431e-9a65-251eae309285 (type: ports) to 5
2026-05-09 06:26:43.516 7 INFO neutron_taas.services.taas.taas_plugin [None req-0bddf83a-a008-4f5f-9cca-50e1e46e5750 2b10a8fa065e46008f43324e5293cbe6 777e4485ef8946e8b99c93c19698e8a8 - - default default] TaaS: Handle Delete Port: dae2c2e3-c3f3-427e-88e4-0d655aa987f7
2026-05-09 06:26:43.520 7 INFO neutron_taas.services.taas.tap_mirror_plugin [None req-0bddf83a-a008-4f5f-9cca-50e1e46e5750 2b10a8fa065e46008f43324e5293cbe6 777e4485ef8946e8b99c93c19698e8a8 - - default default] Tap Mirror: Handle Delete Port: dae2c2e3-c3f3-427e-88e4-0d655aa987f7
2026-05-09 06:26:43.717 8 WARNING neutron.scheduler.dhcp_agent_scheduler [None req-f88afb57-9e15-447d-b862-02edab0bf7ed a55ded0a67ae456ea8348b2dd9f5dfc5 0c944360777b4152945370776fdcd469 - - default default] No more DHCP agents
2026-05-09 06:26:43.718 8 WARNING neutron.api.rpc.agentnotifiers.dhcp_rpc_agent_api [None req-f88afb57-9e15-447d-b862-02edab0bf7ed a55ded0a67ae456ea8348b2dd9f5dfc5 0c944360777b4152945370776fdcd469 - - default default] Unable to schedule network d6a1bcb0-0772-430e-a8f0-2fdaa2d4c5a8: no agents available; will retry on subsequent port and subnet creation events. [pid: 7|app: 0|req: 947/1702] 10.0.0.251 () {34 vars in 789 bytes} [Sat May 9 06:26:43 2026] PUT /v2.0/routers/9c026511-03c5-48a5-9d90-20e43f94d8e0/remove_router_interface => generated 309 bytes in 626 msecs (HTTP/1.1 200) 4 headers in 157 bytes (1 switches on core 0) /var/lib/openstack/lib/python3.12/site-packages/pycadf/identifier.py:70: UserWarning: Invalid uuid: neutron. To ensure interoperability, identifiers should be a valid uuid. warnings.warn(('Invalid uuid: %s. To ensure interoperability, '
2026-05-09 06:26:43.850 7 INFO neutron.pecan_wsgi.hooks.translation [None req-993936fc-8d74-4050-8fff-9e3987be0a5c 61938ce6113a4faf84098ed49bd9986e 8290023a2a9444f6ac46c134f3c8bca2 - - default default] DELETE failed (client error): The resource could not be found. [pid: 7|app: 0|req: 948/1703] 10.0.0.251 () {32 vars in 724 bytes} [Sat May 9 06:26:43 2026] DELETE /v2.0/subnets/36e00dff-30ba-420d-9f79-658922ecd156 => generated 136 bytes in 19 msecs (HTTP/1.1 404) 4 headers in 164 bytes (1 switches on core 0)
2026-05-09 06:26:43.906 7 INFO neutron.api.v2.resource [None req-774669fe-8fa4-4cd3-8151-37c3d5dba472 2b10a8fa065e46008f43324e5293cbe6 777e4485ef8946e8b99c93c19698e8a8 - - default default] remove_router_interface failed (client error): The resource could not be found. [pid: 7|app: 0|req: 949/1704] 10.0.0.251 () {34 vars in 789 bytes} [Sat May 9 06:26:43 2026] PUT /v2.0/routers/9c026511-03c5-48a5-9d90-20e43f94d8e0/remove_router_interface => generated 197 bytes in 53 msecs (HTTP/1.1 404) 4 headers in 164 bytes (1 switches on core 0)
2026-05-09 06:26:43.916 7 INFO neutron.pecan_wsgi.hooks.translation [None req-d1f9ea4f-b047-47d3-bf37-572710a5b645 61938ce6113a4faf84098ed49bd9986e 8290023a2a9444f6ac46c134f3c8bca2 - - default default] DELETE failed (client error): The resource could not be found. [pid: 7|app: 0|req: 950/1705] 10.0.0.251 () {32 vars in 724 bytes} [Sat May 9 06:26:43 2026] DELETE /v2.0/subnets/ebcbe9c8-5b52-4642-92c3-84dc614ea3a1 => generated 136 bytes in 10 msecs (HTTP/1.1 404) 4 headers in 164 bytes (1 switches on core 0) [pid: 7|app: 0|req: 951/1706] 10.0.0.251 () {32 vars in 736 bytes} [Sat May 9 06:26:43 2026] GET /v2.0/ports?device_id=9c026511-03c5-48a5-9d90-20e43f94d8e0 => generated 12 bytes in 16 msecs (HTTP/1.1 200) 4 headers in 156 bytes (1 switches on core 0)
2026-05-09 06:26:43.943 7 INFO neutron.pecan_wsgi.hooks.translation [None req-66647468-525d-43c9-b359-e1f6e8ac3064 61938ce6113a4faf84098ed49bd9986e 8290023a2a9444f6ac46c134f3c8bca2 - - default default] DELETE failed (client error): The resource could not be found. [pid: 7|app: 0|req: 952/1707] 10.0.0.251 () {32 vars in 724 bytes} [Sat May 9 06:26:43 2026] DELETE /v2.0/subnets/b2ced1c8-cccf-474c-9a3e-c05f03dab5aa => generated 136 bytes in 10 msecs (HTTP/1.1 404) 4 headers in 164 bytes (1 switches on core 0) [pid: 7|app: 0|req: 953/1708] 10.0.0.251 () {32 vars in 724 bytes} [Sat May 9 06:26:43 2026] DELETE /v2.0/routers/9c026511-03c5-48a5-9d90-20e43f94d8e0 => generated 0 bytes in 224 msecs (HTTP/1.1 204) 2 headers in 112 bytes (1 switches on core 0)
2026-05-09 06:26:44.193 7 INFO neutron.plugins.ml2.drivers.ovn.mech_driver.mech_driver [None req-6e24c6e4-a7be-4a02-8364-959eaab48513 - - - - - -] OVN reports status up for port: dae2c2e3-c3f3-427e-88e4-0d655aa987f7
2026-05-09 06:26:44.243 7 INFO neutron.plugins.ml2.drivers.ovn.mech_driver.mech_driver [None req-6e24c6e4-a7be-4a02-8364-959eaab48513 - - - - - -] OVN reports status down for port: d4166340-3b3b-4340-bdd8-6fdf7f631a1e
2026-05-09 06:26:44.350 7 WARNING neutron.plugins.ml2.drivers.ovn.mech_driver.ovsdb.ovn_client [None req-6e24c6e4-a7be-4a02-8364-959eaab48513 - - - - - -] Logical_Switch_Port d4166340-3b3b-4340-bdd8-6fdf7f631a1e host information not removed, the port state is up
2026-05-09 06:26:44.351 7 INFO neutron.plugins.ml2.drivers.ovn.mech_driver.mech_driver [None req-6e24c6e4-a7be-4a02-8364-959eaab48513 - - - - - -] OVN reports status up for port: d4166340-3b3b-4340-bdd8-6fdf7f631a1e
2026-05-09 06:26:44.368 7 INFO neutron.plugins.ml2.plugin [None req-6e24c6e4-a7be-4a02-8364-959eaab48513 - - - - - -] Attempt 1 to provision port d4166340-3b3b-4340-bdd8-6fdf7f631a1e [pid: 7|app: 0|req: 954/1709] 10.0.0.251 () {32 vars in 724 bytes} [Sat May 9 06:26:44 2026] DELETE /v2.0/subnets/166927bc-fda6-46f6-926e-a0a2c6326409 => generated 0 bytes in 236 msecs (HTTP/1.1 204) 3 headers in 131 bytes (1 switches on core 0)
2026-05-09 06:26:44.647 7 INFO neutron_taas.services.taas.taas_plugin [None req-0078130f-3e8c-4745-9792-f0156977cc50 2b10a8fa065e46008f43324e5293cbe6 777e4485ef8946e8b99c93c19698e8a8 - - default default] TaaS: Handle Delete Port: c855d057-3045-4e58-ac52-a2a196a62203
2026-05-09 06:26:44.651 7 INFO neutron_taas.services.taas.tap_mirror_plugin [None req-0078130f-3e8c-4745-9792-f0156977cc50 2b10a8fa065e46008f43324e5293cbe6 777e4485ef8946e8b99c93c19698e8a8 - - default default] Tap Mirror: Handle Delete Port: c855d057-3045-4e58-ac52-a2a196a62203
2026-05-09 06:26:44.768 8 WARNING neutron.plugins.ml2.drivers.ovn.mech_driver.ovsdb.ovn_client [None req-fc66c52d-a41a-4522-a1d0-bb4885031878 - - - - - -] No hosting information found for port 4e5a9bc1-1e93-4e27-923e-4d8cafd2625f: RuntimeError: No hosting information found for port 4e5a9bc1-1e93-4e27-923e-4d8cafd2625f
2026-05-09 06:26:44.877 8 INFO neutron.db.ovn_revision_numbers_db [None req-f88afb57-9e15-447d-b862-02edab0bf7ed a55ded0a67ae456ea8348b2dd9f5dfc5 0c944360777b4152945370776fdcd469 - - default default] Successfully bumped revision number for resource d4166340-3b3b-4340-bdd8-6fdf7f631a1e (type: router_ports) to 1 [pid: 8|app: 0|req: 756/1710] 10.0.0.251 () {34 vars in 783 bytes} [Sat May 9 06:26:41 2026] PUT /v2.0/routers/598e85b3-9bbb-4e3a-af8c-09effedf129c/add_router_interface => generated 309 bytes in 3405 msecs (HTTP/1.1 200) 4 headers in 157 bytes (1 switches on core 0)
2026-05-09 06:26:44.935 8 INFO neutron.db.ovn_revision_numbers_db [None req-fc66c52d-a41a-4522-a1d0-bb4885031878 - - - - - -] Successfully bumped revision number for resource 4e5a9bc1-1e93-4e27-923e-4d8cafd2625f (type: router_ports) to 2
2026-05-09 06:26:44.982 8 INFO neutron.plugins.ml2.drivers.ovn.mech_driver.mech_driver [None req-fc66c52d-a41a-4522-a1d0-bb4885031878 - - - - - -] OVN reports status down for port: c855d057-3045-4e58-ac52-a2a196a62203
2026-05-09 06:26:44.992 8 INFO neutron.plugins.ml2.drivers.ovn.mech_driver.mech_driver [None req-fc66c52d-a41a-4522-a1d0-bb4885031878 - - - - - -] OVN reports status down for port: f18637b0-eaf7-401b-b8f7-bbcad88f8339 [pid: 8|app: 0|req: 757/1711] 10.0.0.251 () {32 vars in 774 bytes} [Sat May 9 06:26:44 2026] GET /v2.0/security-groups?tenant_id=8290023a2a9444f6ac46c134f3c8bca2&name=default => generated 2925 bytes in 185 msecs (HTTP/1.1 200) 4 headers in 158 bytes (1 switches on core 0)
2026-05-09 06:26:45.152 7 INFO neutron.db.ovn_revision_numbers_db [None req-6e24c6e4-a7be-4a02-8364-959eaab48513 - - - - - -] Successfully bumped revision number for resource d4166340-3b3b-4340-bdd8-6fdf7f631a1e (type: ports) to 2 [pid: 7|app: 0|req: 955/1714] 10.0.0.251 () {32 vars in 726 bytes} [Sat May 9 06:26:44 2026] DELETE /v2.0/networks/5916ff61-0c24-4f18-b2cc-ca35621b29a1 => generated 0 bytes in 750 msecs (HTTP/1.1 204) 3 headers in 131 bytes (1 switches on core 0)
2026-05-09 06:26:45.217 7 INFO neutron.services.segments.plugin [-] Segment cd69a6f5-fc99-45e4-8929-b7a23ce8cbe8 resource provider aggregate not found
2026-05-09 06:26:45.226 7 INFO neutron.services.segments.plugin [-] Segment cd69a6f5-fc99-45e4-8929-b7a23ce8cbe8 resource provider aggregate not found
2026-05-09 06:26:45.243 7 INFO neutron.services.segments.plugin [-] Segment cd69a6f5-fc99-45e4-8929-b7a23ce8cbe8 resource provider not found; error: Placement Client Error (4xx): {"errors": [{"status": 404, "title": "Not Found", "detail": "The resource could not be found.\n\n No resource provider with uuid cd69a6f5-fc99-45e4-8929-b7a23ce8cbe8 found for delete ", "request_id": "req-5da84912-0cb5-4efd-939c-048e0f4d7130"}]}
2026-05-09 06:26:45.252 7 INFO neutron.services.segments.plugin [-] Segment cd69a6f5-fc99-45e4-8929-b7a23ce8cbe8 resource provider not found; error: Placement Client Error (4xx): {"errors": [{"status": 404, "title": "Not Found", "detail": "The resource could not be found.\n\n No resource provider with uuid cd69a6f5-fc99-45e4-8929-b7a23ce8cbe8 found for delete ", "request_id": "req-59c111b0-4c00-44a0-a74d-ce2b13bb670d"}]}
2026-05-09 06:26:45.345 7 INFO neutron.db.segments_db [None req-ee9d0ae6-370f-468a-b526-b6d9737a812d 2b10a8fa065e46008f43324e5293cbe6 777e4485ef8946e8b99c93c19698e8a8 - - default default] Added segment 69f6199a-f095-4052-88b7-15332040df94 of type geneve for network 75f30898-4724-4434-b851-fde59b6cd041 [pid: 8|app: 0|req: 760/1715] 10.0.0.251 () {32 vars in 740 bytes} [Sat May 9 06:26:45 2026] DELETE /v2.0/security-groups/0ce88155-88a4-4e71-9dd0-55f1ab22f62c => generated 0 bytes in 276 msecs (HTTP/1.1 204) 2 headers in 112 bytes (1 switches on core 0)
2026-05-09 06:26:45.516 7 INFO neutron.db.ovn_revision_numbers_db [None req-ee9d0ae6-370f-468a-b526-b6d9737a812d 2b10a8fa065e46008f43324e5293cbe6 777e4485ef8946e8b99c93c19698e8a8 - - default default] Successfully bumped revision number for resource 75f30898-4724-4434-b851-fde59b6cd041 (type: networks) to 1
2026-05-09 06:26:45.674 7 WARNING neutron.scheduler.dhcp_agent_scheduler [None req-ee9d0ae6-370f-468a-b526-b6d9737a812d 2b10a8fa065e46008f43324e5293cbe6 777e4485ef8946e8b99c93c19698e8a8 - - default default] No more DHCP agents
2026-05-09 06:26:45.676 7 WARNING neutron.api.rpc.agentnotifiers.dhcp_rpc_agent_api [None req-ee9d0ae6-370f-468a-b526-b6d9737a812d 2b10a8fa065e46008f43324e5293cbe6 777e4485ef8946e8b99c93c19698e8a8 - - default default] Unable to schedule network 75f30898-4724-4434-b851-fde59b6cd041: no agents available; will retry on subsequent port and subnet creation events.
2026-05-09 06:26:45.767 7 INFO neutron.db.ovn_revision_numbers_db [None req-ee9d0ae6-370f-468a-b526-b6d9737a812d 2b10a8fa065e46008f43324e5293cbe6 777e4485ef8946e8b99c93c19698e8a8 - - default default] Successfully bumped revision number for resource 537aa1e1-0ccd-456e-8703-dfa2e840c78c (type: ports) to 1 [pid: 7|app: 0|req: 956/1716] 10.0.0.251 () {34 vars in 670 bytes} [Sat May 9 06:26:45 2026] POST /v2.0/networks => generated 634 bytes in 622 msecs (HTTP/1.1 201) 4 headers in 162 bytes (1 switches on core 0)
2026-05-09 06:26:45.866 8 INFO neutron.db.ovn_revision_numbers_db [None req-94f81d53-828b-4e0f-bfce-4d108a379724 a55ded0a67ae456ea8348b2dd9f5dfc5 0c944360777b4152945370776fdcd469 - - default default] Successfully bumped revision number for resource 4ea71807-f44a-4618-91cd-053b682607dd (type: security_groups) to 1
2026-05-09 06:26:45.881 8 INFO neutron.db.ovn_revision_numbers_db [None req-94f81d53-828b-4e0f-bfce-4d108a379724 a55ded0a67ae456ea8348b2dd9f5dfc5 0c944360777b4152945370776fdcd469 - - default default] Successfully bumped revision number for resource 0f2ddfcd-3fe7-4f56-b2d7-db811bc551b9 (type: security_group_rules) to 0
2026-05-09 06:26:45.897 8 INFO neutron.db.ovn_revision_numbers_db [None req-94f81d53-828b-4e0f-bfce-4d108a379724 a55ded0a67ae456ea8348b2dd9f5dfc5 0c944360777b4152945370776fdcd469 - - default default] Successfully bumped revision number for resource 1c55758b-135f-499e-85ae-cfe7e98d612b (type: security_group_rules) to 0
2026-05-09 06:26:45.908 8 INFO neutron.db.ovn_revision_numbers_db [None req-94f81d53-828b-4e0f-bfce-4d108a379724 a55ded0a67ae456ea8348b2dd9f5dfc5 0c944360777b4152945370776fdcd469 - - default default] Successfully bumped revision number for resource 5433203f-caeb-4739-836f-cf4448fff0fb (type: security_group_rules) to 0
2026-05-09 06:26:45.924 8 INFO neutron.db.ovn_revision_numbers_db [None req-94f81d53-828b-4e0f-bfce-4d108a379724 a55ded0a67ae456ea8348b2dd9f5dfc5 0c944360777b4152945370776fdcd469 - - default default] Successfully bumped revision number for resource 699f76a9-b706-4bf1-8508-ef9cd2dad9cb (type: security_group_rules) to 0
2026-05-09 06:26:45.957 7 INFO neutron.db.ovn_revision_numbers_db [None req-a47cb271-6400-422f-80b4-76a659db3ebf a55ded0a67ae456ea8348b2dd9f5dfc5 0c944360777b4152945370776fdcd469 - - default default] Successfully bumped revision number for resource d0ab996c-e467-4c76-afbc-4483e717ed3c (type: security_groups) to 1
2026-05-09 06:26:45.970 7 INFO neutron.db.ovn_revision_numbers_db [None req-a47cb271-6400-422f-80b4-76a659db3ebf a55ded0a67ae456ea8348b2dd9f5dfc5 0c944360777b4152945370776fdcd469 - - default default] Successfully bumped revision number for resource 1b0cac4e-57cc-4d67-864a-ab58f8e14564 (type: security_group_rules) to 0
2026-05-09 06:26:45.983 7 INFO neutron.db.ovn_revision_numbers_db [None req-a47cb271-6400-422f-80b4-76a659db3ebf a55ded0a67ae456ea8348b2dd9f5dfc5 0c944360777b4152945370776fdcd469 - - default default] Successfully bumped revision number for resource 255a41d2-d2c0-4cd4-9386-9945006efdd5 (type: security_group_rules) to 0 [pid: 8|app: 0|req: 761/1717] 10.0.0.251 () {32 vars in 774 bytes} [Sat May 9 06:26:45 2026] GET /v2.0/security-groups?tenant_id=71ea208327a74a53baf444f0582f2c10&name=default => generated 2925 bytes in 520 msecs (HTTP/1.1 200) 4 headers in 158 bytes (1 switches on core 0)
2026-05-09 06:26:46.001 7 INFO neutron.db.ovn_revision_numbers_db [None req-a47cb271-6400-422f-80b4-76a659db3ebf a55ded0a67ae456ea8348b2dd9f5dfc5 0c944360777b4152945370776fdcd469 - - default default] Successfully bumped revision number for resource 68d8588f-e5b5-457d-adfd-b19be48048b0 (type: security_group_rules) to 0
