2026-05-09 06:26:24.078 8 INFO neutron.db.ovn_revision_numbers_db [None req-24185add-51ee-4c83-b132-121b2084d1ae 2b10a8fa065e46008f43324e5293cbe6 777e4485ef8946e8b99c93c19698e8a8 - - default default] Successfully bumped revision number for resource 206f120d-4570-40d4-9b3d-ce893791d8ba (type: ports) to 1 [pid: 7|app: 0|req: 893/1620] 10.0.0.251 () {32 vars in 724 bytes} [Sat May 9 06:26:23 2026] DELETE /v2.0/routers/99b14397-4661-4e67-ae2e-0272414fe841 => generated 0 bytes in 690 msecs (HTTP/1.1 204) 2 headers in 112 bytes (1 switches on core 0) [pid: 7|app: 0|req: 894/1621] 10.0.0.251 () {32 vars in 774 bytes} [Sat May 9 06:26:24 2026] GET /v2.0/security-groups?tenant_id=1e13eb340ea243849c01853044caae2a&name=default => generated 2925 bytes in 29 msecs (HTTP/1.1 200) 4 headers in 158 bytes (1 switches on core 0) [pid: 7|app: 0|req: 895/1622] 10.0.0.251 () {32 vars in 736 bytes} [Sat May 9 06:26:24 2026] GET /v2.0/ports?device_id=99b14397-4661-4e67-ae2e-0272414fe841 => generated 12 bytes in 18 msecs (HTTP/1.1 200) 4 headers in 156 bytes (1 switches on core 0) [pid: 7|app: 0|req: 896/1623] 10.0.0.251 () {32 vars in 740 bytes} [Sat May 9 06:26:24 2026] DELETE /v2.0/security-groups/cd80f0d0-1c57-4d2b-9d06-bccfa0057c86 => generated 0 bytes in 258 msecs (HTTP/1.1 204) 2 headers in 112 bytes (1 switches on core 0)
2026-05-09 06:26:24.605 7 INFO neutron.api.v2.resource [None req-b3ae2c29-5922-4f38-8caf-5b87dac0eff4 03d0d9f1bd7b45e8928c486faf520caa c20cf455fb0c469b9834989d10588c37 - - default default] delete failed (client error): The resource could not be found. [pid: 7|app: 0|req: 897/1624] 10.0.0.251 () {32 vars in 724 bytes} [Sat May 9 06:26:24 2026] DELETE /v2.0/routers/99b14397-4661-4e67-ae2e-0272414fe841 => generated 135 bytes in 15 msecs (HTTP/1.1 404) 4 headers in 164 bytes (1 switches on core 0) [pid: 7|app: 0|req: 898/1625] 10.0.0.251 () {32 vars in 736 bytes} [Sat May 9 06:26:24 2026] GET /v2.0/ports?device_id=08edd26b-fabc-4922-b582-d81b18cbdd39 => generated 12 bytes in 16 msecs (HTTP/1.1 200) 4 headers in 156 bytes (1 switches on core 0)
2026-05-09 06:26:24.648 7 INFO neutron.api.v2.resource [None req-e1fea4a6-1b7d-4ab9-831d-98203a52bfbd 03d0d9f1bd7b45e8928c486faf520caa c20cf455fb0c469b9834989d10588c37 - - default default] delete failed (client error): The resource could not be found. [pid: 7|app: 0|req: 899/1626] 10.0.0.251 () {32 vars in 724 bytes} [Sat May 9 06:26:24 2026] DELETE /v2.0/routers/08edd26b-fabc-4922-b582-d81b18cbdd39 => generated 135 bytes in 14 msecs (HTTP/1.1 404) 4 headers in 164 bytes (1 switches on core 0)
2026-05-09 06:26:24.667 7 INFO neutron.pecan_wsgi.hooks.translation [None req-62be3e26-323b-4c6c-a232-fcf2e19dc74e 03d0d9f1bd7b45e8928c486faf520caa c20cf455fb0c469b9834989d10588c37 - - default default] DELETE failed (client error): The resource could not be found. [pid: 7|app: 0|req: 900/1627] 10.0.0.251 () {32 vars in 724 bytes} [Sat May 9 06:26:24 2026] DELETE /v2.0/subnets/f36b888a-7eea-4909-a40a-e92df10b4e67 => generated 136 bytes in 15 msecs (HTTP/1.1 404) 4 headers in 164 bytes (1 switches on core 0)
2026-05-09 06:26:24.693 8 INFO neutron.plugins.ml2.drivers.ovn.mech_driver.mech_driver [None req-950a48df-2dee-43a9-8d35-0bac9bba5bcf - - - - - -] OVN reports status up for port: 206f120d-4570-40d4-9b3d-ce893791d8ba [pid: 7|app: 0|req: 901/1628] 10.0.0.251 () {32 vars in 736 bytes} [Sat May 9 06:26:24 2026] GET /v2.0/ports?device_id=1aa94bb5-93f0-433e-8eaf-abdc651c6bdf => generated 12 bytes in 28 msecs (HTTP/1.1 200) 4 headers in 156 bytes (1 switches on core 0)
2026-05-09 06:26:24.725 8 INFO neutron.plugins.ml2.plugin [None req-950a48df-2dee-43a9-8d35-0bac9bba5bcf - - - - - -] Attempt 1 to provision port 206f120d-4570-40d4-9b3d-ce893791d8ba
2026-05-09 06:26:24.726 7 INFO neutron.api.v2.resource [None req-eaf43aea-c0a0-44ea-ad63-14c40990dbbe 03d0d9f1bd7b45e8928c486faf520caa c20cf455fb0c469b9834989d10588c37 - - default default] delete failed (client error): The resource could not be found. [pid: 7|app: 0|req: 902/1629] 10.0.0.251 () {32 vars in 724 bytes} [Sat May 9 06:26:24 2026] DELETE /v2.0/routers/1aa94bb5-93f0-433e-8eaf-abdc651c6bdf => generated 135 bytes in 20 msecs (HTTP/1.1 404) 4 headers in 164 bytes (1 switches on core 0)
2026-05-09 06:26:24.753 7 INFO neutron.pecan_wsgi.hooks.translation [None req-33c9e2c2-b2bd-42df-8020-2025def85dd5 03d0d9f1bd7b45e8928c486faf520caa c20cf455fb0c469b9834989d10588c37 - - default default] DELETE failed (client error): The resource could not be found. [pid: 7|app: 0|req: 903/1630] 10.0.0.251 () {32 vars in 724 bytes} [Sat May 9 06:26:24 2026] DELETE /v2.0/subnets/ce98139d-a2b4-4840-8ad8-49effebabe09 => generated 136 bytes in 24 msecs (HTTP/1.1 404) 4 headers in 164 bytes (1 switches on core 0) [pid: 7|app: 0|req: 904/1631] 10.0.0.251 () {32 vars in 736 bytes} [Sat May 9 06:26:24 2026] GET /v2.0/ports?device_id=0931b962-783b-4537-9e8d-1bafaef3e3ba => generated 12 bytes in 21 msecs (HTTP/1.1 200) 4 headers in 156 bytes (1 switches on core 0)
2026-05-09 06:26:24.813 7 INFO neutron.api.v2.resource [None req-e2a6c8a7-6dfe-4b2d-93f2-1576425a1d78 03d0d9f1bd7b45e8928c486faf520caa c20cf455fb0c469b9834989d10588c37 - - default default] delete failed (client error): The resource could not be found. [pid: 7|app: 0|req: 905/1632] 10.0.0.251 () {32 vars in 724 bytes} [Sat May 9 06:26:24 2026] DELETE /v2.0/routers/0931b962-783b-4537-9e8d-1bafaef3e3ba => generated 135 bytes in 20 msecs (HTTP/1.1 404) 4 headers in 164 bytes (1 switches on core 0)
2026-05-09 06:26:24.829 7 INFO neutron.pecan_wsgi.hooks.translation [None req-8908d2fe-c79a-42c3-8f6b-7eebcc52eecb 03d0d9f1bd7b45e8928c486faf520caa c20cf455fb0c469b9834989d10588c37 - - default default] DELETE failed (client error): The resource could not be found. [pid: 7|app: 0|req: 906/1633] 10.0.0.251 () {32 vars in 724 bytes} [Sat May 9 06:26:24 2026] DELETE /v2.0/subnets/5b1c048a-101c-4565-8bc5-a2dedfc9ebd9 => generated 136 bytes in 15 msecs (HTTP/1.1 404) 4 headers in 164 bytes (1 switches on core 0)
2026-05-09 06:26:24.846 8 WARNING neutron.scheduler.dhcp_agent_scheduler [None req-24185add-51ee-4c83-b132-121b2084d1ae 2b10a8fa065e46008f43324e5293cbe6 777e4485ef8946e8b99c93c19698e8a8 - - default default] No more DHCP agents
2026-05-09 06:26:24.848 8 WARNING neutron.api.rpc.agentnotifiers.dhcp_rpc_agent_api [None req-24185add-51ee-4c83-b132-121b2084d1ae 2b10a8fa065e46008f43324e5293cbe6 777e4485ef8946e8b99c93c19698e8a8 - - default default] Unable to schedule network f5867c1f-1b78-4c64-8c57-2bfa1b53f0b0: no agents available; will retry on subsequent port and subnet creation events.
2026-05-09 06:26:24.851 7 INFO neutron.pecan_wsgi.hooks.translation [None req-df78810a-4da5-4b3e-af05-ba1c7de0c2a1 03d0d9f1bd7b45e8928c486faf520caa c20cf455fb0c469b9834989d10588c37 - - default default] DELETE failed (client error): The resource could not be found. [pid: 7|app: 0|req: 907/1634] 10.0.0.251 () {32 vars in 724 bytes} [Sat May 9 06:26:24 2026] DELETE /v2.0/subnets/ef08240d-ac73-46be-b204-21fb07a60016 => generated 136 bytes in 17 msecs (HTTP/1.1 404) 4 headers in 164 bytes (1 switches on core 0)
2026-05-09 06:26:25.345 8 INFO neutron.db.ovn_revision_numbers_db [None req-24185add-51ee-4c83-b132-121b2084d1ae 2b10a8fa065e46008f43324e5293cbe6 777e4485ef8946e8b99c93c19698e8a8 - - default default] Successfully bumped revision number for resource 206f120d-4570-40d4-9b3d-ce893791d8ba (type: router_ports) to 1 [pid: 8|app: 0|req: 728/1635] 10.0.0.251 () {34 vars in 783 bytes} [Sat May 9 06:26:23 2026] PUT /v2.0/routers/6f412200-f12f-4d92-87c8-453fddfb39d1/add_router_interface => generated 309 bytes in 1731 msecs (HTTP/1.1 200) 4 headers in 157 bytes (1 switches on core 0) [pid: 7|app: 0|req: 908/1636] 10.0.0.251 () {32 vars in 717 bytes} [Sat May 9 06:26:25 2026] GET /v2.0/ports/206f120d-4570-40d4-9b3d-ce893791d8ba => generated 947 bytes in 108 msecs (HTTP/1.1 200) 4 headers in 157 bytes (1 switches on core 0)
2026-05-09 06:26:25.521 8 INFO neutron.db.ovn_revision_numbers_db [None req-950a48df-2dee-43a9-8d35-0bac9bba5bcf - - - - - -] Successfully bumped revision number for resource 206f120d-4570-40d4-9b3d-ce893791d8ba (type: ports) to 2
2026-05-09 06:26:25.634 7 WARNING neutron.plugins.ml2.drivers.ovn.mech_driver.ovsdb.ovn_client [None req-6e24c6e4-a7be-4a02-8364-959eaab48513 - - - - - -] No port found with ID 77afc3c3-c118-4470-8088-e9a045d4afd2: RuntimeError: No port found with ID 77afc3c3-c118-4470-8088-e9a045d4afd2
2026-05-09 06:26:25.635 7 INFO neutron.plugins.ml2.drivers.ovn.mech_driver.mech_driver [None req-6e24c6e4-a7be-4a02-8364-959eaab48513 - - - - - -] OVN reports status down for port: 9f75f2f9-9a41-4155-a54b-b94dd1324a7e [pid: 8|app: 0|req: 729/1637] 10.0.0.251 () {32 vars in 774 bytes} [Sat May 9 06:26:25 2026] GET /v2.0/security-groups?tenant_id=c20cf455fb0c469b9834989d10588c37&name=default => generated 2925 bytes in 262 msecs (HTTP/1.1 200) 4 headers in 158 bytes (1 switches on core 0)
2026-05-09 06:26:25.959 7 WARNING neutron.scheduler.dhcp_agent_scheduler [None req-2b0de6af-a603-4790-8aa5-c1aaf179d721 2b10a8fa065e46008f43324e5293cbe6 777e4485ef8946e8b99c93c19698e8a8 - - default default] No more DHCP agents
2026-05-09 06:26:25.961 7 WARNING neutron.api.rpc.agentnotifiers.dhcp_rpc_agent_api [None req-2b0de6af-a603-4790-8aa5-c1aaf179d721 2b10a8fa065e46008f43324e5293cbe6 777e4485ef8946e8b99c93c19698e8a8 - - default default] Unable to schedule network dea62a48-2b47-45af-8cff-d587eadd0010: no agents available; will retry on subsequent port and subnet creation events. [pid: 8|app: 0|req: 730/1638] 10.0.0.251 () {32 vars in 740 bytes} [Sat May 9 06:26:25 2026] DELETE /v2.0/security-groups/b6e8a354-c352-457d-9e92-d2606818a1da => generated 0 bytes in 244 msecs (HTTP/1.1 204) 2 headers in 112 bytes (1 switches on core 0)
2026-05-09 06:26:26.068 7 INFO neutron.db.ovn_revision_numbers_db [None req-2b0de6af-a603-4790-8aa5-c1aaf179d721 2b10a8fa065e46008f43324e5293cbe6 777e4485ef8946e8b99c93c19698e8a8 - - default default] Successfully bumped revision number for resource a8dc5523-fb20-4e9c-95e3-38182b573906 (type: ports) to 1
2026-05-09 06:26:26.256 8 INFO neutron.db.ovn_revision_numbers_db [None req-aceab65f-e67b-4d08-a02d-2ac9aa9ef08c a55ded0a67ae456ea8348b2dd9f5dfc5 0c944360777b4152945370776fdcd469 - - default default] Successfully bumped revision number for resource a0a2c53f-8bb6-42c1-8568-fbb8ec0a2204 (type: security_groups) to 1
2026-05-09 06:26:26.266 8 INFO neutron.db.ovn_revision_numbers_db [None req-aceab65f-e67b-4d08-a02d-2ac9aa9ef08c a55ded0a67ae456ea8348b2dd9f5dfc5 0c944360777b4152945370776fdcd469 - - default default] Successfully bumped revision number for resource 0260811a-0135-43d9-b4bd-cd913295a1fb (type: security_group_rules) to 0
2026-05-09 06:26:26.277 8 INFO neutron.db.ovn_revision_numbers_db [None req-aceab65f-e67b-4d08-a02d-2ac9aa9ef08c a55ded0a67ae456ea8348b2dd9f5dfc5 0c944360777b4152945370776fdcd469 - - default default] Successfully bumped revision number for resource 076557dd-d2c3-410b-82fa-08ad375dc7fe (type: security_group_rules) to 0
2026-05-09 06:26:26.288 8 INFO neutron.db.ovn_revision_numbers_db [None req-aceab65f-e67b-4d08-a02d-2ac9aa9ef08c a55ded0a67ae456ea8348b2dd9f5dfc5 0c944360777b4152945370776fdcd469 - - default default] Successfully bumped revision number for resource 1fea4e6a-12c5-40fe-84a8-07659ae52b4a (type: security_group_rules) to 0
2026-05-09 06:26:26.299 8 INFO neutron.db.ovn_revision_numbers_db [None req-aceab65f-e67b-4d08-a02d-2ac9aa9ef08c a55ded0a67ae456ea8348b2dd9f5dfc5 0c944360777b4152945370776fdcd469 - - default default] Successfully bumped revision number for resource 2eda6bf3-5e80-4350-8852-4c778adcb1b7 (type: security_group_rules) to 0 [pid: 8|app: 0|req: 731/1639] 10.0.0.251 () {32 vars in 774 bytes} [Sat May 9 06:26:25 2026] GET /v2.0/security-groups?tenant_id=35e016b4148b46a5a5513f6e957820a3&name=default => generated 2925 bytes in 365 msecs (HTTP/1.1 200) 4 headers in 158 bytes (1 switches on core 0) [pid: 8|app: 0|req: 732/1640] 10.0.0.251 () {32 vars in 740 bytes} [Sat May 9 06:26:26 2026] DELETE /v2.0/security-groups/a0a2c53f-8bb6-42c1-8568-fbb8ec0a2204 => generated 0 bytes in 200 msecs (HTTP/1.1 204) 2 headers in 112 bytes (1 switches on core 0)
2026-05-09 06:26:26.737 7 WARNING neutron.scheduler.dhcp_agent_scheduler [None req-2b0de6af-a603-4790-8aa5-c1aaf179d721 2b10a8fa065e46008f43324e5293cbe6 777e4485ef8946e8b99c93c19698e8a8 - - default default] No more DHCP agents
2026-05-09 06:26:26.738 7 WARNING neutron.api.rpc.agentnotifiers.dhcp_rpc_agent_api [None req-2b0de6af-a603-4790-8aa5-c1aaf179d721 2b10a8fa065e46008f43324e5293cbe6 777e4485ef8946e8b99c93c19698e8a8 - - default default] Unable to schedule network dea62a48-2b47-45af-8cff-d587eadd0010: no agents available; will retry on subsequent port and subnet creation events.
2026-05-09 06:26:26.927 7 INFO neutron.db.ovn_revision_numbers_db [None req-2b0de6af-a603-4790-8aa5-c1aaf179d721 2b10a8fa065e46008f43324e5293cbe6 777e4485ef8946e8b99c93c19698e8a8 - - default default] Successfully bumped revision number for resource a8dc5523-fb20-4e9c-95e3-38182b573906 (type: router_ports) to 1 [pid: 7|app: 0|req: 909/1641] 10.0.0.251 () {34 vars in 783 bytes} [Sat May 9 06:26:25 2026] PUT /v2.0/routers/6f412200-f12f-4d92-87c8-453fddfb39d1/add_router_interface => generated 309 bytes in 1462 msecs (HTTP/1.1 200) 4 headers in 157 bytes (1 switches on core 0) [pid: 8|app: 0|req: 733/1642] 10.0.0.251 () {32 vars in 717 bytes} [Sat May 9 06:26:26 2026] GET /v2.0/ports/a8dc5523-fb20-4e9c-95e3-38182b573906 => generated 953 bytes in 58 msecs (HTTP/1.1 200) 4 headers in 157 bytes (1 switches on core 0) [pid: 7|app: 0|req: 910/1643] 10.0.0.251 () {32 vars in 717 bytes} [Sat May 9 06:26:27 2026] GET /v2.0/ports/a8dc5523-fb20-4e9c-95e3-38182b573906 => generated 953 bytes in 90 msecs (HTTP/1.1 200) 4 headers in 157 bytes (1 switches on core 0) [pid: 7|app: 0|req: 911/1644] 10.0.0.251 () {34 vars in 677 bytes} [Sat May 9 06:26:27 2026] POST /v2.0/subnetpools => generated 549 bytes in 181 msecs (HTTP/1.1 201) 4 headers in 162 bytes (1 switches on core 0)
2026-05-09 06:26:27.870 8 INFO neutron.db.ovn_revision_numbers_db [None req-0808b46d-191f-47ab-ad51-39e0fada2ab0 a55ded0a67ae456ea8348b2dd9f5dfc5 0c944360777b4152945370776fdcd469 - - default default] Successfully bumped revision number for resource dd4a7ef1-26c5-4cd5-8e5e-b0d43bf4dd3f (type: security_groups) to 1
2026-05-09 06:26:27.881 8 INFO neutron.db.ovn_revision_numbers_db [None req-0808b46d-191f-47ab-ad51-39e0fada2ab0 a55ded0a67ae456ea8348b2dd9f5dfc5 0c944360777b4152945370776fdcd469 - - default default] Successfully bumped revision number for resource 02c1a16e-8c00-484d-85cb-7d9e4f20931e (type: security_group_rules) to 0 [pid: 7|app: 0|req: 912/1645] 10.0.0.251 () {32 vars in 729 bytes} [Sat May 9 06:26:27 2026] GET /v2.0/subnetpools/017725ca-cc52-48a5-965e-035946271dd9 => generated 549 bytes in 33 msecs (HTTP/1.1 200) 4 headers in 157 bytes (1 switches on core 0)
2026-05-09 06:26:27.893 8 INFO neutron.db.ovn_revision_numbers_db [None req-0808b46d-191f-47ab-ad51-39e0fada2ab0 a55ded0a67ae456ea8348b2dd9f5dfc5 0c944360777b4152945370776fdcd469 - - default default] Successfully bumped revision number for resource 57e58c2f-ee19-4fde-ae9d-efc5700f8e67 (type: security_group_rules) to 0
2026-05-09 06:26:27.905 8 INFO neutron.db.ovn_revision_numbers_db [None req-0808b46d-191f-47ab-ad51-39e0fada2ab0 a55ded0a67ae456ea8348b2dd9f5dfc5 0c944360777b4152945370776fdcd469 - - default default] Successfully bumped revision number for resource 809e95ee-d2f9-4b20-8f84-468a6ed989b8 (type: security_group_rules) to 0
2026-05-09 06:26:27.917 8 INFO neutron.db.ovn_revision_numbers_db [None req-0808b46d-191f-47ab-ad51-39e0fada2ab0 a55ded0a67ae456ea8348b2dd9f5dfc5 0c944360777b4152945370776fdcd469 - - default default] Successfully bumped revision number for resource f6c02496-9cd5-4c6f-8406-4787a1a7341e (type: security_group_rules) to 0 [pid: 7|app: 0|req: 913/1646] 10.0.0.251 () {34 vars in 749 bytes} [Sat May 9 06:26:27 2026] PUT /v2.0/subnetpools/017725ca-cc52-48a5-965e-035946271dd9 => generated 501 bytes in 57 msecs (HTTP/1.1 200) 4 headers in 157 bytes (1 switches on core 0) [pid: 8|app: 0|req: 734/1647] 10.0.0.251 () {32 vars in 774 bytes} [Sat May 9 06:26:27 2026] GET /v2.0/security-groups?tenant_id=4b1bf9c8461c43c7813c5d2b9caf37dc&name=default => generated 2925 bytes in 334 msecs (HTTP/1.1 200) 4 headers in 158 bytes (1 switches on core 0) [pid: 7|app: 0|req: 914/1648] 10.0.0.251 () {32 vars in 732 bytes} [Sat May 9 06:26:27 2026] DELETE /v2.0/subnetpools/017725ca-cc52-48a5-965e-035946271dd9 => generated 0 bytes in 50 msecs (HTTP/1.1 204) 2 headers in 112 bytes (1 switches on core 0)
2026-05-09 06:26:28.013 7 INFO neutron.api.v2.resource [None req-a0c1da96-9e3a-4dd2-87a5-96be24c29caa b33efb0144604c72bc937776df18004a 16211730da784235b9b39cee2feb472f - - default default] show failed (client error): The resource could not be found. [pid: 7|app: 0|req: 915/1649] 10.0.0.251 () {32 vars in 729 bytes} [Sat May 9 06:26:28 2026] GET /v2.0/subnetpools/017725ca-cc52-48a5-965e-035946271dd9 => generated 145 bytes in 9 msecs (HTTP/1.1 404) 4 headers in 164 bytes (1 switches on core 0)
2026-05-09 06:26:28.026 7 INFO neutron.api.v2.resource [None req-73ccaf35-5c39-42f3-a762-f80f924ed616 b33efb0144604c72bc937776df18004a 16211730da784235b9b39cee2feb472f - - default default] delete failed (client error): The resource could not be found. [pid: 7|app: 0|req: 916/1650] 10.0.0.251 () {32 vars in 732 bytes} [Sat May 9 06:26:28 2026] DELETE /v2.0/subnetpools/017725ca-cc52-48a5-965e-035946271dd9 => generated 145 bytes in 9 msecs (HTTP/1.1 404) 4 headers in 164 bytes (1 switches on core 0) [pid: 7|app: 0|req: 917/1651] 10.0.0.251 () {32 vars in 717 bytes} [Sat May 9 06:26:28 2026] GET /v2.0/ports/a8dc5523-fb20-4e9c-95e3-38182b573906 => generated 953 bytes in 41 msecs (HTTP/1.1 200) 4 headers in 157 bytes (1 switches on core 0) [pid: 8|app: 0|req: 735/1652] 10.0.0.251 () {32 vars in 740 bytes} [Sat May 9 06:26:27 2026] DELETE /v2.0/security-groups/dd4a7ef1-26c5-4cd5-8e5e-b0d43bf4dd3f => generated 0 bytes in 218 msecs (HTTP/1.1 204) 2 headers in 112 bytes (1 switches on core 0)
2026-05-09 06:26:28.713 7 INFO neutron.db.ovn_revision_numbers_db [None req-4a682d1f-6be1-4fc1-bb1a-22f41a9102c1 a55ded0a67ae456ea8348b2dd9f5dfc5 0c944360777b4152945370776fdcd469 - - default default] Successfully bumped revision number for resource 5af4feba-fb04-4487-a2da-e63e07a0e6d1 (type: security_groups) to 1
2026-05-09 06:26:28.726 7 INFO neutron.db.ovn_revision_numbers_db [None req-4a682d1f-6be1-4fc1-bb1a-22f41a9102c1 a55ded0a67ae456ea8348b2dd9f5dfc5 0c944360777b4152945370776fdcd469 - - default default] Successfully bumped revision number for resource 06b99fe8-3eaf-4986-bf64-df1a9ff67ae5 (type: security_group_rules) to 0
2026-05-09 06:26:28.740 7 INFO neutron.db.ovn_revision_numbers_db [None req-4a682d1f-6be1-4fc1-bb1a-22f41a9102c1 a55ded0a67ae456ea8348b2dd9f5dfc5 0c944360777b4152945370776fdcd469 - - default default] Successfully bumped revision number for resource 968b95b0-9f56-4547-b7ba-b9e557c5c51a (type: security_group_rules) to 0
2026-05-09 06:26:28.752 7 INFO neutron.db.ovn_revision_numbers_db [None req-4a682d1f-6be1-4fc1-bb1a-22f41a9102c1 a55ded0a67ae456ea8348b2dd9f5dfc5 0c944360777b4152945370776fdcd469 - - default default] Successfully bumped revision number for resource ec4361b6-6d5d-4441-a1da-4be4e03d6542 (type: security_group_rules) to 0
2026-05-09 06:26:28.764 7 INFO neutron.db.ovn_revision_numbers_db [None req-4a682d1f-6be1-4fc1-bb1a-22f41a9102c1 a55ded0a67ae456ea8348b2dd9f5dfc5 0c944360777b4152945370776fdcd469 - - default default] Successfully bumped revision number for resource f5384e3c-a2dd-43b9-a66d-1e7c7c533840 (type: security_group_rules) to 0 [pid: 7|app: 0|req: 918/1653] 10.0.0.251 () {32 vars in 774 bytes} [Sat May 9 06:26:28 2026] GET /v2.0/security-groups?tenant_id=16211730da784235b9b39cee2feb472f&name=default => generated 2925 bytes in 341 msecs (HTTP/1.1 200) 4 headers in 158 bytes (1 switches on core 0) [pid: 8|app: 0|req: 736/1654] 10.0.0.251 () {32 vars in 740 bytes} [Sat May 9 06:26:28 2026] DELETE /v2.0/security-groups/5af4feba-fb04-4487-a2da-e63e07a0e6d1 => generated 0 bytes in 235 msecs (HTTP/1.1 204) 2 headers in 112 bytes (1 switches on core 0) [pid: 7|app: 0|req: 919/1655] 10.0.0.251 () {32 vars in 717 bytes} [Sat May 9 06:26:29 2026] GET /v2.0/ports/a8dc5523-fb20-4e9c-95e3-38182b573906 => generated 953 bytes in 37 msecs (HTTP/1.1 200) 4 headers in 157 bytes (1 switches on core 0) [pid: 8|app: 0|req: 738/1658] 10.0.0.251 () {32 vars in 717 bytes} [Sat May 9 06:26:30 2026] GET /v2.0/ports/a8dc5523-fb20-4e9c-95e3-38182b573906 => generated 953 bytes in 71 msecs (HTTP/1.1 200) 4 headers in 157 bytes (1 switches on core 0)
2026-05-09 06:26:30.988 8 WARNING neutron.plugins.ml2.drivers.ovn.mech_driver.ovsdb.ovn_client [None req-e8f2eac0-a000-48c7-b214-3f1febd8a59b - - - - - -] No hosting information found for port 206f120d-4570-40d4-9b3d-ce893791d8ba: RuntimeError: No hosting information found for port 206f120d-4570-40d4-9b3d-ce893791d8ba
2026-05-09 06:26:30.996 7 INFO neutron.db.ovn_revision_numbers_db [None req-9600a442-f8e9-4119-96eb-386a1888ee83 61938ce6113a4faf84098ed49bd9986e 8290023a2a9444f6ac46c134f3c8bca2 - - default default] Successfully bumped revision number for resource 0ce88155-88a4-4e71-9dd0-55f1ab22f62c (type: security_groups) to 1
2026-05-09 06:26:31.012 7 INFO neutron.db.ovn_revision_numbers_db [None req-9600a442-f8e9-4119-96eb-386a1888ee83 61938ce6113a4faf84098ed49bd9986e 8290023a2a9444f6ac46c134f3c8bca2 - - default default] Successfully bumped revision number for resource 1d93d599-c742-49c3-a306-5bd4105c93b3 (type: security_group_rules) to 0
2026-05-09 06:26:31.031 7 INFO neutron.db.ovn_revision_numbers_db [None req-9600a442-f8e9-4119-96eb-386a1888ee83 61938ce6113a4faf84098ed49bd9986e 8290023a2a9444f6ac46c134f3c8bca2 - - default default] Successfully bumped revision number for resource 54cecf9b-e2e3-4755-93e4-e41118c2e158 (type: security_group_rules) to 0
2026-05-09 06:26:31.042 7 INFO neutron.db.ovn_revision_numbers_db [None req-9600a442-f8e9-4119-96eb-386a1888ee83 61938ce6113a4faf84098ed49bd9986e 8290023a2a9444f6ac46c134f3c8bca2 - - default default] Successfully bumped revision number for resource 9ad0c3b6-3950-4930-ad6b-09ec27985e28 (type: security_group_rules) to 0
2026-05-09 06:26:31.057 7 INFO neutron.db.ovn_revision_numbers_db [None req-9600a442-f8e9-4119-96eb-386a1888ee83 61938ce6113a4faf84098ed49bd9986e 8290023a2a9444f6ac46c134f3c8bca2 - - default default] Successfully bumped revision number for resource b8b01e3f-fd52-42d1-9947-3bd48ef93e14 (type: security_group_rules) to 0
2026-05-09 06:26:31.077 8 INFO neutron.db.ovn_revision_numbers_db [None req-e8f2eac0-a000-48c7-b214-3f1febd8a59b - - - - - -] Successfully bumped revision number for resource 206f120d-4570-40d4-9b3d-ce893791d8ba (type: router_ports) to 2
2026-05-09 06:26:31.128 8 INFO neutron.plugins.ml2.drivers.ovn.mech_driver.mech_driver [None req-e8f2eac0-a000-48c7-b214-3f1febd8a59b - - - - - -] OVN reports status down for port: a8dc5523-fb20-4e9c-95e3-38182b573906
2026-05-09 06:26:31.136 7 INFO neutron.db.segments_db [None req-9600a442-f8e9-4119-96eb-386a1888ee83 61938ce6113a4faf84098ed49bd9986e 8290023a2a9444f6ac46c134f3c8bca2 - - default default] Added segment 7856b903-3522-4dbe-867c-bad71e400def of type geneve for network f4de925a-86ab-47c9-9ecd-a4e1e7e86065
2026-05-09 06:26:31.203 8 WARNING neutron.plugins.ml2.drivers.ovn.mech_driver.ovsdb.ovn_client [None req-e8f2eac0-a000-48c7-b214-3f1febd8a59b - - - - - -] Logical_Switch_Port a8dc5523-fb20-4e9c-95e3-38182b573906 host information not removed, the port state is up
2026-05-09 06:26:31.203 8 INFO neutron.plugins.ml2.drivers.ovn.mech_driver.mech_driver [None req-e8f2eac0-a000-48c7-b214-3f1febd8a59b - - - - - -] OVN reports status up for port: a8dc5523-fb20-4e9c-95e3-38182b573906
2026-05-09 06:26:31.227 8 INFO neutron.plugins.ml2.plugin [None req-e8f2eac0-a000-48c7-b214-3f1febd8a59b - - - - - -] Attempt 1 to provision port a8dc5523-fb20-4e9c-95e3-38182b573906
2026-05-09 06:26:31.248 7 INFO neutron.db.ovn_revision_numbers_db [None req-9600a442-f8e9-4119-96eb-386a1888ee83 61938ce6113a4faf84098ed49bd9986e 8290023a2a9444f6ac46c134f3c8bca2 - - default default] Successfully bumped revision number for resource f4de925a-86ab-47c9-9ecd-a4e1e7e86065 (type: networks) to 1
2026-05-09 06:26:31.437 7 WARNING neutron.scheduler.dhcp_agent_scheduler [None req-9600a442-f8e9-4119-96eb-386a1888ee83 61938ce6113a4faf84098ed49bd9986e 8290023a2a9444f6ac46c134f3c8bca2 - - default default] No more DHCP agents
2026-05-09 06:26:31.438 7 WARNING neutron.api.rpc.agentnotifiers.dhcp_rpc_agent_api [None req-9600a442-f8e9-4119-96eb-386a1888ee83 61938ce6113a4faf84098ed49bd9986e 8290023a2a9444f6ac46c134f3c8bca2 - - default default] Unable to schedule network f4de925a-86ab-47c9-9ecd-a4e1e7e86065: no agents available; will retry on subsequent port and subnet creation events.
2026-05-09 06:26:31.517 7 INFO neutron.db.ovn_revision_numbers_db [None req-9600a442-f8e9-4119-96eb-386a1888ee83 61938ce6113a4faf84098ed49bd9986e 8290023a2a9444f6ac46c134f3c8bca2 - - default default] Successfully bumped revision number for resource 066ff358-0098-45fb-8308-7acd58273b4b (type: ports) to 1 [pid: 7|app: 0|req: 921/1659] 10.0.0.251 () {34 vars in 670 bytes} [Sat May 9 06:26:30 2026] POST /v2.0/networks => generated 729 bytes in 875 msecs (HTTP/1.1 201) 4 headers in 162 bytes (1 switches on core 0) [pid: 7|app: 0|req: 922/1660] 10.0.0.251 () {32 vars in 717 bytes} [Sat May 9 06:26:31 2026] GET /v2.0/ports/a8dc5523-fb20-4e9c-95e3-38182b573906 => generated 955 bytes in 36 msecs (HTTP/1.1 200) 4 headers in 157 bytes (1 switches on core 0)
2026-05-09 06:26:31.674 8 INFO neutron.db.ovn_revision_numbers_db [None req-72464778-cb9c-463f-afee-03f7a38a2f43 a55ded0a67ae456ea8348b2dd9f5dfc5 0c944360777b4152945370776fdcd469 - - default default] Successfully bumped revision number for resource 44b94582-392a-46b0-8e37-0272111332f4 (type: security_groups) to 1
2026-05-09 06:26:31.704 8 INFO neutron.db.ovn_revision_numbers_db [None req-72464778-cb9c-463f-afee-03f7a38a2f43 a55ded0a67ae456ea8348b2dd9f5dfc5 0c944360777b4152945370776fdcd469 - - default default] Successfully bumped revision number for resource 1e2d8fc9-a0c8-4e3e-b189-2bba29770634 (type: security_group_rules) to 0
2026-05-09 06:26:31.727 7 WARNING neutron.scheduler.dhcp_agent_scheduler [None req-bcc71a44-697c-4212-b350-93fbdb0ff74e 61938ce6113a4faf84098ed49bd9986e 8290023a2a9444f6ac46c134f3c8bca2 - - default default] No more DHCP agents
2026-05-09 06:26:31.738 7 WARNING neutron.api.rpc.agentnotifiers.dhcp_rpc_agent_api [None req-bcc71a44-697c-4212-b350-93fbdb0ff74e 61938ce6113a4faf84098ed49bd9986e 8290023a2a9444f6ac46c134f3c8bca2 - - default default] Unable to schedule network f4de925a-86ab-47c9-9ecd-a4e1e7e86065: no agents available; will retry on subsequent port and subnet creation events.
2026-05-09 06:26:31.739 8 INFO neutron.db.ovn_revision_numbers_db [None req-72464778-cb9c-463f-afee-03f7a38a2f43 a55ded0a67ae456ea8348b2dd9f5dfc5 0c944360777b4152945370776fdcd469 - - default default] Successfully bumped revision number for resource 26e3cf08-55f5-40a6-b16e-71013e1c5b52 (type: security_group_rules) to 0
2026-05-09 06:26:31.770 8 INFO neutron.db.ovn_revision_numbers_db [None req-72464778-cb9c-463f-afee-03f7a38a2f43 a55ded0a67ae456ea8348b2dd9f5dfc5 0c944360777b4152945370776fdcd469 - - default default] Successfully bumped revision number for resource f7c5284e-631c-43a1-8897-091e0238959b (type: security_group_rules) to 0
2026-05-09 06:26:31.803 8 INFO neutron.db.ovn_revision_numbers_db [None req-72464778-cb9c-463f-afee-03f7a38a2f43 a55ded0a67ae456ea8348b2dd9f5dfc5 0c944360777b4152945370776fdcd469 - - default default] Successfully bumped revision number for resource ffb192a2-9893-4587-a047-4fa5abf602d6 (type: security_group_rules) to 0
2026-05-09 06:26:31.872 8 INFO neutron.db.ovn_revision_numbers_db [None req-e8f2eac0-a000-48c7-b214-3f1febd8a59b - - - - - -] Successfully bumped revision number for resource a8dc5523-fb20-4e9c-95e3-38182b573906 (type: ports) to 2
2026-05-09 06:26:31.930 8 INFO neutron.db.segments_db [None req-72464778-cb9c-463f-afee-03f7a38a2f43 a55ded0a67ae456ea8348b2dd9f5dfc5 0c944360777b4152945370776fdcd469 - - default default] Added segment 212afcd7-ce76-48b6-b652-8e78df727539 of type geneve for network a80e66cd-8af8-4527-9b0d-fe2f106732c8
2026-05-09 06:26:32.077 8 INFO neutron.db.ovn_revision_numbers_db [None req-72464778-cb9c-463f-afee-03f7a38a2f43 a55ded0a67ae456ea8348b2dd9f5dfc5 0c944360777b4152945370776fdcd469 - - default default] Successfully bumped revision number for resource a80e66cd-8af8-4527-9b0d-fe2f106732c8 (type: networks) to 1
2026-05-09 06:26:32.228 7 INFO neutron.db.ovn_revision_numbers_db [None req-debade3f-7cf9-4cab-8ca3-839db8bc213c - - - - - -] Successfully bumped revision number for resource 066ff358-0098-45fb-8308-7acd58273b4b (type: ports) to 2
2026-05-09 06:26:32.254 7 INFO neutron.db.ovn_revision_numbers_db [None req-debade3f-7cf9-4cab-8ca3-839db8bc213c - - - - - -] Successfully bumped revision number for resource 36e00dff-30ba-420d-9f79-658922ecd156 (type: subnets) to 0
2026-05-09 06:26:32.254 8 WARNING neutron.scheduler.dhcp_agent_scheduler [None req-72464778-cb9c-463f-afee-03f7a38a2f43 a55ded0a67ae456ea8348b2dd9f5dfc5 0c944360777b4152945370776fdcd469 - - default default] No more DHCP agents
2026-05-09 06:26:32.255 8 WARNING neutron.api.rpc.agentnotifiers.dhcp_rpc_agent_api [None req-72464778-cb9c-463f-afee-03f7a38a2f43 a55ded0a67ae456ea8348b2dd9f5dfc5 0c944360777b4152945370776fdcd469 - - default default] Unable to schedule network a80e66cd-8af8-4527-9b0d-fe2f106732c8: no agents available; will retry on subsequent port and subnet creation events. [pid: 7|app: 0|req: 923/1661] 10.0.0.251 () {34 vars in 669 bytes} [Sat May 9 06:26:31 2026] POST /v2.0/subnets => generated 644 bytes in 694 msecs (HTTP/1.1 201) 4 headers in 162 bytes (1 switches on core 0)
2026-05-09 06:26:32.325 7 INFO neutron.plugins.ml2.drivers.ovn.mech_driver.mech_driver [None req-6e24c6e4-a7be-4a02-8364-959eaab48513 - - - - - -] OVN reports status down for port: 4ec3469a-418b-46ca-bc23-3ab4273be133
2026-05-09 06:26:32.352 8 INFO neutron.db.ovn_revision_numbers_db [None req-72464778-cb9c-463f-afee-03f7a38a2f43 a55ded0a67ae456ea8348b2dd9f5dfc5 0c944360777b4152945370776fdcd469 - - default default] Successfully bumped revision number for resource 4ec3469a-418b-46ca-bc23-3ab4273be133 (type: ports) to 1 [pid: 8|app: 0|req: 739/1662] 10.0.0.251 () {34 vars in 671 bytes} [Sat May 9 06:26:31 2026] POST /v2.0/networks => generated 743 bytes in 1242 msecs (HTTP/1.1 201) 4 headers in 162 bytes (1 switches on core 0)
2026-05-09 06:26:32.379 8 WARNING neutron.api.v2.base [None req-ffe77ad3-8ced-4687-8aec-1db5945d34c0 61938ce6113a4faf84098ed49bd9986e 8290023a2a9444f6ac46c134f3c8bca2 - - default default] An exception happened while processing the request body. The exception message is [Invalid input for target_tenant. Reason: 'None' is not a valid string.].: webob.exc.HTTPBadRequest: Invalid input for target_tenant. Reason: 'None' is not a valid string.
2026-05-09 06:26:32.380 8 INFO neutron.api.v2.resource [None req-ffe77ad3-8ced-4687-8aec-1db5945d34c0 61938ce6113a4faf84098ed49bd9986e 8290023a2a9444f6ac46c134f3c8bca2 - - default default] create failed (client error): Invalid input for target_tenant. Reason: 'None' is not a valid string. [pid: 8|app: 0|req: 740/1663] 10.0.0.251 () {34 vars in 681 bytes} [Sat May 9 06:26:32 2026] POST /v2.0/rbac-policies => generated 143 bytes in 7 msecs (HTTP/1.1 400) 4 headers in 166 bytes (1 switches on core 0)
2026-05-09 06:26:32.509 8 WARNING neutron.scheduler.dhcp_agent_scheduler [None req-7d3db14c-5c6b-40a1-ba8e-4933741c8d29 a55ded0a67ae456ea8348b2dd9f5dfc5 0c944360777b4152945370776fdcd469 - - default default] No more DHCP agents
2026-05-09 06:26:32.510 8 WARNING neutron.api.rpc.agentnotifiers.dhcp_rpc_agent_api [None req-7d3db14c-5c6b-40a1-ba8e-4933741c8d29 a55ded0a67ae456ea8348b2dd9f5dfc5 0c944360777b4152945370776fdcd469 - - default default] Unable to schedule network a80e66cd-8af8-4527-9b0d-fe2f106732c8: no agents available; will retry on subsequent port and subnet creation events.
2026-05-09 06:26:32.608 7 INFO neutron_taas.services.taas.taas_plugin [None req-3387c603-b192-4b63-be1c-99697c5e216a 2b10a8fa065e46008f43324e5293cbe6 777e4485ef8946e8b99c93c19698e8a8 - - default default] TaaS: Handle Delete Port: a8dc5523-fb20-4e9c-95e3-38182b573906
2026-05-09 06:26:32.612 7 INFO neutron_taas.services.taas.tap_mirror_plugin [None req-3387c603-b192-4b63-be1c-99697c5e216a 2b10a8fa065e46008f43324e5293cbe6 777e4485ef8946e8b99c93c19698e8a8 - - default default] Tap Mirror: Handle Delete Port: a8dc5523-fb20-4e9c-95e3-38182b573906 [pid: 7|app: 0|req: 924/1664] 10.0.0.251 () {34 vars in 789 bytes} [Sat May 9 06:26:32 2026] PUT /v2.0/routers/6f412200-f12f-4d92-87c8-453fddfb39d1/remove_router_interface => generated 309 bytes in 652 msecs (HTTP/1.1 200) 4 headers in 157 bytes (1 switches on core 0) /var/lib/openstack/lib/python3.12/site-packages/pycadf/identifier.py:70: UserWarning: Invalid uuid: neutron. To ensure interoperability, identifiers should be a valid uuid. warnings.warn(('Invalid uuid: %s. To ensure interoperability, '
2026-05-09 06:26:32.971 8 INFO neutron.db.ovn_revision_numbers_db [None req-b8d11014-5919-4f6a-bb2e-a1ba37807c1d - - - - - -] Successfully bumped revision number for resource 4ec3469a-418b-46ca-bc23-3ab4273be133 (type: ports) to 2
2026-05-09 06:26:33.004 8 INFO neutron.db.ovn_revision_numbers_db [None req-b8d11014-5919-4f6a-bb2e-a1ba37807c1d - - - - - -] Successfully bumped revision number for resource 1671245d-f02e-42a2-ac78-4fe50da44435 (type: subnets) to 0 [pid: 8|app: 0|req: 741/1665] 10.0.0.251 () {34 vars in 669 bytes} [Sat May 9 06:26:32 2026] POST /v2.0/subnets => generated 688 bytes in 642 msecs (HTTP/1.1 201) 4 headers in 162 bytes (1 switches on core 0)
2026-05-09 06:26:33.078 7 INFO neutron_taas.services.taas.taas_plugin [None req-fc1f8a1f-3b51-43fb-b330-89f36aab66dc 61938ce6113a4faf84098ed49bd9986e 8290023a2a9444f6ac46c134f3c8bca2 - - default default] TaaS: Handle Delete Port: 066ff358-0098-45fb-8308-7acd58273b4b
2026-05-09 06:26:33.082 7 INFO neutron_taas.services.taas.tap_mirror_plugin [None req-fc1f8a1f-3b51-43fb-b330-89f36aab66dc 61938ce6113a4faf84098ed49bd9986e 8290023a2a9444f6ac46c134f3c8bca2 - - default default] Tap Mirror: Handle Delete Port: 066ff358-0098-45fb-8308-7acd58273b4b [pid: 8|app: 0|req: 742/1666] 10.0.0.251 () {32 vars in 717 bytes} [Sat May 9 06:26:33 2026] GET /v2.0/ports/206f120d-4570-40d4-9b3d-ce893791d8ba => generated 947 bytes in 70 msecs (HTTP/1.1 200) 4 headers in 157 bytes (1 switches on core 0)
2026-05-09 06:26:33.384 7 INFO neutron.services.segments.plugin [-] Segment 7856b903-3522-4dbe-867c-bad71e400def resource provider aggregate not found
2026-05-09 06:26:33.388 7 INFO neutron.services.segments.plugin [-] Segment 7856b903-3522-4dbe-867c-bad71e400def resource provider aggregate not found
2026-05-09 06:26:33.399 7 INFO neutron.services.segments.plugin [-] Segment 7856b903-3522-4dbe-867c-bad71e400def resource provider not found; error: Placement Client Error (4xx): {"errors": [{"status": 404, "title": "Not Found", "detail": "The resource could not be found.\n\n No resource provider with uuid 7856b903-3522-4dbe-867c-bad71e400def found for delete ", "request_id": "req-96eab8e0-ddaa-4262-b478-8ad443d3c683"}]}
2026-05-09 06:26:33.417 7 INFO neutron.services.segments.plugin [-] Segment 7856b903-3522-4dbe-867c-bad71e400def resource provider not found; error: Placement Client Error (4xx): {"errors": [{"status": 404, "title": "Not Found", "detail": "The resource could not be found.\n\n No resource provider with uuid 7856b903-3522-4dbe-867c-bad71e400def found for delete ", "request_id": "req-5d53c0de-e96b-44e4-ba45-fe653659c49c"}]} [pid: 7|app: 0|req: 925/1667] 10.0.0.251 () {32 vars in 726 bytes} [Sat May 9 06:26:32 2026] DELETE /v2.0/networks/f4de925a-86ab-47c9-9ecd-a4e1e7e86065 => generated 0 bytes in 520 msecs (HTTP/1.1 204) 3 headers in 131 bytes (1 switches on core 0)
2026-05-09 06:26:33.499 8 WARNING neutron.scheduler.dhcp_agent_scheduler [None req-baf5f859-ee0a-498d-93ad-6cb3c005131e a55ded0a67ae456ea8348b2dd9f5dfc5 0c944360777b4152945370776fdcd469 - - default default] No more DHCP agents
2026-05-09 06:26:33.500 8 WARNING neutron.api.rpc.agentnotifiers.dhcp_rpc_agent_api [None req-baf5f859-ee0a-498d-93ad-6cb3c005131e a55ded0a67ae456ea8348b2dd9f5dfc5 0c944360777b4152945370776fdcd469 - - default default] Unable to schedule network 77ed57ed-b5b8-4ab5-a0ca-fee31f892b3c: no agents available; will retry on subsequent port and subnet creation events.
2026-05-09 06:26:33.622 7 INFO neutron.plugins.ml2.drivers.ovn.mech_driver.mech_driver [None req-6e24c6e4-a7be-4a02-8364-959eaab48513 - - - - - -] OVN reports status down for port: 4743147e-ded2-467a-a723-f0364b078041
2026-05-09 06:26:33.640 8 INFO neutron.db.ovn_revision_numbers_db [None req-baf5f859-ee0a-498d-93ad-6cb3c005131e a55ded0a67ae456ea8348b2dd9f5dfc5 0c944360777b4152945370776fdcd469 - - default default] Successfully bumped revision number for resource 4743147e-ded2-467a-a723-f0364b078041 (type: ports) to 1
2026-05-09 06:26:33.771 7 INFO neutron_taas.services.taas.taas_plugin [None req-51f05e1b-aa4c-40d6-9a16-c3d828bf7a8f 2b10a8fa065e46008f43324e5293cbe6 777e4485ef8946e8b99c93c19698e8a8 - - default default] TaaS: Handle Delete Port: 206f120d-4570-40d4-9b3d-ce893791d8ba
2026-05-09 06:26:33.775 7 INFO neutron_taas.services.taas.tap_mirror_plugin [None req-51f05e1b-aa4c-40d6-9a16-c3d828bf7a8f 2b10a8fa065e46008f43324e5293cbe6 777e4485ef8946e8b99c93c19698e8a8 - - default default] Tap Mirror: Handle Delete Port: 206f120d-4570-40d4-9b3d-ce893791d8ba [pid: 7|app: 0|req: 926/1668] 10.0.0.251 () {34 vars in 789 bytes} [Sat May 9 06:26:33 2026] PUT /v2.0/routers/6f412200-f12f-4d92-87c8-453fddfb39d1/remove_router_interface => generated 309 bytes in 601 msecs (HTTP/1.1 200) 4 headers in 157 bytes (1 switches on core 0) /var/lib/openstack/lib/python3.12/site-packages/pycadf/identifier.py:70: UserWarning: Invalid uuid: neutron. To ensure interoperability, identifiers should be a valid uuid. warnings.warn(('Invalid uuid: %s. To ensure interoperability, '
2026-05-09 06:26:34.147 7 INFO neutron.db.segments_db [None req-694c5481-9553-452a-98af-ff84a6b6e483 61938ce6113a4faf84098ed49bd9986e 8290023a2a9444f6ac46c134f3c8bca2 - - default default] Added segment 2f9905f6-9534-4abd-9f27-db6988946ac3 of type geneve for network 4bfe03d8-a243-428d-8d79-250140302e77
2026-05-09 06:26:34.248 8 INFO neutron.plugins.ml2.drivers.ovn.mech_driver.ovsdb.commands [None req-59771ae6-76d3-4faf-8e0e-14926938766a - - - - - -] Schedule LRP lrp-4743147e-ded2-467a-a723-f0364b078041 on gateway 6896333d-a4db-4f37-8b3a-20db7d741a4b with priority 1
2026-05-09 06:26:34.303 8 INFO neutron.plugins.ml2.drivers.ovn.mech_driver.ovsdb.ovsdb_monitor [None req-c3452e0c-2a85-44e1-9f47-6c8913286afb - - - - - -] Router fc1785b8-afac-4858-820c-ae4ea6421adf is bound to host instance
2026-05-09 06:26:34.306 7 INFO neutron.plugins.ml2.drivers.ovn.mech_driver.mech_driver [None req-6e24c6e4-a7be-4a02-8364-959eaab48513 - - - - - -] OVN reports status up for port: 4743147e-ded2-467a-a723-f0364b078041
2026-05-09 06:26:34.309 7 INFO neutron.db.ovn_revision_numbers_db [None req-694c5481-9553-452a-98af-ff84a6b6e483 61938ce6113a4faf84098ed49bd9986e 8290023a2a9444f6ac46c134f3c8bca2 - - default default] Successfully bumped revision number for resource 4bfe03d8-a243-428d-8d79-250140302e77 (type: networks) to 1
2026-05-09 06:26:34.333 7 INFO neutron.plugins.ml2.plugin [None req-6e24c6e4-a7be-4a02-8364-959eaab48513 - - - - - -] Attempt 1 to provision port 4743147e-ded2-467a-a723-f0364b078041
2026-05-09 06:26:34.373 8 INFO neutron.db.ovn_revision_numbers_db [None req-baf5f859-ee0a-498d-93ad-6cb3c005131e a55ded0a67ae456ea8348b2dd9f5dfc5 0c944360777b4152945370776fdcd469 - - default default] Successfully bumped revision number for resource 4743147e-ded2-467a-a723-f0364b078041 (type: router_ports) to 1
2026-05-09 06:26:34.497 8 INFO neutron.db.ovn_revision_numbers_db [None req-baf5f859-ee0a-498d-93ad-6cb3c005131e a55ded0a67ae456ea8348b2dd9f5dfc5 0c944360777b4152945370776fdcd469 - - default default] Successfully bumped revision number for resource fc1785b8-afac-4858-820c-ae4ea6421adf (type: routers) to 2 [pid: 8|app: 0|req: 743/1669] 10.0.0.251 () {34 vars in 669 bytes} [Sat May 9 06:26:33 2026] POST /v2.0/routers => generated 966 bytes in 1439 msecs (HTTP/1.1 201) 4 headers in 162 bytes (1 switches on core 0)
2026-05-09 06:26:34.544 7 WARNING neutron.scheduler.dhcp_agent_scheduler [None req-694c5481-9553-452a-98af-ff84a6b6e483 61938ce6113a4faf84098ed49bd9986e 8290023a2a9444f6ac46c134f3c8bca2 - - default default] No more DHCP agents
2026-05-09 06:26:34.546 7 WARNING neutron.api.rpc.agentnotifiers.dhcp_rpc_agent_api [None req-694c5481-9553-452a-98af-ff84a6b6e483 61938ce6113a4faf84098ed49bd9986e 8290023a2a9444f6ac46c134f3c8bca2 - - default default] Unable to schedule network 4bfe03d8-a243-428d-8d79-250140302e77: no agents available; will retry on subsequent port and subnet creation events. [pid: 8|app: 0|req: 744/1670] 10.0.0.251 () {32 vars in 736 bytes} [Sat May 9 06:26:34 2026] GET /v2.0/ports?device_id=6f412200-f12f-4d92-87c8-453fddfb39d1 => generated 12 bytes in 30 msecs (HTTP/1.1 200) 4 headers in 156 bytes (1 switches on core 0)
2026-05-09 06:26:34.625 7 INFO neutron.db.ovn_revision_numbers_db [None req-694c5481-9553-452a-98af-ff84a6b6e483 61938ce6113a4faf84098ed49bd9986e 8290023a2a9444f6ac46c134f3c8bca2 - - default default] Successfully bumped revision number for resource 07399ade-98e9-4b85-947a-038691a7909d (type: ports) to 1 [pid: 7|app: 0|req: 927/1671] 10.0.0.251 () {34 vars in 670 bytes} [Sat May 9 06:26:34 2026] POST /v2.0/networks => generated 729 bytes in 604 msecs (HTTP/1.1 201) 4 headers in 162 bytes (1 switches on core 0)
2026-05-09 06:26:34.966 8 INFO neutron.db.ovn_revision_numbers_db [None req-8124e1a9-2972-4eba-86d9-bbae21873ba8 a55ded0a67ae456ea8348b2dd9f5dfc5 0c944360777b4152945370776fdcd469 - - default default] Successfully bumped revision number for resource 2a01fdcb-89e9-4016-b262-220220532816 (type: security_groups) to 1
2026-05-09 06:26:34.990 8 INFO neutron.db.ovn_revision_numbers_db [None req-8124e1a9-2972-4eba-86d9-bbae21873ba8 a55ded0a67ae456ea8348b2dd9f5dfc5 0c944360777b4152945370776fdcd469 - - default default] Successfully bumped revision number for resource 1290fe67-9307-4aef-97f1-cd398259fa96 (type: security_group_rules) to 0
2026-05-09 06:26:35.016 8 INFO neutron.db.ovn_revision_numbers_db [None req-8124e1a9-2972-4eba-86d9-bbae21873ba8 a55ded0a67ae456ea8348b2dd9f5dfc5 0c944360777b4152945370776fdcd469 - - default default] Successfully bumped revision number for resource 4d67aec8-5faa-4e78-b221-d4209810785e (type: security_group_rules) to 0
2026-05-09 06:26:35.045 8 INFO neutron.db.ovn_revision_numbers_db [None req-8124e1a9-2972-4eba-86d9-bbae21873ba8 a55ded0a67ae456ea8348b2dd9f5dfc5 0c944360777b4152945370776fdcd469 - - default default] Successfully bumped revision number for resource 5fcff69b-5128-4287-9635-4c46cd81d8f8 (type: security_group_rules) to 0
2026-05-09 06:26:35.058 7 WARNING neutron.scheduler.dhcp_agent_scheduler [None req-f09fcfff-04f8-41a1-8260-31794892606e a55ded0a67ae456ea8348b2dd9f5dfc5 0c944360777b4152945370776fdcd469 - - default default] No more DHCP agents
2026-05-09 06:26:35.060 7 WARNING neutron.api.rpc.agentnotifiers.dhcp_rpc_agent_api [None req-f09fcfff-04f8-41a1-8260-31794892606e a55ded0a67ae456ea8348b2dd9f5dfc5 0c944360777b4152945370776fdcd469 - - default default] Unable to schedule network a80e66cd-8af8-4527-9b0d-fe2f106732c8: no agents available; will retry on subsequent port and subnet creation events.
2026-05-09 06:26:35.070 8 INFO neutron.db.ovn_revision_numbers_db [None req-8124e1a9-2972-4eba-86d9-bbae21873ba8 a55ded0a67ae456ea8348b2dd9f5dfc5 0c944360777b4152945370776fdcd469 - - default default] Successfully bumped revision number for resource 7aa5a469-d4dc-4f7f-9e9b-27357a72eb0d (type: security_group_rules) to 0 [pid: 8|app: 0|req: 745/1672] 10.0.0.251 () {32 vars in 774 bytes} [Sat May 9 06:26:34 2026] GET /v2.0/security-groups?tenant_id=565dadcc6d854085ae3e755ba298bfdf&name=default => generated 2925 bytes in 565 msecs (HTTP/1.1 200) 4 headers in 158 bytes (1 switches on core 0)
2026-05-09 06:26:35.194 7 INFO neutron.db.ovn_revision_numbers_db [None req-f09fcfff-04f8-41a1-8260-31794892606e a55ded0a67ae456ea8348b2dd9f5dfc5 0c944360777b4152945370776fdcd469 - - default default] Successfully bumped revision number for resource 4e5a9bc1-1e93-4e27-923e-4d8cafd2625f (type: ports) to 1 [pid: 8|app: 0|req: 746/1673] 10.0.0.251 () {32 vars in 724 bytes} [Sat May 9 06:26:35 2026] DELETE /v2.0/routers/6f412200-f12f-4d92-87c8-453fddfb39d1 => generated 0 bytes in 408 msecs (HTTP/1.1 204) 2 headers in 112 bytes (1 switches on core 0)
2026-05-09 06:26:35.858 8 WARNING neutron.scheduler.dhcp_agent_scheduler [None req-3b29fa5e-6c1e-4c7f-b8b5-6c71cc006119 61938ce6113a4faf84098ed49bd9986e 8290023a2a9444f6ac46c134f3c8bca2 - - default default] No more DHCP agents
2026-05-09 06:26:35.860 8 WARNING neutron.api.rpc.agentnotifiers.dhcp_rpc_agent_api [None req-3b29fa5e-6c1e-4c7f-b8b5-6c71cc006119 61938ce6113a4faf84098ed49bd9986e 8290023a2a9444f6ac46c134f3c8bca2 - - default default] Unable to schedule network 4bfe03d8-a243-428d-8d79-250140302e77: no agents available; will retry on subsequent port and subnet creation events.
2026-05-09 06:26:35.876 7 WARNING neutron.scheduler.dhcp_agent_scheduler [None req-f09fcfff-04f8-41a1-8260-31794892606e a55ded0a67ae456ea8348b2dd9f5dfc5 0c944360777b4152945370776fdcd469 - - default default] No more DHCP agents
2026-05-09 06:26:35.878 7 WARNING neutron.api.rpc.agentnotifiers.dhcp_rpc_agent_api [None req-f09fcfff-04f8-41a1-8260-31794892606e a55ded0a67ae456ea8348b2dd9f5dfc5 0c944360777b4152945370776fdcd469 - - default default] Unable to schedule network a80e66cd-8af8-4527-9b0d-fe2f106732c8: no agents available; will retry on subsequent port and subnet creation events.
2026-05-09 06:26:35.888 8 INFO neutron.db.ovn_revision_numbers_db [None req-66337c84-f4e8-412f-aa83-95d2f871ffa5 - - - - - -] Successfully bumped revision number for resource 4743147e-ded2-467a-a723-f0364b078041 (type: ports) to 4
2026-05-09 06:26:36.309 7 INFO neutron.db.ovn_revision_numbers_db [None req-f09fcfff-04f8-41a1-8260-31794892606e a55ded0a67ae456ea8348b2dd9f5dfc5 0c944360777b4152945370776fdcd469 - - default default] Successfully bumped revision number for resource 4e5a9bc1-1e93-4e27-923e-4d8cafd2625f (type: router_ports) to 1 [pid: 7|app: 0|req: 928/1674] 10.0.0.251 () {34 vars in 783 bytes} [Sat May 9 06:26:34 2026] PUT /v2.0/routers/fc1785b8-afac-4858-820c-ae4ea6421adf/add_router_interface => generated 309 bytes in 1666 msecs (HTTP/1.1 200) 4 headers in 157 bytes (1 switches on core 0) [pid: 7|app: 0|req: 929/1675] 10.0.0.251 () {32 vars in 740 bytes} [Sat May 9 06:26:36 2026] DELETE /v2.0/security-groups/2a01fdcb-89e9-4016-b262-220220532816 => generated 0 bytes in 219 msecs (HTTP/1.1 204) 2 headers in 112 bytes (1 switches on core 0)
2026-05-09 06:26:36.625 8 INFO neutron.db.ovn_revision_numbers_db [None req-66337c84-f4e8-412f-aa83-95d2f871ffa5 - - - - - -] Successfully bumped revision number for resource 4743147e-ded2-467a-a723-f0364b078041 (type: ports) to 5 [pid: 7|app: 0|req: 930/1676] 10.0.0.251 () {32 vars in 724 bytes} [Sat May 9 06:26:36 2026] DELETE /v2.0/subnets/6c8f02a8-5394-407e-aae1-596929bd8a09 => generated 0 bytes in 190 msecs (HTTP/1.1 204) 3 headers in 131 bytes (1 switches on core 0)
2026-05-09 06:26:36.785 8 INFO neutron.db.ovn_revision_numbers_db [None req-29dfee13-19ad-4966-849b-48fac63fbcd7 - - - - - -] Successfully bumped revision number for resource 07399ade-98e9-4b85-947a-038691a7909d (type: ports) to 2
2026-05-09 06:26:36.820 8 INFO neutron.db.ovn_revision_numbers_db [None req-29dfee13-19ad-4966-849b-48fac63fbcd7 - - - - - -] Successfully bumped revision number for resource ebcbe9c8-5b52-4642-92c3-84dc614ea3a1 (type: subnets) to 0 [pid: 8|app: 0|req: 747/1677] 10.0.0.251 () {34 vars in 669 bytes} [Sat May 9 06:26:35 2026] POST /v2.0/subnets => generated 647 bytes in 1303 msecs (HTTP/1.1 201) 4 headers in 162 bytes (1 switches on core 0)
2026-05-09 06:26:36.849 7 INFO neutron.db.ovn_revision_numbers_db [None req-352fb93a-3b95-4ad7-89f4-292e69af374f a55ded0a67ae456ea8348b2dd9f5dfc5 0c944360777b4152945370776fdcd469 - - default default] Successfully bumped revision number for resource 2ff1e2fc-77d2-4ae4-ada2-8980189445b4 (type: security_groups) to 1
2026-05-09 06:26:36.880 7 INFO neutron.db.ovn_revision_numbers_db [None req-352fb93a-3b95-4ad7-89f4-292e69af374f a55ded0a67ae456ea8348b2dd9f5dfc5 0c944360777b4152945370776fdcd469 - - default default] Successfully bumped revision number for resource 58a26b67-4b34-44d9-b150-b99f6cc6057a (type: security_group_rules) to 0
2026-05-09 06:26:36.893 7 INFO neutron.db.ovn_revision_numbers_db [None req-352fb93a-3b95-4ad7-89f4-292e69af374f a55ded0a67ae456ea8348b2dd9f5dfc5 0c944360777b4152945370776fdcd469 - - default default] Successfully bumped revision number for resource 63509aec-9124-4462-adea-604a206d4438 (type: security_group_rules) to 0
2026-05-09 06:26:36.905 7 INFO neutron.db.ovn_revision_numbers_db [None req-352fb93a-3b95-4ad7-89f4-292e69af374f a55ded0a67ae456ea8348b2dd9f5dfc5 0c944360777b4152945370776fdcd469 - - default default] Successfully bumped revision number for resource 92840ef2-a0c6-47b1-9e0b-18af9066168e (type: security_group_rules) to 0
