2026-05-09 06:21:50.037 7 INFO placement.requestlog [req-ee3e1854-58c9-4a1e-85f9-8cec34acb360 req-1ad8b34d-380f-4247-a918-6826eac8e913 c0074f4b99a44c908ad8be34ff8dfd08 7a890f941a90475db2dc06545bd940e7 - - 55fb8b5937344f4da33c0d5667d0a12b 55fb8b5937344f4da33c0d5667d0a12b] 199.204.45.74 "GET /resource_providers?in_tree=70ee559e-3412-45fe-aa70-d3e9c5b896a1" status: 200 len: 797 microversion: 1.14 [pid: 7|app: 0|req: 289/579] 199.204.45.74 () {34 vars in 890 bytes} [Sat May 9 06:21:50 2026] GET /resource_providers?in_tree=70ee559e-3412-45fe-aa70-d3e9c5b896a1 => generated 797 bytes in 15 msecs (HTTP/1.1 200) 6 headers in 225 bytes (1 switches on core 0)
2026-05-09 06:21:50.055 8 INFO placement.requestlog [req-ee3e1854-58c9-4a1e-85f9-8cec34acb360 req-36742213-e306-45b2-be3b-039a708bb489 c0074f4b99a44c908ad8be34ff8dfd08 7a890f941a90475db2dc06545bd940e7 - - 55fb8b5937344f4da33c0d5667d0a12b 55fb8b5937344f4da33c0d5667d0a12b] 199.204.45.74 "GET /resource_providers/70ee559e-3412-45fe-aa70-d3e9c5b896a1/inventories" status: 200 len: 400 microversion: 1.0 [pid: 8|app: 0|req: 291/580] 199.204.45.74 () {32 vars in 855 bytes} [Sat May 9 06:21:50 2026] GET /resource_providers/70ee559e-3412-45fe-aa70-d3e9c5b896a1/inventories => generated 400 bytes in 13 msecs (HTTP/1.1 200) 6 headers in 224 bytes (1 switches on core 0)
2026-05-09 06:21:50.067 7 INFO placement.requestlog [req-ee3e1854-58c9-4a1e-85f9-8cec34acb360 req-ef224d4b-073b-41c0-94c5-e813d54d17f3 c0074f4b99a44c908ad8be34ff8dfd08 7a890f941a90475db2dc06545bd940e7 - - 55fb8b5937344f4da33c0d5667d0a12b 55fb8b5937344f4da33c0d5667d0a12b] 199.204.45.74 "GET /resource_providers/70ee559e-3412-45fe-aa70-d3e9c5b896a1/aggregates" status: 200 len: 53 microversion: 1.19 [pid: 7|app: 0|req: 290/581] 199.204.45.74 () {34 vars in 897 bytes} [Sat May 9 06:21:50 2026] GET /resource_providers/70ee559e-3412-45fe-aa70-d3e9c5b896a1/aggregates => generated 53 bytes in 6 msecs (HTTP/1.1 200) 8 headers in 295 bytes (1 switches on core 0)
2026-05-09 06:21:50.088 8 INFO placement.requestlog [req-ee3e1854-58c9-4a1e-85f9-8cec34acb360 req-559728fb-2e10-4df9-9028-09ab5c51ec70 c0074f4b99a44c908ad8be34ff8dfd08 7a890f941a90475db2dc06545bd940e7 - - 55fb8b5937344f4da33c0d5667d0a12b 55fb8b5937344f4da33c0d5667d0a12b] 199.204.45.74 "GET /resource_providers/70ee559e-3412-45fe-aa70-d3e9c5b896a1/traits" status: 200 len: 1977 microversion: 1.6 [pid: 8|app: 0|req: 292/582] 199.204.45.74 () {34 vars in 888 bytes} [Sat May 9 06:21:50 2026] GET /resource_providers/70ee559e-3412-45fe-aa70-d3e9c5b896a1/traits => generated 1977 bytes in 17 msecs (HTTP/1.1 200) 6 headers in 225 bytes (1 switches on core 0)
2026-05-09 06:21:50.101 7 INFO placement.requestlog [req-ee3e1854-58c9-4a1e-85f9-8cec34acb360 req-58306943-e2e0-4efd-928b-b8114162e9ed c0074f4b99a44c908ad8be34ff8dfd08 7a890f941a90475db2dc06545bd940e7 - - 55fb8b5937344f4da33c0d5667d0a12b 55fb8b5937344f4da33c0d5667d0a12b] 199.204.45.74 "GET /resource_providers/70ee559e-3412-45fe-aa70-d3e9c5b896a1/allocations" status: 200 len: 54 microversion: 1.0 [pid: 7|app: 0|req: 291/583] 199.204.45.74 () {32 vars in 855 bytes} [Sat May 9 06:21:50 2026] GET /resource_providers/70ee559e-3412-45fe-aa70-d3e9c5b896a1/allocations => generated 54 bytes in 7 msecs (HTTP/1.1 200) 6 headers in 223 bytes (1 switches on core 0)
2026-05-09 06:21:57.318 8 INFO placement.requestlog [None req-1548b2aa-0437-4bbd-9d13-bbc2edb6b6eb - - - - - -] 10.0.0.205 "GET /" status: 200 len: 136 microversion: 1.0
2026-05-09 06:21:57.320 7 INFO placement.requestlog [None req-edb29233-ecbe-4c34-bfd5-4da47f7286c0 - - - - - -] 10.0.0.205 "GET /" status: 200 len: 136 microversion: 1.0
2026-05-09 06:22:07.318 8 INFO placement.requestlog [None req-f7c35c2e-aa4d-4614-9234-f42000ebffea - - - - - -] 10.0.0.205 "GET /" status: 200 len: 136 microversion: 1.0
2026-05-09 06:22:07.321 7 INFO placement.requestlog [None req-57848562-5666-49dd-a3de-2a9c772ddf2a - - - - - -] 10.0.0.205 "GET /" status: 200 len: 136 microversion: 1.0
2026-05-09 06:22:17.318 8 INFO placement.requestlog [None req-550b99ff-d1b0-4674-bbdb-9e80b991a560 - - - - - -] 10.0.0.205 "GET /" status: 200 len: 136 microversion: 1.0
2026-05-09 06:22:17.319 7 INFO placement.requestlog [None req-02aa1453-7e2e-492f-9fdd-869f3b42561f - - - - - -] 10.0.0.205 "GET /" status: 200 len: 136 microversion: 1.0
2026-05-09 06:22:27.319 8 INFO placement.requestlog [None req-45afe776-ad82-42b7-8f8c-3a9a56a3c0f8 - - - - - -] 10.0.0.205 "GET /" status: 200 len: 136 microversion: 1.0
2026-05-09 06:22:27.320 7 INFO placement.requestlog [None req-bd328047-7d5a-4472-91ab-da03523f2922 - - - - - -] 10.0.0.205 "GET /" status: 200 len: 136 microversion: 1.0
2026-05-09 06:22:37.320 8 INFO placement.requestlog [None req-1c4b62a6-a98a-4301-9b6d-be55b12baa98 - - - - - -] 10.0.0.205 "GET /" status: 200 len: 136 microversion: 1.0
2026-05-09 06:22:37.320 7 INFO placement.requestlog [None req-bd2a54a3-1f0b-4bc3-b25a-e94ebe6ac66e - - - - - -] 10.0.0.205 "GET /" status: 200 len: 136 microversion: 1.0
2026-05-09 06:22:47.319 8 INFO placement.requestlog [None req-ecc2cec8-707c-48a6-8ccd-fb18d6380a5a - - - - - -] 10.0.0.205 "GET /" status: 200 len: 136 microversion: 1.0
2026-05-09 06:22:47.319 7 INFO placement.requestlog [None req-cfe696a9-19fa-4274-bad4-01d2ce6ee31d - - - - - -] 10.0.0.205 "GET /" status: 200 len: 136 microversion: 1.0
2026-05-09 06:22:51.329 8 INFO placement.requestlog [req-48a54f43-34dd-4c7f-87a9-1fbe56de2b22 req-6e8dd59d-74e3-4819-8b93-51ddb1212521 c0074f4b99a44c908ad8be34ff8dfd08 7a890f941a90475db2dc06545bd940e7 - - 55fb8b5937344f4da33c0d5667d0a12b 55fb8b5937344f4da33c0d5667d0a12b] 199.204.45.74 "GET /resource_providers/70ee559e-3412-45fe-aa70-d3e9c5b896a1/allocations" status: 200 len: 54 microversion: 1.0 [pid: 8|app: 0|req: 299/596] 199.204.45.74 () {32 vars in 855 bytes} [Sat May 9 06:22:51 2026] GET /resource_providers/70ee559e-3412-45fe-aa70-d3e9c5b896a1/allocations => generated 54 bytes in 15 msecs (HTTP/1.1 200) 6 headers in 223 bytes (1 switches on core 0)
2026-05-09 06:22:51.353 7 INFO placement.requestlog [req-48a54f43-34dd-4c7f-87a9-1fbe56de2b22 req-a4839b3c-26a9-4677-b705-3dbd8478a5f7 c0074f4b99a44c908ad8be34ff8dfd08 7a890f941a90475db2dc06545bd940e7 - - 55fb8b5937344f4da33c0d5667d0a12b 55fb8b5937344f4da33c0d5667d0a12b] 199.204.45.74 "GET /resource_providers/70ee559e-3412-45fe-aa70-d3e9c5b896a1/allocations" status: 200 len: 54 microversion: 1.0 [pid: 7|app: 0|req: 298/597] 199.204.45.74 () {32 vars in 855 bytes} [Sat May 9 06:22:51 2026] GET /resource_providers/70ee559e-3412-45fe-aa70-d3e9c5b896a1/allocations => generated 54 bytes in 15 msecs (HTTP/1.1 200) 6 headers in 223 bytes (1 switches on core 0)
2026-05-09 06:22:57.319 8 INFO placement.requestlog [None req-b322fabb-87fb-43df-8812-ca405fc97d95 - - - - - -] 10.0.0.205 "GET /" status: 200 len: 136 microversion: 1.0
2026-05-09 06:22:57.319 7 INFO placement.requestlog [None req-5786be99-8b56-45a3-8e29-ee84a8cdd639 - - - - - -] 10.0.0.205 "GET /" status: 200 len: 136 microversion: 1.0
2026-05-09 06:23:07.319 8 INFO placement.requestlog [None req-5db56e33-a924-42cb-b764-61facee54471 - - - - - -] 10.0.0.205 "GET /" status: 200 len: 136 microversion: 1.0
2026-05-09 06:23:07.319 7 INFO placement.requestlog [None req-0299174e-c9c9-49ed-8e91-495918c85c87 - - - - - -] 10.0.0.205 "GET /" status: 200 len: 136 microversion: 1.0
2026-05-09 06:23:17.320 7 INFO placement.requestlog [None req-736d9270-7ba8-43aa-84df-6b56c684c0f6 - - - - - -] 10.0.0.205 "GET /" status: 200 len: 136 microversion: 1.0
2026-05-09 06:23:17.320 8 INFO placement.requestlog [None req-b4ca34d1-d747-4995-8efd-98677a3bea17 - - - - - -] 10.0.0.205 "GET /" status: 200 len: 136 microversion: 1.0
2026-05-09 06:23:27.319 7 INFO placement.requestlog [None req-21ca206c-af96-44ed-b58d-73095f8841df - - - - - -] 10.0.0.205 "GET /" status: 200 len: 136 microversion: 1.0
2026-05-09 06:23:27.320 8 INFO placement.requestlog [None req-96e081fc-bc04-4af5-95d9-1ba236dabb95 - - - - - -] 10.0.0.205 "GET /" status: 200 len: 136 microversion: 1.0
2026-05-09 06:23:37.318 8 INFO placement.requestlog [None req-72c84852-eb62-456c-b66b-a2c230a128b8 - - - - - -] 10.0.0.205 "GET /" status: 200 len: 136 microversion: 1.0
2026-05-09 06:23:37.318 7 INFO placement.requestlog [None req-90d424b5-4d61-41ac-9a7d-7a98a0f202b5 - - - - - -] 10.0.0.205 "GET /" status: 200 len: 136 microversion: 1.0
2026-05-09 06:23:47.319 7 INFO placement.requestlog [None req-0b1d65a4-044f-4973-9a1e-c7d053a8ffd4 - - - - - -] 10.0.0.205 "GET /" status: 200 len: 136 microversion: 1.0
2026-05-09 06:23:47.319 8 INFO placement.requestlog [None req-ff61d6c2-e3a9-4a38-b05a-663a03d4844b - - - - - -] 10.0.0.205 "GET /" status: 200 len: 136 microversion: 1.0
2026-05-09 06:23:51.222 7 INFO placement.requestlog [req-cf510772-0908-4516-97c4-7599a981e4d9 req-5b4357f3-82ae-40e9-99c9-f215a4dfc50a c0074f4b99a44c908ad8be34ff8dfd08 7a890f941a90475db2dc06545bd940e7 - - 55fb8b5937344f4da33c0d5667d0a12b 55fb8b5937344f4da33c0d5667d0a12b] 199.204.45.74 "GET /resource_providers/70ee559e-3412-45fe-aa70-d3e9c5b896a1/allocations" status: 200 len: 54 microversion: 1.0 [pid: 7|app: 0|req: 305/610] 199.204.45.74 () {32 vars in 855 bytes} [Sat May 9 06:23:51 2026] GET /resource_providers/70ee559e-3412-45fe-aa70-d3e9c5b896a1/allocations => generated 54 bytes in 14 msecs (HTTP/1.1 200) 6 headers in 223 bytes (1 switches on core 0)
2026-05-09 06:23:51.253 8 INFO placement.requestlog [req-cf510772-0908-4516-97c4-7599a981e4d9 req-97283e9c-edf7-40f8-9e8d-a58baa0fabc2 c0074f4b99a44c908ad8be34ff8dfd08 7a890f941a90475db2dc06545bd940e7 - - 55fb8b5937344f4da33c0d5667d0a12b 55fb8b5937344f4da33c0d5667d0a12b] 199.204.45.74 "GET /resource_providers/70ee559e-3412-45fe-aa70-d3e9c5b896a1/allocations" status: 200 len: 54 microversion: 1.0 [pid: 8|app: 0|req: 306/611] 199.204.45.74 () {32 vars in 855 bytes} [Sat May 9 06:23:51 2026] GET /resource_providers/70ee559e-3412-45fe-aa70-d3e9c5b896a1/allocations => generated 54 bytes in 27 msecs (HTTP/1.1 200) 6 headers in 223 bytes (1 switches on core 0)
2026-05-09 06:23:57.319 8 INFO placement.requestlog [None req-8f366e0f-b6e6-4126-baf2-f542b721a1c0 - - - - - -] 10.0.0.205 "GET /" status: 200 len: 136 microversion: 1.0
2026-05-09 06:23:57.320 7 INFO placement.requestlog [None req-427288c7-da6f-448a-a627-f5adf2afcaf9 - - - - - -] 10.0.0.205 "GET /" status: 200 len: 136 microversion: 1.0
2026-05-09 06:24:07.319 8 INFO placement.requestlog [None req-ce48fb4d-1eff-4b5f-a8a5-55d7bbb67b89 - - - - - -] 10.0.0.205 "GET /" status: 200 len: 136 microversion: 1.0
2026-05-09 06:24:07.319 7 INFO placement.requestlog [None req-d847edd0-a819-470f-babc-f8d51cfd0b5f - - - - - -] 10.0.0.205 "GET /" status: 200 len: 136 microversion: 1.0
2026-05-09 06:24:15.625 7 INFO placement.requestlog [req-d670dcdf-6514-4ba8-9ab7-5173b09fe576 req-035a25ea-d953-4433-a209-45327c564a94 c0074f4b99a44c908ad8be34ff8dfd08 7a890f941a90475db2dc06545bd940e7 - - 55fb8b5937344f4da33c0d5667d0a12b 55fb8b5937344f4da33c0d5667d0a12b] 10.0.0.131 "GET /allocation_candidates?limit=1000&resources=DISK_GB%3A1%2CMEMORY_MB%3A512%2CVCPU%3A1&root_required=%21COMPUTE_STATUS_DISABLED" status: 200 len: 2442 microversion: 1.36 [pid: 7|app: 0|req: 308/616] 10.0.0.131 () {34 vars in 1011 bytes} [Sat May 9 06:24:15 2026] GET /allocation_candidates?limit=1000&resources=DISK_GB%3A1%2CMEMORY_MB%3A512%2CVCPU%3A1&root_required=%21COMPUTE_STATUS_DISABLED => generated 2442 bytes in 143 msecs (HTTP/1.1 200) 8 headers in 297 bytes (1 switches on core 0)
2026-05-09 06:24:15.656 8 INFO placement.requestlog [req-d670dcdf-6514-4ba8-9ab7-5173b09fe576 req-4a55eede-1e91-43e5-8d75-4dc9bc0bf329 c0074f4b99a44c908ad8be34ff8dfd08 7a890f941a90475db2dc06545bd940e7 - - 55fb8b5937344f4da33c0d5667d0a12b 55fb8b5937344f4da33c0d5667d0a12b] 10.0.0.131 "GET /allocations/4c6dbb89-9f8b-4b23-b2f5-f45f82878e2f" status: 200 len: 19 microversion: 1.28 [pid: 8|app: 0|req: 309/617] 10.0.0.131 () {34 vars in 860 bytes} [Sat May 9 06:24:15 2026] GET /allocations/4c6dbb89-9f8b-4b23-b2f5-f45f82878e2f => generated 19 bytes in 13 msecs (HTTP/1.1 200) 8 headers in 295 bytes (1 switches on core 0)
2026-05-09 06:24:15.725 7 INFO placement.requestlog [req-d670dcdf-6514-4ba8-9ab7-5173b09fe576 req-30491b09-e5f9-4701-baad-c60d29635c17 c0074f4b99a44c908ad8be34ff8dfd08 7a890f941a90475db2dc06545bd940e7 - - 55fb8b5937344f4da33c0d5667d0a12b 55fb8b5937344f4da33c0d5667d0a12b] 10.0.0.131 "PUT /allocations/4c6dbb89-9f8b-4b23-b2f5-f45f82878e2f" status: 204 len: 0 microversion: 1.36 [pid: 7|app: 0|req: 309/618] 10.0.0.131 () {38 vars in 913 bytes} [Sat May 9 06:24:15 2026] PUT /allocations/4c6dbb89-9f8b-4b23-b2f5-f45f82878e2f => generated 0 bytes in 65 msecs (HTTP/1.1 204) 5 headers in 199 bytes (1 switches on core 0)
2026-05-09 06:24:17.283 8 INFO placement.requestlog [req-d670dcdf-6514-4ba8-9ab7-5173b09fe576 req-d0ed2d92-f788-4ddf-9057-f787c491d594 c0074f4b99a44c908ad8be34ff8dfd08 7a890f941a90475db2dc06545bd940e7 - - 55fb8b5937344f4da33c0d5667d0a12b 55fb8b5937344f4da33c0d5667d0a12b] 199.204.45.74 "GET /allocations/4c6dbb89-9f8b-4b23-b2f5-f45f82878e2f" status: 200 len: 257 microversion: 1.28 [pid: 8|app: 0|req: 310/619] 199.204.45.74 () {34 vars in 861 bytes} [Sat May 9 06:24:17 2026] GET /allocations/4c6dbb89-9f8b-4b23-b2f5-f45f82878e2f => generated 257 bytes in 13 msecs (HTTP/1.1 200) 8 headers in 296 bytes (1 switches on core 0)
2026-05-09 06:24:17.319 8 INFO placement.requestlog [None req-9452fd8b-9d81-4c40-bf8a-b510607fa1db - - - - - -] 10.0.0.205 "GET /" status: 200 len: 136 microversion: 1.0
2026-05-09 06:24:17.319 7 INFO placement.requestlog [None req-248bc18f-9969-413e-8f24-3368a879a016 - - - - - -] 10.0.0.205 "GET /" status: 200 len: 136 microversion: 1.0
2026-05-09 06:24:18.330 8 INFO placement.requestlog [req-d670dcdf-6514-4ba8-9ab7-5173b09fe576 req-d98d0f58-7d6a-4a70-9492-6515c6ea39e0 c0074f4b99a44c908ad8be34ff8dfd08 7a890f941a90475db2dc06545bd940e7 - - 55fb8b5937344f4da33c0d5667d0a12b 55fb8b5937344f4da33c0d5667d0a12b] 199.204.45.74 "GET /resource_providers/70ee559e-3412-45fe-aa70-d3e9c5b896a1/allocations" status: 200 len: 152 microversion: 1.0 [pid: 8|app: 0|req: 312/622] 199.204.45.74 () {32 vars in 855 bytes} [Sat May 9 06:24:18 2026] GET /resource_providers/70ee559e-3412-45fe-aa70-d3e9c5b896a1/allocations => generated 152 bytes in 16 msecs (HTTP/1.1 200) 6 headers in 224 bytes (1 switches on core 0)
2026-05-09 06:24:18.358 7 INFO placement.requestlog [req-d670dcdf-6514-4ba8-9ab7-5173b09fe576 req-3b3b6e22-a49d-45bf-bc3f-a0de36cf147e c0074f4b99a44c908ad8be34ff8dfd08 7a890f941a90475db2dc06545bd940e7 - - 55fb8b5937344f4da33c0d5667d0a12b 55fb8b5937344f4da33c0d5667d0a12b] 199.204.45.74 "GET /allocations/4c6dbb89-9f8b-4b23-b2f5-f45f82878e2f" status: 200 len: 257 microversion: 1.28 [pid: 7|app: 0|req: 311/623] 199.204.45.74 () {34 vars in 861 bytes} [Sat May 9 06:24:18 2026] GET /allocations/4c6dbb89-9f8b-4b23-b2f5-f45f82878e2f => generated 257 bytes in 22 msecs (HTTP/1.1 200) 8 headers in 296 bytes (1 switches on core 0)
2026-05-09 06:24:20.019 8 INFO placement.requestlog [None req-2306c29f-46d1-4528-9bd6-bed98dff4890 49827beb4dcc4c0487740a79e745f8e7 7a890f941a90475db2dc06545bd940e7 - - 55fb8b5937344f4da33c0d5667d0a12b 55fb8b5937344f4da33c0d5667d0a12b] 10.0.0.45 "GET /resource_providers/c471480f-15b7-40cd-9159-6a73e29d7bc9/aggregates" status: 404 len: 235 microversion: 1.1 [pid: 8|app: 0|req: 313/624] 10.0.0.45 () {32 vars in 814 bytes} [Sat May 9 06:24:19 2026] GET /resource_providers/c471480f-15b7-40cd-9159-6a73e29d7bc9/aggregates => generated 235 bytes in 96 msecs (HTTP/1.1 404) 5 headers in 202 bytes (1 switches on core 0)
2026-05-09 06:24:20.038 7 INFO placement.requestlog [None req-d7b99780-acd2-4dfd-893b-47a0d5bc412e 49827beb4dcc4c0487740a79e745f8e7 7a890f941a90475db2dc06545bd940e7 - - 55fb8b5937344f4da33c0d5667d0a12b 55fb8b5937344f4da33c0d5667d0a12b] 10.0.0.45 "GET /resource_providers/c471480f-15b7-40cd-9159-6a73e29d7bc9/aggregates" status: 404 len: 235 microversion: 1.1 [pid: 7|app: 0|req: 312/625] 10.0.0.45 () {32 vars in 814 bytes} [Sat May 9 06:24:19 2026] GET /resource_providers/c471480f-15b7-40cd-9159-6a73e29d7bc9/aggregates => generated 235 bytes in 72 msecs (HTTP/1.1 404) 5 headers in 202 bytes (1 switches on core 0)
2026-05-09 06:24:20.054 8 INFO placement.requestlog [None req-74101910-9d32-4046-bfb4-c09847b9a448 49827beb4dcc4c0487740a79e745f8e7 7a890f941a90475db2dc06545bd940e7 - - 55fb8b5937344f4da33c0d5667d0a12b 55fb8b5937344f4da33c0d5667d0a12b] 10.0.0.45 "DELETE /resource_providers/c471480f-15b7-40cd-9159-6a73e29d7bc9" status: 404 len: 246 microversion: 1.1 [pid: 8|app: 0|req: 314/626] 10.0.0.45 () {34 vars in 814 bytes} [Sat May 9 06:24:20 2026] DELETE /resource_providers/c471480f-15b7-40cd-9159-6a73e29d7bc9 => generated 246 bytes in 8 msecs (HTTP/1.1 404) 6 headers in 231 bytes (1 switches on core 0)
2026-05-09 06:24:20.062 7 INFO placement.requestlog [None req-2791419e-19ea-4318-9b32-cfe199839892 49827beb4dcc4c0487740a79e745f8e7 7a890f941a90475db2dc06545bd940e7 - - 55fb8b5937344f4da33c0d5667d0a12b 55fb8b5937344f4da33c0d5667d0a12b] 10.0.0.45 "DELETE /resource_providers/c471480f-15b7-40cd-9159-6a73e29d7bc9" status: 404 len: 246 microversion: 1.1 [pid: 7|app: 0|req: 313/627] 10.0.0.45 () {34 vars in 814 bytes} [Sat May 9 06:24:20 2026] DELETE /resource_providers/c471480f-15b7-40cd-9159-6a73e29d7bc9 => generated 246 bytes in 10 msecs (HTTP/1.1 404) 6 headers in 231 bytes (1 switches on core 0)
2026-05-09 06:24:22.084 7 INFO placement.requestlog [None req-e9a331df-8204-46c6-a979-c718c0695692 49827beb4dcc4c0487740a79e745f8e7 7a890f941a90475db2dc06545bd940e7 - - 55fb8b5937344f4da33c0d5667d0a12b 55fb8b5937344f4da33c0d5667d0a12b] 10.0.0.45 "GET /resource_providers/46dfd6fb-8cd5-41f1-b2d3-f7f60591e06e/aggregates" status: 404 len: 235 microversion: 1.1 [pid: 7|app: 0|req: 314/628] 10.0.0.45 () {32 vars in 814 bytes} [Sat May 9 06:24:22 2026] GET /resource_providers/46dfd6fb-8cd5-41f1-b2d3-f7f60591e06e/aggregates => generated 235 bytes in 11 msecs (HTTP/1.1 404) 5 headers in 202 bytes (1 switches on core 0)
2026-05-09 06:24:22.085 8 INFO placement.requestlog [None req-48a45f67-574c-43d4-a82c-34c09b5c734e 49827beb4dcc4c0487740a79e745f8e7 7a890f941a90475db2dc06545bd940e7 - - 55fb8b5937344f4da33c0d5667d0a12b 55fb8b5937344f4da33c0d5667d0a12b] 10.0.0.45 "GET /resource_providers/46dfd6fb-8cd5-41f1-b2d3-f7f60591e06e/aggregates" status: 404 len: 235 microversion: 1.1 [pid: 8|app: 0|req: 315/629] 10.0.0.45 () {32 vars in 814 bytes} [Sat May 9 06:24:22 2026] GET /resource_providers/46dfd6fb-8cd5-41f1-b2d3-f7f60591e06e/aggregates => generated 235 bytes in 12 msecs (HTTP/1.1 404) 5 headers in 202 bytes (1 switches on core 0)
2026-05-09 06:24:22.115 7 INFO placement.requestlog [None req-bd3774f7-60a5-4fb4-a54f-f74775a70275 49827beb4dcc4c0487740a79e745f8e7 7a890f941a90475db2dc06545bd940e7 - - 55fb8b5937344f4da33c0d5667d0a12b 55fb8b5937344f4da33c0d5667d0a12b] 10.0.0.45 "DELETE /resource_providers/46dfd6fb-8cd5-41f1-b2d3-f7f60591e06e" status: 404 len: 246 microversion: 1.1 [pid: 7|app: 0|req: 315/630] 10.0.0.45 () {34 vars in 814 bytes} [Sat May 9 06:24:22 2026] DELETE /resource_providers/46dfd6fb-8cd5-41f1-b2d3-f7f60591e06e => generated 246 bytes in 13 msecs (HTTP/1.1 404) 6 headers in 231 bytes (1 switches on core 0)
2026-05-09 06:24:22.119 8 INFO placement.requestlog [None req-56e73582-2a4b-4524-a659-f830aeb9bba3 49827beb4dcc4c0487740a79e745f8e7 7a890f941a90475db2dc06545bd940e7 - - 55fb8b5937344f4da33c0d5667d0a12b 55fb8b5937344f4da33c0d5667d0a12b] 10.0.0.45 "DELETE /resource_providers/46dfd6fb-8cd5-41f1-b2d3-f7f60591e06e" status: 404 len: 246 microversion: 1.1 [pid: 8|app: 0|req: 316/631] 10.0.0.45 () {34 vars in 814 bytes} [Sat May 9 06:24:22 2026] DELETE /resource_providers/46dfd6fb-8cd5-41f1-b2d3-f7f60591e06e => generated 246 bytes in 13 msecs (HTTP/1.1 404) 6 headers in 231 bytes (1 switches on core 0)
2026-05-09 06:24:22.327 7 INFO placement.requestlog [req-7bc89b31-dc4d-4fb9-9e81-85fa1a407f90 req-59fb25ba-e2fd-4f4d-9c5e-b8f519177d43 c0074f4b99a44c908ad8be34ff8dfd08 7a890f941a90475db2dc06545bd940e7 - - 55fb8b5937344f4da33c0d5667d0a12b 55fb8b5937344f4da33c0d5667d0a12b] 10.0.0.131 "GET /allocation_candidates?limit=1000&resources=DISK_GB%3A1%2CMEMORY_MB%3A512%2CVCPU%3A1&root_required=%21COMPUTE_STATUS_DISABLED" status: 200 len: 2444 microversion: 1.36 [pid: 7|app: 0|req: 316/632] 10.0.0.131 () {34 vars in 1011 bytes} [Sat May 9 06:24:22 2026] GET /allocation_candidates?limit=1000&resources=DISK_GB%3A1%2CMEMORY_MB%3A512%2CVCPU%3A1&root_required=%21COMPUTE_STATUS_DISABLED => generated 2444 bytes in 65 msecs (HTTP/1.1 200) 8 headers in 297 bytes (1 switches on core 0)
2026-05-09 06:24:22.366 8 INFO placement.requestlog [req-7bc89b31-dc4d-4fb9-9e81-85fa1a407f90 req-cd8384d8-516b-4daf-9f72-17f77a929de2 c0074f4b99a44c908ad8be34ff8dfd08 7a890f941a90475db2dc06545bd940e7 - - 55fb8b5937344f4da33c0d5667d0a12b 55fb8b5937344f4da33c0d5667d0a12b] 10.0.0.131 "GET /allocations/7a726e08-9d7a-4dea-801e-16282ef7a13b" status: 200 len: 19 microversion: 1.28 [pid: 8|app: 0|req: 317/633] 10.0.0.131 () {34 vars in 860 bytes} [Sat May 9 06:24:22 2026] GET /allocations/7a726e08-9d7a-4dea-801e-16282ef7a13b => generated 19 bytes in 15 msecs (HTTP/1.1 200) 8 headers in 295 bytes (1 switches on core 0)
2026-05-09 06:24:22.441 7 INFO placement.requestlog [req-7bc89b31-dc4d-4fb9-9e81-85fa1a407f90 req-af5f15ba-b981-4d68-b83c-c136750ab0c1 c0074f4b99a44c908ad8be34ff8dfd08 7a890f941a90475db2dc06545bd940e7 - - 55fb8b5937344f4da33c0d5667d0a12b 55fb8b5937344f4da33c0d5667d0a12b] 10.0.0.131 "PUT /allocations/7a726e08-9d7a-4dea-801e-16282ef7a13b" status: 204 len: 0 microversion: 1.36 [pid: 7|app: 0|req: 317/634] 10.0.0.131 () {38 vars in 913 bytes} [Sat May 9 06:24:22 2026] PUT /allocations/7a726e08-9d7a-4dea-801e-16282ef7a13b => generated 0 bytes in 70 msecs (HTTP/1.1 204) 5 headers in 199 bytes (1 switches on core 0)
2026-05-09 06:24:23.926 8 INFO placement.requestlog [req-7bc89b31-dc4d-4fb9-9e81-85fa1a407f90 req-bd333a3e-1407-4d1f-b342-2d1800913a90 c0074f4b99a44c908ad8be34ff8dfd08 7a890f941a90475db2dc06545bd940e7 - - 55fb8b5937344f4da33c0d5667d0a12b 55fb8b5937344f4da33c0d5667d0a12b] 199.204.45.74 "GET /allocations/7a726e08-9d7a-4dea-801e-16282ef7a13b" status: 200 len: 257 microversion: 1.28 [pid: 8|app: 0|req: 318/635] 199.204.45.74 () {34 vars in 861 bytes} [Sat May 9 06:24:23 2026] GET /allocations/7a726e08-9d7a-4dea-801e-16282ef7a13b => generated 257 bytes in 37 msecs (HTTP/1.1 200) 8 headers in 296 bytes (1 switches on core 0)
2026-05-09 06:24:24.970 7 INFO placement.requestlog [req-7bc89b31-dc4d-4fb9-9e81-85fa1a407f90 req-49c26c4d-fa28-405d-bb25-97d9716d61f4 c0074f4b99a44c908ad8be34ff8dfd08 7a890f941a90475db2dc06545bd940e7 - - 55fb8b5937344f4da33c0d5667d0a12b 55fb8b5937344f4da33c0d5667d0a12b] 199.204.45.74 "GET /resource_providers/70ee559e-3412-45fe-aa70-d3e9c5b896a1/allocations" status: 200 len: 252 microversion: 1.0 [pid: 7|app: 0|req: 318/636] 199.204.45.74 () {32 vars in 855 bytes} [Sat May 9 06:24:24 2026] GET /resource_providers/70ee559e-3412-45fe-aa70-d3e9c5b896a1/allocations => generated 252 bytes in 17 msecs (HTTP/1.1 200) 6 headers in 224 bytes (1 switches on core 0)
2026-05-09 06:24:25.001 8 INFO placement.requestlog [req-7bc89b31-dc4d-4fb9-9e81-85fa1a407f90 req-b2d50cbe-2d21-4b36-8c10-6888f265ebcc c0074f4b99a44c908ad8be34ff8dfd08 7a890f941a90475db2dc06545bd940e7 - - 55fb8b5937344f4da33c0d5667d0a12b 55fb8b5937344f4da33c0d5667d0a12b] 199.204.45.74 "GET /allocations/4c6dbb89-9f8b-4b23-b2f5-f45f82878e2f" status: 200 len: 257 microversion: 1.28 [pid: 8|app: 0|req: 319/637] 199.204.45.74 () {34 vars in 861 bytes} [Sat May 9 06:24:24 2026] GET /allocations/4c6dbb89-9f8b-4b23-b2f5-f45f82878e2f => generated 257 bytes in 21 msecs (HTTP/1.1 200) 8 headers in 296 bytes (1 switches on core 0)
2026-05-09 06:24:25.026 7 INFO placement.requestlog [req-7bc89b31-dc4d-4fb9-9e81-85fa1a407f90 req-9c2e14e4-f3e5-41d6-8b8e-e761890dbda6 c0074f4b99a44c908ad8be34ff8dfd08 7a890f941a90475db2dc06545bd940e7 - - 55fb8b5937344f4da33c0d5667d0a12b 55fb8b5937344f4da33c0d5667d0a12b] 199.204.45.74 "GET /allocations/7a726e08-9d7a-4dea-801e-16282ef7a13b" status: 200 len: 257 microversion: 1.28 [pid: 7|app: 0|req: 319/638] 199.204.45.74 () {34 vars in 861 bytes} [Sat May 9 06:24:25 2026] GET /allocations/7a726e08-9d7a-4dea-801e-16282ef7a13b => generated 257 bytes in 18 msecs (HTTP/1.1 200) 8 headers in 296 bytes (1 switches on core 0)
2026-05-09 06:24:27.319 7 INFO placement.requestlog [None req-2875e562-f667-41b8-b2fa-cc9288c25650 - - - - - -] 10.0.0.205 "GET /" status: 200 len: 136 microversion: 1.0
2026-05-09 06:24:27.320 8 INFO placement.requestlog [None req-2081c8ed-5002-45eb-9b9c-7994d00a7913 - - - - - -] 10.0.0.205 "GET /" status: 200 len: 136 microversion: 1.0
2026-05-09 06:24:32.665 7 INFO placement.requestlog [req-01ec0a9d-c12e-4763-b39f-b9ce6356f5a1 req-cdf4c3f5-aa33-4272-96fe-4c4e29af597e c0074f4b99a44c908ad8be34ff8dfd08 7a890f941a90475db2dc06545bd940e7 - - 55fb8b5937344f4da33c0d5667d0a12b 55fb8b5937344f4da33c0d5667d0a12b] 10.0.0.131 "GET /allocation_candidates?limit=1000&resources=DISK_GB%3A1%2CMEMORY_MB%3A512%2CVCPU%3A1&root_required=%21COMPUTE_STATUS_DISABLED" status: 200 len: 2445 microversion: 1.36 [pid: 7|app: 0|req: 321/641] 10.0.0.131 () {34 vars in 1011 bytes} [Sat May 9 06:24:32 2026] GET /allocation_candidates?limit=1000&resources=DISK_GB%3A1%2CMEMORY_MB%3A512%2CVCPU%3A1&root_required=%21COMPUTE_STATUS_DISABLED => generated 2445 bytes in 85 msecs (HTTP/1.1 200) 8 headers in 297 bytes (1 switches on core 0)
2026-05-09 06:24:32.696 8 INFO placement.requestlog [req-01ec0a9d-c12e-4763-b39f-b9ce6356f5a1 req-0e4f1374-8cff-48b5-b6ff-0f8d687423ac c0074f4b99a44c908ad8be34ff8dfd08 7a890f941a90475db2dc06545bd940e7 - - 55fb8b5937344f4da33c0d5667d0a12b 55fb8b5937344f4da33c0d5667d0a12b] 10.0.0.131 "GET /allocations/af4ddd71-1884-4eab-adb8-317b997e1361" status: 200 len: 19 microversion: 1.28 [pid: 8|app: 0|req: 321/642] 10.0.0.131 () {34 vars in 860 bytes} [Sat May 9 06:24:32 2026] GET /allocations/af4ddd71-1884-4eab-adb8-317b997e1361 => generated 19 bytes in 13 msecs (HTTP/1.1 200) 8 headers in 295 bytes (1 switches on core 0)
2026-05-09 06:24:32.779 7 INFO placement.requestlog [req-01ec0a9d-c12e-4763-b39f-b9ce6356f5a1 req-ed1453be-2330-4b0e-9223-9d7fe06e0c3b c0074f4b99a44c908ad8be34ff8dfd08 7a890f941a90475db2dc06545bd940e7 - - 55fb8b5937344f4da33c0d5667d0a12b 55fb8b5937344f4da33c0d5667d0a12b] 10.0.0.131 "PUT /allocations/af4ddd71-1884-4eab-adb8-317b997e1361" status: 204 len: 0 microversion: 1.36 [pid: 7|app: 0|req: 322/643] 10.0.0.131 () {38 vars in 913 bytes} [Sat May 9 06:24:32 2026] PUT /allocations/af4ddd71-1884-4eab-adb8-317b997e1361 => generated 0 bytes in 77 msecs (HTTP/1.1 204) 5 headers in 199 bytes (1 switches on core 0)
2026-05-09 06:24:34.358 8 INFO placement.requestlog [req-01ec0a9d-c12e-4763-b39f-b9ce6356f5a1 req-bcf80661-9710-44e2-90bc-fb319f9edabd c0074f4b99a44c908ad8be34ff8dfd08 7a890f941a90475db2dc06545bd940e7 - - 55fb8b5937344f4da33c0d5667d0a12b 55fb8b5937344f4da33c0d5667d0a12b] 199.204.45.74 "GET /allocations/af4ddd71-1884-4eab-adb8-317b997e1361" status: 200 len: 257 microversion: 1.28 [pid: 8|app: 0|req: 322/644] 199.204.45.74 () {34 vars in 861 bytes} [Sat May 9 06:24:34 2026] GET /allocations/af4ddd71-1884-4eab-adb8-317b997e1361 => generated 257 bytes in 13 msecs (HTTP/1.1 200) 8 headers in 296 bytes (1 switches on core 0)
2026-05-09 06:24:35.400 7 INFO placement.requestlog [req-01ec0a9d-c12e-4763-b39f-b9ce6356f5a1 req-5aa58339-b9f9-4005-9bf1-ca596fc4d664 c0074f4b99a44c908ad8be34ff8dfd08 7a890f941a90475db2dc06545bd940e7 - - 55fb8b5937344f4da33c0d5667d0a12b 55fb8b5937344f4da33c0d5667d0a12b] 199.204.45.74 "GET /resource_providers/70ee559e-3412-45fe-aa70-d3e9c5b896a1/allocations" status: 200 len: 352 microversion: 1.0 [pid: 7|app: 0|req: 323/645] 199.204.45.74 () {32 vars in 855 bytes} [Sat May 9 06:24:35 2026] GET /resource_providers/70ee559e-3412-45fe-aa70-d3e9c5b896a1/allocations => generated 352 bytes in 17 msecs (HTTP/1.1 200) 6 headers in 224 bytes (1 switches on core 0)
2026-05-09 06:24:35.419 8 INFO placement.requestlog [req-01ec0a9d-c12e-4763-b39f-b9ce6356f5a1 req-504b2a89-13d4-4d4c-a98b-49c90e00895e c0074f4b99a44c908ad8be34ff8dfd08 7a890f941a90475db2dc06545bd940e7 - - 55fb8b5937344f4da33c0d5667d0a12b 55fb8b5937344f4da33c0d5667d0a12b] 199.204.45.74 "GET /allocations/4c6dbb89-9f8b-4b23-b2f5-f45f82878e2f" status: 200 len: 257 microversion: 1.28 [pid: 8|app: 0|req: 323/646] 199.204.45.74 () {34 vars in 861 bytes} [Sat May 9 06:24:35 2026] GET /allocations/4c6dbb89-9f8b-4b23-b2f5-f45f82878e2f => generated 257 bytes in 15 msecs (HTTP/1.1 200) 8 headers in 296 bytes (1 switches on core 0)
2026-05-09 06:24:35.436 7 INFO placement.requestlog [req-01ec0a9d-c12e-4763-b39f-b9ce6356f5a1 req-9328fac6-3eaf-4d5a-9f2f-c989c5f7a331 c0074f4b99a44c908ad8be34ff8dfd08 7a890f941a90475db2dc06545bd940e7 - - 55fb8b5937344f4da33c0d5667d0a12b 55fb8b5937344f4da33c0d5667d0a12b] 199.204.45.74 "GET /allocations/af4ddd71-1884-4eab-adb8-317b997e1361" status: 200 len: 257 microversion: 1.28 [pid: 7|app: 0|req: 324/647] 199.204.45.74 () {34 vars in 861 bytes} [Sat May 9 06:24:35 2026] GET /allocations/af4ddd71-1884-4eab-adb8-317b997e1361 => generated 257 bytes in 10 msecs (HTTP/1.1 200) 8 headers in 296 bytes (1 switches on core 0)
2026-05-09 06:24:35.459 8 INFO placement.requestlog [req-01ec0a9d-c12e-4763-b39f-b9ce6356f5a1 req-ce2edd87-656c-4297-b564-5885c065b382 c0074f4b99a44c908ad8be34ff8dfd08 7a890f941a90475db2dc06545bd940e7 - - 55fb8b5937344f4da33c0d5667d0a12b 55fb8b5937344f4da33c0d5667d0a12b] 199.204.45.74 "GET /allocations/7a726e08-9d7a-4dea-801e-16282ef7a13b" status: 200 len: 257 microversion: 1.28 [pid: 8|app: 0|req: 324/648] 199.204.45.74 () {34 vars in 861 bytes} [Sat May 9 06:24:35 2026] GET /allocations/7a726e08-9d7a-4dea-801e-16282ef7a13b => generated 257 bytes in 19 msecs (HTTP/1.1 200) 8 headers in 296 bytes (1 switches on core 0)
2026-05-09 06:24:36.822 7 INFO placement.requestlog [req-420bdab5-2648-46e4-aed2-57b9cfb4e3b6 req-d13e7200-dafe-427f-9cbc-389a238c6bf7 c0074f4b99a44c908ad8be34ff8dfd08 7a890f941a90475db2dc06545bd940e7 - - 55fb8b5937344f4da33c0d5667d0a12b 55fb8b5937344f4da33c0d5667d0a12b] 10.0.0.131 "GET /allocation_candidates?limit=1000&resources=MEMORY_MB%3A512%2CVCPU%3A1&root_required=%21COMPUTE_STATUS_DISABLED" status: 200 len: 2431 microversion: 1.36 [pid: 7|app: 0|req: 325/649] 10.0.0.131 () {34 vars in 983 bytes} [Sat May 9 06:24:36 2026] GET /allocation_candidates?limit=1000&resources=MEMORY_MB%3A512%2CVCPU%3A1&root_required=%21COMPUTE_STATUS_DISABLED => generated 2431 bytes in 38 msecs (HTTP/1.1 200) 8 headers in 297 bytes (1 switches on core 0)
2026-05-09 06:24:36.850 8 INFO placement.requestlog [req-420bdab5-2648-46e4-aed2-57b9cfb4e3b6 req-761cb93d-b57c-48ff-a9b9-e4be0f18adf4 c0074f4b99a44c908ad8be34ff8dfd08 7a890f941a90475db2dc06545bd940e7 - - 55fb8b5937344f4da33c0d5667d0a12b 55fb8b5937344f4da33c0d5667d0a12b] 10.0.0.131 "GET /allocations/9881a9fc-3501-4c2b-af59-3d66da6a4f9c" status: 200 len: 19 microversion: 1.28 [pid: 8|app: 0|req: 325/650] 10.0.0.131 () {34 vars in 860 bytes} [Sat May 9 06:24:36 2026] GET /allocations/9881a9fc-3501-4c2b-af59-3d66da6a4f9c => generated 19 bytes in 12 msecs (HTTP/1.1 200) 8 headers in 295 bytes (1 switches on core 0)
2026-05-09 06:24:36.911 7 INFO placement.requestlog [req-420bdab5-2648-46e4-aed2-57b9cfb4e3b6 req-e99b4fbf-74e9-47e7-934f-31dfd423eb95 c0074f4b99a44c908ad8be34ff8dfd08 7a890f941a90475db2dc06545bd940e7 - - 55fb8b5937344f4da33c0d5667d0a12b 55fb8b5937344f4da33c0d5667d0a12b] 10.0.0.131 "PUT /allocations/9881a9fc-3501-4c2b-af59-3d66da6a4f9c" status: 204 len: 0 microversion: 1.36 [pid: 7|app: 0|req: 326/651] 10.0.0.131 () {38 vars in 913 bytes} [Sat May 9 06:24:36 2026] PUT /allocations/9881a9fc-3501-4c2b-af59-3d66da6a4f9c => generated 0 bytes in 54 msecs (HTTP/1.1 204) 5 headers in 199 bytes (1 switches on core 0)
2026-05-09 06:24:37.320 8 INFO placement.requestlog [None req-c60b125c-cac2-4302-b2a0-464d825b209b - - - - - -] 10.0.0.205 "GET /" status: 200 len: 136 microversion: 1.0
2026-05-09 06:24:37.320 7 INFO placement.requestlog [None req-3e52865e-5e91-4b14-b9ae-6196712bf857 - - - - - -] 10.0.0.205 "GET /" status: 200 len: 136 microversion: 1.0
2026-05-09 06:24:38.477 8 INFO placement.requestlog [req-420bdab5-2648-46e4-aed2-57b9cfb4e3b6 req-ba3de14a-828e-4940-b275-dbea849e4ed3 c0074f4b99a44c908ad8be34ff8dfd08 7a890f941a90475db2dc06545bd940e7 - - 55fb8b5937344f4da33c0d5667d0a12b 55fb8b5937344f4da33c0d5667d0a12b] 199.204.45.74 "GET /allocations/9881a9fc-3501-4c2b-af59-3d66da6a4f9c" status: 200 len: 243 microversion: 1.28 [pid: 8|app: 0|req: 327/654] 199.204.45.74 () {34 vars in 861 bytes} [Sat May 9 06:24:38 2026] GET /allocations/9881a9fc-3501-4c2b-af59-3d66da6a4f9c => generated 243 bytes in 13 msecs (HTTP/1.1 200) 8 headers in 296 bytes (1 switches on core 0)
2026-05-09 06:24:39.522 7 INFO placement.requestlog [req-420bdab5-2648-46e4-aed2-57b9cfb4e3b6 req-63a999ff-f1dd-4dc6-975d-1c5a365f4d9d c0074f4b99a44c908ad8be34ff8dfd08 7a890f941a90475db2dc06545bd940e7 - - 55fb8b5937344f4da33c0d5667d0a12b 55fb8b5937344f4da33c0d5667d0a12b] 199.204.45.74 "GET /resource_providers/70ee559e-3412-45fe-aa70-d3e9c5b896a1/allocations" status: 200 len: 438 microversion: 1.0 [pid: 7|app: 0|req: 328/655] 199.204.45.74 () {32 vars in 855 bytes} [Sat May 9 06:24:39 2026] GET /resource_providers/70ee559e-3412-45fe-aa70-d3e9c5b896a1/allocations => generated 438 bytes in 20 msecs (HTTP/1.1 200) 6 headers in 224 bytes (1 switches on core 0)
2026-05-09 06:24:39.536 8 INFO placement.requestlog [req-420bdab5-2648-46e4-aed2-57b9cfb4e3b6 req-733fe37b-1d86-4df0-abf4-e09844fb7080 c0074f4b99a44c908ad8be34ff8dfd08 7a890f941a90475db2dc06545bd940e7 - - 55fb8b5937344f4da33c0d5667d0a12b 55fb8b5937344f4da33c0d5667d0a12b] 199.204.45.74 "GET /allocations/9881a9fc-3501-4c2b-af59-3d66da6a4f9c" status: 200 len: 243 microversion: 1.28 [pid: 8|app: 0|req: 328/656] 199.204.45.74 () {34 vars in 861 bytes} [Sat May 9 06:24:39 2026] GET /allocations/9881a9fc-3501-4c2b-af59-3d66da6a4f9c => generated 243 bytes in 10 msecs (HTTP/1.1 200) 8 headers in 296 bytes (1 switches on core 0)
2026-05-09 06:24:39.560 7 INFO placement.requestlog [req-420bdab5-2648-46e4-aed2-57b9cfb4e3b6 req-9c215233-9249-4ded-bc5b-07e7bd634d87 c0074f4b99a44c908ad8be34ff8dfd08 7a890f941a90475db2dc06545bd940e7 - - 55fb8b5937344f4da33c0d5667d0a12b 55fb8b5937344f4da33c0d5667d0a12b] 199.204.45.74 "GET /allocations/4c6dbb89-9f8b-4b23-b2f5-f45f82878e2f" status: 200 len: 257 microversion: 1.28 [pid: 7|app: 0|req: 329/657] 199.204.45.74 () {34 vars in 861 bytes} [Sat May 9 06:24:39 2026] GET /allocations/4c6dbb89-9f8b-4b23-b2f5-f45f82878e2f => generated 257 bytes in 18 msecs (HTTP/1.1 200) 8 headers in 296 bytes (1 switches on core 0)
2026-05-09 06:24:39.584 8 INFO placement.requestlog [req-420bdab5-2648-46e4-aed2-57b9cfb4e3b6 req-0abb969a-5461-47d0-bcfd-25171ad6cdf3 c0074f4b99a44c908ad8be34ff8dfd08 7a890f941a90475db2dc06545bd940e7 - - 55fb8b5937344f4da33c0d5667d0a12b 55fb8b5937344f4da33c0d5667d0a12b] 199.204.45.74 "GET /allocations/af4ddd71-1884-4eab-adb8-317b997e1361" status: 200 len: 257 microversion: 1.28 [pid: 8|app: 0|req: 329/658] 199.204.45.74 () {34 vars in 861 bytes} [Sat May 9 06:24:39 2026] GET /allocations/af4ddd71-1884-4eab-adb8-317b997e1361 => generated 257 bytes in 18 msecs (HTTP/1.1 200) 8 headers in 296 bytes (1 switches on core 0)
2026-05-09 06:24:39.607 7 INFO placement.requestlog [req-420bdab5-2648-46e4-aed2-57b9cfb4e3b6 req-b485f0a7-af8c-4625-bb69-42dad0efbc95 c0074f4b99a44c908ad8be34ff8dfd08 7a890f941a90475db2dc06545bd940e7 - - 55fb8b5937344f4da33c0d5667d0a12b 55fb8b5937344f4da33c0d5667d0a12b] 199.204.45.74 "GET /allocations/7a726e08-9d7a-4dea-801e-16282ef7a13b" status: 200 len: 257 microversion: 1.28 [pid: 7|app: 0|req: 330/659] 199.204.45.74 () {34 vars in 861 bytes} [Sat May 9 06:24:39 2026] GET /allocations/7a726e08-9d7a-4dea-801e-16282ef7a13b => generated 257 bytes in 20 msecs (HTTP/1.1 200) 8 headers in 296 bytes (1 switches on core 0)
2026-05-09 06:24:47.196 8 INFO placement.requestlog [req-2be34f27-94f8-43a2-b440-ebc86ce60750 req-ada83f6f-fe22-417f-a960-76dd49c8a28a c0074f4b99a44c908ad8be34ff8dfd08 7a890f941a90475db2dc06545bd940e7 - - 55fb8b5937344f4da33c0d5667d0a12b 55fb8b5937344f4da33c0d5667d0a12b] 199.204.45.74 "GET /resource_providers/70ee559e-3412-45fe-aa70-d3e9c5b896a1/allocations" status: 200 len: 438 microversion: 1.0 [pid: 8|app: 0|req: 330/660] 199.204.45.74 () {32 vars in 855 bytes} [Sat May 9 06:24:47 2026] GET /resource_providers/70ee559e-3412-45fe-aa70-d3e9c5b896a1/allocations => generated 438 bytes in 28 msecs (HTTP/1.1 200) 6 headers in 224 bytes (1 switches on core 0)
2026-05-09 06:24:47.215 7 INFO placement.requestlog [req-2be34f27-94f8-43a2-b440-ebc86ce60750 req-9cb19408-9645-428c-abff-ec660295dfdc c0074f4b99a44c908ad8be34ff8dfd08 7a890f941a90475db2dc06545bd940e7 - - 55fb8b5937344f4da33c0d5667d0a12b 55fb8b5937344f4da33c0d5667d0a12b] 199.204.45.74 "GET /allocations/9881a9fc-3501-4c2b-af59-3d66da6a4f9c" status: 200 len: 243 microversion: 1.28 [pid: 7|app: 0|req: 331/661] 199.204.45.74 () {34 vars in 861 bytes} [Sat May 9 06:24:47 2026] GET /allocations/9881a9fc-3501-4c2b-af59-3d66da6a4f9c => generated 243 bytes in 15 msecs (HTTP/1.1 200) 8 headers in 296 bytes (1 switches on core 0)
2026-05-09 06:24:47.230 8 INFO placement.requestlog [req-2be34f27-94f8-43a2-b440-ebc86ce60750 req-510a1528-82b5-4ac2-ac4c-a2168d325d40 c0074f4b99a44c908ad8be34ff8dfd08 7a890f941a90475db2dc06545bd940e7 - - 55fb8b5937344f4da33c0d5667d0a12b 55fb8b5937344f4da33c0d5667d0a12b] 199.204.45.74 "GET /allocations/4c6dbb89-9f8b-4b23-b2f5-f45f82878e2f" status: 200 len: 257 microversion: 1.28 [pid: 8|app: 0|req: 331/662] 199.204.45.74 () {34 vars in 861 bytes} [Sat May 9 06:24:47 2026] GET /allocations/4c6dbb89-9f8b-4b23-b2f5-f45f82878e2f => generated 257 bytes in 12 msecs (HTTP/1.1 200) 8 headers in 296 bytes (1 switches on core 0)
2026-05-09 06:24:47.252 7 INFO placement.requestlog [req-2be34f27-94f8-43a2-b440-ebc86ce60750 req-b15b6ad1-6e17-4654-a47b-6a280ee1a1cb c0074f4b99a44c908ad8be34ff8dfd08 7a890f941a90475db2dc06545bd940e7 - - 55fb8b5937344f4da33c0d5667d0a12b 55fb8b5937344f4da33c0d5667d0a12b] 199.204.45.74 "GET /allocations/af4ddd71-1884-4eab-adb8-317b997e1361" status: 200 len: 257 microversion: 1.28 [pid: 7|app: 0|req: 332/663] 199.204.45.74 () {34 vars in 861 bytes} [Sat May 9 06:24:47 2026] GET /allocations/af4ddd71-1884-4eab-adb8-317b997e1361 => generated 257 bytes in 13 msecs (HTTP/1.1 200) 8 headers in 296 bytes (1 switches on core 0)
2026-05-09 06:24:47.270 8 INFO placement.requestlog [req-2be34f27-94f8-43a2-b440-ebc86ce60750 req-8a517624-1d82-45b2-9ce9-37a2db4bbf5e c0074f4b99a44c908ad8be34ff8dfd08 7a890f941a90475db2dc06545bd940e7 - - 55fb8b5937344f4da33c0d5667d0a12b 55fb8b5937344f4da33c0d5667d0a12b] 199.204.45.74 "GET /allocations/7a726e08-9d7a-4dea-801e-16282ef7a13b" status: 200 len: 257 microversion: 1.28 [pid: 8|app: 0|req: 332/664] 199.204.45.74 () {34 vars in 861 bytes} [Sat May 9 06:24:47 2026] GET /allocations/7a726e08-9d7a-4dea-801e-16282ef7a13b => generated 257 bytes in 13 msecs (HTTP/1.1 200) 8 headers in 296 bytes (1 switches on core 0)
2026-05-09 06:24:47.318 8 INFO placement.requestlog [None req-116387e1-9770-4632-869f-a282895c1e3f - - - - - -] 10.0.0.205 "GET /" status: 200 len: 136 microversion: 1.0
2026-05-09 06:24:47.318 7 INFO placement.requestlog [None req-02548c11-96e6-4159-9ac7-4a0c8ce25efe - - - - - -] 10.0.0.205 "GET /" status: 200 len: 136 microversion: 1.0
2026-05-09 06:24:48.322 8 INFO placement.requestlog [req-2be34f27-94f8-43a2-b440-ebc86ce60750 req-d56ef1e7-0985-42e8-9ddc-4563d975d5f6 c0074f4b99a44c908ad8be34ff8dfd08 7a890f941a90475db2dc06545bd940e7 - - 55fb8b5937344f4da33c0d5667d0a12b 55fb8b5937344f4da33c0d5667d0a12b] 199.204.45.74 "DELETE /allocations/4c6dbb89-9f8b-4b23-b2f5-f45f82878e2f" status: 204 len: 0 microversion: 1.0 [pid: 8|app: 0|req: 334/667] 199.204.45.74 () {34 vars in 839 bytes} [Sat May 9 06:24:48 2026] DELETE /allocations/4c6dbb89-9f8b-4b23-b2f5-f45f82878e2f => generated 0 bytes in 28 msecs (HTTP/1.1 204) 5 headers in 198 bytes (1 switches on core 0)
2026-05-09 06:24:52.791 7 INFO placement.requestlog [None req-438ad8fc-f2c6-44b6-b938-d8a521ad807b 49827beb4dcc4c0487740a79e745f8e7 7a890f941a90475db2dc06545bd940e7 - - 55fb8b5937344f4da33c0d5667d0a12b 55fb8b5937344f4da33c0d5667d0a12b] 10.0.0.45 "GET /resource_providers/4ac30e88-c0ca-4afd-b1a2-6d8f7f7e5eab/aggregates" status: 404 len: 235 microversion: 1.1 [pid: 7|app: 0|req: 334/668] 10.0.0.45 () {32 vars in 814 bytes} [Sat May 9 06:24:52 2026] GET /resource_providers/4ac30e88-c0ca-4afd-b1a2-6d8f7f7e5eab/aggregates => generated 235 bytes in 123 msecs (HTTP/1.1 404) 5 headers in 202 bytes (1 switches on core 0)
2026-05-09 06:24:52.802 8 INFO placement.requestlog [None req-cab7712a-269d-4947-9624-6fd8eb12c623 49827beb4dcc4c0487740a79e745f8e7 7a890f941a90475db2dc06545bd940e7 - - 55fb8b5937344f4da33c0d5667d0a12b 55fb8b5937344f4da33c0d5667d0a12b] 10.0.0.45 "GET /resource_providers/4ac30e88-c0ca-4afd-b1a2-6d8f7f7e5eab/aggregates" status: 404 len: 235 microversion: 1.1 [pid: 8|app: 0|req: 335/669] 10.0.0.45 () {32 vars in 814 bytes} [Sat May 9 06:24:52 2026] GET /resource_providers/4ac30e88-c0ca-4afd-b1a2-6d8f7f7e5eab/aggregates => generated 235 bytes in 114 msecs (HTTP/1.1 404) 5 headers in 202 bytes (1 switches on core 0)
2026-05-09 06:24:52.819 7 INFO placement.requestlog [None req-6cedf602-3978-43e3-aae2-761d0df07eb5 49827beb4dcc4c0487740a79e745f8e7 7a890f941a90475db2dc06545bd940e7 - - 55fb8b5937344f4da33c0d5667d0a12b 55fb8b5937344f4da33c0d5667d0a12b] 10.0.0.45 "DELETE /resource_providers/4ac30e88-c0ca-4afd-b1a2-6d8f7f7e5eab" status: 404 len: 246 microversion: 1.1 [pid: 7|app: 0|req: 335/670] 10.0.0.45 () {34 vars in 814 bytes} [Sat May 9 06:24:52 2026] DELETE /resource_providers/4ac30e88-c0ca-4afd-b1a2-6d8f7f7e5eab => generated 246 bytes in 11 msecs (HTTP/1.1 404) 6 headers in 231 bytes (1 switches on core 0)
2026-05-09 06:24:52.823 8 INFO placement.requestlog [None req-1fe9f64f-00ec-44aa-b686-cf792b4e7e34 49827beb4dcc4c0487740a79e745f8e7 7a890f941a90475db2dc06545bd940e7 - - 55fb8b5937344f4da33c0d5667d0a12b 55fb8b5937344f4da33c0d5667d0a12b] 10.0.0.45 "DELETE /resource_providers/4ac30e88-c0ca-4afd-b1a2-6d8f7f7e5eab" status: 404 len: 246 microversion: 1.1 [pid: 8|app: 0|req: 336/671] 10.0.0.45 () {34 vars in 814 bytes} [Sat May 9 06:24:52 2026] DELETE /resource_providers/4ac30e88-c0ca-4afd-b1a2-6d8f7f7e5eab => generated 246 bytes in 7 msecs (HTTP/1.1 404) 6 headers in 231 bytes (1 switches on core 0)
2026-05-09 06:24:55.243 7 INFO placement.requestlog [req-3f69546d-f64f-4a29-9116-d03f701c5dc1 req-c1fe0761-acc8-44c3-a3d2-743bb585ebe7 c0074f4b99a44c908ad8be34ff8dfd08 7a890f941a90475db2dc06545bd940e7 - - 55fb8b5937344f4da33c0d5667d0a12b 55fb8b5937344f4da33c0d5667d0a12b] 199.204.45.74 "GET /resource_providers/70ee559e-3412-45fe-aa70-d3e9c5b896a1/allocations" status: 200 len: 338 microversion: 1.0 [pid: 7|app: 0|req: 336/672] 199.204.45.74 () {32 vars in 855 bytes} [Sat May 9 06:24:55 2026] GET /resource_providers/70ee559e-3412-45fe-aa70-d3e9c5b896a1/allocations => generated 338 bytes in 23 msecs (HTTP/1.1 200) 6 headers in 224 bytes (1 switches on core 0)
2026-05-09 06:24:55.266 8 INFO placement.requestlog [req-3f69546d-f64f-4a29-9116-d03f701c5dc1 req-1ebac3c7-d3b4-4805-a55d-da75bc099c0e c0074f4b99a44c908ad8be34ff8dfd08 7a890f941a90475db2dc06545bd940e7 - - 55fb8b5937344f4da33c0d5667d0a12b 55fb8b5937344f4da33c0d5667d0a12b] 199.204.45.74 "GET /resource_providers/70ee559e-3412-45fe-aa70-d3e9c5b896a1/allocations" status: 200 len: 338 microversion: 1.0 [pid: 8|app: 0|req: 337/673] 199.204.45.74 () {32 vars in 855 bytes} [Sat May 9 06:24:55 2026] GET /resource_providers/70ee559e-3412-45fe-aa70-d3e9c5b896a1/allocations => generated 338 bytes in 17 msecs (HTTP/1.1 200) 6 headers in 224 bytes (1 switches on core 0)
2026-05-09 06:24:55.285 7 INFO placement.requestlog [req-3f69546d-f64f-4a29-9116-d03f701c5dc1 req-df06afdb-e494-46ab-b9e2-9204c0d0f5fb c0074f4b99a44c908ad8be34ff8dfd08 7a890f941a90475db2dc06545bd940e7 - - 55fb8b5937344f4da33c0d5667d0a12b 55fb8b5937344f4da33c0d5667d0a12b] 199.204.45.74 "GET /allocations/9881a9fc-3501-4c2b-af59-3d66da6a4f9c" status: 200 len: 243 microversion: 1.28 [pid: 7|app: 0|req: 337/674] 199.204.45.74 () {34 vars in 861 bytes} [Sat May 9 06:24:55 2026] GET /allocations/9881a9fc-3501-4c2b-af59-3d66da6a4f9c => generated 243 bytes in 13 msecs (HTTP/1.1 200) 8 headers in 296 bytes (1 switches on core 0)
2026-05-09 06:24:55.302 8 INFO placement.requestlog [req-3f69546d-f64f-4a29-9116-d03f701c5dc1 req-7f812460-970c-4014-9662-00018b6c620f c0074f4b99a44c908ad8be34ff8dfd08 7a890f941a90475db2dc06545bd940e7 - - 55fb8b5937344f4da33c0d5667d0a12b 55fb8b5937344f4da33c0d5667d0a12b] 199.204.45.74 "GET /allocations/af4ddd71-1884-4eab-adb8-317b997e1361" status: 200 len: 257 microversion: 1.28 [pid: 8|app: 0|req: 338/675] 199.204.45.74 () {34 vars in 861 bytes} [Sat May 9 06:24:55 2026] GET /allocations/af4ddd71-1884-4eab-adb8-317b997e1361 => generated 257 bytes in 12 msecs (HTTP/1.1 200) 8 headers in 296 bytes (1 switches on core 0)
2026-05-09 06:24:55.320 7 INFO placement.requestlog [req-3f69546d-f64f-4a29-9116-d03f701c5dc1 req-47f82652-864e-4e96-a0b2-0286f4dd80ea c0074f4b99a44c908ad8be34ff8dfd08 7a890f941a90475db2dc06545bd940e7 - - 55fb8b5937344f4da33c0d5667d0a12b 55fb8b5937344f4da33c0d5667d0a12b] 199.204.45.74 "GET /allocations/7a726e08-9d7a-4dea-801e-16282ef7a13b" status: 200 len: 257 microversion: 1.28 [pid: 7|app: 0|req: 338/676] 199.204.45.74 () {34 vars in 861 bytes} [Sat May 9 06:24:55 2026] GET /allocations/7a726e08-9d7a-4dea-801e-16282ef7a13b => generated 257 bytes in 13 msecs (HTTP/1.1 200) 8 headers in 296 bytes (1 switches on core 0)
2026-05-09 06:24:57.320 8 INFO placement.requestlog [None req-7d44b99c-98ac-4b77-87b7-7af8b5a6dbef - - - - - -] 10.0.0.205 "GET /" status: 200 len: 136 microversion: 1.0
2026-05-09 06:24:57.321 7 INFO placement.requestlog [None req-73dbfbdd-81e1-495c-96a7-011711c1691a - - - - - -] 10.0.0.205 "GET /" status: 200 len: 136 microversion: 1.0
2026-05-09 06:24:59.382 8 INFO placement.requestlog [req-5b065b4f-df79-4198-913a-12646ec17f7b req-79116857-06ec-4b11-b18b-ab770f14254c c0074f4b99a44c908ad8be34ff8dfd08 7a890f941a90475db2dc06545bd940e7 - - 55fb8b5937344f4da33c0d5667d0a12b 55fb8b5937344f4da33c0d5667d0a12b] 199.204.45.74 "GET /resource_providers/70ee559e-3412-45fe-aa70-d3e9c5b896a1/allocations" status: 200 len: 338 microversion: 1.0 [pid: 8|app: 0|req: 340/679] 199.204.45.74 () {32 vars in 855 bytes} [Sat May 9 06:24:59 2026] GET /resource_providers/70ee559e-3412-45fe-aa70-d3e9c5b896a1/allocations => generated 338 bytes in 19 msecs (HTTP/1.1 200) 6 headers in 224 bytes (1 switches on core 0)
2026-05-09 06:24:59.404 7 INFO placement.requestlog [req-5b065b4f-df79-4198-913a-12646ec17f7b req-719a2397-d51a-4dca-a1bf-b9725cd6ac1b c0074f4b99a44c908ad8be34ff8dfd08 7a890f941a90475db2dc06545bd940e7 - - 55fb8b5937344f4da33c0d5667d0a12b 55fb8b5937344f4da33c0d5667d0a12b] 199.204.45.74 "GET /allocations/9881a9fc-3501-4c2b-af59-3d66da6a4f9c" status: 200 len: 243 microversion: 1.28 [pid: 7|app: 0|req: 340/680] 199.204.45.74 () {34 vars in 861 bytes} [Sat May 9 06:24:59 2026] GET /allocations/9881a9fc-3501-4c2b-af59-3d66da6a4f9c => generated 243 bytes in 15 msecs (HTTP/1.1 200) 8 headers in 296 bytes (1 switches on core 0)
2026-05-09 06:24:59.422 8 INFO placement.requestlog [req-5b065b4f-df79-4198-913a-12646ec17f7b req-7ee90506-31ca-4cc0-9852-42569c8188bf c0074f4b99a44c908ad8be34ff8dfd08 7a890f941a90475db2dc06545bd940e7 - - 55fb8b5937344f4da33c0d5667d0a12b 55fb8b5937344f4da33c0d5667d0a12b] 199.204.45.74 "GET /allocations/af4ddd71-1884-4eab-adb8-317b997e1361" status: 200 len: 257 microversion: 1.28 [pid: 8|app: 0|req: 341/681] 199.204.45.74 () {34 vars in 861 bytes} [Sat May 9 06:24:59 2026] GET /allocations/af4ddd71-1884-4eab-adb8-317b997e1361 => generated 257 bytes in 11 msecs (HTTP/1.1 200) 8 headers in 296 bytes (1 switches on core 0)
2026-05-09 06:24:59.440 7 INFO placement.requestlog [req-5b065b4f-df79-4198-913a-12646ec17f7b req-bf017d75-bc13-47b4-a1d3-695c78c0fafe c0074f4b99a44c908ad8be34ff8dfd08 7a890f941a90475db2dc06545bd940e7 - - 55fb8b5937344f4da33c0d5667d0a12b 55fb8b5937344f4da33c0d5667d0a12b] 199.204.45.74 "GET /allocations/7a726e08-9d7a-4dea-801e-16282ef7a13b" status: 200 len: 257 microversion: 1.28 [pid: 7|app: 0|req: 341/682] 199.204.45.74 () {34 vars in 861 bytes} [Sat May 9 06:24:59 2026] GET /allocations/7a726e08-9d7a-4dea-801e-16282ef7a13b => generated 257 bytes in 12 msecs (HTTP/1.1 200) 8 headers in 296 bytes (1 switches on core 0)
2026-05-09 06:25:00.499 8 INFO placement.requestlog [req-5b065b4f-df79-4198-913a-12646ec17f7b req-14ecc469-b9bf-4f39-81cc-e614645822fc c0074f4b99a44c908ad8be34ff8dfd08 7a890f941a90475db2dc06545bd940e7 - - 55fb8b5937344f4da33c0d5667d0a12b 55fb8b5937344f4da33c0d5667d0a12b] 199.204.45.74 "DELETE /allocations/9881a9fc-3501-4c2b-af59-3d66da6a4f9c" status: 204 len: 0 microversion: 1.0 [pid: 8|app: 0|req: 342/683] 199.204.45.74 () {34 vars in 839 bytes} [Sat May 9 06:25:00 2026] DELETE /allocations/9881a9fc-3501-4c2b-af59-3d66da6a4f9c => generated 0 bytes in 33 msecs (HTTP/1.1 204) 5 headers in 198 bytes (1 switches on core 0)
2026-05-09 06:25:04.646 7 INFO placement.requestlog [None req-e2f136c7-ff4b-4089-9903-d40a4d7f3e77 49827beb4dcc4c0487740a79e745f8e7 7a890f941a90475db2dc06545bd940e7 - - 55fb8b5937344f4da33c0d5667d0a12b 55fb8b5937344f4da33c0d5667d0a12b] 10.0.0.45 "GET /resource_providers/c95c2243-234b-4299-9e7b-23c02531281e/aggregates" status: 404 len: 235 microversion: 1.1 [pid: 7|app: 0|req: 342/684] 10.0.0.45 () {32 vars in 814 bytes} [Sat May 9 06:25:04 2026] GET /resource_providers/c95c2243-234b-4299-9e7b-23c02531281e/aggregates => generated 235 bytes in 15 msecs (HTTP/1.1 404) 5 headers in 202 bytes (1 switches on core 0)
