2026-05-09 06:28:32.251 8 INFO placement.requestlog [None req-e618f15e-227d-4346-b614-44ea4069c336 49827beb4dcc4c0487740a79e745f8e7 7a890f941a90475db2dc06545bd940e7 - - 55fb8b5937344f4da33c0d5667d0a12b 55fb8b5937344f4da33c0d5667d0a12b] 10.0.0.45 "DELETE /resource_providers/38f93b6d-53e3-48a9-bbae-07c154c1a9da" status: 404 len: 246 microversion: 1.1 [pid: 8|app: 0|req: 522/1038] 10.0.0.45 () {34 vars in 814 bytes} [Sat May 9 06:28:32 2026] DELETE /resource_providers/38f93b6d-53e3-48a9-bbae-07c154c1a9da => generated 246 bytes in 14 msecs (HTTP/1.1 404) 6 headers in 231 bytes (1 switches on core 0)
2026-05-09 06:28:32.256 7 INFO placement.requestlog [None req-49d81fa2-0380-402b-96d2-3ecaa3e0ede8 49827beb4dcc4c0487740a79e745f8e7 7a890f941a90475db2dc06545bd940e7 - - 55fb8b5937344f4da33c0d5667d0a12b 55fb8b5937344f4da33c0d5667d0a12b] 10.0.0.45 "DELETE /resource_providers/38f93b6d-53e3-48a9-bbae-07c154c1a9da" status: 404 len: 246 microversion: 1.1 [pid: 7|app: 0|req: 517/1039] 10.0.0.45 () {34 vars in 814 bytes} [Sat May 9 06:28:32 2026] DELETE /resource_providers/38f93b6d-53e3-48a9-bbae-07c154c1a9da => generated 246 bytes in 14 msecs (HTTP/1.1 404) 6 headers in 231 bytes (1 switches on core 0)
2026-05-09 06:28:37.319 7 INFO placement.requestlog [None req-5fd3f3b0-acc2-4291-b00e-5c3ae956e617 - - - - - -] 10.0.0.205 "GET /" status: 200 len: 136 microversion: 1.0
2026-05-09 06:28:37.319 8 INFO placement.requestlog [None req-23c185c5-bcba-4d76-8d80-03c1c7b6dc71 - - - - - -] 10.0.0.205 "GET /" status: 200 len: 136 microversion: 1.0
2026-05-09 06:28:37.430 8 INFO placement.requestlog [None req-2d20ee3b-7118-4e1b-9e35-a3e9601e2741 49827beb4dcc4c0487740a79e745f8e7 7a890f941a90475db2dc06545bd940e7 - - 55fb8b5937344f4da33c0d5667d0a12b 55fb8b5937344f4da33c0d5667d0a12b] 10.0.0.45 "GET /resource_providers/e67ddebb-9f8d-4559-93df-f357458b50c2/aggregates" status: 404 len: 235 microversion: 1.1 [pid: 8|app: 0|req: 524/1042] 10.0.0.45 () {32 vars in 814 bytes} [Sat May 9 06:28:37 2026] GET /resource_providers/e67ddebb-9f8d-4559-93df-f357458b50c2/aggregates => generated 235 bytes in 9 msecs (HTTP/1.1 404) 5 headers in 202 bytes (1 switches on core 0)
2026-05-09 06:28:37.432 7 INFO placement.requestlog [None req-346f9dae-4a94-4234-999b-00f111720c84 49827beb4dcc4c0487740a79e745f8e7 7a890f941a90475db2dc06545bd940e7 - - 55fb8b5937344f4da33c0d5667d0a12b 55fb8b5937344f4da33c0d5667d0a12b] 10.0.0.45 "GET /resource_providers/e67ddebb-9f8d-4559-93df-f357458b50c2/aggregates" status: 404 len: 235 microversion: 1.1 [pid: 7|app: 0|req: 519/1043] 10.0.0.45 () {32 vars in 814 bytes} [Sat May 9 06:28:37 2026] GET /resource_providers/e67ddebb-9f8d-4559-93df-f357458b50c2/aggregates => generated 235 bytes in 10 msecs (HTTP/1.1 404) 5 headers in 202 bytes (1 switches on core 0)
2026-05-09 06:28:37.452 8 INFO placement.requestlog [None req-8fc76376-4450-4a75-b7d8-a9efd750ea86 49827beb4dcc4c0487740a79e745f8e7 7a890f941a90475db2dc06545bd940e7 - - 55fb8b5937344f4da33c0d5667d0a12b 55fb8b5937344f4da33c0d5667d0a12b] 10.0.0.45 "DELETE /resource_providers/e67ddebb-9f8d-4559-93df-f357458b50c2" status: 404 len: 246 microversion: 1.1 [pid: 8|app: 0|req: 525/1044] 10.0.0.45 () {34 vars in 814 bytes} [Sat May 9 06:28:37 2026] DELETE /resource_providers/e67ddebb-9f8d-4559-93df-f357458b50c2 => generated 246 bytes in 6 msecs (HTTP/1.1 404) 6 headers in 231 bytes (1 switches on core 0)
2026-05-09 06:28:37.456 7 INFO placement.requestlog [None req-a7386958-6ee5-4503-b898-7955ca7413bf 49827beb4dcc4c0487740a79e745f8e7 7a890f941a90475db2dc06545bd940e7 - - 55fb8b5937344f4da33c0d5667d0a12b 55fb8b5937344f4da33c0d5667d0a12b] 10.0.0.45 "DELETE /resource_providers/e67ddebb-9f8d-4559-93df-f357458b50c2" status: 404 len: 246 microversion: 1.1 [pid: 7|app: 0|req: 520/1045] 10.0.0.45 () {34 vars in 814 bytes} [Sat May 9 06:28:37 2026] DELETE /resource_providers/e67ddebb-9f8d-4559-93df-f357458b50c2 => generated 246 bytes in 9 msecs (HTTP/1.1 404) 6 headers in 231 bytes (1 switches on core 0)
2026-05-09 06:28:42.516 8 INFO placement.requestlog [None req-82d37112-3577-44c7-905d-922724b56148 49827beb4dcc4c0487740a79e745f8e7 7a890f941a90475db2dc06545bd940e7 - - 55fb8b5937344f4da33c0d5667d0a12b 55fb8b5937344f4da33c0d5667d0a12b] 10.0.0.45 "GET /resource_providers/5a291c98-8da8-44d6-9de6-803461259113/aggregates" status: 404 len: 235 microversion: 1.1 [pid: 8|app: 0|req: 526/1046] 10.0.0.45 () {32 vars in 814 bytes} [Sat May 9 06:28:42 2026] GET /resource_providers/5a291c98-8da8-44d6-9de6-803461259113/aggregates => generated 235 bytes in 9 msecs (HTTP/1.1 404) 5 headers in 202 bytes (1 switches on core 0)
2026-05-09 06:28:42.520 7 INFO placement.requestlog [None req-8f88227b-32ba-4478-adfe-29ebccd12e71 49827beb4dcc4c0487740a79e745f8e7 7a890f941a90475db2dc06545bd940e7 - - 55fb8b5937344f4da33c0d5667d0a12b 55fb8b5937344f4da33c0d5667d0a12b] 10.0.0.45 "GET /resource_providers/5a291c98-8da8-44d6-9de6-803461259113/aggregates" status: 404 len: 235 microversion: 1.1 [pid: 7|app: 0|req: 521/1047] 10.0.0.45 () {32 vars in 814 bytes} [Sat May 9 06:28:42 2026] GET /resource_providers/5a291c98-8da8-44d6-9de6-803461259113/aggregates => generated 235 bytes in 9 msecs (HTTP/1.1 404) 5 headers in 202 bytes (1 switches on core 0)
2026-05-09 06:28:42.536 8 INFO placement.requestlog [None req-3481199c-982d-4c84-b8f1-51a6a4df8275 49827beb4dcc4c0487740a79e745f8e7 7a890f941a90475db2dc06545bd940e7 - - 55fb8b5937344f4da33c0d5667d0a12b 55fb8b5937344f4da33c0d5667d0a12b] 10.0.0.45 "DELETE /resource_providers/5a291c98-8da8-44d6-9de6-803461259113" status: 404 len: 246 microversion: 1.1 [pid: 8|app: 0|req: 527/1048] 10.0.0.45 () {34 vars in 814 bytes} [Sat May 9 06:28:42 2026] DELETE /resource_providers/5a291c98-8da8-44d6-9de6-803461259113 => generated 246 bytes in 9 msecs (HTTP/1.1 404) 6 headers in 231 bytes (1 switches on core 0)
2026-05-09 06:28:42.540 7 INFO placement.requestlog [None req-0f5455d4-6648-43e3-8574-cec7c7c1957b 49827beb4dcc4c0487740a79e745f8e7 7a890f941a90475db2dc06545bd940e7 - - 55fb8b5937344f4da33c0d5667d0a12b 55fb8b5937344f4da33c0d5667d0a12b] 10.0.0.45 "DELETE /resource_providers/5a291c98-8da8-44d6-9de6-803461259113" status: 404 len: 246 microversion: 1.1 [pid: 7|app: 0|req: 522/1049] 10.0.0.45 () {34 vars in 814 bytes} [Sat May 9 06:28:42 2026] DELETE /resource_providers/5a291c98-8da8-44d6-9de6-803461259113 => generated 246 bytes in 8 msecs (HTTP/1.1 404) 6 headers in 231 bytes (1 switches on core 0)
2026-05-09 06:28:44.708 7 INFO placement.requestlog [None req-ff01cbb2-eb83-423b-9887-b1846947632e 49827beb4dcc4c0487740a79e745f8e7 7a890f941a90475db2dc06545bd940e7 - - 55fb8b5937344f4da33c0d5667d0a12b 55fb8b5937344f4da33c0d5667d0a12b] 10.0.0.45 "GET /resource_providers/eb384734-4d60-424c-a77b-859bc9a96e51/aggregates" status: 404 len: 235 microversion: 1.1 [pid: 7|app: 0|req: 523/1050] 10.0.0.45 () {32 vars in 814 bytes} [Sat May 9 06:28:44 2026] GET /resource_providers/eb384734-4d60-424c-a77b-859bc9a96e51/aggregates => generated 235 bytes in 9 msecs (HTTP/1.1 404) 5 headers in 202 bytes (1 switches on core 0)
2026-05-09 06:28:44.712 8 INFO placement.requestlog [None req-a7d4e753-0b9a-45da-87e5-2d8619a84db5 49827beb4dcc4c0487740a79e745f8e7 7a890f941a90475db2dc06545bd940e7 - - 55fb8b5937344f4da33c0d5667d0a12b 55fb8b5937344f4da33c0d5667d0a12b] 10.0.0.45 "GET /resource_providers/eb384734-4d60-424c-a77b-859bc9a96e51/aggregates" status: 404 len: 235 microversion: 1.1 [pid: 8|app: 0|req: 528/1051] 10.0.0.45 () {32 vars in 814 bytes} [Sat May 9 06:28:44 2026] GET /resource_providers/eb384734-4d60-424c-a77b-859bc9a96e51/aggregates => generated 235 bytes in 13 msecs (HTTP/1.1 404) 5 headers in 202 bytes (1 switches on core 0)
2026-05-09 06:28:44.730 7 INFO placement.requestlog [None req-a44c468a-3a07-4706-a7ca-a822c11e2bda 49827beb4dcc4c0487740a79e745f8e7 7a890f941a90475db2dc06545bd940e7 - - 55fb8b5937344f4da33c0d5667d0a12b 55fb8b5937344f4da33c0d5667d0a12b] 10.0.0.45 "DELETE /resource_providers/eb384734-4d60-424c-a77b-859bc9a96e51" status: 404 len: 246 microversion: 1.1 [pid: 7|app: 0|req: 524/1052] 10.0.0.45 () {34 vars in 814 bytes} [Sat May 9 06:28:44 2026] DELETE /resource_providers/eb384734-4d60-424c-a77b-859bc9a96e51 => generated 246 bytes in 8 msecs (HTTP/1.1 404) 6 headers in 231 bytes (1 switches on core 0)
2026-05-09 06:28:44.737 8 INFO placement.requestlog [None req-6f42490f-8037-495e-8586-a885051c9c20 49827beb4dcc4c0487740a79e745f8e7 7a890f941a90475db2dc06545bd940e7 - - 55fb8b5937344f4da33c0d5667d0a12b 55fb8b5937344f4da33c0d5667d0a12b] 10.0.0.45 "DELETE /resource_providers/eb384734-4d60-424c-a77b-859bc9a96e51" status: 404 len: 246 microversion: 1.1 [pid: 8|app: 0|req: 529/1053] 10.0.0.45 () {34 vars in 814 bytes} [Sat May 9 06:28:44 2026] DELETE /resource_providers/eb384734-4d60-424c-a77b-859bc9a96e51 => generated 246 bytes in 10 msecs (HTTP/1.1 404) 6 headers in 231 bytes (1 switches on core 0)
2026-05-09 06:28:46.761 7 INFO placement.requestlog [None req-ac227d90-ba56-47ed-988e-74049458736e 49827beb4dcc4c0487740a79e745f8e7 7a890f941a90475db2dc06545bd940e7 - - 55fb8b5937344f4da33c0d5667d0a12b 55fb8b5937344f4da33c0d5667d0a12b] 10.0.0.45 "GET /resource_providers/859a45a8-cb79-411b-b565-a5bd8d53319e/aggregates" status: 404 len: 235 microversion: 1.1 [pid: 7|app: 0|req: 525/1054] 10.0.0.45 () {32 vars in 814 bytes} [Sat May 9 06:28:46 2026] GET /resource_providers/859a45a8-cb79-411b-b565-a5bd8d53319e/aggregates => generated 235 bytes in 10 msecs (HTTP/1.1 404) 5 headers in 202 bytes (1 switches on core 0)
2026-05-09 06:28:46.763 8 INFO placement.requestlog [None req-92583307-1902-4df4-9408-7cec334cfc8c 49827beb4dcc4c0487740a79e745f8e7 7a890f941a90475db2dc06545bd940e7 - - 55fb8b5937344f4da33c0d5667d0a12b 55fb8b5937344f4da33c0d5667d0a12b] 10.0.0.45 "GET /resource_providers/859a45a8-cb79-411b-b565-a5bd8d53319e/aggregates" status: 404 len: 235 microversion: 1.1 [pid: 8|app: 0|req: 530/1055] 10.0.0.45 () {32 vars in 814 bytes} [Sat May 9 06:28:46 2026] GET /resource_providers/859a45a8-cb79-411b-b565-a5bd8d53319e/aggregates => generated 235 bytes in 11 msecs (HTTP/1.1 404) 5 headers in 202 bytes (1 switches on core 0)
2026-05-09 06:28:46.778 7 INFO placement.requestlog [None req-01b5924d-34bb-41b5-bdcf-dedfa63e5f1c 49827beb4dcc4c0487740a79e745f8e7 7a890f941a90475db2dc06545bd940e7 - - 55fb8b5937344f4da33c0d5667d0a12b 55fb8b5937344f4da33c0d5667d0a12b] 10.0.0.45 "DELETE /resource_providers/859a45a8-cb79-411b-b565-a5bd8d53319e" status: 404 len: 246 microversion: 1.1 [pid: 7|app: 0|req: 526/1056] 10.0.0.45 () {34 vars in 814 bytes} [Sat May 9 06:28:46 2026] DELETE /resource_providers/859a45a8-cb79-411b-b565-a5bd8d53319e => generated 246 bytes in 7 msecs (HTTP/1.1 404) 6 headers in 231 bytes (1 switches on core 0)
2026-05-09 06:28:46.780 8 INFO placement.requestlog [None req-b4eac340-7bd6-4397-ab33-2afbfecb44bb 49827beb4dcc4c0487740a79e745f8e7 7a890f941a90475db2dc06545bd940e7 - - 55fb8b5937344f4da33c0d5667d0a12b 55fb8b5937344f4da33c0d5667d0a12b] 10.0.0.45 "DELETE /resource_providers/859a45a8-cb79-411b-b565-a5bd8d53319e" status: 404 len: 246 microversion: 1.1 [pid: 8|app: 0|req: 531/1057] 10.0.0.45 () {34 vars in 814 bytes} [Sat May 9 06:28:46 2026] DELETE /resource_providers/859a45a8-cb79-411b-b565-a5bd8d53319e => generated 246 bytes in 9 msecs (HTTP/1.1 404) 6 headers in 231 bytes (1 switches on core 0)
2026-05-09 06:28:46.806 8 INFO placement.requestlog [None req-b9e794f1-2e98-4a11-b620-3db84aa2db9e 49827beb4dcc4c0487740a79e745f8e7 7a890f941a90475db2dc06545bd940e7 - - 55fb8b5937344f4da33c0d5667d0a12b 55fb8b5937344f4da33c0d5667d0a12b] 10.0.0.45 "GET /resource_providers/314e47a4-7d11-46fc-b2a1-c9cdd8c4d0ee/aggregates" status: 404 len: 235 microversion: 1.1
2026-05-09 06:28:46.806 7 INFO placement.requestlog [None req-b13e8e90-6f42-404f-a539-c7af3feb0751 49827beb4dcc4c0487740a79e745f8e7 7a890f941a90475db2dc06545bd940e7 - - 55fb8b5937344f4da33c0d5667d0a12b 55fb8b5937344f4da33c0d5667d0a12b] 10.0.0.45 "GET /resource_providers/314e47a4-7d11-46fc-b2a1-c9cdd8c4d0ee/aggregates" status: 404 len: 235 microversion: 1.1 [pid: 8|app: 0|req: 532/1058] 10.0.0.45 () {32 vars in 814 bytes} [Sat May 9 06:28:46 2026] GET /resource_providers/314e47a4-7d11-46fc-b2a1-c9cdd8c4d0ee/aggregates => generated 235 bytes in 8 msecs (HTTP/1.1 404) 5 headers in 202 bytes (1 switches on core 0) [pid: 7|app: 0|req: 527/1059] 10.0.0.45 () {32 vars in 814 bytes} [Sat May 9 06:28:46 2026] GET /resource_providers/314e47a4-7d11-46fc-b2a1-c9cdd8c4d0ee/aggregates => generated 235 bytes in 9 msecs (HTTP/1.1 404) 5 headers in 202 bytes (1 switches on core 0)
2026-05-09 06:28:46.826 8 INFO placement.requestlog [None req-bb462467-77f1-403a-a5cf-0d7561cc5ed3 49827beb4dcc4c0487740a79e745f8e7 7a890f941a90475db2dc06545bd940e7 - - 55fb8b5937344f4da33c0d5667d0a12b 55fb8b5937344f4da33c0d5667d0a12b] 10.0.0.45 "DELETE /resource_providers/314e47a4-7d11-46fc-b2a1-c9cdd8c4d0ee" status: 404 len: 246 microversion: 1.1 [pid: 8|app: 0|req: 533/1060] 10.0.0.45 () {34 vars in 814 bytes} [Sat May 9 06:28:46 2026] DELETE /resource_providers/314e47a4-7d11-46fc-b2a1-c9cdd8c4d0ee => generated 246 bytes in 8 msecs (HTTP/1.1 404) 6 headers in 231 bytes (1 switches on core 0)
2026-05-09 06:28:46.829 7 INFO placement.requestlog [None req-2f1732ac-42d3-417f-8d5b-4e15b0f28bba 49827beb4dcc4c0487740a79e745f8e7 7a890f941a90475db2dc06545bd940e7 - - 55fb8b5937344f4da33c0d5667d0a12b 55fb8b5937344f4da33c0d5667d0a12b] 10.0.0.45 "DELETE /resource_providers/314e47a4-7d11-46fc-b2a1-c9cdd8c4d0ee" status: 404 len: 246 microversion: 1.1 [pid: 7|app: 0|req: 528/1061] 10.0.0.45 () {34 vars in 814 bytes} [Sat May 9 06:28:46 2026] DELETE /resource_providers/314e47a4-7d11-46fc-b2a1-c9cdd8c4d0ee => generated 246 bytes in 9 msecs (HTTP/1.1 404) 6 headers in 231 bytes (1 switches on core 0)
2026-05-09 06:28:46.858 8 INFO placement.requestlog [None req-41dcad68-e241-489c-a633-8226850a0bba 49827beb4dcc4c0487740a79e745f8e7 7a890f941a90475db2dc06545bd940e7 - - 55fb8b5937344f4da33c0d5667d0a12b 55fb8b5937344f4da33c0d5667d0a12b] 10.0.0.45 "GET /resource_providers/58fd001e-7cc3-4ded-89cd-b8dd321c54eb/aggregates" status: 404 len: 235 microversion: 1.1 [pid: 8|app: 0|req: 534/1062] 10.0.0.45 () {32 vars in 814 bytes} [Sat May 9 06:28:46 2026] GET /resource_providers/58fd001e-7cc3-4ded-89cd-b8dd321c54eb/aggregates => generated 235 bytes in 9 msecs (HTTP/1.1 404) 5 headers in 202 bytes (1 switches on core 0)
2026-05-09 06:28:46.859 7 INFO placement.requestlog [None req-3b1e25bf-4df7-488e-aa69-c6177e765772 49827beb4dcc4c0487740a79e745f8e7 7a890f941a90475db2dc06545bd940e7 - - 55fb8b5937344f4da33c0d5667d0a12b 55fb8b5937344f4da33c0d5667d0a12b] 10.0.0.45 "GET /resource_providers/58fd001e-7cc3-4ded-89cd-b8dd321c54eb/aggregates" status: 404 len: 235 microversion: 1.1 [pid: 7|app: 0|req: 529/1063] 10.0.0.45 () {32 vars in 814 bytes} [Sat May 9 06:28:46 2026] GET /resource_providers/58fd001e-7cc3-4ded-89cd-b8dd321c54eb/aggregates => generated 235 bytes in 9 msecs (HTTP/1.1 404) 5 headers in 202 bytes (1 switches on core 0)
2026-05-09 06:28:46.877 8 INFO placement.requestlog [None req-1c268a92-291f-4b91-9efa-ec1fff8371f4 49827beb4dcc4c0487740a79e745f8e7 7a890f941a90475db2dc06545bd940e7 - - 55fb8b5937344f4da33c0d5667d0a12b 55fb8b5937344f4da33c0d5667d0a12b] 10.0.0.45 "DELETE /resource_providers/58fd001e-7cc3-4ded-89cd-b8dd321c54eb" status: 404 len: 246 microversion: 1.1 [pid: 8|app: 0|req: 535/1064] 10.0.0.45 () {34 vars in 814 bytes} [Sat May 9 06:28:46 2026] DELETE /resource_providers/58fd001e-7cc3-4ded-89cd-b8dd321c54eb => generated 246 bytes in 7 msecs (HTTP/1.1 404) 6 headers in 231 bytes (1 switches on core 0)
2026-05-09 06:28:46.879 7 INFO placement.requestlog [None req-fd162f51-6cd2-4500-be4e-5ab3fa44fe73 49827beb4dcc4c0487740a79e745f8e7 7a890f941a90475db2dc06545bd940e7 - - 55fb8b5937344f4da33c0d5667d0a12b 55fb8b5937344f4da33c0d5667d0a12b] 10.0.0.45 "DELETE /resource_providers/58fd001e-7cc3-4ded-89cd-b8dd321c54eb" status: 404 len: 246 microversion: 1.1 [pid: 7|app: 0|req: 530/1065] 10.0.0.45 () {34 vars in 814 bytes} [Sat May 9 06:28:46 2026] DELETE /resource_providers/58fd001e-7cc3-4ded-89cd-b8dd321c54eb => generated 246 bytes in 8 msecs (HTTP/1.1 404) 6 headers in 231 bytes (1 switches on core 0)
2026-05-09 06:28:46.905 8 INFO placement.requestlog [None req-eb066a81-f1fc-4dff-8222-cc3a2cd7f50b 49827beb4dcc4c0487740a79e745f8e7 7a890f941a90475db2dc06545bd940e7 - - 55fb8b5937344f4da33c0d5667d0a12b 55fb8b5937344f4da33c0d5667d0a12b] 10.0.0.45 "GET /resource_providers/19776186-ad85-4632-b20a-a609160dd1d7/aggregates" status: 404 len: 235 microversion: 1.1 [pid: 8|app: 0|req: 536/1066] 10.0.0.45 () {32 vars in 814 bytes} [Sat May 9 06:28:46 2026] GET /resource_providers/19776186-ad85-4632-b20a-a609160dd1d7/aggregates => generated 235 bytes in 10 msecs (HTTP/1.1 404) 5 headers in 202 bytes (1 switches on core 0)
2026-05-09 06:28:46.907 7 INFO placement.requestlog [None req-6bb3edbb-a5d2-4e8f-8aa9-760b76124e3c 49827beb4dcc4c0487740a79e745f8e7 7a890f941a90475db2dc06545bd940e7 - - 55fb8b5937344f4da33c0d5667d0a12b 55fb8b5937344f4da33c0d5667d0a12b] 10.0.0.45 "GET /resource_providers/19776186-ad85-4632-b20a-a609160dd1d7/aggregates" status: 404 len: 235 microversion: 1.1 [pid: 7|app: 0|req: 531/1067] 10.0.0.45 () {32 vars in 814 bytes} [Sat May 9 06:28:46 2026] GET /resource_providers/19776186-ad85-4632-b20a-a609160dd1d7/aggregates => generated 235 bytes in 10 msecs (HTTP/1.1 404) 5 headers in 202 bytes (1 switches on core 0)
2026-05-09 06:28:46.925 8 INFO placement.requestlog [None req-3198882d-810a-426e-a816-17ac0e8cdd37 49827beb4dcc4c0487740a79e745f8e7 7a890f941a90475db2dc06545bd940e7 - - 55fb8b5937344f4da33c0d5667d0a12b 55fb8b5937344f4da33c0d5667d0a12b] 10.0.0.45 "DELETE /resource_providers/19776186-ad85-4632-b20a-a609160dd1d7" status: 404 len: 246 microversion: 1.1 [pid: 8|app: 0|req: 537/1068] 10.0.0.45 () {34 vars in 814 bytes} [Sat May 9 06:28:46 2026] DELETE /resource_providers/19776186-ad85-4632-b20a-a609160dd1d7 => generated 246 bytes in 8 msecs (HTTP/1.1 404) 6 headers in 231 bytes (1 switches on core 0)
2026-05-09 06:28:46.931 7 INFO placement.requestlog [None req-f8f0a914-a075-4130-b24d-ef5e977a0d0f 49827beb4dcc4c0487740a79e745f8e7 7a890f941a90475db2dc06545bd940e7 - - 55fb8b5937344f4da33c0d5667d0a12b 55fb8b5937344f4da33c0d5667d0a12b] 10.0.0.45 "DELETE /resource_providers/19776186-ad85-4632-b20a-a609160dd1d7" status: 404 len: 246 microversion: 1.1 [pid: 7|app: 0|req: 532/1069] 10.0.0.45 () {34 vars in 814 bytes} [Sat May 9 06:28:46 2026] DELETE /resource_providers/19776186-ad85-4632-b20a-a609160dd1d7 => generated 246 bytes in 8 msecs (HTTP/1.1 404) 6 headers in 231 bytes (1 switches on core 0)
2026-05-09 06:28:47.319 8 INFO placement.requestlog [None req-802abc1c-6f1e-4094-8241-19e638f18564 - - - - - -] 10.0.0.205 "GET /" status: 200 len: 136 microversion: 1.0
2026-05-09 06:28:47.321 7 INFO placement.requestlog [None req-7ac1cf93-f51d-4c51-a361-221213e0fcfc - - - - - -] 10.0.0.205 "GET /" status: 200 len: 136 microversion: 1.0
2026-05-09 06:28:51.510 7 INFO placement.requestlog [None req-9181a3f3-913e-4030-81b1-4c223cbe00f0 49827beb4dcc4c0487740a79e745f8e7 7a890f941a90475db2dc06545bd940e7 - - 55fb8b5937344f4da33c0d5667d0a12b 55fb8b5937344f4da33c0d5667d0a12b] 10.0.0.45 "GET /resource_providers/9828ffc1-c1b4-4264-ba47-2aa487ad5c44/aggregates" status: 404 len: 235 microversion: 1.1 [pid: 7|app: 0|req: 534/1072] 10.0.0.45 () {32 vars in 814 bytes} [Sat May 9 06:28:51 2026] GET /resource_providers/9828ffc1-c1b4-4264-ba47-2aa487ad5c44/aggregates => generated 235 bytes in 11 msecs (HTTP/1.1 404) 5 headers in 202 bytes (1 switches on core 0)
2026-05-09 06:28:51.511 8 INFO placement.requestlog [None req-22cde68b-d7ff-4395-ad13-d4db9214e213 49827beb4dcc4c0487740a79e745f8e7 7a890f941a90475db2dc06545bd940e7 - - 55fb8b5937344f4da33c0d5667d0a12b 55fb8b5937344f4da33c0d5667d0a12b] 10.0.0.45 "GET /resource_providers/9828ffc1-c1b4-4264-ba47-2aa487ad5c44/aggregates" status: 404 len: 235 microversion: 1.1 [pid: 8|app: 0|req: 539/1073] 10.0.0.45 () {32 vars in 814 bytes} [Sat May 9 06:28:51 2026] GET /resource_providers/9828ffc1-c1b4-4264-ba47-2aa487ad5c44/aggregates => generated 235 bytes in 13 msecs (HTTP/1.1 404) 5 headers in 202 bytes (1 switches on core 0)
2026-05-09 06:28:51.535 7 INFO placement.requestlog [None req-3dbaa869-d55d-484e-8a97-6127dc070d52 49827beb4dcc4c0487740a79e745f8e7 7a890f941a90475db2dc06545bd940e7 - - 55fb8b5937344f4da33c0d5667d0a12b 55fb8b5937344f4da33c0d5667d0a12b] 10.0.0.45 "DELETE /resource_providers/9828ffc1-c1b4-4264-ba47-2aa487ad5c44" status: 404 len: 246 microversion: 1.1 [pid: 7|app: 0|req: 535/1074] 10.0.0.45 () {34 vars in 814 bytes} [Sat May 9 06:28:51 2026] DELETE /resource_providers/9828ffc1-c1b4-4264-ba47-2aa487ad5c44 => generated 246 bytes in 9 msecs (HTTP/1.1 404) 6 headers in 231 bytes (1 switches on core 0)
2026-05-09 06:28:51.546 8 INFO placement.requestlog [None req-e456f3ed-3487-4042-b76b-5fd2b490f72f 49827beb4dcc4c0487740a79e745f8e7 7a890f941a90475db2dc06545bd940e7 - - 55fb8b5937344f4da33c0d5667d0a12b 55fb8b5937344f4da33c0d5667d0a12b] 10.0.0.45 "DELETE /resource_providers/9828ffc1-c1b4-4264-ba47-2aa487ad5c44" status: 404 len: 246 microversion: 1.1 [pid: 8|app: 0|req: 540/1075] 10.0.0.45 () {34 vars in 814 bytes} [Sat May 9 06:28:51 2026] DELETE /resource_providers/9828ffc1-c1b4-4264-ba47-2aa487ad5c44 => generated 246 bytes in 19 msecs (HTTP/1.1 404) 6 headers in 231 bytes (1 switches on core 0)
2026-05-09 06:28:51.875 8 INFO placement.requestlog [None req-8ff33e17-0fc5-46bb-88a6-da28d0bbd780 49827beb4dcc4c0487740a79e745f8e7 7a890f941a90475db2dc06545bd940e7 - - 55fb8b5937344f4da33c0d5667d0a12b 55fb8b5937344f4da33c0d5667d0a12b] 10.0.0.45 "GET /resource_providers/5e878afa-70e9-4a48-83f2-a065b9da2f89/aggregates" status: 404 len: 235 microversion: 1.1 [pid: 8|app: 0|req: 541/1076] 10.0.0.45 () {32 vars in 814 bytes} [Sat May 9 06:28:51 2026] GET /resource_providers/5e878afa-70e9-4a48-83f2-a065b9da2f89/aggregates => generated 235 bytes in 8 msecs (HTTP/1.1 404) 5 headers in 202 bytes (1 switches on core 0)
2026-05-09 06:28:51.878 7 INFO placement.requestlog [None req-a6a28b15-816e-4466-acec-43bbeb5e441e 49827beb4dcc4c0487740a79e745f8e7 7a890f941a90475db2dc06545bd940e7 - - 55fb8b5937344f4da33c0d5667d0a12b 55fb8b5937344f4da33c0d5667d0a12b] 10.0.0.45 "GET /resource_providers/5e878afa-70e9-4a48-83f2-a065b9da2f89/aggregates" status: 404 len: 235 microversion: 1.1 [pid: 7|app: 0|req: 536/1077] 10.0.0.45 () {32 vars in 814 bytes} [Sat May 9 06:28:51 2026] GET /resource_providers/5e878afa-70e9-4a48-83f2-a065b9da2f89/aggregates => generated 235 bytes in 11 msecs (HTTP/1.1 404) 5 headers in 202 bytes (1 switches on core 0)
2026-05-09 06:28:51.900 8 INFO placement.requestlog [None req-7739c7e7-8ccc-468d-b470-d73f9dece2ad 49827beb4dcc4c0487740a79e745f8e7 7a890f941a90475db2dc06545bd940e7 - - 55fb8b5937344f4da33c0d5667d0a12b 55fb8b5937344f4da33c0d5667d0a12b] 10.0.0.45 "DELETE /resource_providers/5e878afa-70e9-4a48-83f2-a065b9da2f89" status: 404 len: 246 microversion: 1.1 [pid: 8|app: 0|req: 542/1078] 10.0.0.45 () {34 vars in 814 bytes} [Sat May 9 06:28:51 2026] DELETE /resource_providers/5e878afa-70e9-4a48-83f2-a065b9da2f89 => generated 246 bytes in 8 msecs (HTTP/1.1 404) 6 headers in 231 bytes (1 switches on core 0)
2026-05-09 06:28:51.903 7 INFO placement.requestlog [None req-4ae97fb6-16ca-4b1a-bd0d-f836efb1cd64 49827beb4dcc4c0487740a79e745f8e7 7a890f941a90475db2dc06545bd940e7 - - 55fb8b5937344f4da33c0d5667d0a12b 55fb8b5937344f4da33c0d5667d0a12b] 10.0.0.45 "DELETE /resource_providers/5e878afa-70e9-4a48-83f2-a065b9da2f89" status: 404 len: 246 microversion: 1.1 [pid: 7|app: 0|req: 537/1079] 10.0.0.45 () {34 vars in 814 bytes} [Sat May 9 06:28:51 2026] DELETE /resource_providers/5e878afa-70e9-4a48-83f2-a065b9da2f89 => generated 246 bytes in 10 msecs (HTTP/1.1 404) 6 headers in 231 bytes (1 switches on core 0)
2026-05-09 06:28:53.929 8 INFO placement.requestlog [None req-f49b01d9-405c-4686-8952-6b3423f55ebb 49827beb4dcc4c0487740a79e745f8e7 7a890f941a90475db2dc06545bd940e7 - - 55fb8b5937344f4da33c0d5667d0a12b 55fb8b5937344f4da33c0d5667d0a12b] 10.0.0.45 "GET /resource_providers/ecee9534-d3ad-4e34-acd4-7c44c61ef68d/aggregates" status: 404 len: 235 microversion: 1.1 [pid: 8|app: 0|req: 543/1080] 10.0.0.45 () {32 vars in 814 bytes} [Sat May 9 06:28:53 2026] GET /resource_providers/ecee9534-d3ad-4e34-acd4-7c44c61ef68d/aggregates => generated 235 bytes in 13 msecs (HTTP/1.1 404) 5 headers in 202 bytes (1 switches on core 0)
2026-05-09 06:28:53.934 7 INFO placement.requestlog [None req-49a67d46-9a90-4838-95e1-019ca2080a57 49827beb4dcc4c0487740a79e745f8e7 7a890f941a90475db2dc06545bd940e7 - - 55fb8b5937344f4da33c0d5667d0a12b 55fb8b5937344f4da33c0d5667d0a12b] 10.0.0.45 "GET /resource_providers/ecee9534-d3ad-4e34-acd4-7c44c61ef68d/aggregates" status: 404 len: 235 microversion: 1.1 [pid: 7|app: 0|req: 538/1081] 10.0.0.45 () {32 vars in 814 bytes} [Sat May 9 06:28:53 2026] GET /resource_providers/ecee9534-d3ad-4e34-acd4-7c44c61ef68d/aggregates => generated 235 bytes in 13 msecs (HTTP/1.1 404) 5 headers in 202 bytes (1 switches on core 0)
2026-05-09 06:28:53.951 8 INFO placement.requestlog [None req-94f9872c-6e40-4e07-895f-18983b1e21d5 49827beb4dcc4c0487740a79e745f8e7 7a890f941a90475db2dc06545bd940e7 - - 55fb8b5937344f4da33c0d5667d0a12b 55fb8b5937344f4da33c0d5667d0a12b] 10.0.0.45 "DELETE /resource_providers/ecee9534-d3ad-4e34-acd4-7c44c61ef68d" status: 404 len: 246 microversion: 1.1 [pid: 8|app: 0|req: 544/1082] 10.0.0.45 () {34 vars in 814 bytes} [Sat May 9 06:28:53 2026] DELETE /resource_providers/ecee9534-d3ad-4e34-acd4-7c44c61ef68d => generated 246 bytes in 9 msecs (HTTP/1.1 404) 6 headers in 231 bytes (1 switches on core 0)
2026-05-09 06:28:53.959 7 INFO placement.requestlog [None req-45452d4d-1d32-470c-a50d-7c99b7ae1064 49827beb4dcc4c0487740a79e745f8e7 7a890f941a90475db2dc06545bd940e7 - - 55fb8b5937344f4da33c0d5667d0a12b 55fb8b5937344f4da33c0d5667d0a12b] 10.0.0.45 "DELETE /resource_providers/ecee9534-d3ad-4e34-acd4-7c44c61ef68d" status: 404 len: 246 microversion: 1.1 [pid: 7|app: 0|req: 539/1083] 10.0.0.45 () {34 vars in 814 bytes} [Sat May 9 06:28:53 2026] DELETE /resource_providers/ecee9534-d3ad-4e34-acd4-7c44c61ef68d => generated 246 bytes in 9 msecs (HTTP/1.1 404) 6 headers in 231 bytes (1 switches on core 0)
2026-05-09 06:28:56.779 8 INFO placement.requestlog [req-02d79918-08c4-48ff-b9d8-42105b96fb73 req-60fef63e-101e-40ba-8a02-c2514e918424 c0074f4b99a44c908ad8be34ff8dfd08 7a890f941a90475db2dc06545bd940e7 - - 55fb8b5937344f4da33c0d5667d0a12b 55fb8b5937344f4da33c0d5667d0a12b] 10.0.0.131 "GET /allocation_candidates?limit=1000&resources=DISK_GB%3A1%2CMEMORY_MB%3A512%2CVCPU%3A1&root_required=%21COMPUTE_STATUS_DISABLED" status: 200 len: 2444 microversion: 1.36 [pid: 8|app: 0|req: 545/1084] 10.0.0.131 () {34 vars in 1011 bytes} [Sat May 9 06:28:56 2026] GET /allocation_candidates?limit=1000&resources=DISK_GB%3A1%2CMEMORY_MB%3A512%2CVCPU%3A1&root_required=%21COMPUTE_STATUS_DISABLED => generated 2444 bytes in 45 msecs (HTTP/1.1 200) 8 headers in 297 bytes (1 switches on core 0)
2026-05-09 06:28:56.807 7 INFO placement.requestlog [req-02d79918-08c4-48ff-b9d8-42105b96fb73 req-704711c1-f14e-4f61-b303-b9537a7fdc88 c0074f4b99a44c908ad8be34ff8dfd08 7a890f941a90475db2dc06545bd940e7 - - 55fb8b5937344f4da33c0d5667d0a12b 55fb8b5937344f4da33c0d5667d0a12b] 10.0.0.131 "GET /allocations/7dfcfc62-2df9-47a5-98a3-6c92c43d47a2" status: 200 len: 19 microversion: 1.28 [pid: 7|app: 0|req: 540/1085] 10.0.0.131 () {34 vars in 860 bytes} [Sat May 9 06:28:56 2026] GET /allocations/7dfcfc62-2df9-47a5-98a3-6c92c43d47a2 => generated 19 bytes in 12 msecs (HTTP/1.1 200) 8 headers in 295 bytes (1 switches on core 0)
2026-05-09 06:28:56.856 8 INFO placement.requestlog [req-02d79918-08c4-48ff-b9d8-42105b96fb73 req-5f95bd18-24b2-4a76-aba8-7d95f8858044 c0074f4b99a44c908ad8be34ff8dfd08 7a890f941a90475db2dc06545bd940e7 - - 55fb8b5937344f4da33c0d5667d0a12b 55fb8b5937344f4da33c0d5667d0a12b] 10.0.0.131 "PUT /allocations/7dfcfc62-2df9-47a5-98a3-6c92c43d47a2" status: 204 len: 0 microversion: 1.36 [pid: 8|app: 0|req: 546/1086] 10.0.0.131 () {38 vars in 913 bytes} [Sat May 9 06:28:56 2026] PUT /allocations/7dfcfc62-2df9-47a5-98a3-6c92c43d47a2 => generated 0 bytes in 42 msecs (HTTP/1.1 204) 5 headers in 199 bytes (1 switches on core 0)
2026-05-09 06:28:57.319 7 INFO placement.requestlog [None req-1c1facda-96a7-4592-9182-dee6a0d4b46f - - - - - -] 10.0.0.205 "GET /" status: 200 len: 136 microversion: 1.0
2026-05-09 06:28:57.319 8 INFO placement.requestlog [None req-e3c104c1-1937-43c2-a544-0dc2289536a5 - - - - - -] 10.0.0.205 "GET /" status: 200 len: 136 microversion: 1.0
2026-05-09 06:28:58.390 8 INFO placement.requestlog [req-02d79918-08c4-48ff-b9d8-42105b96fb73 req-72e16cc0-76cc-4b75-861c-f9d1cfdb5f0c c0074f4b99a44c908ad8be34ff8dfd08 7a890f941a90475db2dc06545bd940e7 - - 55fb8b5937344f4da33c0d5667d0a12b 55fb8b5937344f4da33c0d5667d0a12b] 199.204.45.74 "GET /allocations/7dfcfc62-2df9-47a5-98a3-6c92c43d47a2" status: 200 len: 258 microversion: 1.28 [pid: 8|app: 0|req: 548/1089] 199.204.45.74 () {34 vars in 861 bytes} [Sat May 9 06:28:58 2026] GET /allocations/7dfcfc62-2df9-47a5-98a3-6c92c43d47a2 => generated 258 bytes in 13 msecs (HTTP/1.1 200) 8 headers in 296 bytes (1 switches on core 0)
2026-05-09 06:28:59.435 7 INFO placement.requestlog [req-02d79918-08c4-48ff-b9d8-42105b96fb73 req-6616dea7-6ee6-4e25-8b72-771c02908c72 c0074f4b99a44c908ad8be34ff8dfd08 7a890f941a90475db2dc06545bd940e7 - - 55fb8b5937344f4da33c0d5667d0a12b 55fb8b5937344f4da33c0d5667d0a12b] 199.204.45.74 "GET /resource_providers/70ee559e-3412-45fe-aa70-d3e9c5b896a1/allocations" status: 200 len: 253 microversion: 1.0 [pid: 7|app: 0|req: 542/1090] 199.204.45.74 () {32 vars in 855 bytes} [Sat May 9 06:28:59 2026] GET /resource_providers/70ee559e-3412-45fe-aa70-d3e9c5b896a1/allocations => generated 253 bytes in 16 msecs (HTTP/1.1 200) 6 headers in 224 bytes (1 switches on core 0)
2026-05-09 06:28:59.457 8 INFO placement.requestlog [req-02d79918-08c4-48ff-b9d8-42105b96fb73 req-4a199b54-8f94-4d41-9ae7-1d8e2c3792c9 c0074f4b99a44c908ad8be34ff8dfd08 7a890f941a90475db2dc06545bd940e7 - - 55fb8b5937344f4da33c0d5667d0a12b 55fb8b5937344f4da33c0d5667d0a12b] 199.204.45.74 "GET /allocations/7dfcfc62-2df9-47a5-98a3-6c92c43d47a2" status: 200 len: 258 microversion: 1.28 [pid: 8|app: 0|req: 549/1091] 199.204.45.74 () {34 vars in 861 bytes} [Sat May 9 06:28:59 2026] GET /allocations/7dfcfc62-2df9-47a5-98a3-6c92c43d47a2 => generated 258 bytes in 13 msecs (HTTP/1.1 200) 8 headers in 296 bytes (1 switches on core 0)
2026-05-09 06:28:59.474 7 INFO placement.requestlog [req-02d79918-08c4-48ff-b9d8-42105b96fb73 req-e1802553-0616-4dc3-8d94-a775cac8f28b c0074f4b99a44c908ad8be34ff8dfd08 7a890f941a90475db2dc06545bd940e7 - - 55fb8b5937344f4da33c0d5667d0a12b 55fb8b5937344f4da33c0d5667d0a12b] 199.204.45.74 "GET /allocations/4cc63064-e2a1-420e-97e8-09ae56e2462c" status: 200 len: 258 microversion: 1.28 [pid: 7|app: 0|req: 543/1092] 199.204.45.74 () {34 vars in 861 bytes} [Sat May 9 06:28:59 2026] GET /allocations/4cc63064-e2a1-420e-97e8-09ae56e2462c => generated 258 bytes in 11 msecs (HTTP/1.1 200) 8 headers in 296 bytes (1 switches on core 0)
2026-05-09 06:29:01.549 8 INFO placement.requestlog [req-37670eb4-57ec-4684-b2a8-89f0026524ef req-cbaae892-1ef3-49f6-ac16-780160467add c0074f4b99a44c908ad8be34ff8dfd08 7a890f941a90475db2dc06545bd940e7 - - 55fb8b5937344f4da33c0d5667d0a12b 55fb8b5937344f4da33c0d5667d0a12b] 199.204.45.74 "GET /resource_providers/70ee559e-3412-45fe-aa70-d3e9c5b896a1/allocations" status: 200 len: 253 microversion: 1.0 [pid: 8|app: 0|req: 550/1093] 199.204.45.74 () {32 vars in 855 bytes} [Sat May 9 06:29:01 2026] GET /resource_providers/70ee559e-3412-45fe-aa70-d3e9c5b896a1/allocations => generated 253 bytes in 22 msecs (HTTP/1.1 200) 6 headers in 224 bytes (1 switches on core 0)
2026-05-09 06:29:01.571 7 INFO placement.requestlog [req-37670eb4-57ec-4684-b2a8-89f0026524ef req-9d492507-926e-4347-b7a6-04ed63459a32 c0074f4b99a44c908ad8be34ff8dfd08 7a890f941a90475db2dc06545bd940e7 - - 55fb8b5937344f4da33c0d5667d0a12b 55fb8b5937344f4da33c0d5667d0a12b] 199.204.45.74 "GET /resource_providers/70ee559e-3412-45fe-aa70-d3e9c5b896a1/allocations" status: 200 len: 253 microversion: 1.0 [pid: 7|app: 0|req: 544/1094] 199.204.45.74 () {32 vars in 855 bytes} [Sat May 9 06:29:01 2026] GET /resource_providers/70ee559e-3412-45fe-aa70-d3e9c5b896a1/allocations => generated 253 bytes in 17 msecs (HTTP/1.1 200) 6 headers in 224 bytes (1 switches on core 0)
2026-05-09 06:29:01.591 8 INFO placement.requestlog [req-37670eb4-57ec-4684-b2a8-89f0026524ef req-efeca58d-7d0a-4320-841f-2c6f52f3d76e c0074f4b99a44c908ad8be34ff8dfd08 7a890f941a90475db2dc06545bd940e7 - - 55fb8b5937344f4da33c0d5667d0a12b 55fb8b5937344f4da33c0d5667d0a12b] 199.204.45.74 "GET /allocations/7dfcfc62-2df9-47a5-98a3-6c92c43d47a2" status: 200 len: 258 microversion: 1.28 [pid: 8|app: 0|req: 551/1095] 199.204.45.74 () {34 vars in 861 bytes} [Sat May 9 06:29:01 2026] GET /allocations/7dfcfc62-2df9-47a5-98a3-6c92c43d47a2 => generated 258 bytes in 16 msecs (HTTP/1.1 200) 8 headers in 296 bytes (1 switches on core 0)
2026-05-09 06:29:01.608 7 INFO placement.requestlog [req-37670eb4-57ec-4684-b2a8-89f0026524ef req-21b3c1e3-ff1a-458a-bbed-c62647501cff c0074f4b99a44c908ad8be34ff8dfd08 7a890f941a90475db2dc06545bd940e7 - - 55fb8b5937344f4da33c0d5667d0a12b 55fb8b5937344f4da33c0d5667d0a12b] 199.204.45.74 "GET /allocations/4cc63064-e2a1-420e-97e8-09ae56e2462c" status: 200 len: 258 microversion: 1.28 [pid: 7|app: 0|req: 545/1096] 199.204.45.74 () {34 vars in 861 bytes} [Sat May 9 06:29:01 2026] GET /allocations/4cc63064-e2a1-420e-97e8-09ae56e2462c => generated 258 bytes in 12 msecs (HTTP/1.1 200) 8 headers in 296 bytes (1 switches on core 0)
2026-05-09 06:29:01.839 7 INFO placement.requestlog [None req-8d6c0164-a5a9-4f8f-a892-1d275a48a1ca 49827beb4dcc4c0487740a79e745f8e7 7a890f941a90475db2dc06545bd940e7 - - 55fb8b5937344f4da33c0d5667d0a12b 55fb8b5937344f4da33c0d5667d0a12b] 10.0.0.45 "GET /resource_providers/551ad306-48bb-4963-bec8-0704ffdc6374/aggregates" status: 404 len: 235 microversion: 1.1 [pid: 7|app: 0|req: 546/1097] 10.0.0.45 () {32 vars in 814 bytes} [Sat May 9 06:29:01 2026] GET /resource_providers/551ad306-48bb-4963-bec8-0704ffdc6374/aggregates => generated 235 bytes in 9 msecs (HTTP/1.1 404) 5 headers in 202 bytes (1 switches on core 0)
2026-05-09 06:29:01.840 8 INFO placement.requestlog [None req-76950a18-f089-470e-bcff-3a056445ef85 49827beb4dcc4c0487740a79e745f8e7 7a890f941a90475db2dc06545bd940e7 - - 55fb8b5937344f4da33c0d5667d0a12b 55fb8b5937344f4da33c0d5667d0a12b] 10.0.0.45 "GET /resource_providers/551ad306-48bb-4963-bec8-0704ffdc6374/aggregates" status: 404 len: 235 microversion: 1.1 [pid: 8|app: 0|req: 552/1098] 10.0.0.45 () {32 vars in 814 bytes} [Sat May 9 06:29:01 2026] GET /resource_providers/551ad306-48bb-4963-bec8-0704ffdc6374/aggregates => generated 235 bytes in 9 msecs (HTTP/1.1 404) 5 headers in 202 bytes (1 switches on core 0)
2026-05-09 06:29:01.868 7 INFO placement.requestlog [None req-fa9054dc-5480-4e87-b462-ba3ea8749568 49827beb4dcc4c0487740a79e745f8e7 7a890f941a90475db2dc06545bd940e7 - - 55fb8b5937344f4da33c0d5667d0a12b 55fb8b5937344f4da33c0d5667d0a12b] 10.0.0.45 "DELETE /resource_providers/551ad306-48bb-4963-bec8-0704ffdc6374" status: 404 len: 246 microversion: 1.1 [pid: 7|app: 0|req: 547/1099] 10.0.0.45 () {34 vars in 814 bytes} [Sat May 9 06:29:01 2026] DELETE /resource_providers/551ad306-48bb-4963-bec8-0704ffdc6374 => generated 246 bytes in 12 msecs (HTTP/1.1 404) 6 headers in 231 bytes (1 switches on core 0)
2026-05-09 06:29:01.869 8 INFO placement.requestlog [None req-4c3d37b7-8876-4331-9600-851abeed9ba9 49827beb4dcc4c0487740a79e745f8e7 7a890f941a90475db2dc06545bd940e7 - - 55fb8b5937344f4da33c0d5667d0a12b 55fb8b5937344f4da33c0d5667d0a12b] 10.0.0.45 "DELETE /resource_providers/551ad306-48bb-4963-bec8-0704ffdc6374" status: 404 len: 246 microversion: 1.1 [pid: 8|app: 0|req: 553/1100] 10.0.0.45 () {34 vars in 814 bytes} [Sat May 9 06:29:01 2026] DELETE /resource_providers/551ad306-48bb-4963-bec8-0704ffdc6374 => generated 246 bytes in 10 msecs (HTTP/1.1 404) 6 headers in 231 bytes (1 switches on core 0)
2026-05-09 06:29:07.318 7 INFO placement.requestlog [None req-bde1cebc-44bc-4835-8ad7-0125c5ded452 - - - - - -] 10.0.0.205 "GET /" status: 200 len: 136 microversion: 1.0
2026-05-09 06:29:07.319 8 INFO placement.requestlog [None req-a26ea0c3-37a4-499a-b414-21e87e6b9f89 - - - - - -] 10.0.0.205 "GET /" status: 200 len: 136 microversion: 1.0
2026-05-09 06:29:09.395 8 INFO placement.requestlog [None req-0629dfdf-6fc1-4d24-8128-1db73901d05b 49827beb4dcc4c0487740a79e745f8e7 7a890f941a90475db2dc06545bd940e7 - - 55fb8b5937344f4da33c0d5667d0a12b 55fb8b5937344f4da33c0d5667d0a12b] 10.0.0.45 "GET /resource_providers/a9366d20-0d0c-4ef3-95eb-79faa6d4b74c/aggregates" status: 404 len: 235 microversion: 1.1 [pid: 8|app: 0|req: 555/1103] 10.0.0.45 () {32 vars in 814 bytes} [Sat May 9 06:29:09 2026] GET /resource_providers/a9366d20-0d0c-4ef3-95eb-79faa6d4b74c/aggregates => generated 235 bytes in 12 msecs (HTTP/1.1 404) 5 headers in 202 bytes (1 switches on core 0)
2026-05-09 06:29:09.397 7 INFO placement.requestlog [None req-d906846d-3333-4792-ac40-70f5da807199 49827beb4dcc4c0487740a79e745f8e7 7a890f941a90475db2dc06545bd940e7 - - 55fb8b5937344f4da33c0d5667d0a12b 55fb8b5937344f4da33c0d5667d0a12b] 10.0.0.45 "GET /resource_providers/a9366d20-0d0c-4ef3-95eb-79faa6d4b74c/aggregates" status: 404 len: 235 microversion: 1.1 [pid: 7|app: 0|req: 549/1104] 10.0.0.45 () {32 vars in 814 bytes} [Sat May 9 06:29:09 2026] GET /resource_providers/a9366d20-0d0c-4ef3-95eb-79faa6d4b74c/aggregates => generated 235 bytes in 15 msecs (HTTP/1.1 404) 5 headers in 202 bytes (1 switches on core 0)
2026-05-09 06:29:09.419 7 INFO placement.requestlog [None req-3a99819e-4f08-432e-a14c-db225938c63b 49827beb4dcc4c0487740a79e745f8e7 7a890f941a90475db2dc06545bd940e7 - - 55fb8b5937344f4da33c0d5667d0a12b 55fb8b5937344f4da33c0d5667d0a12b] 10.0.0.45 "DELETE /resource_providers/a9366d20-0d0c-4ef3-95eb-79faa6d4b74c" status: 404 len: 246 microversion: 1.1 [pid: 7|app: 0|req: 550/1105] 10.0.0.45 () {34 vars in 814 bytes} [Sat May 9 06:29:09 2026] DELETE /resource_providers/a9366d20-0d0c-4ef3-95eb-79faa6d4b74c => generated 246 bytes in 11 msecs (HTTP/1.1 404) 6 headers in 231 bytes (1 switches on core 0)
2026-05-09 06:29:09.423 8 INFO placement.requestlog [None req-f046bb0d-50ff-4534-8431-7f066a799484 49827beb4dcc4c0487740a79e745f8e7 7a890f941a90475db2dc06545bd940e7 - - 55fb8b5937344f4da33c0d5667d0a12b 55fb8b5937344f4da33c0d5667d0a12b] 10.0.0.45 "DELETE /resource_providers/a9366d20-0d0c-4ef3-95eb-79faa6d4b74c" status: 404 len: 246 microversion: 1.1 [pid: 8|app: 0|req: 556/1106] 10.0.0.45 () {34 vars in 814 bytes} [Sat May 9 06:29:09 2026] DELETE /resource_providers/a9366d20-0d0c-4ef3-95eb-79faa6d4b74c => generated 246 bytes in 18 msecs (HTTP/1.1 404) 6 headers in 231 bytes (1 switches on core 0)
2026-05-09 06:29:17.319 7 INFO placement.requestlog [None req-93425338-9b46-46ab-99a9-f62dc860f7de - - - - - -] 10.0.0.205 "GET /" status: 200 len: 136 microversion: 1.0
2026-05-09 06:29:17.319 8 INFO placement.requestlog [None req-d07567fa-e8b5-4e39-8ab4-b31b673423d8 - - - - - -] 10.0.0.205 "GET /" status: 200 len: 136 microversion: 1.0
2026-05-09 06:29:27.318 7 INFO placement.requestlog [None req-554b42e7-a5bf-4618-a052-1465141562d3 - - - - - -] 10.0.0.205 "GET /" status: 200 len: 136 microversion: 1.0
2026-05-09 06:29:27.318 8 INFO placement.requestlog [None req-b1f75468-88bd-452a-940b-07afda1fe864 - - - - - -] 10.0.0.205 "GET /" status: 200 len: 136 microversion: 1.0
2026-05-09 06:29:30.424 7 INFO placement.requestlog [req-51c53f53-d352-4cdb-beb3-122ae249adc9 req-d9f9fdbe-c5de-41bf-bfad-353dfe24498f c0074f4b99a44c908ad8be34ff8dfd08 7a890f941a90475db2dc06545bd940e7 - - 55fb8b5937344f4da33c0d5667d0a12b 55fb8b5937344f4da33c0d5667d0a12b] 199.204.45.74 "GET /resource_providers/70ee559e-3412-45fe-aa70-d3e9c5b896a1/allocations" status: 200 len: 253 microversion: 1.0 [pid: 7|app: 0|req: 553/1111] 199.204.45.74 () {32 vars in 855 bytes} [Sat May 9 06:29:30 2026] GET /resource_providers/70ee559e-3412-45fe-aa70-d3e9c5b896a1/allocations => generated 253 bytes in 16 msecs (HTTP/1.1 200) 6 headers in 224 bytes (1 switches on core 0)
2026-05-09 06:29:30.448 8 INFO placement.requestlog [req-51c53f53-d352-4cdb-beb3-122ae249adc9 req-9bbadb3b-d299-41f0-b525-54d37366bec4 c0074f4b99a44c908ad8be34ff8dfd08 7a890f941a90475db2dc06545bd940e7 - - 55fb8b5937344f4da33c0d5667d0a12b 55fb8b5937344f4da33c0d5667d0a12b] 199.204.45.74 "GET /allocations/7dfcfc62-2df9-47a5-98a3-6c92c43d47a2" status: 200 len: 258 microversion: 1.28 [pid: 8|app: 0|req: 559/1112] 199.204.45.74 () {34 vars in 861 bytes} [Sat May 9 06:29:30 2026] GET /allocations/7dfcfc62-2df9-47a5-98a3-6c92c43d47a2 => generated 258 bytes in 18 msecs (HTTP/1.1 200) 8 headers in 296 bytes (1 switches on core 0)
2026-05-09 06:29:30.464 7 INFO placement.requestlog [req-51c53f53-d352-4cdb-beb3-122ae249adc9 req-2c160de6-9195-4b2d-8976-2933d1df8876 c0074f4b99a44c908ad8be34ff8dfd08 7a890f941a90475db2dc06545bd940e7 - - 55fb8b5937344f4da33c0d5667d0a12b 55fb8b5937344f4da33c0d5667d0a12b] 199.204.45.74 "GET /allocations/4cc63064-e2a1-420e-97e8-09ae56e2462c" status: 200 len: 258 microversion: 1.28 [pid: 7|app: 0|req: 554/1113] 199.204.45.74 () {34 vars in 861 bytes} [Sat May 9 06:29:30 2026] GET /allocations/4cc63064-e2a1-420e-97e8-09ae56e2462c => generated 258 bytes in 11 msecs (HTTP/1.1 200) 8 headers in 296 bytes (1 switches on core 0)
2026-05-09 06:29:31.520 8 INFO placement.requestlog [req-51c53f53-d352-4cdb-beb3-122ae249adc9 req-be157e3f-63e5-460d-8494-f81791326c3c c0074f4b99a44c908ad8be34ff8dfd08 7a890f941a90475db2dc06545bd940e7 - - 55fb8b5937344f4da33c0d5667d0a12b 55fb8b5937344f4da33c0d5667d0a12b] 199.204.45.74 "DELETE /allocations/7dfcfc62-2df9-47a5-98a3-6c92c43d47a2" status: 204 len: 0 microversion: 1.0 [pid: 8|app: 0|req: 560/1114] 199.204.45.74 () {34 vars in 839 bytes} [Sat May 9 06:29:31 2026] DELETE /allocations/7dfcfc62-2df9-47a5-98a3-6c92c43d47a2 => generated 0 bytes in 32 msecs (HTTP/1.1 204) 5 headers in 198 bytes (1 switches on core 0)
2026-05-09 06:29:36.919 7 INFO placement.requestlog [req-ad78c084-1942-4313-afc6-4f676ca79678 req-231ad8b4-fb66-45c2-8552-dd7d03c21aac c0074f4b99a44c908ad8be34ff8dfd08 7a890f941a90475db2dc06545bd940e7 - - 55fb8b5937344f4da33c0d5667d0a12b 55fb8b5937344f4da33c0d5667d0a12b] 10.0.0.131 "GET /allocation_candidates?limit=1000&resources=DISK_GB%3A1%2CMEMORY_MB%3A512%2CVCPU%3A1&root_required=%21COMPUTE_STATUS_DISABLED" status: 200 len: 2444 microversion: 1.36 [pid: 7|app: 0|req: 555/1115] 10.0.0.131 () {34 vars in 1011 bytes} [Sat May 9 06:29:36 2026] GET /allocation_candidates?limit=1000&resources=DISK_GB%3A1%2CMEMORY_MB%3A512%2CVCPU%3A1&root_required=%21COMPUTE_STATUS_DISABLED => generated 2444 bytes in 106 msecs (HTTP/1.1 200) 8 headers in 297 bytes (1 switches on core 0)
2026-05-09 06:29:36.950 8 INFO placement.requestlog [req-ad78c084-1942-4313-afc6-4f676ca79678 req-88cc43ba-0e1d-45fc-a360-ff19f2c89a39 c0074f4b99a44c908ad8be34ff8dfd08 7a890f941a90475db2dc06545bd940e7 - - 55fb8b5937344f4da33c0d5667d0a12b 55fb8b5937344f4da33c0d5667d0a12b] 10.0.0.131 "GET /allocations/f4f0244b-14e1-4147-9367-7d25ac595ec5" status: 200 len: 19 microversion: 1.28 [pid: 8|app: 0|req: 561/1116] 10.0.0.131 () {34 vars in 860 bytes} [Sat May 9 06:29:36 2026] GET /allocations/f4f0244b-14e1-4147-9367-7d25ac595ec5 => generated 19 bytes in 12 msecs (HTTP/1.1 200) 8 headers in 295 bytes (1 switches on core 0)
2026-05-09 06:29:37.008 8 INFO placement.requestlog [req-d2b5ca61-b6b8-4739-ad25-5c46b979b960 req-1602ed8a-b1de-4b5b-8f58-274e7fddb12c c0074f4b99a44c908ad8be34ff8dfd08 7a890f941a90475db2dc06545bd940e7 - - 55fb8b5937344f4da33c0d5667d0a12b 55fb8b5937344f4da33c0d5667d0a12b] 199.204.45.74 "GET /resource_providers/70ee559e-3412-45fe-aa70-d3e9c5b896a1/allocations" status: 200 len: 153 microversion: 1.0 [pid: 8|app: 0|req: 562/1117] 199.204.45.74 () {32 vars in 855 bytes} [Sat May 9 06:29:36 2026] GET /resource_providers/70ee559e-3412-45fe-aa70-d3e9c5b896a1/allocations => generated 153 bytes in 11 msecs (HTTP/1.1 200) 6 headers in 224 bytes (1 switches on core 0)
2026-05-09 06:29:37.025 8 INFO placement.requestlog [req-d2b5ca61-b6b8-4739-ad25-5c46b979b960 req-5e5d65bd-1fb0-4bf9-9664-1cacc8688b60 c0074f4b99a44c908ad8be34ff8dfd08 7a890f941a90475db2dc06545bd940e7 - - 55fb8b5937344f4da33c0d5667d0a12b 55fb8b5937344f4da33c0d5667d0a12b] 199.204.45.74 "GET /allocations/4cc63064-e2a1-420e-97e8-09ae56e2462c" status: 200 len: 258 microversion: 1.28 [pid: 8|app: 0|req: 563/1118] 199.204.45.74 () {34 vars in 861 bytes} [Sat May 9 06:29:37 2026] GET /allocations/4cc63064-e2a1-420e-97e8-09ae56e2462c => generated 258 bytes in 10 msecs (HTTP/1.1 200) 8 headers in 296 bytes (1 switches on core 0)
2026-05-09 06:29:37.027 7 INFO placement.requestlog [req-ad78c084-1942-4313-afc6-4f676ca79678 req-5175c825-ff63-45f9-bcb1-7cb075db7eeb c0074f4b99a44c908ad8be34ff8dfd08 7a890f941a90475db2dc06545bd940e7 - - 55fb8b5937344f4da33c0d5667d0a12b 55fb8b5937344f4da33c0d5667d0a12b] 10.0.0.131 "PUT /allocations/f4f0244b-14e1-4147-9367-7d25ac595ec5" status: 204 len: 0 microversion: 1.36 [pid: 7|app: 0|req: 556/1119] 10.0.0.131 () {38 vars in 913 bytes} [Sat May 9 06:29:36 2026] PUT /allocations/f4f0244b-14e1-4147-9367-7d25ac595ec5 => generated 0 bytes in 73 msecs (HTTP/1.1 204) 5 headers in 199 bytes (1 switches on core 0)
2026-05-09 06:29:37.319 7 INFO placement.requestlog [None req-e51016ec-bcfc-457d-9615-29bd5707ffd2 - - - - - -] 10.0.0.205 "GET /" status: 200 len: 136 microversion: 1.0
2026-05-09 06:29:37.320 8 INFO placement.requestlog [None req-a03b5177-f827-4f0c-94a6-8be13637164d - - - - - -] 10.0.0.205 "GET /" status: 200 len: 136 microversion: 1.0
2026-05-09 06:29:38.072 7 INFO placement.requestlog [req-d2b5ca61-b6b8-4739-ad25-5c46b979b960 req-2b16a293-c6c0-4370-85fa-126495e14455 c0074f4b99a44c908ad8be34ff8dfd08 7a890f941a90475db2dc06545bd940e7 - - 55fb8b5937344f4da33c0d5667d0a12b 55fb8b5937344f4da33c0d5667d0a12b] 199.204.45.74 "DELETE /allocations/4cc63064-e2a1-420e-97e8-09ae56e2462c" status: 204 len: 0 microversion: 1.0 [pid: 7|app: 0|req: 558/1122] 199.204.45.74 () {34 vars in 839 bytes} [Sat May 9 06:29:38 2026] DELETE /allocations/4cc63064-e2a1-420e-97e8-09ae56e2462c => generated 0 bytes in 23 msecs (HTTP/1.1 204) 5 headers in 198 bytes (1 switches on core 0)
2026-05-09 06:29:38.445 8 INFO placement.requestlog [req-ad78c084-1942-4313-afc6-4f676ca79678 req-ba1fe98c-dc74-47f6-98c7-49e0ca6ce7c3 c0074f4b99a44c908ad8be34ff8dfd08 7a890f941a90475db2dc06545bd940e7 - - 55fb8b5937344f4da33c0d5667d0a12b 55fb8b5937344f4da33c0d5667d0a12b] 199.204.45.74 "GET /allocations/f4f0244b-14e1-4147-9367-7d25ac595ec5" status: 200 len: 258 microversion: 1.28 [pid: 8|app: 0|req: 565/1123] 199.204.45.74 () {34 vars in 861 bytes} [Sat May 9 06:29:38 2026] GET /allocations/f4f0244b-14e1-4147-9367-7d25ac595ec5 => generated 258 bytes in 15 msecs (HTTP/1.1 200) 8 headers in 296 bytes (1 switches on core 0)
2026-05-09 06:29:39.491 7 INFO placement.requestlog [req-ad78c084-1942-4313-afc6-4f676ca79678 req-51841dd5-aa5b-4494-852d-9b48cbbd5db0 c0074f4b99a44c908ad8be34ff8dfd08 7a890f941a90475db2dc06545bd940e7 - - 55fb8b5937344f4da33c0d5667d0a12b 55fb8b5937344f4da33c0d5667d0a12b] 199.204.45.74 "GET /resource_providers/70ee559e-3412-45fe-aa70-d3e9c5b896a1/allocations" status: 200 len: 153 microversion: 1.0 [pid: 7|app: 0|req: 559/1124] 199.204.45.74 () {32 vars in 855 bytes} [Sat May 9 06:29:39 2026] GET /resource_providers/70ee559e-3412-45fe-aa70-d3e9c5b896a1/allocations => generated 153 bytes in 16 msecs (HTTP/1.1 200) 6 headers in 224 bytes (1 switches on core 0)
2026-05-09 06:29:39.518 8 INFO placement.requestlog [req-ad78c084-1942-4313-afc6-4f676ca79678 req-2eb88e43-786f-4678-b72e-084311e26aef c0074f4b99a44c908ad8be34ff8dfd08 7a890f941a90475db2dc06545bd940e7 - - 55fb8b5937344f4da33c0d5667d0a12b 55fb8b5937344f4da33c0d5667d0a12b] 199.204.45.74 "GET /allocations/f4f0244b-14e1-4147-9367-7d25ac595ec5" status: 200 len: 258 microversion: 1.28 [pid: 8|app: 0|req: 566/1125] 199.204.45.74 () {34 vars in 861 bytes} [Sat May 9 06:29:39 2026] GET /allocations/f4f0244b-14e1-4147-9367-7d25ac595ec5 => generated 258 bytes in 19 msecs (HTTP/1.1 200) 8 headers in 296 bytes (1 switches on core 0)
2026-05-09 06:29:41.154 7 INFO placement.requestlog [None req-33ab55cf-d71e-46bc-805c-26dc3e6761f4 49827beb4dcc4c0487740a79e745f8e7 7a890f941a90475db2dc06545bd940e7 - - 55fb8b5937344f4da33c0d5667d0a12b 55fb8b5937344f4da33c0d5667d0a12b] 10.0.0.45 "GET /resource_providers/d680efbd-6cf4-42cb-b463-f131608693ee/aggregates" status: 404 len: 235 microversion: 1.1 [pid: 7|app: 0|req: 560/1126] 10.0.0.45 () {32 vars in 814 bytes} [Sat May 9 06:29:41 2026] GET /resource_providers/d680efbd-6cf4-42cb-b463-f131608693ee/aggregates => generated 235 bytes in 13 msecs (HTTP/1.1 404) 5 headers in 202 bytes (1 switches on core 0)
2026-05-09 06:29:41.160 8 INFO placement.requestlog [None req-785569fa-bdc5-44c7-81d9-0bd0b3364f88 49827beb4dcc4c0487740a79e745f8e7 7a890f941a90475db2dc06545bd940e7 - - 55fb8b5937344f4da33c0d5667d0a12b 55fb8b5937344f4da33c0d5667d0a12b] 10.0.0.45 "GET /resource_providers/d680efbd-6cf4-42cb-b463-f131608693ee/aggregates" status: 404 len: 235 microversion: 1.1 [pid: 8|app: 0|req: 567/1127] 10.0.0.45 () {32 vars in 814 bytes} [Sat May 9 06:29:41 2026] GET /resource_providers/d680efbd-6cf4-42cb-b463-f131608693ee/aggregates => generated 235 bytes in 12 msecs (HTTP/1.1 404) 5 headers in 202 bytes (1 switches on core 0)
