Apr 14 08:07:26.075528 np0000166138 devstack@n-api-meta.service[109392]: DEBUG nova.api.openstack.wsgi_app [None req-20688471-52c5-49c2-9f40-59b359270eae None None] oslo_limit.endpoint_region_name = None {{(pid=109392) log_opt_values /opt/stack/data/venv/lib/python3.12/site-packages/oslo_config/cfg.py:3006}}
Apr 14 08:07:26.075653 np0000166138 devstack@n-api-meta.service[109392]: DEBUG nova.api.openstack.wsgi_app [None req-20688471-52c5-49c2-9f40-59b359270eae None None] oslo_limit.endpoint_service_name = None {{(pid=109392) log_opt_values /opt/stack/data/venv/lib/python3.12/site-packages/oslo_config/cfg.py:3006}}
Apr 14 08:07:26.075779 np0000166138 devstack@n-api-meta.service[109392]: DEBUG nova.api.openstack.wsgi_app [None req-20688471-52c5-49c2-9f40-59b359270eae None None] oslo_limit.endpoint_service_type = None {{(pid=109392) log_opt_values /opt/stack/data/venv/lib/python3.12/site-packages/oslo_config/cfg.py:3006}}
Apr 14 08:07:26.075905 np0000166138 devstack@n-api-meta.service[109392]: DEBUG nova.api.openstack.wsgi_app [None req-20688471-52c5-49c2-9f40-59b359270eae None None] oslo_limit.insecure = False {{(pid=109392) log_opt_values /opt/stack/data/venv/lib/python3.12/site-packages/oslo_config/cfg.py:3006}}
Apr 14 08:07:26.076036 np0000166138 devstack@n-api-meta.service[109392]: DEBUG nova.api.openstack.wsgi_app [None req-20688471-52c5-49c2-9f40-59b359270eae None None] oslo_limit.keyfile = None {{(pid=109392) log_opt_values /opt/stack/data/venv/lib/python3.12/site-packages/oslo_config/cfg.py:3006}}
Apr 14 08:07:26.076253 np0000166138 devstack@n-api-meta.service[109392]: DEBUG nova.api.openstack.wsgi_app [None req-20688471-52c5-49c2-9f40-59b359270eae None None] oslo_limit.max_version = None {{(pid=109392) log_opt_values /opt/stack/data/venv/lib/python3.12/site-packages/oslo_config/cfg.py:3006}}
Apr 14 08:07:26.076383 np0000166138 devstack@n-api-meta.service[109392]: DEBUG nova.api.openstack.wsgi_app [None req-20688471-52c5-49c2-9f40-59b359270eae None None] oslo_limit.min_version = None {{(pid=109392) log_opt_values /opt/stack/data/venv/lib/python3.12/site-packages/oslo_config/cfg.py:3006}}
Apr 14 08:07:26.076453 np0000166138 devstack@n-api-meta.service[109392]: DEBUG nova.api.openstack.wsgi_app [None req-20688471-52c5-49c2-9f40-59b359270eae None None] oslo_limit.region_name = None {{(pid=109392) log_opt_values /opt/stack/data/venv/lib/python3.12/site-packages/oslo_config/cfg.py:3006}}
Apr 14 08:07:26.076573 np0000166138 devstack@n-api-meta.service[109392]: DEBUG nova.api.openstack.wsgi_app [None req-20688471-52c5-49c2-9f40-59b359270eae None None] oslo_limit.retriable_status_codes = None {{(pid=109392) log_opt_values /opt/stack/data/venv/lib/python3.12/site-packages/oslo_config/cfg.py:3006}}
Apr 14 08:07:26.076696 np0000166138 devstack@n-api-meta.service[109392]: DEBUG nova.api.openstack.wsgi_app [None req-20688471-52c5-49c2-9f40-59b359270eae None None] oslo_limit.service_name = None {{(pid=109392) log_opt_values /opt/stack/data/venv/lib/python3.12/site-packages/oslo_config/cfg.py:3006}}
Apr 14 08:07:26.076821 np0000166138 devstack@n-api-meta.service[109392]: DEBUG nova.api.openstack.wsgi_app [None req-20688471-52c5-49c2-9f40-59b359270eae None None] oslo_limit.service_type = None {{(pid=109392) log_opt_values /opt/stack/data/venv/lib/python3.12/site-packages/oslo_config/cfg.py:3006}}
Apr 14 08:07:26.076950 np0000166138 devstack@n-api-meta.service[109392]: DEBUG nova.api.openstack.wsgi_app [None req-20688471-52c5-49c2-9f40-59b359270eae None None] oslo_limit.split_loggers = False {{(pid=109392) log_opt_values /opt/stack/data/venv/lib/python3.12/site-packages/oslo_config/cfg.py:3006}}
Apr 14 08:07:26.077094 np0000166138 devstack@n-api-meta.service[109392]: DEBUG nova.api.openstack.wsgi_app [None req-20688471-52c5-49c2-9f40-59b359270eae None None] oslo_limit.status_code_retries = None {{(pid=109392) log_opt_values /opt/stack/data/venv/lib/python3.12/site-packages/oslo_config/cfg.py:3006}}
Apr 14 08:07:26.077220 np0000166138 devstack@n-api-meta.service[109392]: DEBUG nova.api.openstack.wsgi_app [None req-20688471-52c5-49c2-9f40-59b359270eae None None] oslo_limit.status_code_retry_delay = None {{(pid=109392) log_opt_values /opt/stack/data/venv/lib/python3.12/site-packages/oslo_config/cfg.py:3006}}
Apr 14 08:07:26.077346 np0000166138 devstack@n-api-meta.service[109392]: DEBUG nova.api.openstack.wsgi_app [None req-20688471-52c5-49c2-9f40-59b359270eae None None] oslo_limit.timeout = None {{(pid=109392) log_opt_values /opt/stack/data/venv/lib/python3.12/site-packages/oslo_config/cfg.py:3006}}
Apr 14 08:07:26.077472 np0000166138 devstack@n-api-meta.service[109392]: DEBUG nova.api.openstack.wsgi_app [None req-20688471-52c5-49c2-9f40-59b359270eae None None] oslo_limit.valid_interfaces = None {{(pid=109392) log_opt_values /opt/stack/data/venv/lib/python3.12/site-packages/oslo_config/cfg.py:3006}}
Apr 14 08:07:26.077597 np0000166138 devstack@n-api-meta.service[109392]: DEBUG nova.api.openstack.wsgi_app [None req-20688471-52c5-49c2-9f40-59b359270eae None None] oslo_limit.version = None {{(pid=109392) log_opt_values /opt/stack/data/venv/lib/python3.12/site-packages/oslo_config/cfg.py:3006}}
Apr 14 08:07:26.077745 np0000166138 devstack@n-api-meta.service[109392]: DEBUG nova.api.openstack.wsgi_app [None req-20688471-52c5-49c2-9f40-59b359270eae None None] oslo_messaging_rabbit.amqp_auto_delete = False {{(pid=109392) log_opt_values /opt/stack/data/venv/lib/python3.12/site-packages/oslo_config/cfg.py:3006}}
Apr 14 08:07:26.077866 np0000166138 devstack@n-api-meta.service[109392]: DEBUG nova.api.openstack.wsgi_app [None req-20688471-52c5-49c2-9f40-59b359270eae None None] oslo_messaging_rabbit.amqp_durable_queues = False {{(pid=109392) log_opt_values /opt/stack/data/venv/lib/python3.12/site-packages/oslo_config/cfg.py:3006}}
Apr 14 08:07:26.077996 np0000166138 devstack@n-api-meta.service[109392]: DEBUG nova.api.openstack.wsgi_app [None req-20688471-52c5-49c2-9f40-59b359270eae None None] oslo_messaging_rabbit.conn_pool_min_size = 2 {{(pid=109392) log_opt_values /opt/stack/data/venv/lib/python3.12/site-packages/oslo_config/cfg.py:3006}}
Apr 14 08:07:26.078143 np0000166138 devstack@n-api-meta.service[109392]: DEBUG nova.api.openstack.wsgi_app [None req-20688471-52c5-49c2-9f40-59b359270eae None None] oslo_messaging_rabbit.conn_pool_ttl = 1200 {{(pid=109392) log_opt_values /opt/stack/data/venv/lib/python3.12/site-packages/oslo_config/cfg.py:3006}}
Apr 14 08:07:26.078268 np0000166138 devstack@n-api-meta.service[109392]: DEBUG nova.api.openstack.wsgi_app [None req-20688471-52c5-49c2-9f40-59b359270eae None None] oslo_messaging_rabbit.direct_mandatory_flag = True {{(pid=109392) log_opt_values /opt/stack/data/venv/lib/python3.12/site-packages/oslo_config/cfg.py:3006}}
Apr 14 08:07:26.078395 np0000166138 devstack@n-api-meta.service[109392]: DEBUG nova.api.openstack.wsgi_app [None req-20688471-52c5-49c2-9f40-59b359270eae None None] oslo_messaging_rabbit.enable_cancel_on_failover = False {{(pid=109392) log_opt_values /opt/stack/data/venv/lib/python3.12/site-packages/oslo_config/cfg.py:3006}}
Apr 14 08:07:26.078527 np0000166138 devstack@n-api-meta.service[109392]: DEBUG nova.api.openstack.wsgi_app [None req-20688471-52c5-49c2-9f40-59b359270eae None None] oslo_messaging_rabbit.heartbeat_in_pthread = False {{(pid=109392) log_opt_values /opt/stack/data/venv/lib/python3.12/site-packages/oslo_config/cfg.py:3006}}
Apr 14 08:07:26.078658 np0000166138 devstack@n-api-meta.service[109392]: DEBUG nova.api.openstack.wsgi_app [None req-20688471-52c5-49c2-9f40-59b359270eae None None] oslo_messaging_rabbit.heartbeat_rate = 3 {{(pid=109392) log_opt_values /opt/stack/data/venv/lib/python3.12/site-packages/oslo_config/cfg.py:3006}}
Apr 14 08:07:26.078785 np0000166138 devstack@n-api-meta.service[109392]: DEBUG nova.api.openstack.wsgi_app [None req-20688471-52c5-49c2-9f40-59b359270eae None None] oslo_messaging_rabbit.heartbeat_timeout_threshold = 60 {{(pid=109392) log_opt_values /opt/stack/data/venv/lib/python3.12/site-packages/oslo_config/cfg.py:3006}}
Apr 14 08:07:26.078919 np0000166138 devstack@n-api-meta.service[109392]: DEBUG nova.api.openstack.wsgi_app [None req-20688471-52c5-49c2-9f40-59b359270eae None None] oslo_messaging_rabbit.hostname = np0000166138 {{(pid=109392) log_opt_values /opt/stack/data/venv/lib/python3.12/site-packages/oslo_config/cfg.py:3006}}
Apr 14 08:07:26.079064 np0000166138 devstack@n-api-meta.service[109392]: DEBUG nova.api.openstack.wsgi_app [None req-20688471-52c5-49c2-9f40-59b359270eae None None] oslo_messaging_rabbit.kombu_compression = None {{(pid=109392) log_opt_values /opt/stack/data/venv/lib/python3.12/site-packages/oslo_config/cfg.py:3006}}
Apr 14 08:07:26.079202 np0000166138 devstack@n-api-meta.service[109392]: DEBUG nova.api.openstack.wsgi_app [None req-20688471-52c5-49c2-9f40-59b359270eae None None] oslo_messaging_rabbit.kombu_failover_strategy = round-robin {{(pid=109392) log_opt_values /opt/stack/data/venv/lib/python3.12/site-packages/oslo_config/cfg.py:3006}}
Apr 14 08:07:26.079337 np0000166138 devstack@n-api-meta.service[109392]: DEBUG nova.api.openstack.wsgi_app [None req-20688471-52c5-49c2-9f40-59b359270eae None None] oslo_messaging_rabbit.kombu_missing_consumer_retry_timeout = 60 {{(pid=109392) log_opt_values /opt/stack/data/venv/lib/python3.12/site-packages/oslo_config/cfg.py:3006}}
Apr 14 08:07:26.079617 np0000166138 devstack@n-api-meta.service[109392]: DEBUG nova.api.openstack.wsgi_app [None req-20688471-52c5-49c2-9f40-59b359270eae None None] oslo_messaging_rabbit.kombu_reconnect_delay = 1.0 {{(pid=109392) log_opt_values /opt/stack/data/venv/lib/python3.12/site-packages/oslo_config/cfg.py:3006}}
Apr 14 08:07:26.079737 np0000166138 devstack@n-api-meta.service[109392]: DEBUG nova.api.openstack.wsgi_app [None req-20688471-52c5-49c2-9f40-59b359270eae None None] oslo_messaging_rabbit.kombu_reconnect_splay = 0.0 {{(pid=109392) log_opt_values /opt/stack/data/venv/lib/python3.12/site-packages/oslo_config/cfg.py:3006}}
Apr 14 08:07:26.079872 np0000166138 devstack@n-api-meta.service[109392]: DEBUG nova.api.openstack.wsgi_app [None req-20688471-52c5-49c2-9f40-59b359270eae None None] oslo_messaging_rabbit.processname = uwsgi {{(pid=109392) log_opt_values /opt/stack/data/venv/lib/python3.12/site-packages/oslo_config/cfg.py:3006}}
Apr 14 08:07:26.080004 np0000166138 devstack@n-api-meta.service[109392]: DEBUG nova.api.openstack.wsgi_app [None req-20688471-52c5-49c2-9f40-59b359270eae None None] oslo_messaging_rabbit.rabbit_ha_queues = False {{(pid=109392) log_opt_values /opt/stack/data/venv/lib/python3.12/site-packages/oslo_config/cfg.py:3006}}
Apr 14 08:07:26.080207 np0000166138 devstack@n-api-meta.service[109392]: DEBUG nova.api.openstack.wsgi_app [None req-20688471-52c5-49c2-9f40-59b359270eae None None] oslo_messaging_rabbit.rabbit_interval_max = 30 {{(pid=109392) log_opt_values /opt/stack/data/venv/lib/python3.12/site-packages/oslo_config/cfg.py:3006}}
Apr 14 08:07:26.081115 np0000166138 devstack@n-api-meta.service[109392]: DEBUG nova.api.openstack.wsgi_app [None req-20688471-52c5-49c2-9f40-59b359270eae None None] oslo_messaging_rabbit.rabbit_login_method = AMQPLAIN {{(pid=109392) log_opt_values /opt/stack/data/venv/lib/python3.12/site-packages/oslo_config/cfg.py:3006}}
Apr 14 08:07:26.081115 np0000166138 devstack@n-api-meta.service[109392]: DEBUG nova.api.openstack.wsgi_app [None req-20688471-52c5-49c2-9f40-59b359270eae None None] oslo_messaging_rabbit.rabbit_qos_prefetch_count = 0 {{(pid=109392) log_opt_values /opt/stack/data/venv/lib/python3.12/site-packages/oslo_config/cfg.py:3006}}
Apr 14 08:07:26.081115 np0000166138 devstack@n-api-meta.service[109392]: DEBUG nova.api.openstack.wsgi_app [None req-20688471-52c5-49c2-9f40-59b359270eae None None] oslo_messaging_rabbit.rabbit_quorum_delivery_limit = 0 {{(pid=109392) log_opt_values /opt/stack/data/venv/lib/python3.12/site-packages/oslo_config/cfg.py:3006}}
Apr 14 08:07:26.081115 np0000166138 devstack@n-api-meta.service[109392]: DEBUG nova.api.openstack.wsgi_app [None req-20688471-52c5-49c2-9f40-59b359270eae None None] oslo_messaging_rabbit.rabbit_quorum_max_memory_bytes = 0 {{(pid=109392) log_opt_values /opt/stack/data/venv/lib/python3.12/site-packages/oslo_config/cfg.py:3006}}
Apr 14 08:07:26.081115 np0000166138 devstack@n-api-meta.service[109392]: DEBUG nova.api.openstack.wsgi_app [None req-20688471-52c5-49c2-9f40-59b359270eae None None] oslo_messaging_rabbit.rabbit_quorum_max_memory_length = 0 {{(pid=109392) log_opt_values /opt/stack/data/venv/lib/python3.12/site-packages/oslo_config/cfg.py:3006}}
Apr 14 08:07:26.081115 np0000166138 devstack@n-api-meta.service[109392]: DEBUG nova.api.openstack.wsgi_app [None req-20688471-52c5-49c2-9f40-59b359270eae None None] oslo_messaging_rabbit.rabbit_quorum_queue = False {{(pid=109392) log_opt_values /opt/stack/data/venv/lib/python3.12/site-packages/oslo_config/cfg.py:3006}}
Apr 14 08:07:26.081115 np0000166138 devstack@n-api-meta.service[109392]: DEBUG nova.api.openstack.wsgi_app [None req-20688471-52c5-49c2-9f40-59b359270eae None None] oslo_messaging_rabbit.rabbit_retry_backoff = 2 {{(pid=109392) log_opt_values /opt/stack/data/venv/lib/python3.12/site-packages/oslo_config/cfg.py:3006}}
Apr 14 08:07:26.081424 np0000166138 devstack@n-api-meta.service[109392]: DEBUG nova.api.openstack.wsgi_app [None req-20688471-52c5-49c2-9f40-59b359270eae None None] oslo_messaging_rabbit.rabbit_retry_interval = 1 {{(pid=109392) log_opt_values /opt/stack/data/venv/lib/python3.12/site-packages/oslo_config/cfg.py:3006}}
Apr 14 08:07:26.081424 np0000166138 devstack@n-api-meta.service[109392]: DEBUG nova.api.openstack.wsgi_app [None req-20688471-52c5-49c2-9f40-59b359270eae None None] oslo_messaging_rabbit.rabbit_stream_fanout = False {{(pid=109392) log_opt_values /opt/stack/data/venv/lib/python3.12/site-packages/oslo_config/cfg.py:3006}}
Apr 14 08:07:26.081424 np0000166138 devstack@n-api-meta.service[109392]: DEBUG nova.api.openstack.wsgi_app [None req-20688471-52c5-49c2-9f40-59b359270eae None None] oslo_messaging_rabbit.rabbit_transient_queues_ttl = 1800 {{(pid=109392) log_opt_values /opt/stack/data/venv/lib/python3.12/site-packages/oslo_config/cfg.py:3006}}
Apr 14 08:07:26.081571 np0000166138 devstack@n-api-meta.service[109392]: DEBUG nova.api.openstack.wsgi_app [None req-20688471-52c5-49c2-9f40-59b359270eae None None] oslo_messaging_rabbit.rabbit_transient_quorum_queue = False {{(pid=109392) log_opt_values /opt/stack/data/venv/lib/python3.12/site-packages/oslo_config/cfg.py:3006}}
Apr 14 08:07:26.081700 np0000166138 devstack@n-api-meta.service[109392]: DEBUG nova.api.openstack.wsgi_app [None req-20688471-52c5-49c2-9f40-59b359270eae None None] oslo_messaging_rabbit.rpc_conn_pool_size = 30 {{(pid=109392) log_opt_values /opt/stack/data/venv/lib/python3.12/site-packages/oslo_config/cfg.py:3006}}
Apr 14 08:07:26.081826 np0000166138 devstack@n-api-meta.service[109392]: DEBUG nova.api.openstack.wsgi_app [None req-20688471-52c5-49c2-9f40-59b359270eae None None] oslo_messaging_rabbit.ssl = False {{(pid=109392) log_opt_values /opt/stack/data/venv/lib/python3.12/site-packages/oslo_config/cfg.py:3006}}
Apr 14 08:07:26.081952 np0000166138 devstack@n-api-meta.service[109392]: DEBUG nova.api.openstack.wsgi_app [None req-20688471-52c5-49c2-9f40-59b359270eae None None] oslo_messaging_rabbit.ssl_ca_file = {{(pid=109392) log_opt_values /opt/stack/data/venv/lib/python3.12/site-packages/oslo_config/cfg.py:3006}}
Apr 14 08:07:26.082111 np0000166138 devstack@n-api-meta.service[109392]: DEBUG nova.api.openstack.wsgi_app [None req-20688471-52c5-49c2-9f40-59b359270eae None None] oslo_messaging_rabbit.ssl_cert_file = {{(pid=109392) log_opt_values /opt/stack/data/venv/lib/python3.12/site-packages/oslo_config/cfg.py:3006}}
Apr 14 08:07:26.082241 np0000166138 devstack@n-api-meta.service[109392]: DEBUG nova.api.openstack.wsgi_app [None req-20688471-52c5-49c2-9f40-59b359270eae None None] oslo_messaging_rabbit.ssl_enforce_fips_mode = False {{(pid=109392) log_opt_values /opt/stack/data/venv/lib/python3.12/site-packages/oslo_config/cfg.py:3006}}
Apr 14 08:07:26.082380 np0000166138 devstack@n-api-meta.service[109392]: DEBUG nova.api.openstack.wsgi_app [None req-20688471-52c5-49c2-9f40-59b359270eae None None] oslo_messaging_rabbit.ssl_key_file = {{(pid=109392) log_opt_values /opt/stack/data/venv/lib/python3.12/site-packages/oslo_config/cfg.py:3006}}
Apr 14 08:07:26.082514 np0000166138 devstack@n-api-meta.service[109392]: DEBUG nova.api.openstack.wsgi_app [None req-20688471-52c5-49c2-9f40-59b359270eae None None] oslo_messaging_rabbit.ssl_version = {{(pid=109392) log_opt_values /opt/stack/data/venv/lib/python3.12/site-packages/oslo_config/cfg.py:3006}}
Apr 14 08:07:26.082644 np0000166138 devstack@n-api-meta.service[109392]: DEBUG nova.api.openstack.wsgi_app [None req-20688471-52c5-49c2-9f40-59b359270eae None None] oslo_messaging_rabbit.use_queue_manager = False {{(pid=109392) log_opt_values /opt/stack/data/venv/lib/python3.12/site-packages/oslo_config/cfg.py:3006}}
Apr 14 08:07:26.082789 np0000166138 devstack@n-api-meta.service[109392]: DEBUG nova.api.openstack.wsgi_app [None req-20688471-52c5-49c2-9f40-59b359270eae None None] oslo_messaging_notifications.driver = ['messagingv2'] {{(pid=109392) log_opt_values /opt/stack/data/venv/lib/python3.12/site-packages/oslo_config/cfg.py:3006}}
Apr 14 08:07:26.082920 np0000166138 devstack@n-api-meta.service[109392]: DEBUG nova.api.openstack.wsgi_app [None req-20688471-52c5-49c2-9f40-59b359270eae None None] oslo_messaging_notifications.retry = -1 {{(pid=109392) log_opt_values /opt/stack/data/venv/lib/python3.12/site-packages/oslo_config/cfg.py:3006}}
Apr 14 08:07:26.083083 np0000166138 devstack@n-api-meta.service[109392]: DEBUG nova.api.openstack.wsgi_app [None req-20688471-52c5-49c2-9f40-59b359270eae None None] oslo_messaging_notifications.topics = ['notifications'] {{(pid=109392) log_opt_values /opt/stack/data/venv/lib/python3.12/site-packages/oslo_config/cfg.py:3006}}
Apr 14 08:07:26.083223 np0000166138 devstack@n-api-meta.service[109392]: DEBUG nova.api.openstack.wsgi_app [None req-20688471-52c5-49c2-9f40-59b359270eae None None] oslo_messaging_notifications.transport_url = **** {{(pid=109392) log_opt_values /opt/stack/data/venv/lib/python3.12/site-packages/oslo_config/cfg.py:3006}}
Apr 14 08:07:26.083357 np0000166138 devstack@n-api-meta.service[109392]: DEBUG nova.api.openstack.wsgi_app [None req-20688471-52c5-49c2-9f40-59b359270eae None None] oslo_reports.file_event_handler = None {{(pid=109392) log_opt_values /opt/stack/data/venv/lib/python3.12/site-packages/oslo_config/cfg.py:3006}}
Apr 14 08:07:26.083486 np0000166138 devstack@n-api-meta.service[109392]: DEBUG nova.api.openstack.wsgi_app [None req-20688471-52c5-49c2-9f40-59b359270eae None None] oslo_reports.file_event_handler_interval = 1 {{(pid=109392) log_opt_values /opt/stack/data/venv/lib/python3.12/site-packages/oslo_config/cfg.py:3006}}
Apr 14 08:07:26.083613 np0000166138 devstack@n-api-meta.service[109392]: DEBUG nova.api.openstack.wsgi_app [None req-20688471-52c5-49c2-9f40-59b359270eae None None] oslo_reports.log_dir = None {{(pid=109392) log_opt_values /opt/stack/data/venv/lib/python3.12/site-packages/oslo_config/cfg.py:3006}}
Apr 14 08:07:26.083721 np0000166138 devstack@n-api-meta.service[109392]: DEBUG nova.api.openstack.wsgi_app [None req-20688471-52c5-49c2-9f40-59b359270eae None None] ******************************************************************************** {{(pid=109392) log_opt_values /opt/stack/data/venv/lib/python3.12/site-packages/oslo_config/cfg.py:3013}}
Apr 14 08:07:26.083835 np0000166138 devstack@n-api-meta.service[109392]: WSGI app 0 (mountpoint='') ready in 3 seconds on interpreter 0x793e816a3668 pid: 109392 (default app)
Apr 14 08:07:35.663543 np0000166138 devstack@n-api-meta.service[109391]: DEBUG dbcounter [-] [109391] Writing DB stats nova_api:SELECT=1 {{(pid=109391) stat_writer /opt/stack/data/venv/lib/python3.12/site-packages/dbcounter.py:115}}
Apr 14 08:07:35.674788 np0000166138 devstack@n-api-meta.service[109390]: DEBUG dbcounter [-] [109390] Writing DB stats nova_api:SELECT=1 {{(pid=109390) stat_writer /opt/stack/data/venv/lib/python3.12/site-packages/dbcounter.py:115}}
Apr 14 08:07:35.690501 np0000166138 devstack@n-api-meta.service[109389]: DEBUG dbcounter [-] [109389] Writing DB stats nova_api:SELECT=1 {{(pid=109389) stat_writer /opt/stack/data/venv/lib/python3.12/site-packages/dbcounter.py:115}}
Apr 14 08:07:35.752128 np0000166138 devstack@n-api-meta.service[109392]: DEBUG dbcounter [-] [109392] Writing DB stats nova_api:SELECT=1 {{(pid=109392) stat_writer /opt/stack/data/venv/lib/python3.12/site-packages/dbcounter.py:115}}
Apr 14 08:07:35.808343 np0000166138 devstack@n-api-meta.service[109391]: DEBUG dbcounter [-] [109391] Writing DB stats nova_cell1:SELECT=1 {{(pid=109391) stat_writer /opt/stack/data/venv/lib/python3.12/site-packages/dbcounter.py:115}}
Apr 14 08:07:35.810077 np0000166138 devstack@n-api-meta.service[109391]: DEBUG dbcounter [-] [109391] Writing DB stats nova_cell0:SELECT=1 {{(pid=109391) stat_writer /opt/stack/data/venv/lib/python3.12/site-packages/dbcounter.py:115}}
Apr 14 08:07:35.825617 np0000166138 devstack@n-api-meta.service[109390]: DEBUG dbcounter [-] [109390] Writing DB stats nova_cell0:SELECT=1 {{(pid=109390) stat_writer /opt/stack/data/venv/lib/python3.12/site-packages/dbcounter.py:115}}
Apr 14 08:07:35.829945 np0000166138 devstack@n-api-meta.service[109390]: DEBUG dbcounter [-] [109390] Writing DB stats nova_cell1:SELECT=1 {{(pid=109390) stat_writer /opt/stack/data/venv/lib/python3.12/site-packages/dbcounter.py:115}}
Apr 14 08:07:35.847628 np0000166138 devstack@n-api-meta.service[109391]: DEBUG dbcounter [-] [109391] Writing DB stats nova_cell0:SELECT=2,nova_cell0:INSERT=1 {{(pid=109391) stat_writer /opt/stack/data/venv/lib/python3.12/site-packages/dbcounter.py:115}}
Apr 14 08:07:35.859054 np0000166138 devstack@n-api-meta.service[109390]: DEBUG dbcounter [-] [109390] Writing DB stats nova_cell0:SELECT=1 {{(pid=109390) stat_writer /opt/stack/data/venv/lib/python3.12/site-packages/dbcounter.py:115}}
Apr 14 08:07:35.863937 np0000166138 devstack@n-api-meta.service[109389]: DEBUG dbcounter [-] [109389] Writing DB stats nova_cell0:SELECT=1 {{(pid=109389) stat_writer /opt/stack/data/venv/lib/python3.12/site-packages/dbcounter.py:115}}
Apr 14 08:07:35.864834 np0000166138 devstack@n-api-meta.service[109389]: DEBUG dbcounter [-] [109389] Writing DB stats nova_cell1:SELECT=1 {{(pid=109389) stat_writer /opt/stack/data/venv/lib/python3.12/site-packages/dbcounter.py:115}}
Apr 14 08:07:35.886398 np0000166138 devstack@n-api-meta.service[109392]: DEBUG dbcounter [-] [109392] Writing DB stats nova_cell1:SELECT=1 {{(pid=109392) stat_writer /opt/stack/data/venv/lib/python3.12/site-packages/dbcounter.py:115}}
Apr 14 08:07:35.887628 np0000166138 devstack@n-api-meta.service[109392]: DEBUG dbcounter [-] [109392] Writing DB stats nova_cell0:SELECT=1 {{(pid=109392) stat_writer /opt/stack/data/venv/lib/python3.12/site-packages/dbcounter.py:115}}
Apr 14 08:07:35.895383 np0000166138 devstack@n-api-meta.service[109389]: DEBUG dbcounter [-] [109389] Writing DB stats nova_cell0:SELECT=1 {{(pid=109389) stat_writer /opt/stack/data/venv/lib/python3.12/site-packages/dbcounter.py:115}}
Apr 14 08:07:35.916088 np0000166138 devstack@n-api-meta.service[109392]: DEBUG dbcounter [-] [109392] Writing DB stats nova_cell0:SELECT=1 {{(pid=109392) stat_writer /opt/stack/data/venv/lib/python3.12/site-packages/dbcounter.py:115}}
Apr 14 08:12:46.842172 np0000166138 devstack@n-api-meta.service[109391]: DEBUG nova.api.metadata.handler [None req-43d49575-61bf-4e9e-90a3-823c21f7b1ce None None] Metadata request headers: {'Host': '199.19.213.115:8775', 'User-Agent': 'python-requests/2.33.1', 'Accept-Encoding': 'gzip, deflate', 'Accept': '*/*', 'Connection': 'keep-alive', 'X-Forwarded-For': '192.168.24.52', 'X-Instance-Id': '69f0c4dd-7ef1-4767-bf6a-2aa216b510af', 'X-Tenant-Id': '12643c8de3b94df9b6a58472e2d0a5c8', 'X-Instance-Id-Signature': 'a14e717145ac2ae0959c595046d7775b24699e2c1734279a84fdeeb514281776'} {{(pid=109391) __call__ /opt/stack/nova/nova/api/metadata/handler.py:109}}
Apr 14 08:12:46.858262 np0000166138 devstack@n-api-meta.service[109391]: DEBUG oslo_concurrency.lockutils [None req-7069eb38-8a3d-4b03-afec-ecdec4c41287 None None] Acquiring lock "515d9fa3-4638-499f-8475-daa1cb8f5309" by "nova.context.set_target_cell..get_or_set_cached_cell_and_set_connections" {{(pid=109391) inner /opt/stack/data/venv/lib/python3.12/site-packages/oslo_concurrency/lockutils.py:506}}
Apr 14 08:12:46.858400 np0000166138 devstack@n-api-meta.service[109391]: DEBUG oslo_concurrency.lockutils [None req-7069eb38-8a3d-4b03-afec-ecdec4c41287 None None] Lock "515d9fa3-4638-499f-8475-daa1cb8f5309" acquired by "nova.context.set_target_cell..get_or_set_cached_cell_and_set_connections" :: waited 0.000s {{(pid=109391) inner /opt/stack/data/venv/lib/python3.12/site-packages/oslo_concurrency/lockutils.py:519}}
Apr 14 08:12:46.858545 np0000166138 devstack@n-api-meta.service[109391]: DEBUG oslo_concurrency.lockutils [None req-7069eb38-8a3d-4b03-afec-ecdec4c41287 None None] Lock "515d9fa3-4638-499f-8475-daa1cb8f5309" "released" by "nova.context.set_target_cell..get_or_set_cached_cell_and_set_connections" :: held 0.000s {{(pid=109391) inner /opt/stack/data/venv/lib/python3.12/site-packages/oslo_concurrency/lockutils.py:538}}
Apr 14 08:12:46.916374 np0000166138 devstack@n-api-meta.service[109391]: WARNING neutronclient.v2_0.client [None req-7069eb38-8a3d-4b03-afec-ecdec4c41287 None None] The python binding code in neutronclient is deprecated in favor of OpenstackSDK, please use that as this will be removed in a future release.
Apr 14 08:12:47.344004 np0000166138 devstack@n-api-meta.service[109391]: [pid: 109391|app: 0|req: 1/1] 199.19.213.115 () {40 vars in 642 bytes} [Tue Apr 14 08:12:46 2026] GET /openstack => generated 116 bytes in 504 msecs (HTTP/1.1 200) 3 headers in 100 bytes (1 switches on core 0)
Apr 14 08:12:47.362414 np0000166138 devstack@n-api-meta.service[109390]: DEBUG nova.api.metadata.handler [None req-5549dd64-4013-4599-853e-d6ef765bdae4 None None] Metadata request headers: {'Host': '199.19.213.115:8775', 'User-Agent': 'python-requests/2.33.1', 'Accept-Encoding': 'gzip, deflate', 'Accept': '*/*', 'Connection': 'keep-alive', 'X-Forwarded-For': '192.168.24.52', 'X-Instance-Id': '69f0c4dd-7ef1-4767-bf6a-2aa216b510af', 'X-Tenant-Id': '12643c8de3b94df9b6a58472e2d0a5c8', 'X-Instance-Id-Signature': 'a14e717145ac2ae0959c595046d7775b24699e2c1734279a84fdeeb514281776'} {{(pid=109390) __call__ /opt/stack/nova/nova/api/metadata/handler.py:109}}
Apr 14 08:12:47.370923 np0000166138 devstack@n-api-meta.service[109390]: DEBUG nova.api.metadata.handler [None req-5549dd64-4013-4599-853e-d6ef765bdae4 None None] Using cached metadata for instance 69f0c4dd-7ef1-4767-bf6a-2aa216b510af {{(pid=109390) get_metadata_by_instance_id /opt/stack/nova/nova/api/metadata/handler.py:84}}
Apr 14 08:12:47.371535 np0000166138 devstack@n-api-meta.service[109390]: [pid: 109390|app: 0|req: 1/2] 199.19.213.115 () {40 vars in 642 bytes} [Tue Apr 14 08:12:47 2026] GET /openstack => generated 116 bytes in 12 msecs (HTTP/1.1 200) 3 headers in 100 bytes (1 switches on core 0)
Apr 14 08:12:47.384551 np0000166138 devstack@n-api-meta.service[109389]: DEBUG nova.api.metadata.handler [None req-df6746e9-ffe9-4939-b39e-f4af4702c0a2 None None] Metadata request headers: {'Host': '199.19.213.115:8775', 'User-Agent': 'python-requests/2.33.1', 'Accept-Encoding': 'gzip, deflate', 'Accept': '*/*', 'Connection': 'keep-alive', 'X-Forwarded-For': '192.168.24.52', 'X-Instance-Id': '69f0c4dd-7ef1-4767-bf6a-2aa216b510af', 'X-Tenant-Id': '12643c8de3b94df9b6a58472e2d0a5c8', 'X-Instance-Id-Signature': 'a14e717145ac2ae0959c595046d7775b24699e2c1734279a84fdeeb514281776'} {{(pid=109389) __call__ /opt/stack/nova/nova/api/metadata/handler.py:109}}
Apr 14 08:12:47.391632 np0000166138 devstack@n-api-meta.service[109389]: DEBUG nova.api.metadata.handler [None req-df6746e9-ffe9-4939-b39e-f4af4702c0a2 None None] Using cached metadata for instance 69f0c4dd-7ef1-4767-bf6a-2aa216b510af {{(pid=109389) get_metadata_by_instance_id /opt/stack/nova/nova/api/metadata/handler.py:84}}
Apr 14 08:12:47.392350 np0000166138 devstack@n-api-meta.service[109389]: [pid: 109389|app: 0|req: 1/3] 199.19.213.115 () {40 vars in 694 bytes} [Tue Apr 14 08:12:47 2026] GET /openstack/2018-08-27/meta_data.json => generated 946 bytes in 11 msecs (HTTP/1.1 200) 3 headers in 91 bytes (1 switches on core 0)
Apr 14 08:12:47.402043 np0000166138 devstack@n-api-meta.service[109392]: DEBUG nova.api.metadata.handler [None req-20688471-52c5-49c2-9f40-59b359270eae None None] Metadata request headers: {'Host': '199.19.213.115:8775', 'User-Agent': 'python-requests/2.33.1', 'Accept-Encoding': 'gzip, deflate', 'Accept': '*/*', 'Connection': 'keep-alive', 'X-Forwarded-For': '192.168.24.52', 'X-Instance-Id': '69f0c4dd-7ef1-4767-bf6a-2aa216b510af', 'X-Tenant-Id': '12643c8de3b94df9b6a58472e2d0a5c8', 'X-Instance-Id-Signature': 'a14e717145ac2ae0959c595046d7775b24699e2c1734279a84fdeeb514281776'} {{(pid=109392) __call__ /opt/stack/nova/nova/api/metadata/handler.py:109}}
Apr 14 08:12:47.410487 np0000166138 devstack@n-api-meta.service[109392]: DEBUG nova.api.metadata.handler [None req-20688471-52c5-49c2-9f40-59b359270eae None None] Using cached metadata for instance 69f0c4dd-7ef1-4767-bf6a-2aa216b510af {{(pid=109392) get_metadata_by_instance_id /opt/stack/nova/nova/api/metadata/handler.py:84}}
Apr 14 08:12:47.410929 np0000166138 devstack@n-api-meta.service[109392]: [pid: 109392|app: 0|req: 1/4] 199.19.213.115 () {40 vars in 684 bytes} [Tue Apr 14 08:12:47 2026] GET /openstack/2018-08-27/user_data => generated 26434 bytes in 11 msecs (HTTP/1.1 200) 3 headers in 102 bytes (1 switches on core 0)
Apr 14 08:12:47.422510 np0000166138 devstack@n-api-meta.service[109391]: DEBUG nova.api.metadata.handler [None req-7069eb38-8a3d-4b03-afec-ecdec4c41287 None None] Metadata request headers: {'Host': '199.19.213.115:8775', 'User-Agent': 'python-requests/2.33.1', 'Accept-Encoding': 'gzip, deflate', 'Accept': '*/*', 'Connection': 'keep-alive', 'X-Forwarded-For': '192.168.24.52', 'X-Instance-Id': '69f0c4dd-7ef1-4767-bf6a-2aa216b510af', 'X-Tenant-Id': '12643c8de3b94df9b6a58472e2d0a5c8', 'X-Instance-Id-Signature': 'a14e717145ac2ae0959c595046d7775b24699e2c1734279a84fdeeb514281776'} {{(pid=109391) __call__ /opt/stack/nova/nova/api/metadata/handler.py:109}}
Apr 14 08:12:47.425531 np0000166138 devstack@n-api-meta.service[109391]: DEBUG nova.api.metadata.handler [None req-7069eb38-8a3d-4b03-afec-ecdec4c41287 None None] Using cached metadata for instance 69f0c4dd-7ef1-4767-bf6a-2aa216b510af {{(pid=109391) get_metadata_by_instance_id /opt/stack/nova/nova/api/metadata/handler.py:84}}
Apr 14 08:12:47.426240 np0000166138 devstack@n-api-meta.service[109391]: [pid: 109391|app: 0|req: 2/5] 199.19.213.115 () {40 vars in 698 bytes} [Tue Apr 14 08:12:47 2026] GET /openstack/2018-08-27/vendor_data.json => generated 2 bytes in 5 msecs (HTTP/1.1 200) 3 headers in 89 bytes (1 switches on core 0)
Apr 14 08:12:47.435749 np0000166138 devstack@n-api-meta.service[109390]: DEBUG nova.api.metadata.handler [None req-5549dd64-4013-4599-853e-d6ef765bdae4 None None] Metadata request headers: {'Host': '199.19.213.115:8775', 'User-Agent': 'python-requests/2.33.1', 'Accept-Encoding': 'gzip, deflate', 'Accept': '*/*', 'Connection': 'keep-alive', 'X-Forwarded-For': '192.168.24.52', 'X-Instance-Id': '69f0c4dd-7ef1-4767-bf6a-2aa216b510af', 'X-Tenant-Id': '12643c8de3b94df9b6a58472e2d0a5c8', 'X-Instance-Id-Signature': 'a14e717145ac2ae0959c595046d7775b24699e2c1734279a84fdeeb514281776'} {{(pid=109390) __call__ /opt/stack/nova/nova/api/metadata/handler.py:109}}
Apr 14 08:12:47.438637 np0000166138 devstack@n-api-meta.service[109390]: DEBUG nova.api.metadata.handler [None req-5549dd64-4013-4599-853e-d6ef765bdae4 None None] Using cached metadata for instance 69f0c4dd-7ef1-4767-bf6a-2aa216b510af {{(pid=109390) get_metadata_by_instance_id /opt/stack/nova/nova/api/metadata/handler.py:84}}
Apr 14 08:12:47.439637 np0000166138 devstack@n-api-meta.service[109390]: [pid: 109390|app: 0|req: 2/6] 199.19.213.115 () {40 vars in 700 bytes} [Tue Apr 14 08:12:47 2026] GET /openstack/2018-08-27/vendor_data2.json => generated 14 bytes in 4 msecs (HTTP/1.1 200) 3 headers in 90 bytes (1 switches on core 0)
Apr 14 08:12:47.447745 np0000166138 devstack@n-api-meta.service[109389]: DEBUG nova.api.metadata.handler [None req-df6746e9-ffe9-4939-b39e-f4af4702c0a2 None None] Metadata request headers: {'Host': '199.19.213.115:8775', 'User-Agent': 'python-requests/2.33.1', 'Accept-Encoding': 'gzip, deflate', 'Accept': '*/*', 'Connection': 'keep-alive', 'X-Forwarded-For': '192.168.24.52', 'X-Instance-Id': '69f0c4dd-7ef1-4767-bf6a-2aa216b510af', 'X-Tenant-Id': '12643c8de3b94df9b6a58472e2d0a5c8', 'X-Instance-Id-Signature': 'a14e717145ac2ae0959c595046d7775b24699e2c1734279a84fdeeb514281776'} {{(pid=109389) __call__ /opt/stack/nova/nova/api/metadata/handler.py:109}}
Apr 14 08:12:47.450511 np0000166138 devstack@n-api-meta.service[109389]: DEBUG nova.api.metadata.handler [None req-df6746e9-ffe9-4939-b39e-f4af4702c0a2 None None] Using cached metadata for instance 69f0c4dd-7ef1-4767-bf6a-2aa216b510af {{(pid=109389) get_metadata_by_instance_id /opt/stack/nova/nova/api/metadata/handler.py:84}}
Apr 14 08:12:47.450949 np0000166138 devstack@n-api-meta.service[109389]: [pid: 109389|app: 0|req: 2/7] 199.19.213.115 () {40 vars in 700 bytes} [Tue Apr 14 08:12:47 2026] GET /openstack/2018-08-27/network_data.json => generated 348 bytes in 4 msecs (HTTP/1.1 200) 3 headers in 100 bytes (1 switches on core 0)
Apr 14 08:12:47.459353 np0000166138 devstack@n-api-meta.service[109392]: DEBUG nova.api.metadata.handler [None req-20688471-52c5-49c2-9f40-59b359270eae None None] Metadata request headers: {'Host': '199.19.213.115:8775', 'User-Agent': 'python-requests/2.33.1', 'Accept-Encoding': 'gzip, deflate', 'Accept': '*/*', 'Connection': 'keep-alive', 'X-Forwarded-For': '192.168.24.52', 'X-Instance-Id': '69f0c4dd-7ef1-4767-bf6a-2aa216b510af', 'X-Tenant-Id': '12643c8de3b94df9b6a58472e2d0a5c8', 'X-Instance-Id-Signature': 'a14e717145ac2ae0959c595046d7775b24699e2c1734279a84fdeeb514281776'} {{(pid=109392) __call__ /opt/stack/nova/nova/api/metadata/handler.py:109}}
Apr 14 08:12:47.462773 np0000166138 devstack@n-api-meta.service[109392]: DEBUG nova.api.metadata.handler [None req-20688471-52c5-49c2-9f40-59b359270eae None None] Using cached metadata for instance 69f0c4dd-7ef1-4767-bf6a-2aa216b510af {{(pid=109392) get_metadata_by_instance_id /opt/stack/nova/nova/api/metadata/handler.py:84}}
Apr 14 08:12:47.463615 np0000166138 devstack@n-api-meta.service[109392]: [pid: 109392|app: 0|req: 2/8] 199.19.213.115 () {40 vars in 658 bytes} [Tue Apr 14 08:12:47 2026] GET /latest/meta-data/ => generated 210 bytes in 5 msecs (HTTP/1.1 200) 3 headers in 100 bytes (1 switches on core 0)
Apr 14 08:12:47.471125 np0000166138 devstack@n-api-meta.service[109391]: DEBUG nova.api.metadata.handler [None req-7069eb38-8a3d-4b03-afec-ecdec4c41287 None None] Metadata request headers: {'Host': '199.19.213.115:8775', 'User-Agent': 'python-requests/2.33.1', 'Accept-Encoding': 'gzip, deflate', 'Accept': '*/*', 'Connection': 'keep-alive', 'X-Forwarded-For': '192.168.24.52', 'X-Instance-Id': '69f0c4dd-7ef1-4767-bf6a-2aa216b510af', 'X-Tenant-Id': '12643c8de3b94df9b6a58472e2d0a5c8', 'X-Instance-Id-Signature': 'a14e717145ac2ae0959c595046d7775b24699e2c1734279a84fdeeb514281776'} {{(pid=109391) __call__ /opt/stack/nova/nova/api/metadata/handler.py:109}}
Apr 14 08:12:47.472915 np0000166138 devstack@n-api-meta.service[109391]: DEBUG nova.api.metadata.handler [None req-7069eb38-8a3d-4b03-afec-ecdec4c41287 None None] Using cached metadata for instance 69f0c4dd-7ef1-4767-bf6a-2aa216b510af {{(pid=109391) get_metadata_by_instance_id /opt/stack/nova/nova/api/metadata/handler.py:84}}
Apr 14 08:12:47.473498 np0000166138 devstack@n-api-meta.service[109391]: [pid: 109391|app: 0|req: 3/9] 199.19.213.115 () {40 vars in 700 bytes} [Tue Apr 14 08:12:47 2026] GET /latest/meta-data/block-device-mapping/ => generated 8 bytes in 3 msecs (HTTP/1.1 200) 3 headers in 98 bytes (1 switches on core 0)
Apr 14 08:12:47.482399 np0000166138 devstack@n-api-meta.service[109390]: DEBUG nova.api.metadata.handler [None req-5549dd64-4013-4599-853e-d6ef765bdae4 None None] Metadata request headers: {'Host': '199.19.213.115:8775', 'User-Agent': 'python-requests/2.33.1', 'Accept-Encoding': 'gzip, deflate', 'Accept': '*/*', 'Connection': 'keep-alive', 'X-Forwarded-For': '192.168.24.52', 'X-Instance-Id': '69f0c4dd-7ef1-4767-bf6a-2aa216b510af', 'X-Tenant-Id': '12643c8de3b94df9b6a58472e2d0a5c8', 'X-Instance-Id-Signature': 'a14e717145ac2ae0959c595046d7775b24699e2c1734279a84fdeeb514281776'} {{(pid=109390) __call__ /opt/stack/nova/nova/api/metadata/handler.py:109}}
Apr 14 08:12:47.485640 np0000166138 devstack@n-api-meta.service[109390]: DEBUG nova.api.metadata.handler [None req-5549dd64-4013-4599-853e-d6ef765bdae4 None None] Using cached metadata for instance 69f0c4dd-7ef1-4767-bf6a-2aa216b510af {{(pid=109390) get_metadata_by_instance_id /opt/stack/nova/nova/api/metadata/handler.py:84}}
Apr 14 08:12:47.486359 np0000166138 devstack@n-api-meta.service[109390]: [pid: 109390|app: 0|req: 3/10] 199.19.213.115 () {40 vars in 705 bytes} [Tue Apr 14 08:12:47 2026] GET /latest/meta-data/block-device-mapping/ami => generated 3 bytes in 5 msecs (HTTP/1.1 200) 3 headers in 98 bytes (1 switches on core 0)
Apr 14 08:12:47.493241 np0000166138 devstack@n-api-meta.service[109389]: DEBUG nova.api.metadata.handler [None req-df6746e9-ffe9-4939-b39e-f4af4702c0a2 None None] Metadata request headers: {'Host': '199.19.213.115:8775', 'User-Agent': 'python-requests/2.33.1', 'Accept-Encoding': 'gzip, deflate', 'Accept': '*/*', 'Connection': 'keep-alive', 'X-Forwarded-For': '192.168.24.52', 'X-Instance-Id': '69f0c4dd-7ef1-4767-bf6a-2aa216b510af', 'X-Tenant-Id': '12643c8de3b94df9b6a58472e2d0a5c8', 'X-Instance-Id-Signature': 'a14e717145ac2ae0959c595046d7775b24699e2c1734279a84fdeeb514281776'} {{(pid=109389) __call__ /opt/stack/nova/nova/api/metadata/handler.py:109}}
Apr 14 08:12:47.495904 np0000166138 devstack@n-api-meta.service[109389]: DEBUG nova.api.metadata.handler [None req-df6746e9-ffe9-4939-b39e-f4af4702c0a2 None None] Using cached metadata for instance 69f0c4dd-7ef1-4767-bf6a-2aa216b510af {{(pid=109389) get_metadata_by_instance_id /opt/stack/nova/nova/api/metadata/handler.py:84}}
Apr 14 08:12:47.496558 np0000166138 devstack@n-api-meta.service[109389]: [pid: 109389|app: 0|req: 3/11] 199.19.213.115 () {40 vars in 707 bytes} [Tue Apr 14 08:12:47 2026] GET /latest/meta-data/block-device-mapping/root => generated 8 bytes in 4 msecs (HTTP/1.1 200) 3 headers in 98 bytes (1 switches on core 0)
Apr 14 08:12:47.506263 np0000166138 devstack@n-api-meta.service[109392]: DEBUG nova.api.metadata.handler [None req-20688471-52c5-49c2-9f40-59b359270eae None None] Metadata request headers: {'Host': '199.19.213.115:8775', 'User-Agent': 'python-requests/2.33.1', 'Accept-Encoding': 'gzip, deflate', 'Accept': '*/*', 'Connection': 'keep-alive', 'X-Forwarded-For': '192.168.24.52', 'X-Instance-Id': '69f0c4dd-7ef1-4767-bf6a-2aa216b510af', 'X-Tenant-Id': '12643c8de3b94df9b6a58472e2d0a5c8', 'X-Instance-Id-Signature': 'a14e717145ac2ae0959c595046d7775b24699e2c1734279a84fdeeb514281776'} {{(pid=109392) __call__ /opt/stack/nova/nova/api/metadata/handler.py:109}}
Apr 14 08:12:47.508536 np0000166138 devstack@n-api-meta.service[109392]: DEBUG nova.api.metadata.handler [None req-20688471-52c5-49c2-9f40-59b359270eae None None] Using cached metadata for instance 69f0c4dd-7ef1-4767-bf6a-2aa216b510af {{(pid=109392) get_metadata_by_instance_id /opt/stack/nova/nova/api/metadata/handler.py:84}}
Apr 14 08:12:47.509252 np0000166138 devstack@n-api-meta.service[109392]: [pid: 109392|app: 0|req: 3/12] 199.19.213.115 () {40 vars in 677 bytes} [Tue Apr 14 08:12:47 2026] GET /latest/meta-data/placement/ => generated 17 bytes in 4 msecs (HTTP/1.1 200) 3 headers in 99 bytes (1 switches on core 0)
Apr 14 08:12:47.517640 np0000166138 devstack@n-api-meta.service[109391]: DEBUG nova.api.metadata.handler [None req-7069eb38-8a3d-4b03-afec-ecdec4c41287 None None] Metadata request headers: {'Host': '199.19.213.115:8775', 'User-Agent': 'python-requests/2.33.1', 'Accept-Encoding': 'gzip, deflate', 'Accept': '*/*', 'Connection': 'keep-alive', 'X-Forwarded-For': '192.168.24.52', 'X-Instance-Id': '69f0c4dd-7ef1-4767-bf6a-2aa216b510af', 'X-Tenant-Id': '12643c8de3b94df9b6a58472e2d0a5c8', 'X-Instance-Id-Signature': 'a14e717145ac2ae0959c595046d7775b24699e2c1734279a84fdeeb514281776'} {{(pid=109391) __call__ /opt/stack/nova/nova/api/metadata/handler.py:109}}
Apr 14 08:12:47.519496 np0000166138 devstack@n-api-meta.service[109391]: DEBUG nova.api.metadata.handler [None req-7069eb38-8a3d-4b03-afec-ecdec4c41287 None None] Using cached metadata for instance 69f0c4dd-7ef1-4767-bf6a-2aa216b510af {{(pid=109391) get_metadata_by_instance_id /opt/stack/nova/nova/api/metadata/handler.py:84}}
Apr 14 08:12:47.519958 np0000166138 devstack@n-api-meta.service[109391]: [pid: 109391|app: 0|req: 4/13] 199.19.213.115 () {40 vars in 711 bytes} [Tue Apr 14 08:12:47 2026] GET /latest/meta-data/placement/availability-zone => generated 4 bytes in 3 msecs (HTTP/1.1 200) 3 headers in 98 bytes (1 switches on core 0)
Apr 14 08:12:47.526819 np0000166138 devstack@n-api-meta.service[109390]: DEBUG nova.api.metadata.handler [None req-5549dd64-4013-4599-853e-d6ef765bdae4 None None] Metadata request headers: {'Host': '199.19.213.115:8775', 'User-Agent': 'python-requests/2.33.1', 'Accept-Encoding': 'gzip, deflate', 'Accept': '*/*', 'Connection': 'keep-alive', 'X-Forwarded-For': '192.168.24.52', 'X-Instance-Id': '69f0c4dd-7ef1-4767-bf6a-2aa216b510af', 'X-Tenant-Id': '12643c8de3b94df9b6a58472e2d0a5c8', 'X-Instance-Id-Signature': 'a14e717145ac2ae0959c595046d7775b24699e2c1734279a84fdeeb514281776'} {{(pid=109390) __call__ /opt/stack/nova/nova/api/metadata/handler.py:109}}
Apr 14 08:12:47.530097 np0000166138 devstack@n-api-meta.service[109390]: DEBUG nova.api.metadata.handler [None req-5549dd64-4013-4599-853e-d6ef765bdae4 None None] Using cached metadata for instance 69f0c4dd-7ef1-4767-bf6a-2aa216b510af {{(pid=109390) get_metadata_by_instance_id /opt/stack/nova/nova/api/metadata/handler.py:84}}
Apr 14 08:12:47.531096 np0000166138 devstack@n-api-meta.service[109390]: [pid: 109390|app: 0|req: 4/14] 199.19.213.115 () {40 vars in 670 bytes} [Tue Apr 14 08:12:47 2026] GET /latest/meta-data/ami-id => generated 12 bytes in 5 msecs (HTTP/1.1 200) 3 headers in 99 bytes (1 switches on core 0)
Apr 14 08:12:47.539420 np0000166138 devstack@n-api-meta.service[109389]: DEBUG nova.api.metadata.handler [None req-df6746e9-ffe9-4939-b39e-f4af4702c0a2 None None] Metadata request headers: {'Host': '199.19.213.115:8775', 'User-Agent': 'python-requests/2.33.1', 'Accept-Encoding': 'gzip, deflate', 'Accept': '*/*', 'Connection': 'keep-alive', 'X-Forwarded-For': '192.168.24.52', 'X-Instance-Id': '69f0c4dd-7ef1-4767-bf6a-2aa216b510af', 'X-Tenant-Id': '12643c8de3b94df9b6a58472e2d0a5c8', 'X-Instance-Id-Signature': 'a14e717145ac2ae0959c595046d7775b24699e2c1734279a84fdeeb514281776'} {{(pid=109389) __call__ /opt/stack/nova/nova/api/metadata/handler.py:109}}
Apr 14 08:12:47.542271 np0000166138 devstack@n-api-meta.service[109389]: DEBUG nova.api.metadata.handler [None req-df6746e9-ffe9-4939-b39e-f4af4702c0a2 None None] Using cached metadata for instance 69f0c4dd-7ef1-4767-bf6a-2aa216b510af {{(pid=109389) get_metadata_by_instance_id /opt/stack/nova/nova/api/metadata/handler.py:84}}
Apr 14 08:12:47.542908 np0000166138 devstack@n-api-meta.service[109389]: [pid: 109389|app: 0|req: 4/15] 199.19.213.115 () {40 vars in 690 bytes} [Tue Apr 14 08:12:47 2026] GET /latest/meta-data/ami-launch-index => generated 1 bytes in 4 msecs (HTTP/1.1 200) 3 headers in 98 bytes (1 switches on core 0)
Apr 14 08:12:47.551607 np0000166138 devstack@n-api-meta.service[109392]: DEBUG nova.api.metadata.handler [None req-20688471-52c5-49c2-9f40-59b359270eae None None] Metadata request headers: {'Host': '199.19.213.115:8775', 'User-Agent': 'python-requests/2.33.1', 'Accept-Encoding': 'gzip, deflate', 'Accept': '*/*', 'Connection': 'keep-alive', 'X-Forwarded-For': '192.168.24.52', 'X-Instance-Id': '69f0c4dd-7ef1-4767-bf6a-2aa216b510af', 'X-Tenant-Id': '12643c8de3b94df9b6a58472e2d0a5c8', 'X-Instance-Id-Signature': 'a14e717145ac2ae0959c595046d7775b24699e2c1734279a84fdeeb514281776'} {{(pid=109392) __call__ /opt/stack/nova/nova/api/metadata/handler.py:109}}
Apr 14 08:12:47.553943 np0000166138 devstack@n-api-meta.service[109392]: DEBUG nova.api.metadata.handler [None req-20688471-52c5-49c2-9f40-59b359270eae None None] Using cached metadata for instance 69f0c4dd-7ef1-4767-bf6a-2aa216b510af {{(pid=109392) get_metadata_by_instance_id /opt/stack/nova/nova/api/metadata/handler.py:84}}
Apr 14 08:12:47.554763 np0000166138 devstack@n-api-meta.service[109392]: [pid: 109392|app: 0|req: 4/16] 199.19.213.115 () {40 vars in 692 bytes} [Tue Apr 14 08:12:47 2026] GET /latest/meta-data/ami-manifest-path => generated 5 bytes in 4 msecs (HTTP/1.1 200) 3 headers in 98 bytes (1 switches on core 0)
Apr 14 08:12:47.598624 np0000166138 devstack@n-api-meta.service[109391]: DEBUG nova.api.metadata.handler [None req-7069eb38-8a3d-4b03-afec-ecdec4c41287 None None] Metadata request headers: {'Host': '199.19.213.115:8775', 'User-Agent': 'python-requests/2.33.1', 'Accept-Encoding': 'gzip, deflate', 'Accept': '*/*', 'Connection': 'keep-alive', 'X-Forwarded-For': '192.168.24.52', 'X-Instance-Id': '69f0c4dd-7ef1-4767-bf6a-2aa216b510af', 'X-Tenant-Id': '12643c8de3b94df9b6a58472e2d0a5c8', 'X-Instance-Id-Signature': 'a14e717145ac2ae0959c595046d7775b24699e2c1734279a84fdeeb514281776'} {{(pid=109391) __call__ /opt/stack/nova/nova/api/metadata/handler.py:109}}
Apr 14 08:12:47.600478 np0000166138 devstack@n-api-meta.service[109391]: DEBUG nova.api.metadata.handler [None req-7069eb38-8a3d-4b03-afec-ecdec4c41287 None None] Using cached metadata for instance 69f0c4dd-7ef1-4767-bf6a-2aa216b510af {{(pid=109391) get_metadata_by_instance_id /opt/stack/nova/nova/api/metadata/handler.py:84}}
Apr 14 08:12:47.600979 np0000166138 devstack@n-api-meta.service[109391]: [pid: 109391|app: 0|req: 5/17] 199.19.213.115 () {40 vars in 674 bytes} [Tue Apr 14 08:12:47 2026] GET /latest/meta-data/hostname => generated 32 bytes in 3 msecs (HTTP/1.1 200) 3 headers in 99 bytes (1 switches on core 0)
Apr 14 08:12:47.607645 np0000166138 devstack@n-api-meta.service[109390]: DEBUG nova.api.metadata.handler [None req-5549dd64-4013-4599-853e-d6ef765bdae4 None None] Metadata request headers: {'Host': '199.19.213.115:8775', 'User-Agent': 'python-requests/2.33.1', 'Accept-Encoding': 'gzip, deflate', 'Accept': '*/*', 'Connection': 'keep-alive', 'X-Forwarded-For': '192.168.24.52', 'X-Instance-Id': '69f0c4dd-7ef1-4767-bf6a-2aa216b510af', 'X-Tenant-Id': '12643c8de3b94df9b6a58472e2d0a5c8', 'X-Instance-Id-Signature': 'a14e717145ac2ae0959c595046d7775b24699e2c1734279a84fdeeb514281776'} {{(pid=109390) __call__ /opt/stack/nova/nova/api/metadata/handler.py:109}}
Apr 14 08:12:47.610926 np0000166138 devstack@n-api-meta.service[109390]: DEBUG nova.api.metadata.handler [None req-5549dd64-4013-4599-853e-d6ef765bdae4 None None] Using cached metadata for instance 69f0c4dd-7ef1-4767-bf6a-2aa216b510af {{(pid=109390) get_metadata_by_instance_id /opt/stack/nova/nova/api/metadata/handler.py:84}}
Apr 14 08:12:47.611754 np0000166138 devstack@n-api-meta.service[109390]: [pid: 109390|app: 0|req: 5/18] 199.19.213.115 () {40 vars in 688 bytes} [Tue Apr 14 08:12:47 2026] GET /latest/meta-data/instance-action => generated 4 bytes in 5 msecs (HTTP/1.1 200) 3 headers in 98 bytes (1 switches on core 0)
Apr 14 08:12:47.620702 np0000166138 devstack@n-api-meta.service[109389]: DEBUG nova.api.metadata.handler [None req-df6746e9-ffe9-4939-b39e-f4af4702c0a2 None None] Metadata request headers: {'Host': '199.19.213.115:8775', 'User-Agent': 'python-requests/2.33.1', 'Accept-Encoding': 'gzip, deflate', 'Accept': '*/*', 'Connection': 'keep-alive', 'X-Forwarded-For': '192.168.24.52', 'X-Instance-Id': '69f0c4dd-7ef1-4767-bf6a-2aa216b510af', 'X-Tenant-Id': '12643c8de3b94df9b6a58472e2d0a5c8', 'X-Instance-Id-Signature': 'a14e717145ac2ae0959c595046d7775b24699e2c1734279a84fdeeb514281776'} {{(pid=109389) __call__ /opt/stack/nova/nova/api/metadata/handler.py:109}}
Apr 14 08:12:47.623406 np0000166138 devstack@n-api-meta.service[109389]: DEBUG nova.api.metadata.handler [None req-df6746e9-ffe9-4939-b39e-f4af4702c0a2 None None] Using cached metadata for instance 69f0c4dd-7ef1-4767-bf6a-2aa216b510af {{(pid=109389) get_metadata_by_instance_id /opt/stack/nova/nova/api/metadata/handler.py:84}}
Apr 14 08:12:47.623931 np0000166138 devstack@n-api-meta.service[109389]: [pid: 109389|app: 0|req: 5/19] 199.19.213.115 () {40 vars in 680 bytes} [Tue Apr 14 08:12:47 2026] GET /latest/meta-data/instance-id => generated 10 bytes in 4 msecs (HTTP/1.1 200) 3 headers in 99 bytes (1 switches on core 0)
Apr 14 08:12:47.632890 np0000166138 devstack@n-api-meta.service[109392]: DEBUG nova.api.metadata.handler [None req-20688471-52c5-49c2-9f40-59b359270eae None None] Metadata request headers: {'Host': '199.19.213.115:8775', 'User-Agent': 'python-requests/2.33.1', 'Accept-Encoding': 'gzip, deflate', 'Accept': '*/*', 'Connection': 'keep-alive', 'X-Forwarded-For': '192.168.24.52', 'X-Instance-Id': '69f0c4dd-7ef1-4767-bf6a-2aa216b510af', 'X-Tenant-Id': '12643c8de3b94df9b6a58472e2d0a5c8', 'X-Instance-Id-Signature': 'a14e717145ac2ae0959c595046d7775b24699e2c1734279a84fdeeb514281776'} {{(pid=109392) __call__ /opt/stack/nova/nova/api/metadata/handler.py:109}}
