2026-06-10 02:33:15.371 7 INFO placement.requestlog [req-a091b05e-cdbb-4f71-8796-858fb21908f2 req-c7593d7b-1b78-42b1-a7e4-9580bab8ab0a 13ceda6af88f403aa88245938822620f 15e57212b5c646f2bc0b4bc0ebc8dc01 - - 996a2b792c464a82a4a2f7381962a3da 996a2b792c464a82a4a2f7381962a3da] 199.204.45.72 "DELETE /allocations/52ea27c5-1746-4253-b15e-d83e4eda1865" status: 204 len: 0 microversion: 1.0 [pid: 7|app: 0|req: 507/1021] 199.204.45.72 () {34 vars in 839 bytes} [Wed Jun 10 02:33:15 2026] DELETE /allocations/52ea27c5-1746-4253-b15e-d83e4eda1865 => generated 0 bytes in 26 msecs (HTTP/1.1 204) 5 headers in 198 bytes (1 switches on core 0)
2026-06-10 02:33:17.769 8 INFO placement.requestlog [req-f71125d4-d5b6-493b-93c7-5386cd776013 req-618bcfcd-ec2f-48e8-906b-896f9ed53e7b 13ceda6af88f403aa88245938822620f 15e57212b5c646f2bc0b4bc0ebc8dc01 - - 996a2b792c464a82a4a2f7381962a3da 996a2b792c464a82a4a2f7381962a3da] 10.0.0.16 "GET /allocation_candidates?limit=1000&resources=DISK_GB%3A1%2CMEMORY_MB%3A512%2CVCPU%3A1&root_required=%21COMPUTE_STATUS_DISABLED" status: 200 len: 2640 microversion: 1.36 [pid: 8|app: 0|req: 515/1022] 10.0.0.16 () {34 vars in 1010 bytes} [Wed Jun 10 02:33:17 2026] GET /allocation_candidates?limit=1000&resources=DISK_GB%3A1%2CMEMORY_MB%3A512%2CVCPU%3A1&root_required=%21COMPUTE_STATUS_DISABLED => generated 2640 bytes in 46 msecs (HTTP/1.1 200) 8 headers in 297 bytes (1 switches on core 0)
2026-06-10 02:33:17.797 7 INFO placement.requestlog [req-f71125d4-d5b6-493b-93c7-5386cd776013 req-8e2a454c-f014-4e01-897d-08fead1f9e1d 13ceda6af88f403aa88245938822620f 15e57212b5c646f2bc0b4bc0ebc8dc01 - - 996a2b792c464a82a4a2f7381962a3da 996a2b792c464a82a4a2f7381962a3da] 10.0.0.16 "GET /allocations/f7596572-2764-4b73-8d0c-b8a67768f9d8" status: 200 len: 19 microversion: 1.28 [pid: 7|app: 0|req: 508/1023] 10.0.0.16 () {34 vars in 859 bytes} [Wed Jun 10 02:33:17 2026] GET /allocations/f7596572-2764-4b73-8d0c-b8a67768f9d8 => generated 19 bytes in 13 msecs (HTTP/1.1 200) 8 headers in 295 bytes (1 switches on core 0)
2026-06-10 02:33:17.881 8 INFO placement.requestlog [req-f71125d4-d5b6-493b-93c7-5386cd776013 req-3aee53c5-1ff5-4e52-a87e-23143864e1e5 13ceda6af88f403aa88245938822620f 15e57212b5c646f2bc0b4bc0ebc8dc01 - - 996a2b792c464a82a4a2f7381962a3da 996a2b792c464a82a4a2f7381962a3da] 10.0.0.16 "PUT /allocations/f7596572-2764-4b73-8d0c-b8a67768f9d8" status: 204 len: 0 microversion: 1.36 [pid: 8|app: 0|req: 516/1024] 10.0.0.16 () {38 vars in 912 bytes} [Wed Jun 10 02:33:17 2026] PUT /allocations/f7596572-2764-4b73-8d0c-b8a67768f9d8 => generated 0 bytes in 78 msecs (HTTP/1.1 204) 5 headers in 199 bytes (1 switches on core 0)
2026-06-10 02:33:19.241 8 INFO placement.requestlog [None req-bac87a70-4703-45cb-983d-fb7c9ad97f5b b67c9b4c03f8499db9c760cef0498e46 15e57212b5c646f2bc0b4bc0ebc8dc01 - - 996a2b792c464a82a4a2f7381962a3da 996a2b792c464a82a4a2f7381962a3da] 10.0.0.83 "GET /resource_providers/02bd1466-7cb5-481f-996e-b4cc5340eba1/aggregates" status: 404 len: 235 microversion: 1.1 [pid: 8|app: 0|req: 517/1025] 10.0.0.83 () {32 vars in 814 bytes} [Wed Jun 10 02:33:19 2026] GET /resource_providers/02bd1466-7cb5-481f-996e-b4cc5340eba1/aggregates => generated 235 bytes in 8 msecs (HTTP/1.1 404) 5 headers in 202 bytes (1 switches on core 0)
2026-06-10 02:33:19.243 7 INFO placement.requestlog [None req-e3ad694b-c311-4982-9350-52f0562d10c3 b67c9b4c03f8499db9c760cef0498e46 15e57212b5c646f2bc0b4bc0ebc8dc01 - - 996a2b792c464a82a4a2f7381962a3da 996a2b792c464a82a4a2f7381962a3da] 10.0.0.83 "GET /resource_providers/02bd1466-7cb5-481f-996e-b4cc5340eba1/aggregates" status: 404 len: 235 microversion: 1.1 [pid: 7|app: 0|req: 509/1026] 10.0.0.83 () {32 vars in 814 bytes} [Wed Jun 10 02:33:19 2026] GET /resource_providers/02bd1466-7cb5-481f-996e-b4cc5340eba1/aggregates => generated 235 bytes in 15 msecs (HTTP/1.1 404) 5 headers in 202 bytes (1 switches on core 0)
2026-06-10 02:33:19.261 8 INFO placement.requestlog [None req-c8d341dc-155d-4d83-ad25-679ae6a0c6e0 b67c9b4c03f8499db9c760cef0498e46 15e57212b5c646f2bc0b4bc0ebc8dc01 - - 996a2b792c464a82a4a2f7381962a3da 996a2b792c464a82a4a2f7381962a3da] 10.0.0.83 "DELETE /resource_providers/02bd1466-7cb5-481f-996e-b4cc5340eba1" status: 404 len: 246 microversion: 1.1 [pid: 8|app: 0|req: 518/1027] 10.0.0.83 () {34 vars in 814 bytes} [Wed Jun 10 02:33:19 2026] DELETE /resource_providers/02bd1466-7cb5-481f-996e-b4cc5340eba1 => generated 246 bytes in 9 msecs (HTTP/1.1 404) 6 headers in 231 bytes (1 switches on core 0)
2026-06-10 02:33:19.261 7 INFO placement.requestlog [None req-5cacb098-7569-456f-a9e0-4e85af2e5464 b67c9b4c03f8499db9c760cef0498e46 15e57212b5c646f2bc0b4bc0ebc8dc01 - - 996a2b792c464a82a4a2f7381962a3da 996a2b792c464a82a4a2f7381962a3da] 10.0.0.83 "DELETE /resource_providers/02bd1466-7cb5-481f-996e-b4cc5340eba1" status: 404 len: 246 microversion: 1.1 [pid: 7|app: 0|req: 510/1028] 10.0.0.83 () {34 vars in 814 bytes} [Wed Jun 10 02:33:19 2026] DELETE /resource_providers/02bd1466-7cb5-481f-996e-b4cc5340eba1 => generated 246 bytes in 7 msecs (HTTP/1.1 404) 6 headers in 231 bytes (1 switches on core 0)
2026-06-10 02:33:19.368 8 INFO placement.requestlog [req-f71125d4-d5b6-493b-93c7-5386cd776013 req-83a6d309-dfef-42b9-9445-25ad588e5262 13ceda6af88f403aa88245938822620f 15e57212b5c646f2bc0b4bc0ebc8dc01 - - 996a2b792c464a82a4a2f7381962a3da 996a2b792c464a82a4a2f7381962a3da] 199.204.45.72 "GET /allocations/f7596572-2764-4b73-8d0c-b8a67768f9d8" status: 200 len: 258 microversion: 1.28 [pid: 8|app: 0|req: 519/1029] 199.204.45.72 () {34 vars in 861 bytes} [Wed Jun 10 02:33:19 2026] GET /allocations/f7596572-2764-4b73-8d0c-b8a67768f9d8 => generated 258 bytes in 14 msecs (HTTP/1.1 200) 8 headers in 296 bytes (1 switches on core 0)
2026-06-10 02:33:19.390 8 INFO placement.requestlog [None req-0c605577-bd0e-4cfe-a160-f8dd9282ade0 b67c9b4c03f8499db9c760cef0498e46 15e57212b5c646f2bc0b4bc0ebc8dc01 - - 996a2b792c464a82a4a2f7381962a3da 996a2b792c464a82a4a2f7381962a3da] 10.0.0.83 "GET /resource_providers/a5daac59-e5fd-48ce-b55e-286d479e6602/aggregates" status: 404 len: 235 microversion: 1.1 [pid: 8|app: 0|req: 520/1030] 10.0.0.83 () {32 vars in 814 bytes} [Wed Jun 10 02:33:19 2026] GET /resource_providers/a5daac59-e5fd-48ce-b55e-286d479e6602/aggregates => generated 235 bytes in 7 msecs (HTTP/1.1 404) 5 headers in 202 bytes (1 switches on core 0)
2026-06-10 02:33:19.393 7 INFO placement.requestlog [None req-dc4087b3-3d4a-4840-9b3f-6600905949fd b67c9b4c03f8499db9c760cef0498e46 15e57212b5c646f2bc0b4bc0ebc8dc01 - - 996a2b792c464a82a4a2f7381962a3da 996a2b792c464a82a4a2f7381962a3da] 10.0.0.83 "GET /resource_providers/a5daac59-e5fd-48ce-b55e-286d479e6602/aggregates" status: 404 len: 235 microversion: 1.1 [pid: 7|app: 0|req: 511/1031] 10.0.0.83 () {32 vars in 814 bytes} [Wed Jun 10 02:33:19 2026] GET /resource_providers/a5daac59-e5fd-48ce-b55e-286d479e6602/aggregates => generated 235 bytes in 11 msecs (HTTP/1.1 404) 5 headers in 202 bytes (1 switches on core 0)
2026-06-10 02:33:19.414 8 INFO placement.requestlog [None req-d5cb7a1a-cdef-48fb-86a9-d282c01176fe b67c9b4c03f8499db9c760cef0498e46 15e57212b5c646f2bc0b4bc0ebc8dc01 - - 996a2b792c464a82a4a2f7381962a3da 996a2b792c464a82a4a2f7381962a3da] 10.0.0.83 "DELETE /resource_providers/a5daac59-e5fd-48ce-b55e-286d479e6602" status: 404 len: 246 microversion: 1.1 [pid: 8|app: 0|req: 521/1032] 10.0.0.83 () {34 vars in 814 bytes} [Wed Jun 10 02:33:19 2026] DELETE /resource_providers/a5daac59-e5fd-48ce-b55e-286d479e6602 => generated 246 bytes in 11 msecs (HTTP/1.1 404) 6 headers in 231 bytes (1 switches on core 0)
2026-06-10 02:33:19.419 7 INFO placement.requestlog [None req-9dd132d1-4014-48f2-8983-dfd8290d42a7 b67c9b4c03f8499db9c760cef0498e46 15e57212b5c646f2bc0b4bc0ebc8dc01 - - 996a2b792c464a82a4a2f7381962a3da 996a2b792c464a82a4a2f7381962a3da] 10.0.0.83 "DELETE /resource_providers/a5daac59-e5fd-48ce-b55e-286d479e6602" status: 404 len: 246 microversion: 1.1 [pid: 7|app: 0|req: 512/1033] 10.0.0.83 () {34 vars in 814 bytes} [Wed Jun 10 02:33:19 2026] DELETE /resource_providers/a5daac59-e5fd-48ce-b55e-286d479e6602 => generated 246 bytes in 14 msecs (HTTP/1.1 404) 6 headers in 231 bytes (1 switches on core 0)
2026-06-10 02:33:20.412 8 INFO placement.requestlog [req-f71125d4-d5b6-493b-93c7-5386cd776013 req-a4bd4998-1c1b-4c06-8e8f-0930045bf69a 13ceda6af88f403aa88245938822620f 15e57212b5c646f2bc0b4bc0ebc8dc01 - - 996a2b792c464a82a4a2f7381962a3da 996a2b792c464a82a4a2f7381962a3da] 199.204.45.72 "GET /resource_providers/2b9127f4-a192-4d76-b30c-b9c82c0f658c/allocations" status: 200 len: 153 microversion: 1.0 [pid: 8|app: 0|req: 522/1034] 199.204.45.72 () {32 vars in 855 bytes} [Wed Jun 10 02:33:20 2026] GET /resource_providers/2b9127f4-a192-4d76-b30c-b9c82c0f658c/allocations => generated 153 bytes in 15 msecs (HTTP/1.1 200) 6 headers in 224 bytes (1 switches on core 0)
2026-06-10 02:33:20.434 7 INFO placement.requestlog [req-f71125d4-d5b6-493b-93c7-5386cd776013 req-dff8f51c-9b75-425c-bfd9-26703a5a4d48 13ceda6af88f403aa88245938822620f 15e57212b5c646f2bc0b4bc0ebc8dc01 - - 996a2b792c464a82a4a2f7381962a3da 996a2b792c464a82a4a2f7381962a3da] 199.204.45.72 "GET /allocations/f7596572-2764-4b73-8d0c-b8a67768f9d8" status: 200 len: 258 microversion: 1.28 [pid: 7|app: 0|req: 513/1035] 199.204.45.72 () {34 vars in 861 bytes} [Wed Jun 10 02:33:20 2026] GET /allocations/f7596572-2764-4b73-8d0c-b8a67768f9d8 => generated 258 bytes in 12 msecs (HTTP/1.1 200) 8 headers in 296 bytes (1 switches on core 0)
2026-06-10 02:33:21.246 8 INFO placement.requestlog [None req-5af01e6e-022c-474a-a1d7-cad7803978d4 - - - - - -] 10.0.0.142 "GET /" status: 200 len: 136 microversion: 1.0
2026-06-10 02:33:21.246 7 INFO placement.requestlog [None req-c46bf381-6c0e-4f0b-ad13-fedf809e91b1 - - - - - -] 10.0.0.142 "GET /" status: 200 len: 136 microversion: 1.0
2026-06-10 02:33:21.280 8 INFO placement.requestlog [None req-7621be0b-eafb-4c0e-b72e-5ed0deb6ba69 b67c9b4c03f8499db9c760cef0498e46 15e57212b5c646f2bc0b4bc0ebc8dc01 - - 996a2b792c464a82a4a2f7381962a3da 996a2b792c464a82a4a2f7381962a3da] 10.0.0.83 "GET /resource_providers/a8d4aa2d-7ac1-404b-933d-c5b9b26d5d0c/aggregates" status: 404 len: 235 microversion: 1.1 [pid: 8|app: 0|req: 524/1038] 10.0.0.83 () {32 vars in 814 bytes} [Wed Jun 10 02:33:21 2026] GET /resource_providers/a8d4aa2d-7ac1-404b-933d-c5b9b26d5d0c/aggregates => generated 235 bytes in 10 msecs (HTTP/1.1 404) 5 headers in 202 bytes (1 switches on core 0)
2026-06-10 02:33:21.283 7 INFO placement.requestlog [None req-45fa2d26-4f7b-4038-bd9f-dda3c1ef9352 b67c9b4c03f8499db9c760cef0498e46 15e57212b5c646f2bc0b4bc0ebc8dc01 - - 996a2b792c464a82a4a2f7381962a3da 996a2b792c464a82a4a2f7381962a3da] 10.0.0.83 "GET /resource_providers/a8d4aa2d-7ac1-404b-933d-c5b9b26d5d0c/aggregates" status: 404 len: 235 microversion: 1.1 [pid: 7|app: 0|req: 515/1039] 10.0.0.83 () {32 vars in 814 bytes} [Wed Jun 10 02:33:21 2026] GET /resource_providers/a8d4aa2d-7ac1-404b-933d-c5b9b26d5d0c/aggregates => generated 235 bytes in 10 msecs (HTTP/1.1 404) 5 headers in 202 bytes (1 switches on core 0)
2026-06-10 02:33:21.299 8 INFO placement.requestlog [None req-ed5380ee-4fb5-4c60-abeb-cec41395bc96 b67c9b4c03f8499db9c760cef0498e46 15e57212b5c646f2bc0b4bc0ebc8dc01 - - 996a2b792c464a82a4a2f7381962a3da 996a2b792c464a82a4a2f7381962a3da] 10.0.0.83 "DELETE /resource_providers/a8d4aa2d-7ac1-404b-933d-c5b9b26d5d0c" status: 404 len: 246 microversion: 1.1 [pid: 8|app: 0|req: 525/1040] 10.0.0.83 () {34 vars in 814 bytes} [Wed Jun 10 02:33:21 2026] DELETE /resource_providers/a8d4aa2d-7ac1-404b-933d-c5b9b26d5d0c => generated 246 bytes in 9 msecs (HTTP/1.1 404) 6 headers in 231 bytes (1 switches on core 0)
2026-06-10 02:33:21.303 7 INFO placement.requestlog [None req-55392178-b8e7-4b5a-b429-59f56c9f3746 b67c9b4c03f8499db9c760cef0498e46 15e57212b5c646f2bc0b4bc0ebc8dc01 - - 996a2b792c464a82a4a2f7381962a3da 996a2b792c464a82a4a2f7381962a3da] 10.0.0.83 "DELETE /resource_providers/a8d4aa2d-7ac1-404b-933d-c5b9b26d5d0c" status: 404 len: 246 microversion: 1.1 [pid: 7|app: 0|req: 516/1041] 10.0.0.83 () {34 vars in 814 bytes} [Wed Jun 10 02:33:21 2026] DELETE /resource_providers/a8d4aa2d-7ac1-404b-933d-c5b9b26d5d0c => generated 246 bytes in 9 msecs (HTTP/1.1 404) 6 headers in 231 bytes (1 switches on core 0)
2026-06-10 02:33:21.440 8 INFO placement.requestlog [None req-b24cab41-30de-45aa-92ab-c446fa96fb39 b67c9b4c03f8499db9c760cef0498e46 15e57212b5c646f2bc0b4bc0ebc8dc01 - - 996a2b792c464a82a4a2f7381962a3da 996a2b792c464a82a4a2f7381962a3da] 10.0.0.83 "GET /resource_providers/82b39271-f55d-4e01-8c02-0f8f1c5275bf/aggregates" status: 404 len: 235 microversion: 1.1 [pid: 8|app: 0|req: 526/1042] 10.0.0.83 () {32 vars in 814 bytes} [Wed Jun 10 02:33:21 2026] GET /resource_providers/82b39271-f55d-4e01-8c02-0f8f1c5275bf/aggregates => generated 235 bytes in 12 msecs (HTTP/1.1 404) 5 headers in 202 bytes (1 switches on core 0)
2026-06-10 02:33:21.442 7 INFO placement.requestlog [None req-c1b98756-98ea-4657-a63f-123563edbc7c b67c9b4c03f8499db9c760cef0498e46 15e57212b5c646f2bc0b4bc0ebc8dc01 - - 996a2b792c464a82a4a2f7381962a3da 996a2b792c464a82a4a2f7381962a3da] 10.0.0.83 "GET /resource_providers/82b39271-f55d-4e01-8c02-0f8f1c5275bf/aggregates" status: 404 len: 235 microversion: 1.1 [pid: 7|app: 0|req: 517/1043] 10.0.0.83 () {32 vars in 814 bytes} [Wed Jun 10 02:33:21 2026] GET /resource_providers/82b39271-f55d-4e01-8c02-0f8f1c5275bf/aggregates => generated 235 bytes in 10 msecs (HTTP/1.1 404) 5 headers in 202 bytes (1 switches on core 0)
2026-06-10 02:33:21.466 8 INFO placement.requestlog [None req-91812cce-9023-41ba-8504-f594a7da753c b67c9b4c03f8499db9c760cef0498e46 15e57212b5c646f2bc0b4bc0ebc8dc01 - - 996a2b792c464a82a4a2f7381962a3da 996a2b792c464a82a4a2f7381962a3da] 10.0.0.83 "DELETE /resource_providers/82b39271-f55d-4e01-8c02-0f8f1c5275bf" status: 404 len: 246 microversion: 1.1 [pid: 8|app: 0|req: 527/1044] 10.0.0.83 () {34 vars in 814 bytes} [Wed Jun 10 02:33:21 2026] DELETE /resource_providers/82b39271-f55d-4e01-8c02-0f8f1c5275bf => generated 246 bytes in 14 msecs (HTTP/1.1 404) 6 headers in 231 bytes (1 switches on core 0)
2026-06-10 02:33:21.474 7 INFO placement.requestlog [None req-173225d6-bee1-4bd3-b295-0561c01c9019 b67c9b4c03f8499db9c760cef0498e46 15e57212b5c646f2bc0b4bc0ebc8dc01 - - 996a2b792c464a82a4a2f7381962a3da 996a2b792c464a82a4a2f7381962a3da] 10.0.0.83 "DELETE /resource_providers/82b39271-f55d-4e01-8c02-0f8f1c5275bf" status: 404 len: 246 microversion: 1.1 [pid: 7|app: 0|req: 518/1045] 10.0.0.83 () {34 vars in 814 bytes} [Wed Jun 10 02:33:21 2026] DELETE /resource_providers/82b39271-f55d-4e01-8c02-0f8f1c5275bf => generated 246 bytes in 15 msecs (HTTP/1.1 404) 6 headers in 231 bytes (1 switches on core 0)
2026-06-10 02:33:21.495 7 INFO placement.requestlog [None req-2d6f077e-81dd-47b8-9225-9dd59394230b b67c9b4c03f8499db9c760cef0498e46 15e57212b5c646f2bc0b4bc0ebc8dc01 - - 996a2b792c464a82a4a2f7381962a3da 996a2b792c464a82a4a2f7381962a3da] 10.0.0.83 "GET /resource_providers/e305e8c1-d827-45f8-a1be-c4bfcc9290c3/aggregates" status: 404 len: 235 microversion: 1.1 [pid: 7|app: 0|req: 519/1046] 10.0.0.83 () {32 vars in 814 bytes} [Wed Jun 10 02:33:21 2026] GET /resource_providers/e305e8c1-d827-45f8-a1be-c4bfcc9290c3/aggregates => generated 235 bytes in 7 msecs (HTTP/1.1 404) 5 headers in 202 bytes (1 switches on core 0)
2026-06-10 02:33:21.495 8 INFO placement.requestlog [None req-3d20ac88-7462-465d-b14a-56ae3e0a3804 b67c9b4c03f8499db9c760cef0498e46 15e57212b5c646f2bc0b4bc0ebc8dc01 - - 996a2b792c464a82a4a2f7381962a3da 996a2b792c464a82a4a2f7381962a3da] 10.0.0.83 "GET /resource_providers/e305e8c1-d827-45f8-a1be-c4bfcc9290c3/aggregates" status: 404 len: 235 microversion: 1.1 [pid: 8|app: 0|req: 528/1047] 10.0.0.83 () {32 vars in 814 bytes} [Wed Jun 10 02:33:21 2026] GET /resource_providers/e305e8c1-d827-45f8-a1be-c4bfcc9290c3/aggregates => generated 235 bytes in 13 msecs (HTTP/1.1 404) 5 headers in 202 bytes (1 switches on core 0)
2026-06-10 02:33:21.517 7 INFO placement.requestlog [None req-753fcc16-43bf-4d30-86a9-e5629f2ba797 b67c9b4c03f8499db9c760cef0498e46 15e57212b5c646f2bc0b4bc0ebc8dc01 - - 996a2b792c464a82a4a2f7381962a3da 996a2b792c464a82a4a2f7381962a3da] 10.0.0.83 "DELETE /resource_providers/e305e8c1-d827-45f8-a1be-c4bfcc9290c3" status: 404 len: 246 microversion: 1.1 [pid: 7|app: 0|req: 520/1048] 10.0.0.83 () {34 vars in 814 bytes} [Wed Jun 10 02:33:21 2026] DELETE /resource_providers/e305e8c1-d827-45f8-a1be-c4bfcc9290c3 => generated 246 bytes in 12 msecs (HTTP/1.1 404) 6 headers in 231 bytes (1 switches on core 0)
2026-06-10 02:33:21.522 8 INFO placement.requestlog [None req-b6540168-fa6a-4d61-a767-03af9cb2f27b b67c9b4c03f8499db9c760cef0498e46 15e57212b5c646f2bc0b4bc0ebc8dc01 - - 996a2b792c464a82a4a2f7381962a3da 996a2b792c464a82a4a2f7381962a3da] 10.0.0.83 "DELETE /resource_providers/e305e8c1-d827-45f8-a1be-c4bfcc9290c3" status: 404 len: 246 microversion: 1.1 [pid: 8|app: 0|req: 529/1049] 10.0.0.83 () {34 vars in 814 bytes} [Wed Jun 10 02:33:21 2026] DELETE /resource_providers/e305e8c1-d827-45f8-a1be-c4bfcc9290c3 => generated 246 bytes in 10 msecs (HTTP/1.1 404) 6 headers in 231 bytes (1 switches on core 0)
2026-06-10 02:33:21.537 7 INFO placement.requestlog [None req-95f720a2-6e52-4214-a732-d8a5fd3418e8 b67c9b4c03f8499db9c760cef0498e46 15e57212b5c646f2bc0b4bc0ebc8dc01 - - 996a2b792c464a82a4a2f7381962a3da 996a2b792c464a82a4a2f7381962a3da] 10.0.0.83 "GET /resource_providers/0f9c9c2a-be61-4b1e-9e2a-bed377c0ba06/aggregates" status: 404 len: 235 microversion: 1.1 [pid: 7|app: 0|req: 521/1050] 10.0.0.83 () {32 vars in 814 bytes} [Wed Jun 10 02:33:21 2026] GET /resource_providers/0f9c9c2a-be61-4b1e-9e2a-bed377c0ba06/aggregates => generated 235 bytes in 7 msecs (HTTP/1.1 404) 5 headers in 202 bytes (1 switches on core 0)
2026-06-10 02:33:21.547 8 INFO placement.requestlog [None req-518618bd-bfb3-4ff1-9461-3e921cd0a88c b67c9b4c03f8499db9c760cef0498e46 15e57212b5c646f2bc0b4bc0ebc8dc01 - - 996a2b792c464a82a4a2f7381962a3da 996a2b792c464a82a4a2f7381962a3da] 10.0.0.83 "GET /resource_providers/0f9c9c2a-be61-4b1e-9e2a-bed377c0ba06/aggregates" status: 404 len: 235 microversion: 1.1 [pid: 8|app: 0|req: 530/1051] 10.0.0.83 () {32 vars in 814 bytes} [Wed Jun 10 02:33:21 2026] GET /resource_providers/0f9c9c2a-be61-4b1e-9e2a-bed377c0ba06/aggregates => generated 235 bytes in 13 msecs (HTTP/1.1 404) 5 headers in 202 bytes (1 switches on core 0)
2026-06-10 02:33:21.570 7 INFO placement.requestlog [None req-70122f3c-52e0-483c-88b7-d11c50d5a9b1 b67c9b4c03f8499db9c760cef0498e46 15e57212b5c646f2bc0b4bc0ebc8dc01 - - 996a2b792c464a82a4a2f7381962a3da 996a2b792c464a82a4a2f7381962a3da] 10.0.0.83 "DELETE /resource_providers/0f9c9c2a-be61-4b1e-9e2a-bed377c0ba06" status: 404 len: 246 microversion: 1.1 [pid: 7|app: 0|req: 522/1052] 10.0.0.83 () {34 vars in 814 bytes} [Wed Jun 10 02:33:21 2026] DELETE /resource_providers/0f9c9c2a-be61-4b1e-9e2a-bed377c0ba06 => generated 246 bytes in 10 msecs (HTTP/1.1 404) 6 headers in 231 bytes (1 switches on core 0)
2026-06-10 02:33:21.573 8 INFO placement.requestlog [None req-1c9cfb6e-141a-467a-87a3-1d160f26b30f b67c9b4c03f8499db9c760cef0498e46 15e57212b5c646f2bc0b4bc0ebc8dc01 - - 996a2b792c464a82a4a2f7381962a3da 996a2b792c464a82a4a2f7381962a3da] 10.0.0.83 "DELETE /resource_providers/0f9c9c2a-be61-4b1e-9e2a-bed377c0ba06" status: 404 len: 246 microversion: 1.1 [pid: 8|app: 0|req: 531/1053] 10.0.0.83 () {34 vars in 814 bytes} [Wed Jun 10 02:33:21 2026] DELETE /resource_providers/0f9c9c2a-be61-4b1e-9e2a-bed377c0ba06 => generated 246 bytes in 9 msecs (HTTP/1.1 404) 6 headers in 231 bytes (1 switches on core 0)
2026-06-10 02:33:21.593 7 INFO placement.requestlog [None req-e26748bb-9533-4493-a87c-83a9c2d9ee3b b67c9b4c03f8499db9c760cef0498e46 15e57212b5c646f2bc0b4bc0ebc8dc01 - - 996a2b792c464a82a4a2f7381962a3da 996a2b792c464a82a4a2f7381962a3da] 10.0.0.83 "GET /resource_providers/7613933e-ec05-4ca4-ab5a-69e07a33180b/aggregates" status: 404 len: 235 microversion: 1.1 [pid: 7|app: 0|req: 523/1054] 10.0.0.83 () {32 vars in 814 bytes} [Wed Jun 10 02:33:21 2026] GET /resource_providers/7613933e-ec05-4ca4-ab5a-69e07a33180b/aggregates => generated 235 bytes in 11 msecs (HTTP/1.1 404) 5 headers in 202 bytes (1 switches on core 0)
2026-06-10 02:33:21.596 8 INFO placement.requestlog [None req-df8f1bd7-12ae-4dbf-8243-203963178e57 b67c9b4c03f8499db9c760cef0498e46 15e57212b5c646f2bc0b4bc0ebc8dc01 - - 996a2b792c464a82a4a2f7381962a3da 996a2b792c464a82a4a2f7381962a3da] 10.0.0.83 "GET /resource_providers/7613933e-ec05-4ca4-ab5a-69e07a33180b/aggregates" status: 404 len: 235 microversion: 1.1 [pid: 8|app: 0|req: 532/1055] 10.0.0.83 () {32 vars in 814 bytes} [Wed Jun 10 02:33:21 2026] GET /resource_providers/7613933e-ec05-4ca4-ab5a-69e07a33180b/aggregates => generated 235 bytes in 8 msecs (HTTP/1.1 404) 5 headers in 202 bytes (1 switches on core 0)
2026-06-10 02:33:21.613 8 INFO placement.requestlog [None req-180be7d3-4351-41ed-a8ef-083922fa1d28 b67c9b4c03f8499db9c760cef0498e46 15e57212b5c646f2bc0b4bc0ebc8dc01 - - 996a2b792c464a82a4a2f7381962a3da 996a2b792c464a82a4a2f7381962a3da] 10.0.0.83 "DELETE /resource_providers/7613933e-ec05-4ca4-ab5a-69e07a33180b" status: 404 len: 246 microversion: 1.1 [pid: 8|app: 0|req: 533/1056] 10.0.0.83 () {34 vars in 814 bytes} [Wed Jun 10 02:33:21 2026] DELETE /resource_providers/7613933e-ec05-4ca4-ab5a-69e07a33180b => generated 246 bytes in 9 msecs (HTTP/1.1 404) 6 headers in 231 bytes (1 switches on core 0)
2026-06-10 02:33:21.613 7 INFO placement.requestlog [None req-f0ee3219-6cac-4328-ba23-3babd11a201b b67c9b4c03f8499db9c760cef0498e46 15e57212b5c646f2bc0b4bc0ebc8dc01 - - 996a2b792c464a82a4a2f7381962a3da 996a2b792c464a82a4a2f7381962a3da] 10.0.0.83 "DELETE /resource_providers/7613933e-ec05-4ca4-ab5a-69e07a33180b" status: 404 len: 246 microversion: 1.1 [pid: 7|app: 0|req: 524/1057] 10.0.0.83 () {34 vars in 814 bytes} [Wed Jun 10 02:33:21 2026] DELETE /resource_providers/7613933e-ec05-4ca4-ab5a-69e07a33180b => generated 246 bytes in 9 msecs (HTTP/1.1 404) 6 headers in 231 bytes (1 switches on core 0)
2026-06-10 02:33:21.636 8 INFO placement.requestlog [None req-dc6722d6-c1d5-4fa3-b0c4-d71e9cdcf7bc b67c9b4c03f8499db9c760cef0498e46 15e57212b5c646f2bc0b4bc0ebc8dc01 - - 996a2b792c464a82a4a2f7381962a3da 996a2b792c464a82a4a2f7381962a3da] 10.0.0.83 "GET /resource_providers/fb8200c8-5429-4aeb-bb4f-94d0f2994bf4/aggregates" status: 404 len: 235 microversion: 1.1 [pid: 8|app: 0|req: 534/1058] 10.0.0.83 () {32 vars in 814 bytes} [Wed Jun 10 02:33:21 2026] GET /resource_providers/fb8200c8-5429-4aeb-bb4f-94d0f2994bf4/aggregates => generated 235 bytes in 9 msecs (HTTP/1.1 404) 5 headers in 202 bytes (1 switches on core 0)
2026-06-10 02:33:21.636 7 INFO placement.requestlog [None req-32e28924-4889-4be8-a803-e7d37dbc2516 b67c9b4c03f8499db9c760cef0498e46 15e57212b5c646f2bc0b4bc0ebc8dc01 - - 996a2b792c464a82a4a2f7381962a3da 996a2b792c464a82a4a2f7381962a3da] 10.0.0.83 "GET /resource_providers/fb8200c8-5429-4aeb-bb4f-94d0f2994bf4/aggregates" status: 404 len: 235 microversion: 1.1 [pid: 7|app: 0|req: 525/1059] 10.0.0.83 () {32 vars in 814 bytes} [Wed Jun 10 02:33:21 2026] GET /resource_providers/fb8200c8-5429-4aeb-bb4f-94d0f2994bf4/aggregates => generated 235 bytes in 11 msecs (HTTP/1.1 404) 5 headers in 202 bytes (1 switches on core 0)
2026-06-10 02:33:21.660 8 INFO placement.requestlog [None req-5bc782c5-f3f1-4b42-9e87-922461e6475a b67c9b4c03f8499db9c760cef0498e46 15e57212b5c646f2bc0b4bc0ebc8dc01 - - 996a2b792c464a82a4a2f7381962a3da 996a2b792c464a82a4a2f7381962a3da] 10.0.0.83 "DELETE /resource_providers/fb8200c8-5429-4aeb-bb4f-94d0f2994bf4" status: 404 len: 246 microversion: 1.1 [pid: 8|app: 0|req: 535/1060] 10.0.0.83 () {34 vars in 814 bytes} [Wed Jun 10 02:33:21 2026] DELETE /resource_providers/fb8200c8-5429-4aeb-bb4f-94d0f2994bf4 => generated 246 bytes in 7 msecs (HTTP/1.1 404) 6 headers in 231 bytes (1 switches on core 0)
2026-06-10 02:33:21.663 7 INFO placement.requestlog [None req-6c6c698c-d944-48e7-9a36-5e608d19d63b b67c9b4c03f8499db9c760cef0498e46 15e57212b5c646f2bc0b4bc0ebc8dc01 - - 996a2b792c464a82a4a2f7381962a3da 996a2b792c464a82a4a2f7381962a3da] 10.0.0.83 "DELETE /resource_providers/fb8200c8-5429-4aeb-bb4f-94d0f2994bf4" status: 404 len: 246 microversion: 1.1 [pid: 7|app: 0|req: 526/1061] 10.0.0.83 () {34 vars in 814 bytes} [Wed Jun 10 02:33:21 2026] DELETE /resource_providers/fb8200c8-5429-4aeb-bb4f-94d0f2994bf4 => generated 246 bytes in 8 msecs (HTTP/1.1 404) 6 headers in 231 bytes (1 switches on core 0)
2026-06-10 02:33:23.322 8 INFO placement.requestlog [None req-5408215f-6d11-4e99-a6c8-99aa1da073de b67c9b4c03f8499db9c760cef0498e46 15e57212b5c646f2bc0b4bc0ebc8dc01 - - 996a2b792c464a82a4a2f7381962a3da 996a2b792c464a82a4a2f7381962a3da] 10.0.0.83 "GET /resource_providers/ce1b1e96-2714-46c3-a0b2-a7aee595721c/aggregates" status: 404 len: 235 microversion: 1.1 [pid: 8|app: 0|req: 536/1062] 10.0.0.83 () {32 vars in 814 bytes} [Wed Jun 10 02:33:23 2026] GET /resource_providers/ce1b1e96-2714-46c3-a0b2-a7aee595721c/aggregates => generated 235 bytes in 11 msecs (HTTP/1.1 404) 5 headers in 202 bytes (1 switches on core 0)
2026-06-10 02:33:23.325 7 INFO placement.requestlog [None req-8e780231-2c17-4e8e-b3b4-965d13be647e b67c9b4c03f8499db9c760cef0498e46 15e57212b5c646f2bc0b4bc0ebc8dc01 - - 996a2b792c464a82a4a2f7381962a3da 996a2b792c464a82a4a2f7381962a3da] 10.0.0.83 "GET /resource_providers/ce1b1e96-2714-46c3-a0b2-a7aee595721c/aggregates" status: 404 len: 235 microversion: 1.1 [pid: 7|app: 0|req: 527/1063] 10.0.0.83 () {32 vars in 814 bytes} [Wed Jun 10 02:33:23 2026] GET /resource_providers/ce1b1e96-2714-46c3-a0b2-a7aee595721c/aggregates => generated 235 bytes in 11 msecs (HTTP/1.1 404) 5 headers in 202 bytes (1 switches on core 0)
2026-06-10 02:33:23.348 7 INFO placement.requestlog [None req-3fa0cf23-cd06-4182-b7c6-4dadad896998 b67c9b4c03f8499db9c760cef0498e46 15e57212b5c646f2bc0b4bc0ebc8dc01 - - 996a2b792c464a82a4a2f7381962a3da 996a2b792c464a82a4a2f7381962a3da] 10.0.0.83 "DELETE /resource_providers/ce1b1e96-2714-46c3-a0b2-a7aee595721c" status: 404 len: 246 microversion: 1.1 [pid: 7|app: 0|req: 528/1064] 10.0.0.83 () {34 vars in 814 bytes} [Wed Jun 10 02:33:23 2026] DELETE /resource_providers/ce1b1e96-2714-46c3-a0b2-a7aee595721c => generated 246 bytes in 9 msecs (HTTP/1.1 404) 6 headers in 231 bytes (1 switches on core 0)
2026-06-10 02:33:23.350 8 INFO placement.requestlog [None req-1f7c866f-34dd-40d7-8e91-41491a152db8 b67c9b4c03f8499db9c760cef0498e46 15e57212b5c646f2bc0b4bc0ebc8dc01 - - 996a2b792c464a82a4a2f7381962a3da 996a2b792c464a82a4a2f7381962a3da] 10.0.0.83 "DELETE /resource_providers/ce1b1e96-2714-46c3-a0b2-a7aee595721c" status: 404 len: 246 microversion: 1.1 [pid: 8|app: 0|req: 537/1065] 10.0.0.83 () {34 vars in 814 bytes} [Wed Jun 10 02:33:23 2026] DELETE /resource_providers/ce1b1e96-2714-46c3-a0b2-a7aee595721c => generated 246 bytes in 17 msecs (HTTP/1.1 404) 6 headers in 231 bytes (1 switches on core 0)
2026-06-10 02:33:27.500 7 INFO placement.requestlog [None req-72008e94-ed6c-431b-b0af-24660425f348 b67c9b4c03f8499db9c760cef0498e46 15e57212b5c646f2bc0b4bc0ebc8dc01 - - 996a2b792c464a82a4a2f7381962a3da 996a2b792c464a82a4a2f7381962a3da] 10.0.0.83 "GET /resource_providers/1c207d06-9b26-48ed-9124-3e7b4606aa3f/aggregates" status: 404 len: 235 microversion: 1.1 [pid: 7|app: 0|req: 529/1066] 10.0.0.83 () {32 vars in 814 bytes} [Wed Jun 10 02:33:27 2026] GET /resource_providers/1c207d06-9b26-48ed-9124-3e7b4606aa3f/aggregates => generated 235 bytes in 17 msecs (HTTP/1.1 404) 5 headers in 202 bytes (1 switches on core 0)
2026-06-10 02:33:27.510 8 INFO placement.requestlog [None req-a2217d1e-abbe-4f10-8746-58873bd8e6ee b67c9b4c03f8499db9c760cef0498e46 15e57212b5c646f2bc0b4bc0ebc8dc01 - - 996a2b792c464a82a4a2f7381962a3da 996a2b792c464a82a4a2f7381962a3da] 10.0.0.83 "GET /resource_providers/1c207d06-9b26-48ed-9124-3e7b4606aa3f/aggregates" status: 404 len: 235 microversion: 1.1 [pid: 8|app: 0|req: 538/1067] 10.0.0.83 () {32 vars in 814 bytes} [Wed Jun 10 02:33:27 2026] GET /resource_providers/1c207d06-9b26-48ed-9124-3e7b4606aa3f/aggregates => generated 235 bytes in 25 msecs (HTTP/1.1 404) 5 headers in 202 bytes (1 switches on core 0)
2026-06-10 02:33:27.520 7 INFO placement.requestlog [None req-15409a04-4d3c-4a09-bdde-e0403b205540 b67c9b4c03f8499db9c760cef0498e46 15e57212b5c646f2bc0b4bc0ebc8dc01 - - 996a2b792c464a82a4a2f7381962a3da 996a2b792c464a82a4a2f7381962a3da] 10.0.0.83 "DELETE /resource_providers/1c207d06-9b26-48ed-9124-3e7b4606aa3f" status: 404 len: 246 microversion: 1.1 [pid: 7|app: 0|req: 530/1068] 10.0.0.83 () {34 vars in 814 bytes} [Wed Jun 10 02:33:27 2026] DELETE /resource_providers/1c207d06-9b26-48ed-9124-3e7b4606aa3f => generated 246 bytes in 12 msecs (HTTP/1.1 404) 6 headers in 231 bytes (1 switches on core 0)
2026-06-10 02:33:27.525 8 INFO placement.requestlog [None req-c63217ff-2d68-44d4-b2bb-46044f690b71 b67c9b4c03f8499db9c760cef0498e46 15e57212b5c646f2bc0b4bc0ebc8dc01 - - 996a2b792c464a82a4a2f7381962a3da 996a2b792c464a82a4a2f7381962a3da] 10.0.0.83 "DELETE /resource_providers/1c207d06-9b26-48ed-9124-3e7b4606aa3f" status: 404 len: 246 microversion: 1.1 [pid: 8|app: 0|req: 539/1069] 10.0.0.83 () {34 vars in 814 bytes} [Wed Jun 10 02:33:27 2026] DELETE /resource_providers/1c207d06-9b26-48ed-9124-3e7b4606aa3f => generated 246 bytes in 6 msecs (HTTP/1.1 404) 6 headers in 231 bytes (1 switches on core 0)
2026-06-10 02:33:31.248 8 INFO placement.requestlog [None req-71b79d7c-c373-42cf-ba63-7f7d1187736a - - - - - -] 10.0.0.142 "GET /" status: 200 len: 136 microversion: 1.0
2026-06-10 02:33:31.249 7 INFO placement.requestlog [None req-e17f5220-b39d-4a60-8b3c-3c5a351c6e6e - - - - - -] 10.0.0.142 "GET /" status: 200 len: 136 microversion: 1.0
2026-06-10 02:33:36.177 8 INFO placement.requestlog [req-5338c212-c3c3-4b07-86da-ff34ae8fe502 req-27b6c734-3a5a-4b29-90f9-46f066ef5ec9 13ceda6af88f403aa88245938822620f 15e57212b5c646f2bc0b4bc0ebc8dc01 - - 996a2b792c464a82a4a2f7381962a3da 996a2b792c464a82a4a2f7381962a3da] 199.204.45.72 "GET /resource_providers/2b9127f4-a192-4d76-b30c-b9c82c0f658c/allocations" status: 200 len: 153 microversion: 1.0 [pid: 8|app: 0|req: 541/1072] 199.204.45.72 () {32 vars in 855 bytes} [Wed Jun 10 02:33:36 2026] GET /resource_providers/2b9127f4-a192-4d76-b30c-b9c82c0f658c/allocations => generated 153 bytes in 161 msecs (HTTP/1.1 200) 6 headers in 224 bytes (1 switches on core 0)
2026-06-10 02:33:36.205 7 INFO placement.requestlog [req-5338c212-c3c3-4b07-86da-ff34ae8fe502 req-c1b6dc90-484f-44aa-a099-09b15d295ea1 13ceda6af88f403aa88245938822620f 15e57212b5c646f2bc0b4bc0ebc8dc01 - - 996a2b792c464a82a4a2f7381962a3da 996a2b792c464a82a4a2f7381962a3da] 199.204.45.72 "GET /resource_providers?in_tree=2b9127f4-a192-4d76-b30c-b9c82c0f658c" status: 200 len: 798 microversion: 1.14 [pid: 7|app: 0|req: 532/1073] 199.204.45.72 () {34 vars in 890 bytes} [Wed Jun 10 02:33:36 2026] GET /resource_providers?in_tree=2b9127f4-a192-4d76-b30c-b9c82c0f658c => generated 798 bytes in 20 msecs (HTTP/1.1 200) 6 headers in 225 bytes (1 switches on core 0)
2026-06-10 02:33:36.228 8 INFO placement.requestlog [req-5338c212-c3c3-4b07-86da-ff34ae8fe502 req-cd72b2aa-c72d-4f8e-b9ff-2ba758db9054 13ceda6af88f403aa88245938822620f 15e57212b5c646f2bc0b4bc0ebc8dc01 - - 996a2b792c464a82a4a2f7381962a3da 996a2b792c464a82a4a2f7381962a3da] 199.204.45.72 "GET /resource_providers/2b9127f4-a192-4d76-b30c-b9c82c0f658c/inventories" status: 200 len: 401 microversion: 1.0 [pid: 8|app: 0|req: 542/1074] 199.204.45.72 () {32 vars in 855 bytes} [Wed Jun 10 02:33:36 2026] GET /resource_providers/2b9127f4-a192-4d76-b30c-b9c82c0f658c/inventories => generated 401 bytes in 16 msecs (HTTP/1.1 200) 6 headers in 224 bytes (1 switches on core 0)
2026-06-10 02:33:36.248 7 INFO placement.requestlog [req-5338c212-c3c3-4b07-86da-ff34ae8fe502 req-ec5ed984-48dc-44ce-ae02-7ccae3e5fe32 13ceda6af88f403aa88245938822620f 15e57212b5c646f2bc0b4bc0ebc8dc01 - - 996a2b792c464a82a4a2f7381962a3da 996a2b792c464a82a4a2f7381962a3da] 199.204.45.72 "GET /resource_providers/2b9127f4-a192-4d76-b30c-b9c82c0f658c/aggregates" status: 200 len: 54 microversion: 1.19 [pid: 7|app: 0|req: 533/1075] 199.204.45.72 () {34 vars in 897 bytes} [Wed Jun 10 02:33:36 2026] GET /resource_providers/2b9127f4-a192-4d76-b30c-b9c82c0f658c/aggregates => generated 54 bytes in 12 msecs (HTTP/1.1 200) 8 headers in 295 bytes (1 switches on core 0)
2026-06-10 02:33:36.274 8 INFO placement.requestlog [req-5338c212-c3c3-4b07-86da-ff34ae8fe502 req-ecadb20b-cf53-4b55-9b67-168e7e1854d0 13ceda6af88f403aa88245938822620f 15e57212b5c646f2bc0b4bc0ebc8dc01 - - 996a2b792c464a82a4a2f7381962a3da 996a2b792c464a82a4a2f7381962a3da] 199.204.45.72 "GET /resource_providers/2b9127f4-a192-4d76-b30c-b9c82c0f658c/traits" status: 200 len: 2176 microversion: 1.6 [pid: 8|app: 0|req: 543/1076] 199.204.45.72 () {34 vars in 888 bytes} [Wed Jun 10 02:33:36 2026] GET /resource_providers/2b9127f4-a192-4d76-b30c-b9c82c0f658c/traits => generated 2176 bytes in 21 msecs (HTTP/1.1 200) 6 headers in 225 bytes (1 switches on core 0)
2026-06-10 02:33:36.296 7 INFO placement.requestlog [req-5338c212-c3c3-4b07-86da-ff34ae8fe502 req-98302089-b925-4d45-bb5a-f5aa1bb42c28 13ceda6af88f403aa88245938822620f 15e57212b5c646f2bc0b4bc0ebc8dc01 - - 996a2b792c464a82a4a2f7381962a3da 996a2b792c464a82a4a2f7381962a3da] 199.204.45.72 "GET /resource_providers/2b9127f4-a192-4d76-b30c-b9c82c0f658c/allocations" status: 200 len: 153 microversion: 1.0 [pid: 7|app: 0|req: 534/1077] 199.204.45.72 () {32 vars in 855 bytes} [Wed Jun 10 02:33:36 2026] GET /resource_providers/2b9127f4-a192-4d76-b30c-b9c82c0f658c/allocations => generated 153 bytes in 14 msecs (HTTP/1.1 200) 6 headers in 224 bytes (1 switches on core 0)
2026-06-10 02:33:36.327 8 INFO placement.requestlog [req-5338c212-c3c3-4b07-86da-ff34ae8fe502 req-e93f70a7-51de-47d5-b178-50c3ef2700ae 13ceda6af88f403aa88245938822620f 15e57212b5c646f2bc0b4bc0ebc8dc01 - - 996a2b792c464a82a4a2f7381962a3da 996a2b792c464a82a4a2f7381962a3da] 199.204.45.72 "GET /allocations/f7596572-2764-4b73-8d0c-b8a67768f9d8" status: 200 len: 258 microversion: 1.28 [pid: 8|app: 0|req: 544/1078] 199.204.45.72 () {34 vars in 861 bytes} [Wed Jun 10 02:33:36 2026] GET /allocations/f7596572-2764-4b73-8d0c-b8a67768f9d8 => generated 258 bytes in 24 msecs (HTTP/1.1 200) 8 headers in 296 bytes (1 switches on core 0)
2026-06-10 02:33:41.247 7 INFO placement.requestlog [None req-e28f61fe-a973-49f1-b464-2b71d39929fd - - - - - -] 10.0.0.142 "GET /" status: 200 len: 136 microversion: 1.0
2026-06-10 02:33:41.248 8 INFO placement.requestlog [None req-75e14faf-0759-4524-9396-c9e62ee341b0 - - - - - -] 10.0.0.142 "GET /" status: 200 len: 136 microversion: 1.0
2026-06-10 02:33:42.749 8 INFO placement.requestlog [req-c509c7f6-e6c9-4477-bc55-513ae2d42045 req-9eb45da0-d053-4936-b1dd-9f0f2fa48f7b 13ceda6af88f403aa88245938822620f 15e57212b5c646f2bc0b4bc0ebc8dc01 - - 996a2b792c464a82a4a2f7381962a3da 996a2b792c464a82a4a2f7381962a3da] 10.0.0.16 "GET /allocation_candidates?limit=1000&resources=DISK_GB%3A1%2CMEMORY_MB%3A512%2CVCPU%3A1&root_required=%21COMPUTE_STATUS_DISABLED" status: 200 len: 2642 microversion: 1.36 [pid: 8|app: 0|req: 546/1081] 10.0.0.16 () {34 vars in 1010 bytes} [Wed Jun 10 02:33:42 2026] GET /allocation_candidates?limit=1000&resources=DISK_GB%3A1%2CMEMORY_MB%3A512%2CVCPU%3A1&root_required=%21COMPUTE_STATUS_DISABLED => generated 2642 bytes in 39 msecs (HTTP/1.1 200) 8 headers in 297 bytes (1 switches on core 0)
2026-06-10 02:33:42.776 7 INFO placement.requestlog [req-c509c7f6-e6c9-4477-bc55-513ae2d42045 req-ae614688-df6b-4d32-ba80-57b6b5228985 13ceda6af88f403aa88245938822620f 15e57212b5c646f2bc0b4bc0ebc8dc01 - - 996a2b792c464a82a4a2f7381962a3da 996a2b792c464a82a4a2f7381962a3da] 10.0.0.16 "GET /allocations/fd4f30e1-45e3-48c7-830f-56b95e629b20" status: 200 len: 19 microversion: 1.28 [pid: 7|app: 0|req: 536/1082] 10.0.0.16 () {34 vars in 859 bytes} [Wed Jun 10 02:33:42 2026] GET /allocations/fd4f30e1-45e3-48c7-830f-56b95e629b20 => generated 19 bytes in 9 msecs (HTTP/1.1 200) 8 headers in 295 bytes (1 switches on core 0)
2026-06-10 02:33:42.853 8 INFO placement.requestlog [req-c509c7f6-e6c9-4477-bc55-513ae2d42045 req-c307cc04-27c7-4f55-9af9-05456bdbde67 13ceda6af88f403aa88245938822620f 15e57212b5c646f2bc0b4bc0ebc8dc01 - - 996a2b792c464a82a4a2f7381962a3da 996a2b792c464a82a4a2f7381962a3da] 10.0.0.16 "PUT /allocations/fd4f30e1-45e3-48c7-830f-56b95e629b20" status: 204 len: 0 microversion: 1.36 [pid: 8|app: 0|req: 547/1083] 10.0.0.16 () {38 vars in 912 bytes} [Wed Jun 10 02:33:42 2026] PUT /allocations/fd4f30e1-45e3-48c7-830f-56b95e629b20 => generated 0 bytes in 74 msecs (HTTP/1.1 204) 5 headers in 199 bytes (1 switches on core 0)
2026-06-10 02:33:44.349 7 INFO placement.requestlog [req-c509c7f6-e6c9-4477-bc55-513ae2d42045 req-b6510a8f-6e42-43bf-b537-11379278aec0 13ceda6af88f403aa88245938822620f 15e57212b5c646f2bc0b4bc0ebc8dc01 - - 996a2b792c464a82a4a2f7381962a3da 996a2b792c464a82a4a2f7381962a3da] 199.204.45.72 "GET /allocations/fd4f30e1-45e3-48c7-830f-56b95e629b20" status: 200 len: 258 microversion: 1.28 [pid: 7|app: 0|req: 537/1084] 199.204.45.72 () {34 vars in 861 bytes} [Wed Jun 10 02:33:44 2026] GET /allocations/fd4f30e1-45e3-48c7-830f-56b95e629b20 => generated 258 bytes in 13 msecs (HTTP/1.1 200) 8 headers in 296 bytes (1 switches on core 0)
2026-06-10 02:33:45.386 8 INFO placement.requestlog [req-c509c7f6-e6c9-4477-bc55-513ae2d42045 req-2cbf44a8-7efb-4ecf-a4df-192fdb1f723a 13ceda6af88f403aa88245938822620f 15e57212b5c646f2bc0b4bc0ebc8dc01 - - 996a2b792c464a82a4a2f7381962a3da 996a2b792c464a82a4a2f7381962a3da] 199.204.45.72 "GET /resource_providers/2b9127f4-a192-4d76-b30c-b9c82c0f658c/allocations" status: 200 len: 253 microversion: 1.0 [pid: 8|app: 0|req: 548/1085] 199.204.45.72 () {32 vars in 855 bytes} [Wed Jun 10 02:33:45 2026] GET /resource_providers/2b9127f4-a192-4d76-b30c-b9c82c0f658c/allocations => generated 253 bytes in 16 msecs (HTTP/1.1 200) 6 headers in 224 bytes (1 switches on core 0)
2026-06-10 02:33:45.406 7 INFO placement.requestlog [req-c509c7f6-e6c9-4477-bc55-513ae2d42045 req-f7845b7c-b91d-4349-a2e2-badaf2b31a9a 13ceda6af88f403aa88245938822620f 15e57212b5c646f2bc0b4bc0ebc8dc01 - - 996a2b792c464a82a4a2f7381962a3da 996a2b792c464a82a4a2f7381962a3da] 199.204.45.72 "GET /allocations/f7596572-2764-4b73-8d0c-b8a67768f9d8" status: 200 len: 258 microversion: 1.28 [pid: 7|app: 0|req: 538/1086] 199.204.45.72 () {34 vars in 861 bytes} [Wed Jun 10 02:33:45 2026] GET /allocations/f7596572-2764-4b73-8d0c-b8a67768f9d8 => generated 258 bytes in 13 msecs (HTTP/1.1 200) 8 headers in 296 bytes (1 switches on core 0)
2026-06-10 02:33:45.422 8 INFO placement.requestlog [req-c509c7f6-e6c9-4477-bc55-513ae2d42045 req-14fb7c8e-7340-4ac7-81f2-f63edbd923b9 13ceda6af88f403aa88245938822620f 15e57212b5c646f2bc0b4bc0ebc8dc01 - - 996a2b792c464a82a4a2f7381962a3da 996a2b792c464a82a4a2f7381962a3da] 199.204.45.72 "GET /allocations/fd4f30e1-45e3-48c7-830f-56b95e629b20" status: 200 len: 258 microversion: 1.28 [pid: 8|app: 0|req: 549/1087] 199.204.45.72 () {34 vars in 861 bytes} [Wed Jun 10 02:33:45 2026] GET /allocations/fd4f30e1-45e3-48c7-830f-56b95e629b20 => generated 258 bytes in 10 msecs (HTTP/1.1 200) 8 headers in 296 bytes (1 switches on core 0)
2026-06-10 02:33:51.248 8 INFO placement.requestlog [None req-b6c79859-4a2c-4708-bef3-211db023a808 - - - - - -] 10.0.0.142 "GET /" status: 200 len: 136 microversion: 1.0
2026-06-10 02:33:51.248 7 INFO placement.requestlog [None req-47ff47b9-8ca7-4136-96ae-5d9730838ca8 - - - - - -] 10.0.0.142 "GET /" status: 200 len: 136 microversion: 1.0
2026-06-10 02:33:55.935 8 INFO placement.requestlog [req-5d5ce4d4-b52f-407f-886d-643720b2fa1b req-ecb452c3-94d3-44ac-9089-e1cb26f226c9 13ceda6af88f403aa88245938822620f 15e57212b5c646f2bc0b4bc0ebc8dc01 - - 996a2b792c464a82a4a2f7381962a3da 996a2b792c464a82a4a2f7381962a3da] 10.0.0.16 "GET /allocation_candidates?limit=1000&resources=DISK_GB%3A1%2CMEMORY_MB%3A512%2CVCPU%3A1&root_required=%21COMPUTE_STATUS_DISABLED" status: 200 len: 2643 microversion: 1.36 [pid: 8|app: 0|req: 551/1090] 10.0.0.16 () {34 vars in 1010 bytes} [Wed Jun 10 02:33:55 2026] GET /allocation_candidates?limit=1000&resources=DISK_GB%3A1%2CMEMORY_MB%3A512%2CVCPU%3A1&root_required=%21COMPUTE_STATUS_DISABLED => generated 2643 bytes in 38 msecs (HTTP/1.1 200) 8 headers in 297 bytes (1 switches on core 0)
2026-06-10 02:33:55.956 7 INFO placement.requestlog [req-5d5ce4d4-b52f-407f-886d-643720b2fa1b req-ca43d8bc-e422-477d-add2-7a27367dc8d5 13ceda6af88f403aa88245938822620f 15e57212b5c646f2bc0b4bc0ebc8dc01 - - 996a2b792c464a82a4a2f7381962a3da 996a2b792c464a82a4a2f7381962a3da] 10.0.0.16 "GET /allocations/9607b3e8-7405-4f00-8d6e-100218859fd0" status: 200 len: 19 microversion: 1.28 [pid: 7|app: 0|req: 540/1091] 10.0.0.16 () {34 vars in 859 bytes} [Wed Jun 10 02:33:55 2026] GET /allocations/9607b3e8-7405-4f00-8d6e-100218859fd0 => generated 19 bytes in 7 msecs (HTTP/1.1 200) 8 headers in 295 bytes (1 switches on core 0)
2026-06-10 02:33:56.007 8 INFO placement.requestlog [req-5d5ce4d4-b52f-407f-886d-643720b2fa1b req-1a91cecf-b2b1-4fdc-81bf-3c4c0ef573d1 13ceda6af88f403aa88245938822620f 15e57212b5c646f2bc0b4bc0ebc8dc01 - - 996a2b792c464a82a4a2f7381962a3da 996a2b792c464a82a4a2f7381962a3da] 10.0.0.16 "PUT /allocations/9607b3e8-7405-4f00-8d6e-100218859fd0" status: 204 len: 0 microversion: 1.36 [pid: 8|app: 0|req: 552/1092] 10.0.0.16 () {38 vars in 912 bytes} [Wed Jun 10 02:33:55 2026] PUT /allocations/9607b3e8-7405-4f00-8d6e-100218859fd0 => generated 0 bytes in 47 msecs (HTTP/1.1 204) 5 headers in 199 bytes (1 switches on core 0)
2026-06-10 02:33:57.543 7 INFO placement.requestlog [req-5d5ce4d4-b52f-407f-886d-643720b2fa1b req-96e63584-3189-4c08-ab6a-4d15e3e68262 13ceda6af88f403aa88245938822620f 15e57212b5c646f2bc0b4bc0ebc8dc01 - - 996a2b792c464a82a4a2f7381962a3da 996a2b792c464a82a4a2f7381962a3da] 199.204.45.72 "GET /allocations/9607b3e8-7405-4f00-8d6e-100218859fd0" status: 200 len: 258 microversion: 1.28 [pid: 7|app: 0|req: 541/1093] 199.204.45.72 () {34 vars in 861 bytes} [Wed Jun 10 02:33:57 2026] GET /allocations/9607b3e8-7405-4f00-8d6e-100218859fd0 => generated 258 bytes in 15 msecs (HTTP/1.1 200) 8 headers in 296 bytes (1 switches on core 0)
2026-06-10 02:33:58.582 8 INFO placement.requestlog [req-5d5ce4d4-b52f-407f-886d-643720b2fa1b req-4304e9d0-f3b2-4d01-b96c-55c29946949d 13ceda6af88f403aa88245938822620f 15e57212b5c646f2bc0b4bc0ebc8dc01 - - 996a2b792c464a82a4a2f7381962a3da 996a2b792c464a82a4a2f7381962a3da] 199.204.45.72 "GET /resource_providers/2b9127f4-a192-4d76-b30c-b9c82c0f658c/allocations" status: 200 len: 353 microversion: 1.0 [pid: 8|app: 0|req: 553/1094] 199.204.45.72 () {32 vars in 855 bytes} [Wed Jun 10 02:33:58 2026] GET /resource_providers/2b9127f4-a192-4d76-b30c-b9c82c0f658c/allocations => generated 353 bytes in 15 msecs (HTTP/1.1 200) 6 headers in 224 bytes (1 switches on core 0)
2026-06-10 02:33:58.601 7 INFO placement.requestlog [req-5d5ce4d4-b52f-407f-886d-643720b2fa1b req-336f04fd-99ac-469d-84c4-50c2f654ac0f 13ceda6af88f403aa88245938822620f 15e57212b5c646f2bc0b4bc0ebc8dc01 - - 996a2b792c464a82a4a2f7381962a3da 996a2b792c464a82a4a2f7381962a3da] 199.204.45.72 "GET /allocations/f7596572-2764-4b73-8d0c-b8a67768f9d8" status: 200 len: 258 microversion: 1.28 [pid: 7|app: 0|req: 542/1095] 199.204.45.72 () {34 vars in 861 bytes} [Wed Jun 10 02:33:58 2026] GET /allocations/f7596572-2764-4b73-8d0c-b8a67768f9d8 => generated 258 bytes in 14 msecs (HTTP/1.1 200) 8 headers in 296 bytes (1 switches on core 0)
2026-06-10 02:33:58.617 8 INFO placement.requestlog [req-5d5ce4d4-b52f-407f-886d-643720b2fa1b req-a0408288-7b8c-40cf-955b-2b3868889ace 13ceda6af88f403aa88245938822620f 15e57212b5c646f2bc0b4bc0ebc8dc01 - - 996a2b792c464a82a4a2f7381962a3da 996a2b792c464a82a4a2f7381962a3da] 199.204.45.72 "GET /allocations/fd4f30e1-45e3-48c7-830f-56b95e629b20" status: 200 len: 258 microversion: 1.28 [pid: 8|app: 0|req: 554/1096] 199.204.45.72 () {34 vars in 861 bytes} [Wed Jun 10 02:33:58 2026] GET /allocations/fd4f30e1-45e3-48c7-830f-56b95e629b20 => generated 258 bytes in 11 msecs (HTTP/1.1 200) 8 headers in 296 bytes (1 switches on core 0)
2026-06-10 02:33:58.635 7 INFO placement.requestlog [req-5d5ce4d4-b52f-407f-886d-643720b2fa1b req-bd6bdbaa-2d08-42c0-8f26-571da559d99a 13ceda6af88f403aa88245938822620f 15e57212b5c646f2bc0b4bc0ebc8dc01 - - 996a2b792c464a82a4a2f7381962a3da 996a2b792c464a82a4a2f7381962a3da] 199.204.45.72 "GET /allocations/9607b3e8-7405-4f00-8d6e-100218859fd0" status: 200 len: 258 microversion: 1.28 [pid: 7|app: 0|req: 543/1097] 199.204.45.72 () {34 vars in 861 bytes} [Wed Jun 10 02:33:58 2026] GET /allocations/9607b3e8-7405-4f00-8d6e-100218859fd0 => generated 258 bytes in 12 msecs (HTTP/1.1 200) 8 headers in 296 bytes (1 switches on core 0)
2026-06-10 02:33:59.994 8 INFO placement.requestlog [req-a4deb15d-5ea8-428a-b697-14d8bbea7ec5 req-a5dd1218-c525-451e-a918-0a627451e362 13ceda6af88f403aa88245938822620f 15e57212b5c646f2bc0b4bc0ebc8dc01 - - 996a2b792c464a82a4a2f7381962a3da 996a2b792c464a82a4a2f7381962a3da] 10.0.0.16 "GET /allocation_candidates?limit=1000&resources=DISK_GB%3A1%2CMEMORY_MB%3A512%2CVCPU%3A1&root_required=%21COMPUTE_STATUS_DISABLED" status: 200 len: 2643 microversion: 1.36 [pid: 8|app: 0|req: 555/1098] 10.0.0.16 () {34 vars in 1010 bytes} [Wed Jun 10 02:33:59 2026] GET /allocation_candidates?limit=1000&resources=DISK_GB%3A1%2CMEMORY_MB%3A512%2CVCPU%3A1&root_required=%21COMPUTE_STATUS_DISABLED => generated 2643 bytes in 31 msecs (HTTP/1.1 200) 8 headers in 297 bytes (1 switches on core 0)
2026-06-10 02:34:00.021 7 INFO placement.requestlog [req-a4deb15d-5ea8-428a-b697-14d8bbea7ec5 req-1e0b6abb-dc42-4a07-840c-0b2e274b4f1b 13ceda6af88f403aa88245938822620f 15e57212b5c646f2bc0b4bc0ebc8dc01 - - 996a2b792c464a82a4a2f7381962a3da 996a2b792c464a82a4a2f7381962a3da] 10.0.0.16 "GET /allocations/90b91b05-cea0-43db-9a6c-73f31ece6308" status: 200 len: 19 microversion: 1.28 [pid: 7|app: 0|req: 544/1099] 10.0.0.16 () {34 vars in 859 bytes} [Wed Jun 10 02:34:00 2026] GET /allocations/90b91b05-cea0-43db-9a6c-73f31ece6308 => generated 19 bytes in 11 msecs (HTTP/1.1 200) 8 headers in 295 bytes (1 switches on core 0)
2026-06-10 02:34:00.087 8 INFO placement.requestlog [req-a4deb15d-5ea8-428a-b697-14d8bbea7ec5 req-f06570d7-b793-44a6-8c44-725f1c94abf0 13ceda6af88f403aa88245938822620f 15e57212b5c646f2bc0b4bc0ebc8dc01 - - 996a2b792c464a82a4a2f7381962a3da 996a2b792c464a82a4a2f7381962a3da] 10.0.0.16 "PUT /allocations/90b91b05-cea0-43db-9a6c-73f31ece6308" status: 204 len: 0 microversion: 1.36 [pid: 8|app: 0|req: 556/1100] 10.0.0.16 () {38 vars in 912 bytes} [Wed Jun 10 02:34:00 2026] PUT /allocations/90b91b05-cea0-43db-9a6c-73f31ece6308 => generated 0 bytes in 61 msecs (HTTP/1.1 204) 5 headers in 199 bytes (1 switches on core 0)
2026-06-10 02:34:01.246 7 INFO placement.requestlog [None req-c83a1b01-36b3-43b1-9b4f-ae15572974a6 - - - - - -] 10.0.0.142 "GET /" status: 200 len: 136 microversion: 1.0
2026-06-10 02:34:01.247 8 INFO placement.requestlog [None req-901b3f62-bb6d-4760-91e7-5b65082bcbad - - - - - -] 10.0.0.142 "GET /" status: 200 len: 136 microversion: 1.0
2026-06-10 02:34:01.593 7 INFO placement.requestlog [req-a4deb15d-5ea8-428a-b697-14d8bbea7ec5 req-443b8187-9a71-4f9e-93d8-d1f4144e2d15 13ceda6af88f403aa88245938822620f 15e57212b5c646f2bc0b4bc0ebc8dc01 - - 996a2b792c464a82a4a2f7381962a3da 996a2b792c464a82a4a2f7381962a3da] 199.204.45.72 "GET /allocations/90b91b05-cea0-43db-9a6c-73f31ece6308" status: 200 len: 258 microversion: 1.28 [pid: 7|app: 0|req: 546/1103] 199.204.45.72 () {34 vars in 861 bytes} [Wed Jun 10 02:34:01 2026] GET /allocations/90b91b05-cea0-43db-9a6c-73f31ece6308 => generated 258 bytes in 14 msecs (HTTP/1.1 200) 8 headers in 296 bytes (1 switches on core 0)
2026-06-10 02:34:02.636 8 INFO placement.requestlog [req-a4deb15d-5ea8-428a-b697-14d8bbea7ec5 req-4fc93985-7cfc-4f95-814d-1e4306129777 13ceda6af88f403aa88245938822620f 15e57212b5c646f2bc0b4bc0ebc8dc01 - - 996a2b792c464a82a4a2f7381962a3da 996a2b792c464a82a4a2f7381962a3da] 199.204.45.72 "GET /resource_providers/2b9127f4-a192-4d76-b30c-b9c82c0f658c/allocations" status: 200 len: 453 microversion: 1.0 [pid: 8|app: 0|req: 558/1104] 199.204.45.72 () {32 vars in 855 bytes} [Wed Jun 10 02:34:02 2026] GET /resource_providers/2b9127f4-a192-4d76-b30c-b9c82c0f658c/allocations => generated 453 bytes in 18 msecs (HTTP/1.1 200) 6 headers in 224 bytes (1 switches on core 0)
2026-06-10 02:34:02.654 7 INFO placement.requestlog [req-a4deb15d-5ea8-428a-b697-14d8bbea7ec5 req-a40df8ca-dc9a-4a4f-a925-3824b42affbb 13ceda6af88f403aa88245938822620f 15e57212b5c646f2bc0b4bc0ebc8dc01 - - 996a2b792c464a82a4a2f7381962a3da 996a2b792c464a82a4a2f7381962a3da] 199.204.45.72 "GET /allocations/f7596572-2764-4b73-8d0c-b8a67768f9d8" status: 200 len: 258 microversion: 1.28 [pid: 7|app: 0|req: 547/1105] 199.204.45.72 () {34 vars in 861 bytes} [Wed Jun 10 02:34:02 2026] GET /allocations/f7596572-2764-4b73-8d0c-b8a67768f9d8 => generated 258 bytes in 11 msecs (HTTP/1.1 200) 8 headers in 296 bytes (1 switches on core 0)
2026-06-10 02:34:02.671 8 INFO placement.requestlog [req-a4deb15d-5ea8-428a-b697-14d8bbea7ec5 req-00864a40-4931-4f75-aa84-3adde855bd09 13ceda6af88f403aa88245938822620f 15e57212b5c646f2bc0b4bc0ebc8dc01 - - 996a2b792c464a82a4a2f7381962a3da 996a2b792c464a82a4a2f7381962a3da] 199.204.45.72 "GET /allocations/fd4f30e1-45e3-48c7-830f-56b95e629b20" status: 200 len: 258 microversion: 1.28 [pid: 8|app: 0|req: 559/1106] 199.204.45.72 () {34 vars in 861 bytes} [Wed Jun 10 02:34:02 2026] GET /allocations/fd4f30e1-45e3-48c7-830f-56b95e629b20 => generated 258 bytes in 11 msecs (HTTP/1.1 200) 8 headers in 296 bytes (1 switches on core 0)
