Mar 23 05:34:25.170683 np0000160292 neutron-periodic-workers[104096]: DEBUG cotyledon.oslo_config_glue [-] ml2.path_mtu = 0 {{(pid=104096) log_opt_values /opt/stack/data/venv/lib/python3.12/site-packages/oslo_config/cfg.py:3006}}
Mar 23 05:34:25.170731 np0000160292 neutron-periodic-workers[104096]: DEBUG cotyledon.oslo_config_glue [-] ml2.physical_network_mtus = {} {{(pid=104096) log_opt_values /opt/stack/data/venv/lib/python3.12/site-packages/oslo_config/cfg.py:3006}}
Mar 23 05:34:25.171042 np0000160292 neutron-periodic-workers[104096]: DEBUG cotyledon.oslo_config_glue [-] ml2.project_network_types = ['geneve'] {{(pid=104096) log_opt_values /opt/stack/data/venv/lib/python3.12/site-packages/oslo_config/cfg.py:3006}}
Mar 23 05:34:25.171134 np0000160292 neutron-periodic-workers[104096]: DEBUG cotyledon.oslo_config_glue [-] ml2.tunnelled_network_rp_name = rp_tunnelled {{(pid=104096) log_opt_values /opt/stack/data/venv/lib/python3.12/site-packages/oslo_config/cfg.py:3006}}
Mar 23 05:34:25.172413 np0000160292 neutron-periodic-workers[104096]: DEBUG cotyledon.oslo_config_glue [-] ml2.type_drivers = ['local', 'flat', 'vlan', 'geneve'] {{(pid=104096) log_opt_values /opt/stack/data/venv/lib/python3.12/site-packages/oslo_config/cfg.py:3006}}
Mar 23 05:34:25.172534 np0000160292 neutron-periodic-workers[104096]: DEBUG cotyledon.oslo_config_glue [-] ml2_type_flat.flat_networks = ['public'] {{(pid=104096) log_opt_values /opt/stack/data/venv/lib/python3.12/site-packages/oslo_config/cfg.py:3006}}
Mar 23 05:34:25.172596 np0000160292 neutron-periodic-workers[104096]: DEBUG cotyledon.oslo_config_glue [-] ml2_type_geneve.max_header_size = 38 {{(pid=104096) log_opt_values /opt/stack/data/venv/lib/python3.12/site-packages/oslo_config/cfg.py:3006}}
Mar 23 05:34:25.172651 np0000160292 neutron-periodic-workers[104096]: DEBUG cotyledon.oslo_config_glue [-] ml2_type_geneve.vni_ranges = ['1:65536'] {{(pid=104096) log_opt_values /opt/stack/data/venv/lib/python3.12/site-packages/oslo_config/cfg.py:3006}}
Mar 23 05:34:25.172732 np0000160292 neutron-periodic-workers[104096]: DEBUG cotyledon.oslo_config_glue [-] ml2_type_vlan.network_vlan_ranges = ['public'] {{(pid=104096) log_opt_values /opt/stack/data/venv/lib/python3.12/site-packages/oslo_config/cfg.py:3006}}
Mar 23 05:34:25.172805 np0000160292 neutron-periodic-workers[104096]: DEBUG cotyledon.oslo_config_glue [-] network_log.burst_limit = 25 {{(pid=104096) log_opt_values /opt/stack/data/venv/lib/python3.12/site-packages/oslo_config/cfg.py:3006}}
Mar 23 05:34:25.172861 np0000160292 neutron-periodic-workers[104096]: DEBUG cotyledon.oslo_config_glue [-] network_log.local_output_log_base = None {{(pid=104096) log_opt_values /opt/stack/data/venv/lib/python3.12/site-packages/oslo_config/cfg.py:3006}}
Mar 23 05:34:25.172914 np0000160292 neutron-periodic-workers[104096]: DEBUG cotyledon.oslo_config_glue [-] network_log.rate_limit = 100 {{(pid=104096) log_opt_values /opt/stack/data/venv/lib/python3.12/site-packages/oslo_config/cfg.py:3006}}
Mar 23 05:34:25.172974 np0000160292 neutron-periodic-workers[104096]: DEBUG cotyledon.oslo_config_glue [-] database.asyncio_connection = **** {{(pid=104096) log_opt_values /opt/stack/data/venv/lib/python3.12/site-packages/oslo_config/cfg.py:3006}}
Mar 23 05:34:25.173006 np0000160292 neutron-periodic-workers[104096]: DEBUG cotyledon.oslo_config_glue [-] database.asyncio_slave_connection = **** {{(pid=104096) log_opt_values /opt/stack/data/venv/lib/python3.12/site-packages/oslo_config/cfg.py:3006}}
Mar 23 05:34:25.173125 np0000160292 neutron-periodic-workers[104096]: DEBUG cotyledon.oslo_config_glue [-] database.backend = sqlalchemy {{(pid=104096) log_opt_values /opt/stack/data/venv/lib/python3.12/site-packages/oslo_config/cfg.py:3006}}
Mar 23 05:34:25.173125 np0000160292 neutron-periodic-workers[104096]: DEBUG cotyledon.oslo_config_glue [-] database.connection = **** {{(pid=104096) log_opt_values /opt/stack/data/venv/lib/python3.12/site-packages/oslo_config/cfg.py:3006}}
Mar 23 05:34:25.173356 np0000160292 neutron-periodic-workers[104096]: DEBUG cotyledon.oslo_config_glue [-] database.connection_debug = 0 {{(pid=104096) log_opt_values /opt/stack/data/venv/lib/python3.12/site-packages/oslo_config/cfg.py:3006}}
Mar 23 05:34:25.173356 np0000160292 neutron-periodic-workers[104096]: DEBUG cotyledon.oslo_config_glue [-] database.connection_parameters = {{(pid=104096) log_opt_values /opt/stack/data/venv/lib/python3.12/site-packages/oslo_config/cfg.py:3006}}
Mar 23 05:34:25.173356 np0000160292 neutron-periodic-workers[104096]: DEBUG cotyledon.oslo_config_glue [-] database.connection_recycle_time = 3600 {{(pid=104096) log_opt_values /opt/stack/data/venv/lib/python3.12/site-packages/oslo_config/cfg.py:3006}}
Mar 23 05:34:25.173356 np0000160292 neutron-periodic-workers[104096]: DEBUG cotyledon.oslo_config_glue [-] database.connection_trace = False {{(pid=104096) log_opt_values /opt/stack/data/venv/lib/python3.12/site-packages/oslo_config/cfg.py:3006}}
Mar 23 05:34:25.173356 np0000160292 neutron-periodic-workers[104096]: DEBUG cotyledon.oslo_config_glue [-] database.db_inc_retry_interval = True {{(pid=104096) log_opt_values /opt/stack/data/venv/lib/python3.12/site-packages/oslo_config/cfg.py:3006}}
Mar 23 05:34:25.173529 np0000160292 neutron-periodic-workers[104096]: DEBUG cotyledon.oslo_config_glue [-] database.db_max_retries = 20 {{(pid=104096) log_opt_values /opt/stack/data/venv/lib/python3.12/site-packages/oslo_config/cfg.py:3006}}
Mar 23 05:34:25.173529 np0000160292 neutron-periodic-workers[104096]: DEBUG cotyledon.oslo_config_glue [-] database.db_max_retry_interval = 10 {{(pid=104096) log_opt_values /opt/stack/data/venv/lib/python3.12/site-packages/oslo_config/cfg.py:3006}}
Mar 23 05:34:25.173529 np0000160292 neutron-periodic-workers[104096]: DEBUG cotyledon.oslo_config_glue [-] database.db_retry_interval = 1 {{(pid=104096) log_opt_values /opt/stack/data/venv/lib/python3.12/site-packages/oslo_config/cfg.py:3006}}
Mar 23 05:34:25.173529 np0000160292 neutron-periodic-workers[104096]: DEBUG cotyledon.oslo_config_glue [-] database.max_overflow = 50 {{(pid=104096) log_opt_values /opt/stack/data/venv/lib/python3.12/site-packages/oslo_config/cfg.py:3006}}
Mar 23 05:34:25.173529 np0000160292 neutron-periodic-workers[104096]: DEBUG cotyledon.oslo_config_glue [-] database.max_pool_size = 5 {{(pid=104096) log_opt_values /opt/stack/data/venv/lib/python3.12/site-packages/oslo_config/cfg.py:3006}}
Mar 23 05:34:25.173695 np0000160292 neutron-periodic-workers[104096]: DEBUG cotyledon.oslo_config_glue [-] database.max_retries = 10 {{(pid=104096) log_opt_values /opt/stack/data/venv/lib/python3.12/site-packages/oslo_config/cfg.py:3006}}
Mar 23 05:34:25.173695 np0000160292 neutron-periodic-workers[104096]: DEBUG cotyledon.oslo_config_glue [-] database.mysql_sql_mode = TRADITIONAL {{(pid=104096) log_opt_values /opt/stack/data/venv/lib/python3.12/site-packages/oslo_config/cfg.py:3006}}
Mar 23 05:34:25.173695 np0000160292 neutron-periodic-workers[104096]: DEBUG cotyledon.oslo_config_glue [-] database.mysql_wsrep_sync_wait = None {{(pid=104096) log_opt_values /opt/stack/data/venv/lib/python3.12/site-packages/oslo_config/cfg.py:3006}}
Mar 23 05:34:25.173695 np0000160292 neutron-periodic-workers[104096]: DEBUG cotyledon.oslo_config_glue [-] database.pool_timeout = None {{(pid=104096) log_opt_values /opt/stack/data/venv/lib/python3.12/site-packages/oslo_config/cfg.py:3006}}
Mar 23 05:34:25.173830 np0000160292 neutron-periodic-workers[104096]: DEBUG cotyledon.oslo_config_glue [-] database.retry_interval = 10 {{(pid=104096) log_opt_values /opt/stack/data/venv/lib/python3.12/site-packages/oslo_config/cfg.py:3006}}
Mar 23 05:34:25.173830 np0000160292 neutron-periodic-workers[104096]: DEBUG cotyledon.oslo_config_glue [-] database.slave_connection = **** {{(pid=104096) log_opt_values /opt/stack/data/venv/lib/python3.12/site-packages/oslo_config/cfg.py:3006}}
Mar 23 05:34:25.173830 np0000160292 neutron-periodic-workers[104096]: DEBUG cotyledon.oslo_config_glue [-] database.sqlite_synchronous = True {{(pid=104096) log_opt_values /opt/stack/data/venv/lib/python3.12/site-packages/oslo_config/cfg.py:3006}}
Mar 23 05:34:25.173907 np0000160292 neutron-periodic-workers[104096]: DEBUG cotyledon.oslo_config_glue [-] database.synchronous_reader = True {{(pid=104096) log_opt_values /opt/stack/data/venv/lib/python3.12/site-packages/oslo_config/cfg.py:3006}}
Mar 23 05:34:25.173907 np0000160292 neutron-periodic-workers[104096]: DEBUG cotyledon.oslo_config_glue [-] database.use_db_reconnect = False {{(pid=104096) log_opt_values /opt/stack/data/venv/lib/python3.12/site-packages/oslo_config/cfg.py:3006}}
Mar 23 05:34:25.173992 np0000160292 neutron-periodic-workers[104096]: DEBUG cotyledon.oslo_config_glue [-] ovn.bfd_min_rx = 1000 {{(pid=104096) log_opt_values /opt/stack/data/venv/lib/python3.12/site-packages/oslo_config/cfg.py:3006}}
Mar 23 05:34:25.174031 np0000160292 neutron-periodic-workers[104096]: DEBUG cotyledon.oslo_config_glue [-] ovn.bfd_min_tx = 100 {{(pid=104096) log_opt_values /opt/stack/data/venv/lib/python3.12/site-packages/oslo_config/cfg.py:3006}}
Mar 23 05:34:25.174061 np0000160292 neutron-periodic-workers[104096]: DEBUG cotyledon.oslo_config_glue [-] ovn.bfd_mult = 3 {{(pid=104096) log_opt_values /opt/stack/data/venv/lib/python3.12/site-packages/oslo_config/cfg.py:3006}}
Mar 23 05:34:25.174150 np0000160292 neutron-periodic-workers[104096]: DEBUG cotyledon.oslo_config_glue [-] ovn.broadcast_arps_to_all_routers = True {{(pid=104096) log_opt_values /opt/stack/data/venv/lib/python3.12/site-packages/oslo_config/cfg.py:3006}}
Mar 23 05:34:25.174197 np0000160292 neutron-periodic-workers[104096]: DEBUG cotyledon.oslo_config_glue [-] ovn.dhcp_default_lease_time = 43200 {{(pid=104096) log_opt_values /opt/stack/data/venv/lib/python3.12/site-packages/oslo_config/cfg.py:3006}}
Mar 23 05:34:25.174238 np0000160292 neutron-periodic-workers[104096]: DEBUG cotyledon.oslo_config_glue [-] ovn.disable_ovn_dhcp_for_baremetal_ports = False {{(pid=104096) log_opt_values /opt/stack/data/venv/lib/python3.12/site-packages/oslo_config/cfg.py:3006}}
Mar 23 05:34:25.174281 np0000160292 neutron-periodic-workers[104096]: DEBUG cotyledon.oslo_config_glue [-] ovn.dns_records_ovn_owned = False {{(pid=104096) log_opt_values /opt/stack/data/venv/lib/python3.12/site-packages/oslo_config/cfg.py:3006}}
Mar 23 05:34:25.174315 np0000160292 neutron-periodic-workers[104096]: DEBUG cotyledon.oslo_config_glue [-] ovn.dns_servers = [] {{(pid=104096) log_opt_values /opt/stack/data/venv/lib/python3.12/site-packages/oslo_config/cfg.py:3006}}
Mar 23 05:34:25.174353 np0000160292 neutron-periodic-workers[104096]: DEBUG cotyledon.oslo_config_glue [-] ovn.enable_distributed_floating_ip = False {{(pid=104096) log_opt_values /opt/stack/data/venv/lib/python3.12/site-packages/oslo_config/cfg.py:3006}}
Mar 23 05:34:25.174386 np0000160292 neutron-periodic-workers[104096]: DEBUG cotyledon.oslo_config_glue [-] ovn.fdb_age_threshold = 300 {{(pid=104096) log_opt_values /opt/stack/data/venv/lib/python3.12/site-packages/oslo_config/cfg.py:3006}}
Mar 23 05:34:25.174445 np0000160292 neutron-periodic-workers[104096]: DEBUG cotyledon.oslo_config_glue [-] ovn.ha_failover_strategy = normal {{(pid=104096) log_opt_values /opt/stack/data/venv/lib/python3.12/site-packages/oslo_config/cfg.py:3006}}
Mar 23 05:34:25.174471 np0000160292 neutron-periodic-workers[104096]: DEBUG cotyledon.oslo_config_glue [-] ovn.live_migration_activation_strategy = rarp {{(pid=104096) log_opt_values /opt/stack/data/venv/lib/python3.12/site-packages/oslo_config/cfg.py:3006}}
Mar 23 05:34:25.174500 np0000160292 neutron-periodic-workers[104096]: DEBUG cotyledon.oslo_config_glue [-] ovn.localnet_learn_fdb = False {{(pid=104096) log_opt_values /opt/stack/data/venv/lib/python3.12/site-packages/oslo_config/cfg.py:3006}}
Mar 23 05:34:25.174557 np0000160292 neutron-periodic-workers[104096]: DEBUG cotyledon.oslo_config_glue [-] ovn.mac_binding_age_threshold = 300 {{(pid=104096) log_opt_values /opt/stack/data/venv/lib/python3.12/site-packages/oslo_config/cfg.py:3006}}
Mar 23 05:34:25.174609 np0000160292 neutron-periodic-workers[104096]: DEBUG cotyledon.oslo_config_glue [-] ovn.neutron_sync_mode = log {{(pid=104096) log_opt_values /opt/stack/data/venv/lib/python3.12/site-packages/oslo_config/cfg.py:3006}}
Mar 23 05:34:25.174710 np0000160292 neutron-periodic-workers[104096]: DEBUG cotyledon.oslo_config_glue [-] ovn.ovn_dhcp4_global_options = {} {{(pid=104096) log_opt_values /opt/stack/data/venv/lib/python3.12/site-packages/oslo_config/cfg.py:3006}}
Mar 23 05:34:25.174710 np0000160292 neutron-periodic-workers[104096]: DEBUG cotyledon.oslo_config_glue [-] ovn.ovn_dhcp6_global_options = {} {{(pid=104096) log_opt_values /opt/stack/data/venv/lib/python3.12/site-packages/oslo_config/cfg.py:3006}}
Mar 23 05:34:25.174762 np0000160292 neutron-periodic-workers[104096]: DEBUG cotyledon.oslo_config_glue [-] ovn.ovn_l3_scheduler = leastloaded {{(pid=104096) log_opt_values /opt/stack/data/venv/lib/python3.12/site-packages/oslo_config/cfg.py:3006}}
Mar 23 05:34:25.174787 np0000160292 neutron-periodic-workers[104096]: DEBUG cotyledon.oslo_config_glue [-] ovn.ovn_metadata_enabled = True {{(pid=104096) log_opt_values /opt/stack/data/venv/lib/python3.12/site-packages/oslo_config/cfg.py:3006}}
Mar 23 05:34:25.174832 np0000160292 neutron-periodic-workers[104096]: DEBUG cotyledon.oslo_config_glue [-] ovn.ovn_nb_ca_cert = /opt/stack/data/CA/int-ca/ca-chain.pem {{(pid=104096) log_opt_values /opt/stack/data/venv/lib/python3.12/site-packages/oslo_config/cfg.py:3006}}
Mar 23 05:34:25.174868 np0000160292 neutron-periodic-workers[104096]: DEBUG cotyledon.oslo_config_glue [-] ovn.ovn_nb_certificate = /opt/stack/data/CA/int-ca/devstack-cert.crt {{(pid=104096) log_opt_values /opt/stack/data/venv/lib/python3.12/site-packages/oslo_config/cfg.py:3006}}
Mar 23 05:34:25.174914 np0000160292 neutron-periodic-workers[104096]: DEBUG cotyledon.oslo_config_glue [-] ovn.ovn_nb_connection = ['ssl:199.19.213.100:6641'] {{(pid=104096) log_opt_values /opt/stack/data/venv/lib/python3.12/site-packages/oslo_config/cfg.py:3006}}
Mar 23 05:34:25.174961 np0000160292 neutron-periodic-workers[104096]: DEBUG cotyledon.oslo_config_glue [-] ovn.ovn_nb_private_key = /opt/stack/data/CA/int-ca/private/devstack-cert.key {{(pid=104096) log_opt_values /opt/stack/data/venv/lib/python3.12/site-packages/oslo_config/cfg.py:3006}}
Mar 23 05:34:25.175009 np0000160292 neutron-periodic-workers[104096]: DEBUG cotyledon.oslo_config_glue [-] ovn.ovn_router_indirect_snat = False {{(pid=104096) log_opt_values /opt/stack/data/venv/lib/python3.12/site-packages/oslo_config/cfg.py:3006}}
Mar 23 05:34:25.175046 np0000160292 neutron-periodic-workers[104096]: DEBUG cotyledon.oslo_config_glue [-] ovn.ovn_sb_ca_cert = /opt/stack/data/CA/int-ca/ca-chain.pem {{(pid=104096) log_opt_values /opt/stack/data/venv/lib/python3.12/site-packages/oslo_config/cfg.py:3006}}
Mar 23 05:34:25.175379 np0000160292 neutron-periodic-workers[104096]: DEBUG cotyledon.oslo_config_glue [-] ovn.ovn_sb_certificate = /opt/stack/data/CA/int-ca/devstack-cert.crt {{(pid=104096) log_opt_values /opt/stack/data/venv/lib/python3.12/site-packages/oslo_config/cfg.py:3006}}
Mar 23 05:34:25.175460 np0000160292 neutron-periodic-workers[104096]: DEBUG cotyledon.oslo_config_glue [-] ovn.ovn_sb_connection = ['ssl:199.19.213.100:6642'] {{(pid=104096) log_opt_values /opt/stack/data/venv/lib/python3.12/site-packages/oslo_config/cfg.py:3006}}
Mar 23 05:34:25.175518 np0000160292 neutron-periodic-workers[104096]: DEBUG cotyledon.oslo_config_glue [-] ovn.ovn_sb_private_key = /opt/stack/data/CA/int-ca/private/devstack-cert.key {{(pid=104096) log_opt_values /opt/stack/data/venv/lib/python3.12/site-packages/oslo_config/cfg.py:3006}}
Mar 23 05:34:25.175577 np0000160292 neutron-periodic-workers[104096]: DEBUG cotyledon.oslo_config_glue [-] ovn.ovs_create_tap = False {{(pid=104096) log_opt_values /opt/stack/data/venv/lib/python3.12/site-packages/oslo_config/cfg.py:3006}}
Mar 23 05:34:25.175637 np0000160292 neutron-periodic-workers[104096]: DEBUG cotyledon.oslo_config_glue [-] ovn.ovsdb_connection_timeout = 180 {{(pid=104096) log_opt_values /opt/stack/data/venv/lib/python3.12/site-packages/oslo_config/cfg.py:3006}}
Mar 23 05:34:25.175679 np0000160292 neutron-periodic-workers[104096]: DEBUG cotyledon.oslo_config_glue [-] ovn.ovsdb_log_level = INFO {{(pid=104096) log_opt_values /opt/stack/data/venv/lib/python3.12/site-packages/oslo_config/cfg.py:3006}}
Mar 23 05:34:25.175712 np0000160292 neutron-periodic-workers[104096]: DEBUG cotyledon.oslo_config_glue [-] ovn.ovsdb_probe_interval = 60000 {{(pid=104096) log_opt_values /opt/stack/data/venv/lib/python3.12/site-packages/oslo_config/cfg.py:3006}}
Mar 23 05:34:25.175758 np0000160292 neutron-periodic-workers[104096]: DEBUG cotyledon.oslo_config_glue [-] ovn.ovsdb_retry_max_interval = 180 {{(pid=104096) log_opt_values /opt/stack/data/venv/lib/python3.12/site-packages/oslo_config/cfg.py:3006}}
Mar 23 05:34:25.175790 np0000160292 neutron-periodic-workers[104096]: DEBUG cotyledon.oslo_config_glue [-] ovn.stateless_nat_enabled = False {{(pid=104096) log_opt_values /opt/stack/data/venv/lib/python3.12/site-packages/oslo_config/cfg.py:3006}}
Mar 23 05:34:25.175852 np0000160292 neutron-periodic-workers[104096]: DEBUG cotyledon.oslo_config_glue [-] ovn.vhost_sock_dir = /var/run/openvswitch {{(pid=104096) log_opt_values /opt/stack/data/venv/lib/python3.12/site-packages/oslo_config/cfg.py:3006}}
Mar 23 05:34:25.175923 np0000160292 neutron-periodic-workers[104096]: DEBUG cotyledon.oslo_config_glue [-] OVS.bridge_mac_table_size = 50000 {{(pid=104096) log_opt_values /opt/stack/data/venv/lib/python3.12/site-packages/oslo_config/cfg.py:3006}}
Mar 23 05:34:25.175965 np0000160292 neutron-periodic-workers[104096]: DEBUG cotyledon.oslo_config_glue [-] OVS.igmp_flood = False {{(pid=104096) log_opt_values /opt/stack/data/venv/lib/python3.12/site-packages/oslo_config/cfg.py:3006}}
Mar 23 05:34:25.176034 np0000160292 neutron-periodic-workers[104096]: DEBUG cotyledon.oslo_config_glue [-] OVS.igmp_flood_reports = True {{(pid=104096) log_opt_values /opt/stack/data/venv/lib/python3.12/site-packages/oslo_config/cfg.py:3006}}
Mar 23 05:34:25.176034 np0000160292 neutron-periodic-workers[104096]: DEBUG cotyledon.oslo_config_glue [-] OVS.igmp_flood_unregistered = False {{(pid=104096) log_opt_values /opt/stack/data/venv/lib/python3.12/site-packages/oslo_config/cfg.py:3006}}
Mar 23 05:34:25.176156 np0000160292 neutron-periodic-workers[104096]: DEBUG cotyledon.oslo_config_glue [-] OVS.igmp_snooping_enable = False {{(pid=104096) log_opt_values /opt/stack/data/venv/lib/python3.12/site-packages/oslo_config/cfg.py:3006}}
Mar 23 05:34:25.176156 np0000160292 neutron-periodic-workers[104096]: DEBUG cotyledon.oslo_config_glue [-] OVS.ovsdb_timeout = 10 {{(pid=104096) log_opt_values /opt/stack/data/venv/lib/python3.12/site-packages/oslo_config/cfg.py:3006}}
Mar 23 05:34:25.176266 np0000160292 neutron-periodic-workers[104096]: DEBUG cotyledon.oslo_config_glue [-] ovn_nb_global.fdb_removal_limit = 0 {{(pid=104096) log_opt_values /opt/stack/data/venv/lib/python3.12/site-packages/oslo_config/cfg.py:3006}}
Mar 23 05:34:25.176266 np0000160292 neutron-periodic-workers[104096]: DEBUG cotyledon.oslo_config_glue [-] ovn_nb_global.ignore_lsp_down = False {{(pid=104096) log_opt_values /opt/stack/data/venv/lib/python3.12/site-packages/oslo_config/cfg.py:3006}}
Mar 23 05:34:25.176396 np0000160292 neutron-periodic-workers[104096]: DEBUG cotyledon.oslo_config_glue [-] ovn_nb_global.mac_binding_removal_limit = 0 {{(pid=104096) log_opt_values /opt/stack/data/venv/lib/python3.12/site-packages/oslo_config/cfg.py:3006}}
Mar 23 05:34:25.176396 np0000160292 neutron-periodic-workers[104096]: DEBUG cotyledon.oslo_config_glue [-] ******************************************************************************** {{(pid=104096) log_opt_values /opt/stack/data/venv/lib/python3.12/site-packages/oslo_config/cfg.py:3013}}
Mar 23 05:34:25.176499 np0000160292 neutron-periodic-workers[104096]: DEBUG cotyledon._service_worker [-] Run service ServiceWrapper(0) [104096] {{(pid=104096) wait_forever /opt/stack/data/venv/lib/python3.12/site-packages/cotyledon/_service_worker.py:218}}
Mar 23 05:34:34.748224 np0000160292 neutron-periodic-workers[103300]: DEBUG dbcounter [-] [103300] Writing DB stats neutron:SELECT=4 {{(pid=103300) stat_writer /opt/stack/data/venv/lib/python3.12/site-packages/dbcounter.py:115}}
Mar 23 05:35:08.139226 np0000160292 neutron-periodic-workers[104076]: DEBUG oslo_db.sqlalchemy.engines [None req-1d0bba0f-092f-4d3e-a196-f683d0162e39 None None] Parent process 103300 forked (104076) with an open database connection, which is being discarded and recreated. {{(pid=104076) checkout /opt/stack/data/venv/lib/python3.12/site-packages/oslo_db/sqlalchemy/engines.py:402}}
Mar 23 05:35:08.154364 np0000160292 neutron-periodic-workers[104076]: DEBUG dbcounter [-] [104076] Writer thread running {{(pid=104076) stat_writer /opt/stack/data/venv/lib/python3.12/site-packages/dbcounter.py:102}}
Mar 23 05:35:08.165451 np0000160292 neutron-periodic-workers[104076]: DEBUG oslo.service.backend._threading.loopingcall [None req-1d0bba0f-092f-4d3e-a196-f683d0162e39 None None] Fixed interval looping call 'neutron.plugins.ml2.plugin.DhcpAgentSchedulerDbMixin.remove_networks_from_down_agents' sleeping for 36.96 seconds {{(pid=104076) _run_loop /opt/stack/data/venv/lib/python3.12/site-packages/oslo_service/backend/_threading/loopingcall.py:125}}
Mar 23 05:35:09.164515 np0000160292 neutron-periodic-workers[104084]: DEBUG dbcounter [-] [104084] Writer thread running {{(pid=104084) stat_writer /opt/stack/data/venv/lib/python3.12/site-packages/dbcounter.py:102}}
Mar 23 05:35:09.168547 np0000160292 neutron-periodic-workers[104084]: DEBUG neutron.db.agents_db [None req-d0f4eab3-3868-4fdc-9386-19ba4cd082a1 None None] Agent healthcheck: found 0 active agents {{(pid=104084) agent_health_check /opt/stack/neutron/neutron/db/agents_db.py:317}}
Mar 23 05:35:09.168707 np0000160292 neutron-periodic-workers[104084]: DEBUG oslo.service.backend._threading.loopingcall [None req-d0f4eab3-3868-4fdc-9386-19ba4cd082a1 None None] Fixed interval looping call 'neutron.plugins.ml2.plugin.AgentDbMixin.agent_health_check' sleeping for 36.98 seconds {{(pid=104084) _run_loop /opt/stack/data/venv/lib/python3.12/site-packages/oslo_service/backend/_threading/loopingcall.py:125}}
Mar 23 05:35:18.163811 np0000160292 neutron-periodic-workers[104076]: DEBUG dbcounter [-] [104076] Writing DB stats neutron:SELECT=3 {{(pid=104076) stat_writer /opt/stack/data/venv/lib/python3.12/site-packages/dbcounter.py:115}}
Mar 23 05:35:19.164961 np0000160292 neutron-periodic-workers[104084]: DEBUG dbcounter [-] [104084] Writing DB stats neutron:SELECT=1 {{(pid=104084) stat_writer /opt/stack/data/venv/lib/python3.12/site-packages/dbcounter.py:115}}
Mar 23 05:35:21.150460 np0000160292 neutron-periodic-workers[104072]: DEBUG dbcounter [-] [104072] Writer thread running {{(pid=104072) stat_writer /opt/stack/data/venv/lib/python3.12/site-packages/dbcounter.py:102}}
Mar 23 05:35:21.163179 np0000160292 neutron-periodic-workers[104072]: DEBUG oslo.service.backend._threading.loopingcall [None req-ca0835c9-92a6-4ad5-94ad-4356d8f90070 None None] Fixed interval looping call 'neutron.services.ovn_l3.plugin.L3_NAT_dbonly_mixin._clean_garbage' sleeping for 299.95 seconds {{(pid=104072) _run_loop /opt/stack/data/venv/lib/python3.12/site-packages/oslo_service/backend/_threading/loopingcall.py:125}}
Mar 23 05:35:31.151053 np0000160292 neutron-periodic-workers[104072]: DEBUG dbcounter [-] [104072] Writing DB stats neutron:SELECT=1 {{(pid=104072) stat_writer /opt/stack/data/venv/lib/python3.12/site-packages/dbcounter.py:115}}
Mar 23 05:35:45.140689 np0000160292 neutron-periodic-workers[104076]: DEBUG oslo.service.backend._threading.loopingcall [None req-1d0bba0f-092f-4d3e-a196-f683d0162e39 None None] Fixed interval looping call 'neutron.plugins.ml2.plugin.DhcpAgentSchedulerDbMixin.remove_networks_from_down_agents' sleeping for 36.99 seconds {{(pid=104076) _run_loop /opt/stack/data/venv/lib/python3.12/site-packages/oslo_service/backend/_threading/loopingcall.py:125}}
Mar 23 05:35:46.155094 np0000160292 neutron-periodic-workers[104084]: DEBUG neutron.db.agents_db [None req-d0f4eab3-3868-4fdc-9386-19ba4cd082a1 None None] Agent healthcheck: found 0 active agents {{(pid=104084) agent_health_check /opt/stack/neutron/neutron/db/agents_db.py:317}}
Mar 23 05:35:46.156190 np0000160292 neutron-periodic-workers[104084]: DEBUG oslo.service.backend._threading.loopingcall [None req-d0f4eab3-3868-4fdc-9386-19ba4cd082a1 None None] Fixed interval looping call 'neutron.plugins.ml2.plugin.AgentDbMixin.agent_health_check' sleeping for 36.99 seconds {{(pid=104084) _run_loop /opt/stack/data/venv/lib/python3.12/site-packages/oslo_service/backend/_threading/loopingcall.py:125}}
Mar 23 05:35:55.139384 np0000160292 neutron-periodic-workers[104076]: DEBUG dbcounter [-] [104076] Writing DB stats neutron:SELECT=3 {{(pid=104076) stat_writer /opt/stack/data/venv/lib/python3.12/site-packages/dbcounter.py:115}}
Mar 23 05:35:56.152996 np0000160292 neutron-periodic-workers[104084]: DEBUG dbcounter [-] [104084] Writing DB stats neutron:SELECT=1 {{(pid=104084) stat_writer /opt/stack/data/venv/lib/python3.12/site-packages/dbcounter.py:115}}
Mar 23 05:36:22.140611 np0000160292 neutron-periodic-workers[104076]: DEBUG oslo.service.backend._threading.loopingcall [None req-1d0bba0f-092f-4d3e-a196-f683d0162e39 None None] Fixed interval looping call 'neutron.plugins.ml2.plugin.DhcpAgentSchedulerDbMixin.remove_networks_from_down_agents' sleeping for 36.99 seconds {{(pid=104076) _run_loop /opt/stack/data/venv/lib/python3.12/site-packages/oslo_service/backend/_threading/loopingcall.py:125}}
Mar 23 05:36:23.153031 np0000160292 neutron-periodic-workers[104084]: DEBUG neutron.db.agents_db [None req-d0f4eab3-3868-4fdc-9386-19ba4cd082a1 None None] Agent healthcheck: found 0 active agents {{(pid=104084) agent_health_check /opt/stack/neutron/neutron/db/agents_db.py:317}}
Mar 23 05:36:23.153513 np0000160292 neutron-periodic-workers[104084]: DEBUG oslo.service.backend._threading.loopingcall [None req-d0f4eab3-3868-4fdc-9386-19ba4cd082a1 None None] Fixed interval looping call 'neutron.plugins.ml2.plugin.AgentDbMixin.agent_health_check' sleeping for 36.99 seconds {{(pid=104084) _run_loop /opt/stack/data/venv/lib/python3.12/site-packages/oslo_service/backend/_threading/loopingcall.py:125}}
Mar 23 05:36:25.190639 np0000160292 neutron-periodic-workers[104096]: DEBUG dbcounter [-] [104096] Writer thread running {{(pid=104096) stat_writer /opt/stack/data/venv/lib/python3.12/site-packages/dbcounter.py:102}}
Mar 23 05:36:25.192500 np0000160292 neutron-periodic-workers[104096]: DEBUG oslo.service.backend._threading.loopingcall [None req-57fbda49-8965-4d2c-82a7-f3a9a97beb97 None None] Fixed interval looping call 'neutron.db.quota.driver_nolock.DbQuotaNoLockDriver._remove_expired_reservations' sleeping for 119.99 seconds {{(pid=104096) _run_loop /opt/stack/data/venv/lib/python3.12/site-packages/oslo_service/backend/_threading/loopingcall.py:125}}
Mar 23 05:36:32.139074 np0000160292 neutron-periodic-workers[104076]: DEBUG dbcounter [-] [104076] Writing DB stats neutron:SELECT=3 {{(pid=104076) stat_writer /opt/stack/data/venv/lib/python3.12/site-packages/dbcounter.py:115}}
Mar 23 05:36:33.150592 np0000160292 neutron-periodic-workers[104084]: DEBUG dbcounter [-] [104084] Writing DB stats neutron:SELECT=1 {{(pid=104084) stat_writer /opt/stack/data/venv/lib/python3.12/site-packages/dbcounter.py:115}}
Mar 23 05:36:35.191377 np0000160292 neutron-periodic-workers[104096]: DEBUG dbcounter [-] [104096] Writing DB stats neutron:DELETE=1 {{(pid=104096) stat_writer /opt/stack/data/venv/lib/python3.12/site-packages/dbcounter.py:115}}
Mar 23 05:36:59.137533 np0000160292 neutron-periodic-workers[104076]: DEBUG oslo.service.backend._threading.loopingcall [None req-1d0bba0f-092f-4d3e-a196-f683d0162e39 None None] Fixed interval looping call 'neutron.plugins.ml2.plugin.DhcpAgentSchedulerDbMixin.remove_networks_from_down_agents' sleeping for 36.99 seconds {{(pid=104076) _run_loop /opt/stack/data/venv/lib/python3.12/site-packages/oslo_service/backend/_threading/loopingcall.py:125}}
Mar 23 05:37:00.148596 np0000160292 neutron-periodic-workers[104084]: DEBUG neutron.db.agents_db [None req-d0f4eab3-3868-4fdc-9386-19ba4cd082a1 None None] Agent healthcheck: found 0 active agents {{(pid=104084) agent_health_check /opt/stack/neutron/neutron/db/agents_db.py:317}}
Mar 23 05:37:00.148596 np0000160292 neutron-periodic-workers[104084]: DEBUG oslo.service.backend._threading.loopingcall [None req-d0f4eab3-3868-4fdc-9386-19ba4cd082a1 None None] Fixed interval looping call 'neutron.plugins.ml2.plugin.AgentDbMixin.agent_health_check' sleeping for 37.00 seconds {{(pid=104084) _run_loop /opt/stack/data/venv/lib/python3.12/site-packages/oslo_service/backend/_threading/loopingcall.py:125}}
Mar 23 05:37:09.136584 np0000160292 neutron-periodic-workers[104076]: DEBUG dbcounter [-] [104076] Writing DB stats neutron:SELECT=3 {{(pid=104076) stat_writer /opt/stack/data/venv/lib/python3.12/site-packages/dbcounter.py:115}}
Mar 23 05:37:10.146601 np0000160292 neutron-periodic-workers[104084]: DEBUG dbcounter [-] [104084] Writing DB stats neutron:SELECT=1 {{(pid=104084) stat_writer /opt/stack/data/venv/lib/python3.12/site-packages/dbcounter.py:115}}
Mar 23 05:37:36.135007 np0000160292 neutron-periodic-workers[104076]: DEBUG oslo.service.backend._threading.loopingcall [None req-1d0bba0f-092f-4d3e-a196-f683d0162e39 None None] Fixed interval looping call 'neutron.plugins.ml2.plugin.DhcpAgentSchedulerDbMixin.remove_networks_from_down_agents' sleeping for 36.99 seconds {{(pid=104076) _run_loop /opt/stack/data/venv/lib/python3.12/site-packages/oslo_service/backend/_threading/loopingcall.py:125}}
Mar 23 05:37:37.153469 np0000160292 neutron-periodic-workers[104084]: DEBUG neutron.db.agents_db [None req-d0f4eab3-3868-4fdc-9386-19ba4cd082a1 None None] Agent healthcheck: found 0 active agents {{(pid=104084) agent_health_check /opt/stack/neutron/neutron/db/agents_db.py:317}}
Mar 23 05:37:37.153867 np0000160292 neutron-periodic-workers[104084]: DEBUG oslo.service.backend._threading.loopingcall [None req-d0f4eab3-3868-4fdc-9386-19ba4cd082a1 None None] Fixed interval looping call 'neutron.plugins.ml2.plugin.AgentDbMixin.agent_health_check' sleeping for 36.99 seconds {{(pid=104084) _run_loop /opt/stack/data/venv/lib/python3.12/site-packages/oslo_service/backend/_threading/loopingcall.py:125}}
Mar 23 05:37:46.134375 np0000160292 neutron-periodic-workers[104076]: DEBUG dbcounter [-] [104076] Writing DB stats neutron:SELECT=3 {{(pid=104076) stat_writer /opt/stack/data/venv/lib/python3.12/site-packages/dbcounter.py:115}}
Mar 23 05:37:47.151712 np0000160292 neutron-periodic-workers[104084]: DEBUG dbcounter [-] [104084] Writing DB stats neutron:SELECT=1 {{(pid=104084) stat_writer /opt/stack/data/venv/lib/python3.12/site-packages/dbcounter.py:115}}
Mar 23 05:38:13.135650 np0000160292 neutron-periodic-workers[104076]: DEBUG oslo.service.backend._threading.loopingcall [None req-1d0bba0f-092f-4d3e-a196-f683d0162e39 None None] Fixed interval looping call 'neutron.plugins.ml2.plugin.DhcpAgentSchedulerDbMixin.remove_networks_from_down_agents' sleeping for 36.99 seconds {{(pid=104076) _run_loop /opt/stack/data/venv/lib/python3.12/site-packages/oslo_service/backend/_threading/loopingcall.py:125}}
Mar 23 05:38:14.148843 np0000160292 neutron-periodic-workers[104084]: DEBUG neutron.db.agents_db [None req-d0f4eab3-3868-4fdc-9386-19ba4cd082a1 None None] Agent healthcheck: found 0 active agents {{(pid=104084) agent_health_check /opt/stack/neutron/neutron/db/agents_db.py:317}}
Mar 23 05:38:14.149279 np0000160292 neutron-periodic-workers[104084]: DEBUG oslo.service.backend._threading.loopingcall [None req-d0f4eab3-3868-4fdc-9386-19ba4cd082a1 None None] Fixed interval looping call 'neutron.plugins.ml2.plugin.AgentDbMixin.agent_health_check' sleeping for 36.99 seconds {{(pid=104084) _run_loop /opt/stack/data/venv/lib/python3.12/site-packages/oslo_service/backend/_threading/loopingcall.py:125}}
Mar 23 05:38:23.134263 np0000160292 neutron-periodic-workers[104076]: DEBUG dbcounter [-] [104076] Writing DB stats neutron:SELECT=3 {{(pid=104076) stat_writer /opt/stack/data/venv/lib/python3.12/site-packages/dbcounter.py:115}}
Mar 23 05:38:24.147308 np0000160292 neutron-periodic-workers[104084]: DEBUG dbcounter [-] [104084] Writing DB stats neutron:SELECT=1 {{(pid=104084) stat_writer /opt/stack/data/venv/lib/python3.12/site-packages/dbcounter.py:115}}
Mar 23 05:38:25.187378 np0000160292 neutron-periodic-workers[104096]: DEBUG oslo.service.backend._threading.loopingcall [None req-57fbda49-8965-4d2c-82a7-f3a9a97beb97 None None] Fixed interval looping call 'neutron.db.quota.driver_nolock.DbQuotaNoLockDriver._remove_expired_reservations' sleeping for 120.00 seconds {{(pid=104096) _run_loop /opt/stack/data/venv/lib/python3.12/site-packages/oslo_service/backend/_threading/loopingcall.py:125}}
Mar 23 05:38:35.186408 np0000160292 neutron-periodic-workers[104096]: DEBUG dbcounter [-] [104096] Writing DB stats neutron:DELETE=1 {{(pid=104096) stat_writer /opt/stack/data/venv/lib/python3.12/site-packages/dbcounter.py:115}}
Mar 23 05:38:50.133613 np0000160292 neutron-periodic-workers[104076]: DEBUG oslo.service.backend._threading.loopingcall [None req-1d0bba0f-092f-4d3e-a196-f683d0162e39 None None] Fixed interval looping call 'neutron.plugins.ml2.plugin.DhcpAgentSchedulerDbMixin.remove_networks_from_down_agents' sleeping for 36.99 seconds {{(pid=104076) _run_loop /opt/stack/data/venv/lib/python3.12/site-packages/oslo_service/backend/_threading/loopingcall.py:125}}
Mar 23 05:38:51.144961 np0000160292 neutron-periodic-workers[104084]: DEBUG neutron.db.agents_db [None req-d0f4eab3-3868-4fdc-9386-19ba4cd082a1 None None] Agent healthcheck: found 0 active agents {{(pid=104084) agent_health_check /opt/stack/neutron/neutron/db/agents_db.py:317}}
Mar 23 05:38:51.145774 np0000160292 neutron-periodic-workers[104084]: DEBUG oslo.service.backend._threading.loopingcall [None req-d0f4eab3-3868-4fdc-9386-19ba4cd082a1 None None] Fixed interval looping call 'neutron.plugins.ml2.plugin.AgentDbMixin.agent_health_check' sleeping for 36.99 seconds {{(pid=104084) _run_loop /opt/stack/data/venv/lib/python3.12/site-packages/oslo_service/backend/_threading/loopingcall.py:125}}
Mar 23 05:39:00.132707 np0000160292 neutron-periodic-workers[104076]: DEBUG dbcounter [-] [104076] Writing DB stats neutron:SELECT=3 {{(pid=104076) stat_writer /opt/stack/data/venv/lib/python3.12/site-packages/dbcounter.py:115}}
Mar 23 05:39:01.142453 np0000160292 neutron-periodic-workers[104084]: DEBUG dbcounter [-] [104084] Writing DB stats neutron:SELECT=1 {{(pid=104084) stat_writer /opt/stack/data/venv/lib/python3.12/site-packages/dbcounter.py:115}}
Mar 23 05:39:27.134642 np0000160292 neutron-periodic-workers[104076]: DEBUG oslo.service.backend._threading.loopingcall [None req-1d0bba0f-092f-4d3e-a196-f683d0162e39 None None] Fixed interval looping call 'neutron.plugins.ml2.plugin.DhcpAgentSchedulerDbMixin.remove_networks_from_down_agents' sleeping for 36.99 seconds {{(pid=104076) _run_loop /opt/stack/data/venv/lib/python3.12/site-packages/oslo_service/backend/_threading/loopingcall.py:125}}
Mar 23 05:39:28.141977 np0000160292 neutron-periodic-workers[104084]: DEBUG neutron.db.agents_db [None req-d0f4eab3-3868-4fdc-9386-19ba4cd082a1 None None] Agent healthcheck: found 0 active agents {{(pid=104084) agent_health_check /opt/stack/neutron/neutron/db/agents_db.py:317}}
Mar 23 05:39:28.142655 np0000160292 neutron-periodic-workers[104084]: DEBUG oslo.service.backend._threading.loopingcall [None req-d0f4eab3-3868-4fdc-9386-19ba4cd082a1 None None] Fixed interval looping call 'neutron.plugins.ml2.plugin.AgentDbMixin.agent_health_check' sleeping for 36.99 seconds {{(pid=104084) _run_loop /opt/stack/data/venv/lib/python3.12/site-packages/oslo_service/backend/_threading/loopingcall.py:125}}
Mar 23 05:39:37.131685 np0000160292 neutron-periodic-workers[104076]: DEBUG dbcounter [-] [104076] Writing DB stats neutron:SELECT=3 {{(pid=104076) stat_writer /opt/stack/data/venv/lib/python3.12/site-packages/dbcounter.py:115}}
Mar 23 05:39:38.150560 np0000160292 neutron-periodic-workers[104084]: DEBUG dbcounter [-] [104084] Writing DB stats neutron:SELECT=1 {{(pid=104084) stat_writer /opt/stack/data/venv/lib/python3.12/site-packages/dbcounter.py:115}}
Mar 23 05:40:04.135023 np0000160292 neutron-periodic-workers[104076]: DEBUG oslo.service.backend._threading.loopingcall [None req-1d0bba0f-092f-4d3e-a196-f683d0162e39 None None] Fixed interval looping call 'neutron.plugins.ml2.plugin.DhcpAgentSchedulerDbMixin.remove_networks_from_down_agents' sleeping for 36.99 seconds {{(pid=104076) _run_loop /opt/stack/data/venv/lib/python3.12/site-packages/oslo_service/backend/_threading/loopingcall.py:125}}
Mar 23 05:40:05.137137 np0000160292 neutron-periodic-workers[104084]: DEBUG neutron.db.agents_db [None req-d0f4eab3-3868-4fdc-9386-19ba4cd082a1 None None] Agent healthcheck: found 0 active agents {{(pid=104084) agent_health_check /opt/stack/neutron/neutron/db/agents_db.py:317}}
Mar 23 05:40:05.137137 np0000160292 neutron-periodic-workers[104084]: DEBUG oslo.service.backend._threading.loopingcall [None req-d0f4eab3-3868-4fdc-9386-19ba4cd082a1 None None] Fixed interval looping call 'neutron.plugins.ml2.plugin.AgentDbMixin.agent_health_check' sleeping for 37.00 seconds {{(pid=104084) _run_loop /opt/stack/data/venv/lib/python3.12/site-packages/oslo_service/backend/_threading/loopingcall.py:125}}
Mar 23 05:40:14.133681 np0000160292 neutron-periodic-workers[104076]: DEBUG dbcounter [-] [104076] Writing DB stats neutron:SELECT=3 {{(pid=104076) stat_writer /opt/stack/data/venv/lib/python3.12/site-packages/dbcounter.py:115}}
Mar 23 05:40:15.135011 np0000160292 neutron-periodic-workers[104084]: DEBUG dbcounter [-] [104084] Writing DB stats neutron:SELECT=1 {{(pid=104084) stat_writer /opt/stack/data/venv/lib/python3.12/site-packages/dbcounter.py:115}}
Mar 23 05:40:21.123317 np0000160292 neutron-periodic-workers[104072]: DEBUG oslo.service.backend._threading.loopingcall [None req-ca0835c9-92a6-4ad5-94ad-4356d8f90070 None None] Fixed interval looping call 'neutron.services.ovn_l3.plugin.L3_NAT_dbonly_mixin._clean_garbage' sleeping for 299.99 seconds {{(pid=104072) _run_loop /opt/stack/data/venv/lib/python3.12/site-packages/oslo_service/backend/_threading/loopingcall.py:125}}
Mar 23 05:40:25.194552 np0000160292 neutron-periodic-workers[104096]: DEBUG oslo.service.backend._threading.loopingcall [None req-57fbda49-8965-4d2c-82a7-f3a9a97beb97 None None] Fixed interval looping call 'neutron.db.quota.driver_nolock.DbQuotaNoLockDriver._remove_expired_reservations' sleeping for 119.99 seconds {{(pid=104096) _run_loop /opt/stack/data/venv/lib/python3.12/site-packages/oslo_service/backend/_threading/loopingcall.py:125}}
Mar 23 05:40:31.117659 np0000160292 neutron-periodic-workers[104072]: DEBUG dbcounter [-] [104072] Writing DB stats neutron:SELECT=1 {{(pid=104072) stat_writer /opt/stack/data/venv/lib/python3.12/site-packages/dbcounter.py:115}}
Mar 23 05:40:35.192363 np0000160292 neutron-periodic-workers[104096]: DEBUG dbcounter [-] [104096] Writing DB stats neutron:DELETE=1 {{(pid=104096) stat_writer /opt/stack/data/venv/lib/python3.12/site-packages/dbcounter.py:115}}
Mar 23 05:40:41.133835 np0000160292 neutron-periodic-workers[104076]: DEBUG oslo.service.backend._threading.loopingcall [None req-1d0bba0f-092f-4d3e-a196-f683d0162e39 None None] Fixed interval looping call 'neutron.plugins.ml2.plugin.DhcpAgentSchedulerDbMixin.remove_networks_from_down_agents' sleeping for 36.99 seconds {{(pid=104076) _run_loop /opt/stack/data/venv/lib/python3.12/site-packages/oslo_service/backend/_threading/loopingcall.py:125}}
Mar 23 05:40:42.141755 np0000160292 neutron-periodic-workers[104084]: DEBUG neutron.db.agents_db [None req-d0f4eab3-3868-4fdc-9386-19ba4cd082a1 None None] Agent healthcheck: found 0 active agents {{(pid=104084) agent_health_check /opt/stack/neutron/neutron/db/agents_db.py:317}}
Mar 23 05:40:42.142566 np0000160292 neutron-periodic-workers[104084]: DEBUG oslo.service.backend._threading.loopingcall [None req-d0f4eab3-3868-4fdc-9386-19ba4cd082a1 None None] Fixed interval looping call 'neutron.plugins.ml2.plugin.AgentDbMixin.agent_health_check' sleeping for 37.00 seconds {{(pid=104084) _run_loop /opt/stack/data/venv/lib/python3.12/site-packages/oslo_service/backend/_threading/loopingcall.py:125}}
Mar 23 05:40:51.132838 np0000160292 neutron-periodic-workers[104076]: DEBUG dbcounter [-] [104076] Writing DB stats neutron:SELECT=3 {{(pid=104076) stat_writer /opt/stack/data/venv/lib/python3.12/site-packages/dbcounter.py:115}}
Mar 23 05:40:52.141216 np0000160292 neutron-periodic-workers[104084]: DEBUG dbcounter [-] [104084] Writing DB stats neutron:SELECT=1 {{(pid=104084) stat_writer /opt/stack/data/venv/lib/python3.12/site-packages/dbcounter.py:115}}
Mar 23 05:41:18.132400 np0000160292 neutron-periodic-workers[104076]: DEBUG oslo.service.backend._threading.loopingcall [None req-1d0bba0f-092f-4d3e-a196-f683d0162e39 None None] Fixed interval looping call 'neutron.plugins.ml2.plugin.DhcpAgentSchedulerDbMixin.remove_networks_from_down_agents' sleeping for 36.99 seconds {{(pid=104076) _run_loop /opt/stack/data/venv/lib/python3.12/site-packages/oslo_service/backend/_threading/loopingcall.py:125}}
Mar 23 05:41:19.147413 np0000160292 neutron-periodic-workers[104084]: DEBUG neutron.db.agents_db [None req-d0f4eab3-3868-4fdc-9386-19ba4cd082a1 None None] Agent healthcheck: found 0 active agents {{(pid=104084) agent_health_check /opt/stack/neutron/neutron/db/agents_db.py:317}}
Mar 23 05:41:19.148292 np0000160292 neutron-periodic-workers[104084]: DEBUG oslo.service.backend._threading.loopingcall [None req-d0f4eab3-3868-4fdc-9386-19ba4cd082a1 None None] Fixed interval looping call 'neutron.plugins.ml2.plugin.AgentDbMixin.agent_health_check' sleeping for 36.99 seconds {{(pid=104084) _run_loop /opt/stack/data/venv/lib/python3.12/site-packages/oslo_service/backend/_threading/loopingcall.py:125}}
Mar 23 05:41:28.131629 np0000160292 neutron-periodic-workers[104076]: DEBUG dbcounter [-] [104076] Writing DB stats neutron:SELECT=3 {{(pid=104076) stat_writer /opt/stack/data/venv/lib/python3.12/site-packages/dbcounter.py:115}}
Mar 23 05:41:29.147083 np0000160292 neutron-periodic-workers[104084]: DEBUG dbcounter [-] [104084] Writing DB stats neutron:SELECT=1 {{(pid=104084) stat_writer /opt/stack/data/venv/lib/python3.12/site-packages/dbcounter.py:115}}
Mar 23 05:41:55.132715 np0000160292 neutron-periodic-workers[104076]: DEBUG oslo.service.backend._threading.loopingcall [None req-1d0bba0f-092f-4d3e-a196-f683d0162e39 None None] Fixed interval looping call 'neutron.plugins.ml2.plugin.DhcpAgentSchedulerDbMixin.remove_networks_from_down_agents' sleeping for 36.99 seconds {{(pid=104076) _run_loop /opt/stack/data/venv/lib/python3.12/site-packages/oslo_service/backend/_threading/loopingcall.py:125}}
Mar 23 05:41:56.142538 np0000160292 neutron-periodic-workers[104084]: DEBUG neutron.db.agents_db [None req-d0f4eab3-3868-4fdc-9386-19ba4cd082a1 None None] Agent healthcheck: found 0 active agents {{(pid=104084) agent_health_check /opt/stack/neutron/neutron/db/agents_db.py:317}}
Mar 23 05:41:56.142538 np0000160292 neutron-periodic-workers[104084]: DEBUG oslo.service.backend._threading.loopingcall [None req-d0f4eab3-3868-4fdc-9386-19ba4cd082a1 None None] Fixed interval looping call 'neutron.plugins.ml2.plugin.AgentDbMixin.agent_health_check' sleeping for 37.00 seconds {{(pid=104084) _run_loop /opt/stack/data/venv/lib/python3.12/site-packages/oslo_service/backend/_threading/loopingcall.py:125}}
Mar 23 05:42:05.131413 np0000160292 neutron-periodic-workers[104076]: DEBUG dbcounter [-] [104076] Writing DB stats neutron:SELECT=3 {{(pid=104076) stat_writer /opt/stack/data/venv/lib/python3.12/site-packages/dbcounter.py:115}}
Mar 23 05:42:06.140435 np0000160292 neutron-periodic-workers[104084]: DEBUG dbcounter [-] [104084] Writing DB stats neutron:SELECT=1 {{(pid=104084) stat_writer /opt/stack/data/venv/lib/python3.12/site-packages/dbcounter.py:115}}
Mar 23 05:42:25.190282 np0000160292 neutron-periodic-workers[104096]: DEBUG oslo.service.backend._threading.loopingcall [None req-57fbda49-8965-4d2c-82a7-f3a9a97beb97 None None] Fixed interval looping call 'neutron.db.quota.driver_nolock.DbQuotaNoLockDriver._remove_expired_reservations' sleeping for 119.99 seconds {{(pid=104096) _run_loop /opt/stack/data/venv/lib/python3.12/site-packages/oslo_service/backend/_threading/loopingcall.py:125}}
Mar 23 05:42:32.132759 np0000160292 neutron-periodic-workers[104076]: DEBUG oslo.service.backend._threading.loopingcall [None req-1d0bba0f-092f-4d3e-a196-f683d0162e39 None None] Fixed interval looping call 'neutron.plugins.ml2.plugin.DhcpAgentSchedulerDbMixin.remove_networks_from_down_agents' sleeping for 36.99 seconds {{(pid=104076) _run_loop /opt/stack/data/venv/lib/python3.12/site-packages/oslo_service/backend/_threading/loopingcall.py:125}}
Mar 23 05:42:33.148217 np0000160292 neutron-periodic-workers[104084]: DEBUG neutron.db.agents_db [None req-d0f4eab3-3868-4fdc-9386-19ba4cd082a1 None None] Agent healthcheck: found 0 active agents {{(pid=104084) agent_health_check /opt/stack/neutron/neutron/db/agents_db.py:317}}
Mar 23 05:42:33.148616 np0000160292 neutron-periodic-workers[104084]: DEBUG oslo.service.backend._threading.loopingcall [None req-d0f4eab3-3868-4fdc-9386-19ba4cd082a1 None None] Fixed interval looping call 'neutron.plugins.ml2.plugin.AgentDbMixin.agent_health_check' sleeping for 36.99 seconds {{(pid=104084) _run_loop /opt/stack/data/venv/lib/python3.12/site-packages/oslo_service/backend/_threading/loopingcall.py:125}}
Mar 23 05:42:35.189017 np0000160292 neutron-periodic-workers[104096]: DEBUG dbcounter [-] [104096] Writing DB stats neutron:DELETE=1 {{(pid=104096) stat_writer /opt/stack/data/venv/lib/python3.12/site-packages/dbcounter.py:115}}
Mar 23 05:42:42.132080 np0000160292 neutron-periodic-workers[104076]: DEBUG dbcounter [-] [104076] Writing DB stats neutron:SELECT=3 {{(pid=104076) stat_writer /opt/stack/data/venv/lib/python3.12/site-packages/dbcounter.py:115}}
Mar 23 05:42:43.147568 np0000160292 neutron-periodic-workers[104084]: DEBUG dbcounter [-] [104084] Writing DB stats neutron:SELECT=1 {{(pid=104084) stat_writer /opt/stack/data/venv/lib/python3.12/site-packages/dbcounter.py:115}}
Mar 23 05:43:09.129287 np0000160292 neutron-periodic-workers[104076]: DEBUG oslo.service.backend._threading.loopingcall [None req-1d0bba0f-092f-4d3e-a196-f683d0162e39 None None] Fixed interval looping call 'neutron.plugins.ml2.plugin.DhcpAgentSchedulerDbMixin.remove_networks_from_down_agents' sleeping for 36.99 seconds {{(pid=104076) _run_loop /opt/stack/data/venv/lib/python3.12/site-packages/oslo_service/backend/_threading/loopingcall.py:125}}
Mar 23 05:43:10.143386 np0000160292 neutron-periodic-workers[104084]: DEBUG neutron.db.agents_db [None req-d0f4eab3-3868-4fdc-9386-19ba4cd082a1 None None] Agent healthcheck: found 0 active agents {{(pid=104084) agent_health_check /opt/stack/neutron/neutron/db/agents_db.py:317}}
Mar 23 05:43:10.143815 np0000160292 neutron-periodic-workers[104084]: DEBUG oslo.service.backend._threading.loopingcall [None req-d0f4eab3-3868-4fdc-9386-19ba4cd082a1 None None] Fixed interval looping call 'neutron.plugins.ml2.plugin.AgentDbMixin.agent_health_check' sleeping for 37.00 seconds {{(pid=104084) _run_loop /opt/stack/data/venv/lib/python3.12/site-packages/oslo_service/backend/_threading/loopingcall.py:125}}
Mar 23 05:43:19.128502 np0000160292 neutron-periodic-workers[104076]: DEBUG dbcounter [-] [104076] Writing DB stats neutron:SELECT=3 {{(pid=104076) stat_writer /opt/stack/data/venv/lib/python3.12/site-packages/dbcounter.py:115}}
Mar 23 05:43:20.141663 np0000160292 neutron-periodic-workers[104084]: DEBUG dbcounter [-] [104084] Writing DB stats neutron:SELECT=1 {{(pid=104084) stat_writer /opt/stack/data/venv/lib/python3.12/site-packages/dbcounter.py:115}}
Mar 23 05:43:46.127282 np0000160292 neutron-periodic-workers[104076]: DEBUG oslo.service.backend._threading.loopingcall [None req-1d0bba0f-092f-4d3e-a196-f683d0162e39 None None] Fixed interval looping call 'neutron.plugins.ml2.plugin.DhcpAgentSchedulerDbMixin.remove_networks_from_down_agents' sleeping for 36.99 seconds {{(pid=104076) _run_loop /opt/stack/data/venv/lib/python3.12/site-packages/oslo_service/backend/_threading/loopingcall.py:125}}
Mar 23 05:43:47.149671 np0000160292 neutron-periodic-workers[104084]: DEBUG neutron.db.agents_db [None req-d0f4eab3-3868-4fdc-9386-19ba4cd082a1 None None] Agent healthcheck: found 0 active agents {{(pid=104084) agent_health_check /opt/stack/neutron/neutron/db/agents_db.py:317}}
Mar 23 05:43:47.149671 np0000160292 neutron-periodic-workers[104084]: DEBUG oslo.service.backend._threading.loopingcall [None req-d0f4eab3-3868-4fdc-9386-19ba4cd082a1 None None] Fixed interval looping call 'neutron.plugins.ml2.plugin.AgentDbMixin.agent_health_check' sleeping for 36.99 seconds {{(pid=104084) _run_loop /opt/stack/data/venv/lib/python3.12/site-packages/oslo_service/backend/_threading/loopingcall.py:125}}
Mar 23 05:43:56.126309 np0000160292 neutron-periodic-workers[104076]: DEBUG dbcounter [-] [104076] Writing DB stats neutron:SELECT=3 {{(pid=104076) stat_writer /opt/stack/data/venv/lib/python3.12/site-packages/dbcounter.py:115}}
Mar 23 05:43:57.147741 np0000160292 neutron-periodic-workers[104084]: DEBUG dbcounter [-] [104084] Writing DB stats neutron:SELECT=1 {{(pid=104084) stat_writer /opt/stack/data/venv/lib/python3.12/site-packages/dbcounter.py:115}}
