Apr 11 17:00:01.283957 np0000165163 neutron-periodic-workers[105924]: DEBUG cotyledon.oslo_config_glue [-] ml2.overlay_ip_version = 4 {{(pid=105924) log_opt_values /opt/stack/data/venv/lib/python3.12/site-packages/oslo_config/cfg.py:3006}}
Apr 11 17:00:01.283982 np0000165163 neutron-periodic-workers[105924]: DEBUG cotyledon.oslo_config_glue [-] ml2.path_mtu = 0 {{(pid=105924) log_opt_values /opt/stack/data/venv/lib/python3.12/site-packages/oslo_config/cfg.py:3006}}
Apr 11 17:00:01.284040 np0000165163 neutron-periodic-workers[105924]: DEBUG cotyledon.oslo_config_glue [-] ml2.physical_network_mtus = {} {{(pid=105924) log_opt_values /opt/stack/data/venv/lib/python3.12/site-packages/oslo_config/cfg.py:3006}}
Apr 11 17:00:01.284071 np0000165163 neutron-periodic-workers[105924]: DEBUG cotyledon.oslo_config_glue [-] ml2.project_network_types = ['geneve'] {{(pid=105924) log_opt_values /opt/stack/data/venv/lib/python3.12/site-packages/oslo_config/cfg.py:3006}}
Apr 11 17:00:01.284128 np0000165163 neutron-periodic-workers[105924]: DEBUG cotyledon.oslo_config_glue [-] ml2.tunnelled_network_rp_name = rp_tunnelled {{(pid=105924) log_opt_values /opt/stack/data/venv/lib/python3.12/site-packages/oslo_config/cfg.py:3006}}
Apr 11 17:00:01.284186 np0000165163 neutron-periodic-workers[105924]: DEBUG cotyledon.oslo_config_glue [-] ml2.type_drivers = ['local', 'flat', 'vlan', 'geneve'] {{(pid=105924) log_opt_values /opt/stack/data/venv/lib/python3.12/site-packages/oslo_config/cfg.py:3006}}
Apr 11 17:00:01.284263 np0000165163 neutron-periodic-workers[105924]: DEBUG cotyledon.oslo_config_glue [-] ml2_type_flat.flat_networks = ['public'] {{(pid=105924) log_opt_values /opt/stack/data/venv/lib/python3.12/site-packages/oslo_config/cfg.py:3006}}
Apr 11 17:00:01.284308 np0000165163 neutron-periodic-workers[105924]: DEBUG cotyledon.oslo_config_glue [-] ml2_type_geneve.max_header_size = 38 {{(pid=105924) log_opt_values /opt/stack/data/venv/lib/python3.12/site-packages/oslo_config/cfg.py:3006}}
Apr 11 17:00:01.284358 np0000165163 neutron-periodic-workers[105924]: DEBUG cotyledon.oslo_config_glue [-] ml2_type_geneve.vni_ranges = ['1:65536'] {{(pid=105924) log_opt_values /opt/stack/data/venv/lib/python3.12/site-packages/oslo_config/cfg.py:3006}}
Apr 11 17:00:01.284463 np0000165163 neutron-periodic-workers[105924]: DEBUG cotyledon.oslo_config_glue [-] ml2_type_vlan.network_vlan_ranges = ['public'] {{(pid=105924) log_opt_values /opt/stack/data/venv/lib/python3.12/site-packages/oslo_config/cfg.py:3006}}
Apr 11 17:00:01.284520 np0000165163 neutron-periodic-workers[105924]: DEBUG cotyledon.oslo_config_glue [-] network_log.burst_limit = 25 {{(pid=105924) log_opt_values /opt/stack/data/venv/lib/python3.12/site-packages/oslo_config/cfg.py:3006}}
Apr 11 17:00:01.284520 np0000165163 neutron-periodic-workers[105924]: DEBUG cotyledon.oslo_config_glue [-] network_log.local_output_log_base = None {{(pid=105924) log_opt_values /opt/stack/data/venv/lib/python3.12/site-packages/oslo_config/cfg.py:3006}}
Apr 11 17:00:01.284612 np0000165163 neutron-periodic-workers[105924]: DEBUG cotyledon.oslo_config_glue [-] network_log.rate_limit = 100 {{(pid=105924) log_opt_values /opt/stack/data/venv/lib/python3.12/site-packages/oslo_config/cfg.py:3006}}
Apr 11 17:00:01.284667 np0000165163 neutron-periodic-workers[105924]: DEBUG cotyledon.oslo_config_glue [-] database.asyncio_connection = **** {{(pid=105924) log_opt_values /opt/stack/data/venv/lib/python3.12/site-packages/oslo_config/cfg.py:3006}}
Apr 11 17:00:01.284667 np0000165163 neutron-periodic-workers[105924]: DEBUG cotyledon.oslo_config_glue [-] database.asyncio_slave_connection = **** {{(pid=105924) log_opt_values /opt/stack/data/venv/lib/python3.12/site-packages/oslo_config/cfg.py:3006}}
Apr 11 17:00:01.284743 np0000165163 neutron-periodic-workers[105924]: DEBUG cotyledon.oslo_config_glue [-] database.backend = sqlalchemy {{(pid=105924) log_opt_values /opt/stack/data/venv/lib/python3.12/site-packages/oslo_config/cfg.py:3006}}
Apr 11 17:00:01.284799 np0000165163 neutron-periodic-workers[105924]: DEBUG cotyledon.oslo_config_glue [-] database.connection = **** {{(pid=105924) log_opt_values /opt/stack/data/venv/lib/python3.12/site-packages/oslo_config/cfg.py:3006}}
Apr 11 17:00:01.284854 np0000165163 neutron-periodic-workers[105924]: DEBUG cotyledon.oslo_config_glue [-] database.connection_debug = 0 {{(pid=105924) log_opt_values /opt/stack/data/venv/lib/python3.12/site-packages/oslo_config/cfg.py:3006}}
Apr 11 17:00:01.284854 np0000165163 neutron-periodic-workers[105924]: DEBUG cotyledon.oslo_config_glue [-] database.connection_parameters = {{(pid=105924) log_opt_values /opt/stack/data/venv/lib/python3.12/site-packages/oslo_config/cfg.py:3006}}
Apr 11 17:00:01.284945 np0000165163 neutron-periodic-workers[105924]: DEBUG cotyledon.oslo_config_glue [-] database.connection_recycle_time = 3600 {{(pid=105924) log_opt_values /opt/stack/data/venv/lib/python3.12/site-packages/oslo_config/cfg.py:3006}}
Apr 11 17:00:01.284945 np0000165163 neutron-periodic-workers[105924]: DEBUG cotyledon.oslo_config_glue [-] database.connection_trace = False {{(pid=105924) log_opt_values /opt/stack/data/venv/lib/python3.12/site-packages/oslo_config/cfg.py:3006}}
Apr 11 17:00:01.285022 np0000165163 neutron-periodic-workers[105924]: DEBUG cotyledon.oslo_config_glue [-] database.db_inc_retry_interval = True {{(pid=105924) log_opt_values /opt/stack/data/venv/lib/python3.12/site-packages/oslo_config/cfg.py:3006}}
Apr 11 17:00:01.285022 np0000165163 neutron-periodic-workers[105924]: DEBUG cotyledon.oslo_config_glue [-] database.db_max_retries = 20 {{(pid=105924) log_opt_values /opt/stack/data/venv/lib/python3.12/site-packages/oslo_config/cfg.py:3006}}
Apr 11 17:00:01.285106 np0000165163 neutron-periodic-workers[105924]: DEBUG cotyledon.oslo_config_glue [-] database.db_max_retry_interval = 10 {{(pid=105924) log_opt_values /opt/stack/data/venv/lib/python3.12/site-packages/oslo_config/cfg.py:3006}}
Apr 11 17:00:01.285106 np0000165163 neutron-periodic-workers[105924]: DEBUG cotyledon.oslo_config_glue [-] database.db_retry_interval = 1 {{(pid=105924) log_opt_values /opt/stack/data/venv/lib/python3.12/site-packages/oslo_config/cfg.py:3006}}
Apr 11 17:00:01.285182 np0000165163 neutron-periodic-workers[105924]: DEBUG cotyledon.oslo_config_glue [-] database.max_overflow = 50 {{(pid=105924) log_opt_values /opt/stack/data/venv/lib/python3.12/site-packages/oslo_config/cfg.py:3006}}
Apr 11 17:00:01.285182 np0000165163 neutron-periodic-workers[105924]: DEBUG cotyledon.oslo_config_glue [-] database.max_pool_size = 5 {{(pid=105924) log_opt_values /opt/stack/data/venv/lib/python3.12/site-packages/oslo_config/cfg.py:3006}}
Apr 11 17:00:01.285261 np0000165163 neutron-periodic-workers[105924]: DEBUG cotyledon.oslo_config_glue [-] database.max_retries = 10 {{(pid=105924) log_opt_values /opt/stack/data/venv/lib/python3.12/site-packages/oslo_config/cfg.py:3006}}
Apr 11 17:00:01.285261 np0000165163 neutron-periodic-workers[105924]: DEBUG cotyledon.oslo_config_glue [-] database.mysql_sql_mode = TRADITIONAL {{(pid=105924) log_opt_values /opt/stack/data/venv/lib/python3.12/site-packages/oslo_config/cfg.py:3006}}
Apr 11 17:00:01.285336 np0000165163 neutron-periodic-workers[105924]: DEBUG cotyledon.oslo_config_glue [-] database.mysql_wsrep_sync_wait = None {{(pid=105924) log_opt_values /opt/stack/data/venv/lib/python3.12/site-packages/oslo_config/cfg.py:3006}}
Apr 11 17:00:01.285336 np0000165163 neutron-periodic-workers[105924]: DEBUG cotyledon.oslo_config_glue [-] database.pool_timeout = None {{(pid=105924) log_opt_values /opt/stack/data/venv/lib/python3.12/site-packages/oslo_config/cfg.py:3006}}
Apr 11 17:00:01.285421 np0000165163 neutron-periodic-workers[105924]: DEBUG cotyledon.oslo_config_glue [-] database.retry_interval = 10 {{(pid=105924) log_opt_values /opt/stack/data/venv/lib/python3.12/site-packages/oslo_config/cfg.py:3006}}
Apr 11 17:00:01.285421 np0000165163 neutron-periodic-workers[105924]: DEBUG cotyledon.oslo_config_glue [-] database.slave_connection = **** {{(pid=105924) log_opt_values /opt/stack/data/venv/lib/python3.12/site-packages/oslo_config/cfg.py:3006}}
Apr 11 17:00:01.285496 np0000165163 neutron-periodic-workers[105924]: DEBUG cotyledon.oslo_config_glue [-] database.sqlite_synchronous = True {{(pid=105924) log_opt_values /opt/stack/data/venv/lib/python3.12/site-packages/oslo_config/cfg.py:3006}}
Apr 11 17:00:01.285563 np0000165163 neutron-periodic-workers[105924]: DEBUG cotyledon.oslo_config_glue [-] database.synchronous_reader = True {{(pid=105924) log_opt_values /opt/stack/data/venv/lib/python3.12/site-packages/oslo_config/cfg.py:3006}}
Apr 11 17:00:01.285563 np0000165163 neutron-periodic-workers[105924]: DEBUG cotyledon.oslo_config_glue [-] database.use_db_reconnect = False {{(pid=105924) log_opt_values /opt/stack/data/venv/lib/python3.12/site-packages/oslo_config/cfg.py:3006}}
Apr 11 17:00:01.285681 np0000165163 neutron-periodic-workers[105924]: DEBUG cotyledon.oslo_config_glue [-] ovn.bfd_min_rx = 1000 {{(pid=105924) log_opt_values /opt/stack/data/venv/lib/python3.12/site-packages/oslo_config/cfg.py:3006}}
Apr 11 17:00:01.285681 np0000165163 neutron-periodic-workers[105924]: DEBUG cotyledon.oslo_config_glue [-] ovn.bfd_min_tx = 100 {{(pid=105924) log_opt_values /opt/stack/data/venv/lib/python3.12/site-packages/oslo_config/cfg.py:3006}}
Apr 11 17:00:01.286027 np0000165163 neutron-periodic-workers[105924]: DEBUG cotyledon.oslo_config_glue [-] ovn.bfd_mult = 3 {{(pid=105924) log_opt_values /opt/stack/data/venv/lib/python3.12/site-packages/oslo_config/cfg.py:3006}}
Apr 11 17:00:01.286027 np0000165163 neutron-periodic-workers[105924]: DEBUG cotyledon.oslo_config_glue [-] ovn.broadcast_arps_to_all_routers = True {{(pid=105924) log_opt_values /opt/stack/data/venv/lib/python3.12/site-packages/oslo_config/cfg.py:3006}}
Apr 11 17:00:01.286027 np0000165163 neutron-periodic-workers[105924]: DEBUG cotyledon.oslo_config_glue [-] ovn.dhcp_default_lease_time = 43200 {{(pid=105924) log_opt_values /opt/stack/data/venv/lib/python3.12/site-packages/oslo_config/cfg.py:3006}}
Apr 11 17:00:01.286027 np0000165163 neutron-periodic-workers[105924]: DEBUG cotyledon.oslo_config_glue [-] ovn.disable_ovn_dhcp_for_baremetal_ports = False {{(pid=105924) log_opt_values /opt/stack/data/venv/lib/python3.12/site-packages/oslo_config/cfg.py:3006}}
Apr 11 17:00:01.286027 np0000165163 neutron-periodic-workers[105924]: DEBUG cotyledon.oslo_config_glue [-] ovn.dns_records_ovn_owned = False {{(pid=105924) log_opt_values /opt/stack/data/venv/lib/python3.12/site-packages/oslo_config/cfg.py:3006}}
Apr 11 17:00:01.286027 np0000165163 neutron-periodic-workers[105924]: DEBUG cotyledon.oslo_config_glue [-] ovn.dns_servers = [] {{(pid=105924) log_opt_values /opt/stack/data/venv/lib/python3.12/site-packages/oslo_config/cfg.py:3006}}
Apr 11 17:00:01.286027 np0000165163 neutron-periodic-workers[105924]: DEBUG cotyledon.oslo_config_glue [-] ovn.enable_distributed_floating_ip = False {{(pid=105924) log_opt_values /opt/stack/data/venv/lib/python3.12/site-packages/oslo_config/cfg.py:3006}}
Apr 11 17:00:01.286027 np0000165163 neutron-periodic-workers[105924]: DEBUG cotyledon.oslo_config_glue [-] ovn.fdb_age_threshold = 300 {{(pid=105924) log_opt_values /opt/stack/data/venv/lib/python3.12/site-packages/oslo_config/cfg.py:3006}}
Apr 11 17:00:01.286027 np0000165163 neutron-periodic-workers[105924]: DEBUG cotyledon.oslo_config_glue [-] ovn.ha_failover_strategy = normal {{(pid=105924) log_opt_values /opt/stack/data/venv/lib/python3.12/site-packages/oslo_config/cfg.py:3006}}
Apr 11 17:00:01.286260 np0000165163 neutron-periodic-workers[105924]: DEBUG cotyledon.oslo_config_glue [-] ovn.live_migration_activation_strategy = rarp {{(pid=105924) log_opt_values /opt/stack/data/venv/lib/python3.12/site-packages/oslo_config/cfg.py:3006}}
Apr 11 17:00:01.286260 np0000165163 neutron-periodic-workers[105924]: DEBUG cotyledon.oslo_config_glue [-] ovn.localnet_learn_fdb = False {{(pid=105924) log_opt_values /opt/stack/data/venv/lib/python3.12/site-packages/oslo_config/cfg.py:3006}}
Apr 11 17:00:01.286260 np0000165163 neutron-periodic-workers[105924]: DEBUG cotyledon.oslo_config_glue [-] ovn.mac_binding_age_threshold = 300 {{(pid=105924) log_opt_values /opt/stack/data/venv/lib/python3.12/site-packages/oslo_config/cfg.py:3006}}
Apr 11 17:00:01.286260 np0000165163 neutron-periodic-workers[105924]: DEBUG cotyledon.oslo_config_glue [-] ovn.neutron_sync_mode = log {{(pid=105924) log_opt_values /opt/stack/data/venv/lib/python3.12/site-packages/oslo_config/cfg.py:3006}}
Apr 11 17:00:01.286260 np0000165163 neutron-periodic-workers[105924]: DEBUG cotyledon.oslo_config_glue [-] ovn.ovn_dhcp4_global_options = {} {{(pid=105924) log_opt_values /opt/stack/data/venv/lib/python3.12/site-packages/oslo_config/cfg.py:3006}}
Apr 11 17:00:01.286260 np0000165163 neutron-periodic-workers[105924]: DEBUG cotyledon.oslo_config_glue [-] ovn.ovn_dhcp6_global_options = {} {{(pid=105924) log_opt_values /opt/stack/data/venv/lib/python3.12/site-packages/oslo_config/cfg.py:3006}}
Apr 11 17:00:01.286453 np0000165163 neutron-periodic-workers[105924]: DEBUG cotyledon.oslo_config_glue [-] ovn.ovn_l3_scheduler = leastloaded {{(pid=105924) log_opt_values /opt/stack/data/venv/lib/python3.12/site-packages/oslo_config/cfg.py:3006}}
Apr 11 17:00:01.286453 np0000165163 neutron-periodic-workers[105924]: DEBUG cotyledon.oslo_config_glue [-] ovn.ovn_metadata_enabled = True {{(pid=105924) log_opt_values /opt/stack/data/venv/lib/python3.12/site-packages/oslo_config/cfg.py:3006}}
Apr 11 17:00:01.286453 np0000165163 neutron-periodic-workers[105924]: DEBUG cotyledon.oslo_config_glue [-] ovn.ovn_nb_ca_cert = /opt/stack/data/CA/int-ca/ca-chain.pem {{(pid=105924) log_opt_values /opt/stack/data/venv/lib/python3.12/site-packages/oslo_config/cfg.py:3006}}
Apr 11 17:00:01.286453 np0000165163 neutron-periodic-workers[105924]: DEBUG cotyledon.oslo_config_glue [-] ovn.ovn_nb_certificate = /opt/stack/data/CA/int-ca/devstack-cert.crt {{(pid=105924) log_opt_values /opt/stack/data/venv/lib/python3.12/site-packages/oslo_config/cfg.py:3006}}
Apr 11 17:00:01.286603 np0000165163 neutron-periodic-workers[105924]: DEBUG cotyledon.oslo_config_glue [-] ovn.ovn_nb_connection = ['ssl:199.204.45.153:6641'] {{(pid=105924) log_opt_values /opt/stack/data/venv/lib/python3.12/site-packages/oslo_config/cfg.py:3006}}
Apr 11 17:00:01.286603 np0000165163 neutron-periodic-workers[105924]: DEBUG cotyledon.oslo_config_glue [-] ovn.ovn_nb_private_key = /opt/stack/data/CA/int-ca/private/devstack-cert.key {{(pid=105924) log_opt_values /opt/stack/data/venv/lib/python3.12/site-packages/oslo_config/cfg.py:3006}}
Apr 11 17:00:01.286603 np0000165163 neutron-periodic-workers[105924]: DEBUG cotyledon.oslo_config_glue [-] ovn.ovn_router_indirect_snat = False {{(pid=105924) log_opt_values /opt/stack/data/venv/lib/python3.12/site-packages/oslo_config/cfg.py:3006}}
Apr 11 17:00:01.286704 np0000165163 neutron-periodic-workers[105924]: DEBUG cotyledon.oslo_config_glue [-] ovn.ovn_sb_ca_cert = /opt/stack/data/CA/int-ca/ca-chain.pem {{(pid=105924) log_opt_values /opt/stack/data/venv/lib/python3.12/site-packages/oslo_config/cfg.py:3006}}
Apr 11 17:00:01.286704 np0000165163 neutron-periodic-workers[105924]: DEBUG cotyledon.oslo_config_glue [-] ovn.ovn_sb_certificate = /opt/stack/data/CA/int-ca/devstack-cert.crt {{(pid=105924) log_opt_values /opt/stack/data/venv/lib/python3.12/site-packages/oslo_config/cfg.py:3006}}
Apr 11 17:00:01.286704 np0000165163 neutron-periodic-workers[105924]: DEBUG cotyledon.oslo_config_glue [-] ovn.ovn_sb_connection = ['ssl:199.204.45.153:6642'] {{(pid=105924) log_opt_values /opt/stack/data/venv/lib/python3.12/site-packages/oslo_config/cfg.py:3006}}
Apr 11 17:00:01.286804 np0000165163 neutron-periodic-workers[105924]: DEBUG cotyledon.oslo_config_glue [-] ovn.ovn_sb_private_key = /opt/stack/data/CA/int-ca/private/devstack-cert.key {{(pid=105924) log_opt_values /opt/stack/data/venv/lib/python3.12/site-packages/oslo_config/cfg.py:3006}}
Apr 11 17:00:01.286804 np0000165163 neutron-periodic-workers[105924]: DEBUG cotyledon.oslo_config_glue [-] ovn.ovs_create_tap = False {{(pid=105924) log_opt_values /opt/stack/data/venv/lib/python3.12/site-packages/oslo_config/cfg.py:3006}}
Apr 11 17:00:01.286804 np0000165163 neutron-periodic-workers[105924]: DEBUG cotyledon.oslo_config_glue [-] ovn.ovsdb_connection_timeout = 180 {{(pid=105924) log_opt_values /opt/stack/data/venv/lib/python3.12/site-packages/oslo_config/cfg.py:3006}}
Apr 11 17:00:01.286915 np0000165163 neutron-periodic-workers[105924]: DEBUG cotyledon.oslo_config_glue [-] ovn.ovsdb_log_level = INFO {{(pid=105924) log_opt_values /opt/stack/data/venv/lib/python3.12/site-packages/oslo_config/cfg.py:3006}}
Apr 11 17:00:01.286915 np0000165163 neutron-periodic-workers[105924]: DEBUG cotyledon.oslo_config_glue [-] ovn.ovsdb_probe_interval = 60000 {{(pid=105924) log_opt_values /opt/stack/data/venv/lib/python3.12/site-packages/oslo_config/cfg.py:3006}}
Apr 11 17:00:01.286915 np0000165163 neutron-periodic-workers[105924]: DEBUG cotyledon.oslo_config_glue [-] ovn.ovsdb_retry_max_interval = 180 {{(pid=105924) log_opt_values /opt/stack/data/venv/lib/python3.12/site-packages/oslo_config/cfg.py:3006}}
Apr 11 17:00:01.287010 np0000165163 neutron-periodic-workers[105924]: DEBUG cotyledon.oslo_config_glue [-] ovn.stateless_nat_enabled = False {{(pid=105924) log_opt_values /opt/stack/data/venv/lib/python3.12/site-packages/oslo_config/cfg.py:3006}}
Apr 11 17:00:01.287010 np0000165163 neutron-periodic-workers[105924]: DEBUG cotyledon.oslo_config_glue [-] ovn.vhost_sock_dir = /var/run/openvswitch {{(pid=105924) log_opt_values /opt/stack/data/venv/lib/python3.12/site-packages/oslo_config/cfg.py:3006}}
Apr 11 17:00:01.287093 np0000165163 neutron-periodic-workers[105924]: DEBUG cotyledon.oslo_config_glue [-] OVS.bridge_mac_table_size = 50000 {{(pid=105924) log_opt_values /opt/stack/data/venv/lib/python3.12/site-packages/oslo_config/cfg.py:3006}}
Apr 11 17:00:01.287093 np0000165163 neutron-periodic-workers[105924]: DEBUG cotyledon.oslo_config_glue [-] OVS.igmp_flood = False {{(pid=105924) log_opt_values /opt/stack/data/venv/lib/python3.12/site-packages/oslo_config/cfg.py:3006}}
Apr 11 17:00:01.287177 np0000165163 neutron-periodic-workers[105924]: DEBUG cotyledon.oslo_config_glue [-] OVS.igmp_flood_reports = True {{(pid=105924) log_opt_values /opt/stack/data/venv/lib/python3.12/site-packages/oslo_config/cfg.py:3006}}
Apr 11 17:00:01.287177 np0000165163 neutron-periodic-workers[105924]: DEBUG cotyledon.oslo_config_glue [-] OVS.igmp_flood_unregistered = False {{(pid=105924) log_opt_values /opt/stack/data/venv/lib/python3.12/site-packages/oslo_config/cfg.py:3006}}
Apr 11 17:00:01.287265 np0000165163 neutron-periodic-workers[105924]: DEBUG cotyledon.oslo_config_glue [-] OVS.igmp_snooping_enable = False {{(pid=105924) log_opt_values /opt/stack/data/venv/lib/python3.12/site-packages/oslo_config/cfg.py:3006}}
Apr 11 17:00:01.287265 np0000165163 neutron-periodic-workers[105924]: DEBUG cotyledon.oslo_config_glue [-] OVS.ovsdb_timeout = 10 {{(pid=105924) log_opt_values /opt/stack/data/venv/lib/python3.12/site-packages/oslo_config/cfg.py:3006}}
Apr 11 17:00:01.287342 np0000165163 neutron-periodic-workers[105924]: DEBUG cotyledon.oslo_config_glue [-] ovn_nb_global.fdb_removal_limit = 0 {{(pid=105924) log_opt_values /opt/stack/data/venv/lib/python3.12/site-packages/oslo_config/cfg.py:3006}}
Apr 11 17:00:01.287397 np0000165163 neutron-periodic-workers[105924]: DEBUG cotyledon.oslo_config_glue [-] ovn_nb_global.ignore_lsp_down = False {{(pid=105924) log_opt_values /opt/stack/data/venv/lib/python3.12/site-packages/oslo_config/cfg.py:3006}}
Apr 11 17:00:01.287397 np0000165163 neutron-periodic-workers[105924]: DEBUG cotyledon.oslo_config_glue [-] ovn_nb_global.mac_binding_removal_limit = 0 {{(pid=105924) log_opt_values /opt/stack/data/venv/lib/python3.12/site-packages/oslo_config/cfg.py:3006}}
Apr 11 17:00:01.287504 np0000165163 neutron-periodic-workers[105924]: DEBUG cotyledon.oslo_config_glue [-] ******************************************************************************** {{(pid=105924) log_opt_values /opt/stack/data/venv/lib/python3.12/site-packages/oslo_config/cfg.py:3013}}
Apr 11 17:00:01.287668 np0000165163 neutron-periodic-workers[105924]: DEBUG cotyledon._service_worker [-] Run service ServiceWrapper(0) [105924] {{(pid=105924) wait_forever /opt/stack/data/venv/lib/python3.12/site-packages/cotyledon/_service_worker.py:218}}
Apr 11 17:00:10.935697 np0000165163 neutron-periodic-workers[105176]: DEBUG dbcounter [-] [105176] Writing DB stats neutron:SELECT=4 {{(pid=105176) stat_writer /opt/stack/data/venv/lib/python3.12/site-packages/dbcounter.py:115}}
Apr 11 17:01:03.271778 np0000165163 neutron-periodic-workers[105913]: DEBUG oslo_db.sqlalchemy.engines [None req-5ae8c071-ea0b-426f-8839-501058f21f1f None None] Parent process 105176 forked (105913) with an open database connection, which is being discarded and recreated. {{(pid=105913) checkout /opt/stack/data/venv/lib/python3.12/site-packages/oslo_db/sqlalchemy/engines.py:402}}
Apr 11 17:01:03.279302 np0000165163 neutron-periodic-workers[105913]: DEBUG dbcounter [-] [105913] Writer thread running {{(pid=105913) stat_writer /opt/stack/data/venv/lib/python3.12/site-packages/dbcounter.py:102}}
Apr 11 17:01:03.282714 np0000165163 neutron-periodic-workers[105913]: DEBUG neutron.db.agents_db [None req-5ae8c071-ea0b-426f-8839-501058f21f1f None None] Agent healthcheck: found 0 active agents {{(pid=105913) agent_health_check /opt/stack/neutron/neutron/db/agents_db.py:317}}
Apr 11 17:01:03.282828 np0000165163 neutron-periodic-workers[105913]: DEBUG oslo.service.backend._threading.loopingcall [None req-5ae8c071-ea0b-426f-8839-501058f21f1f None None] Fixed interval looping call 'neutron.plugins.ml2.plugin.AgentDbMixin.agent_health_check' sleeping for 36.98 seconds {{(pid=105913) _run_loop /opt/stack/data/venv/lib/python3.12/site-packages/oslo_service/backend/_threading/loopingcall.py:125}}
Apr 11 17:01:13.280067 np0000165163 neutron-periodic-workers[105913]: DEBUG dbcounter [-] [105913] Writing DB stats neutron:SELECT=1 {{(pid=105913) stat_writer /opt/stack/data/venv/lib/python3.12/site-packages/dbcounter.py:115}}
Apr 11 17:01:15.256140 np0000165163 neutron-periodic-workers[105898]: DEBUG dbcounter [-] [105898] Writer thread running {{(pid=105898) stat_writer /opt/stack/data/venv/lib/python3.12/site-packages/dbcounter.py:102}}
Apr 11 17:01:15.265135 np0000165163 neutron-periodic-workers[105898]: DEBUG oslo.service.backend._threading.loopingcall [None req-1f8b6648-0a3f-40b9-afb3-124c28a006b9 None None] Fixed interval looping call 'neutron.plugins.ml2.plugin.DhcpAgentSchedulerDbMixin.remove_networks_from_down_agents' sleeping for 36.98 seconds {{(pid=105898) _run_loop /opt/stack/data/venv/lib/python3.12/site-packages/oslo_service/backend/_threading/loopingcall.py:125}}
Apr 11 17:01:25.264217 np0000165163 neutron-periodic-workers[105898]: DEBUG dbcounter [-] [105898] Writing DB stats neutron:SELECT=3 {{(pid=105898) stat_writer /opt/stack/data/venv/lib/python3.12/site-packages/dbcounter.py:115}}
Apr 11 17:01:40.269585 np0000165163 neutron-periodic-workers[105913]: DEBUG neutron.db.agents_db [None req-5ae8c071-ea0b-426f-8839-501058f21f1f None None] Agent healthcheck: found 0 active agents {{(pid=105913) agent_health_check /opt/stack/neutron/neutron/db/agents_db.py:317}}
Apr 11 17:01:40.270270 np0000165163 neutron-periodic-workers[105913]: DEBUG oslo.service.backend._threading.loopingcall [None req-5ae8c071-ea0b-426f-8839-501058f21f1f None None] Fixed interval looping call 'neutron.plugins.ml2.plugin.AgentDbMixin.agent_health_check' sleeping for 36.99 seconds {{(pid=105913) _run_loop /opt/stack/data/venv/lib/python3.12/site-packages/oslo_service/backend/_threading/loopingcall.py:125}}
Apr 11 17:01:50.267343 np0000165163 neutron-periodic-workers[105913]: DEBUG dbcounter [-] [105913] Writing DB stats neutron:SELECT=1 {{(pid=105913) stat_writer /opt/stack/data/venv/lib/python3.12/site-packages/dbcounter.py:115}}
Apr 11 17:01:52.256903 np0000165163 neutron-periodic-workers[105898]: DEBUG oslo.service.backend._threading.loopingcall [None req-1f8b6648-0a3f-40b9-afb3-124c28a006b9 None None] Fixed interval looping call 'neutron.plugins.ml2.plugin.DhcpAgentSchedulerDbMixin.remove_networks_from_down_agents' sleeping for 36.99 seconds {{(pid=105898) _run_loop /opt/stack/data/venv/lib/python3.12/site-packages/oslo_service/backend/_threading/loopingcall.py:125}}
Apr 11 17:02:01.306605 np0000165163 neutron-periodic-workers[105924]: DEBUG dbcounter [-] [105924] Writer thread running {{(pid=105924) stat_writer /opt/stack/data/venv/lib/python3.12/site-packages/dbcounter.py:102}}
Apr 11 17:02:01.308460 np0000165163 neutron-periodic-workers[105924]: DEBUG oslo.service.backend._threading.loopingcall [None req-ad160b3a-9163-4c66-9fef-f8bfe4c82946 None None] Fixed interval looping call 'neutron.db.quota.driver_nolock.DbQuotaNoLockDriver._remove_expired_reservations' sleeping for 119.98 seconds {{(pid=105924) _run_loop /opt/stack/data/venv/lib/python3.12/site-packages/oslo_service/backend/_threading/loopingcall.py:125}}
Apr 11 17:02:02.254728 np0000165163 neutron-periodic-workers[105898]: DEBUG dbcounter [-] [105898] Writing DB stats neutron:SELECT=3 {{(pid=105898) stat_writer /opt/stack/data/venv/lib/python3.12/site-packages/dbcounter.py:115}}
Apr 11 17:02:11.307142 np0000165163 neutron-periodic-workers[105924]: DEBUG dbcounter [-] [105924] Writing DB stats neutron:DELETE=1 {{(pid=105924) stat_writer /opt/stack/data/venv/lib/python3.12/site-packages/dbcounter.py:115}}
Apr 11 17:02:12.257020 np0000165163 neutron-periodic-workers[105885]: DEBUG dbcounter [-] [105885] Writer thread running {{(pid=105885) stat_writer /opt/stack/data/venv/lib/python3.12/site-packages/dbcounter.py:102}}
Apr 11 17:02:12.268408 np0000165163 neutron-periodic-workers[105885]: DEBUG oslo.service.backend._threading.loopingcall [None req-c40916a4-ca59-4664-8943-6f5241f324d6 None None] Fixed interval looping call 'neutron.services.ovn_l3.plugin.L3_NAT_dbonly_mixin._clean_garbage' sleeping for 299.96 seconds {{(pid=105885) _run_loop /opt/stack/data/venv/lib/python3.12/site-packages/oslo_service/backend/_threading/loopingcall.py:125}}
Apr 11 17:02:17.265394 np0000165163 neutron-periodic-workers[105913]: DEBUG neutron.db.agents_db [None req-5ae8c071-ea0b-426f-8839-501058f21f1f None None] Agent healthcheck: found 0 active agents {{(pid=105913) agent_health_check /opt/stack/neutron/neutron/db/agents_db.py:317}}
Apr 11 17:02:17.266051 np0000165163 neutron-periodic-workers[105913]: DEBUG oslo.service.backend._threading.loopingcall [None req-5ae8c071-ea0b-426f-8839-501058f21f1f None None] Fixed interval looping call 'neutron.plugins.ml2.plugin.AgentDbMixin.agent_health_check' sleeping for 36.99 seconds {{(pid=105913) _run_loop /opt/stack/data/venv/lib/python3.12/site-packages/oslo_service/backend/_threading/loopingcall.py:125}}
Apr 11 17:02:22.257700 np0000165163 neutron-periodic-workers[105885]: DEBUG dbcounter [-] [105885] Writing DB stats neutron:SELECT=1 {{(pid=105885) stat_writer /opt/stack/data/venv/lib/python3.12/site-packages/dbcounter.py:115}}
Apr 11 17:02:27.263646 np0000165163 neutron-periodic-workers[105913]: DEBUG dbcounter [-] [105913] Writing DB stats neutron:SELECT=1 {{(pid=105913) stat_writer /opt/stack/data/venv/lib/python3.12/site-packages/dbcounter.py:115}}
Apr 11 17:02:29.258655 np0000165163 neutron-periodic-workers[105898]: DEBUG oslo.service.backend._threading.loopingcall [None req-1f8b6648-0a3f-40b9-afb3-124c28a006b9 None None] Fixed interval looping call 'neutron.plugins.ml2.plugin.DhcpAgentSchedulerDbMixin.remove_networks_from_down_agents' sleeping for 36.99 seconds {{(pid=105898) _run_loop /opt/stack/data/venv/lib/python3.12/site-packages/oslo_service/backend/_threading/loopingcall.py:125}}
Apr 11 17:02:39.256944 np0000165163 neutron-periodic-workers[105898]: DEBUG dbcounter [-] [105898] Writing DB stats neutron:SELECT=3 {{(pid=105898) stat_writer /opt/stack/data/venv/lib/python3.12/site-packages/dbcounter.py:115}}
Apr 11 17:02:54.261415 np0000165163 neutron-periodic-workers[105913]: DEBUG neutron.db.agents_db [None req-5ae8c071-ea0b-426f-8839-501058f21f1f None None] Agent healthcheck: found 0 active agents {{(pid=105913) agent_health_check /opt/stack/neutron/neutron/db/agents_db.py:317}}
Apr 11 17:02:54.262181 np0000165163 neutron-periodic-workers[105913]: DEBUG oslo.service.backend._threading.loopingcall [None req-5ae8c071-ea0b-426f-8839-501058f21f1f None None] Fixed interval looping call 'neutron.plugins.ml2.plugin.AgentDbMixin.agent_health_check' sleeping for 36.99 seconds {{(pid=105913) _run_loop /opt/stack/data/venv/lib/python3.12/site-packages/oslo_service/backend/_threading/loopingcall.py:125}}
Apr 11 17:03:04.259625 np0000165163 neutron-periodic-workers[105913]: DEBUG dbcounter [-] [105913] Writing DB stats neutron:SELECT=1 {{(pid=105913) stat_writer /opt/stack/data/venv/lib/python3.12/site-packages/dbcounter.py:115}}
Apr 11 17:03:06.258190 np0000165163 neutron-periodic-workers[105898]: DEBUG oslo.service.backend._threading.loopingcall [None req-1f8b6648-0a3f-40b9-afb3-124c28a006b9 None None] Fixed interval looping call 'neutron.plugins.ml2.plugin.DhcpAgentSchedulerDbMixin.remove_networks_from_down_agents' sleeping for 36.99 seconds {{(pid=105898) _run_loop /opt/stack/data/venv/lib/python3.12/site-packages/oslo_service/backend/_threading/loopingcall.py:125}}
Apr 11 17:03:16.257015 np0000165163 neutron-periodic-workers[105898]: DEBUG dbcounter [-] [105898] Writing DB stats neutron:SELECT=3 {{(pid=105898) stat_writer /opt/stack/data/venv/lib/python3.12/site-packages/dbcounter.py:115}}
Apr 11 17:03:31.256897 np0000165163 neutron-periodic-workers[105913]: DEBUG neutron.db.agents_db [None req-5ae8c071-ea0b-426f-8839-501058f21f1f None None] Agent healthcheck: found 0 active agents {{(pid=105913) agent_health_check /opt/stack/neutron/neutron/db/agents_db.py:317}}
Apr 11 17:03:31.257450 np0000165163 neutron-periodic-workers[105913]: DEBUG oslo.service.backend._threading.loopingcall [None req-5ae8c071-ea0b-426f-8839-501058f21f1f None None] Fixed interval looping call 'neutron.plugins.ml2.plugin.AgentDbMixin.agent_health_check' sleeping for 36.99 seconds {{(pid=105913) _run_loop /opt/stack/data/venv/lib/python3.12/site-packages/oslo_service/backend/_threading/loopingcall.py:125}}
Apr 11 17:03:41.255564 np0000165163 neutron-periodic-workers[105913]: DEBUG dbcounter [-] [105913] Writing DB stats neutron:SELECT=1 {{(pid=105913) stat_writer /opt/stack/data/venv/lib/python3.12/site-packages/dbcounter.py:115}}
Apr 11 17:03:43.258417 np0000165163 neutron-periodic-workers[105898]: DEBUG oslo.service.backend._threading.loopingcall [None req-1f8b6648-0a3f-40b9-afb3-124c28a006b9 None None] Fixed interval looping call 'neutron.plugins.ml2.plugin.DhcpAgentSchedulerDbMixin.remove_networks_from_down_agents' sleeping for 36.99 seconds {{(pid=105898) _run_loop /opt/stack/data/venv/lib/python3.12/site-packages/oslo_service/backend/_threading/loopingcall.py:125}}
Apr 11 17:03:53.256893 np0000165163 neutron-periodic-workers[105898]: DEBUG dbcounter [-] [105898] Writing DB stats neutron:SELECT=3 {{(pid=105898) stat_writer /opt/stack/data/venv/lib/python3.12/site-packages/dbcounter.py:115}}
Apr 11 17:04:01.294007 np0000165163 neutron-periodic-workers[105924]: DEBUG oslo.service.backend._threading.loopingcall [None req-ad160b3a-9163-4c66-9fef-f8bfe4c82946 None None] Fixed interval looping call 'neutron.db.quota.driver_nolock.DbQuotaNoLockDriver._remove_expired_reservations' sleeping for 120.00 seconds {{(pid=105924) _run_loop /opt/stack/data/venv/lib/python3.12/site-packages/oslo_service/backend/_threading/loopingcall.py:125}}
Apr 11 17:04:08.254828 np0000165163 neutron-periodic-workers[105913]: DEBUG neutron.db.agents_db [None req-5ae8c071-ea0b-426f-8839-501058f21f1f None None] Agent healthcheck: found 0 active agents {{(pid=105913) agent_health_check /opt/stack/neutron/neutron/db/agents_db.py:317}}
Apr 11 17:04:08.255723 np0000165163 neutron-periodic-workers[105913]: DEBUG oslo.service.backend._threading.loopingcall [None req-5ae8c071-ea0b-426f-8839-501058f21f1f None None] Fixed interval looping call 'neutron.plugins.ml2.plugin.AgentDbMixin.agent_health_check' sleeping for 36.99 seconds {{(pid=105913) _run_loop /opt/stack/data/venv/lib/python3.12/site-packages/oslo_service/backend/_threading/loopingcall.py:125}}
Apr 11 17:04:11.292516 np0000165163 neutron-periodic-workers[105924]: DEBUG dbcounter [-] [105924] Writing DB stats neutron:DELETE=1 {{(pid=105924) stat_writer /opt/stack/data/venv/lib/python3.12/site-packages/dbcounter.py:115}}
Apr 11 17:04:18.253108 np0000165163 neutron-periodic-workers[105913]: DEBUG dbcounter [-] [105913] Writing DB stats neutron:SELECT=1 {{(pid=105913) stat_writer /opt/stack/data/venv/lib/python3.12/site-packages/dbcounter.py:115}}
Apr 11 17:04:20.258286 np0000165163 neutron-periodic-workers[105898]: DEBUG oslo.service.backend._threading.loopingcall [None req-1f8b6648-0a3f-40b9-afb3-124c28a006b9 None None] Fixed interval looping call 'neutron.plugins.ml2.plugin.DhcpAgentSchedulerDbMixin.remove_networks_from_down_agents' sleeping for 36.99 seconds {{(pid=105898) _run_loop /opt/stack/data/venv/lib/python3.12/site-packages/oslo_service/backend/_threading/loopingcall.py:125}}
Apr 11 17:04:30.257327 np0000165163 neutron-periodic-workers[105898]: DEBUG dbcounter [-] [105898] Writing DB stats neutron:SELECT=3 {{(pid=105898) stat_writer /opt/stack/data/venv/lib/python3.12/site-packages/dbcounter.py:115}}
Apr 11 17:04:45.249231 np0000165163 neutron-periodic-workers[105913]: DEBUG neutron.db.agents_db [None req-5ae8c071-ea0b-426f-8839-501058f21f1f None None] Agent healthcheck: found 0 active agents {{(pid=105913) agent_health_check /opt/stack/neutron/neutron/db/agents_db.py:317}}
Apr 11 17:04:45.249726 np0000165163 neutron-periodic-workers[105913]: DEBUG oslo.service.backend._threading.loopingcall [None req-5ae8c071-ea0b-426f-8839-501058f21f1f None None] Fixed interval looping call 'neutron.plugins.ml2.plugin.AgentDbMixin.agent_health_check' sleeping for 37.00 seconds {{(pid=105913) _run_loop /opt/stack/data/venv/lib/python3.12/site-packages/oslo_service/backend/_threading/loopingcall.py:125}}
Apr 11 17:04:55.247796 np0000165163 neutron-periodic-workers[105913]: DEBUG dbcounter [-] [105913] Writing DB stats neutron:SELECT=1 {{(pid=105913) stat_writer /opt/stack/data/venv/lib/python3.12/site-packages/dbcounter.py:115}}
Apr 11 17:04:57.257808 np0000165163 neutron-periodic-workers[105898]: DEBUG oslo.service.backend._threading.loopingcall [None req-1f8b6648-0a3f-40b9-afb3-124c28a006b9 None None] Fixed interval looping call 'neutron.plugins.ml2.plugin.DhcpAgentSchedulerDbMixin.remove_networks_from_down_agents' sleeping for 36.99 seconds {{(pid=105898) _run_loop /opt/stack/data/venv/lib/python3.12/site-packages/oslo_service/backend/_threading/loopingcall.py:125}}
Apr 11 17:05:07.256837 np0000165163 neutron-periodic-workers[105898]: DEBUG dbcounter [-] [105898] Writing DB stats neutron:SELECT=3 {{(pid=105898) stat_writer /opt/stack/data/venv/lib/python3.12/site-packages/dbcounter.py:115}}
Apr 11 17:05:22.254913 np0000165163 neutron-periodic-workers[105913]: DEBUG neutron.db.agents_db [None req-5ae8c071-ea0b-426f-8839-501058f21f1f None None] Agent healthcheck: found 0 active agents {{(pid=105913) agent_health_check /opt/stack/neutron/neutron/db/agents_db.py:317}}
Apr 11 17:05:22.255607 np0000165163 neutron-periodic-workers[105913]: DEBUG oslo.service.backend._threading.loopingcall [None req-5ae8c071-ea0b-426f-8839-501058f21f1f None None] Fixed interval looping call 'neutron.plugins.ml2.plugin.AgentDbMixin.agent_health_check' sleeping for 36.99 seconds {{(pid=105913) _run_loop /opt/stack/data/venv/lib/python3.12/site-packages/oslo_service/backend/_threading/loopingcall.py:125}}
Apr 11 17:05:32.253470 np0000165163 neutron-periodic-workers[105913]: DEBUG dbcounter [-] [105913] Writing DB stats neutron:SELECT=1 {{(pid=105913) stat_writer /opt/stack/data/venv/lib/python3.12/site-packages/dbcounter.py:115}}
Apr 11 17:05:34.256016 np0000165163 neutron-periodic-workers[105898]: DEBUG oslo.service.backend._threading.loopingcall [None req-1f8b6648-0a3f-40b9-afb3-124c28a006b9 None None] Fixed interval looping call 'neutron.plugins.ml2.plugin.DhcpAgentSchedulerDbMixin.remove_networks_from_down_agents' sleeping for 36.99 seconds {{(pid=105898) _run_loop /opt/stack/data/venv/lib/python3.12/site-packages/oslo_service/backend/_threading/loopingcall.py:125}}
Apr 11 17:05:44.255152 np0000165163 neutron-periodic-workers[105898]: DEBUG dbcounter [-] [105898] Writing DB stats neutron:SELECT=3 {{(pid=105898) stat_writer /opt/stack/data/venv/lib/python3.12/site-packages/dbcounter.py:115}}
Apr 11 17:05:59.249736 np0000165163 neutron-periodic-workers[105913]: DEBUG neutron.db.agents_db [None req-5ae8c071-ea0b-426f-8839-501058f21f1f None None] Agent healthcheck: found 0 active agents {{(pid=105913) agent_health_check /opt/stack/neutron/neutron/db/agents_db.py:317}}
Apr 11 17:05:59.250126 np0000165163 neutron-periodic-workers[105913]: DEBUG oslo.service.backend._threading.loopingcall [None req-5ae8c071-ea0b-426f-8839-501058f21f1f None None] Fixed interval looping call 'neutron.plugins.ml2.plugin.AgentDbMixin.agent_health_check' sleeping for 37.00 seconds {{(pid=105913) _run_loop /opt/stack/data/venv/lib/python3.12/site-packages/oslo_service/backend/_threading/loopingcall.py:125}}
Apr 11 17:06:01.302978 np0000165163 neutron-periodic-workers[105924]: DEBUG oslo.service.backend._threading.loopingcall [None req-ad160b3a-9163-4c66-9fef-f8bfe4c82946 None None] Fixed interval looping call 'neutron.db.quota.driver_nolock.DbQuotaNoLockDriver._remove_expired_reservations' sleeping for 119.99 seconds {{(pid=105924) _run_loop /opt/stack/data/venv/lib/python3.12/site-packages/oslo_service/backend/_threading/loopingcall.py:125}}
Apr 11 17:06:09.248128 np0000165163 neutron-periodic-workers[105913]: DEBUG dbcounter [-] [105913] Writing DB stats neutron:SELECT=1 {{(pid=105913) stat_writer /opt/stack/data/venv/lib/python3.12/site-packages/dbcounter.py:115}}
Apr 11 17:06:11.256068 np0000165163 neutron-periodic-workers[105898]: DEBUG oslo.service.backend._threading.loopingcall [None req-1f8b6648-0a3f-40b9-afb3-124c28a006b9 None None] Fixed interval looping call 'neutron.plugins.ml2.plugin.DhcpAgentSchedulerDbMixin.remove_networks_from_down_agents' sleeping for 36.99 seconds {{(pid=105898) _run_loop /opt/stack/data/venv/lib/python3.12/site-packages/oslo_service/backend/_threading/loopingcall.py:125}}
Apr 11 17:06:11.300127 np0000165163 neutron-periodic-workers[105924]: DEBUG dbcounter [-] [105924] Writing DB stats neutron:DELETE=1 {{(pid=105924) stat_writer /opt/stack/data/venv/lib/python3.12/site-packages/dbcounter.py:115}}
Apr 11 17:06:21.254453 np0000165163 neutron-periodic-workers[105898]: DEBUG dbcounter [-] [105898] Writing DB stats neutron:SELECT=3 {{(pid=105898) stat_writer /opt/stack/data/venv/lib/python3.12/site-packages/dbcounter.py:115}}
Apr 11 17:06:36.255307 np0000165163 neutron-periodic-workers[105913]: DEBUG neutron.db.agents_db [None req-5ae8c071-ea0b-426f-8839-501058f21f1f None None] Agent healthcheck: found 0 active agents {{(pid=105913) agent_health_check /opt/stack/neutron/neutron/db/agents_db.py:317}}
Apr 11 17:06:36.255928 np0000165163 neutron-periodic-workers[105913]: DEBUG oslo.service.backend._threading.loopingcall [None req-5ae8c071-ea0b-426f-8839-501058f21f1f None None] Fixed interval looping call 'neutron.plugins.ml2.plugin.AgentDbMixin.agent_health_check' sleeping for 36.99 seconds {{(pid=105913) _run_loop /opt/stack/data/venv/lib/python3.12/site-packages/oslo_service/backend/_threading/loopingcall.py:125}}
Apr 11 17:06:46.254096 np0000165163 neutron-periodic-workers[105913]: DEBUG dbcounter [-] [105913] Writing DB stats neutron:SELECT=1 {{(pid=105913) stat_writer /opt/stack/data/venv/lib/python3.12/site-packages/dbcounter.py:115}}
Apr 11 17:06:48.255497 np0000165163 neutron-periodic-workers[105898]: DEBUG oslo.service.backend._threading.loopingcall [None req-1f8b6648-0a3f-40b9-afb3-124c28a006b9 None None] Fixed interval looping call 'neutron.plugins.ml2.plugin.DhcpAgentSchedulerDbMixin.remove_networks_from_down_agents' sleeping for 36.99 seconds {{(pid=105898) _run_loop /opt/stack/data/venv/lib/python3.12/site-packages/oslo_service/backend/_threading/loopingcall.py:125}}
Apr 11 17:06:58.254487 np0000165163 neutron-periodic-workers[105898]: DEBUG dbcounter [-] [105898] Writing DB stats neutron:SELECT=3 {{(pid=105898) stat_writer /opt/stack/data/venv/lib/python3.12/site-packages/dbcounter.py:115}}
Apr 11 17:07:12.239818 np0000165163 neutron-periodic-workers[105885]: DEBUG oslo.service.backend._threading.loopingcall [None req-c40916a4-ca59-4664-8943-6f5241f324d6 None None] Fixed interval looping call 'neutron.services.ovn_l3.plugin.L3_NAT_dbonly_mixin._clean_garbage' sleeping for 299.99 seconds {{(pid=105885) _run_loop /opt/stack/data/venv/lib/python3.12/site-packages/oslo_service/backend/_threading/loopingcall.py:125}}
Apr 11 17:07:13.251245 np0000165163 neutron-periodic-workers[105913]: DEBUG neutron.db.agents_db [None req-5ae8c071-ea0b-426f-8839-501058f21f1f None None] Agent healthcheck: found 0 active agents {{(pid=105913) agent_health_check /opt/stack/neutron/neutron/db/agents_db.py:317}}
Apr 11 17:07:13.251937 np0000165163 neutron-periodic-workers[105913]: DEBUG oslo.service.backend._threading.loopingcall [None req-5ae8c071-ea0b-426f-8839-501058f21f1f None None] Fixed interval looping call 'neutron.plugins.ml2.plugin.AgentDbMixin.agent_health_check' sleeping for 36.99 seconds {{(pid=105913) _run_loop /opt/stack/data/venv/lib/python3.12/site-packages/oslo_service/backend/_threading/loopingcall.py:125}}
Apr 11 17:07:22.232986 np0000165163 neutron-periodic-workers[105885]: DEBUG dbcounter [-] [105885] Writing DB stats neutron:SELECT=1 {{(pid=105885) stat_writer /opt/stack/data/venv/lib/python3.12/site-packages/dbcounter.py:115}}
Apr 11 17:07:23.249237 np0000165163 neutron-periodic-workers[105913]: DEBUG dbcounter [-] [105913] Writing DB stats neutron:SELECT=1 {{(pid=105913) stat_writer /opt/stack/data/venv/lib/python3.12/site-packages/dbcounter.py:115}}
Apr 11 17:07:25.251123 np0000165163 neutron-periodic-workers[105898]: DEBUG oslo.service.backend._threading.loopingcall [None req-1f8b6648-0a3f-40b9-afb3-124c28a006b9 None None] Fixed interval looping call 'neutron.plugins.ml2.plugin.DhcpAgentSchedulerDbMixin.remove_networks_from_down_agents' sleeping for 36.99 seconds {{(pid=105898) _run_loop /opt/stack/data/venv/lib/python3.12/site-packages/oslo_service/backend/_threading/loopingcall.py:125}}
Apr 11 17:07:35.250250 np0000165163 neutron-periodic-workers[105898]: DEBUG dbcounter [-] [105898] Writing DB stats neutron:SELECT=3 {{(pid=105898) stat_writer /opt/stack/data/venv/lib/python3.12/site-packages/dbcounter.py:115}}
Apr 11 17:07:50.246466 np0000165163 neutron-periodic-workers[105913]: DEBUG neutron.db.agents_db [None req-5ae8c071-ea0b-426f-8839-501058f21f1f None None] Agent healthcheck: found 0 active agents {{(pid=105913) agent_health_check /opt/stack/neutron/neutron/db/agents_db.py:317}}
Apr 11 17:07:50.247092 np0000165163 neutron-periodic-workers[105913]: DEBUG oslo.service.backend._threading.loopingcall [None req-5ae8c071-ea0b-426f-8839-501058f21f1f None None] Fixed interval looping call 'neutron.plugins.ml2.plugin.AgentDbMixin.agent_health_check' sleeping for 37.00 seconds {{(pid=105913) _run_loop /opt/stack/data/venv/lib/python3.12/site-packages/oslo_service/backend/_threading/loopingcall.py:125}}
Apr 11 17:08:00.244792 np0000165163 neutron-periodic-workers[105913]: DEBUG dbcounter [-] [105913] Writing DB stats neutron:SELECT=1 {{(pid=105913) stat_writer /opt/stack/data/venv/lib/python3.12/site-packages/dbcounter.py:115}}
Apr 11 17:08:01.299487 np0000165163 neutron-periodic-workers[105924]: DEBUG oslo.service.backend._threading.loopingcall [None req-ad160b3a-9163-4c66-9fef-f8bfe4c82946 None None] Fixed interval looping call 'neutron.db.quota.driver_nolock.DbQuotaNoLockDriver._remove_expired_reservations' sleeping for 119.99 seconds {{(pid=105924) _run_loop /opt/stack/data/venv/lib/python3.12/site-packages/oslo_service/backend/_threading/loopingcall.py:125}}
Apr 11 17:08:02.249492 np0000165163 neutron-periodic-workers[105898]: DEBUG oslo.service.backend._threading.loopingcall [None req-1f8b6648-0a3f-40b9-afb3-124c28a006b9 None None] Fixed interval looping call 'neutron.plugins.ml2.plugin.DhcpAgentSchedulerDbMixin.remove_networks_from_down_agents' sleeping for 36.99 seconds {{(pid=105898) _run_loop /opt/stack/data/venv/lib/python3.12/site-packages/oslo_service/backend/_threading/loopingcall.py:125}}
Apr 11 17:08:11.297740 np0000165163 neutron-periodic-workers[105924]: DEBUG dbcounter [-] [105924] Writing DB stats neutron:DELETE=1 {{(pid=105924) stat_writer /opt/stack/data/venv/lib/python3.12/site-packages/dbcounter.py:115}}
Apr 11 17:08:12.248716 np0000165163 neutron-periodic-workers[105898]: DEBUG dbcounter [-] [105898] Writing DB stats neutron:SELECT=3 {{(pid=105898) stat_writer /opt/stack/data/venv/lib/python3.12/site-packages/dbcounter.py:115}}
Apr 11 17:08:27.254255 np0000165163 neutron-periodic-workers[105913]: DEBUG neutron.db.agents_db [None req-5ae8c071-ea0b-426f-8839-501058f21f1f None None] Agent healthcheck: found 0 active agents {{(pid=105913) agent_health_check /opt/stack/neutron/neutron/db/agents_db.py:317}}
Apr 11 17:08:27.254990 np0000165163 neutron-periodic-workers[105913]: DEBUG oslo.service.backend._threading.loopingcall [None req-5ae8c071-ea0b-426f-8839-501058f21f1f None None] Fixed interval looping call 'neutron.plugins.ml2.plugin.AgentDbMixin.agent_health_check' sleeping for 36.99 seconds {{(pid=105913) _run_loop /opt/stack/data/venv/lib/python3.12/site-packages/oslo_service/backend/_threading/loopingcall.py:125}}
Apr 11 17:08:37.252009 np0000165163 neutron-periodic-workers[105913]: DEBUG dbcounter [-] [105913] Writing DB stats neutron:SELECT=1 {{(pid=105913) stat_writer /opt/stack/data/venv/lib/python3.12/site-packages/dbcounter.py:115}}
Apr 11 17:08:39.248761 np0000165163 neutron-periodic-workers[105898]: DEBUG oslo.service.backend._threading.loopingcall [None req-1f8b6648-0a3f-40b9-afb3-124c28a006b9 None None] Fixed interval looping call 'neutron.plugins.ml2.plugin.DhcpAgentSchedulerDbMixin.remove_networks_from_down_agents' sleeping for 36.99 seconds {{(pid=105898) _run_loop /opt/stack/data/venv/lib/python3.12/site-packages/oslo_service/backend/_threading/loopingcall.py:125}}
Apr 11 17:08:49.245394 np0000165163 neutron-periodic-workers[105898]: DEBUG dbcounter [-] [105898] Writing DB stats neutron:SELECT=3 {{(pid=105898) stat_writer /opt/stack/data/venv/lib/python3.12/site-packages/dbcounter.py:115}}
Apr 11 17:09:04.250096 np0000165163 neutron-periodic-workers[105913]: DEBUG neutron.db.agents_db [None req-5ae8c071-ea0b-426f-8839-501058f21f1f None None] Agent healthcheck: found 0 active agents {{(pid=105913) agent_health_check /opt/stack/neutron/neutron/db/agents_db.py:317}}
Apr 11 17:09:04.250799 np0000165163 neutron-periodic-workers[105913]: DEBUG oslo.service.backend._threading.loopingcall [None req-5ae8c071-ea0b-426f-8839-501058f21f1f None None] Fixed interval looping call 'neutron.plugins.ml2.plugin.AgentDbMixin.agent_health_check' sleeping for 36.99 seconds {{(pid=105913) _run_loop /opt/stack/data/venv/lib/python3.12/site-packages/oslo_service/backend/_threading/loopingcall.py:125}}
Apr 11 17:09:14.248228 np0000165163 neutron-periodic-workers[105913]: DEBUG dbcounter [-] [105913] Writing DB stats neutron:SELECT=1 {{(pid=105913) stat_writer /opt/stack/data/venv/lib/python3.12/site-packages/dbcounter.py:115}}
Apr 11 17:09:16.247110 np0000165163 neutron-periodic-workers[105898]: DEBUG oslo.service.backend._threading.loopingcall [None req-1f8b6648-0a3f-40b9-afb3-124c28a006b9 None None] Fixed interval looping call 'neutron.plugins.ml2.plugin.DhcpAgentSchedulerDbMixin.remove_networks_from_down_agents' sleeping for 36.99 seconds {{(pid=105898) _run_loop /opt/stack/data/venv/lib/python3.12/site-packages/oslo_service/backend/_threading/loopingcall.py:125}}
Apr 11 17:09:26.246196 np0000165163 neutron-periodic-workers[105898]: DEBUG dbcounter [-] [105898] Writing DB stats neutron:SELECT=3 {{(pid=105898) stat_writer /opt/stack/data/venv/lib/python3.12/site-packages/dbcounter.py:115}}
Apr 11 17:09:41.244835 np0000165163 neutron-periodic-workers[105913]: DEBUG neutron.db.agents_db [None req-5ae8c071-ea0b-426f-8839-501058f21f1f None None] Agent healthcheck: found 0 active agents {{(pid=105913) agent_health_check /opt/stack/neutron/neutron/db/agents_db.py:317}}
Apr 11 17:09:41.245706 np0000165163 neutron-periodic-workers[105913]: DEBUG oslo.service.backend._threading.loopingcall [None req-5ae8c071-ea0b-426f-8839-501058f21f1f None None] Fixed interval looping call 'neutron.plugins.ml2.plugin.AgentDbMixin.agent_health_check' sleeping for 37.00 seconds {{(pid=105913) _run_loop /opt/stack/data/venv/lib/python3.12/site-packages/oslo_service/backend/_threading/loopingcall.py:125}}
Apr 11 17:09:51.243938 np0000165163 neutron-periodic-workers[105913]: DEBUG dbcounter [-] [105913] Writing DB stats neutron:SELECT=1 {{(pid=105913) stat_writer /opt/stack/data/venv/lib/python3.12/site-packages/dbcounter.py:115}}
Apr 11 17:09:53.247233 np0000165163 neutron-periodic-workers[105898]: DEBUG oslo.service.backend._threading.loopingcall [None req-1f8b6648-0a3f-40b9-afb3-124c28a006b9 None None] Fixed interval looping call 'neutron.plugins.ml2.plugin.DhcpAgentSchedulerDbMixin.remove_networks_from_down_agents' sleeping for 36.99 seconds {{(pid=105898) _run_loop /opt/stack/data/venv/lib/python3.12/site-packages/oslo_service/backend/_threading/loopingcall.py:125}}
