2026-03-12 22:17:06.631 8 INFO neutron.api.extensions [None req-c0268f03-6d98-4a01-ac21-b3f2ea1f6a95 - - - - - -] Extension port-hints not supported by any of loaded plugins
2026-03-12 22:17:06.631 8 INFO neutron.api.extensions [None req-c0268f03-6d98-4a01-ac21-b3f2ea1f6a95 - - - - - -] Loaded extension: port-mac-override
2026-03-12 22:17:06.632 8 INFO neutron.api.extensions [None req-c0268f03-6d98-4a01-ac21-b3f2ea1f6a95 - - - - - -] Loaded extension: port-mac-address-regenerate
2026-03-12 22:17:06.632 8 INFO neutron.api.extensions [None req-c0268f03-6d98-4a01-ac21-b3f2ea1f6a95 - - - - - -] Loaded extension: port-numa-affinity-policy
2026-03-12 22:17:06.633 8 INFO neutron.api.extensions [None req-c0268f03-6d98-4a01-ac21-b3f2ea1f6a95 - - - - - -] Loaded extension: port-numa-affinity-policy-socket
2026-03-12 22:17:06.633 8 INFO neutron.api.extensions [None req-c0268f03-6d98-4a01-ac21-b3f2ea1f6a95 - - - - - -] Loaded extension: port-resource-request
2026-03-12 22:17:06.633 7 INFO neutron.api.extensions [None req-36dc5865-d8ec-49bb-8dd0-4fefef1c1747 - - - - - -] Loaded extension: standard-attr-tag
2026-03-12 22:17:06.634 8 INFO neutron.api.extensions [None req-c0268f03-6d98-4a01-ac21-b3f2ea1f6a95 - - - - - -] Loaded extension: port-resource-request-groups
2026-03-12 22:17:06.634 7 INFO neutron.api.extensions [None req-36dc5865-d8ec-49bb-8dd0-4fefef1c1747 - - - - - -] Loaded extension: standard-attr-timestamp
2026-03-12 22:17:06.634 8 INFO neutron.api.extensions [None req-c0268f03-6d98-4a01-ac21-b3f2ea1f6a95 - - - - - -] Extension port-trusted-vif not supported by any of loaded plugins
2026-03-12 22:17:06.634 7 INFO neutron.api.extensions [None req-36dc5865-d8ec-49bb-8dd0-4fefef1c1747 - - - - - -] Loaded extension: trunk
2026-03-12 22:17:06.635 7 INFO neutron.api.extensions [None req-36dc5865-d8ec-49bb-8dd0-4fefef1c1747 - - - - - -] Loaded extension: trunk-details
2026-03-12 22:17:06.636 7 INFO neutron.api.extensions [None req-36dc5865-d8ec-49bb-8dd0-4fefef1c1747 - - - - - -] Extension uplink-status-propagation not supported by any of loaded plugins
2026-03-12 22:17:06.636 7 INFO neutron.api.extensions [None req-36dc5865-d8ec-49bb-8dd0-4fefef1c1747 - - - - - -] Extension uplink-status-propagation-updatable not supported by any of loaded plugins
2026-03-12 22:17:06.637 7 INFO neutron.api.extensions [None req-36dc5865-d8ec-49bb-8dd0-4fefef1c1747 - - - - - -] Extension vlan-transparent not supported by any of loaded plugins
2026-03-12 22:17:06.637 7 INFO neutron.api.extensions [None req-36dc5865-d8ec-49bb-8dd0-4fefef1c1747 - - - - - -] Loaded extension: vpn-aes-ctr
2026-03-12 22:17:06.638 8 INFO neutron.api.extensions [None req-c0268f03-6d98-4a01-ac21-b3f2ea1f6a95 - - - - - -] Loaded extension: binding
2026-03-12 22:17:06.639 8 INFO neutron.api.extensions [None req-c0268f03-6d98-4a01-ac21-b3f2ea1f6a95 - - - - - -] Loaded extension: binding-extended
2026-03-12 22:17:06.639 7 INFO neutron.api.extensions [None req-36dc5865-d8ec-49bb-8dd0-4fefef1c1747 - - - - - -] Extension vpn-agent-scheduler not supported by any of loaded plugins
2026-03-12 22:17:06.639 8 INFO neutron.api.extensions [None req-c0268f03-6d98-4a01-ac21-b3f2ea1f6a95 - - - - - -] Loaded extension: port-security
2026-03-12 22:17:06.640 7 INFO neutron.api.extensions [None req-36dc5865-d8ec-49bb-8dd0-4fefef1c1747 - - - - - -] Loaded extension: vpn-endpoint-groups
2026-03-12 22:17:06.640 8 INFO neutron.api.extensions [None req-c0268f03-6d98-4a01-ac21-b3f2ea1f6a95 - - - - - -] Loaded extension: project-id
2026-03-12 22:17:06.640 8 INFO neutron.api.extensions [None req-c0268f03-6d98-4a01-ac21-b3f2ea1f6a95 - - - - - -] Loaded extension: provider
2026-03-12 22:17:06.640 7 INFO neutron.api.extensions [None req-36dc5865-d8ec-49bb-8dd0-4fefef1c1747 - - - - - -] Loaded extension: vpn-flavors
2026-03-12 22:17:06.641 8 INFO neutron.api.extensions [None req-c0268f03-6d98-4a01-ac21-b3f2ea1f6a95 - - - - - -] Extension qinq not supported by any of loaded plugins
2026-03-12 22:17:06.642 7 INFO neutron.api.extensions [None req-36dc5865-d8ec-49bb-8dd0-4fefef1c1747 - - - - - -] Loaded extension: vpnaas
2026-03-12 22:17:06.643 8 INFO neutron.api.extensions [None req-c0268f03-6d98-4a01-ac21-b3f2ea1f6a95 - - - - - -] Loaded extension: qos
2026-03-12 22:17:06.644 7 INFO neutron.api.extensions [None req-36dc5865-d8ec-49bb-8dd0-4fefef1c1747 - - - - - -] Loaded extension: taas
2026-03-12 22:17:06.644 8 INFO neutron.api.extensions [None req-c0268f03-6d98-4a01-ac21-b3f2ea1f6a95 - - - - - -] Loaded extension: qos-bw-limit-direction
2026-03-12 22:17:06.644 8 INFO neutron.api.extensions [None req-c0268f03-6d98-4a01-ac21-b3f2ea1f6a95 - - - - - -] Loaded extension: qos-bw-minimum-ingress
2026-03-12 22:17:06.645 7 INFO neutron.api.extensions [None req-36dc5865-d8ec-49bb-8dd0-4fefef1c1747 - - - - - -] Loaded extension: tap-mirror
2026-03-12 22:17:06.645 8 INFO neutron.api.extensions [None req-c0268f03-6d98-4a01-ac21-b3f2ea1f6a95 - - - - - -] Loaded extension: qos-default
2026-03-12 22:17:06.645 7 INFO neutron.api.extensions [None req-36dc5865-d8ec-49bb-8dd0-4fefef1c1747 - - - - - -] Loaded extension: taas-vlan-filter
2026-03-12 22:17:06.646 8 INFO neutron.api.extensions [None req-c0268f03-6d98-4a01-ac21-b3f2ea1f6a95 - - - - - -] Loaded extension: qos-fip
2026-03-12 22:17:06.646 8 INFO neutron.api.extensions [None req-c0268f03-6d98-4a01-ac21-b3f2ea1f6a95 - - - - - -] Extension qos-fip-network-policy not supported by any of loaded plugins
2026-03-12 22:17:06.647 8 INFO neutron.api.extensions [None req-c0268f03-6d98-4a01-ac21-b3f2ea1f6a95 - - - - - -] Loaded extension: qos-gateway-ip
2026-03-12 22:17:06.648 8 INFO neutron.api.extensions [None req-c0268f03-6d98-4a01-ac21-b3f2ea1f6a95 - - - - - -] Loaded extension: qos-port-network-policy
2026-03-12 22:17:06.648 7 INFO neutron.quota.resource_registry [None req-36dc5865-d8ec-49bb-8dd0-4fefef1c1747 - - - - - -] Creating instance of TrackedResource for resource:network
2026-03-12 22:17:06.648 7 INFO neutron.quota.resource_registry [None req-36dc5865-d8ec-49bb-8dd0-4fefef1c1747 - - - - - -] Creating instance of TrackedResource for resource:subnet
2026-03-12 22:17:06.648 7 INFO neutron.quota.resource_registry [None req-36dc5865-d8ec-49bb-8dd0-4fefef1c1747 - - - - - -] Creating instance of TrackedResource for resource:subnetpool
2026-03-12 22:17:06.648 7 INFO neutron.quota.resource_registry [None req-36dc5865-d8ec-49bb-8dd0-4fefef1c1747 - - - - - -] Creating instance of TrackedResource for resource:port
2026-03-12 22:17:06.648 8 INFO neutron.api.extensions [None req-c0268f03-6d98-4a01-ac21-b3f2ea1f6a95 - - - - - -] Loaded extension: qos-pps-minimum
2026-03-12 22:17:06.649 8 INFO neutron.api.extensions [None req-c0268f03-6d98-4a01-ac21-b3f2ea1f6a95 - - - - - -] Loaded extension: qos-pps-minimum-rule-alias
2026-03-12 22:17:06.650 8 INFO neutron.api.extensions [None req-c0268f03-6d98-4a01-ac21-b3f2ea1f6a95 - - - - - -] Loaded extension: qos-pps
2026-03-12 22:17:06.651 8 INFO neutron.api.extensions [None req-c0268f03-6d98-4a01-ac21-b3f2ea1f6a95 - - - - - -] Loaded extension: qos-rule-type-details
2026-03-12 22:17:06.651 7 INFO neutron.quota.resource_registry [None req-36dc5865-d8ec-49bb-8dd0-4fefef1c1747 - - - - - -] Creating instance of TrackedResource for resource:router
2026-03-12 22:17:06.652 8 INFO neutron.api.extensions [None req-c0268f03-6d98-4a01-ac21-b3f2ea1f6a95 - - - - - -] Loaded extension: qos-rule-type-filter
2026-03-12 22:17:06.652 7 INFO neutron.quota.resource_registry [None req-36dc5865-d8ec-49bb-8dd0-4fefef1c1747 - - - - - -] Creating instance of TrackedResource for resource:floatingip
2026-03-12 22:17:06.653 8 INFO neutron.api.extensions [None req-c0268f03-6d98-4a01-ac21-b3f2ea1f6a95 - - - - - -] Loaded extension: qos-rules-alias
2026-03-12 22:17:06.654 8 INFO neutron.api.extensions [None req-c0268f03-6d98-4a01-ac21-b3f2ea1f6a95 - - - - - -] Loaded extension: quota-check-limit
2026-03-12 22:17:06.655 8 INFO neutron.api.extensions [None req-c0268f03-6d98-4a01-ac21-b3f2ea1f6a95 - - - - - -] Loaded extension: quota-check-limit-default
2026-03-12 22:17:06.657 7 INFO neutron.quota.resource_registry [None req-36dc5865-d8ec-49bb-8dd0-4fefef1c1747 - - - - - -] Creating instance of CountableResource for resource:rbac_policy
2026-03-12 22:17:06.657 8 INFO neutron.api.extensions [None req-c0268f03-6d98-4a01-ac21-b3f2ea1f6a95 - - - - - -] Loaded extension: quotas
2026-03-12 22:17:06.657 7 INFO neutron.quota.resource_registry [None req-36dc5865-d8ec-49bb-8dd0-4fefef1c1747 - - - - - -] Creating instance of TrackedResource for resource:security_group
2026-03-12 22:17:06.658 7 INFO neutron.quota.resource_registry [None req-36dc5865-d8ec-49bb-8dd0-4fefef1c1747 - - - - - -] Creating instance of TrackedResource for resource:security_group_rule
2026-03-12 22:17:06.658 8 INFO neutron.api.extensions [None req-c0268f03-6d98-4a01-ac21-b3f2ea1f6a95 - - - - - -] Loaded extension: quota_details
2026-03-12 22:17:06.658 7 INFO neutron.quota.resource_registry [None req-36dc5865-d8ec-49bb-8dd0-4fefef1c1747 - - - - - -] Creating instance of TrackedResource for resource:subnetpool
2026-03-12 22:17:06.659 7 WARNING neutron.quota.resource_registry [None req-36dc5865-d8ec-49bb-8dd0-4fefef1c1747 - - - - - -] subnetpool is already registered
2026-03-12 22:17:06.659 7 INFO neutron.quota.resource_registry [None req-36dc5865-d8ec-49bb-8dd0-4fefef1c1747 - - - - - -] Creating instance of TrackedResource for resource:subnetpool
2026-03-12 22:17:06.659 7 WARNING neutron.quota.resource_registry [None req-36dc5865-d8ec-49bb-8dd0-4fefef1c1747 - - - - - -] subnetpool is already registered
2026-03-12 22:17:06.660 8 INFO neutron.api.extensions [None req-c0268f03-6d98-4a01-ac21-b3f2ea1f6a95 - - - - - -] Loaded extension: rbac-policies
2026-03-12 22:17:06.660 7 INFO neutron.quota.resource_registry [None req-36dc5865-d8ec-49bb-8dd0-4fefef1c1747 - - - - - -] Creating instance of CountableResource for resource:trunk
2026-03-12 22:17:06.660 7 INFO neutron.quota.resource_registry [None req-36dc5865-d8ec-49bb-8dd0-4fefef1c1747 - - - - - -] Creating instance of CountableResource for resource:ikepolicy
2026-03-12 22:17:06.660 8 INFO neutron.api.extensions [None req-c0268f03-6d98-4a01-ac21-b3f2ea1f6a95 - - - - - -] Loaded extension: rbac-address-group
2026-03-12 22:17:06.660 7 INFO neutron.quota.resource_registry [None req-36dc5865-d8ec-49bb-8dd0-4fefef1c1747 - - - - - -] Creating instance of CountableResource for resource:ipsecpolicy
2026-03-12 22:17:06.661 8 INFO neutron.api.extensions [None req-c0268f03-6d98-4a01-ac21-b3f2ea1f6a95 - - - - - -] Loaded extension: rbac-address-scope
2026-03-12 22:17:06.661 7 INFO neutron.quota.resource_registry [None req-36dc5865-d8ec-49bb-8dd0-4fefef1c1747 - - - - - -] Creating instance of CountableResource for resource:endpoint_group
2026-03-12 22:17:06.661 8 INFO neutron.api.extensions [None req-c0268f03-6d98-4a01-ac21-b3f2ea1f6a95 - - - - - -] Loaded extension: rbac-security-groups
2026-03-12 22:17:06.661 7 INFO neutron.quota.resource_registry [None req-36dc5865-d8ec-49bb-8dd0-4fefef1c1747 - - - - - -] Creating instance of CountableResource for resource:vpnservice
2026-03-12 22:17:06.662 7 INFO neutron.quota.resource_registry [None req-36dc5865-d8ec-49bb-8dd0-4fefef1c1747 - - - - - -] Creating instance of CountableResource for resource:ipsec_site_connection
2026-03-12 22:17:06.662 8 INFO neutron.api.extensions [None req-c0268f03-6d98-4a01-ac21-b3f2ea1f6a95 - - - - - -] Loaded extension: rbac-subnetpool
2026-03-12 22:17:06.662 7 INFO neutron.quota.resource_registry [None req-36dc5865-d8ec-49bb-8dd0-4fefef1c1747 - - - - - -] Creating instance of CountableResource for resource:ipsecpolicy
2026-03-12 22:17:06.662 7 WARNING neutron.quota.resource_registry [None req-36dc5865-d8ec-49bb-8dd0-4fefef1c1747 - - - - - -] ipsecpolicy is already registered
2026-03-12 22:17:06.662 8 INFO neutron.api.extensions [None req-c0268f03-6d98-4a01-ac21-b3f2ea1f6a95 - - - - - -] Loaded extension: revision-if-match
2026-03-12 22:17:06.662 7 INFO neutron.quota.resource_registry [None req-36dc5865-d8ec-49bb-8dd0-4fefef1c1747 - - - - - -] Creating instance of CountableResource for resource:ikepolicy
2026-03-12 22:17:06.663 7 WARNING neutron.quota.resource_registry [None req-36dc5865-d8ec-49bb-8dd0-4fefef1c1747 - - - - - -] ikepolicy is already registered
2026-03-12 22:17:06.663 8 INFO neutron.api.extensions [None req-c0268f03-6d98-4a01-ac21-b3f2ea1f6a95 - - - - - -] Loaded extension: standard-attr-revisions
2026-03-12 22:17:06.663 8 INFO neutron.api.extensions [None req-c0268f03-6d98-4a01-ac21-b3f2ea1f6a95 - - - - - -] Loaded extension: router_availability_zone
2026-03-12 22:17:06.664 8 INFO neutron.api.extensions [None req-c0268f03-6d98-4a01-ac21-b3f2ea1f6a95 - - - - - -] Extension router-service-type not supported by any of loaded plugins
2026-03-12 22:17:06.666 8 INFO neutron.api.extensions [None req-c0268f03-6d98-4a01-ac21-b3f2ea1f6a95 - - - - - -] Loaded extension: security-groups-default-rules
2026-03-12 22:17:06.666 8 INFO neutron.api.extensions [None req-c0268f03-6d98-4a01-ac21-b3f2ea1f6a95 - - - - - -] Loaded extension: security-groups-normalized-cidr
2026-03-12 22:17:06.667 8 INFO neutron.api.extensions [None req-c0268f03-6d98-4a01-ac21-b3f2ea1f6a95 - - - - - -] Loaded extension: port-security-groups-filtering
2026-03-12 22:17:06.667 7 INFO neutron.quota.resource_registry [None req-36dc5865-d8ec-49bb-8dd0-4fefef1c1747 - - - - - -] Creating instance of TrackedResource for resource:router
2026-03-12 22:17:06.667 7 WARNING neutron.quota.resource_registry [None req-36dc5865-d8ec-49bb-8dd0-4fefef1c1747 - - - - - -] router is already registered
2026-03-12 22:17:06.667 8 INFO neutron.api.extensions [None req-c0268f03-6d98-4a01-ac21-b3f2ea1f6a95 - - - - - -] Loaded extension: security-groups-remote-address-group
2026-03-12 22:17:06.668 7 INFO neutron.quota.resource_registry [None req-36dc5865-d8ec-49bb-8dd0-4fefef1c1747 - - - - - -] Creating instance of TrackedResource for resource:floatingip
2026-03-12 22:17:06.668 8 INFO neutron.api.extensions [None req-c0268f03-6d98-4a01-ac21-b3f2ea1f6a95 - - - - - -] Loaded extension: security-groups-rules-belongs-to-default-sg
2026-03-12 22:17:06.668 7 WARNING neutron.quota.resource_registry [None req-36dc5865-d8ec-49bb-8dd0-4fefef1c1747 - - - - - -] floatingip is already registered
2026-03-12 22:17:06.668 8 INFO neutron.api.extensions [None req-c0268f03-6d98-4a01-ac21-b3f2ea1f6a95 - - - - - -] Loaded extension: security-groups-shared-filtering
2026-03-12 22:17:06.671 7 INFO neutron.quota.resource_registry [None req-36dc5865-d8ec-49bb-8dd0-4fefef1c1747 - - - - - -] Creating instance of CountableResource for resource:rbac_policy
2026-03-12 22:17:06.672 7 WARNING neutron.quota.resource_registry [None req-36dc5865-d8ec-49bb-8dd0-4fefef1c1747 - - - - - -] rbac_policy is already registered
2026-03-12 22:17:06.672 7 INFO neutron.quota.resource_registry [None req-36dc5865-d8ec-49bb-8dd0-4fefef1c1747 - - - - - -] Creating instance of TrackedResource for resource:security_group
2026-03-12 22:17:06.673 7 WARNING neutron.quota.resource_registry [None req-36dc5865-d8ec-49bb-8dd0-4fefef1c1747 - - - - - -] security_group is already registered
2026-03-12 22:17:06.673 7 INFO neutron.quota.resource_registry [None req-36dc5865-d8ec-49bb-8dd0-4fefef1c1747 - - - - - -] Creating instance of TrackedResource for resource:security_group_rule
2026-03-12 22:17:06.673 8 INFO neutron.api.extensions [None req-c0268f03-6d98-4a01-ac21-b3f2ea1f6a95 - - - - - -] Loaded extension: security-group
2026-03-12 22:17:06.673 7 WARNING neutron.quota.resource_registry [None req-36dc5865-d8ec-49bb-8dd0-4fefef1c1747 - - - - - -] security_group_rule is already registered
2026-03-12 22:17:06.674 8 INFO neutron.api.extensions [None req-c0268f03-6d98-4a01-ac21-b3f2ea1f6a95 - - - - - -] Loaded extension: segment
2026-03-12 22:17:06.674 7 INFO neutron.quota.resource_registry [None req-36dc5865-d8ec-49bb-8dd0-4fefef1c1747 - - - - - -] Creating instance of TrackedResource for resource:subnetpool
2026-03-12 22:17:06.674 7 WARNING neutron.quota.resource_registry [None req-36dc5865-d8ec-49bb-8dd0-4fefef1c1747 - - - - - -] subnetpool is already registered
2026-03-12 22:17:06.675 8 INFO neutron.api.extensions [None req-c0268f03-6d98-4a01-ac21-b3f2ea1f6a95 - - - - - -] Loaded extension: segments-peer-subnet-host-routes
2026-03-12 22:17:06.675 7 INFO neutron.quota.resource_registry [None req-36dc5865-d8ec-49bb-8dd0-4fefef1c1747 - - - - - -] Creating instance of TrackedResource for resource:subnetpool
2026-03-12 22:17:06.675 7 WARNING neutron.quota.resource_registry [None req-36dc5865-d8ec-49bb-8dd0-4fefef1c1747 - - - - - -] subnetpool is already registered
2026-03-12 22:17:06.675 8 INFO neutron.api.extensions [None req-c0268f03-6d98-4a01-ac21-b3f2ea1f6a95 - - - - - -] Loaded extension: service-type
2026-03-12 22:17:06.676 7 INFO neutron.quota.resource_registry [None req-36dc5865-d8ec-49bb-8dd0-4fefef1c1747 - - - - - -] Creating instance of CountableResource for resource:trunk
2026-03-12 22:17:06.676 7 WARNING neutron.quota.resource_registry [None req-36dc5865-d8ec-49bb-8dd0-4fefef1c1747 - - - - - -] trunk is already registered
2026-03-12 22:17:06.676 8 INFO neutron.api.extensions [None req-c0268f03-6d98-4a01-ac21-b3f2ea1f6a95 - - - - - -] Loaded extension: sorting
2026-03-12 22:17:06.676 7 INFO neutron.quota.resource_registry [None req-36dc5865-d8ec-49bb-8dd0-4fefef1c1747 - - - - - -] Creating instance of CountableResource for resource:ikepolicy
2026-03-12 22:17:06.676 7 WARNING neutron.quota.resource_registry [None req-36dc5865-d8ec-49bb-8dd0-4fefef1c1747 - - - - - -] ikepolicy is already registered
2026-03-12 22:17:06.676 8 INFO neutron.api.extensions [None req-c0268f03-6d98-4a01-ac21-b3f2ea1f6a95 - - - - - -] Loaded extension: standard-attr-segment
2026-03-12 22:17:06.677 7 INFO neutron.quota.resource_registry [None req-36dc5865-d8ec-49bb-8dd0-4fefef1c1747 - - - - - -] Creating instance of CountableResource for resource:ipsecpolicy
2026-03-12 22:17:06.677 7 WARNING neutron.quota.resource_registry [None req-36dc5865-d8ec-49bb-8dd0-4fefef1c1747 - - - - - -] ipsecpolicy is already registered
2026-03-12 22:17:06.677 8 INFO neutron.api.extensions [None req-c0268f03-6d98-4a01-ac21-b3f2ea1f6a95 - - - - - -] Loaded extension: standard-attr-description
2026-03-12 22:17:06.677 7 INFO neutron.quota.resource_registry [None req-36dc5865-d8ec-49bb-8dd0-4fefef1c1747 - - - - - -] Creating instance of CountableResource for resource:endpoint_group
2026-03-12 22:17:06.677 7 WARNING neutron.quota.resource_registry [None req-36dc5865-d8ec-49bb-8dd0-4fefef1c1747 - - - - - -] endpoint_group is already registered
2026-03-12 22:17:06.678 8 INFO neutron.api.extensions [None req-c0268f03-6d98-4a01-ac21-b3f2ea1f6a95 - - - - - -] Loaded extension: stateful-security-group
2026-03-12 22:17:06.678 7 INFO neutron.quota.resource_registry [None req-36dc5865-d8ec-49bb-8dd0-4fefef1c1747 - - - - - -] Creating instance of CountableResource for resource:vpnservice
2026-03-12 22:17:06.678 7 WARNING neutron.quota.resource_registry [None req-36dc5865-d8ec-49bb-8dd0-4fefef1c1747 - - - - - -] vpnservice is already registered
2026-03-12 22:17:06.678 8 WARNING neutron.api.extensions [None req-c0268f03-6d98-4a01-ac21-b3f2ea1f6a95 - - - - - -] Did not find expected name "Stdattrs_common" in /var/lib/openstack/lib/python3.12/site-packages/neutron/extensions/stdattrs_common.py
2026-03-12 22:17:06.678 7 INFO neutron.quota.resource_registry [None req-36dc5865-d8ec-49bb-8dd0-4fefef1c1747 - - - - - -] Creating instance of CountableResource for resource:ipsec_site_connection
2026-03-12 22:17:06.678 7 WARNING neutron.quota.resource_registry [None req-36dc5865-d8ec-49bb-8dd0-4fefef1c1747 - - - - - -] ipsec_site_connection is already registered
2026-03-12 22:17:06.679 8 INFO neutron.api.extensions [None req-c0268f03-6d98-4a01-ac21-b3f2ea1f6a95 - - - - - -] Extension subnet-dns-publish-fixed-ip not supported by any of loaded plugins
2026-03-12 22:17:06.679 7 INFO neutron.quota.resource_registry [None req-36dc5865-d8ec-49bb-8dd0-4fefef1c1747 - - - - - -] Creating instance of CountableResource for resource:ipsecpolicy
2026-03-12 22:17:06.679 7 WARNING neutron.quota.resource_registry [None req-36dc5865-d8ec-49bb-8dd0-4fefef1c1747 - - - - - -] ipsecpolicy is already registered
2026-03-12 22:17:06.679 8 INFO neutron.api.extensions [None req-c0268f03-6d98-4a01-ac21-b3f2ea1f6a95 - - - - - -] Loaded extension: subnet-external-network
2026-03-12 22:17:06.679 7 INFO neutron.quota.resource_registry [None req-36dc5865-d8ec-49bb-8dd0-4fefef1c1747 - - - - - -] Creating instance of CountableResource for resource:ikepolicy
2026-03-12 22:17:06.679 7 WARNING neutron.quota.resource_registry [None req-36dc5865-d8ec-49bb-8dd0-4fefef1c1747 - - - - - -] ikepolicy is already registered
2026-03-12 22:17:06.680 8 INFO neutron.api.extensions [None req-c0268f03-6d98-4a01-ac21-b3f2ea1f6a95 - - - - - -] Loaded extension: subnet_onboard
2026-03-12 22:17:06.680 8 INFO neutron.api.extensions [None req-c0268f03-6d98-4a01-ac21-b3f2ea1f6a95 - - - - - -] Loaded extension: subnet-segmentid-writable
2026-03-12 22:17:06.681 8 INFO neutron.api.extensions [None req-c0268f03-6d98-4a01-ac21-b3f2ea1f6a95 - - - - - -] Loaded extension: subnet-service-types
2026-03-12 22:17:06.681 8 INFO neutron.api.extensions [None req-c0268f03-6d98-4a01-ac21-b3f2ea1f6a95 - - - - - -] Loaded extension: subnet_allocation
2026-03-12 22:17:06.682 8 INFO neutron.api.extensions [None req-c0268f03-6d98-4a01-ac21-b3f2ea1f6a95 - - - - - -] Loaded extension: subnetpool-prefix-ops
2026-03-12 22:17:06.682 8 INFO neutron.api.extensions [None req-c0268f03-6d98-4a01-ac21-b3f2ea1f6a95 - - - - - -] Loaded extension: tag-creation
2026-03-12 22:17:06.683 8 INFO neutron.api.extensions [None req-c0268f03-6d98-4a01-ac21-b3f2ea1f6a95 - - - - - -] Extension tag-ports-during-bulk-creation not supported by any of loaded plugins
2026-03-12 22:17:06.687 8 INFO neutron.api.extensions [None req-c0268f03-6d98-4a01-ac21-b3f2ea1f6a95 - - - - - -] Loaded extension: standard-attr-tag
2026-03-12 22:17:06.687 8 INFO neutron.api.extensions [None req-c0268f03-6d98-4a01-ac21-b3f2ea1f6a95 - - - - - -] Loaded extension: standard-attr-timestamp
2026-03-12 22:17:06.688 8 INFO neutron.api.extensions [None req-c0268f03-6d98-4a01-ac21-b3f2ea1f6a95 - - - - - -] Loaded extension: trunk
2026-03-12 22:17:06.688 8 INFO neutron.api.extensions [None req-c0268f03-6d98-4a01-ac21-b3f2ea1f6a95 - - - - - -] Loaded extension: trunk-details
2026-03-12 22:17:06.689 8 INFO neutron.api.extensions [None req-c0268f03-6d98-4a01-ac21-b3f2ea1f6a95 - - - - - -] Extension uplink-status-propagation not supported by any of loaded plugins
2026-03-12 22:17:06.689 8 INFO neutron.api.extensions [None req-c0268f03-6d98-4a01-ac21-b3f2ea1f6a95 - - - - - -] Extension uplink-status-propagation-updatable not supported by any of loaded plugins
2026-03-12 22:17:06.690 8 INFO neutron.api.extensions [None req-c0268f03-6d98-4a01-ac21-b3f2ea1f6a95 - - - - - -] Extension vlan-transparent not supported by any of loaded plugins
2026-03-12 22:17:06.690 8 INFO neutron.api.extensions [None req-c0268f03-6d98-4a01-ac21-b3f2ea1f6a95 - - - - - -] Loaded extension: vpn-aes-ctr
2026-03-12 22:17:06.692 8 INFO neutron.api.extensions [None req-c0268f03-6d98-4a01-ac21-b3f2ea1f6a95 - - - - - -] Extension vpn-agent-scheduler not supported by any of loaded plugins
2026-03-12 22:17:06.693 8 INFO neutron.api.extensions [None req-c0268f03-6d98-4a01-ac21-b3f2ea1f6a95 - - - - - -] Loaded extension: vpn-endpoint-groups
2026-03-12 22:17:06.694 8 INFO neutron.api.extensions [None req-c0268f03-6d98-4a01-ac21-b3f2ea1f6a95 - - - - - -] Loaded extension: vpn-flavors
2026-03-12 22:17:06.695 8 INFO neutron.api.extensions [None req-c0268f03-6d98-4a01-ac21-b3f2ea1f6a95 - - - - - -] Loaded extension: vpnaas
2026-03-12 22:17:06.696 8 INFO neutron.api.extensions [None req-c0268f03-6d98-4a01-ac21-b3f2ea1f6a95 - - - - - -] Loaded extension: taas
2026-03-12 22:17:06.697 8 INFO neutron.api.extensions [None req-c0268f03-6d98-4a01-ac21-b3f2ea1f6a95 - - - - - -] Loaded extension: tap-mirror
2026-03-12 22:17:06.698 8 INFO neutron.api.extensions [None req-c0268f03-6d98-4a01-ac21-b3f2ea1f6a95 - - - - - -] Loaded extension: taas-vlan-filter
2026-03-12 22:17:06.700 8 INFO neutron.quota.resource_registry [None req-c0268f03-6d98-4a01-ac21-b3f2ea1f6a95 - - - - - -] Creating instance of TrackedResource for resource:network
2026-03-12 22:17:06.700 8 INFO neutron.quota.resource_registry [None req-c0268f03-6d98-4a01-ac21-b3f2ea1f6a95 - - - - - -] Creating instance of TrackedResource for resource:subnet
2026-03-12 22:17:06.701 8 INFO neutron.quota.resource_registry [None req-c0268f03-6d98-4a01-ac21-b3f2ea1f6a95 - - - - - -] Creating instance of TrackedResource for resource:subnetpool
2026-03-12 22:17:06.701 8 INFO neutron.quota.resource_registry [None req-c0268f03-6d98-4a01-ac21-b3f2ea1f6a95 - - - - - -] Creating instance of TrackedResource for resource:port
2026-03-12 22:17:06.704 8 INFO neutron.quota.resource_registry [None req-c0268f03-6d98-4a01-ac21-b3f2ea1f6a95 - - - - - -] Creating instance of TrackedResource for resource:router
2026-03-12 22:17:06.704 8 INFO neutron.quota.resource_registry [None req-c0268f03-6d98-4a01-ac21-b3f2ea1f6a95 - - - - - -] Creating instance of TrackedResource for resource:floatingip
2026-03-12 22:17:06.708 8 INFO neutron.quota.resource_registry [None req-c0268f03-6d98-4a01-ac21-b3f2ea1f6a95 - - - - - -] Creating instance of CountableResource for resource:rbac_policy
2026-03-12 22:17:06.709 8 INFO neutron.quota.resource_registry [None req-c0268f03-6d98-4a01-ac21-b3f2ea1f6a95 - - - - - -] Creating instance of TrackedResource for resource:security_group
2026-03-12 22:17:06.710 8 INFO neutron.quota.resource_registry [None req-c0268f03-6d98-4a01-ac21-b3f2ea1f6a95 - - - - - -] Creating instance of TrackedResource for resource:security_group_rule
2026-03-12 22:17:06.710 8 INFO neutron.quota.resource_registry [None req-c0268f03-6d98-4a01-ac21-b3f2ea1f6a95 - - - - - -] Creating instance of TrackedResource for resource:subnetpool
2026-03-12 22:17:06.711 8 WARNING neutron.quota.resource_registry [None req-c0268f03-6d98-4a01-ac21-b3f2ea1f6a95 - - - - - -] subnetpool is already registered
2026-03-12 22:17:06.711 8 INFO neutron.quota.resource_registry [None req-c0268f03-6d98-4a01-ac21-b3f2ea1f6a95 - - - - - -] Creating instance of TrackedResource for resource:subnetpool
2026-03-12 22:17:06.711 8 WARNING neutron.quota.resource_registry [None req-c0268f03-6d98-4a01-ac21-b3f2ea1f6a95 - - - - - -] subnetpool is already registered
2026-03-12 22:17:06.712 8 INFO neutron.quota.resource_registry [None req-c0268f03-6d98-4a01-ac21-b3f2ea1f6a95 - - - - - -] Creating instance of CountableResource for resource:trunk
2026-03-12 22:17:06.712 8 INFO neutron.quota.resource_registry [None req-c0268f03-6d98-4a01-ac21-b3f2ea1f6a95 - - - - - -] Creating instance of CountableResource for resource:ikepolicy
2026-03-12 22:17:06.712 8 INFO neutron.quota.resource_registry [None req-c0268f03-6d98-4a01-ac21-b3f2ea1f6a95 - - - - - -] Creating instance of CountableResource for resource:ipsecpolicy
2026-03-12 22:17:06.713 8 INFO neutron.quota.resource_registry [None req-c0268f03-6d98-4a01-ac21-b3f2ea1f6a95 - - - - - -] Creating instance of CountableResource for resource:endpoint_group
2026-03-12 22:17:06.713 8 INFO neutron.quota.resource_registry [None req-c0268f03-6d98-4a01-ac21-b3f2ea1f6a95 - - - - - -] Creating instance of CountableResource for resource:vpnservice
2026-03-12 22:17:06.714 8 INFO neutron.quota.resource_registry [None req-c0268f03-6d98-4a01-ac21-b3f2ea1f6a95 - - - - - -] Creating instance of CountableResource for resource:ipsec_site_connection
2026-03-12 22:17:06.714 8 INFO neutron.quota.resource_registry [None req-c0268f03-6d98-4a01-ac21-b3f2ea1f6a95 - - - - - -] Creating instance of CountableResource for resource:ipsecpolicy
2026-03-12 22:17:06.714 8 WARNING neutron.quota.resource_registry [None req-c0268f03-6d98-4a01-ac21-b3f2ea1f6a95 - - - - - -] ipsecpolicy is already registered
2026-03-12 22:17:06.714 8 INFO neutron.quota.resource_registry [None req-c0268f03-6d98-4a01-ac21-b3f2ea1f6a95 - - - - - -] Creating instance of CountableResource for resource:ikepolicy
2026-03-12 22:17:06.715 8 WARNING neutron.quota.resource_registry [None req-c0268f03-6d98-4a01-ac21-b3f2ea1f6a95 - - - - - -] ikepolicy is already registered
2026-03-12 22:17:06.717 7 WARNING keystonemiddleware._common.config [None req-36dc5865-d8ec-49bb-8dd0-4fefef1c1747 - - - - - -] The option "audit_map_file" is not known to keystonemiddleware
2026-03-12 22:17:06.719 8 INFO neutron.quota.resource_registry [None req-c0268f03-6d98-4a01-ac21-b3f2ea1f6a95 - - - - - -] Creating instance of TrackedResource for resource:router
2026-03-12 22:17:06.719 8 WARNING neutron.quota.resource_registry [None req-c0268f03-6d98-4a01-ac21-b3f2ea1f6a95 - - - - - -] router is already registered
2026-03-12 22:17:06.720 8 INFO neutron.quota.resource_registry [None req-c0268f03-6d98-4a01-ac21-b3f2ea1f6a95 - - - - - -] Creating instance of TrackedResource for resource:floatingip
2026-03-12 22:17:06.720 8 WARNING neutron.quota.resource_registry [None req-c0268f03-6d98-4a01-ac21-b3f2ea1f6a95 - - - - - -] floatingip is already registered
2026-03-12 22:17:06.723 8 INFO neutron.quota.resource_registry [None req-c0268f03-6d98-4a01-ac21-b3f2ea1f6a95 - - - - - -] Creating instance of CountableResource for resource:rbac_policy
2026-03-12 22:17:06.723 8 WARNING neutron.quota.resource_registry [None req-c0268f03-6d98-4a01-ac21-b3f2ea1f6a95 - - - - - -] rbac_policy is already registered
2026-03-12 22:17:06.724 8 INFO neutron.quota.resource_registry [None req-c0268f03-6d98-4a01-ac21-b3f2ea1f6a95 - - - - - -] Creating instance of TrackedResource for resource:security_group
2026-03-12 22:17:06.724 8 WARNING neutron.quota.resource_registry [None req-c0268f03-6d98-4a01-ac21-b3f2ea1f6a95 - - - - - -] security_group is already registered
2026-03-12 22:17:06.724 8 INFO neutron.quota.resource_registry [None req-c0268f03-6d98-4a01-ac21-b3f2ea1f6a95 - - - - - -] Creating instance of TrackedResource for resource:security_group_rule
2026-03-12 22:17:06.725 8 WARNING neutron.quota.resource_registry [None req-c0268f03-6d98-4a01-ac21-b3f2ea1f6a95 - - - - - -] security_group_rule is already registered
2026-03-12 22:17:06.725 7 WARNING oslo_config.cfg [None req-36dc5865-d8ec-49bb-8dd0-4fefef1c1747 - - - - - -] Deprecated: Option "auth_uri" from group "keystone_authtoken" is deprecated. Use option "www_authenticate_uri" from group "keystone_authtoken".
2026-03-12 22:17:06.725 8 INFO neutron.quota.resource_registry [None req-c0268f03-6d98-4a01-ac21-b3f2ea1f6a95 - - - - - -] Creating instance of TrackedResource for resource:subnetpool
2026-03-12 22:17:06.725 8 WARNING neutron.quota.resource_registry [None req-c0268f03-6d98-4a01-ac21-b3f2ea1f6a95 - - - - - -] subnetpool is already registered
2026-03-12 22:17:06.726 8 INFO neutron.quota.resource_registry [None req-c0268f03-6d98-4a01-ac21-b3f2ea1f6a95 - - - - - -] Creating instance of TrackedResource for resource:subnetpool
2026-03-12 22:17:06.726 8 WARNING neutron.quota.resource_registry [None req-c0268f03-6d98-4a01-ac21-b3f2ea1f6a95 - - - - - -] subnetpool is already registered
2026-03-12 22:17:06.726 8 INFO neutron.quota.resource_registry [None req-c0268f03-6d98-4a01-ac21-b3f2ea1f6a95 - - - - - -] Creating instance of CountableResource for resource:trunk
2026-03-12 22:17:06.727 8 WARNING neutron.quota.resource_registry [None req-c0268f03-6d98-4a01-ac21-b3f2ea1f6a95 - - - - - -] trunk is already registered WSGI app 0 (mountpoint='') ready in 7 seconds on interpreter 0x7f1b9c0f4668 pid: 7 (default app)
2026-03-12 22:17:06.727 8 INFO neutron.quota.resource_registry [None req-c0268f03-6d98-4a01-ac21-b3f2ea1f6a95 - - - - - -] Creating instance of CountableResource for resource:ikepolicy
2026-03-12 22:17:06.727 8 WARNING neutron.quota.resource_registry [None req-c0268f03-6d98-4a01-ac21-b3f2ea1f6a95 - - - - - -] ikepolicy is already registered
2026-03-12 22:17:06.727 8 INFO neutron.quota.resource_registry [None req-c0268f03-6d98-4a01-ac21-b3f2ea1f6a95 - - - - - -] Creating instance of CountableResource for resource:ipsecpolicy
2026-03-12 22:17:06.728 8 WARNING neutron.quota.resource_registry [None req-c0268f03-6d98-4a01-ac21-b3f2ea1f6a95 - - - - - -] ipsecpolicy is already registered
2026-03-12 22:17:06.728 8 INFO neutron.quota.resource_registry [None req-c0268f03-6d98-4a01-ac21-b3f2ea1f6a95 - - - - - -] Creating instance of CountableResource for resource:endpoint_group
2026-03-12 22:17:06.728 8 WARNING neutron.quota.resource_registry [None req-c0268f03-6d98-4a01-ac21-b3f2ea1f6a95 - - - - - -] endpoint_group is already registered
2026-03-12 22:17:06.728 8 INFO neutron.quota.resource_registry [None req-c0268f03-6d98-4a01-ac21-b3f2ea1f6a95 - - - - - -] Creating instance of CountableResource for resource:vpnservice
2026-03-12 22:17:06.728 8 WARNING neutron.quota.resource_registry [None req-c0268f03-6d98-4a01-ac21-b3f2ea1f6a95 - - - - - -] vpnservice is already registered
2026-03-12 22:17:06.729 8 INFO neutron.quota.resource_registry [None req-c0268f03-6d98-4a01-ac21-b3f2ea1f6a95 - - - - - -] Creating instance of CountableResource for resource:ipsec_site_connection
2026-03-12 22:17:06.729 8 WARNING neutron.quota.resource_registry [None req-c0268f03-6d98-4a01-ac21-b3f2ea1f6a95 - - - - - -] ipsec_site_connection is already registered
2026-03-12 22:17:06.729 8 INFO neutron.quota.resource_registry [None req-c0268f03-6d98-4a01-ac21-b3f2ea1f6a95 - - - - - -] Creating instance of CountableResource for resource:ipsecpolicy
2026-03-12 22:17:06.730 8 WARNING neutron.quota.resource_registry [None req-c0268f03-6d98-4a01-ac21-b3f2ea1f6a95 - - - - - -] ipsecpolicy is already registered
2026-03-12 22:17:06.730 8 INFO neutron.quota.resource_registry [None req-c0268f03-6d98-4a01-ac21-b3f2ea1f6a95 - - - - - -] Creating instance of CountableResource for resource:ikepolicy
2026-03-12 22:17:06.730 8 WARNING neutron.quota.resource_registry [None req-c0268f03-6d98-4a01-ac21-b3f2ea1f6a95 - - - - - -] ikepolicy is already registered
2026-03-12 22:17:06.769 8 WARNING keystonemiddleware._common.config [None req-c0268f03-6d98-4a01-ac21-b3f2ea1f6a95 - - - - - -] The option "audit_map_file" is not known to keystonemiddleware
2026-03-12 22:17:06.776 8 WARNING oslo_config.cfg [None req-c0268f03-6d98-4a01-ac21-b3f2ea1f6a95 - - - - - -] Deprecated: Option "auth_uri" from group "keystone_authtoken" is deprecated. Use option "www_authenticate_uri" from group "keystone_authtoken". WSGI app 0 (mountpoint='') ready in 7 seconds on interpreter 0x7f1b9c0f4668 pid: 8 (default app) /var/lib/openstack/lib/python3.12/site-packages/pycadf/identifier.py:70: UserWarning: Invalid uuid: unknown. To ensure interoperability, identifiers should be a valid uuid. warnings.warn(('Invalid uuid: %s. To ensure interoperability, '
2026-03-12 22:17:12.218 7 INFO neutron.pecan_wsgi.hooks.translation [None req-597075ef-3225-43b2-aea8-914fe7a49412 3b5824ef04e2400a914b3ae7919fab4a dde4842a172c48daad9149a4a749cd9e - - default default] GET failed (client error): The resource could not be found. [pid: 7|app: 0|req: 3/3] 162.253.55.74 () {44 vars in 924 bytes} [Thu Mar 12 22:17:11 2026] GET /v2.0/networks/public => generated 108 bytes in 777 msecs (HTTP/1.1 404) 4 headers in 164 bytes (1 switches on core 0) /var/lib/openstack/lib/python3.12/site-packages/pycadf/identifier.py:70: UserWarning: Invalid uuid: unknown. To ensure interoperability, identifiers should be a valid uuid. warnings.warn(('Invalid uuid: %s. To ensure interoperability, ' [pid: 8|app: 0|req: 1/4] 162.253.55.74 () {44 vars in 946 bytes} [Thu Mar 12 22:17:12 2026] GET /v2.0/networks?name=public => generated 15 bytes in 349 msecs (HTTP/1.1 200) 4 headers in 156 bytes (1 switches on core 0)
2026-03-12 22:17:12.909 7 WARNING neutron.services.revisions.revision_plugin [None req-b8593b58-8473-4862-920d-88c37336ac7e 3b5824ef04e2400a914b3ae7919fab4a dde4842a172c48daad9149a4a749cd9e - - default default] Could not find related network for resource to bump revision.
2026-03-12 22:17:12.926 7 INFO neutron.db.segments_db [None req-b8593b58-8473-4862-920d-88c37336ac7e 3b5824ef04e2400a914b3ae7919fab4a dde4842a172c48daad9149a4a749cd9e - - default default] Added segment d12bf901-0251-41de-9232-5cd09715bbdd of type flat for network 5d8e3ae7-34f5-46c0-9222-e57cef972c21
2026-03-12 22:17:12.966 7 INFO neutron.pecan_wsgi.hooks.translation [None req-b8593b58-8473-4862-920d-88c37336ac7e 3b5824ef04e2400a914b3ae7919fab4a dde4842a172c48daad9149a4a749cd9e - - default default] POST failed (client error): The resource could not be found. [pid: 7|app: 0|req: 4/5] 162.253.55.74 () {48 vars in 964 bytes} [Thu Mar 12 22:17:12 2026] POST /v2.0/networks => generated 124 bytes in 402 msecs (HTTP/1.1 404) 4 headers in 164 bytes (1 switches on core 0)
2026-03-12 22:17:18.807 7 INFO neutron.pecan_wsgi.hooks.translation [None req-c1135874-2523-4339-9058-0b0cef381a9f 3b5824ef04e2400a914b3ae7919fab4a dde4842a172c48daad9149a4a749cd9e - - default default] GET failed (client error): The resource could not be found. [pid: 7|app: 0|req: 5/7] 162.253.55.74 () {44 vars in 924 bytes} [Thu Mar 12 22:17:18 2026] GET /v2.0/networks/public => generated 108 bytes in 41 msecs (HTTP/1.1 404) 4 headers in 164 bytes (1 switches on core 0) [pid: 8|app: 0|req: 3/8] 162.253.55.74 () {44 vars in 946 bytes} [Thu Mar 12 22:17:18 2026] GET /v2.0/networks?name=public => generated 15 bytes in 14 msecs (HTTP/1.1 200) 4 headers in 156 bytes (1 switches on core 0)
2026-03-12 22:17:18.873 7 WARNING neutron.services.revisions.revision_plugin [None req-443d586f-82dd-4ad2-b97d-b999d6802d9b 3b5824ef04e2400a914b3ae7919fab4a dde4842a172c48daad9149a4a749cd9e - - default default] Could not find related network for resource to bump revision.
2026-03-12 22:17:18.887 7 INFO neutron.db.segments_db [None req-443d586f-82dd-4ad2-b97d-b999d6802d9b 3b5824ef04e2400a914b3ae7919fab4a dde4842a172c48daad9149a4a749cd9e - - default default] Added segment e692e3d1-46ad-4ab1-8c7a-13d8150c3df0 of type flat for network cf8cf574-63ff-4d66-975e-227ba7b473ac
2026-03-12 22:17:18.916 7 INFO neutron.pecan_wsgi.hooks.translation [None req-443d586f-82dd-4ad2-b97d-b999d6802d9b 3b5824ef04e2400a914b3ae7919fab4a dde4842a172c48daad9149a4a749cd9e - - default default] POST failed (client error): The resource could not be found. [pid: 7|app: 0|req: 6/9] 162.253.55.74 () {48 vars in 964 bytes} [Thu Mar 12 22:17:18 2026] POST /v2.0/networks => generated 124 bytes in 103 msecs (HTTP/1.1 404) 4 headers in 164 bytes (1 switches on core 0)
2026-03-12 22:17:25.053 8 INFO neutron.pecan_wsgi.hooks.translation [None req-00e0211e-39be-4288-9807-d774f75101fc 3b5824ef04e2400a914b3ae7919fab4a dde4842a172c48daad9149a4a749cd9e - - default default] GET failed (client error): The resource could not be found. [pid: 8|app: 0|req: 4/10] 162.253.55.74 () {44 vars in 924 bytes} [Thu Mar 12 22:17:24 2026] GET /v2.0/networks/public => generated 108 bytes in 360 msecs (HTTP/1.1 404) 4 headers in 164 bytes (1 switches on core 0) [pid: 7|app: 0|req: 7/11] 162.253.55.74 () {44 vars in 946 bytes} [Thu Mar 12 22:17:25 2026] GET /v2.0/networks?name=public => generated 15 bytes in 18 msecs (HTTP/1.1 200) 4 headers in 156 bytes (1 switches on core 0)
2026-03-12 22:17:25.314 8 WARNING neutron.services.revisions.revision_plugin [None req-bedb833e-5d53-461a-9f1c-9bfe39a2f512 3b5824ef04e2400a914b3ae7919fab4a dde4842a172c48daad9149a4a749cd9e - - default default] Could not find related network for resource to bump revision.
2026-03-12 22:17:25.334 8 INFO neutron.db.segments_db [None req-bedb833e-5d53-461a-9f1c-9bfe39a2f512 3b5824ef04e2400a914b3ae7919fab4a dde4842a172c48daad9149a4a749cd9e - - default default] Added segment c1a43062-79de-497f-b838-497a9e71c919 of type flat for network 931e893a-61d1-4570-9eaf-8cc233b48a7b
2026-03-12 22:17:25.395 8 INFO neutron.pecan_wsgi.hooks.translation [None req-bedb833e-5d53-461a-9f1c-9bfe39a2f512 3b5824ef04e2400a914b3ae7919fab4a dde4842a172c48daad9149a4a749cd9e - - default default] POST failed (client error): The resource could not be found. [pid: 8|app: 0|req: 5/12] 162.253.55.74 () {48 vars in 964 bytes} [Thu Mar 12 22:17:25 2026] POST /v2.0/networks => generated 124 bytes in 327 msecs (HTTP/1.1 404) 4 headers in 164 bytes (1 switches on core 0)
2026-03-12 22:17:31.220 8 INFO neutron.pecan_wsgi.hooks.translation [None req-c60d99f3-00b3-45e3-9dc9-f044e69a14e2 3b5824ef04e2400a914b3ae7919fab4a dde4842a172c48daad9149a4a749cd9e - - default default] GET failed (client error): The resource could not be found. [pid: 8|app: 0|req: 6/14] 162.253.55.74 () {44 vars in 924 bytes} [Thu Mar 12 22:17:31 2026] GET /v2.0/networks/public => generated 108 bytes in 37 msecs (HTTP/1.1 404) 4 headers in 164 bytes (1 switches on core 0) [pid: 7|app: 0|req: 9/15] 162.253.55.74 () {44 vars in 946 bytes} [Thu Mar 12 22:17:31 2026] GET /v2.0/networks?name=public => generated 15 bytes in 13 msecs (HTTP/1.1 200) 4 headers in 156 bytes (1 switches on core 0)
2026-03-12 22:17:31.292 8 WARNING neutron.services.revisions.revision_plugin [None req-4cc99634-4793-4be2-a35f-5fdbe58b8b10 3b5824ef04e2400a914b3ae7919fab4a dde4842a172c48daad9149a4a749cd9e - - default default] Could not find related network for resource to bump revision.
2026-03-12 22:17:31.308 8 INFO neutron.db.segments_db [None req-4cc99634-4793-4be2-a35f-5fdbe58b8b10 3b5824ef04e2400a914b3ae7919fab4a dde4842a172c48daad9149a4a749cd9e - - default default] Added segment 5203bef8-70b8-4afe-b210-2b0163f31c00 of type flat for network 63180477-500a-42b8-b75e-5e8aae57bf62
2026-03-12 22:17:31.329 8 INFO neutron.pecan_wsgi.hooks.translation [None req-4cc99634-4793-4be2-a35f-5fdbe58b8b10 3b5824ef04e2400a914b3ae7919fab4a dde4842a172c48daad9149a4a749cd9e - - default default] POST failed (client error): The resource could not be found. [pid: 8|app: 0|req: 7/16] 162.253.55.74 () {48 vars in 964 bytes} [Thu Mar 12 22:17:31 2026] POST /v2.0/networks => generated 124 bytes in 94 msecs (HTTP/1.1 404) 4 headers in 164 bytes (1 switches on core 0)
2026-03-12 22:17:37.153 7 INFO neutron.pecan_wsgi.hooks.translation [None req-375534f5-182a-4a60-b6ef-3c2f97448933 3b5824ef04e2400a914b3ae7919fab4a dde4842a172c48daad9149a4a749cd9e - - default default] GET failed (client error): The resource could not be found. [pid: 7|app: 0|req: 10/17] 162.253.55.74 () {44 vars in 924 bytes} [Thu Mar 12 22:17:37 2026] GET /v2.0/networks/public => generated 108 bytes in 46 msecs (HTTP/1.1 404) 4 headers in 164 bytes (1 switches on core 0) [pid: 8|app: 0|req: 8/18] 162.253.55.74 () {44 vars in 946 bytes} [Thu Mar 12 22:17:37 2026] GET /v2.0/networks?name=public => generated 15 bytes in 13 msecs (HTTP/1.1 200) 4 headers in 156 bytes (1 switches on core 0)
2026-03-12 22:17:37.340 7 WARNING neutron.services.revisions.revision_plugin [None req-00b5ce33-9a97-479f-9101-72340ba08eb2 3b5824ef04e2400a914b3ae7919fab4a dde4842a172c48daad9149a4a749cd9e - - default default] Could not find related network for resource to bump revision.
2026-03-12 22:17:37.360 7 INFO neutron.db.segments_db [None req-00b5ce33-9a97-479f-9101-72340ba08eb2 3b5824ef04e2400a914b3ae7919fab4a dde4842a172c48daad9149a4a749cd9e - - default default] Added segment a906f4a4-7cd3-42f7-bf8d-b80581141d3d of type flat for network 65eda28f-2ae2-4b4c-b9f8-b0df5b7cd01d [pid: 7|app: 0|req: 11/19] 162.253.55.74 () {48 vars in 964 bytes} [Thu Mar 12 22:17:37 2026] POST /v2.0/networks => generated 706 bytes in 380 msecs (HTTP/1.1 201) 4 headers in 162 bytes (1 switches on core 0)
2026-03-12 22:17:38.670 8 INFO neutron.pecan_wsgi.hooks.translation [None req-c18bf404-2fc4-4ec1-b669-37e10fdd2330 3b5824ef04e2400a914b3ae7919fab4a dde4842a172c48daad9149a4a749cd9e - - default default] GET failed (client error): The resource could not be found. [pid: 8|app: 0|req: 9/20] 162.253.55.74 () {44 vars in 924 bytes} [Thu Mar 12 22:17:38 2026] GET /v2.0/networks/public => generated 108 bytes in 40 msecs (HTTP/1.1 404) 4 headers in 164 bytes (1 switches on core 0) [pid: 7|app: 0|req: 12/21] 162.253.55.74 () {44 vars in 946 bytes} [Thu Mar 12 22:17:38 2026] GET /v2.0/networks?name=public => generated 709 bytes in 46 msecs (HTTP/1.1 200) 4 headers in 157 bytes (1 switches on core 0)
2026-03-12 22:17:38.762 8 INFO neutron.pecan_wsgi.hooks.translation [None req-ce04515f-170c-4b02-8608-87f3f87e2b47 3b5824ef04e2400a914b3ae7919fab4a dde4842a172c48daad9149a4a749cd9e - - default default] GET failed (client error): The resource could not be found. [pid: 8|app: 0|req: 10/22] 162.253.55.74 () {44 vars in 1031 bytes} [Thu Mar 12 22:17:38 2026] GET /v2.0/subnets/public-subnet?network_id=65eda28f-2ae2-4b4c-b9f8-b0df5b7cd01d => generated 113 bytes in 31 msecs (HTTP/1.1 404) 4 headers in 164 bytes (1 switches on core 0) [pid: 7|app: 0|req: 13/23] 162.253.55.74 () {44 vars in 1054 bytes} [Thu Mar 12 22:17:38 2026] GET /v2.0/subnets?name=public-subnet&network_id=65eda28f-2ae2-4b4c-b9f8-b0df5b7cd01d => generated 14 bytes in 24 msecs (HTTP/1.1 200) 4 headers in 156 bytes (1 switches on core 0) [pid: 8|app: 0|req: 11/24] 162.253.55.74 () {48 vars in 962 bytes} [Thu Mar 12 22:17:38 2026] POST /v2.0/subnets => generated 664 bytes in 331 msecs (HTTP/1.1 201) 4 headers in 162 bytes (1 switches on core 0)
2026-03-12 22:22:24.469 7 INFO neutron.pecan_wsgi.hooks.translation [None req-0322b7da-abfa-44cc-bad6-8069dba165ce 3b5824ef04e2400a914b3ae7919fab4a dde4842a172c48daad9149a4a749cd9e - - default default] GET failed (client error): The resource could not be found. [pid: 7|app: 0|req: 33/62] 162.253.55.74 () {44 vars in 934 bytes} [Thu Mar 12 22:22:24 2026] GET /v2.0/networks/lb-mgmt-net => generated 113 bytes in 99 msecs (HTTP/1.1 404) 4 headers in 164 bytes (1 switches on core 0) [pid: 8|app: 0|req: 30/63] 162.253.55.74 () {44 vars in 956 bytes} [Thu Mar 12 22:22:24 2026] GET /v2.0/networks?name=lb-mgmt-net => generated 15 bytes in 18 msecs (HTTP/1.1 200) 4 headers in 156 bytes (1 switches on core 0)
2026-03-12 22:22:24.560 7 INFO neutron.db.segments_db [None req-a10e1018-d996-40b8-9449-a1d80a0db9a7 3b5824ef04e2400a914b3ae7919fab4a dde4842a172c48daad9149a4a749cd9e - - default default] Added segment ed9b9374-c879-424e-9eec-59fe21cf625e of type vxlan for network 869b3a35-5d24-4900-8b66-0ca024dde1be [pid: 7|app: 0|req: 34/64] 162.253.55.74 () {48 vars in 963 bytes} [Thu Mar 12 22:22:24 2026] POST /v2.0/networks => generated 688 bytes in 141 msecs (HTTP/1.1 201) 4 headers in 162 bytes (1 switches on core 0)
2026-03-12 22:22:25.537 8 INFO neutron.pecan_wsgi.hooks.translation [None req-cf64c763-3f08-42ac-bf45-17a625186246 3b5824ef04e2400a914b3ae7919fab4a dde4842a172c48daad9149a4a749cd9e - - default default] GET failed (client error): The resource could not be found. [pid: 8|app: 0|req: 31/65] 162.253.55.74 () {44 vars in 934 bytes} [Thu Mar 12 22:22:25 2026] GET /v2.0/networks/lb-mgmt-net => generated 113 bytes in 58 msecs (HTTP/1.1 404) 4 headers in 164 bytes (1 switches on core 0) [pid: 7|app: 0|req: 35/66] 162.253.55.74 () {44 vars in 956 bytes} [Thu Mar 12 22:22:25 2026] GET /v2.0/networks?name=lb-mgmt-net => generated 691 bytes in 38 msecs (HTTP/1.1 200) 4 headers in 157 bytes (1 switches on core 0)
2026-03-12 22:22:25.604 8 INFO neutron.pecan_wsgi.hooks.translation [None req-e50d72b8-3f7a-4182-82c9-d29c36d49aaa 3b5824ef04e2400a914b3ae7919fab4a dde4842a172c48daad9149a4a749cd9e - - default default] GET failed (client error): The resource could not be found. [pid: 8|app: 0|req: 32/67] 162.253.55.74 () {44 vars in 1033 bytes} [Thu Mar 12 22:22:25 2026] GET /v2.0/subnets/lb-mgmt-subnet?network_id=869b3a35-5d24-4900-8b66-0ca024dde1be => generated 114 bytes in 15 msecs (HTTP/1.1 404) 4 headers in 164 bytes (1 switches on core 0) [pid: 7|app: 0|req: 36/68] 162.253.55.74 () {44 vars in 1056 bytes} [Thu Mar 12 22:22:25 2026] GET /v2.0/subnets?name=lb-mgmt-subnet&network_id=869b3a35-5d24-4900-8b66-0ca024dde1be => generated 14 bytes in 13 msecs (HTTP/1.1 200) 4 headers in 156 bytes (1 switches on core 0) [pid: 8|app: 0|req: 33/69] 162.253.55.74 () {48 vars in 962 bytes} [Thu Mar 12 22:22:25 2026] POST /v2.0/subnets => generated 651 bytes in 168 msecs (HTTP/1.1 201) 4 headers in 162 bytes (1 switches on core 0)
