2026-04-07 01:18:12.258 10 INFO neutron.wsgi [None req-9d8a3073-1e0f-495d-9209-c9cfed6dda79 dc9d2d16c689468eb9ae717a4fd55cde e6705f3bda3f4e29ba29747d9f0d78b2 - - default default] 10.0.0.131 "GET /v2.0/subnets?tags=red%2Cblue HTTP/1.1" status: 200 len: 1430 time: 0.0869067
2026-04-07 01:18:12.332 10 INFO neutron.wsgi [None req-7d1e32df-1b10-4f5a-9a24-8a60791b2f0a dc9d2d16c689468eb9ae717a4fd55cde e6705f3bda3f4e29ba29747d9f0d78b2 - - default default] 10.0.0.131 "GET /v2.0/subnets?tags-any=blue HTTP/1.1" status: 200 len: 1430 time: 0.0685952
2026-04-07 01:18:12.382 10 INFO neutron.wsgi [None req-254c00b0-097c-44ad-8779-be4d8dd76a76 dc9d2d16c689468eb9ae717a4fd55cde e6705f3bda3f4e29ba29747d9f0d78b2 - - default default] 10.0.0.131 "GET /v2.0/subnets?tags-any=red%2Cblue HTTP/1.1" status: 200 len: 2027 time: 0.0464003
2026-04-07 01:18:12.458 10 INFO neutron.wsgi [None req-5d5cac40-bae2-47aa-87ea-5887284480e4 dc9d2d16c689468eb9ae717a4fd55cde e6705f3bda3f4e29ba29747d9f0d78b2 - - default default] 10.0.0.131 "GET /v2.0/subnets?not-tags=red HTTP/1.1" status: 200 len: 2018 time: 0.0703294
2026-04-07 01:18:12.534 10 INFO neutron.wsgi [None req-612a28f5-d5a9-4dd8-b28f-b87e1906e4a4 dc9d2d16c689468eb9ae717a4fd55cde e6705f3bda3f4e29ba29747d9f0d78b2 - - default default] 10.0.0.131 "GET /v2.0/subnets?not-tags=red%2Cblue HTTP/1.1" status: 200 len: 2615 time: 0.0720255
2026-04-07 01:18:12.610 10 INFO neutron.wsgi [None req-2bcd1410-135f-4461-8a65-1f2dafba6946 dc9d2d16c689468eb9ae717a4fd55cde e6705f3bda3f4e29ba29747d9f0d78b2 - - default default] 10.0.0.131 "GET /v2.0/subnets?not-tags-any=blue HTTP/1.1" status: 200 len: 2615 time: 0.0674443
2026-04-07 01:18:12.661 10 INFO neutron.wsgi [None req-36128b01-dc43-4a1e-9c21-fa94b36b0ac7 dc9d2d16c689468eb9ae717a4fd55cde e6705f3bda3f4e29ba29747d9f0d78b2 - - default default] 10.0.0.131 "GET /v2.0/subnets?not-tags-any=red%2Cblue HTTP/1.1" status: 200 len: 2018 time: 0.0451617
2026-04-07 01:18:12.902 10 INFO neutron.wsgi [None req-2fa3c016-fa2d-4bc1-a1e6-fdc94bbe2e7a dc9d2d16c689468eb9ae717a4fd55cde e6705f3bda3f4e29ba29747d9f0d78b2 - - - -] 10.0.0.131 "DELETE /v2.0/subnets/e716403f-1ff4-40da-b3f4-20f9974c2338 HTTP/1.1" status: 204 len: 168 time: 0.2355428
2026-04-07 01:18:13.120 10 INFO neutron.wsgi [None req-aead0216-15d9-45e2-bed8-b4665c484f23 dc9d2d16c689468eb9ae717a4fd55cde e6705f3bda3f4e29ba29747d9f0d78b2 - - - -] 10.0.0.131 "DELETE /v2.0/subnets/b1783f96-3e99-4af0-8d55-211938f78a58 HTTP/1.1" status: 204 len: 168 time: 0.2126582
2026-04-07 01:18:13.325 10 INFO neutron.wsgi [None req-310e0a0b-77d7-42c6-bc16-1b880b6fbf8d dc9d2d16c689468eb9ae717a4fd55cde e6705f3bda3f4e29ba29747d9f0d78b2 - - - -] 10.0.0.131 "DELETE /v2.0/subnets/55ddb1d2-c2eb-40bb-b936-c0c94c0307e9 HTTP/1.1" status: 204 len: 168 time: 0.2000484
2026-04-07 01:18:13.535 10 INFO neutron.wsgi [None req-451c972b-ce7c-4556-a828-442047ccdc98 dc9d2d16c689468eb9ae717a4fd55cde e6705f3bda3f4e29ba29747d9f0d78b2 - - - -] 10.0.0.131 "DELETE /v2.0/subnets/dd2ac85b-410e-4a4b-b839-a37d19c73fb0 HTTP/1.1" status: 204 len: 168 time: 0.2011769
2026-04-07 01:18:13.704 9 INFO neutron.db.ovn_revision_numbers_db [None req-911a3604-eb2d-4f7b-b35e-94c4defb4965 0293b9205b2d4fe4bd4aa04a14e78d24 315f741c36044c2ab9414435abcb35d2 - - - -] Successfully bumped revision number for resource f5077e20-2c6d-4874-b862-cb4017d4ae5a (type: security_groups) to 1
2026-04-07 01:18:13.741 10 INFO neutron.wsgi [None req-a4c0b871-c589-4405-9059-e0baf7c8a5e1 dc9d2d16c689468eb9ae717a4fd55cde e6705f3bda3f4e29ba29747d9f0d78b2 - - - -] 10.0.0.131 "DELETE /v2.0/subnets/fd59b9e9-9e9a-4186-9d64-e04b2fd86d67 HTTP/1.1" status: 204 len: 168 time: 0.1945992
2026-04-07 01:18:13.780 9 INFO neutron.db.segments_db [None req-911a3604-eb2d-4f7b-b35e-94c4defb4965 0293b9205b2d4fe4bd4aa04a14e78d24 315f741c36044c2ab9414435abcb35d2 - - - -] Added segment 9d3916a0-cdf5-4276-b54f-ee9f0b56bf02 of type geneve for network 0b24c49a-4752-4326-a51a-2143067f1b15
2026-04-07 01:18:13.960 9 INFO neutron.db.ovn_revision_numbers_db [None req-911a3604-eb2d-4f7b-b35e-94c4defb4965 0293b9205b2d4fe4bd4aa04a14e78d24 315f741c36044c2ab9414435abcb35d2 - - - -] Successfully bumped revision number for resource 0b24c49a-4752-4326-a51a-2143067f1b15 (type: networks) to 1
2026-04-07 01:18:14.206 9 WARNING neutron.scheduler.dhcp_agent_scheduler [None req-911a3604-eb2d-4f7b-b35e-94c4defb4965 0293b9205b2d4fe4bd4aa04a14e78d24 315f741c36044c2ab9414435abcb35d2 - - - -] No more DHCP agents
2026-04-07 01:18:14.220 9 WARNING neutron.api.rpc.agentnotifiers.dhcp_rpc_agent_api [None req-911a3604-eb2d-4f7b-b35e-94c4defb4965 0293b9205b2d4fe4bd4aa04a14e78d24 315f741c36044c2ab9414435abcb35d2 - - - -] Unable to schedule network 0b24c49a-4752-4326-a51a-2143067f1b15: no agents available; will retry on subsequent port and subnet creation events.
2026-04-07 01:18:14.316 9 INFO neutron.services.segments.plugin [-] Segment e89a70af-ed6b-4d91-8a5e-3d12e78ebd0a resource provider aggregate not found
2026-04-07 01:18:14.321 9 INFO neutron.services.segments.plugin [-] Segment e89a70af-ed6b-4d91-8a5e-3d12e78ebd0a resource provider aggregate not found
2026-04-07 01:18:14.338 9 INFO neutron.services.segments.plugin [-] Segment e89a70af-ed6b-4d91-8a5e-3d12e78ebd0a resource provider not found; error: Placement Client Error (4xx): {"errors": [{"status": 404, "title": "Not Found", "detail": "The resource could not be found.\n\n No resource provider with uuid e89a70af-ed6b-4d91-8a5e-3d12e78ebd0a found for delete ", "request_id": "req-aaab39ae-f95f-4e0f-a830-e561f8de73f0"}]}
2026-04-07 01:18:14.339 9 INFO neutron.services.segments.plugin [-] Segment e89a70af-ed6b-4d91-8a5e-3d12e78ebd0a resource provider not found; error: Placement Client Error (4xx): {"errors": [{"status": 404, "title": "Not Found", "detail": "The resource could not be found.\n\n No resource provider with uuid e89a70af-ed6b-4d91-8a5e-3d12e78ebd0a found for delete ", "request_id": "req-336ebddc-4289-4153-b11b-42e2b36f0b55"}]}
2026-04-07 01:18:14.345 9 INFO neutron.db.ovn_revision_numbers_db [None req-911a3604-eb2d-4f7b-b35e-94c4defb4965 0293b9205b2d4fe4bd4aa04a14e78d24 315f741c36044c2ab9414435abcb35d2 - - - -] Successfully bumped revision number for resource 36db5991-c6d7-4f51-88e3-ccaaffe4ec19 (type: ports) to 1
2026-04-07 01:18:14.369 9 INFO neutron.wsgi [None req-d5c9118b-ca6f-4a20-adee-841711155009 dc9d2d16c689468eb9ae717a4fd55cde e6705f3bda3f4e29ba29747d9f0d78b2 - - - -] 10.0.0.131 "DELETE /v2.0/networks/5f2cad92-2b25-4893-b2ed-6719666ee78f HTTP/1.1" status: 204 len: 168 time: 0.6194875
2026-04-07 01:18:14.379 9 INFO neutron.wsgi [None req-911a3604-eb2d-4f7b-b35e-94c4defb4965 0293b9205b2d4fe4bd4aa04a14e78d24 315f741c36044c2ab9414435abcb35d2 - - - -] 10.0.0.131 "POST /v2.0/networks HTTP/1.1" status: 201 len: 943 time: 0.9465160
2026-04-07 01:18:14.562 9 WARNING neutron.scheduler.dhcp_agent_scheduler [None req-404b5665-d040-4e3b-b183-d5ab16e9dec3 0293b9205b2d4fe4bd4aa04a14e78d24 315f741c36044c2ab9414435abcb35d2 - - - -] No more DHCP agents
2026-04-07 01:18:14.566 9 WARNING neutron.api.rpc.agentnotifiers.dhcp_rpc_agent_api [None req-404b5665-d040-4e3b-b183-d5ab16e9dec3 0293b9205b2d4fe4bd4aa04a14e78d24 315f741c36044c2ab9414435abcb35d2 - - - -] Unable to schedule network 0b24c49a-4752-4326-a51a-2143067f1b15: no agents available; will retry on subsequent port and subnet creation events.
2026-04-07 01:18:14.633 9 INFO neutron.db.ovn_revision_numbers_db [None req-15dde683-2847-4939-a156-cfc01ed1df0e 0293b9205b2d4fe4bd4aa04a14e78d24 315f741c36044c2ab9414435abcb35d2 - - default default] Successfully bumped revision number for resource 8f85566d-7cba-44d3-86c0-0c09af4bdee5 (type: security_groups) to 1
2026-04-07 01:18:14.673 9 INFO neutron.wsgi [None req-15dde683-2847-4939-a156-cfc01ed1df0e 0293b9205b2d4fe4bd4aa04a14e78d24 315f741c36044c2ab9414435abcb35d2 - - default default] 10.0.0.131 "GET /v2.0/security-groups?tenant_id=cbb0522d374547488d3e747f7b1cedd7&name=default HTTP/1.1" status: 200 len: 2996 time: 0.2461929
2026-04-07 01:18:14.782 10 INFO neutron.services.segments.plugin [-] Segment 6d1c3ca2-bf52-408e-b6a6-29e6d679e594 resource provider aggregate not found
2026-04-07 01:18:14.787 10 INFO neutron.services.segments.plugin [-] Segment 6d1c3ca2-bf52-408e-b6a6-29e6d679e594 resource provider aggregate not found
2026-04-07 01:18:14.812 10 INFO neutron.services.segments.plugin [-] Segment 6d1c3ca2-bf52-408e-b6a6-29e6d679e594 resource provider not found; error: Placement Client Error (4xx): {"errors": [{"status": 404, "title": "Not Found", "detail": "The resource could not be found.\n\n No resource provider with uuid 6d1c3ca2-bf52-408e-b6a6-29e6d679e594 found for delete ", "request_id": "req-b0192100-e1f5-48fe-a5ec-560e4c34d89c"}]}
2026-04-07 01:18:14.814 10 INFO neutron.services.segments.plugin [-] Segment 6d1c3ca2-bf52-408e-b6a6-29e6d679e594 resource provider not found; error: Placement Client Error (4xx): {"errors": [{"status": 404, "title": "Not Found", "detail": "The resource could not be found.\n\n No resource provider with uuid 6d1c3ca2-bf52-408e-b6a6-29e6d679e594 found for delete ", "request_id": "req-a6721334-d4be-4a61-a78f-9c6bbf16e1ef"}]}
2026-04-07 01:18:14.846 10 INFO neutron.wsgi [None req-27ca8933-bd7a-490a-8d93-a6436193c42b dc9d2d16c689468eb9ae717a4fd55cde e6705f3bda3f4e29ba29747d9f0d78b2 - - - -] 10.0.0.131 "DELETE /v2.0/networks/b3d226f5-4cd1-4097-8b8c-76d81f4604a3 HTTP/1.1" status: 204 len: 168 time: 0.4703639
2026-04-07 01:18:14.990 10 INFO neutron.wsgi [None req-ed1dedf7-f26b-40ea-beae-d6de550e1fa3 0293b9205b2d4fe4bd4aa04a14e78d24 315f741c36044c2ab9414435abcb35d2 - - - -] 10.0.0.131 "DELETE /v2.0/security-groups/8f85566d-7cba-44d3-86c0-0c09af4bdee5 HTTP/1.1" status: 204 len: 168 time: 0.3119266
2026-04-07 01:18:15.230 10 INFO neutron.wsgi [None req-0051d8d4-9322-43f1-a174-0d8baf4f655b dc9d2d16c689468eb9ae717a4fd55cde e6705f3bda3f4e29ba29747d9f0d78b2 - - - -] 10.0.0.131 "DELETE /v2.0/networks/15fe9138-3e2f-4b17-970f-9abfd8427f00 HTTP/1.1" status: 204 len: 168 time: 0.3765242
2026-04-07 01:18:15.496 9 INFO neutron.db.ovn_revision_numbers_db [None req-404b5665-d040-4e3b-b183-d5ab16e9dec3 0293b9205b2d4fe4bd4aa04a14e78d24 315f741c36044c2ab9414435abcb35d2 - - - -] Successfully bumped revision number for resource 36db5991-c6d7-4f51-88e3-ccaaffe4ec19 (type: ports) to 2
2026-04-07 01:18:15.518 9 INFO neutron.db.ovn_revision_numbers_db [None req-404b5665-d040-4e3b-b183-d5ab16e9dec3 0293b9205b2d4fe4bd4aa04a14e78d24 315f741c36044c2ab9414435abcb35d2 - - - -] Successfully bumped revision number for resource 44e99c04-95ae-4ab4-8590-3400a805ac57 (type: subnets) to 0
2026-04-07 01:18:15.533 9 INFO neutron.wsgi [None req-404b5665-d040-4e3b-b183-d5ab16e9dec3 0293b9205b2d4fe4bd4aa04a14e78d24 315f741c36044c2ab9414435abcb35d2 - - - -] 10.0.0.131 "POST /v2.0/subnets HTTP/1.1" status: 201 len: 863 time: 1.1476190
2026-04-07 01:18:15.757 9 INFO neutron.wsgi [None req-2d5d6543-202e-4e1e-a0f7-64548ecd0728 dc9d2d16c689468eb9ae717a4fd55cde e6705f3bda3f4e29ba29747d9f0d78b2 - - - -] 10.0.0.131 "DELETE /v2.0/networks/76843c6f-eb76-420f-ace5-074cb5effe07 HTTP/1.1" status: 204 len: 168 time: 0.5213866
2026-04-07 01:18:16.080 9 WARNING neutron.scheduler.dhcp_agent_scheduler [None req-2b06877c-18f5-46bb-8aa9-530f2ccc5e65 0293b9205b2d4fe4bd4aa04a14e78d24 315f741c36044c2ab9414435abcb35d2 - - - -] No more DHCP agents
2026-04-07 01:18:16.082 9 WARNING neutron.api.rpc.agentnotifiers.dhcp_rpc_agent_api [None req-2b06877c-18f5-46bb-8aa9-530f2ccc5e65 0293b9205b2d4fe4bd4aa04a14e78d24 315f741c36044c2ab9414435abcb35d2 - - - -] Unable to schedule network 309b9ca1-f325-4f09-9919-8a3a5a0a4aac: no agents available; will retry on subsequent port and subnet creation events.
2026-04-07 01:18:16.221 9 INFO neutron.db.ovn_revision_numbers_db [None req-2b06877c-18f5-46bb-8aa9-530f2ccc5e65 0293b9205b2d4fe4bd4aa04a14e78d24 315f741c36044c2ab9414435abcb35d2 - - - -] Successfully bumped revision number for resource b7cf60b2-21ff-4e5d-b862-8e5ec33312e4 (type: ports) to 1
2026-04-07 01:18:16.227 10 INFO neutron.wsgi [None req-ed0467c5-839b-421c-aa7d-6f3458ecbbbc dc9d2d16c689468eb9ae717a4fd55cde e6705f3bda3f4e29ba29747d9f0d78b2 - - - -] 10.0.0.131 "DELETE /v2.0/networks/360fe3d6-3ed9-41d6-8670-2b0cc6ca744a HTTP/1.1" status: 204 len: 168 time: 0.4626818
2026-04-07 01:18:16.371 9 INFO neutron.services.segments.plugin [-] Segment dd22ed0e-b1ff-4db1-b24e-a4e671611572 resource provider aggregate not found
2026-04-07 01:18:16.378 9 INFO neutron.services.segments.plugin [-] Segment dd22ed0e-b1ff-4db1-b24e-a4e671611572 resource provider aggregate not found
2026-04-07 01:18:16.399 9 INFO neutron.services.segments.plugin [-] Segment dd22ed0e-b1ff-4db1-b24e-a4e671611572 resource provider not found; error: Placement Client Error (4xx): {"errors": [{"status": 404, "title": "Not Found", "detail": "The resource could not be found.\n\n No resource provider with uuid dd22ed0e-b1ff-4db1-b24e-a4e671611572 found for delete ", "request_id": "req-9f5d4987-9c45-460f-9e02-c6818c7a5c44"}]}
2026-04-07 01:18:16.420 9 INFO neutron.services.segments.plugin [-] Segment dd22ed0e-b1ff-4db1-b24e-a4e671611572 resource provider not found; error: Placement Client Error (4xx): {"errors": [{"status": 404, "title": "Not Found", "detail": "The resource could not be found.\n\n No resource provider with uuid dd22ed0e-b1ff-4db1-b24e-a4e671611572 found for delete ", "request_id": "req-4c59eb10-9d45-42db-8f6d-1906e34e71f7"}]}
2026-04-07 01:18:16.845 10 INFO neutron.services.segments.plugin [-] Segment fd3a5752-0186-4843-92b1-0b019bb228cf resource provider aggregate not found
2026-04-07 01:18:16.856 10 INFO neutron.services.segments.plugin [-] Segment fd3a5752-0186-4843-92b1-0b019bb228cf resource provider aggregate not found
2026-04-07 01:18:16.861 10 INFO neutron.services.segments.plugin [-] Segment fd3a5752-0186-4843-92b1-0b019bb228cf resource provider not found; error: Placement Client Error (4xx): {"errors": [{"status": 404, "title": "Not Found", "detail": "The resource could not be found.\n\n No resource provider with uuid fd3a5752-0186-4843-92b1-0b019bb228cf found for delete ", "request_id": "req-dbedd307-1a25-48dc-91e7-396ffebb77af"}]}
2026-04-07 01:18:16.877 10 INFO neutron.services.segments.plugin [-] Segment fd3a5752-0186-4843-92b1-0b019bb228cf resource provider not found; error: Placement Client Error (4xx): {"errors": [{"status": 404, "title": "Not Found", "detail": "The resource could not be found.\n\n No resource provider with uuid fd3a5752-0186-4843-92b1-0b019bb228cf found for delete ", "request_id": "req-16a227a5-6335-4768-8201-70e1ebb906ed"}]}
2026-04-07 01:18:16.886 10 INFO neutron.services.segments.plugin [-] Segment 4d905e37-304a-4709-a973-2158e0196262 resource provider aggregate not found
2026-04-07 01:18:16.907 10 INFO neutron.services.segments.plugin [-] Segment 4d905e37-304a-4709-a973-2158e0196262 resource provider not found; error: Placement Client Error (4xx): {"errors": [{"status": 404, "title": "Not Found", "detail": "The resource could not be found.\n\n No resource provider with uuid 4d905e37-304a-4709-a973-2158e0196262 found for delete ", "request_id": "req-287ce98b-c4db-4fb5-9902-104f9d413bfd"}]}
2026-04-07 01:18:16.914 10 INFO neutron.services.segments.plugin [-] Segment 4d905e37-304a-4709-a973-2158e0196262 resource provider aggregate not found
2026-04-07 01:18:16.932 10 INFO neutron.services.segments.plugin [-] Segment 4d905e37-304a-4709-a973-2158e0196262 resource provider not found; error: Placement Client Error (4xx): {"errors": [{"status": 404, "title": "Not Found", "detail": "The resource could not be found.\n\n No resource provider with uuid 4d905e37-304a-4709-a973-2158e0196262 found for delete ", "request_id": "req-34bab8eb-564f-4d38-9b72-1967403ee028"}]}
2026-04-07 01:18:17.100 10 INFO neutron.plugins.ml2.drivers.ovn.mech_driver.mech_driver [None req-ee02499f-61ca-4756-b0aa-f7c26bd3149e - - - - - -] OVN reports status up for port: b7cf60b2-21ff-4e5d-b862-8e5ec33312e4
2026-04-07 01:18:17.105 9 INFO neutron.plugins.ml2.drivers.ovn.mech_driver.ovsdb.ovsdb_monitor [None req-18d9125e-8562-4438-af39-4b88e7a4fdc4 - - - - - -] Router d496d28f-d3d2-4ba1-a866-51834136feaf is bound to host instance
2026-04-07 01:18:17.114 10 INFO neutron.plugins.ml2.plugin [None req-ee02499f-61ca-4756-b0aa-f7c26bd3149e - - - - - -] Attempt 1 to provision port b7cf60b2-21ff-4e5d-b862-8e5ec33312e4
2026-04-07 01:18:17.146 9 INFO neutron.db.ovn_revision_numbers_db [None req-2b06877c-18f5-46bb-8aa9-530f2ccc5e65 0293b9205b2d4fe4bd4aa04a14e78d24 315f741c36044c2ab9414435abcb35d2 - - - -] Successfully bumped revision number for resource b7cf60b2-21ff-4e5d-b862-8e5ec33312e4 (type: router_ports) to 1
2026-04-07 01:18:17.238 9 INFO neutron.db.ovn_revision_numbers_db [None req-2b06877c-18f5-46bb-8aa9-530f2ccc5e65 0293b9205b2d4fe4bd4aa04a14e78d24 315f741c36044c2ab9414435abcb35d2 - - - -] Successfully bumped revision number for resource d496d28f-d3d2-4ba1-a866-51834136feaf (type: routers) to 3
2026-04-07 01:18:17.250 10 INFO neutron.wsgi [None req-83cc4c82-1c6e-4e26-bb49-db2c986a77e3 0293b9205b2d4fe4bd4aa04a14e78d24 315f741c36044c2ab9414435abcb35d2 - - default default] 10.0.0.131 "GET /v2.0/security-groups?tenant_id=e6705f3bda3f4e29ba29747d9f0d78b2&name=default HTTP/1.1" status: 200 len: 2996 time: 0.2841249
2026-04-07 01:18:17.279 9 INFO neutron.wsgi [None req-2b06877c-18f5-46bb-8aa9-530f2ccc5e65 0293b9205b2d4fe4bd4aa04a14e78d24 315f741c36044c2ab9414435abcb35d2 - - - -] 10.0.0.131 "POST /v2.0/routers HTTP/1.1" status: 201 len: 874 time: 1.7425344
2026-04-07 01:18:17.437 10 INFO neutron.wsgi [None req-8f9c1860-3e98-4fdf-a819-429c04746811 0293b9205b2d4fe4bd4aa04a14e78d24 315f741c36044c2ab9414435abcb35d2 - - - -] 10.0.0.131 "DELETE /v2.0/security-groups/0c41a285-1b0f-4762-be23-6c05e1f7ecae HTTP/1.1" status: 204 len: 168 time: 0.1817183
2026-04-07 01:18:17.687 10 INFO neutron.db.ovn_revision_numbers_db [None req-789164fb-9fed-4d2d-bdcf-460e627de419 0293b9205b2d4fe4bd4aa04a14e78d24 315f741c36044c2ab9414435abcb35d2 - - default default] Successfully bumped revision number for resource 1e270f5b-b75e-445f-984f-6c0bdb1d7d27 (type: security_groups) to 1
2026-04-07 01:18:17.710 10 INFO neutron.wsgi [None req-789164fb-9fed-4d2d-bdcf-460e627de419 0293b9205b2d4fe4bd4aa04a14e78d24 315f741c36044c2ab9414435abcb35d2 - - default default] 10.0.0.131 "GET /v2.0/security-groups?tenant_id=f05624e7ba0d455493a6c1fa85a704e2&name=default HTTP/1.1" status: 200 len: 2996 time: 0.1180353
2026-04-07 01:18:17.781 9 INFO neutron.db.ovn_revision_numbers_db [None req-18d9125e-8562-4438-af39-4b88e7a4fdc4 - - - - - -] Successfully bumped revision number for resource b7cf60b2-21ff-4e5d-b862-8e5ec33312e4 (type: ports) to 1
2026-04-07 01:18:17.855 9 WARNING neutron.scheduler.dhcp_agent_scheduler [None req-39a6ace8-f7b3-4212-a930-ece46b925469 0293b9205b2d4fe4bd4aa04a14e78d24 315f741c36044c2ab9414435abcb35d2 - - default default] No more DHCP agents
2026-04-07 01:18:17.860 9 WARNING neutron.api.rpc.agentnotifiers.dhcp_rpc_agent_api [None req-39a6ace8-f7b3-4212-a930-ece46b925469 0293b9205b2d4fe4bd4aa04a14e78d24 315f741c36044c2ab9414435abcb35d2 - - default default] Unable to schedule network 0b24c49a-4752-4326-a51a-2143067f1b15: no agents available; will retry on subsequent port and subnet creation events.
2026-04-07 01:18:17.948 10 INFO neutron.wsgi [None req-1285bd9e-f339-4eea-bcb1-6d5efa5bb4ee 0293b9205b2d4fe4bd4aa04a14e78d24 315f741c36044c2ab9414435abcb35d2 - - - -] 10.0.0.131 "DELETE /v2.0/security-groups/1e270f5b-b75e-445f-984f-6c0bdb1d7d27 HTTP/1.1" status: 204 len: 168 time: 0.2313988
2026-04-07 01:18:18.199 10 INFO neutron.db.ovn_revision_numbers_db [None req-ef08d6a7-3f6e-4e86-8593-4cee1284c3c1 0293b9205b2d4fe4bd4aa04a14e78d24 315f741c36044c2ab9414435abcb35d2 - - default default] Successfully bumped revision number for resource 22117b7d-66d2-4ca1-bb40-d50cd6938785 (type: security_groups) to 1
2026-04-07 01:18:18.223 10 INFO neutron.wsgi [None req-ef08d6a7-3f6e-4e86-8593-4cee1284c3c1 0293b9205b2d4fe4bd4aa04a14e78d24 315f741c36044c2ab9414435abcb35d2 - - default default] 10.0.0.131 "GET /v2.0/security-groups?tenant_id=6c6c0b7b330a4fa5a0a800f7f7d9c461&name=default HTTP/1.1" status: 200 len: 2996 time: 0.1166148
2026-04-07 01:18:18.332 9 INFO neutron.db.ovn_revision_numbers_db [None req-39a6ace8-f7b3-4212-a930-ece46b925469 0293b9205b2d4fe4bd4aa04a14e78d24 315f741c36044c2ab9414435abcb35d2 - - default default] Successfully bumped revision number for resource 486a25b4-cf28-451e-9ca0-610774df7638 (type: ports) to 1
2026-04-07 01:18:18.346 9 INFO neutron.db.ovn_revision_numbers_db [None req-18d9125e-8562-4438-af39-4b88e7a4fdc4 - - - - - -] Successfully bumped revision number for resource b7cf60b2-21ff-4e5d-b862-8e5ec33312e4 (type: router_ports) to 3
2026-04-07 01:18:18.415 10 INFO neutron.wsgi [None req-8fd697ef-6e8e-42b8-ac81-2f3bed7477d5 0293b9205b2d4fe4bd4aa04a14e78d24 315f741c36044c2ab9414435abcb35d2 - - - -] 10.0.0.131 "DELETE /v2.0/security-groups/22117b7d-66d2-4ca1-bb40-d50cd6938785 HTTP/1.1" status: 204 len: 168 time: 0.1854002
2026-04-07 01:18:18.468 9 INFO neutron.db.ovn_revision_numbers_db [None req-32cf26af-0b1d-46bb-a545-719890516ed5 7f245ca8fb9f4fbaaa1a68fb52c89976 2e030f1a2f15412ca45a3e56e84ea33d - - - -] Successfully bumped revision number for resource 9ed6ea38-50f1-4229-b2a5-7d4c7232e959 (type: security_groups) to 1
2026-04-07 01:18:18.550 9 INFO neutron.db.segments_db [None req-32cf26af-0b1d-46bb-a545-719890516ed5 7f245ca8fb9f4fbaaa1a68fb52c89976 2e030f1a2f15412ca45a3e56e84ea33d - - - -] Added segment 2a8ab878-0a28-4f24-b386-f49ee5ebcdf7 of type geneve for network 6a68bf94-b95f-48cc-a45f-e9f258bff408
2026-04-07 01:18:18.594 9 INFO neutron.db.ovn_revision_numbers_db [None req-18d9125e-8562-4438-af39-4b88e7a4fdc4 - - - - - -] Successfully bumped revision number for resource b7cf60b2-21ff-4e5d-b862-8e5ec33312e4 (type: ports) to 2
2026-04-07 01:18:18.725 9 INFO neutron.db.ovn_revision_numbers_db [None req-32cf26af-0b1d-46bb-a545-719890516ed5 7f245ca8fb9f4fbaaa1a68fb52c89976 2e030f1a2f15412ca45a3e56e84ea33d - - - -] Successfully bumped revision number for resource 6a68bf94-b95f-48cc-a45f-e9f258bff408 (type: networks) to 1
2026-04-07 01:18:19.006 9 INFO neutron.wsgi [None req-4cc809b0-2c9c-476c-872f-3920be665d4f 0293b9205b2d4fe4bd4aa04a14e78d24 315f741c36044c2ab9414435abcb35d2 - - default default] 10.0.0.79 "GET /v2.0/ports HTTP/1.1" status: 200 len: 8430 time: 0.2244091
2026-04-07 01:18:19.053 10 INFO neutron.wsgi [-] 10.0.0.145 "GET / HTTP/1.1" status: 200 len: 247 time: 0.0043974
2026-04-07 01:18:19.057 10 INFO neutron.wsgi [-] 10.0.0.145 "GET / HTTP/1.1" status: 200 len: 247 time: 0.0022154
2026-04-07 01:18:19.159 9 WARNING neutron.scheduler.dhcp_agent_scheduler [None req-32cf26af-0b1d-46bb-a545-719890516ed5 7f245ca8fb9f4fbaaa1a68fb52c89976 2e030f1a2f15412ca45a3e56e84ea33d - - - -] No more DHCP agents
2026-04-07 01:18:19.171 9 WARNING neutron.api.rpc.agentnotifiers.dhcp_rpc_agent_api [None req-32cf26af-0b1d-46bb-a545-719890516ed5 7f245ca8fb9f4fbaaa1a68fb52c89976 2e030f1a2f15412ca45a3e56e84ea33d - - - -] Unable to schedule network 6a68bf94-b95f-48cc-a45f-e9f258bff408: no agents available; will retry on subsequent port and subnet creation events.
2026-04-07 01:18:19.185 9 INFO neutron.db.ovn_revision_numbers_db [None req-18d9125e-8562-4438-af39-4b88e7a4fdc4 - - - - - -] Successfully bumped revision number for resource b7cf60b2-21ff-4e5d-b862-8e5ec33312e4 (type: ports) to 4
2026-04-07 01:18:19.187 9 INFO neutron.wsgi [None req-654a3c16-62b7-417d-994b-d39bc83b8619 0293b9205b2d4fe4bd4aa04a14e78d24 315f741c36044c2ab9414435abcb35d2 - - default default] 10.0.0.79 "GET /v2.0/routers HTTP/1.1" status: 200 len: 859 time: 0.1636808
2026-04-07 01:18:19.198 9 INFO neutron.db.ovn_revision_numbers_db [None req-39a6ace8-f7b3-4212-a930-ece46b925469 0293b9205b2d4fe4bd4aa04a14e78d24 315f741c36044c2ab9414435abcb35d2 - - default default] Successfully bumped revision number for resource 486a25b4-cf28-451e-9ca0-610774df7638 (type: router_ports) to 2
2026-04-07 01:18:19.354 10 INFO neutron.plugins.ml2.drivers.ovn.mech_driver.mech_driver [None req-ee02499f-61ca-4756-b0aa-f7c26bd3149e - - - - - -] OVN reports status up for port: 486a25b4-cf28-451e-9ca0-610774df7638
2026-04-07 01:18:19.363 10 INFO neutron.plugins.ml2.plugin [None req-ee02499f-61ca-4756-b0aa-f7c26bd3149e - - - - - -] Attempt 1 to provision port 486a25b4-cf28-451e-9ca0-610774df7638
2026-04-07 01:18:19.457 9 INFO neutron.wsgi [None req-be118c5a-0153-42fa-8c87-a914f6a29d60 0293b9205b2d4fe4bd4aa04a14e78d24 315f741c36044c2ab9414435abcb35d2 - - default default] 10.0.0.79 "GET /v2.0/agents?binary=ovn-controller HTTP/1.1" status: 200 len: 591 time: 0.2682211
2026-04-07 01:18:19.508 9 INFO neutron.wsgi [None req-d6e99285-b52c-43fb-bbac-c2fddf1b32f4 0293b9205b2d4fe4bd4aa04a14e78d24 315f741c36044c2ab9414435abcb35d2 - - default default] 10.0.0.79 "GET /v2.0/floatingips HTTP/1.1" status: 200 len: 193 time: 0.0387614
2026-04-07 01:18:19.596 9 INFO neutron.db.ovn_revision_numbers_db [None req-32cf26af-0b1d-46bb-a545-719890516ed5 7f245ca8fb9f4fbaaa1a68fb52c89976 2e030f1a2f15412ca45a3e56e84ea33d - - - -] Successfully bumped revision number for resource 9b5e8a00-faf1-43bd-8ed0-9bc0e36a9291 (type: ports) to 1
2026-04-07 01:18:19.623 10 INFO neutron.db.ovn_revision_numbers_db [None req-ee02499f-61ca-4756-b0aa-f7c26bd3149e - - - - - -] Successfully bumped revision number for resource 486a25b4-cf28-451e-9ca0-610774df7638 (type: ports) to 3
2026-04-07 01:18:19.654 9 INFO neutron.wsgi [None req-ecb8b302-6c60-4cda-961b-d8cdd0a6732d 0293b9205b2d4fe4bd4aa04a14e78d24 315f741c36044c2ab9414435abcb35d2 - - default default] 10.0.0.79 "GET /v2.0/networks HTTP/1.1" status: 200 len: 3815 time: 0.1446154
2026-04-07 01:18:19.683 9 INFO neutron.wsgi [None req-32cf26af-0b1d-46bb-a545-719890516ed5 7f245ca8fb9f4fbaaa1a68fb52c89976 2e030f1a2f15412ca45a3e56e84ea33d - - - -] 10.0.0.131 "POST /v2.0/networks HTTP/1.1" status: 201 len: 832 time: 1.8840392
2026-04-07 01:18:19.740 10 INFO neutron.db.ovn_revision_numbers_db [None req-ee02499f-61ca-4756-b0aa-f7c26bd3149e - - - - - -] Successfully bumped revision number for resource 486a25b4-cf28-451e-9ca0-610774df7638 (type: router_ports) to 3
2026-04-07 01:18:19.792 9 ERROR ovsdbapp.backend.ovs_idl.transaction [None req-39a6ace8-f7b3-4212-a930-ece46b925469 0293b9205b2d4fe4bd4aa04a14e78d24 315f741c36044c2ab9414435abcb35d2 - - default default]
Traceback (most recent call last): File "/var/lib/openstack/lib/python3.10/site-packages/ovsdbapp/backend/ovs_idl/connection.py", line 118, in run txn.results.put(txn.do_commit())
File "/var/lib/openstack/lib/python3.10/site-packages/ovsdbapp/backend/ovs_idl/transaction.py", line 92, in do_commit command.run_idl(txn)
File "/var/lib/openstack/lib/python3.10/site-packages/neutron/plugins/ml2/drivers/ovn/mech_driver/ovsdb/commands.py", line 801, in run_idl raise ovn_exc.RevisionConflict( neutron.common.ovn.exceptions.RevisionConflict: OVN revision number for 486a25b4-cf28-451e-9ca0-610774df7638 (type: ports) is equal or higher than the given resource. Skipping update 
2026-04-07 01:18:19.792 9 INFO neutron.plugins.ml2.drivers.ovn.mech_driver.ovsdb.impl_idl_ovn [None req-39a6ace8-f7b3-4212-a930-ece46b925469 0293b9205b2d4fe4bd4aa04a14e78d24 315f741c36044c2ab9414435abcb35d2 - - default default] Transaction aborted. Reason: OVN revision number for 486a25b4-cf28-451e-9ca0-610774df7638 (type: ports) is equal or higher than the given resource. Skipping update
2026-04-07 01:18:19.844 9 INFO neutron.wsgi [None req-4abb272d-382d-4f09-b3ea-8c7b165bdc14 0293b9205b2d4fe4bd4aa04a14e78d24 315f741c36044c2ab9414435abcb35d2 - - default default] 10.0.0.79 "GET /v2.0/security-groups HTTP/1.1" status: 200 len: 22363 time: 0.1802440
2026-04-07 01:18:19.974 9 INFO neutron.wsgi [None req-07b01793-359d-4028-ac20-acc9e08d4e22 0293b9205b2d4fe4bd4aa04a14e78d24 315f741c36044c2ab9414435abcb35d2 - - default default] 10.0.0.79 "GET /v2.0/subnets HTTP/1.1" status: 200 len: 2091 time: 0.1203170
2026-04-07 01:18:20.009 9 INFO neutron.wsgi [None req-6597ffd5-2351-4ce3-bf0f-0a9f134652d7 0293b9205b2d4fe4bd4aa04a14e78d24 315f741c36044c2ab9414435abcb35d2 - - default default] 10.0.0.79 "GET /v2.0/network-ip-availabilities HTTP/1.1" status: 200 len: 2021 time: 0.0212493
2026-04-07 01:18:20.012 9 WARNING neutron.scheduler.dhcp_agent_scheduler [None req-39a6ace8-f7b3-4212-a930-ece46b925469 0293b9205b2d4fe4bd4aa04a14e78d24 315f741c36044c2ab9414435abcb35d2 - - default default] No more DHCP agents
2026-04-07 01:18:20.018 9 WARNING neutron.api.rpc.agentnotifiers.dhcp_rpc_agent_api [None req-39a6ace8-f7b3-4212-a930-ece46b925469 0293b9205b2d4fe4bd4aa04a14e78d24 315f741c36044c2ab9414435abcb35d2 - - default default] Unable to schedule network 0b24c49a-4752-4326-a51a-2143067f1b15: no agents available; will retry on subsequent port and subnet creation events.
2026-04-07 01:18:20.020 9 INFO neutron.db.ovn_revision_numbers_db [None req-18d9125e-8562-4438-af39-4b88e7a4fdc4 - - - - - -] Successfully bumped revision number for resource b7cf60b2-21ff-4e5d-b862-8e5ec33312e4 (type: router_ports) to 4
2026-04-07 01:18:20.081 9 INFO neutron.wsgi [None req-3e388b73-06e1-4e36-937d-04ad86c08879 0293b9205b2d4fe4bd4aa04a14e78d24 315f741c36044c2ab9414435abcb35d2 - - default default] 10.0.0.79 "GET /v2.0/subnets HTTP/1.1" status: 200 len: 2091 time: 0.0700824
2026-04-07 01:18:20.372 9 INFO neutron.wsgi [None req-ec9ce1da-30f8-4312-9241-be20ad6b663f 0293b9205b2d4fe4bd4aa04a14e78d24 315f741c36044c2ab9414435abcb35d2 - - default default] 10.0.0.79 "GET /v2.0/subnetpools HTTP/1.1" status: 200 len: 193 time: 0.2888107
2026-04-07 01:18:20.419 9 INFO neutron.wsgi [None req-aa8a6b7e-7bb3-4c08-b927-000d1e0d9c01 0293b9205b2d4fe4bd4aa04a14e78d24 315f741c36044c2ab9414435abcb35d2 - - default default] 10.0.0.79 "GET /v2.0/agents HTTP/1.1" status: 200 len: 997 time: 0.0352795
2026-04-07 01:18:20.747 9 WARNING neutron.scheduler.dhcp_agent_scheduler [None req-9a5d8f72-1490-41ce-8e4d-33dc2ead115c 7f245ca8fb9f4fbaaa1a68fb52c89976 2e030f1a2f15412ca45a3e56e84ea33d - - - -] No more DHCP agents
2026-04-07 01:18:20.750 9 WARNING neutron.api.rpc.agentnotifiers.dhcp_rpc_agent_api [None req-9a5d8f72-1490-41ce-8e4d-33dc2ead115c 7f245ca8fb9f4fbaaa1a68fb52c89976 2e030f1a2f15412ca45a3e56e84ea33d - - - -] Unable to schedule network 309b9ca1-f325-4f09-9919-8a3a5a0a4aac: no agents available; will retry on subsequent port and subnet creation events.
2026-04-07 01:18:20.872 9 INFO neutron.db.ovn_revision_numbers_db [None req-39a6ace8-f7b3-4212-a930-ece46b925469 0293b9205b2d4fe4bd4aa04a14e78d24 315f741c36044c2ab9414435abcb35d2 - - - -] Successfully bumped revision number for resource 486a25b4-cf28-451e-9ca0-610774df7638 (type: router_ports) to 3
2026-04-07 01:18:20.874 9 INFO neutron.wsgi [None req-39a6ace8-f7b3-4212-a930-ece46b925469 0293b9205b2d4fe4bd4aa04a14e78d24 315f741c36044c2ab9414435abcb35d2 - - - -] 10.0.0.131 "PUT /v2.0/routers/d496d28f-d3d2-4ba1-a866-51834136feaf/add_router_interface HTTP/1.1" status: 200 len: 503 time: 3.5875123
2026-04-07 01:18:20.903 9 INFO neutron.db.ovn_revision_numbers_db [None req-9a5d8f72-1490-41ce-8e4d-33dc2ead115c 7f245ca8fb9f4fbaaa1a68fb52c89976 2e030f1a2f15412ca45a3e56e84ea33d - - - -] Successfully bumped revision number for resource cbef3cb9-458f-4261-91d7-f5991d2042cf (type: ports) to 1
2026-04-07 01:18:21.498 9 INFO neutron.db.ovn_revision_numbers_db [None req-9a5d8f72-1490-41ce-8e4d-33dc2ead115c 7f245ca8fb9f4fbaaa1a68fb52c89976 2e030f1a2f15412ca45a3e56e84ea33d - - - -] Successfully bumped revision number for resource cbef3cb9-458f-4261-91d7-f5991d2042cf (type: router_ports) to 1
2026-04-07 01:18:21.805 9 INFO neutron.plugins.ml2.drivers.ovn.mech_driver.ovsdb.ovsdb_monitor [None req-18d9125e-8562-4438-af39-4b88e7a4fdc4 - - - - - -] Router 90a79850-00c5-40e9-a2e1-04565681de35 is bound to host instance
2026-04-07 01:18:21.835 9 INFO neutron.db.ovn_revision_numbers_db [None req-9a5d8f72-1490-41ce-8e4d-33dc2ead115c 7f245ca8fb9f4fbaaa1a68fb52c89976 2e030f1a2f15412ca45a3e56e84ea33d - - - -] Successfully bumped revision number for resource 90a79850-00c5-40e9-a2e1-04565681de35 (type: routers) to 3
2026-04-07 01:18:21.849 9 INFO neutron.wsgi [None req-9a5d8f72-1490-41ce-8e4d-33dc2ead115c 7f245ca8fb9f4fbaaa1a68fb52c89976 2e030f1a2f15412ca45a3e56e84ea33d - - - -] 10.0.0.131 "POST /v2.0/routers HTTP/1.1" status: 201 len: 874 time: 2.1593781
2026-04-07 01:18:22.053 10 INFO neutron.wsgi [None req-2c379906-b87a-4d31-8cd0-2630aba48f04 e15a7c0c30c649f9917f246d3f916c94 f9c5c9c928204d24830a56016a896f2c - - default default] 10.0.0.131 "GET /v2.0/subnets?project_id=2e030f1a2f15412ca45a3e56e84ea33d&cidr=10.100.0.0%2F28 HTTP/1.1" status: 200 len: 207 time: 0.1964455
2026-04-07 01:18:22.332 9 INFO neutron.db.ovn_revision_numbers_db [None req-18d9125e-8562-4438-af39-4b88e7a4fdc4 - - - - - -] Successfully bumped revision number for resource cbef3cb9-458f-4261-91d7-f5991d2042cf (type: ports) to 1
2026-04-07 01:18:22.582 10 INFO neutron.wsgi [None req-8b0d5e3b-8c55-4c69-8404-2cbc32dce85b e15a7c0c30c649f9917f246d3f916c94 f9c5c9c928204d24830a56016a896f2c - - default default] 10.0.0.131 "GET /v2.0/networks?router%3Aexternal=True HTTP/1.1" status: 200 len: 947 time: 0.5228405
2026-04-07 01:18:22.586 10 INFO neutron.db.ovn_revision_numbers_db [None req-e04dc4c3-d74d-42d3-9442-b10f16590acc 0293b9205b2d4fe4bd4aa04a14e78d24 315f741c36044c2ab9414435abcb35d2 - - - -] Successfully bumped revision number for resource 8fd46e8f-c597-4483-aca6-f7b40066e53a (type: security_groups) to 1
2026-04-07 01:18:22.589 9 INFO neutron.db.ovn_revision_numbers_db [None req-18d9125e-8562-4438-af39-4b88e7a4fdc4 - - - - - -] Successfully bumped revision number for resource cbef3cb9-458f-4261-91d7-f5991d2042cf (type: router_ports) to 3
2026-04-07 01:18:22.624 10 INFO neutron.wsgi [None req-be9bd58a-3585-49ab-ade2-4e2693e9b978 e15a7c0c30c649f9917f246d3f916c94 f9c5c9c928204d24830a56016a896f2c - - default default] 10.0.0.131 "GET /v2.0/subnets?network_id=309b9ca1-f325-4f09-9919-8a3a5a0a4aac&cidr=10.100.0.0%2F28 HTTP/1.1" status: 200 len: 207 time: 0.0273950
2026-04-07 01:18:22.637 10 INFO neutron.db.segments_db [None req-e04dc4c3-d74d-42d3-9442-b10f16590acc 0293b9205b2d4fe4bd4aa04a14e78d24 315f741c36044c2ab9414435abcb35d2 - - - -] Added segment 5fd58c53-665b-47b8-80da-71ae8d1f1909 of type geneve for network c7888c79-bccf-4381-b4b5-ef34603f5bb6
2026-04-07 01:18:22.715 9 INFO neutron.db.ovn_revision_numbers_db [None req-de95e639-fd96-4fc2-951a-dd55e343ade0 fb309ac1bf3c40d389250e779496c131 19a1651799ec4861a0f8d93bef5fc055 - - - -] Successfully bumped revision number for resource d9074665-e044-4c3e-a573-8e79ea40027f (type: security_groups) to 1
2026-04-07 01:18:22.812 9 INFO neutron.db.segments_db [None req-de95e639-fd96-4fc2-951a-dd55e343ade0 fb309ac1bf3c40d389250e779496c131 19a1651799ec4861a0f8d93bef5fc055 - - - -] Added segment 04239e71-245f-448e-8f30-03b49338e9bc of type geneve for network 49a1aa92-3f25-47f8-8cdc-919b83fb423d
2026-04-07 01:18:22.827 10 INFO neutron.db.ovn_revision_numbers_db [None req-e04dc4c3-d74d-42d3-9442-b10f16590acc 0293b9205b2d4fe4bd4aa04a14e78d24 315f741c36044c2ab9414435abcb35d2 - - - -] Successfully bumped revision number for resource c7888c79-bccf-4381-b4b5-ef34603f5bb6 (type: networks) to 1
2026-04-07 01:18:22.846 9 INFO neutron.db.ovn_revision_numbers_db [None req-18d9125e-8562-4438-af39-4b88e7a4fdc4 - - - - - -] Successfully bumped revision number for resource cbef3cb9-458f-4261-91d7-f5991d2042cf (type: ports) to 2
2026-04-07 01:18:23.010 10 WARNING neutron.scheduler.dhcp_agent_scheduler [None req-e04dc4c3-d74d-42d3-9442-b10f16590acc 0293b9205b2d4fe4bd4aa04a14e78d24 315f741c36044c2ab9414435abcb35d2 - - - -] No more DHCP agents
2026-04-07 01:18:23.011 10 WARNING neutron.api.rpc.agentnotifiers.dhcp_rpc_agent_api [None req-e04dc4c3-d74d-42d3-9442-b10f16590acc 0293b9205b2d4fe4bd4aa04a14e78d24 315f741c36044c2ab9414435abcb35d2 - - - -] Unable to schedule network c7888c79-bccf-4381-b4b5-ef34603f5bb6: no agents available; will retry on subsequent port and subnet creation events.
2026-04-07 01:18:23.028 9 INFO neutron.db.ovn_revision_numbers_db [None req-de95e639-fd96-4fc2-951a-dd55e343ade0 fb309ac1bf3c40d389250e779496c131 19a1651799ec4861a0f8d93bef5fc055 - - - -] Successfully bumped revision number for resource 49a1aa92-3f25-47f8-8cdc-919b83fb423d (type: networks) to 1
2026-04-07 01:18:23.068 9 WARNING neutron.scheduler.dhcp_agent_scheduler [None req-196eee1a-d488-45c8-bd07-e9d81cdd1187 7f245ca8fb9f4fbaaa1a68fb52c89976 2e030f1a2f15412ca45a3e56e84ea33d - - - -] No more DHCP agents
2026-04-07 01:18:23.078 9 WARNING neutron.api.rpc.agentnotifiers.dhcp_rpc_agent_api [None req-196eee1a-d488-45c8-bd07-e9d81cdd1187 7f245ca8fb9f4fbaaa1a68fb52c89976 2e030f1a2f15412ca45a3e56e84ea33d - - - -] Unable to schedule network 6a68bf94-b95f-48cc-a45f-e9f258bff408: no agents available; will retry on subsequent port and subnet creation events.
2026-04-07 01:18:23.080 10 INFO neutron.db.ovn_revision_numbers_db [None req-e04dc4c3-d74d-42d3-9442-b10f16590acc 0293b9205b2d4fe4bd4aa04a14e78d24 315f741c36044c2ab9414435abcb35d2 - - - -] Successfully bumped revision number for resource 2e8278d6-63ca-4589-8427-a03b925e4ab6 (type: ports) to 1
2026-04-07 01:18:23.102 10 INFO neutron.wsgi [None req-e04dc4c3-d74d-42d3-9442-b10f16590acc 0293b9205b2d4fe4bd4aa04a14e78d24 315f741c36044c2ab9414435abcb35d2 - - - -] 10.0.0.131 "POST /v2.0/networks HTTP/1.1" status: 201 len: 943 time: 1.1262362
2026-04-07 01:18:23.277 9 INFO neutron.db.ovn_revision_numbers_db [None req-18d9125e-8562-4438-af39-4b88e7a4fdc4 - - - - - -] Successfully bumped revision number for resource cbef3cb9-458f-4261-91d7-f5991d2042cf (type: ports) to 4
2026-04-07 01:18:23.282 10 WARNING neutron.scheduler.dhcp_agent_scheduler [None req-8f752f9f-00b5-4f9a-8f9f-0147400e773d 0293b9205b2d4fe4bd4aa04a14e78d24 315f741c36044c2ab9414435abcb35d2 - - - -] No more DHCP agents
2026-04-07 01:18:23.285 10 WARNING neutron.api.rpc.agentnotifiers.dhcp_rpc_agent_api [None req-8f752f9f-00b5-4f9a-8f9f-0147400e773d 0293b9205b2d4fe4bd4aa04a14e78d24 315f741c36044c2ab9414435abcb35d2 - - - -] Unable to schedule network c7888c79-bccf-4381-b4b5-ef34603f5bb6: no agents available; will retry on subsequent port and subnet creation events.
2026-04-07 01:18:23.335 9 WARNING neutron.scheduler.dhcp_agent_scheduler [None req-de95e639-fd96-4fc2-951a-dd55e343ade0 fb309ac1bf3c40d389250e779496c131 19a1651799ec4861a0f8d93bef5fc055 - - - -] No more DHCP agents
2026-04-07 01:18:23.345 9 WARNING neutron.api.rpc.agentnotifiers.dhcp_rpc_agent_api [None req-de95e639-fd96-4fc2-951a-dd55e343ade0 fb309ac1bf3c40d389250e779496c131 19a1651799ec4861a0f8d93bef5fc055 - - - -] Unable to schedule network 49a1aa92-3f25-47f8-8cdc-919b83fb423d: no agents available; will retry on subsequent port and subnet creation events.
2026-04-07 01:18:23.479 9 INFO neutron.db.ovn_revision_numbers_db [None req-de95e639-fd96-4fc2-951a-dd55e343ade0 fb309ac1bf3c40d389250e779496c131 19a1651799ec4861a0f8d93bef5fc055 - - - -] Successfully bumped revision number for resource 7f3eb06c-f122-449d-b0e8-7bfe5ff516bb (type: ports) to 1
2026-04-07 01:18:23.521 9 INFO neutron.wsgi [None req-de95e639-fd96-4fc2-951a-dd55e343ade0 fb309ac1bf3c40d389250e779496c131 19a1651799ec4861a0f8d93bef5fc055 - - - -] 10.0.0.131 "POST /v2.0/networks HTTP/1.1" status: 201 len: 831 time: 1.1031785
2026-04-07 01:18:23.619 9 INFO neutron.db.ovn_revision_numbers_db [None req-18d9125e-8562-4438-af39-4b88e7a4fdc4 - - - - - -] Successfully bumped revision number for resource cbef3cb9-458f-4261-91d7-f5991d2042cf (type: router_ports) to 4
2026-04-07 01:18:23.716 10 INFO neutron.db.ovn_revision_numbers_db [None req-8f752f9f-00b5-4f9a-8f9f-0147400e773d 0293b9205b2d4fe4bd4aa04a14e78d24 315f741c36044c2ab9414435abcb35d2 - - - -] Successfully bumped revision number for resource 2e8278d6-63ca-4589-8427-a03b925e4ab6 (type: ports) to 2
2026-04-07 01:18:23.740 10 INFO neutron.db.ovn_revision_numbers_db [None req-8f752f9f-00b5-4f9a-8f9f-0147400e773d 0293b9205b2d4fe4bd4aa04a14e78d24 315f741c36044c2ab9414435abcb35d2 - - - -] Successfully bumped revision number for resource b2b90273-09d5-4f03-9676-4c7800d8550a (type: subnets) to 0
2026-04-07 01:18:23.757 10 INFO neutron.wsgi [None req-8f752f9f-00b5-4f9a-8f9f-0147400e773d 0293b9205b2d4fe4bd4aa04a14e78d24 315f741c36044c2ab9414435abcb35d2 - - - -] 10.0.0.131 "POST /v2.0/subnets HTTP/1.1" status: 201 len: 863 time: 0.6481411
2026-04-07 01:18:24.146 9 INFO neutron.db.ovn_revision_numbers_db [None req-196eee1a-d488-45c8-bd07-e9d81cdd1187 7f245ca8fb9f4fbaaa1a68fb52c89976 2e030f1a2f15412ca45a3e56e84ea33d - - - -] Successfully bumped revision number for resource 9b5e8a00-faf1-43bd-8ed0-9bc0e36a9291 (type: ports) to 2
2026-04-07 01:18:24.157 9 WARNING neutron.scheduler.dhcp_agent_scheduler [None req-dadce4a7-bf4c-4a46-bd15-2e90aecbc466 fb309ac1bf3c40d389250e779496c131 19a1651799ec4861a0f8d93bef5fc055 - - - -] No more DHCP agents
2026-04-07 01:18:24.159 9 WARNING neutron.api.rpc.agentnotifiers.dhcp_rpc_agent_api [None req-dadce4a7-bf4c-4a46-bd15-2e90aecbc466 fb309ac1bf3c40d389250e779496c131 19a1651799ec4861a0f8d93bef5fc055 - - - -] Unable to schedule network 49a1aa92-3f25-47f8-8cdc-919b83fb423d: no agents available; will retry on subsequent port and subnet creation events.
2026-04-07 01:18:24.178 9 INFO neutron.db.ovn_revision_numbers_db [None req-196eee1a-d488-45c8-bd07-e9d81cdd1187 7f245ca8fb9f4fbaaa1a68fb52c89976 2e030f1a2f15412ca45a3e56e84ea33d - - - -] Successfully bumped revision number for resource cea0d864-b081-4971-834a-ec5f940b066c (type: subnets) to 0
2026-04-07 01:18:24.202 9 INFO neutron.wsgi [None req-196eee1a-d488-45c8-bd07-e9d81cdd1187 7f245ca8fb9f4fbaaa1a68fb52c89976 2e030f1a2f15412ca45a3e56e84ea33d - - - -] 10.0.0.131 "POST /v2.0/subnets HTTP/1.1" status: 201 len: 831 time: 1.5717733
2026-04-07 01:18:24.225 9 INFO neutron.db.ovn_revision_numbers_db [None req-dadce4a7-bf4c-4a46-bd15-2e90aecbc466 fb309ac1bf3c40d389250e779496c131 19a1651799ec4861a0f8d93bef5fc055 - - - -] Successfully bumped revision number for resource 5a7b6b5a-dbd5-4d23-9e31-b0f3094fb7b9 (type: ports) to 1
2026-04-07 01:18:24.257 9 INFO neutron.wsgi [None req-dadce4a7-bf4c-4a46-bd15-2e90aecbc466 fb309ac1bf3c40d389250e779496c131 19a1651799ec4861a0f8d93bef5fc055 - - - -] 10.0.0.131 "POST /v2.0/ports HTTP/1.1" status: 201 len: 942 time: 0.7300901 /var/lib/openstack/lib/python3.10/site-packages/pycadf/identifier.py:71: UserWarning: Invalid uuid: neutron. To ensure interoperability, identifiers should be a valid uuid. warnings.warn(('Invalid uuid: %s. To ensure interoperability, '
2026-04-07 01:18:24.308 10 WARNING neutron.scheduler.dhcp_agent_scheduler [None req-da8b2134-daff-422d-a75f-5fa1031f4f52 0293b9205b2d4fe4bd4aa04a14e78d24 315f741c36044c2ab9414435abcb35d2 - - - -] No more DHCP agents
2026-04-07 01:18:24.312 10 WARNING neutron.api.rpc.agentnotifiers.dhcp_rpc_agent_api [None req-da8b2134-daff-422d-a75f-5fa1031f4f52 0293b9205b2d4fe4bd4aa04a14e78d24 315f741c36044c2ab9414435abcb35d2 - - - -] Unable to schedule network 309b9ca1-f325-4f09-9919-8a3a5a0a4aac: no agents available; will retry on subsequent port and subnet creation events.
2026-04-07 01:18:24.470 9 INFO neutron.wsgi [None req-6e9f8456-b160-41b0-842b-4268cd13c6bb fb309ac1bf3c40d389250e779496c131 19a1651799ec4861a0f8d93bef5fc055 - - - -] 10.0.0.131 "POST /v2.0/trunks HTTP/1.1" status: 201 len: 608 time: 0.2062852
2026-04-07 01:18:24.606 9 INFO neutron.db.segments_db [None req-2674f45c-fad2-4f6f-ab0d-f952a2852787 fb309ac1bf3c40d389250e779496c131 19a1651799ec4861a0f8d93bef5fc055 - - - -] Added segment db502396-6151-4675-9ad2-4c7b0fd51ba2 of type geneve for network 67ea4c47-5a11-4691-86cb-b35467bbe601
2026-04-07 01:18:24.739 9 INFO neutron.db.ovn_revision_numbers_db [None req-2674f45c-fad2-4f6f-ab0d-f952a2852787 fb309ac1bf3c40d389250e779496c131 19a1651799ec4861a0f8d93bef5fc055 - - - -] Successfully bumped revision number for resource 67ea4c47-5a11-4691-86cb-b35467bbe601 (type: networks) to 1
2026-04-07 01:18:24.826 10 INFO neutron.db.ovn_revision_numbers_db [None req-da8b2134-daff-422d-a75f-5fa1031f4f52 0293b9205b2d4fe4bd4aa04a14e78d24 315f741c36044c2ab9414435abcb35d2 - - - -] Successfully bumped revision number for resource f985a5b6-4ac8-4d85-b636-d9debe2edf17 (type: ports) to 1
2026-04-07 01:18:24.945 9 WARNING neutron.scheduler.dhcp_agent_scheduler [None req-2674f45c-fad2-4f6f-ab0d-f952a2852787 fb309ac1bf3c40d389250e779496c131 19a1651799ec4861a0f8d93bef5fc055 - - - -] No more DHCP agents
2026-04-07 01:18:24.947 9 WARNING neutron.api.rpc.agentnotifiers.dhcp_rpc_agent_api [None req-2674f45c-fad2-4f6f-ab0d-f952a2852787 fb309ac1bf3c40d389250e779496c131 19a1651799ec4861a0f8d93bef5fc055 - - - -] Unable to schedule network 67ea4c47-5a11-4691-86cb-b35467bbe601: no agents available; will retry on subsequent port and subnet creation events.
2026-04-07 01:18:25.029 9 INFO neutron.db.ovn_revision_numbers_db [None req-2674f45c-fad2-4f6f-ab0d-f952a2852787 fb309ac1bf3c40d389250e779496c131 19a1651799ec4861a0f8d93bef5fc055 - - - -] Successfully bumped revision number for resource 741ed33d-a40f-4ac7-b5e0-9a89640e336a (type: ports) to 1
2026-04-07 01:18:25.070 9 INFO neutron.wsgi [None req-2674f45c-fad2-4f6f-ab0d-f952a2852787 fb309ac1bf3c40d389250e779496c131 19a1651799ec4861a0f8d93bef5fc055 - - - -] 10.0.0.131 "POST /v2.0/networks HTTP/1.1" status: 201 len: 831 time: 0.5846827
2026-04-07 01:18:25.214 10 WARNING neutron.plugins.ml2.drivers.ovn.mech_driver.ovsdb.ovn_client [None req-ee02499f-61ca-4756-b0aa-f7c26bd3149e - - - - - -] No hosting information found for port 486a25b4-cf28-451e-9ca0-610774df7638: RuntimeError: No hosting information found for port 486a25b4-cf28-451e-9ca0-610774df7638
2026-04-07 01:18:25.214 10 INFO neutron.plugins.ml2.drivers.ovn.mech_driver.mech_driver [None req-ee02499f-61ca-4756-b0aa-f7c26bd3149e - - - - - -] OVN reports status up for port: cbef3cb9-458f-4261-91d7-f5991d2042cf
2026-04-07 01:18:25.244 10 INFO neutron.plugins.ml2.plugin [None req-ee02499f-61ca-4756-b0aa-f7c26bd3149e - - - - - -] Attempt 1 to provision port cbef3cb9-458f-4261-91d7-f5991d2042cf
2026-04-07 01:18:25.321 9 WARNING neutron.scheduler.dhcp_agent_scheduler [None req-5bdfc5c5-05b1-45ca-a8e7-00ba5bd6b55e fb309ac1bf3c40d389250e779496c131 19a1651799ec4861a0f8d93bef5fc055 - - - -] No more DHCP agents
2026-04-07 01:18:25.325 9 WARNING neutron.api.rpc.agentnotifiers.dhcp_rpc_agent_api [None req-5bdfc5c5-05b1-45ca-a8e7-00ba5bd6b55e fb309ac1bf3c40d389250e779496c131 19a1651799ec4861a0f8d93bef5fc055 - - - -] Unable to schedule network 67ea4c47-5a11-4691-86cb-b35467bbe601: no agents available; will retry on subsequent port and subnet creation events.
2026-04-07 01:18:25.339 10 WARNING neutron.scheduler.dhcp_agent_scheduler [None req-a62af9de-d132-4951-83a3-ee0300d440cf 7f245ca8fb9f4fbaaa1a68fb52c89976 2e030f1a2f15412ca45a3e56e84ea33d - - default default] No more DHCP agents
2026-04-07 01:18:25.342 10 WARNING neutron.api.rpc.agentnotifiers.dhcp_rpc_agent_api [None req-a62af9de-d132-4951-83a3-ee0300d440cf 7f245ca8fb9f4fbaaa1a68fb52c89976 2e030f1a2f15412ca45a3e56e84ea33d - - default default] Unable to schedule network 6a68bf94-b95f-48cc-a45f-e9f258bff408: no agents available; will retry on subsequent port and subnet creation events.
2026-04-07 01:18:25.390 9 INFO neutron.db.ovn_revision_numbers_db [None req-5bdfc5c5-05b1-45ca-a8e7-00ba5bd6b55e fb309ac1bf3c40d389250e779496c131 19a1651799ec4861a0f8d93bef5fc055 - - - -] Successfully bumped revision number for resource 3e41ccde-9f12-467d-820a-c13a320df1d3 (type: ports) to 1
2026-04-07 01:18:25.417 9 INFO neutron.wsgi [None req-5bdfc5c5-05b1-45ca-a8e7-00ba5bd6b55e fb309ac1bf3c40d389250e779496c131 19a1651799ec4861a0f8d93bef5fc055 - - - -] 10.0.0.131 "POST /v2.0/ports HTTP/1.1" status: 201 len: 942 time: 0.3400848 /var/lib/openstack/lib/python3.10/site-packages/pycadf/identifier.py:71: UserWarning: Invalid uuid: neutron. To ensure interoperability, identifiers should be a valid uuid. warnings.warn(('Invalid uuid: %s. To ensure interoperability, '
2026-04-07 01:18:25.603 10 INFO neutron.db.ovn_revision_numbers_db [None req-a62af9de-d132-4951-83a3-ee0300d440cf 7f245ca8fb9f4fbaaa1a68fb52c89976 2e030f1a2f15412ca45a3e56e84ea33d - - default default] Successfully bumped revision number for resource 2e3bc1b0-da6c-4651-bf67-89bcd4affcda (type: ports) to 1
2026-04-07 01:18:25.665 9 INFO neutron.wsgi [None req-92e504fb-40ff-4ac2-b740-9207470464f5 fb309ac1bf3c40d389250e779496c131 19a1651799ec4861a0f8d93bef5fc055 - - - -] 10.0.0.131 "POST /v2.0/trunks HTTP/1.1" status: 201 len: 608 time: 0.2409530
2026-04-07 01:18:25.755 9 INFO neutron.plugins.ml2.drivers.ovn.mech_driver.mech_driver [None req-3b29fbaa-dd5d-48a8-aed6-98c94a3c5d39 - - - - - -] OVN reports status up for port: f985a5b6-4ac8-4d85-b636-d9debe2edf17
2026-04-07 01:18:25.761 9 INFO neutron.db.segments_db [None req-c65edda8-9134-42c6-a6e2-4c877ab47448 fb309ac1bf3c40d389250e779496c131 19a1651799ec4861a0f8d93bef5fc055 - - - -] Added segment fc67bcd6-b723-4f7b-b3be-7498b44b5683 of type geneve for network 17668490-16c3-43f0-8ae9-9d6b9b1f0e1e
2026-04-07 01:18:25.776 10 INFO neutron.plugins.ml2.drivers.ovn.mech_driver.ovsdb.ovsdb_monitor [None req-4395fbe9-e1b7-4f92-b877-9f98ffeeb8f4 - - - - - -] Router 23082a80-0fba-4f9c-bc46-282e2c58096a is bound to host instance
2026-04-07 01:18:25.782 9 INFO neutron.plugins.ml2.plugin [None req-3b29fbaa-dd5d-48a8-aed6-98c94a3c5d39 - - - - - -] Attempt 1 to provision port f985a5b6-4ac8-4d85-b636-d9debe2edf17
2026-04-07 01:18:25.802 10 INFO neutron.db.ovn_revision_numbers_db [None req-da8b2134-daff-422d-a75f-5fa1031f4f52 0293b9205b2d4fe4bd4aa04a14e78d24 315f741c36044c2ab9414435abcb35d2 - - - -] Successfully bumped revision number for resource f985a5b6-4ac8-4d85-b636-d9debe2edf17 (type: router_ports) to 1
