2026-04-07 01:16:18.978 9 WARNING neutron.api.rpc.agentnotifiers.dhcp_rpc_agent_api [None req-2e82cdae-73b2-46e2-a7f7-67b7278c3660 d1a6ffa8b9c44f41b0475ed1e3fe1d32 9a32b9bcc24642a3adc6a2f18e2aea50 - - default default] Unable to schedule network 815724d6-44a2-4769-9129-33905e2839c1: no agents available; will retry on subsequent port and subnet creation events.
2026-04-07 01:16:19.008 9 INFO neutron.wsgi [None req-4b22054e-1271-4b0f-97ee-32deee75788d 0293b9205b2d4fe4bd4aa04a14e78d24 315f741c36044c2ab9414435abcb35d2 - - default default] 10.0.0.79 "GET /v2.0/subnets HTTP/1.1" status: 200 len: 3357 time: 0.0509019
2026-04-07 01:16:19.031 9 INFO neutron.wsgi [None req-d1b47f4f-ba06-4766-bb58-c6f25cde77ec 0293b9205b2d4fe4bd4aa04a14e78d24 315f741c36044c2ab9414435abcb35d2 - - default default] 10.0.0.79 "GET /v2.0/subnetpools HTTP/1.1" status: 200 len: 193 time: 0.0207961
2026-04-07 01:16:19.042 10 INFO neutron.wsgi [req-adb50299-8c1f-4c2b-92aa-4293a8c29df0 req-0574e71e-5e6a-4ce5-9904-fd30e752b810 a7e70ab57c64467d938c5034a700fa1f f87776a54ec94a0c9c1aa431e917872f - - default default] 10.0.0.229 "GET /v2.0/ports?device_id=1d1d8933-c0e7-4123-89d5-73b112cb74b6 HTTP/1.1" status: 200 len: 1174 time: 0.0426862
2026-04-07 01:16:19.051 10 INFO neutron.wsgi [-] 10.0.0.145 "GET / HTTP/1.1" status: 200 len: 247 time: 0.0016704
2026-04-07 01:16:19.053 10 INFO neutron.wsgi [-] 10.0.0.145 "GET / HTTP/1.1" status: 200 len: 247 time: 0.0012624
2026-04-07 01:16:19.074 9 INFO neutron.wsgi [None req-61eff8de-f760-4596-a78f-37de472c1bc2 0293b9205b2d4fe4bd4aa04a14e78d24 315f741c36044c2ab9414435abcb35d2 - - default default] 10.0.0.79 "GET /v2.0/floatingips HTTP/1.1" status: 200 len: 730 time: 0.0396047
2026-04-07 01:16:19.126 9 INFO neutron.db.ovn_revision_numbers_db [None req-2e82cdae-73b2-46e2-a7f7-67b7278c3660 d1a6ffa8b9c44f41b0475ed1e3fe1d32 9a32b9bcc24642a3adc6a2f18e2aea50 - - default default] Successfully bumped revision number for resource 159fcd9d-e4d2-47aa-8c61-effdf5eb46ab (type: ports) to 1
2026-04-07 01:16:19.169 9 INFO neutron.wsgi [None req-5157cd19-66b7-4e55-9473-175852692530 0293b9205b2d4fe4bd4aa04a14e78d24 315f741c36044c2ab9414435abcb35d2 - - default default] 10.0.0.79 "GET /v2.0/networks HTTP/1.1" status: 200 len: 4597 time: 0.0931518
2026-04-07 01:16:19.260 10 INFO neutron.wsgi [None req-ccf9c2b6-d255-4402-9a3f-199eecd0d6d3 0293b9205b2d4fe4bd4aa04a14e78d24 315f741c36044c2ab9414435abcb35d2 - - - -] 10.0.0.131 "DELETE /v2.0/security-groups/46cf9158-1ff6-4b00-a1ce-0c970ac7ad31 HTTP/1.1" status: 204 len: 168 time: 0.3611860
2026-04-07 01:16:19.282 9 INFO neutron.wsgi [None req-a5023222-3bad-43b8-814d-a19ab7f3753f 0293b9205b2d4fe4bd4aa04a14e78d24 315f741c36044c2ab9414435abcb35d2 - - default default] 10.0.0.79 "GET /v2.0/routers HTTP/1.1" status: 200 len: 1345 time: 0.1013310
2026-04-07 01:16:19.300 9 INFO neutron.wsgi [None req-c8695d71-a95e-476c-8b81-82047a611fe7 0293b9205b2d4fe4bd4aa04a14e78d24 315f741c36044c2ab9414435abcb35d2 - - default default] 10.0.0.79 "GET /v2.0/agents?binary=ovn-controller HTTP/1.1" status: 200 len: 591 time: 0.0163732
2026-04-07 01:16:19.317 10 INFO neutron.db.l3_db [None req-969ff843-136b-430c-8da6-40a3cf17a7c9 a7e70ab57c64467d938c5034a700fa1f f87776a54ec94a0c9c1aa431e917872f - - - -] Floating IP 2e97d7d1-3275-4a80-9775-deb976084904 associated. External IP: 10.96.250.203, port: 17970e78-0239-4662-b87d-7c94456df187.
2026-04-07 01:16:19.429 9 INFO neutron.wsgi [None req-94227604-6551-472f-b7f1-1d611d69ff0e 0293b9205b2d4fe4bd4aa04a14e78d24 315f741c36044c2ab9414435abcb35d2 - - default default] 10.0.0.79 "GET /v2.0/security-groups HTTP/1.1" status: 200 len: 25104 time: 0.1286616
2026-04-07 01:16:19.517 10 INFO neutron.db.ovn_revision_numbers_db [None req-969ff843-136b-430c-8da6-40a3cf17a7c9 a7e70ab57c64467d938c5034a700fa1f f87776a54ec94a0c9c1aa431e917872f - - - -] Successfully bumped revision number for resource 2e97d7d1-3275-4a80-9775-deb976084904 (type: floatingips) to 1
2026-04-07 01:16:19.581 9 INFO neutron.db.ovn_revision_numbers_db [None req-25edf182-92e2-4de7-8da3-614548df0d70 0293b9205b2d4fe4bd4aa04a14e78d24 315f741c36044c2ab9414435abcb35d2 - - default default] Successfully bumped revision number for resource b95d05ac-8096-45bf-8aa1-0e18ba78ab4a (type: security_groups) to 1
2026-04-07 01:16:19.609 9 INFO neutron.wsgi [None req-25edf182-92e2-4de7-8da3-614548df0d70 0293b9205b2d4fe4bd4aa04a14e78d24 315f741c36044c2ab9414435abcb35d2 - - default default] 10.0.0.131 "GET /v2.0/security-groups?tenant_id=3dd6e38a4b6a4345943f526f76c80842&name=default HTTP/1.1" status: 200 len: 2996 time: 0.1855154
2026-04-07 01:16:19.620 10 INFO neutron.db.ovn_revision_numbers_db [None req-969ff843-136b-430c-8da6-40a3cf17a7c9 a7e70ab57c64467d938c5034a700fa1f f87776a54ec94a0c9c1aa431e917872f - - - -] Successfully bumped revision number for resource 2e97d7d1-3275-4a80-9775-deb976084904 (type: floatingips) to 2
2026-04-07 01:16:19.623 9 INFO neutron.plugins.ml2.drivers.ovn.mech_driver.mech_driver [None req-3b29fbaa-dd5d-48a8-aed6-98c94a3c5d39 - - - - - -] OVN reports status up for port: 159fcd9d-e4d2-47aa-8c61-effdf5eb46ab
2026-04-07 01:16:19.635 9 INFO neutron.db.ovn_revision_numbers_db [None req-2e82cdae-73b2-46e2-a7f7-67b7278c3660 d1a6ffa8b9c44f41b0475ed1e3fe1d32 9a32b9bcc24642a3adc6a2f18e2aea50 - - default default] Successfully bumped revision number for resource 159fcd9d-e4d2-47aa-8c61-effdf5eb46ab (type: router_ports) to 2
2026-04-07 01:16:19.639 9 INFO neutron.plugins.ml2.plugin [None req-3b29fbaa-dd5d-48a8-aed6-98c94a3c5d39 - - - - - -] Attempt 1 to provision port 159fcd9d-e4d2-47aa-8c61-effdf5eb46ab
2026-04-07 01:16:19.648 10 INFO neutron.wsgi [None req-969ff843-136b-430c-8da6-40a3cf17a7c9 a7e70ab57c64467d938c5034a700fa1f f87776a54ec94a0c9c1aa431e917872f - - - -] 10.0.0.131 "PUT /v2.0/floatingips/2e97d7d1-3275-4a80-9775-deb976084904 HTTP/1.1" status: 200 len: 1050 time: 0.5910730
2026-04-07 01:16:19.687 10 INFO neutron.notifiers.nova [-] Nova event matching ['req-44708165-b5da-4aca-89c4-914bdfd55bc6'] response: {'name': 'network-changed', 'server_uuid': '1d1d8933-c0e7-4123-89d5-73b112cb74b6', 'tag': '17970e78-0239-4662-b87d-7c94456df187', 'status': 'completed', 'code': 200} /var/lib/openstack/lib/python3.10/site-packages/pycadf/identifier.py:71: UserWarning: Invalid uuid: neutron. To ensure interoperability, identifiers should be a valid uuid. warnings.warn(('Invalid uuid: %s. To ensure interoperability, '
2026-04-07 01:16:19.741 10 INFO neutron.wsgi [req-e1f020b7-aadd-4d1d-98e1-a96a1831c6e7 req-b70ac52a-e904-45ce-99f0-8cb06ba82533 a7e70ab57c64467d938c5034a700fa1f f87776a54ec94a0c9c1aa431e917872f - - default default] 10.0.0.229 "GET /v2.0/ports?device_id=1d1d8933-c0e7-4123-89d5-73b112cb74b6 HTTP/1.1" status: 200 len: 1174 time: 0.0414515
2026-04-07 01:16:19.764 9 INFO neutron.wsgi [req-b3551137-f583-404d-a466-ad4a10873248 req-36a67041-25fd-4437-aece-499135798529 776eb9d0a78b4382ad45b382d8ef405d 83527090af144e2d9664d1f648e3fa16 - - 479d185cd48245b4886508aced5bba41 479d185cd48245b4886508aced5bba41] 199.19.213.232 "GET /v2.0/ports?tenant_id=f87776a54ec94a0c9c1aa431e917872f&device_id=1d1d8933-c0e7-4123-89d5-73b112cb74b6 HTTP/1.1" status: 200 len: 1365 time: 0.0491109
2026-04-07 01:16:19.777 10 INFO neutron.wsgi [req-e1f020b7-aadd-4d1d-98e1-a96a1831c6e7 req-ba0f906f-df66-4449-9d82-34fe1c50bb03 a7e70ab57c64467d938c5034a700fa1f f87776a54ec94a0c9c1aa431e917872f - - default default] 10.0.0.229 "GET /v2.0/security-groups?id=832b5dc9-75a6-4894-b7a3-50de3c04d87d&fields=id&fields=name HTTP/1.1" status: 200 len: 312 time: 0.0306687
2026-04-07 01:16:19.854 9 INFO neutron.db.ovn_revision_numbers_db [None req-2e82cdae-73b2-46e2-a7f7-67b7278c3660 d1a6ffa8b9c44f41b0475ed1e3fe1d32 9a32b9bcc24642a3adc6a2f18e2aea50 - - default default] Successfully bumped revision number for resource 159fcd9d-e4d2-47aa-8c61-effdf5eb46ab (type: ports) to 2
2026-04-07 01:16:19.867 9 INFO neutron.wsgi [req-b3551137-f583-404d-a466-ad4a10873248 req-c2028c2e-5e39-46c1-a7c2-289fdc5cfe87 776eb9d0a78b4382ad45b382d8ef405d 83527090af144e2d9664d1f648e3fa16 - - 479d185cd48245b4886508aced5bba41 479d185cd48245b4886508aced5bba41] 199.19.213.232 "GET /v2.0/networks?id=2c19c87e-df1a-48c4-b4f7-ece6ed970b7f HTTP/1.1" status: 200 len: 968 time: 0.0982919
2026-04-07 01:16:19.947 9 INFO neutron.wsgi [req-b3551137-f583-404d-a466-ad4a10873248 req-95d9e0a1-e90c-42bd-a090-d19c66d6f5a0 776eb9d0a78b4382ad45b382d8ef405d 83527090af144e2d9664d1f648e3fa16 - - 479d185cd48245b4886508aced5bba41 479d185cd48245b4886508aced5bba41] 199.19.213.232 "GET /v2.0/floatingips?fixed_ip_address=10.100.0.12&port_id=17970e78-0239-4662-b87d-7c94456df187 HTTP/1.1" status: 200 len: 1060 time: 0.0734401
2026-04-07 01:16:20.016 9 INFO neutron.wsgi [req-b3551137-f583-404d-a466-ad4a10873248 req-70b7cc4f-02fa-4420-b7a2-a0f774adbfc7 776eb9d0a78b4382ad45b382d8ef405d 83527090af144e2d9664d1f648e3fa16 - - 479d185cd48245b4886508aced5bba41 479d185cd48245b4886508aced5bba41] 199.19.213.232 "GET /v2.0/subnets?id=30591a40-d822-441e-9625-fb34e984e0dd HTTP/1.1" status: 200 len: 863 time: 0.0459607
2026-04-07 01:16:20.052 9 WARNING neutron.scheduler.dhcp_agent_scheduler [None req-2e82cdae-73b2-46e2-a7f7-67b7278c3660 d1a6ffa8b9c44f41b0475ed1e3fe1d32 9a32b9bcc24642a3adc6a2f18e2aea50 - - default default] No more DHCP agents
2026-04-07 01:16:20.054 9 INFO neutron.wsgi [req-b3551137-f583-404d-a466-ad4a10873248 req-f47c4572-a62a-4abf-935f-0d91acde6107 776eb9d0a78b4382ad45b382d8ef405d 83527090af144e2d9664d1f648e3fa16 - - 479d185cd48245b4886508aced5bba41 479d185cd48245b4886508aced5bba41] 199.19.213.232 "GET /v2.0/ports?network_id=2c19c87e-df1a-48c4-b4f7-ece6ed970b7f&device_owner=network%3Adhcp HTTP/1.1" status: 200 len: 210 time: 0.0316494
2026-04-07 01:16:20.057 9 WARNING neutron.api.rpc.agentnotifiers.dhcp_rpc_agent_api [None req-2e82cdae-73b2-46e2-a7f7-67b7278c3660 d1a6ffa8b9c44f41b0475ed1e3fe1d32 9a32b9bcc24642a3adc6a2f18e2aea50 - - default default] Unable to schedule network 815724d6-44a2-4769-9129-33905e2839c1: no agents available; will retry on subsequent port and subnet creation events.
2026-04-07 01:16:20.109 9 INFO neutron.wsgi [None req-da651ff6-0b27-4fd8-8a03-c17934beb4c8 0293b9205b2d4fe4bd4aa04a14e78d24 315f741c36044c2ab9414435abcb35d2 - - - -] 10.0.0.131 "DELETE /v2.0/security-groups/b95d05ac-8096-45bf-8aa1-0e18ba78ab4a HTTP/1.1" status: 204 len: 168 time: 0.4930465
2026-04-07 01:16:20.146 10 INFO neutron.wsgi [req-c958aa48-37e4-471c-898d-ed688e0f0ee9 req-34fb44db-ad94-4987-b12a-de31012ca613 a7e70ab57c64467d938c5034a700fa1f f87776a54ec94a0c9c1aa431e917872f - - default default] 10.0.0.229 "GET /v2.0/ports?device_id=1d1d8933-c0e7-4123-89d5-73b112cb74b6 HTTP/1.1" status: 200 len: 1174 time: 0.0433779
2026-04-07 01:16:20.190 10 INFO neutron.wsgi [req-c958aa48-37e4-471c-898d-ed688e0f0ee9 req-f017052a-cdd9-4001-9a2d-b8f2caa897fc a7e70ab57c64467d938c5034a700fa1f f87776a54ec94a0c9c1aa431e917872f - - default default] 10.0.0.229 "GET /v2.0/security-groups?id=832b5dc9-75a6-4894-b7a3-50de3c04d87d&fields=id&fields=name HTTP/1.1" status: 200 len: 312 time: 0.0338399
2026-04-07 01:16:20.474 10 INFO neutron.wsgi [req-8aecb8f4-68fd-47aa-80ef-90536be0b8fc req-308be36f-100d-4f85-8b04-87abcdd4146e a7e70ab57c64467d938c5034a700fa1f f87776a54ec94a0c9c1aa431e917872f - - default default] 199.19.213.232 "GET /v2.0/ports?device_id=1d1d8933-c0e7-4123-89d5-73b112cb74b6 HTTP/1.1" status: 200 len: 1174 time: 0.0355937
2026-04-07 01:16:20.543 9 INFO neutron.wsgi [req-b3551137-f583-404d-a466-ad4a10873248 req-be824138-4ce9-4ad0-8e33-1cb97d75185b 776eb9d0a78b4382ad45b382d8ef405d 83527090af144e2d9664d1f648e3fa16 - - 479d185cd48245b4886508aced5bba41 479d185cd48245b4886508aced5bba41] 199.19.213.232 "GET /v2.0/networks/2c19c87e-df1a-48c4-b4f7-ece6ed970b7f?fields=segments HTTP/1.1" status: 200 len: 212 time: 0.4762516
2026-04-07 01:16:20.561 9 INFO neutron.db.ovn_revision_numbers_db [None req-3b29fbaa-dd5d-48a8-aed6-98c94a3c5d39 - - - - - -] Successfully bumped revision number for resource 159fcd9d-e4d2-47aa-8c61-effdf5eb46ab (type: ports) to 3
2026-04-07 01:16:20.680 9 INFO neutron.wsgi [req-b3551137-f583-404d-a466-ad4a10873248 req-6df7912e-f52f-45cd-a9c6-dd374ba22933 776eb9d0a78b4382ad45b382d8ef405d 83527090af144e2d9664d1f648e3fa16 - - 479d185cd48245b4886508aced5bba41 479d185cd48245b4886508aced5bba41] 199.19.213.232 "GET /v2.0/networks/2c19c87e-df1a-48c4-b4f7-ece6ed970b7f?fields=provider%3Aphysical_network&fields=provider%3Anetwork_type HTTP/1.1" status: 200 len: 277 time: 0.1275668
2026-04-07 01:16:20.707 9 INFO neutron.db.ovn_revision_numbers_db [None req-2e82cdae-73b2-46e2-a7f7-67b7278c3660 d1a6ffa8b9c44f41b0475ed1e3fe1d32 9a32b9bcc24642a3adc6a2f18e2aea50 - - - -] Successfully bumped revision number for resource 159fcd9d-e4d2-47aa-8c61-effdf5eb46ab (type: router_ports) to 3
2026-04-07 01:16:20.709 9 INFO neutron.wsgi [None req-2e82cdae-73b2-46e2-a7f7-67b7278c3660 d1a6ffa8b9c44f41b0475ed1e3fe1d32 9a32b9bcc24642a3adc6a2f18e2aea50 - - - -] 10.0.0.131 "PUT /v2.0/routers/e94d5635-2aa2-436f-a443-f89a64eaac1e/add_router_interface HTTP/1.1" status: 200 len: 503 time: 2.5531859
2026-04-07 01:16:20.845 10 INFO neutron.wsgi [None req-af293da2-b096-4876-a515-d75f5b83043e d1a6ffa8b9c44f41b0475ed1e3fe1d32 9a32b9bcc24642a3adc6a2f18e2aea50 - - default default] 10.0.0.131 "GET /v2.0/ports/159fcd9d-e4d2-47aa-8c61-effdf5eb46ab HTTP/1.1" status: 200 len: 1141 time: 0.1308460
2026-04-07 01:16:20.896 10 INFO neutron.db.l3_db [None req-f7653eb3-8f2e-406f-8ca5-3dbdf41db6b7 a7e70ab57c64467d938c5034a700fa1f f87776a54ec94a0c9c1aa431e917872f - - - -] Floating IP 2e97d7d1-3275-4a80-9775-deb976084904 disassociated. External IP: 10.96.250.203, port: 17970e78-0239-4662-b87d-7c94456df187. /var/lib/openstack/lib/python3.10/site-packages/pycadf/identifier.py:71: UserWarning: Invalid uuid: neutron. To ensure interoperability, identifiers should be a valid uuid. warnings.warn(('Invalid uuid: %s. To ensure interoperability, '
2026-04-07 01:16:21.327 10 INFO neutron.wsgi [req-8a7e493b-194a-416d-90b2-fa58ba2de757 req-e8e65f29-24b0-4f1e-8a73-fef4f2832571 a7e70ab57c64467d938c5034a700fa1f f87776a54ec94a0c9c1aa431e917872f - - default default] 10.0.0.229 "GET /v2.0/ports?device_id=1d1d8933-c0e7-4123-89d5-73b112cb74b6 HTTP/1.1" status: 200 len: 1174 time: 0.0574789
2026-04-07 01:16:21.406 10 INFO neutron.wsgi [req-8a7e493b-194a-416d-90b2-fa58ba2de757 req-fcd0d538-bf2f-4e02-94f0-f2443640572f a7e70ab57c64467d938c5034a700fa1f f87776a54ec94a0c9c1aa431e917872f - - default default] 10.0.0.229 "GET /v2.0/security-groups?id=832b5dc9-75a6-4894-b7a3-50de3c04d87d&fields=id&fields=name HTTP/1.1" status: 200 len: 312 time: 0.0549383
2026-04-07 01:16:21.528 10 INFO neutron.wsgi [None req-f7653eb3-8f2e-406f-8ca5-3dbdf41db6b7 a7e70ab57c64467d938c5034a700fa1f f87776a54ec94a0c9c1aa431e917872f - - - -] 199.19.213.232 "DELETE /v2.0/ports/17970e78-0239-4662-b87d-7c94456df187 HTTP/1.1" status: 204 len: 173 time: 1.0482359
2026-04-07 01:16:21.732 10 INFO neutron.notifiers.nova [-] Nova event matching ['req-e44b8f38-af94-42a2-96de-526fb19b8736'] response: {'server_uuid': '1d1d8933-c0e7-4123-89d5-73b112cb74b6', 'name': 'network-vif-deleted', 'tag': '17970e78-0239-4662-b87d-7c94456df187', 'status': 'completed', 'code': 200}
2026-04-07 01:16:21.736 10 WARNING neutron.scheduler.dhcp_agent_scheduler [None req-264f5d00-e8f0-4605-b6a3-7c6604c37dea d1a6ffa8b9c44f41b0475ed1e3fe1d32 9a32b9bcc24642a3adc6a2f18e2aea50 - - default default] No more DHCP agents
2026-04-07 01:16:21.737 10 WARNING neutron.api.rpc.agentnotifiers.dhcp_rpc_agent_api [None req-264f5d00-e8f0-4605-b6a3-7c6604c37dea d1a6ffa8b9c44f41b0475ed1e3fe1d32 9a32b9bcc24642a3adc6a2f18e2aea50 - - default default] Unable to schedule network f24e01fe-cc23-424a-9f82-7bbcd8826caa: no agents available; will retry on subsequent port and subnet creation events.
2026-04-07 01:16:21.838 10 INFO neutron.db.ovn_revision_numbers_db [None req-264f5d00-e8f0-4605-b6a3-7c6604c37dea d1a6ffa8b9c44f41b0475ed1e3fe1d32 9a32b9bcc24642a3adc6a2f18e2aea50 - - default default] Successfully bumped revision number for resource 9c48329e-1f6e-43bd-bb71-760ae9dcab79 (type: ports) to 1
2026-04-07 01:16:22.284 10 INFO neutron.plugins.ml2.drivers.ovn.mech_driver.mech_driver [None req-ee02499f-61ca-4756-b0aa-f7c26bd3149e - - - - - -] OVN reports status up for port: 9c48329e-1f6e-43bd-bb71-760ae9dcab79
2026-04-07 01:16:22.291 10 INFO neutron.plugins.ml2.plugin [None req-ee02499f-61ca-4756-b0aa-f7c26bd3149e - - - - - -] Attempt 1 to provision port 9c48329e-1f6e-43bd-bb71-760ae9dcab79
2026-04-07 01:16:22.293 10 INFO neutron.db.ovn_revision_numbers_db [None req-264f5d00-e8f0-4605-b6a3-7c6604c37dea d1a6ffa8b9c44f41b0475ed1e3fe1d32 9a32b9bcc24642a3adc6a2f18e2aea50 - - default default] Successfully bumped revision number for resource 9c48329e-1f6e-43bd-bb71-760ae9dcab79 (type: router_ports) to 2
2026-04-07 01:16:22.424 10 INFO neutron.db.ovn_revision_numbers_db [None req-264f5d00-e8f0-4605-b6a3-7c6604c37dea d1a6ffa8b9c44f41b0475ed1e3fe1d32 9a32b9bcc24642a3adc6a2f18e2aea50 - - default default] Successfully bumped revision number for resource 9c48329e-1f6e-43bd-bb71-760ae9dcab79 (type: ports) to 2
2026-04-07 01:16:22.472 10 INFO neutron.db.ovn_revision_numbers_db [None req-f2471c7b-68f1-4487-8c7f-27c8bc79a638 0293b9205b2d4fe4bd4aa04a14e78d24 315f741c36044c2ab9414435abcb35d2 - - default default] Successfully bumped revision number for resource e02a0322-9231-4dfe-801b-d4a12fc19bad (type: security_groups) to 1
2026-04-07 01:16:22.518 10 INFO neutron.wsgi [None req-f2471c7b-68f1-4487-8c7f-27c8bc79a638 0293b9205b2d4fe4bd4aa04a14e78d24 315f741c36044c2ab9414435abcb35d2 - - default default] 10.0.0.131 "GET /v2.0/security-groups?tenant_id=3b9d585eec4349eb86761f760d467326&name=default HTTP/1.1" status: 200 len: 2996 time: 0.4046001
2026-04-07 01:16:22.549 10 WARNING neutron.scheduler.dhcp_agent_scheduler [None req-264f5d00-e8f0-4605-b6a3-7c6604c37dea d1a6ffa8b9c44f41b0475ed1e3fe1d32 9a32b9bcc24642a3adc6a2f18e2aea50 - - default default] No more DHCP agents
2026-04-07 01:16:22.553 10 WARNING neutron.api.rpc.agentnotifiers.dhcp_rpc_agent_api [None req-264f5d00-e8f0-4605-b6a3-7c6604c37dea d1a6ffa8b9c44f41b0475ed1e3fe1d32 9a32b9bcc24642a3adc6a2f18e2aea50 - - default default] Unable to schedule network f24e01fe-cc23-424a-9f82-7bbcd8826caa: no agents available; will retry on subsequent port and subnet creation events.
2026-04-07 01:16:22.651 9 INFO neutron.wsgi [None req-3876366b-55e8-4d88-a7c2-844fc58c4c68 a7e70ab57c64467d938c5034a700fa1f f87776a54ec94a0c9c1aa431e917872f - - - -] 10.0.0.131 "DELETE /v2.0/security-groups/832b5dc9-75a6-4894-b7a3-50de3c04d87d HTTP/1.1" status: 204 len: 168 time: 0.1642435
2026-04-07 01:16:22.669 9 INFO neutron.api.v2.resource [None req-14be34b1-a9a3-4dfd-bace-a4b342c02171 a7e70ab57c64467d938c5034a700fa1f f87776a54ec94a0c9c1aa431e917872f - - default default] show failed (client error): The resource could not be found.
2026-04-07 01:16:22.671 9 INFO neutron.wsgi [None req-14be34b1-a9a3-4dfd-bace-a4b342c02171 a7e70ab57c64467d938c5034a700fa1f f87776a54ec94a0c9c1aa431e917872f - - default default] 10.0.0.131 "GET /v2.0/security-groups/832b5dc9-75a6-4894-b7a3-50de3c04d87d HTTP/1.1" status: 404 len: 347 time: 0.0121517
2026-04-07 01:16:22.679 10 INFO neutron.db.ovn_revision_numbers_db [None req-ee02499f-61ca-4756-b0aa-f7c26bd3149e - - - - - -] Successfully bumped revision number for resource 9c48329e-1f6e-43bd-bb71-760ae9dcab79 (type: ports) to 3
2026-04-07 01:16:22.801 10 INFO neutron.db.ovn_revision_numbers_db [None req-264f5d00-e8f0-4605-b6a3-7c6604c37dea d1a6ffa8b9c44f41b0475ed1e3fe1d32 9a32b9bcc24642a3adc6a2f18e2aea50 - - - -] Successfully bumped revision number for resource 9c48329e-1f6e-43bd-bb71-760ae9dcab79 (type: router_ports) to 3
2026-04-07 01:16:22.804 10 INFO neutron.wsgi [None req-264f5d00-e8f0-4605-b6a3-7c6604c37dea d1a6ffa8b9c44f41b0475ed1e3fe1d32 9a32b9bcc24642a3adc6a2f18e2aea50 - - - -] 10.0.0.131 "PUT /v2.0/routers/e94d5635-2aa2-436f-a443-f89a64eaac1e/add_router_interface HTTP/1.1" status: 200 len: 503 time: 1.9522376
2026-04-07 01:16:22.911 10 INFO neutron.wsgi [None req-88586075-b455-4f65-8067-ce312f7dcd55 0293b9205b2d4fe4bd4aa04a14e78d24 315f741c36044c2ab9414435abcb35d2 - - - -] 10.0.0.131 "DELETE /v2.0/security-groups/e02a0322-9231-4dfe-801b-d4a12fc19bad HTTP/1.1" status: 204 len: 168 time: 0.3858626
2026-04-07 01:16:22.923 10 INFO neutron.wsgi [None req-96038a5c-7559-4ba2-9ba6-b343b468cd3e d1a6ffa8b9c44f41b0475ed1e3fe1d32 9a32b9bcc24642a3adc6a2f18e2aea50 - - default default] 10.0.0.131 "GET /v2.0/ports/9c48329e-1f6e-43bd-bb71-760ae9dcab79 HTTP/1.1" status: 200 len: 1149 time: 0.1041465
2026-04-07 01:16:22.968 10 INFO neutron.wsgi [None req-23b8e14d-5476-436a-b0a5-fc29009dd875 d1a6ffa8b9c44f41b0475ed1e3fe1d32 9a32b9bcc24642a3adc6a2f18e2aea50 - - default default] 10.0.0.131 "GET /v2.0/ports/9c48329e-1f6e-43bd-bb71-760ae9dcab79 HTTP/1.1" status: 200 len: 1149 time: 0.0395551
2026-04-07 01:16:23.040 9 INFO neutron.db.ovn_revision_numbers_db [None req-e095c547-ce52-4836-a81e-9b1798e09f39 0293b9205b2d4fe4bd4aa04a14e78d24 315f741c36044c2ab9414435abcb35d2 - - default default] Successfully bumped revision number for resource 6a0de4f9-90bf-4401-8890-19ebb344d67b (type: security_groups) to 1
2026-04-07 01:16:23.067 9 INFO neutron.wsgi [None req-e095c547-ce52-4836-a81e-9b1798e09f39 0293b9205b2d4fe4bd4aa04a14e78d24 315f741c36044c2ab9414435abcb35d2 - - default default] 10.0.0.131 "GET /v2.0/security-groups?tenant_id=270df55051664997870332a62b0d57bc&name=default HTTP/1.1" status: 200 len: 2996 time: 0.3042569
2026-04-07 01:16:23.135 9 INFO neutron.wsgi [None req-44182d8a-07fe-4699-acc5-3f94dd106f83 a7e70ab57c64467d938c5034a700fa1f f87776a54ec94a0c9c1aa431e917872f - - - -] 10.0.0.131 "DELETE /v2.0/floatingips/2e97d7d1-3275-4a80-9775-deb976084904 HTTP/1.1" status: 204 len: 168 time: 0.4583180
2026-04-07 01:16:23.209 9 INFO neutron.db.ovn_revision_numbers_db [None req-75e84244-1eee-421a-ae71-0b0fde005a0b 0293b9205b2d4fe4bd4aa04a14e78d24 315f741c36044c2ab9414435abcb35d2 - - default default] Successfully bumped revision number for resource 5eb0ac52-ba5d-4d03-a239-99b88c09f876 (type: security_groups) to 1
2026-04-07 01:16:23.243 9 INFO neutron.wsgi [None req-75e84244-1eee-421a-ae71-0b0fde005a0b 0293b9205b2d4fe4bd4aa04a14e78d24 315f741c36044c2ab9414435abcb35d2 - - default default] 10.0.0.131 "GET /v2.0/security-groups?tenant_id=1139f9e4e173411381a9c6446726f445&name=default HTTP/1.1" status: 200 len: 2996 time: 0.2179914
2026-04-07 01:16:23.384 9 INFO neutron.wsgi [None req-06b26f85-c61b-4b84-9d40-3efcd7d28ed8 0293b9205b2d4fe4bd4aa04a14e78d24 315f741c36044c2ab9414435abcb35d2 - - - -] 10.0.0.131 "DELETE /v2.0/security-groups/6a0de4f9-90bf-4401-8890-19ebb344d67b HTTP/1.1" status: 204 len: 168 time: 0.3090911
2026-04-07 01:16:23.563 10 INFO neutron.wsgi [None req-d5f4ced5-a369-4f20-bbbb-9415e6a7fd77 0293b9205b2d4fe4bd4aa04a14e78d24 315f741c36044c2ab9414435abcb35d2 - - - -] 10.0.0.131 "DELETE /v2.0/security-groups/5eb0ac52-ba5d-4d03-a239-99b88c09f876 HTTP/1.1" status: 204 len: 168 time: 0.3148954
2026-04-07 01:16:24.043 10 INFO neutron.wsgi [None req-a7f30067-43f4-41cf-a999-f190a29459f8 d1a6ffa8b9c44f41b0475ed1e3fe1d32 9a32b9bcc24642a3adc6a2f18e2aea50 - - - -] 10.0.0.131 "PUT /v2.0/routers/e94d5635-2aa2-436f-a443-f89a64eaac1e/remove_router_interface HTTP/1.1" status: 200 len: 503 time: 1.0685859 /var/lib/openstack/lib/python3.10/site-packages/pycadf/identifier.py:71: UserWarning: Invalid uuid: neutron. To ensure interoperability, identifiers should be a valid uuid. warnings.warn(('Invalid uuid: %s. To ensure interoperability, '
2026-04-07 01:16:24.087 9 INFO neutron.wsgi [None req-5451908e-1205-442b-b2ea-49d44da016e7 0293b9205b2d4fe4bd4aa04a14e78d24 315f741c36044c2ab9414435abcb35d2 - - - -] 10.0.0.131 "PUT /v2.0/routers/d9b945d6-9edf-4e9d-8428-61ff94ce8a74/remove_router_interface HTTP/1.1" status: 200 len: 503 time: 0.9444151
2026-04-07 01:16:24.091 10 INFO neutron.wsgi [None req-6fcff508-a4ea-40e6-a2d6-413cfb9d38be d1a6ffa8b9c44f41b0475ed1e3fe1d32 9a32b9bcc24642a3adc6a2f18e2aea50 - - default default] 10.0.0.131 "GET /v2.0/ports/159fcd9d-e4d2-47aa-8c61-effdf5eb46ab HTTP/1.1" status: 200 len: 1141 time: 0.0422437 /var/lib/openstack/lib/python3.10/site-packages/pycadf/identifier.py:71: UserWarning: Invalid uuid: neutron. To ensure interoperability, identifiers should be a valid uuid. warnings.warn(('Invalid uuid: %s. To ensure interoperability, '
2026-04-07 01:16:24.770 9 INFO neutron.wsgi [None req-99414376-b02f-40ab-b4cb-ac73c83c7c52 0293b9205b2d4fe4bd4aa04a14e78d24 315f741c36044c2ab9414435abcb35d2 - - - -] 10.0.0.131 "DELETE /v2.0/routers/d9b945d6-9edf-4e9d-8428-61ff94ce8a74 HTTP/1.1" status: 204 len: 168 time: 0.6792521
2026-04-07 01:16:24.843 10 INFO neutron.wsgi [None req-819cc9a4-18ba-4d0a-bac3-636bcbcb701d d1a6ffa8b9c44f41b0475ed1e3fe1d32 9a32b9bcc24642a3adc6a2f18e2aea50 - - - -] 10.0.0.131 "PUT /v2.0/routers/e94d5635-2aa2-436f-a443-f89a64eaac1e/remove_router_interface HTTP/1.1" status: 200 len: 503 time: 0.7466927
2026-04-07 01:16:24.871 9 INFO neutron.wsgi [None req-399c518f-9c3e-432c-a276-146c91fa2d74 d1a6ffa8b9c44f41b0475ed1e3fe1d32 9a32b9bcc24642a3adc6a2f18e2aea50 - - default default] 10.0.0.131 "GET /v2.0/ports?device_id=e94d5635-2aa2-436f-a443-f89a64eaac1e HTTP/1.1" status: 200 len: 205 time: 0.0205793 /var/lib/openstack/lib/python3.10/site-packages/pycadf/identifier.py:71: UserWarning: Invalid uuid: neutron. To ensure interoperability, identifiers should be a valid uuid. warnings.warn(('Invalid uuid: %s. To ensure interoperability, '
2026-04-07 01:16:25.000 9 INFO neutron.wsgi [None req-ddac4b57-299e-42b3-860a-9f521460f021 0293b9205b2d4fe4bd4aa04a14e78d24 315f741c36044c2ab9414435abcb35d2 - - - -] 10.0.0.131 "DELETE /v2.0/subnets/30591a40-d822-441e-9625-fb34e984e0dd HTTP/1.1" status: 204 len: 168 time: 0.2225218
2026-04-07 01:16:25.199 10 INFO neutron.wsgi [None req-9fa77a1c-a15d-4518-b63c-433e403f2014 d1a6ffa8b9c44f41b0475ed1e3fe1d32 9a32b9bcc24642a3adc6a2f18e2aea50 - - - -] 10.0.0.131 "DELETE /v2.0/routers/e94d5635-2aa2-436f-a443-f89a64eaac1e HTTP/1.1" status: 204 len: 168 time: 0.3205063
2026-04-07 01:16:25.405 10 INFO neutron.wsgi [None req-c90a9172-f606-484f-970b-9edc1cc876ba d1a6ffa8b9c44f41b0475ed1e3fe1d32 9a32b9bcc24642a3adc6a2f18e2aea50 - - - -] 10.0.0.131 "DELETE /v2.0/subnets/f2423a87-b584-44d3-8eff-0ab5c1ef99b4 HTTP/1.1" status: 204 len: 168 time: 0.2003655
2026-04-07 01:16:25.551 10 INFO neutron.db.ovn_revision_numbers_db [None req-4feaff90-3028-4d99-a0f7-2df07c11f4bc 07a1c5e0885e4be8b7382ae92f143411 a5b9a90256ed4ad48b2523f5071cb0ed - - - -] Successfully bumped revision number for resource 036596ff-7679-4116-898f-2364a36e39a0 (type: security_groups) to 1
2026-04-07 01:16:25.616 9 WARNING neutron.plugins.ml2.drivers.ovn.mech_driver.ovsdb.ovn_client [None req-3b29fbaa-dd5d-48a8-aed6-98c94a3c5d39 - - - - - -] No port found with ID 159fcd9d-e4d2-47aa-8c61-effdf5eb46ab: RuntimeError: No port found with ID 159fcd9d-e4d2-47aa-8c61-effdf5eb46ab
2026-04-07 01:16:25.616 9 INFO neutron.plugins.ml2.drivers.ovn.mech_driver.mech_driver [None req-3b29fbaa-dd5d-48a8-aed6-98c94a3c5d39 - - - - - -] OVN reports status down for port: 17970e78-0239-4662-b87d-7c94456df187
2026-04-07 01:16:25.616 10 INFO neutron.db.segments_db [None req-4feaff90-3028-4d99-a0f7-2df07c11f4bc 07a1c5e0885e4be8b7382ae92f143411 a5b9a90256ed4ad48b2523f5071cb0ed - - - -] Added segment a0cfdb70-0c9b-45c8-affa-3b1372f97aa8 of type geneve for network ba55bc57-844a-461b-b9b0-253b9291b94b
2026-04-07 01:16:25.689 10 INFO neutron.wsgi [None req-23eefd97-a155-4f81-a737-44fa25c9b684 d1a6ffa8b9c44f41b0475ed1e3fe1d32 9a32b9bcc24642a3adc6a2f18e2aea50 - - - -] 10.0.0.131 "DELETE /v2.0/subnets/f99d4c8c-141c-4c1f-b716-18f63558a8ce HTTP/1.1" status: 204 len: 168 time: 0.2765598
2026-04-07 01:16:25.696 9 INFO neutron.services.segments.plugin [-] Segment 0b0d5ccb-decd-4515-8144-63cb62b3bf45 resource provider aggregate not found
2026-04-07 01:16:25.700 9 INFO neutron.services.segments.plugin [-] Segment 0b0d5ccb-decd-4515-8144-63cb62b3bf45 resource provider aggregate not found
2026-04-07 01:16:25.721 9 INFO neutron.services.segments.plugin [-] Segment 0b0d5ccb-decd-4515-8144-63cb62b3bf45 resource provider not found; error: Placement Client Error (4xx): {"errors": [{"status": 404, "title": "Not Found", "detail": "The resource could not be found.\n\n No resource provider with uuid 0b0d5ccb-decd-4515-8144-63cb62b3bf45 found for delete ", "request_id": "req-92a99086-3f69-4a0d-848f-d05509c56fc6"}]}
2026-04-07 01:16:25.727 9 INFO neutron.services.segments.plugin [-] Segment 0b0d5ccb-decd-4515-8144-63cb62b3bf45 resource provider not found; error: Placement Client Error (4xx): {"errors": [{"status": 404, "title": "Not Found", "detail": "The resource could not be found.\n\n No resource provider with uuid 0b0d5ccb-decd-4515-8144-63cb62b3bf45 found for delete ", "request_id": "req-c6f176ad-bdaa-47fb-ae17-9d013cede933"}]}
2026-04-07 01:16:25.730 9 INFO neutron.wsgi [None req-0d80c074-814a-4af7-8749-439744b25a3d 0293b9205b2d4fe4bd4aa04a14e78d24 315f741c36044c2ab9414435abcb35d2 - - - -] 10.0.0.131 "DELETE /v2.0/networks/2c19c87e-df1a-48c4-b4f7-ece6ed970b7f HTTP/1.1" status: 204 len: 168 time: 0.7076821
2026-04-07 01:16:25.803 10 INFO neutron.db.ovn_revision_numbers_db [None req-4feaff90-3028-4d99-a0f7-2df07c11f4bc 07a1c5e0885e4be8b7382ae92f143411 a5b9a90256ed4ad48b2523f5071cb0ed - - - -] Successfully bumped revision number for resource ba55bc57-844a-461b-b9b0-253b9291b94b (type: networks) to 1
2026-04-07 01:16:25.854 9 INFO neutron.wsgi [None req-b4803d0c-e594-417b-8d26-caca105a9867 0293b9205b2d4fe4bd4aa04a14e78d24 315f741c36044c2ab9414435abcb35d2 - - default default] 10.0.0.131 "GET /v2.0/security-groups?tenant_id=f87776a54ec94a0c9c1aa431e917872f&name=default HTTP/1.1" status: 200 len: 2996 time: 0.0228274
2026-04-07 01:16:26.038 9 INFO neutron.wsgi [None req-4236177c-6be7-401e-9d45-b30da19700f0 0293b9205b2d4fe4bd4aa04a14e78d24 315f741c36044c2ab9414435abcb35d2 - - - -] 10.0.0.131 "DELETE /v2.0/security-groups/851b0b8c-0ffc-479e-b19a-237c1fadd5c1 HTTP/1.1" status: 204 len: 168 time: 0.1754134
2026-04-07 01:16:26.043 10 WARNING neutron.scheduler.dhcp_agent_scheduler [None req-4feaff90-3028-4d99-a0f7-2df07c11f4bc 07a1c5e0885e4be8b7382ae92f143411 a5b9a90256ed4ad48b2523f5071cb0ed - - - -] No more DHCP agents
2026-04-07 01:16:26.046 10 WARNING neutron.api.rpc.agentnotifiers.dhcp_rpc_agent_api [None req-4feaff90-3028-4d99-a0f7-2df07c11f4bc 07a1c5e0885e4be8b7382ae92f143411 a5b9a90256ed4ad48b2523f5071cb0ed - - - -] Unable to schedule network ba55bc57-844a-461b-b9b0-253b9291b94b: no agents available; will retry on subsequent port and subnet creation events.
2026-04-07 01:16:26.122 10 INFO neutron.db.ovn_revision_numbers_db [None req-4feaff90-3028-4d99-a0f7-2df07c11f4bc 07a1c5e0885e4be8b7382ae92f143411 a5b9a90256ed4ad48b2523f5071cb0ed - - - -] Successfully bumped revision number for resource f93eb5fb-b5a2-4f35-ba05-b14114b75d4a (type: ports) to 1
2026-04-07 01:16:26.157 10 INFO neutron.wsgi [None req-4feaff90-3028-4d99-a0f7-2df07c11f4bc 07a1c5e0885e4be8b7382ae92f143411 a5b9a90256ed4ad48b2523f5071cb0ed - - - -] 10.0.0.131 "POST /v2.0/networks HTTP/1.1" status: 201 len: 849 time: 0.9644845
2026-04-07 01:16:26.210 10 INFO neutron.services.segments.plugin [-] Segment 322738e9-7d76-4ef7-b309-1779d9ee9abc resource provider aggregate not found
2026-04-07 01:16:26.215 10 INFO neutron.services.segments.plugin [-] Segment 322738e9-7d76-4ef7-b309-1779d9ee9abc resource provider aggregate not found
2026-04-07 01:16:26.235 10 INFO neutron.services.segments.plugin [-] Segment 322738e9-7d76-4ef7-b309-1779d9ee9abc resource provider not found; error: Placement Client Error (4xx): {"errors": [{"status": 404, "title": "Not Found", "detail": "The resource could not be found.\n\n No resource provider with uuid 322738e9-7d76-4ef7-b309-1779d9ee9abc found for delete ", "request_id": "req-bf524e9b-eae2-4e7a-b488-bccaf1fcdcd3"}]}
2026-04-07 01:16:26.235 10 INFO neutron.services.segments.plugin [-] Segment 322738e9-7d76-4ef7-b309-1779d9ee9abc resource provider not found; error: Placement Client Error (4xx): {"errors": [{"status": 404, "title": "Not Found", "detail": "The resource could not be found.\n\n No resource provider with uuid 322738e9-7d76-4ef7-b309-1779d9ee9abc found for delete ", "request_id": "req-079e94c4-07be-4c19-b014-cf7a717d53f9"}]}
2026-04-07 01:16:26.263 10 INFO neutron.wsgi [None req-915e9640-245d-4701-a773-610f7cc2bc83 d1a6ffa8b9c44f41b0475ed1e3fe1d32 9a32b9bcc24642a3adc6a2f18e2aea50 - - - -] 10.0.0.131 "DELETE /v2.0/networks/f24e01fe-cc23-424a-9f82-7bbcd8826caa HTTP/1.1" status: 204 len: 168 time: 0.5674753
2026-04-07 01:16:26.479 9 WARNING neutron.scheduler.dhcp_agent_scheduler [None req-534266ed-2d86-4999-bee9-74fd990fc71a 07a1c5e0885e4be8b7382ae92f143411 a5b9a90256ed4ad48b2523f5071cb0ed - - - -] No more DHCP agents
2026-04-07 01:16:26.482 9 WARNING neutron.api.rpc.agentnotifiers.dhcp_rpc_agent_api [None req-534266ed-2d86-4999-bee9-74fd990fc71a 07a1c5e0885e4be8b7382ae92f143411 a5b9a90256ed4ad48b2523f5071cb0ed - - - -] Unable to schedule network ba55bc57-844a-461b-b9b0-253b9291b94b: no agents available; will retry on subsequent port and subnet creation events.
2026-04-07 01:16:26.492 9 INFO neutron.db.ovn_revision_numbers_db [None req-534266ed-2d86-4999-bee9-74fd990fc71a 07a1c5e0885e4be8b7382ae92f143411 a5b9a90256ed4ad48b2523f5071cb0ed - - - -] Successfully bumped revision number for resource 344385c4-8b78-4543-802d-85781e9fb5b1 (type: subnets) to 0
2026-04-07 01:16:26.509 9 INFO neutron.wsgi [None req-534266ed-2d86-4999-bee9-74fd990fc71a 07a1c5e0885e4be8b7382ae92f143411 a5b9a90256ed4ad48b2523f5071cb0ed - - - -] 10.0.0.131 "POST /v2.0/subnets HTTP/1.1" status: 201 len: 802 time: 0.3432751
2026-04-07 01:16:26.781 9 INFO neutron.wsgi [None req-26da4410-364e-4a67-b5fb-d4c7c0eb8ce5 d1a6ffa8b9c44f41b0475ed1e3fe1d32 9a32b9bcc24642a3adc6a2f18e2aea50 - - - -] 10.0.0.131 "DELETE /v2.0/networks/815724d6-44a2-4769-9129-33905e2839c1 HTTP/1.1" status: 204 len: 168 time: 0.5126963
2026-04-07 01:16:26.879 10 INFO neutron.db.segments_db [None req-cae06527-726a-44bf-a301-19fd75a97ea0 d1a6ffa8b9c44f41b0475ed1e3fe1d32 9a32b9bcc24642a3adc6a2f18e2aea50 - - - -] Added segment 12977691-c768-4417-bb20-143ed0d29eb2 of type geneve for network 32df99ab-e227-483b-b447-91cbdc743ff8
2026-04-07 01:16:27.016 10 INFO neutron.db.ovn_revision_numbers_db [None req-cae06527-726a-44bf-a301-19fd75a97ea0 d1a6ffa8b9c44f41b0475ed1e3fe1d32 9a32b9bcc24642a3adc6a2f18e2aea50 - - - -] Successfully bumped revision number for resource 32df99ab-e227-483b-b447-91cbdc743ff8 (type: networks) to 1
2026-04-07 01:16:27.045 9 WARNING neutron.scheduler.dhcp_agent_scheduler [None req-55dbe1e1-c333-4436-8ccf-9dd03675a352 07a1c5e0885e4be8b7382ae92f143411 a5b9a90256ed4ad48b2523f5071cb0ed - - - -] No more DHCP agents
2026-04-07 01:16:27.047 9 WARNING neutron.api.rpc.agentnotifiers.dhcp_rpc_agent_api [None req-55dbe1e1-c333-4436-8ccf-9dd03675a352 07a1c5e0885e4be8b7382ae92f143411 a5b9a90256ed4ad48b2523f5071cb0ed - - - -] Unable to schedule network 309b9ca1-f325-4f09-9919-8a3a5a0a4aac: no agents available; will retry on subsequent port and subnet creation events.
2026-04-07 01:16:27.206 9 INFO neutron.db.ovn_revision_numbers_db [None req-55dbe1e1-c333-4436-8ccf-9dd03675a352 07a1c5e0885e4be8b7382ae92f143411 a5b9a90256ed4ad48b2523f5071cb0ed - - - -] Successfully bumped revision number for resource 85a28b93-6c30-4747-a58f-f0676c421ff2 (type: ports) to 1
2026-04-07 01:16:27.228 10 WARNING neutron.scheduler.dhcp_agent_scheduler [None req-cae06527-726a-44bf-a301-19fd75a97ea0 d1a6ffa8b9c44f41b0475ed1e3fe1d32 9a32b9bcc24642a3adc6a2f18e2aea50 - - - -] No more DHCP agents
2026-04-07 01:16:27.230 10 WARNING neutron.api.rpc.agentnotifiers.dhcp_rpc_agent_api [None req-cae06527-726a-44bf-a301-19fd75a97ea0 d1a6ffa8b9c44f41b0475ed1e3fe1d32 9a32b9bcc24642a3adc6a2f18e2aea50 - - - -] Unable to schedule network 32df99ab-e227-483b-b447-91cbdc743ff8: no agents available; will retry on subsequent port and subnet creation events.
2026-04-07 01:16:27.287 10 INFO neutron.db.ovn_revision_numbers_db [None req-cae06527-726a-44bf-a301-19fd75a97ea0 d1a6ffa8b9c44f41b0475ed1e3fe1d32 9a32b9bcc24642a3adc6a2f18e2aea50 - - - -] Successfully bumped revision number for resource ecff08cd-8df9-481e-bdd6-9c7ce69ac67a (type: ports) to 1
2026-04-07 01:16:27.305 10 INFO neutron.wsgi [None req-cae06527-726a-44bf-a301-19fd75a97ea0 d1a6ffa8b9c44f41b0475ed1e3fe1d32 9a32b9bcc24642a3adc6a2f18e2aea50 - - - -] 10.0.0.131 "POST /v2.0/networks HTTP/1.1" status: 201 len: 833 time: 0.5159986
2026-04-07 01:16:27.576 10 WARNING neutron.scheduler.dhcp_agent_scheduler [None req-708eb0eb-d718-4016-9e6c-efb7ba1113f3 d1a6ffa8b9c44f41b0475ed1e3fe1d32 9a32b9bcc24642a3adc6a2f18e2aea50 - - - -] No more DHCP agents
2026-04-07 01:16:27.577 10 WARNING neutron.api.rpc.agentnotifiers.dhcp_rpc_agent_api [None req-708eb0eb-d718-4016-9e6c-efb7ba1113f3 d1a6ffa8b9c44f41b0475ed1e3fe1d32 9a32b9bcc24642a3adc6a2f18e2aea50 - - - -] Unable to schedule network 32df99ab-e227-483b-b447-91cbdc743ff8: no agents available; will retry on subsequent port and subnet creation events.
2026-04-07 01:16:27.592 10 INFO neutron.db.ovn_revision_numbers_db [None req-708eb0eb-d718-4016-9e6c-efb7ba1113f3 d1a6ffa8b9c44f41b0475ed1e3fe1d32 9a32b9bcc24642a3adc6a2f18e2aea50 - - - -] Successfully bumped revision number for resource 61a4483e-e728-4627-a65e-c2ad21b49c99 (type: subnets) to 0
2026-04-07 01:16:27.614 10 INFO neutron.wsgi [None req-708eb0eb-d718-4016-9e6c-efb7ba1113f3 d1a6ffa8b9c44f41b0475ed1e3fe1d32 9a32b9bcc24642a3adc6a2f18e2aea50 - - - -] 10.0.0.131 "POST /v2.0/subnets HTTP/1.1" status: 201 len: 821 time: 0.3045530
2026-04-07 01:16:27.743 9 INFO neutron.services.segments.plugin [-] Segment e98ac82c-dc0d-4a60-bff9-10e925921290 resource provider aggregate not found
2026-04-07 01:16:27.763 9 INFO neutron.services.segments.plugin [-] Segment e98ac82c-dc0d-4a60-bff9-10e925921290 resource provider aggregate not found
2026-04-07 01:16:27.773 9 INFO neutron.services.segments.plugin [-] Segment e98ac82c-dc0d-4a60-bff9-10e925921290 resource provider not found; error: Placement Client Error (4xx): {"errors": [{"status": 404, "title": "Not Found", "detail": "The resource could not be found.\n\n No resource provider with uuid e98ac82c-dc0d-4a60-bff9-10e925921290 found for delete ", "request_id": "req-50522f28-643a-4e5e-8845-e37e86d66ef7"}]}
2026-04-07 01:16:27.777 9 INFO neutron.services.segments.plugin [-] Segment e98ac82c-dc0d-4a60-bff9-10e925921290 resource provider not found; error: Placement Client Error (4xx): {"errors": [{"status": 404, "title": "Not Found", "detail": "The resource could not be found.\n\n No resource provider with uuid e98ac82c-dc0d-4a60-bff9-10e925921290 found for delete ", "request_id": "req-3bb23cb9-6814-4831-9e50-04711867721a"}]}
2026-04-07 01:16:27.959 9 INFO neutron.db.ovn_revision_numbers_db [None req-55dbe1e1-c333-4436-8ccf-9dd03675a352 07a1c5e0885e4be8b7382ae92f143411 a5b9a90256ed4ad48b2523f5071cb0ed - - - -] Successfully bumped revision number for resource 85a28b93-6c30-4747-a58f-f0676c421ff2 (type: router_ports) to 1
2026-04-07 01:16:28.041 9 INFO neutron.db.ovn_revision_numbers_db [None req-55dbe1e1-c333-4436-8ccf-9dd03675a352 07a1c5e0885e4be8b7382ae92f143411 a5b9a90256ed4ad48b2523f5071cb0ed - - - -] Successfully bumped revision number for resource c0fd9f26-6768-4e09-a42d-5ce31b100af5 (type: routers) to 3
2026-04-07 01:16:28.063 9 INFO neutron.wsgi [None req-55dbe1e1-c333-4436-8ccf-9dd03675a352 07a1c5e0885e4be8b7382ae92f143411 a5b9a90256ed4ad48b2523f5071cb0ed - - - -] 10.0.0.131 "POST /v2.0/routers HTTP/1.1" status: 201 len: 874 time: 1.5472426
2026-04-07 01:16:28.078 9 INFO neutron.db.ovn_revision_numbers_db [None req-9925f65c-2b38-49f7-adfd-dcba3d5d2e83 0293b9205b2d4fe4bd4aa04a14e78d24 315f741c36044c2ab9414435abcb35d2 - - - -] Successfully bumped revision number for resource bf0c60ef-dfad-494a-b986-171fb61131ee (type: security_groups) to 1
2026-04-07 01:16:28.126 10 INFO neutron.db.ovn_revision_numbers_db [None req-56571ec3-aa07-474f-b2e2-288275fbb911 d1a6ffa8b9c44f41b0475ed1e3fe1d32 9a32b9bcc24642a3adc6a2f18e2aea50 - - - -] Successfully bumped revision number for resource bc056ca4-b435-42f5-b715-e495cbc533e4 (type: routers) to 1
2026-04-07 01:16:28.135 10 INFO neutron.db.ovn_revision_numbers_db [None req-f898a6a5-1adf-48c0-8341-170272dd70d6 0293b9205b2d4fe4bd4aa04a14e78d24 315f741c36044c2ab9414435abcb35d2 - - default default] Successfully bumped revision number for resource 09d3a35e-7ab8-475e-9498-b17f08df36a0 (type: security_groups) to 1
2026-04-07 01:16:28.157 10 INFO neutron.wsgi [None req-f898a6a5-1adf-48c0-8341-170272dd70d6 0293b9205b2d4fe4bd4aa04a14e78d24 315f741c36044c2ab9414435abcb35d2 - - default default] 10.0.0.131 "GET /v2.0/security-groups?tenant_id=e3522bde831c42ab972413c4e7d3cad6&name=default HTTP/1.1" status: 200 len: 2996 time: 0.7449296
2026-04-07 01:16:28.162 10 INFO neutron.wsgi [None req-56571ec3-aa07-474f-b2e2-288275fbb911 d1a6ffa8b9c44f41b0475ed1e3fe1d32 9a32b9bcc24642a3adc6a2f18e2aea50 - - - -] 10.0.0.131 "POST /v2.0/routers HTTP/1.1" status: 201 len: 689 time: 0.5426922
2026-04-07 01:16:28.185 9 INFO neutron.db.segments_db [None req-9925f65c-2b38-49f7-adfd-dcba3d5d2e83 0293b9205b2d4fe4bd4aa04a14e78d24 315f741c36044c2ab9414435abcb35d2 - - - -] Added segment 7c097bab-dca2-491c-8d0d-057c499faea7 of type geneve for network 9d456f8f-1c73-40d3-ba97-090c2798c9c0
2026-04-07 01:16:28.343 9 INFO neutron.db.ovn_revision_numbers_db [None req-9925f65c-2b38-49f7-adfd-dcba3d5d2e83 0293b9205b2d4fe4bd4aa04a14e78d24 315f741c36044c2ab9414435abcb35d2 - - - -] Successfully bumped revision number for resource 9d456f8f-1c73-40d3-ba97-090c2798c9c0 (type: networks) to 1
2026-04-07 01:16:28.413 10 INFO neutron.wsgi [None req-40217bfc-30ee-4c2c-ba09-1995913b8d76 0293b9205b2d4fe4bd4aa04a14e78d24 315f741c36044c2ab9414435abcb35d2 - - - -] 10.0.0.131 "DELETE /v2.0/security-groups/09d3a35e-7ab8-475e-9498-b17f08df36a0 HTTP/1.1" status: 204 len: 168 time: 0.2502670
2026-04-07 01:16:28.485 10 WARNING neutron.scheduler.dhcp_agent_scheduler [None req-2209ca27-39d8-448a-9c38-4ae0d3cedbd3 d1a6ffa8b9c44f41b0475ed1e3fe1d32 9a32b9bcc24642a3adc6a2f18e2aea50 - - - -] No more DHCP agents
2026-04-07 01:16:28.486 10 WARNING neutron.api.rpc.agentnotifiers.dhcp_rpc_agent_api [None req-2209ca27-39d8-448a-9c38-4ae0d3cedbd3 d1a6ffa8b9c44f41b0475ed1e3fe1d32 9a32b9bcc24642a3adc6a2f18e2aea50 - - - -] Unable to schedule network 32df99ab-e227-483b-b447-91cbdc743ff8: no agents available; will retry on subsequent port and subnet creation events. /var/lib/openstack/lib/python3.10/site-packages/pycadf/identifier.py:71: UserWarning: Invalid uuid: neutron. To ensure interoperability, identifiers should be a valid uuid. warnings.warn(('Invalid uuid: %s. To ensure interoperability, '
2026-04-07 01:16:28.606 10 WARNING neutron.plugins.ml2.drivers.ovn.mech_driver.ovsdb.ovn_client [None req-ee02499f-61ca-4756-b0aa-f7c26bd3149e - - - - - -] No port found with ID 9c48329e-1f6e-43bd-bb71-760ae9dcab79: RuntimeError: No port found with ID 9c48329e-1f6e-43bd-bb71-760ae9dcab79
2026-04-07 01:16:28.607 10 INFO neutron.plugins.ml2.drivers.ovn.mech_driver.mech_driver [None req-ee02499f-61ca-4756-b0aa-f7c26bd3149e - - - - - -] OVN reports status up for port: 85a28b93-6c30-4747-a58f-f0676c421ff2
2026-04-07 01:16:28.650 10 INFO neutron.db.ovn_revision_numbers_db [None req-2209ca27-39d8-448a-9c38-4ae0d3cedbd3 d1a6ffa8b9c44f41b0475ed1e3fe1d32 9a32b9bcc24642a3adc6a2f18e2aea50 - - - -] Successfully bumped revision number for resource 780be889-fb59-41ba-85e5-68e350aa6c6e (type: ports) to 1
2026-04-07 01:16:28.653 10 INFO neutron.plugins.ml2.plugin [None req-ee02499f-61ca-4756-b0aa-f7c26bd3149e - - - - - -] Attempt 1 to provision port 85a28b93-6c30-4747-a58f-f0676c421ff2
2026-04-07 01:16:28.697 10 INFO neutron.wsgi [None req-2209ca27-39d8-448a-9c38-4ae0d3cedbd3 d1a6ffa8b9c44f41b0475ed1e3fe1d32 9a32b9bcc24642a3adc6a2f18e2aea50 - - - -] 10.0.0.131 "POST /v2.0/ports HTTP/1.1" status: 201 len: 1163 time: 0.5287542
2026-04-07 01:16:28.778 10 INFO neutron.db.ovn_revision_numbers_db [None req-e5319032-5386-43de-803e-8108b95ffe73 0293b9205b2d4fe4bd4aa04a14e78d24 315f741c36044c2ab9414435abcb35d2 - - default default] Successfully bumped revision number for resource 52a46996-fe38-49c9-af58-a8e131204f98 (type: security_groups) to 1
2026-04-07 01:16:28.831 10 INFO neutron.wsgi [None req-e5319032-5386-43de-803e-8108b95ffe73 0293b9205b2d4fe4bd4aa04a14e78d24 315f741c36044c2ab9414435abcb35d2 - - default default] 10.0.0.131 "GET /v2.0/security-groups?tenant_id=f547dc3facbc4936bbd373dff993b3bf&name=default HTTP/1.1" status: 200 len: 2996 time: 0.3081257
2026-04-07 01:16:28.893 9 WARNING neutron.scheduler.dhcp_agent_scheduler [None req-9925f65c-2b38-49f7-adfd-dcba3d5d2e83 0293b9205b2d4fe4bd4aa04a14e78d24 315f741c36044c2ab9414435abcb35d2 - - - -] No more DHCP agents
2026-04-07 01:16:28.901 9 WARNING neutron.api.rpc.agentnotifiers.dhcp_rpc_agent_api [None req-9925f65c-2b38-49f7-adfd-dcba3d5d2e83 0293b9205b2d4fe4bd4aa04a14e78d24 315f741c36044c2ab9414435abcb35d2 - - - -] Unable to schedule network 9d456f8f-1c73-40d3-ba97-090c2798c9c0: no agents available; will retry on subsequent port and subnet creation events.
2026-04-07 01:16:29.009 9 INFO neutron.db.ovn_revision_numbers_db [None req-9925f65c-2b38-49f7-adfd-dcba3d5d2e83 0293b9205b2d4fe4bd4aa04a14e78d24 315f741c36044c2ab9414435abcb35d2 - - - -] Successfully bumped revision number for resource 36cdf830-28f7-4afc-96f6-ea4cc132a26d (type: ports) to 1
2026-04-07 01:16:29.043 9 INFO neutron.wsgi [None req-9925f65c-2b38-49f7-adfd-dcba3d5d2e83 0293b9205b2d4fe4bd4aa04a14e78d24 315f741c36044c2ab9414435abcb35d2 - - - -] 10.0.0.131 "POST /v2.0/networks HTTP/1.1" status: 201 len: 945 time: 1.2602122
2026-04-07 01:16:29.101 9 WARNING neutron.scheduler.dhcp_agent_scheduler [None req-487589bd-290d-43da-b871-c1357d443d53 07a1c5e0885e4be8b7382ae92f143411 a5b9a90256ed4ad48b2523f5071cb0ed - - default default] No more DHCP agents
2026-04-07 01:16:29.115 9 WARNING neutron.api.rpc.agentnotifiers.dhcp_rpc_agent_api [None req-487589bd-290d-43da-b871-c1357d443d53 07a1c5e0885e4be8b7382ae92f143411 a5b9a90256ed4ad48b2523f5071cb0ed - - default default] Unable to schedule network ba55bc57-844a-461b-b9b0-253b9291b94b: no agents available; will retry on subsequent port and subnet creation events.
2026-04-07 01:16:29.143 10 INFO neutron.db.ovn_revision_numbers_db [None req-f86f2da7-3371-42fb-bc5d-325277083a6c d1a6ffa8b9c44f41b0475ed1e3fe1d32 9a32b9bcc24642a3adc6a2f18e2aea50 - - default default] Successfully bumped revision number for resource 780be889-fb59-41ba-85e5-68e350aa6c6e (type: router_ports) to 2
2026-04-07 01:16:29.163 9 INFO neutron.plugins.ml2.drivers.ovn.mech_driver.mech_driver [None req-3b29fbaa-dd5d-48a8-aed6-98c94a3c5d39 - - - - - -] OVN reports status up for port: 780be889-fb59-41ba-85e5-68e350aa6c6e
2026-04-07 01:16:29.181 9 INFO neutron.plugins.ml2.plugin [None req-3b29fbaa-dd5d-48a8-aed6-98c94a3c5d39 - - - - - -] Attempt 1 to provision port 780be889-fb59-41ba-85e5-68e350aa6c6e
2026-04-07 01:16:29.288 10 INFO neutron.db.ovn_revision_numbers_db [None req-f86f2da7-3371-42fb-bc5d-325277083a6c d1a6ffa8b9c44f41b0475ed1e3fe1d32 9a32b9bcc24642a3adc6a2f18e2aea50 - - default default] Successfully bumped revision number for resource 780be889-fb59-41ba-85e5-68e350aa6c6e (type: ports) to 2
2026-04-07 01:16:29.291 9 INFO neutron.wsgi [None req-ed887c60-ae47-45f2-bb43-52f8ae3eb51a 0293b9205b2d4fe4bd4aa04a14e78d24 315f741c36044c2ab9414435abcb35d2 - - - -] 10.0.0.131 "DELETE /v2.0/security-groups/52a46996-fe38-49c9-af58-a8e131204f98 HTTP/1.1" status: 204 len: 168 time: 0.4545052
2026-04-07 01:16:29.361 9 WARNING neutron.scheduler.dhcp_agent_scheduler [None req-cff0ea47-f275-4991-bddd-1292d74bfcc0 0293b9205b2d4fe4bd4aa04a14e78d24 315f741c36044c2ab9414435abcb35d2 - - - -] No more DHCP agents
2026-04-07 01:16:29.367 9 WARNING neutron.api.rpc.agentnotifiers.dhcp_rpc_agent_api [None req-cff0ea47-f275-4991-bddd-1292d74bfcc0 0293b9205b2d4fe4bd4aa04a14e78d24 315f741c36044c2ab9414435abcb35d2 - - - -] Unable to schedule network 9d456f8f-1c73-40d3-ba97-090c2798c9c0: no agents available; will retry on subsequent port and subnet creation events.
2026-04-07 01:16:29.408 9 INFO neutron.db.ovn_revision_numbers_db [None req-487589bd-290d-43da-b871-c1357d443d53 07a1c5e0885e4be8b7382ae92f143411 a5b9a90256ed4ad48b2523f5071cb0ed - - default default] Successfully bumped revision number for resource d823b050-6fb8-4c8b-8963-ec898146ad9e (type: ports) to 1
2026-04-07 01:16:29.663 9 INFO neutron.db.ovn_revision_numbers_db [None req-3b29fbaa-dd5d-48a8-aed6-98c94a3c5d39 - - - - - -] Successfully bumped revision number for resource 780be889-fb59-41ba-85e5-68e350aa6c6e (type: ports) to 3
2026-04-07 01:16:29.764 10 INFO neutron.db.ovn_revision_numbers_db [None req-f86f2da7-3371-42fb-bc5d-325277083a6c d1a6ffa8b9c44f41b0475ed1e3fe1d32 9a32b9bcc24642a3adc6a2f18e2aea50 - - default default] Successfully bumped revision number for resource 780be889-fb59-41ba-85e5-68e350aa6c6e (type: router_ports) to 4
2026-04-07 01:16:29.874 10 INFO neutron.db.ovn_revision_numbers_db [None req-f86f2da7-3371-42fb-bc5d-325277083a6c d1a6ffa8b9c44f41b0475ed1e3fe1d32 9a32b9bcc24642a3adc6a2f18e2aea50 - - default default] Successfully bumped revision number for resource 780be889-fb59-41ba-85e5-68e350aa6c6e (type: ports) to 4
2026-04-07 01:16:29.959 10 WARNING neutron.scheduler.dhcp_agent_scheduler [None req-f86f2da7-3371-42fb-bc5d-325277083a6c d1a6ffa8b9c44f41b0475ed1e3fe1d32 9a32b9bcc24642a3adc6a2f18e2aea50 - - default default] No more DHCP agents
