2026-04-07 01:15:22.613 10 INFO neutron.wsgi [None req-b65d71e2-68df-4b9d-b16e-7221fab56725 b714ab75f4004a10bbec284e0d9b4519 f1e91ddf9fc14fa8aebdbc8e6c9c6ea8 - - - -] 10.0.0.131 "POST /v2.0/floatingips HTTP/1.1" status: 201 len: 751 time: 0.9391441
2026-04-07 01:15:22.723 9 INFO neutron.db.ovn_revision_numbers_db [None req-18d9125e-8562-4438-af39-4b88e7a4fdc4 - - - - - -] Successfully bumped revision number for resource dfa150d0-1e8b-4523-9b66-0876c8ace49c (type: ports) to 1
2026-04-07 01:15:22.810 10 INFO neutron.db.ovn_revision_numbers_db [None req-92f96474-df30-45a2-b993-89362d1be72e 0293b9205b2d4fe4bd4aa04a14e78d24 315f741c36044c2ab9414435abcb35d2 - - default default] Successfully bumped revision number for resource be2d5ab5-4b73-4aa4-9871-5fbe331950d1 (type: security_groups) to 1
2026-04-07 01:15:22.837 10 INFO neutron.wsgi [None req-92f96474-df30-45a2-b993-89362d1be72e 0293b9205b2d4fe4bd4aa04a14e78d24 315f741c36044c2ab9414435abcb35d2 - - default default] 10.0.0.131 "GET /v2.0/security-groups?tenant_id=c86d7a05348041dba851b2ce193baecb&name=default HTTP/1.1" status: 200 len: 2992 time: 0.2835126
2026-04-07 01:15:22.988 9 INFO neutron.db.ovn_revision_numbers_db [None req-28846813-cd53-4d4d-859e-cf5e8ce6528d 0293b9205b2d4fe4bd4aa04a14e78d24 315f741c36044c2ab9414435abcb35d2 - - - -] Successfully bumped revision number for resource 0396478d-b18e-461b-a4a8-cbffaa32a1ef (type: router_ports) to 2
2026-04-07 01:15:22.990 9 INFO neutron.wsgi [None req-28846813-cd53-4d4d-859e-cf5e8ce6528d 0293b9205b2d4fe4bd4aa04a14e78d24 315f741c36044c2ab9414435abcb35d2 - - - -] 10.0.0.131 "PUT /v2.0/routers/4a10cda3-9be2-4fa5-bba8-85df57b40cd6/add_router_interface HTTP/1.1" status: 200 len: 503 time: 4.5482454
2026-04-07 01:15:23.077 10 INFO neutron.wsgi [None req-f1e23405-0af3-4e0f-bf03-2339d58fbf26 0293b9205b2d4fe4bd4aa04a14e78d24 315f741c36044c2ab9414435abcb35d2 - - - -] 10.0.0.131 "DELETE /v2.0/security-groups/be2d5ab5-4b73-4aa4-9871-5fbe331950d1 HTTP/1.1" status: 204 len: 168 time: 0.2348592
2026-04-07 01:15:23.266 10 INFO neutron.db.ovn_revision_numbers_db [None req-baf85702-c7c2-4913-9a5c-713b3ebd916a 0293b9205b2d4fe4bd4aa04a14e78d24 315f741c36044c2ab9414435abcb35d2 - - default default] Successfully bumped revision number for resource 434dac74-947f-447c-bca5-139d99a6ea07 (type: security_groups) to 1
2026-04-07 01:15:23.288 10 INFO neutron.wsgi [None req-baf85702-c7c2-4913-9a5c-713b3ebd916a 0293b9205b2d4fe4bd4aa04a14e78d24 315f741c36044c2ab9414435abcb35d2 - - default default] 10.0.0.131 "GET /v2.0/security-groups?tenant_id=3b735ff7e54748db87c2d38479427828&name=default HTTP/1.1" status: 200 len: 2994 time: 0.1086049
2026-04-07 01:15:23.324 9 INFO neutron.db.ovn_revision_numbers_db [None req-18d9125e-8562-4438-af39-4b88e7a4fdc4 - - - - - -] Successfully bumped revision number for resource dfa150d0-1e8b-4523-9b66-0876c8ace49c (type: router_ports) to 3
2026-04-07 01:15:23.461 10 INFO neutron.wsgi [None req-58c49c22-4886-42e1-84ad-f9c961f5632a 0293b9205b2d4fe4bd4aa04a14e78d24 315f741c36044c2ab9414435abcb35d2 - - - -] 10.0.0.131 "DELETE /v2.0/security-groups/434dac74-947f-447c-bca5-139d99a6ea07 HTTP/1.1" status: 204 len: 168 time: 0.1691356
2026-04-07 01:15:23.492 9 INFO neutron.db.ovn_revision_numbers_db [None req-18d9125e-8562-4438-af39-4b88e7a4fdc4 - - - - - -] Successfully bumped revision number for resource dfa150d0-1e8b-4523-9b66-0876c8ace49c (type: ports) to 2
2026-04-07 01:15:23.585 9 INFO neutron.db.ovn_revision_numbers_db [None req-808fba4f-3b31-4d4e-8183-c9ca4f858240 0293b9205b2d4fe4bd4aa04a14e78d24 315f741c36044c2ab9414435abcb35d2 - - - -] Successfully bumped revision number for resource 7ad62abc-1016-483a-9438-9855a8e4054b (type: router_ports) to 3
2026-04-07 01:15:23.589 9 INFO neutron.wsgi [None req-808fba4f-3b31-4d4e-8183-c9ca4f858240 0293b9205b2d4fe4bd4aa04a14e78d24 315f741c36044c2ab9414435abcb35d2 - - - -] 10.0.0.131 "PUT /v2.0/routers/586c452b-67b2-4db7-adf5-1b130d56d908/add_router_interface HTTP/1.1" status: 200 len: 503 time: 3.7125072
2026-04-07 01:15:23.746 9 INFO neutron.db.ovn_revision_numbers_db [None req-18d9125e-8562-4438-af39-4b88e7a4fdc4 - - - - - -] Successfully bumped revision number for resource dfa150d0-1e8b-4523-9b66-0876c8ace49c (type: ports) to 4
2026-04-07 01:15:23.772 10 INFO neutron.wsgi [req-151f7709-08a3-4e1b-b639-3b4df2cc7955 req-72266789-4ace-4095-9e8b-b9f9e46a1a9a b714ab75f4004a10bbec284e0d9b4519 f1e91ddf9fc14fa8aebdbc8e6c9c6ea8 - - default default] 10.0.0.229 "GET /v2.0/security-groups?name=tempest-securitygroup--1516845394&fields=id&tenant_id=f1e91ddf9fc14fa8aebdbc8e6c9c6ea8 HTTP/1.1" status: 200 len: 267 time: 0.0433455
2026-04-07 01:15:23.912 10 INFO neutron.wsgi [req-151f7709-08a3-4e1b-b639-3b4df2cc7955 req-7ce863a2-e723-43ae-9aa1-6b189e0b4441 b714ab75f4004a10bbec284e0d9b4519 f1e91ddf9fc14fa8aebdbc8e6c9c6ea8 - - default default] 10.0.0.229 "GET /v2.0/networks?id=144d5605-126e-4c58-9edf-2fa34ba3600d HTTP/1.1" status: 200 len: 883 time: 0.1332395
2026-04-07 01:15:23.938 10 INFO neutron.wsgi [req-151f7709-08a3-4e1b-b639-3b4df2cc7955 req-07091a1d-d97e-4e29-bf05-fa785588092d b714ab75f4004a10bbec284e0d9b4519 f1e91ddf9fc14fa8aebdbc8e6c9c6ea8 - - default default] 10.0.0.229 "GET /v2.0/quotas/f1e91ddf9fc14fa8aebdbc8e6c9c6ea8 HTTP/1.1" status: 200 len: 386 time: 0.0199249
2026-04-07 01:15:24.101 9 INFO neutron.plugins.ml2.drivers.ovn.mech_driver.mech_driver [None req-3b29fbaa-dd5d-48a8-aed6-98c94a3c5d39 - - - - - -] OVN reports status up for port: 3c665798-ed17-43e1-8195-f80a31620fca
2026-04-07 01:15:24.111 9 INFO neutron.plugins.ml2.plugin [None req-3b29fbaa-dd5d-48a8-aed6-98c94a3c5d39 - - - - - -] Attempt 1 to provision port 3c665798-ed17-43e1-8195-f80a31620fca
2026-04-07 01:15:24.195 9 INFO neutron.db.ovn_revision_numbers_db [None req-18d9125e-8562-4438-af39-4b88e7a4fdc4 - - - - - -] Successfully bumped revision number for resource dfa150d0-1e8b-4523-9b66-0876c8ace49c (type: router_ports) to 4
2026-04-07 01:15:24.217 10 INFO neutron.wsgi [req-151f7709-08a3-4e1b-b639-3b4df2cc7955 req-bf2538f5-3c54-4c7f-a2ba-bb26fbe9079c b714ab75f4004a10bbec284e0d9b4519 f1e91ddf9fc14fa8aebdbc8e6c9c6ea8 - - default default] 10.0.0.229 "GET /v2.0/ports?tenant_id=f1e91ddf9fc14fa8aebdbc8e6c9c6ea8&fields=id HTTP/1.1" status: 200 len: 302 time: 0.2687573
2026-04-07 01:15:24.220 9 INFO neutron.plugins.ml2.drivers.ovn.mech_driver.ovsdb.ovsdb_monitor [None req-18d9125e-8562-4438-af39-4b88e7a4fdc4 - - - - - -] Router 586c452b-67b2-4db7-adf5-1b130d56d908 is bound to host instance
2026-04-07 01:15:24.279 10 INFO neutron.db.ovn_revision_numbers_db [None req-cbb1976b-0f48-4546-b538-5fdbccfd995d 047dec7b0f884ee0be31ac8d9f851827 84e96b342f1840a6a3420a03cff92be2 - - - -] Successfully bumped revision number for resource 206e76b4-07b6-47d3-a8c5-c110d32c90df (type: security_groups) to 1
2026-04-07 01:15:24.301 10 INFO neutron.wsgi [None req-cbb1976b-0f48-4546-b538-5fdbccfd995d 047dec7b0f884ee0be31ac8d9f851827 84e96b342f1840a6a3420a03cff92be2 - - - -] 10.0.0.229 "POST /v2.0/security-groups HTTP/1.1" status: 201 len: 1822 time: 0.3731105
2026-04-07 01:15:24.490 10 INFO neutron.db.ovn_revision_numbers_db [None req-e2705e4e-ea6d-4cd9-828f-feeb01aa349e 46822a314c1e4be3b023479417e7e4c4 df16a63a75824d3689d10c5301b319b2 - - - -] Successfully bumped revision number for resource aae9888f-55f2-43c6-83c9-c35903ffd6a9 (type: security_groups) to 1
2026-04-07 01:15:24.515 10 INFO neutron.wsgi [None req-e2705e4e-ea6d-4cd9-828f-feeb01aa349e 46822a314c1e4be3b023479417e7e4c4 df16a63a75824d3689d10c5301b319b2 - - - -] 10.0.0.229 "POST /v2.0/security-groups HTTP/1.1" status: 201 len: 1825 time: 0.1376696
2026-04-07 01:15:24.654 10 INFO neutron.db.ovn_revision_numbers_db [None req-e3c07865-9bc5-44c6-aa0e-698fe055a3da 047dec7b0f884ee0be31ac8d9f851827 84e96b342f1840a6a3420a03cff92be2 - - - -] Successfully bumped revision number for resource eda137be-69ba-41be-ad9b-3783e9dece2f (type: security_groups) to 1
2026-04-07 01:15:24.677 10 INFO neutron.wsgi [None req-e3c07865-9bc5-44c6-aa0e-698fe055a3da 047dec7b0f884ee0be31ac8d9f851827 84e96b342f1840a6a3420a03cff92be2 - - - -] 10.0.0.229 "POST /v2.0/security-groups HTTP/1.1" status: 201 len: 1823 time: 0.1353056
2026-04-07 01:15:24.759 10 INFO neutron.wsgi [req-151f7709-08a3-4e1b-b639-3b4df2cc7955 req-c36167bc-4196-45b2-a803-7908b23270f6 776eb9d0a78b4382ad45b382d8ef405d 83527090af144e2d9664d1f648e3fa16 - - 479d185cd48245b4886508aced5bba41 479d185cd48245b4886508aced5bba41] 10.0.0.229 "GET /v2.0/extensions HTTP/1.1" status: 200 len: 16525 time: 0.0650563
2026-04-07 01:15:24.763 10 INFO neutron.wsgi [req-27454d0b-63e3-4639-804b-414fd5cb986b req-f03fbfa0-25d0-440c-a10d-8bdd351afef1 46822a314c1e4be3b023479417e7e4c4 df16a63a75824d3689d10c5301b319b2 - - default default] 10.0.0.229 "GET /v2.0/security-groups/aae9888f-55f2-43c6-83c9-c35903ffd6a9 HTTP/1.1" status: 200 len: 1820 time: 0.0677114
2026-04-07 01:15:24.851 10 INFO neutron.wsgi [req-151f7709-08a3-4e1b-b639-3b4df2cc7955 req-89d37b7c-631d-4c1b-b886-ba19ae529772 776eb9d0a78b4382ad45b382d8ef405d 83527090af144e2d9664d1f648e3fa16 - - 479d185cd48245b4886508aced5bba41 479d185cd48245b4886508aced5bba41] 10.0.0.229 "GET /v2.0/networks/144d5605-126e-4c58-9edf-2fa34ba3600d?fields=segments HTTP/1.1" status: 200 len: 212 time: 0.0809031
2026-04-07 01:15:24.870 9 INFO neutron.db.ovn_revision_numbers_db [None req-18d9125e-8562-4438-af39-4b88e7a4fdc4 - - - - - -] Successfully bumped revision number for resource 3c665798-ed17-43e1-8195-f80a31620fca (type: ports) to 1
2026-04-07 01:15:24.945 10 INFO neutron.wsgi [req-151f7709-08a3-4e1b-b639-3b4df2cc7955 req-785df918-ba82-4d9f-9d89-94a589ae8176 776eb9d0a78b4382ad45b382d8ef405d 83527090af144e2d9664d1f648e3fa16 - - 479d185cd48245b4886508aced5bba41 479d185cd48245b4886508aced5bba41] 10.0.0.229 "GET /v2.0/networks/144d5605-126e-4c58-9edf-2fa34ba3600d?fields=provider%3Aphysical_network&fields=provider%3Anetwork_type HTTP/1.1" status: 200 len: 277 time: 0.0857515
2026-04-07 01:15:24.963 10 INFO neutron.db.ovn_revision_numbers_db [None req-c7abbdf2-4802-433a-b2d8-b0526ef24cb6 46822a314c1e4be3b023479417e7e4c4 df16a63a75824d3689d10c5301b319b2 - - - -] Successfully bumped revision number for resource 58f22ef7-3642-416f-b41c-4598e048fb73 (type: security_group_rules) to 0
2026-04-07 01:15:24.993 10 INFO neutron.wsgi [None req-c7abbdf2-4802-433a-b2d8-b0526ef24cb6 46822a314c1e4be3b023479417e7e4c4 df16a63a75824d3689d10c5301b319b2 - - - -] 10.0.0.229 "POST /v2.0/security-group-rules HTTP/1.1" status: 201 len: 786 time: 0.2195098
2026-04-07 01:15:25.129 10 INFO neutron.db.ovn_revision_numbers_db [None req-33c42d3e-7849-4925-b86e-27e83e4f4736 047dec7b0f884ee0be31ac8d9f851827 84e96b342f1840a6a3420a03cff92be2 - - - -] Successfully bumped revision number for resource 6c0e242d-889c-464e-9e9b-4dfe60cbde3b (type: security_groups) to 1
2026-04-07 01:15:25.167 10 INFO neutron.wsgi [None req-33c42d3e-7849-4925-b86e-27e83e4f4736 047dec7b0f884ee0be31ac8d9f851827 84e96b342f1840a6a3420a03cff92be2 - - - -] 10.0.0.229 "POST /v2.0/security-groups HTTP/1.1" status: 201 len: 1823 time: 0.1582351
2026-04-07 01:15:25.224 9 INFO neutron.db.ovn_revision_numbers_db [None req-18d9125e-8562-4438-af39-4b88e7a4fdc4 - - - - - -] Successfully bumped revision number for resource 3c665798-ed17-43e1-8195-f80a31620fca (type: router_ports) to 3
2026-04-07 01:15:25.248 10 INFO neutron.wsgi [req-57f3bdf9-5668-4a97-8520-05e31d3df3f8 req-7130698b-cfbd-4ed1-b3cd-736ac274237b b714ab75f4004a10bbec284e0d9b4519 f1e91ddf9fc14fa8aebdbc8e6c9c6ea8 - - default default] 10.0.0.229 "GET /v2.0/ports?device_id=537972e4-38fb-4d6d-9ce4-97de96131b21 HTTP/1.1" status: 200 len: 210 time: 0.0477972
2026-04-07 01:15:25.300 10 INFO neutron.db.ovn_revision_numbers_db [None req-53641905-85d5-4886-8dcf-5058c341151e 46822a314c1e4be3b023479417e7e4c4 df16a63a75824d3689d10c5301b319b2 - - - -] Successfully bumped revision number for resource 9455241d-e223-40ed-bee7-1e3ec4855a02 (type: security_groups) to 1
2026-04-07 01:15:25.337 10 INFO neutron.wsgi [None req-53641905-85d5-4886-8dcf-5058c341151e 46822a314c1e4be3b023479417e7e4c4 df16a63a75824d3689d10c5301b319b2 - - - -] 10.0.0.229 "POST /v2.0/security-groups HTTP/1.1" status: 201 len: 1827 time: 0.2184107
2026-04-07 01:15:25.359 9 INFO neutron.db.ovn_revision_numbers_db [None req-18d9125e-8562-4438-af39-4b88e7a4fdc4 - - - - - -] Successfully bumped revision number for resource 3c665798-ed17-43e1-8195-f80a31620fca (type: ports) to 2
2026-04-07 01:15:25.360 10 INFO neutron.wsgi [req-3d417366-5584-49ca-b761-ffb8559c3ee7 req-9387abfc-37e5-4ad4-b5d5-cc1eef6629ce 047dec7b0f884ee0be31ac8d9f851827 84e96b342f1840a6a3420a03cff92be2 - - default default] 10.0.0.229 "GET /v2.0/security-groups?tenant_id=84e96b342f1840a6a3420a03cff92be2 HTTP/1.1" status: 200 len: 7796 time: 0.0785589
2026-04-07 01:15:25.419 10 INFO neutron.wsgi [req-9380ed95-f2cf-4805-afcd-9d2aab110169 req-9e157cd5-7951-4228-80a1-13818cedd1b6 46822a314c1e4be3b023479417e7e4c4 df16a63a75824d3689d10c5301b319b2 - - default default] 10.0.0.229 "GET /v2.0/security-groups/9455241d-e223-40ed-bee7-1e3ec4855a02 HTTP/1.1" status: 200 len: 1822 time: 0.0528598
2026-04-07 01:15:25.422 10 INFO neutron.wsgi [req-3d417366-5584-49ca-b761-ffb8559c3ee7 req-3a46afec-e0cf-4b6b-9e47-d7009bcda4b9 047dec7b0f884ee0be31ac8d9f851827 84e96b342f1840a6a3420a03cff92be2 - - default default] 10.0.0.229 "GET /v2.0/security-groups/1dfade27-e906-41d6-a7e0-7b9daecfc383 HTTP/1.1" status: 200 len: 2994 time: 0.0459127
2026-04-07 01:15:25.482 10 INFO neutron.wsgi [req-3d417366-5584-49ca-b761-ffb8559c3ee7 req-5af6f2bf-005e-43c2-91e4-826003187f69 047dec7b0f884ee0be31ac8d9f851827 84e96b342f1840a6a3420a03cff92be2 - - default default] 10.0.0.229 "GET /v2.0/security-groups/1dfade27-e906-41d6-a7e0-7b9daecfc383 HTTP/1.1" status: 200 len: 2994 time: 0.0510011
2026-04-07 01:15:25.541 10 INFO neutron.wsgi [req-a9f62d25-00c2-41c0-a334-0e28bf3c8bd2 req-7bf35567-b01d-4b99-89ae-97e61fb055b3 047dec7b0f884ee0be31ac8d9f851827 84e96b342f1840a6a3420a03cff92be2 - - default default] 10.0.0.229 "GET /v2.0/security-groups/206e76b4-07b6-47d3-a8c5-c110d32c90df HTTP/1.1" status: 200 len: 1817 time: 0.0352879
2026-04-07 01:15:25.586 10 INFO neutron.db.ovn_revision_numbers_db [None req-1b4a5b24-1c40-4f53-b440-dda5af6775ca 46822a314c1e4be3b023479417e7e4c4 df16a63a75824d3689d10c5301b319b2 - - - -] Successfully bumped revision number for resource 59bb142c-8e88-47eb-bde2-390ff56b5bbb (type: security_group_rules) to 0
2026-04-07 01:15:25.618 9 INFO neutron.db.ovn_revision_numbers_db [None req-18d9125e-8562-4438-af39-4b88e7a4fdc4 - - - - - -] Successfully bumped revision number for resource 3c665798-ed17-43e1-8195-f80a31620fca (type: ports) to 4
2026-04-07 01:15:25.633 10 INFO neutron.wsgi [None req-1b4a5b24-1c40-4f53-b440-dda5af6775ca 46822a314c1e4be3b023479417e7e4c4 df16a63a75824d3689d10c5301b319b2 - - - -] 10.0.0.229 "POST /v2.0/security-group-rules HTTP/1.1" status: 201 len: 786 time: 0.2032492
2026-04-07 01:15:25.683 10 INFO neutron.wsgi [req-fa91e646-8d87-45af-8ae7-8c3a93e758f3 req-090ac672-85fc-4456-a82c-f8a6d2c9fef2 46822a314c1e4be3b023479417e7e4c4 df16a63a75824d3689d10c5301b319b2 - - default default] 10.0.0.229 "GET /v2.0/security-groups/9455241d-e223-40ed-bee7-1e3ec4855a02 HTTP/1.1" status: 200 len: 2415 time: 0.0275445
2026-04-07 01:15:25.711 10 INFO neutron.wsgi [None req-0b7c8477-be05-4b52-9632-0b977ff991c6 047dec7b0f884ee0be31ac8d9f851827 84e96b342f1840a6a3420a03cff92be2 - - - -] 10.0.0.229 "DELETE /v2.0/security-groups/206e76b4-07b6-47d3-a8c5-c110d32c90df HTTP/1.1" status: 204 len: 173 time: 0.1642964
2026-04-07 01:15:25.760 10 INFO neutron.api.v2.resource [req-fe3f95bc-4a92-4e24-bf28-1091f3d4bfac req-156b9b46-0519-44bf-8b5e-1d55930ac0e7 047dec7b0f884ee0be31ac8d9f851827 84e96b342f1840a6a3420a03cff92be2 - - default default] show failed (client error): The resource could not be found.
2026-04-07 01:15:25.761 10 INFO neutron.wsgi [req-fe3f95bc-4a92-4e24-bf28-1091f3d4bfac req-156b9b46-0519-44bf-8b5e-1d55930ac0e7 047dec7b0f884ee0be31ac8d9f851827 84e96b342f1840a6a3420a03cff92be2 - - default default] 10.0.0.229 "GET /v2.0/security-groups/206e76b4-07b6-47d3-a8c5-c110d32c90df HTTP/1.1" status: 404 len: 352 time: 0.0149734
2026-04-07 01:15:25.839 10 INFO neutron.wsgi [req-37ace187-d4c4-4b87-8c2d-0f3f79d20aba req-e3a0e5d8-9116-474d-b698-0880d7d16871 047dec7b0f884ee0be31ac8d9f851827 84e96b342f1840a6a3420a03cff92be2 - - default default] 10.0.0.229 "GET /v2.0/security-groups/eda137be-69ba-41be-ad9b-3783e9dece2f HTTP/1.1" status: 200 len: 1818 time: 0.0429962
2026-04-07 01:15:25.840 9 INFO neutron.db.ovn_revision_numbers_db [None req-18d9125e-8562-4438-af39-4b88e7a4fdc4 - - - - - -] Successfully bumped revision number for resource 3c665798-ed17-43e1-8195-f80a31620fca (type: router_ports) to 4
2026-04-07 01:15:25.844 10 INFO neutron.db.ovn_revision_numbers_db [None req-b90ca8e7-7ce9-438a-b064-48a356615f20 46822a314c1e4be3b023479417e7e4c4 df16a63a75824d3689d10c5301b319b2 - - - -] Successfully bumped revision number for resource f8a97b1b-4148-48d2-9a71-68460e87c582 (type: security_group_rules) to 0
2026-04-07 01:15:25.896 10 INFO neutron.wsgi [None req-b90ca8e7-7ce9-438a-b064-48a356615f20 46822a314c1e4be3b023479417e7e4c4 df16a63a75824d3689d10c5301b319b2 - - - -] 10.0.0.229 "POST /v2.0/security-group-rules HTTP/1.1" status: 201 len: 791 time: 0.2070205
2026-04-07 01:15:25.953 10 INFO neutron.wsgi [req-99db9dba-0985-4545-af56-f92d311c4de1 req-6260e67f-bc00-4eed-9884-66fb69d8add2 46822a314c1e4be3b023479417e7e4c4 df16a63a75824d3689d10c5301b319b2 - - default default] 10.0.0.229 "GET /v2.0/security-groups/9455241d-e223-40ed-bee7-1e3ec4855a02 HTTP/1.1" status: 200 len: 3013 time: 0.0372555
2026-04-07 01:15:25.999 10 INFO neutron.wsgi [req-14907544-7db3-4399-9291-b6be8a05c88d req-fdd73dae-020b-4018-8150-f91e9b79adfa 46822a314c1e4be3b023479417e7e4c4 df16a63a75824d3689d10c5301b319b2 - - default default] 10.0.0.229 "GET /v2.0/security-group-rules/f8a97b1b-4148-48d2-9a71-68460e87c582 HTTP/1.1" status: 200 len: 783 time: 0.0170543
2026-04-07 01:15:26.005 10 INFO neutron.wsgi [None req-16634b81-a29f-4e29-b82a-cd1b937ac1f1 047dec7b0f884ee0be31ac8d9f851827 84e96b342f1840a6a3420a03cff92be2 - - - -] 10.0.0.229 "DELETE /v2.0/security-groups/eda137be-69ba-41be-ad9b-3783e9dece2f HTTP/1.1" status: 204 len: 173 time: 0.1590426
2026-04-07 01:15:26.040 10 INFO neutron.wsgi [req-14907544-7db3-4399-9291-b6be8a05c88d req-9efbd664-78bc-4889-9ce9-2d5055c4edb5 46822a314c1e4be3b023479417e7e4c4 df16a63a75824d3689d10c5301b319b2 - - default default] 10.0.0.229 "GET /v2.0/security-groups/9455241d-e223-40ed-bee7-1e3ec4855a02 HTTP/1.1" status: 200 len: 3013 time: 0.0335591
2026-04-07 01:15:26.040 10 INFO neutron.api.v2.resource [req-be71af62-3d86-4dcd-8871-303bbc935d20 req-46290385-6ed3-415d-adcf-9e37210f4bb3 047dec7b0f884ee0be31ac8d9f851827 84e96b342f1840a6a3420a03cff92be2 - - default default] show failed (client error): The resource could not be found.
2026-04-07 01:15:26.041 10 INFO neutron.wsgi [req-be71af62-3d86-4dcd-8871-303bbc935d20 req-46290385-6ed3-415d-adcf-9e37210f4bb3 047dec7b0f884ee0be31ac8d9f851827 84e96b342f1840a6a3420a03cff92be2 - - default default] 10.0.0.229 "GET /v2.0/security-groups/eda137be-69ba-41be-ad9b-3783e9dece2f HTTP/1.1" status: 404 len: 352 time: 0.0118399
2026-04-07 01:15:26.097 10 INFO neutron.wsgi [req-37695b9b-d913-4180-9510-2d7bbe555c87 req-5572250e-a385-49c7-98fe-852a123b9942 047dec7b0f884ee0be31ac8d9f851827 84e96b342f1840a6a3420a03cff92be2 - - default default] 10.0.0.229 "GET /v2.0/security-groups/6c0e242d-889c-464e-9e9b-4dfe60cbde3b HTTP/1.1" status: 200 len: 1818 time: 0.0338321
2026-04-07 01:15:26.167 10 INFO neutron.wsgi [None req-748fe61c-326a-45f0-9aa7-8222f133d46f 46822a314c1e4be3b023479417e7e4c4 df16a63a75824d3689d10c5301b319b2 - - - -] 10.0.0.229 "DELETE /v2.0/security-group-rules/f8a97b1b-4148-48d2-9a71-68460e87c582 HTTP/1.1" status: 204 len: 173 time: 0.1195457
2026-04-07 01:15:26.226 9 INFO neutron.db.ovn_revision_numbers_db [None req-3c09eb5c-7d18-49f9-b195-86825f96d94c 0293b9205b2d4fe4bd4aa04a14e78d24 315f741c36044c2ab9414435abcb35d2 - - default default] Successfully bumped revision number for resource c50b3ec7-7b6e-45e5-882f-37b795a30949 (type: security_groups) to 1
2026-04-07 01:15:26.238 10 INFO neutron.wsgi [req-90d82443-9e87-4a8c-b58a-ea0fdd6597f5 req-47d25034-b975-490c-bf73-f5368c7b6eeb 46822a314c1e4be3b023479417e7e4c4 df16a63a75824d3689d10c5301b319b2 - - default default] 10.0.0.229 "GET /v2.0/security-groups/9455241d-e223-40ed-bee7-1e3ec4855a02 HTTP/1.1" status: 200 len: 2415 time: 0.0418596
2026-04-07 01:15:26.249 10 INFO neutron.wsgi [None req-9c24bcc6-6b2d-407f-ae4e-d73a8ffae6bc 047dec7b0f884ee0be31ac8d9f851827 84e96b342f1840a6a3420a03cff92be2 - - - -] 10.0.0.229 "DELETE /v2.0/security-groups/6c0e242d-889c-464e-9e9b-4dfe60cbde3b HTTP/1.1" status: 204 len: 173 time: 0.1433218
2026-04-07 01:15:26.251 9 INFO neutron.wsgi [None req-3c09eb5c-7d18-49f9-b195-86825f96d94c 0293b9205b2d4fe4bd4aa04a14e78d24 315f741c36044c2ab9414435abcb35d2 - - default default] 10.0.0.131 "GET /v2.0/security-groups?tenant_id=8856b0504dd14d7c92b394eccdb399e0&name=default HTTP/1.1" status: 200 len: 2996 time: 0.3122013
2026-04-07 01:15:26.283 10 INFO neutron.api.v2.resource [req-5422149a-907e-4827-ac92-12defe73daa3 req-9c1f9e83-274c-433d-8477-029ffb54fd1c 047dec7b0f884ee0be31ac8d9f851827 84e96b342f1840a6a3420a03cff92be2 - - default default] show failed (client error): The resource could not be found.
2026-04-07 01:15:26.285 10 INFO neutron.wsgi [req-5422149a-907e-4827-ac92-12defe73daa3 req-9c1f9e83-274c-433d-8477-029ffb54fd1c 047dec7b0f884ee0be31ac8d9f851827 84e96b342f1840a6a3420a03cff92be2 - - default default] 10.0.0.229 "GET /v2.0/security-groups/6c0e242d-889c-464e-9e9b-4dfe60cbde3b HTTP/1.1" status: 404 len: 352 time: 0.0151949
2026-04-07 01:15:26.396 10 INFO neutron.wsgi [None req-11746df4-05dd-4b26-9ffc-f74be2caa18b 46822a314c1e4be3b023479417e7e4c4 df16a63a75824d3689d10c5301b319b2 - - - -] 10.0.0.229 "DELETE /v2.0/security-groups/9455241d-e223-40ed-bee7-1e3ec4855a02 HTTP/1.1" status: 204 len: 173 time: 0.1464341
2026-04-07 01:15:26.450 9 INFO neutron.wsgi [None req-5d7a5a4c-1cc8-4d86-88a6-3479e1280d28 0293b9205b2d4fe4bd4aa04a14e78d24 315f741c36044c2ab9414435abcb35d2 - - - -] 10.0.0.131 "DELETE /v2.0/security-groups/c50b3ec7-7b6e-45e5-882f-37b795a30949 HTTP/1.1" status: 204 len: 168 time: 0.1950099
2026-04-07 01:15:26.457 10 INFO neutron.wsgi [req-c72ea94f-dfd3-43d9-a028-6d5cf4ffe251 req-6dc921f6-2f42-4cff-9e5c-5ee68b6c699b 047dec7b0f884ee0be31ac8d9f851827 84e96b342f1840a6a3420a03cff92be2 - - default default] 10.0.0.229 "GET /v2.0/security-groups?tenant_id=84e96b342f1840a6a3420a03cff92be2 HTTP/1.1" status: 200 len: 2997 time: 0.0462422
2026-04-07 01:15:26.492 10 INFO neutron.wsgi [req-c72ea94f-dfd3-43d9-a028-6d5cf4ffe251 req-de994f4e-c285-46ef-9079-656503c4df0a 047dec7b0f884ee0be31ac8d9f851827 84e96b342f1840a6a3420a03cff92be2 - - default default] 10.0.0.229 "GET /v2.0/security-groups/1dfade27-e906-41d6-a7e0-7b9daecfc383 HTTP/1.1" status: 200 len: 2994 time: 0.0280352
2026-04-07 01:15:26.536 10 INFO neutron.wsgi [req-8ca7a73e-1eae-43ae-be3c-b4979594e7a4 req-2683e8ef-ef23-483a-b1b6-f57fcd85236f b714ab75f4004a10bbec284e0d9b4519 f1e91ddf9fc14fa8aebdbc8e6c9c6ea8 - - default default] 10.0.0.229 "GET /v2.0/ports?device_id=537972e4-38fb-4d6d-9ce4-97de96131b21 HTTP/1.1" status: 200 len: 210 time: 0.0231476
2026-04-07 01:15:26.545 10 INFO neutron.wsgi [req-c72ea94f-dfd3-43d9-a028-6d5cf4ffe251 req-09c56418-2fbc-4679-b8e8-7db1077aa223 047dec7b0f884ee0be31ac8d9f851827 84e96b342f1840a6a3420a03cff92be2 - - default default] 10.0.0.229 "GET /v2.0/security-groups/1dfade27-e906-41d6-a7e0-7b9daecfc383 HTTP/1.1" status: 200 len: 2994 time: 0.0412657
2026-04-07 01:15:26.597 10 INFO neutron.api.v2.resource [req-47787647-7205-4ae0-b583-986f4cdfb051 req-e41eb227-f4c7-4a32-abb6-f4d1a139aad8 047dec7b0f884ee0be31ac8d9f851827 84e96b342f1840a6a3420a03cff92be2 - - default default] show failed (client error): The resource could not be found.
2026-04-07 01:15:26.599 10 INFO neutron.wsgi [req-47787647-7205-4ae0-b583-986f4cdfb051 req-e41eb227-f4c7-4a32-abb6-f4d1a139aad8 047dec7b0f884ee0be31ac8d9f851827 84e96b342f1840a6a3420a03cff92be2 - - default default] 10.0.0.229 "GET /v2.0/security-groups/6c0e242d-889c-464e-9e9b-4dfe60cbde3b HTTP/1.1" status: 404 len: 352 time: 0.0189269
2026-04-07 01:15:26.611 10 INFO neutron.wsgi [req-1ecb8cef-443a-47ae-a44d-7e06b25723de req-7a8e6c27-f330-4460-ae8e-ca6d17a9bc7f 46822a314c1e4be3b023479417e7e4c4 df16a63a75824d3689d10c5301b319b2 - - default default] 10.0.0.229 "GET /v2.0/security-groups/aae9888f-55f2-43c6-83c9-c35903ffd6a9 HTTP/1.1" status: 200 len: 2413 time: 0.0543959
2026-04-07 01:15:26.645 10 INFO neutron.api.v2.resource [req-cf03a435-d1d6-465a-a755-be66d31dbd42 req-2600bc29-6e61-4f9b-903e-5f14e5840b18 047dec7b0f884ee0be31ac8d9f851827 84e96b342f1840a6a3420a03cff92be2 - - default default] show failed (client error): The resource could not be found.
2026-04-07 01:15:26.646 10 INFO neutron.wsgi [req-cf03a435-d1d6-465a-a755-be66d31dbd42 req-2600bc29-6e61-4f9b-903e-5f14e5840b18 047dec7b0f884ee0be31ac8d9f851827 84e96b342f1840a6a3420a03cff92be2 - - default default] 10.0.0.229 "GET /v2.0/security-groups/eda137be-69ba-41be-ad9b-3783e9dece2f HTTP/1.1" status: 404 len: 352 time: 0.0166638
2026-04-07 01:15:26.684 10 INFO neutron.api.v2.resource [req-dbbd9658-869f-46a7-846f-0b3859ed6467 req-521360cb-8cd3-4f26-bee1-2fc7bef02097 047dec7b0f884ee0be31ac8d9f851827 84e96b342f1840a6a3420a03cff92be2 - - default default] show failed (client error): The resource could not be found.
2026-04-07 01:15:26.686 10 INFO neutron.wsgi [req-dbbd9658-869f-46a7-846f-0b3859ed6467 req-521360cb-8cd3-4f26-bee1-2fc7bef02097 047dec7b0f884ee0be31ac8d9f851827 84e96b342f1840a6a3420a03cff92be2 - - default default] 10.0.0.229 "GET /v2.0/security-groups/206e76b4-07b6-47d3-a8c5-c110d32c90df HTTP/1.1" status: 404 len: 352 time: 0.0203669
2026-04-07 01:15:26.783 10 INFO neutron.wsgi [None req-810acc38-10be-4dad-9c6c-91b9bbbb55e4 46822a314c1e4be3b023479417e7e4c4 df16a63a75824d3689d10c5301b319b2 - - - -] 10.0.0.229 "DELETE /v2.0/security-groups/aae9888f-55f2-43c6-83c9-c35903ffd6a9 HTTP/1.1" status: 204 len: 173 time: 0.1646109
2026-04-07 01:15:27.089 10 INFO neutron.wsgi [req-151f7709-08a3-4e1b-b639-3b4df2cc7955 req-e70f9d4c-3637-4079-97f5-65c7b9708c6c b714ab75f4004a10bbec284e0d9b4519 f1e91ddf9fc14fa8aebdbc8e6c9c6ea8 - - default default] 199.19.213.232 "GET /v2.0/networks?id=144d5605-126e-4c58-9edf-2fa34ba3600d HTTP/1.1" status: 200 len: 883 time: 0.3249624
2026-04-07 01:15:27.167 9 INFO neutron.plugins.ml2.drivers.ovn.mech_driver.mech_driver [None req-3b29fbaa-dd5d-48a8-aed6-98c94a3c5d39 - - - - - -] OVN reports status up for port: 3c214d4b-fef7-4dad-8a89-02b23aac01cd
2026-04-07 01:15:27.175 9 INFO neutron.plugins.ml2.plugin [None req-3b29fbaa-dd5d-48a8-aed6-98c94a3c5d39 - - - - - -] Attempt 1 to provision port 3c214d4b-fef7-4dad-8a89-02b23aac01cd
2026-04-07 01:15:27.368 10 INFO neutron.wsgi [req-151f7709-08a3-4e1b-b639-3b4df2cc7955 req-a48089f9-f447-44f2-b16e-bc6697c2ee9f b714ab75f4004a10bbec284e0d9b4519 f1e91ddf9fc14fa8aebdbc8e6c9c6ea8 - - default default] 199.19.213.232 "GET /v2.0/security-groups?fields=id&fields=name&tenant_id=f1e91ddf9fc14fa8aebdbc8e6c9c6ea8 HTTP/1.1" status: 200 len: 380 time: 0.0741882
2026-04-07 01:15:27.593 9 INFO neutron.db.ovn_revision_numbers_db [None req-3b29fbaa-dd5d-48a8-aed6-98c94a3c5d39 - - - - - -] Successfully bumped revision number for resource 3c214d4b-fef7-4dad-8a89-02b23aac01cd (type: ports) to 3
2026-04-07 01:15:27.739 9 INFO neutron.db.ovn_revision_numbers_db [None req-3b29fbaa-dd5d-48a8-aed6-98c94a3c5d39 - - - - - -] Successfully bumped revision number for resource 3c214d4b-fef7-4dad-8a89-02b23aac01cd (type: router_ports) to 3
2026-04-07 01:15:27.757 10 INFO neutron.wsgi [req-1d77b420-b3c6-42b3-aae3-1bba1f711ae0 req-d3df6d27-0a99-47b4-9e28-1e1cabbf7eb6 b714ab75f4004a10bbec284e0d9b4519 f1e91ddf9fc14fa8aebdbc8e6c9c6ea8 - - default default] 10.0.0.229 "GET /v2.0/ports?device_id=537972e4-38fb-4d6d-9ce4-97de96131b21 HTTP/1.1" status: 200 len: 210 time: 0.0730309
2026-04-07 01:15:27.773 10 WARNING neutron.plugins.ml2.drivers.ovn.mech_driver.ovsdb.ovn_client [None req-ee02499f-61ca-4756-b0aa-f7c26bd3149e - - - - - -] No hosting information found for port 7ad62abc-1016-483a-9438-9855a8e4054b: RuntimeError: No hosting information found for port 7ad62abc-1016-483a-9438-9855a8e4054b
2026-04-07 01:15:28.028 10 WARNING neutron.scheduler.dhcp_agent_scheduler [None req-91067703-5402-497a-85a8-e9f6a198c76c b714ab75f4004a10bbec284e0d9b4519 f1e91ddf9fc14fa8aebdbc8e6c9c6ea8 - - - -] No more DHCP agents
2026-04-07 01:15:28.032 10 WARNING neutron.api.rpc.agentnotifiers.dhcp_rpc_agent_api [None req-91067703-5402-497a-85a8-e9f6a198c76c b714ab75f4004a10bbec284e0d9b4519 f1e91ddf9fc14fa8aebdbc8e6c9c6ea8 - - - -] Unable to schedule network 144d5605-126e-4c58-9edf-2fa34ba3600d: no agents available; will retry on subsequent port and subnet creation events.
2026-04-07 01:15:28.345 10 INFO neutron.db.ovn_revision_numbers_db [None req-91067703-5402-497a-85a8-e9f6a198c76c b714ab75f4004a10bbec284e0d9b4519 f1e91ddf9fc14fa8aebdbc8e6c9c6ea8 - - - -] Successfully bumped revision number for resource 32444dbf-0157-4d6e-b42d-22b929d763ac (type: ports) to 1
2026-04-07 01:15:28.381 10 INFO neutron.wsgi [None req-91067703-5402-497a-85a8-e9f6a198c76c b714ab75f4004a10bbec284e0d9b4519 f1e91ddf9fc14fa8aebdbc8e6c9c6ea8 - - - -] 199.19.213.232 "POST /v2.0/ports HTTP/1.1" status: 201 len: 1162 time: 1.0063879 /var/lib/openstack/lib/python3.10/site-packages/pycadf/identifier.py:71: UserWarning: Invalid uuid: neutron. To ensure interoperability, identifiers should be a valid uuid. warnings.warn(('Invalid uuid: %s. To ensure interoperability, '
2026-04-07 01:15:28.399 10 INFO neutron.wsgi [req-151f7709-08a3-4e1b-b639-3b4df2cc7955 req-2171c451-a2e4-479e-a062-b5ddc1eaa47b b714ab75f4004a10bbec284e0d9b4519 f1e91ddf9fc14fa8aebdbc8e6c9c6ea8 - - default default] 199.19.213.232 "GET /v2.0/extensions HTTP/1.1" status: 200 len: 16525 time: 0.0069144
2026-04-07 01:15:28.491 9 INFO neutron.wsgi [None req-12a2b23c-56ad-49c3-829c-e460baf69cd8 0293b9205b2d4fe4bd4aa04a14e78d24 315f741c36044c2ab9414435abcb35d2 - - - -] 10.0.0.131 "PUT /v2.0/routers/4a10cda3-9be2-4fa5-bba8-85df57b40cd6/remove_router_interface HTTP/1.1" status: 200 len: 503 time: 1.7933087 /var/lib/openstack/lib/python3.10/site-packages/pycadf/identifier.py:71: UserWarning: Invalid uuid: neutron. To ensure interoperability, identifiers should be a valid uuid. warnings.warn(('Invalid uuid: %s. To ensure interoperability, '
2026-04-07 01:15:28.821 10 INFO neutron.wsgi [None req-9c60be03-eb47-464f-9ffd-648c4382e66c 0293b9205b2d4fe4bd4aa04a14e78d24 315f741c36044c2ab9414435abcb35d2 - - - -] 10.0.0.131 "PUT /v2.0/routers/586c452b-67b2-4db7-adf5-1b130d56d908/remove_router_interface HTTP/1.1" status: 200 len: 503 time: 2.0281804 /var/lib/openstack/lib/python3.10/site-packages/pycadf/identifier.py:71: UserWarning: Invalid uuid: neutron. To ensure interoperability, identifiers should be a valid uuid. warnings.warn(('Invalid uuid: %s. To ensure interoperability, '
2026-04-07 01:15:28.918 10 INFO neutron.wsgi [req-8b09415a-9526-4950-aec9-1e9f757e6776 req-3aa96c49-c88d-4c75-a6e8-3a68f09cecdc b714ab75f4004a10bbec284e0d9b4519 f1e91ddf9fc14fa8aebdbc8e6c9c6ea8 - - default default] 10.0.0.229 "GET /v2.0/ports?device_id=537972e4-38fb-4d6d-9ce4-97de96131b21 HTTP/1.1" status: 200 len: 1160 time: 0.0510583
2026-04-07 01:15:28.993 10 INFO neutron.wsgi [req-8b09415a-9526-4950-aec9-1e9f757e6776 req-12871e89-51d7-4e13-a5e1-ef479aa99dba b714ab75f4004a10bbec284e0d9b4519 f1e91ddf9fc14fa8aebdbc8e6c9c6ea8 - - default default] 10.0.0.229 "GET /v2.0/security-groups?id=ec37ed08-2538-4cf1-84dc-1188d6e5ca3c&fields=id&fields=name HTTP/1.1" status: 200 len: 313 time: 0.0620873
2026-04-07 01:15:29.151 10 INFO neutron.db.ovn_revision_numbers_db [None req-ab032caf-ebfb-441d-a086-467580b7db1e 0293b9205b2d4fe4bd4aa04a14e78d24 315f741c36044c2ab9414435abcb35d2 - - default default] Successfully bumped revision number for resource e3e91bce-e600-4a5c-81e2-502c991e4e50 (type: security_groups) to 1
2026-04-07 01:15:29.175 10 INFO neutron.wsgi [None req-ab032caf-ebfb-441d-a086-467580b7db1e 0293b9205b2d4fe4bd4aa04a14e78d24 315f741c36044c2ab9414435abcb35d2 - - default default] 10.0.0.131 "GET /v2.0/security-groups?tenant_id=94b0be57708f435f9d2a48ba123b4587&name=default HTTP/1.1" status: 200 len: 2996 time: 0.2267289
2026-04-07 01:15:29.329 10 INFO neutron.db.ovn_revision_numbers_db [None req-32b435f0-06f9-4062-8f9a-a2858e9c6849 776eb9d0a78b4382ad45b382d8ef405d 83527090af144e2d9664d1f648e3fa16 - - - -] Successfully bumped revision number for resource 32444dbf-0157-4d6e-b42d-22b929d763ac (type: ports) to 2
2026-04-07 01:15:29.409 10 INFO neutron.wsgi [None req-412f964d-7cb9-4ebc-a032-bb72592bb745 0293b9205b2d4fe4bd4aa04a14e78d24 315f741c36044c2ab9414435abcb35d2 - - - -] 10.0.0.131 "DELETE /v2.0/security-groups/e3e91bce-e600-4a5c-81e2-502c991e4e50 HTTP/1.1" status: 204 len: 168 time: 0.2286479
2026-04-07 01:15:29.437 9 INFO neutron.wsgi [None req-f1ac4534-b681-4341-bb7b-78ec384261c0 0293b9205b2d4fe4bd4aa04a14e78d24 315f741c36044c2ab9414435abcb35d2 - - - -] 10.0.0.131 "DELETE /v2.0/routers/4a10cda3-9be2-4fa5-bba8-85df57b40cd6 HTTP/1.1" status: 204 len: 168 time: 0.9331591
2026-04-07 01:15:29.490 10 INFO neutron.db.ovn_revision_numbers_db [None req-32b435f0-06f9-4062-8f9a-a2858e9c6849 776eb9d0a78b4382ad45b382d8ef405d 83527090af144e2d9664d1f648e3fa16 - - - -] Successfully bumped revision number for resource 32444dbf-0157-4d6e-b42d-22b929d763ac (type: ports) to 2
2026-04-07 01:15:29.503 10 INFO neutron.wsgi [None req-32b435f0-06f9-4062-8f9a-a2858e9c6849 776eb9d0a78b4382ad45b382d8ef405d 83527090af144e2d9664d1f648e3fa16 - - - -] 199.19.213.232 "PUT /v2.0/ports/32444dbf-0157-4d6e-b42d-22b929d763ac HTTP/1.1" status: 200 len: 1332 time: 0.7074437 /var/lib/openstack/lib/python3.10/site-packages/pycadf/identifier.py:71: UserWarning: Invalid uuid: neutron. To ensure interoperability, identifiers should be a valid uuid. warnings.warn(('Invalid uuid: %s. To ensure interoperability, '
2026-04-07 01:15:29.590 10 INFO neutron.wsgi [req-151f7709-08a3-4e1b-b639-3b4df2cc7955 req-c31428eb-11d3-4408-8b9f-aa72cf65a081 776eb9d0a78b4382ad45b382d8ef405d 83527090af144e2d9664d1f648e3fa16 - - 479d185cd48245b4886508aced5bba41 479d185cd48245b4886508aced5bba41] 199.19.213.232 "GET /v2.0/ports?tenant_id=f1e91ddf9fc14fa8aebdbc8e6c9c6ea8&device_id=537972e4-38fb-4d6d-9ce4-97de96131b21 HTTP/1.1" status: 200 len: 1363 time: 0.0510912
2026-04-07 01:15:29.634 10 INFO neutron.wsgi [req-151f7709-08a3-4e1b-b639-3b4df2cc7955 req-e8b93164-3781-4366-b1aa-fa5e1343bcfd 776eb9d0a78b4382ad45b382d8ef405d 83527090af144e2d9664d1f648e3fa16 - - 479d185cd48245b4886508aced5bba41 479d185cd48245b4886508aced5bba41] 199.19.213.232 "GET /v2.0/floatingips?fixed_ip_address=10.100.0.12&port_id=32444dbf-0157-4d6e-b42d-22b929d763ac HTTP/1.1" status: 200 len: 217 time: 0.0382750
2026-04-07 01:15:29.688 10 INFO neutron.wsgi [req-151f7709-08a3-4e1b-b639-3b4df2cc7955 req-8d37c66e-4f0d-487e-9dca-49bdf00a6aa7 776eb9d0a78b4382ad45b382d8ef405d 83527090af144e2d9664d1f648e3fa16 - - 479d185cd48245b4886508aced5bba41 479d185cd48245b4886508aced5bba41] 199.19.213.232 "GET /v2.0/subnets?id=a191541e-bdf8-47fe-bcb3-6f2801229077 HTTP/1.1" status: 200 len: 877 time: 0.0464528
2026-04-07 01:15:29.727 10 INFO neutron.wsgi [req-151f7709-08a3-4e1b-b639-3b4df2cc7955 req-013a400e-0e70-4595-bec8-f832fb828ec9 776eb9d0a78b4382ad45b382d8ef405d 83527090af144e2d9664d1f648e3fa16 - - 479d185cd48245b4886508aced5bba41 479d185cd48245b4886508aced5bba41] 199.19.213.232 "GET /v2.0/ports?network_id=144d5605-126e-4c58-9edf-2fa34ba3600d&device_owner=network%3Adhcp HTTP/1.1" status: 200 len: 210 time: 0.0328486
2026-04-07 01:15:29.796 9 INFO neutron.wsgi [None req-bba0761e-7dce-4558-aff6-c6e66acd77c0 0293b9205b2d4fe4bd4aa04a14e78d24 315f741c36044c2ab9414435abcb35d2 - - - -] 10.0.0.131 "DELETE /v2.0/subnets/4ce76570-2621-42ef-b9c8-52ff75d884de HTTP/1.1" status: 204 len: 168 time: 0.3524737
2026-04-07 01:15:29.813 10 INFO neutron.wsgi [req-151f7709-08a3-4e1b-b639-3b4df2cc7955 req-879a2f74-97a1-47e4-b1c5-ecc66eff7e7c 776eb9d0a78b4382ad45b382d8ef405d 83527090af144e2d9664d1f648e3fa16 - - 479d185cd48245b4886508aced5bba41 479d185cd48245b4886508aced5bba41] 199.19.213.232 "GET /v2.0/networks/144d5605-126e-4c58-9edf-2fa34ba3600d?fields=segments HTTP/1.1" status: 200 len: 212 time: 0.0785127
2026-04-07 01:15:29.815 9 INFO neutron.wsgi [None req-601c2fed-c7d6-43b2-b991-b1d38827f4eb 0293b9205b2d4fe4bd4aa04a14e78d24 315f741c36044c2ab9414435abcb35d2 - - - -] 10.0.0.131 "DELETE /v2.0/routers/586c452b-67b2-4db7-adf5-1b130d56d908 HTTP/1.1" status: 204 len: 168 time: 0.9822006
2026-04-07 01:15:29.898 10 INFO neutron.wsgi [req-151f7709-08a3-4e1b-b639-3b4df2cc7955 req-c107adb0-7f4a-44bf-8514-c20b91a722c9 776eb9d0a78b4382ad45b382d8ef405d 83527090af144e2d9664d1f648e3fa16 - - 479d185cd48245b4886508aced5bba41 479d185cd48245b4886508aced5bba41] 199.19.213.232 "GET /v2.0/networks/144d5605-126e-4c58-9edf-2fa34ba3600d?fields=provider%3Aphysical_network&fields=provider%3Anetwork_type HTTP/1.1" status: 200 len: 277 time: 0.0768025
2026-04-07 01:15:30.033 9 INFO neutron.wsgi [None req-cc38f58f-933a-4a67-b71e-5b554d79a7b9 0293b9205b2d4fe4bd4aa04a14e78d24 315f741c36044c2ab9414435abcb35d2 - - - -] 10.0.0.131 "DELETE /v2.0/subnets/d96c1f7f-b287-4742-8966-87a6dae0c4a7 HTTP/1.1" status: 204 len: 168 time: 0.2107203
2026-04-07 01:15:30.147 10 INFO neutron.notifiers.nova [-] Nova event matching ['req-f8ebeec1-1e88-4459-850b-d7ec27f41fec'] response: {'name': 'network-changed', 'server_uuid': '537972e4-38fb-4d6d-9ce4-97de96131b21', 'tag': '32444dbf-0157-4d6e-b42d-22b929d763ac', 'status': 'completed', 'code': 200}
2026-04-07 01:15:30.191 10 INFO neutron.wsgi [req-7ffb4e91-8ae6-4a4c-bfc5-8a645071b0d0 req-52303d46-9f20-45a6-a880-29f92b88e65b b714ab75f4004a10bbec284e0d9b4519 f1e91ddf9fc14fa8aebdbc8e6c9c6ea8 - - default default] 10.0.0.229 "GET /v2.0/ports?device_id=537972e4-38fb-4d6d-9ce4-97de96131b21 HTTP/1.1" status: 200 len: 1172 time: 0.1069949
2026-04-07 01:15:30.243 9 INFO neutron.wsgi [None req-f91539a8-39b4-4b71-860b-6e79fdf49828 0293b9205b2d4fe4bd4aa04a14e78d24 315f741c36044c2ab9414435abcb35d2 - - - -] 10.0.0.131 "DELETE /v2.0/networks/2d8839d3-f47f-43c5-88b0-d5393f6e1564 HTTP/1.1" status: 204 len: 168 time: 0.4425509
2026-04-07 01:15:30.286 10 INFO neutron.wsgi [req-be3b3170-9e23-4ab7-8711-02165d5c709e req-005241cb-d27a-47f1-b2e8-57cc5515f3dc 776eb9d0a78b4382ad45b382d8ef405d 83527090af144e2d9664d1f648e3fa16 - - 479d185cd48245b4886508aced5bba41 479d185cd48245b4886508aced5bba41] 199.19.213.232 "GET /v2.0/ports?tenant_id=f1e91ddf9fc14fa8aebdbc8e6c9c6ea8&device_id=537972e4-38fb-4d6d-9ce4-97de96131b21 HTTP/1.1" status: 200 len: 1363 time: 0.0588884
2026-04-07 01:15:30.290 10 INFO neutron.wsgi [req-7ffb4e91-8ae6-4a4c-bfc5-8a645071b0d0 req-dd57e33f-34ee-4de5-8264-7eb745268390 b714ab75f4004a10bbec284e0d9b4519 f1e91ddf9fc14fa8aebdbc8e6c9c6ea8 - - default default] 10.0.0.229 "GET /v2.0/security-groups?id=ec37ed08-2538-4cf1-84dc-1188d6e5ca3c&fields=id&fields=name HTTP/1.1" status: 200 len: 313 time: 0.0898933
2026-04-07 01:15:30.365 10 INFO neutron.wsgi [req-be3b3170-9e23-4ab7-8711-02165d5c709e req-638c78c9-1ae1-45bb-abab-ab9e9159b2b2 776eb9d0a78b4382ad45b382d8ef405d 83527090af144e2d9664d1f648e3fa16 - - 479d185cd48245b4886508aced5bba41 479d185cd48245b4886508aced5bba41] 199.19.213.232 "GET /v2.0/networks?id=144d5605-126e-4c58-9edf-2fa34ba3600d HTTP/1.1" status: 200 len: 982 time: 0.0745785
2026-04-07 01:15:30.413 10 INFO neutron.wsgi [req-be3b3170-9e23-4ab7-8711-02165d5c709e req-558705d4-e944-425c-97c5-de426f6b67fc 776eb9d0a78b4382ad45b382d8ef405d 83527090af144e2d9664d1f648e3fa16 - - 479d185cd48245b4886508aced5bba41 479d185cd48245b4886508aced5bba41] 199.19.213.232 "GET /v2.0/floatingips?fixed_ip_address=10.100.0.12&port_id=32444dbf-0157-4d6e-b42d-22b929d763ac HTTP/1.1" status: 200 len: 217 time: 0.0375075
2026-04-07 01:15:30.472 9 INFO neutron.wsgi [None req-ca7403c6-1b38-4670-8402-d63cbe26f5a9 0293b9205b2d4fe4bd4aa04a14e78d24 315f741c36044c2ab9414435abcb35d2 - - default default] 10.0.0.131 "GET /v2.0/security-groups?tenant_id=84e96b342f1840a6a3420a03cff92be2&name=default HTTP/1.1" status: 200 len: 2992 time: 0.0306840
2026-04-07 01:15:30.681 9 INFO neutron.services.segments.plugin [-] Segment 9db0683d-2514-47cf-af5a-2d67979624de resource provider aggregate not found
2026-04-07 01:15:30.703 10 INFO neutron.wsgi [req-be3b3170-9e23-4ab7-8711-02165d5c709e req-3c113a18-de97-4e38-996e-ad49cc054caa 776eb9d0a78b4382ad45b382d8ef405d 83527090af144e2d9664d1f648e3fa16 - - 479d185cd48245b4886508aced5bba41 479d185cd48245b4886508aced5bba41] 199.19.213.232 "GET /v2.0/subnets?id=a191541e-bdf8-47fe-bcb3-6f2801229077 HTTP/1.1" status: 200 len: 877 time: 0.0498838
2026-04-07 01:15:30.704 9 INFO neutron.wsgi [None req-eb9b4281-f6e7-4751-869f-5afbc5e1e6b1 0293b9205b2d4fe4bd4aa04a14e78d24 315f741c36044c2ab9414435abcb35d2 - - - -] 10.0.0.131 "DELETE /v2.0/security-groups/1dfade27-e906-41d6-a7e0-7b9daecfc383 HTTP/1.1" status: 204 len: 168 time: 0.2289858
2026-04-07 01:15:30.713 9 INFO neutron.services.segments.plugin [-] Segment 9db0683d-2514-47cf-af5a-2d67979624de resource provider aggregate not found
2026-04-07 01:15:30.717 9 INFO neutron.services.segments.plugin [-] Segment 9db0683d-2514-47cf-af5a-2d67979624de resource provider not found; error: Placement Client Error (4xx): {"errors": [{"status": 404, "title": "Not Found", "detail": "The resource could not be found.\n\n No resource provider with uuid 9db0683d-2514-47cf-af5a-2d67979624de found for delete ", "request_id": "req-03529565-5739-4182-8b11-5630445c7542"}]}
2026-04-07 01:15:30.728 9 INFO neutron.services.segments.plugin [-] Segment 9db0683d-2514-47cf-af5a-2d67979624de resource provider not found; error: Placement Client Error (4xx): {"errors": [{"status": 404, "title": "Not Found", "detail": "The resource could not be found.\n\n No resource provider with uuid 9db0683d-2514-47cf-af5a-2d67979624de found for delete ", "request_id": "req-9c190efd-b5aa-464d-ac1f-98b89b93cb28"}]}
2026-04-07 01:15:30.754 10 INFO neutron.wsgi [req-be3b3170-9e23-4ab7-8711-02165d5c709e req-8f2ae358-f0b7-43e6-8ff0-240e7804f3ff 776eb9d0a78b4382ad45b382d8ef405d 83527090af144e2d9664d1f648e3fa16 - - 479d185cd48245b4886508aced5bba41 479d185cd48245b4886508aced5bba41] 199.19.213.232 "GET /v2.0/ports?network_id=144d5605-126e-4c58-9edf-2fa34ba3600d&device_owner=network%3Adhcp HTTP/1.1" status: 200 len: 210 time: 0.0448840
2026-04-07 01:15:30.852 10 INFO neutron.wsgi [req-be3b3170-9e23-4ab7-8711-02165d5c709e req-d2dd3fbe-5b1c-4fc9-829e-4fa9bf0455ed 776eb9d0a78b4382ad45b382d8ef405d 83527090af144e2d9664d1f648e3fa16 - - 479d185cd48245b4886508aced5bba41 479d185cd48245b4886508aced5bba41] 199.19.213.232 "GET /v2.0/networks/144d5605-126e-4c58-9edf-2fa34ba3600d?fields=segments HTTP/1.1" status: 200 len: 212 time: 0.0902936
2026-04-07 01:15:30.887 10 INFO neutron.wsgi [None req-eb22a616-209a-40cb-8ffe-03e4fce7434a 0293b9205b2d4fe4bd4aa04a14e78d24 315f741c36044c2ab9414435abcb35d2 - - - -] 10.0.0.131 "DELETE /v2.0/networks/0a5a5a70-8ac6-4b13-8499-d4c682892ce5 HTTP/1.1" status: 204 len: 168 time: 0.8491707
2026-04-07 01:15:30.935 10 INFO neutron.wsgi [req-be3b3170-9e23-4ab7-8711-02165d5c709e req-d78365d3-338e-458b-9d6f-67803e95645e 776eb9d0a78b4382ad45b382d8ef405d 83527090af144e2d9664d1f648e3fa16 - - 479d185cd48245b4886508aced5bba41 479d185cd48245b4886508aced5bba41] 199.19.213.232 "GET /v2.0/networks/144d5605-126e-4c58-9edf-2fa34ba3600d?fields=provider%3Aphysical_network&fields=provider%3Anetwork_type HTTP/1.1" status: 200 len: 277 time: 0.0698617
2026-04-07 01:15:31.263 9 INFO neutron.wsgi [None req-9e2bb53f-f239-49ca-ace7-ffa4bc2d3aa5 b682f07281f24f49bfe2ab78f523247e db27f1f5b615449b98ede8f5fbe99da5 - - default default] 10.0.0.131 "GET /v2.0/extensions HTTP/1.1" status: 200 len: 16520 time: 0.1343300
2026-04-07 01:15:31.277 9 INFO neutron.wsgi [None req-5832139c-9f14-4f1c-b227-1e9347d346be b682f07281f24f49bfe2ab78f523247e db27f1f5b615449b98ede8f5fbe99da5 - - default default] 10.0.0.131 "GET /v2.0/extensions/address-group HTTP/1.1" status: 200 len: 353 time: 0.0082543
2026-04-07 01:15:31.288 9 INFO neutron.wsgi [None req-fc81820b-f2cb-4b74-9246-1c797483b3f1 b682f07281f24f49bfe2ab78f523247e db27f1f5b615449b98ede8f5fbe99da5 - - default default] 10.0.0.131 "GET /v2.0/extensions/address-scope HTTP/1.1" status: 200 len: 357 time: 0.0057838
2026-04-07 01:15:31.298 9 INFO neutron.wsgi [None req-da022a85-c083-481e-a87b-cce6c24f8cda b682f07281f24f49bfe2ab78f523247e db27f1f5b615449b98ede8f5fbe99da5 - - default default] 10.0.0.131 "GET /v2.0/extensions/agent HTTP/1.1" status: 200 len: 347 time: 0.0064464
2026-04-07 01:15:31.310 9 INFO neutron.wsgi [None req-a56bf16a-dce9-4459-a082-240e0869f01c b682f07281f24f49bfe2ab78f523247e db27f1f5b615449b98ede8f5fbe99da5 - - default default] 10.0.0.131 "GET /v2.0/extensions/allowed-address-pairs HTTP/1.1" status: 200 len: 378 time: 0.0050049
2026-04-07 01:15:31.320 9 INFO neutron.wsgi [None req-ab8e92ce-6655-40ac-b47d-ce3e15b9ad33 b682f07281f24f49bfe2ab78f523247e db27f1f5b615449b98ede8f5fbe99da5 - - default default] 10.0.0.131 "GET /v2.0/extensions/auto-allocated-topology HTTP/1.1" status: 200 len: 394 time: 0.0053964
2026-04-07 01:15:31.326 10 INFO neutron.wsgi [None req-5c6db430-4351-4bd7-b1d4-e88769a818e5 0293b9205b2d4fe4bd4aa04a14e78d24 315f741c36044c2ab9414435abcb35d2 - - default default] 10.0.0.131 "GET /v2.0/security-groups?tenant_id=df16a63a75824d3689d10c5301b319b2&name=default HTTP/1.1" status: 200 len: 2992 time: 0.0317018
2026-04-07 01:15:31.335 9 INFO neutron.wsgi [None req-879b7cb6-6499-4ce7-8a84-6da2de9976f1 b682f07281f24f49bfe2ab78f523247e db27f1f5b615449b98ede8f5fbe99da5 - - default default] 10.0.0.131 "GET /v2.0/extensions/availability_zone HTTP/1.1" status: 200 len: 372 time: 0.0081921
2026-04-07 01:15:31.348 10 INFO neutron.wsgi [None req-abdb195c-7606-4709-93da-17defb14547d b682f07281f24f49bfe2ab78f523247e db27f1f5b615449b98ede8f5fbe99da5 - - default default] 10.0.0.131 "GET /v2.0/extensions/default-subnetpools HTTP/1.1" status: 200 len: 405 time: 0.0055976
2026-04-07 01:15:31.361 9 INFO neutron.wsgi [None req-e6b223c1-2613-4607-abb8-f2dc17e4b97c b682f07281f24f49bfe2ab78f523247e db27f1f5b615449b98ede8f5fbe99da5 - - default default] 10.0.0.131 "GET /v2.0/extensions/dhcp_agent_scheduler HTTP/1.1" status: 200 len: 381 time: 0.0075080
2026-04-07 01:15:31.370 9 INFO neutron.wsgi [None req-fee5215f-0fa0-4d48-baaf-c6c100cfcc5f b682f07281f24f49bfe2ab78f523247e db27f1f5b615449b98ede8f5fbe99da5 - - default default] 10.0.0.131 "GET /v2.0/extensions/dns-integration HTTP/1.1" status: 200 len: 366 time: 0.0056140
2026-04-07 01:15:31.382 9 INFO neutron.wsgi [None req-a3a1ed28-d154-4a52-b179-df02ee4f64fc b682f07281f24f49bfe2ab78f523247e db27f1f5b615449b98ede8f5fbe99da5 - - default default] 10.0.0.131 "GET /v2.0/extensions/dns-domain-ports HTTP/1.1" status: 200 len: 399 time: 0.0070205
2026-04-07 01:15:31.390 9 INFO neutron.wsgi [None req-1de5975e-ddf6-46ff-bb6c-89eb72ef0fba b682f07281f24f49bfe2ab78f523247e db27f1f5b615449b98ede8f5fbe99da5 - - default default] 10.0.0.131 "GET /v2.0/extensions/dns-integration-domain-keywords HTTP/1.1" status: 200 len: 477 time: 0.0037315
2026-04-07 01:15:31.392 10 INFO neutron.wsgi [req-c28266e4-5796-491e-88ca-464f383a8f4c req-0092025a-28e9-4409-a060-1f7f33141215 b714ab75f4004a10bbec284e0d9b4519 f1e91ddf9fc14fa8aebdbc8e6c9c6ea8 - - default default] 10.0.0.229 "GET /v2.0/ports?device_id=537972e4-38fb-4d6d-9ce4-97de96131b21 HTTP/1.1" status: 200 len: 1172 time: 0.0389194
2026-04-07 01:15:31.399 9 INFO neutron.wsgi [None req-4f2107a1-296e-4450-8458-817412199992 b682f07281f24f49bfe2ab78f523247e db27f1f5b615449b98ede8f5fbe99da5 - - default default] 10.0.0.131 "GET /v2.0/extensions/external-net HTTP/1.1" status: 200 len: 394 time: 0.0051260
2026-04-07 01:15:31.409 9 INFO neutron.wsgi [None req-76d29b1c-0775-4f52-88df-5ee71adf52e8 b682f07281f24f49bfe2ab78f523247e db27f1f5b615449b98ede8f5fbe99da5 - - default default] 10.0.0.131 "GET /v2.0/extensions/extra_dhcp_opt HTTP/1.1" status: 200 len: 498 time: 0.0063264
2026-04-07 01:15:31.421 9 INFO neutron.wsgi [None req-ec4f2073-11f6-41d2-a343-3b08ea40059b b682f07281f24f49bfe2ab78f523247e db27f1f5b615449b98ede8f5fbe99da5 - - default default] 10.0.0.131 "GET /v2.0/extensions/extraroute HTTP/1.1" status: 200 len: 375 time: 0.0059261
2026-04-07 01:15:31.431 9 INFO neutron.wsgi [None req-a5c27300-fe4f-478a-b0e6-04e05440bc8e b682f07281f24f49bfe2ab78f523247e db27f1f5b615449b98ede8f5fbe99da5 - - default default] 10.0.0.131 "GET /v2.0/extensions/filter-validation HTTP/1.1" status: 200 len: 392 time: 0.0060747
2026-04-07 01:15:31.436 10 INFO neutron.wsgi [req-c28266e4-5796-491e-88ca-464f383a8f4c req-a2a538cb-6c2f-4946-a724-b3b197fe7f13 b714ab75f4004a10bbec284e0d9b4519 f1e91ddf9fc14fa8aebdbc8e6c9c6ea8 - - default default] 10.0.0.229 "GET /v2.0/security-groups?id=ec37ed08-2538-4cf1-84dc-1188d6e5ca3c&fields=id&fields=name HTTP/1.1" status: 200 len: 313 time: 0.0342736
2026-04-07 01:15:31.447 9 INFO neutron.wsgi [None req-a0a1fa29-db05-4895-9d30-7f6cfe881f77 b682f07281f24f49bfe2ab78f523247e db27f1f5b615449b98ede8f5fbe99da5 - - default default] 10.0.0.131 "GET /v2.0/extensions/floating-ip-port-forwarding-detail HTTP/1.1" status: 200 len: 465 time: 0.0073974
2026-04-07 01:15:31.456 10 INFO neutron.services.segments.plugin [-] Segment bcc6a21d-9241-468b-a03c-73052a154465 resource provider aggregate not found
2026-04-07 01:15:31.458 9 INFO neutron.wsgi [None req-d463be84-553c-4c8e-ba3b-029d928b6a43 b682f07281f24f49bfe2ab78f523247e db27f1f5b615449b98ede8f5fbe99da5 - - default default] 10.0.0.131 "GET /v2.0/extensions/fip-port-details HTTP/1.1" status: 200 len: 406 time: 0.0058303
