2026-04-07 01:16:48.181 9 INFO neutron.wsgi [None req-c0105f4b-efed-4be0-b375-496a0e1ddf69 0293b9205b2d4fe4bd4aa04a14e78d24 315f741c36044c2ab9414435abcb35d2 - - default default] 10.0.0.131 "GET /v2.0/security-groups?tenant_id=9a32b9bcc24642a3adc6a2f18e2aea50&name=default HTTP/1.1" status: 200 len: 2996 time: 0.1845286
2026-04-07 01:16:48.287 9 INFO neutron.db.ovn_revision_numbers_db [None req-11271b6a-6605-4d77-9389-e3074e94c73d 0293b9205b2d4fe4bd4aa04a14e78d24 315f741c36044c2ab9414435abcb35d2 - - default default] Successfully bumped revision number for resource 32a91ba2-f628-4398-b32f-9abdba1b6364 (type: security_groups) to 1
2026-04-07 01:16:48.316 9 INFO neutron.wsgi [None req-11271b6a-6605-4d77-9389-e3074e94c73d 0293b9205b2d4fe4bd4aa04a14e78d24 315f741c36044c2ab9414435abcb35d2 - - default default] 10.0.0.131 "GET /v2.0/security-groups?tenant_id=2b1193d169a840d28bb14167203cc00d&name=default HTTP/1.1" status: 200 len: 2996 time: 0.1990385
2026-04-07 01:16:48.416 9 INFO neutron.wsgi [None req-776169a8-b77b-40d2-a17e-1724c019a414 0293b9205b2d4fe4bd4aa04a14e78d24 315f741c36044c2ab9414435abcb35d2 - - - -] 10.0.0.131 "DELETE /v2.0/security-groups/ba433b4c-da37-4e43-b02f-b86e8d792afb HTTP/1.1" status: 204 len: 168 time: 0.2307043
2026-04-07 01:16:48.496 9 INFO neutron.wsgi [None req-cca19894-534a-4d9b-9d7e-eb319ff05ac9 0293b9205b2d4fe4bd4aa04a14e78d24 315f741c36044c2ab9414435abcb35d2 - - - -] 10.0.0.131 "DELETE /v2.0/security-groups/32a91ba2-f628-4398-b32f-9abdba1b6364 HTTP/1.1" status: 204 len: 168 time: 0.1752636
2026-04-07 01:16:48.501 10 INFO neutron.wsgi [req-b1730658-cf8f-43c8-91be-1abf23fc3579 req-147bdcd1-28fd-44eb-a7b9-73146e96e8a4 e5ecbf37c52d46c4ae675408df0a4b39 202d350fdfcd4c249755cfb753826f0e - - default default] 10.0.0.229 "GET /v2.0/ports?device_id=8d071a22-b052-4ddb-b68b-8538cf82f543 HTTP/1.1" status: 200 len: 1172 time: 0.0567942
2026-04-07 01:16:48.551 10 INFO neutron.wsgi [None req-8ed742bd-d32b-4144-85c6-b40bfa5f5565 e5ecbf37c52d46c4ae675408df0a4b39 202d350fdfcd4c249755cfb753826f0e - - - -] 199.19.213.232 "DELETE /v2.0/ports/bee98f41-701b-4fbe-b7b1-b5aacf821e92 HTTP/1.1" status: 204 len: 173 time: 0.9507899
2026-04-07 01:16:48.558 10 INFO neutron.wsgi [req-b1730658-cf8f-43c8-91be-1abf23fc3579 req-6cc1ea4d-7efa-4b00-9ee0-a67a0605b1d9 e5ecbf37c52d46c4ae675408df0a4b39 202d350fdfcd4c249755cfb753826f0e - - default default] 10.0.0.229 "GET /v2.0/security-groups?id=ef4c3918-99aa-4396-ae3e-530c9145887f&fields=id&fields=name HTTP/1.1" status: 200 len: 313 time: 0.0414379
2026-04-07 01:16:48.744 10 INFO neutron.services.segments.plugin [-] Segment 35af23a0-28e0-49d6-b714-72ba32124cf3 resource provider aggregate not found
2026-04-07 01:16:48.750 10 INFO neutron.services.segments.plugin [-] Segment 35af23a0-28e0-49d6-b714-72ba32124cf3 resource provider aggregate not found
2026-04-07 01:16:48.776 10 INFO neutron.services.segments.plugin [-] Segment 35af23a0-28e0-49d6-b714-72ba32124cf3 resource provider not found; error: Placement Client Error (4xx): {"errors": [{"status": 404, "title": "Not Found", "detail": "The resource could not be found.\n\n No resource provider with uuid 35af23a0-28e0-49d6-b714-72ba32124cf3 found for delete ", "request_id": "req-a030bf29-30c1-4ca4-ab26-e2a0d0dbc216"}]}
2026-04-07 01:16:48.778 10 INFO neutron.services.segments.plugin [-] Segment 35af23a0-28e0-49d6-b714-72ba32124cf3 resource provider not found; error: Placement Client Error (4xx): {"errors": [{"status": 404, "title": "Not Found", "detail": "The resource could not be found.\n\n No resource provider with uuid 35af23a0-28e0-49d6-b714-72ba32124cf3 found for delete ", "request_id": "req-33d9969c-ad5f-4e78-bb1b-f3fe49840ed3"}]}
2026-04-07 01:16:48.789 10 INFO neutron.wsgi [None req-35a7f2fe-2c4f-44d2-85bd-d1c1a8ff6b55 f544ef7b32c1402c98929735350c67f9 85a009a7f78747d8aa94f71dce9634b3 - - - -] 10.0.0.131 "DELETE /v2.0/networks/39b088e0-fad8-469a-92e3-c2971a322b58 HTTP/1.1" status: 204 len: 168 time: 0.8636754
2026-04-07 01:16:48.895 10 INFO neutron.notifiers.nova [-] Nova event matching ['req-c4f55ad8-a515-46f6-afe3-2db114049ef5'] response: {'server_uuid': '8d071a22-b052-4ddb-b68b-8538cf82f543', 'name': 'network-vif-deleted', 'tag': 'bee98f41-701b-4fbe-b7b1-b5aacf821e92', 'status': 'completed', 'code': 200}
2026-04-07 01:16:49.049 9 INFO neutron.wsgi [-] 10.0.0.145 "GET / HTTP/1.1" status: 200 len: 247 time: 0.0013385
2026-04-07 01:16:49.050 10 INFO neutron.wsgi [-] 10.0.0.145 "GET / HTTP/1.1" status: 200 len: 247 time: 0.0022275
2026-04-07 01:16:49.163 9 INFO neutron.services.segments.plugin [-] Segment 10f34730-7cd4-4778-9687-c2fb168704b5 resource provider aggregate not found
2026-04-07 01:16:49.182 9 INFO neutron.services.segments.plugin [-] Segment 10f34730-7cd4-4778-9687-c2fb168704b5 resource provider aggregate not found
2026-04-07 01:16:49.193 9 INFO neutron.services.segments.plugin [-] Segment 10f34730-7cd4-4778-9687-c2fb168704b5 resource provider not found; error: Placement Client Error (4xx): {"errors": [{"status": 404, "title": "Not Found", "detail": "The resource could not be found.\n\n No resource provider with uuid 10f34730-7cd4-4778-9687-c2fb168704b5 found for delete ", "request_id": "req-9e1b25eb-69dd-4054-a30f-bbc38290bd68"}]}
2026-04-07 01:16:49.239 9 INFO neutron.wsgi [None req-1bc1da04-04f8-480f-a62c-0d93f577476e f544ef7b32c1402c98929735350c67f9 85a009a7f78747d8aa94f71dce9634b3 - - - -] 10.0.0.131 "DELETE /v2.0/networks/d5aebd8c-8598-412d-81ed-13b710de3459 HTTP/1.1" status: 204 len: 168 time: 0.4446354
2026-04-07 01:16:49.268 9 INFO neutron.services.segments.plugin [-] Segment 10f34730-7cd4-4778-9687-c2fb168704b5 resource provider not found; error: Placement Client Error (4xx): {"errors": [{"status": 404, "title": "Not Found", "detail": "The resource could not be found.\n\n No resource provider with uuid 10f34730-7cd4-4778-9687-c2fb168704b5 found for delete ", "request_id": "req-b2e133c2-771f-4dec-9e69-6ae72ea28fed"}]}
2026-04-07 01:16:49.348 9 INFO neutron.wsgi [None req-c7726329-99bc-4f53-9c37-71b62e8327bc f544ef7b32c1402c98929735350c67f9 85a009a7f78747d8aa94f71dce9634b3 - - default default] 10.0.0.131 "GET /v2.0/networks HTTP/1.1" status: 200 len: 845 time: 0.0948884
2026-04-07 01:16:49.442 9 INFO neutron.db.segments_db [None req-134be277-6acb-415a-aeb7-c685d6bcec88 f544ef7b32c1402c98929735350c67f9 85a009a7f78747d8aa94f71dce9634b3 - - - -] Added segment 1a9ea1fd-70a1-40a9-b346-0288375ac2cc of type geneve for network 9ce76214-814f-4a81-9607-18a1e24865aa
2026-04-07 01:16:49.577 9 INFO neutron.db.ovn_revision_numbers_db [None req-134be277-6acb-415a-aeb7-c685d6bcec88 f544ef7b32c1402c98929735350c67f9 85a009a7f78747d8aa94f71dce9634b3 - - - -] Successfully bumped revision number for resource 9ce76214-814f-4a81-9607-18a1e24865aa (type: networks) to 1
2026-04-07 01:16:49.788 9 WARNING neutron.scheduler.dhcp_agent_scheduler [None req-134be277-6acb-415a-aeb7-c685d6bcec88 f544ef7b32c1402c98929735350c67f9 85a009a7f78747d8aa94f71dce9634b3 - - - -] No more DHCP agents
2026-04-07 01:16:49.791 9 WARNING neutron.api.rpc.agentnotifiers.dhcp_rpc_agent_api [None req-134be277-6acb-415a-aeb7-c685d6bcec88 f544ef7b32c1402c98929735350c67f9 85a009a7f78747d8aa94f71dce9634b3 - - - -] Unable to schedule network 9ce76214-814f-4a81-9607-18a1e24865aa: no agents available; will retry on subsequent port and subnet creation events.
2026-04-07 01:16:49.835 10 INFO neutron.wsgi [None req-222dcfef-f8cd-42eb-8679-cd7e7dcefef8 e5ecbf37c52d46c4ae675408df0a4b39 202d350fdfcd4c249755cfb753826f0e - - - -] 10.0.0.131 "DELETE /v2.0/security-groups/ef4c3918-99aa-4396-ae3e-530c9145887f HTTP/1.1" status: 204 len: 168 time: 0.1661768
2026-04-07 01:16:49.844 9 INFO neutron.db.ovn_revision_numbers_db [None req-134be277-6acb-415a-aeb7-c685d6bcec88 f544ef7b32c1402c98929735350c67f9 85a009a7f78747d8aa94f71dce9634b3 - - - -] Successfully bumped revision number for resource 2092f5c4-d0b4-4dc1-9e78-f3632f8a014b (type: ports) to 1
2026-04-07 01:16:49.852 10 INFO neutron.api.v2.resource [None req-762cff32-a22e-4a70-9352-c9c2ba6c7eeb e5ecbf37c52d46c4ae675408df0a4b39 202d350fdfcd4c249755cfb753826f0e - - default default] show failed (client error): The resource could not be found.
2026-04-07 01:16:49.853 10 INFO neutron.wsgi [None req-762cff32-a22e-4a70-9352-c9c2ba6c7eeb e5ecbf37c52d46c4ae675408df0a4b39 202d350fdfcd4c249755cfb753826f0e - - default default] 10.0.0.131 "GET /v2.0/security-groups/ef4c3918-99aa-4396-ae3e-530c9145887f HTTP/1.1" status: 404 len: 347 time: 0.0121820
2026-04-07 01:16:49.864 9 INFO neutron.wsgi [None req-134be277-6acb-415a-aeb7-c685d6bcec88 f544ef7b32c1402c98929735350c67f9 85a009a7f78747d8aa94f71dce9634b3 - - - -] 10.0.0.131 "POST /v2.0/networks HTTP/1.1" status: 201 len: 848 time: 0.5101523
2026-04-07 01:16:49.964 10 INFO neutron.db.segments_db [None req-de7c8834-9f26-4928-9e23-2c22ab4572cd f544ef7b32c1402c98929735350c67f9 85a009a7f78747d8aa94f71dce9634b3 - - - -] Added segment 3b4c83c0-cd8b-4ac6-b933-b79b0e5452d8 of type geneve for network c445a6f5-3da4-4b9b-bbf9-42b600e3eb7e
2026-04-07 01:16:50.108 10 INFO neutron.db.ovn_revision_numbers_db [None req-de7c8834-9f26-4928-9e23-2c22ab4572cd f544ef7b32c1402c98929735350c67f9 85a009a7f78747d8aa94f71dce9634b3 - - - -] Successfully bumped revision number for resource c445a6f5-3da4-4b9b-bbf9-42b600e3eb7e (type: networks) to 1
2026-04-07 01:16:50.228 9 INFO neutron.wsgi [None req-b9d1cc04-e4f9-4202-a323-4913902f4fc1 e5ecbf37c52d46c4ae675408df0a4b39 202d350fdfcd4c249755cfb753826f0e - - - -] 10.0.0.131 "DELETE /v2.0/floatingips/e3e30d43-2d7a-4477-b30a-707f9a9b50de HTTP/1.1" status: 204 len: 168 time: 0.3711305
2026-04-07 01:16:50.336 9 INFO neutron.wsgi [-] 10.0.0.131 "GET / HTTP/1.1" status: 200 len: 279 time: 0.0028396
2026-04-07 01:16:50.372 10 WARNING neutron.scheduler.dhcp_agent_scheduler [None req-de7c8834-9f26-4928-9e23-2c22ab4572cd f544ef7b32c1402c98929735350c67f9 85a009a7f78747d8aa94f71dce9634b3 - - - -] No more DHCP agents
2026-04-07 01:16:50.378 10 WARNING neutron.api.rpc.agentnotifiers.dhcp_rpc_agent_api [None req-de7c8834-9f26-4928-9e23-2c22ab4572cd f544ef7b32c1402c98929735350c67f9 85a009a7f78747d8aa94f71dce9634b3 - - - -] Unable to schedule network c445a6f5-3da4-4b9b-bbf9-42b600e3eb7e: no agents available; will retry on subsequent port and subnet creation events.
2026-04-07 01:16:50.397 9 INFO neutron.wsgi [None req-51cf3f69-2d27-408b-b788-bee1b8c8b8c4 56dd3029fe3e4145ab06ba780d3b659d 32dc97bdc94040aeacbe1bad3cbba430 - - default default] 10.0.0.131 "GET /v2.0/ HTTP/1.1" status: 200 len: 826 time: 0.0558403
2026-04-07 01:16:50.466 10 WARNING neutron.plugins.ml2.drivers.ovn.mech_driver.ovsdb.ovn_client [None req-ee02499f-61ca-4756-b0aa-f7c26bd3149e - - - - - -] No port found with ID 1dd150ca-584f-40fc-a185-5bb96d248889: RuntimeError: No port found with ID 1dd150ca-584f-40fc-a185-5bb96d248889
2026-04-07 01:16:50.573 10 INFO neutron.db.ovn_revision_numbers_db [None req-de7c8834-9f26-4928-9e23-2c22ab4572cd f544ef7b32c1402c98929735350c67f9 85a009a7f78747d8aa94f71dce9634b3 - - - -] Successfully bumped revision number for resource 24f9f857-f78f-4c00-b5dc-8d6bf62a9224 (type: ports) to 1
2026-04-07 01:16:50.593 10 INFO neutron.db.ovn_revision_numbers_db [None req-aaaccdf1-5367-417d-a1d3-ee6ec3232326 892406211f1e4657861857269aae4fdf 718a3d6428fe4c609a74f1d6c6b9f415 - - - -] Successfully bumped revision number for resource 03051eb9-6b55-4ab9-8a14-880e89a54923 (type: security_groups) to 1
2026-04-07 01:16:50.616 10 INFO neutron.wsgi [None req-de7c8834-9f26-4928-9e23-2c22ab4572cd f544ef7b32c1402c98929735350c67f9 85a009a7f78747d8aa94f71dce9634b3 - - - -] 10.0.0.131 "POST /v2.0/networks HTTP/1.1" status: 201 len: 848 time: 0.7449999
2026-04-07 01:16:50.658 10 INFO neutron.db.segments_db [None req-aaaccdf1-5367-417d-a1d3-ee6ec3232326 892406211f1e4657861857269aae4fdf 718a3d6428fe4c609a74f1d6c6b9f415 - - - -] Added segment d171c495-0a76-409f-813e-f7a5fcc40944 of type geneve for network cb4fb80e-25df-4e55-bc66-580b861d0dbf
2026-04-07 01:16:50.830 10 INFO neutron.db.ovn_revision_numbers_db [None req-aaaccdf1-5367-417d-a1d3-ee6ec3232326 892406211f1e4657861857269aae4fdf 718a3d6428fe4c609a74f1d6c6b9f415 - - - -] Successfully bumped revision number for resource cb4fb80e-25df-4e55-bc66-580b861d0dbf (type: networks) to 1 /var/lib/openstack/lib/python3.10/site-packages/pycadf/identifier.py:71: UserWarning: Invalid uuid: neutron. To ensure interoperability, identifiers should be a valid uuid. warnings.warn(('Invalid uuid: %s. To ensure interoperability, '
2026-04-07 01:16:51.078 9 WARNING neutron.scheduler.dhcp_agent_scheduler [None req-4fba9d5e-8610-475b-bb8a-bdbb5c9e031d f544ef7b32c1402c98929735350c67f9 85a009a7f78747d8aa94f71dce9634b3 - - - -] No more DHCP agents
2026-04-07 01:16:51.080 9 WARNING neutron.api.rpc.agentnotifiers.dhcp_rpc_agent_api [None req-4fba9d5e-8610-475b-bb8a-bdbb5c9e031d f544ef7b32c1402c98929735350c67f9 85a009a7f78747d8aa94f71dce9634b3 - - - -] Unable to schedule network 9ce76214-814f-4a81-9607-18a1e24865aa: no agents available; will retry on subsequent port and subnet creation events.
2026-04-07 01:16:51.091 10 WARNING neutron.scheduler.dhcp_agent_scheduler [None req-aaaccdf1-5367-417d-a1d3-ee6ec3232326 892406211f1e4657861857269aae4fdf 718a3d6428fe4c609a74f1d6c6b9f415 - - - -] No more DHCP agents
2026-04-07 01:16:51.094 10 WARNING neutron.api.rpc.agentnotifiers.dhcp_rpc_agent_api [None req-aaaccdf1-5367-417d-a1d3-ee6ec3232326 892406211f1e4657861857269aae4fdf 718a3d6428fe4c609a74f1d6c6b9f415 - - - -] Unable to schedule network cb4fb80e-25df-4e55-bc66-580b861d0dbf: no agents available; will retry on subsequent port and subnet creation events.
2026-04-07 01:16:51.146 9 INFO neutron.db.ovn_revision_numbers_db [None req-4fba9d5e-8610-475b-bb8a-bdbb5c9e031d f544ef7b32c1402c98929735350c67f9 85a009a7f78747d8aa94f71dce9634b3 - - - -] Successfully bumped revision number for resource 10981eca-e943-41b7-96d2-f6e9df0a5e77 (type: ports) to 1
2026-04-07 01:16:51.191 9 WARNING neutron.scheduler.dhcp_agent_scheduler [None req-4fba9d5e-8610-475b-bb8a-bdbb5c9e031d f544ef7b32c1402c98929735350c67f9 85a009a7f78747d8aa94f71dce9634b3 - - - -] No more DHCP agents
2026-04-07 01:16:51.193 9 WARNING neutron.api.rpc.agentnotifiers.dhcp_rpc_agent_api [None req-4fba9d5e-8610-475b-bb8a-bdbb5c9e031d f544ef7b32c1402c98929735350c67f9 85a009a7f78747d8aa94f71dce9634b3 - - - -] Unable to schedule network c445a6f5-3da4-4b9b-bbf9-42b600e3eb7e: no agents available; will retry on subsequent port and subnet creation events.
2026-04-07 01:16:51.208 10 INFO neutron.db.ovn_revision_numbers_db [None req-7e02c1f7-57f7-48e0-8e0c-5304b969be24 0293b9205b2d4fe4bd4aa04a14e78d24 315f741c36044c2ab9414435abcb35d2 - - default default] Successfully bumped revision number for resource 9a8591d1-e793-4e1f-907f-73a20337b829 (type: security_groups) to 1
2026-04-07 01:16:51.218 10 INFO neutron.db.ovn_revision_numbers_db [None req-aaaccdf1-5367-417d-a1d3-ee6ec3232326 892406211f1e4657861857269aae4fdf 718a3d6428fe4c609a74f1d6c6b9f415 - - - -] Successfully bumped revision number for resource 01e6257b-67d5-4ea0-89d8-b94bfdfa7fb0 (type: ports) to 1
2026-04-07 01:16:51.233 10 INFO neutron.wsgi [None req-7e02c1f7-57f7-48e0-8e0c-5304b969be24 0293b9205b2d4fe4bd4aa04a14e78d24 315f741c36044c2ab9414435abcb35d2 - - default default] 10.0.0.131 "GET /v2.0/security-groups?tenant_id=32dc97bdc94040aeacbe1bad3cbba430&name=default HTTP/1.1" status: 200 len: 2996 time: 0.3468511
2026-04-07 01:16:51.261 9 INFO neutron.db.ovn_revision_numbers_db [None req-4fba9d5e-8610-475b-bb8a-bdbb5c9e031d f544ef7b32c1402c98929735350c67f9 85a009a7f78747d8aa94f71dce9634b3 - - - -] Successfully bumped revision number for resource d3c10c6c-7caa-490e-aedb-701d172b68e2 (type: ports) to 1
2026-04-07 01:16:51.263 10 INFO neutron.wsgi [None req-aaaccdf1-5367-417d-a1d3-ee6ec3232326 892406211f1e4657861857269aae4fdf 718a3d6428fe4c609a74f1d6c6b9f415 - - - -] 10.0.0.131 "POST /v2.0/networks HTTP/1.1" status: 201 len: 828 time: 1.1372855 /var/lib/openstack/lib/python3.10/site-packages/pycadf/identifier.py:71: UserWarning: Invalid uuid: neutron. To ensure interoperability, identifiers should be a valid uuid. warnings.warn(('Invalid uuid: %s. To ensure interoperability, '
2026-04-07 01:16:51.290 9 INFO neutron.wsgi [None req-4fba9d5e-8610-475b-bb8a-bdbb5c9e031d f544ef7b32c1402c98929735350c67f9 85a009a7f78747d8aa94f71dce9634b3 - - - -] 10.0.0.131 "POST /v2.0/ports HTTP/1.1" status: 201 len: 1705 time: 0.6690986
2026-04-07 01:16:51.371 9 INFO neutron.db.segments_db [None req-872d9d25-0d35-4791-988f-8ad7d05aaaf1 892406211f1e4657861857269aae4fdf 718a3d6428fe4c609a74f1d6c6b9f415 - - - -] Added segment 044ebda5-5ca9-406d-ba78-a3b94861f4ba of type geneve for network 34e14406-c54a-49fd-80c3-435a6958dfb0
2026-04-07 01:16:51.456 9 INFO neutron.wsgi [None req-fd4a5058-7b49-4e2e-9769-62891286fa87 f544ef7b32c1402c98929735350c67f9 85a009a7f78747d8aa94f71dce9634b3 - - default default] 10.0.0.131 "GET /v2.0/ports HTTP/1.1" status: 200 len: 3212 time: 0.1614416
2026-04-07 01:16:51.509 10 INFO neutron.wsgi [None req-fa83a665-9fbb-4aa2-8500-bc8dc19d578d 0293b9205b2d4fe4bd4aa04a14e78d24 315f741c36044c2ab9414435abcb35d2 - - - -] 10.0.0.131 "DELETE /v2.0/security-groups/9a8591d1-e793-4e1f-907f-73a20337b829 HTTP/1.1" status: 204 len: 168 time: 0.2695494
2026-04-07 01:16:51.520 9 INFO neutron.db.ovn_revision_numbers_db [None req-872d9d25-0d35-4791-988f-8ad7d05aaaf1 892406211f1e4657861857269aae4fdf 718a3d6428fe4c609a74f1d6c6b9f415 - - - -] Successfully bumped revision number for resource 34e14406-c54a-49fd-80c3-435a6958dfb0 (type: networks) to 1
2026-04-07 01:16:51.615 10 INFO neutron.wsgi [None req-712f56a6-6b75-4c12-b68c-067dbbf53641 0293b9205b2d4fe4bd4aa04a14e78d24 315f741c36044c2ab9414435abcb35d2 - - - -] 10.0.0.131 "PUT /v2.0/routers/350663f0-abd4-485d-b487-f33d4e9e7166/remove_router_interface HTTP/1.1" status: 200 len: 503 time: 1.3792140 /var/lib/openstack/lib/python3.10/site-packages/pycadf/identifier.py:71: UserWarning: Invalid uuid: neutron. To ensure interoperability, identifiers should be a valid uuid. warnings.warn(('Invalid uuid: %s. To ensure interoperability, '
2026-04-07 01:16:51.728 9 WARNING neutron.scheduler.dhcp_agent_scheduler [None req-872d9d25-0d35-4791-988f-8ad7d05aaaf1 892406211f1e4657861857269aae4fdf 718a3d6428fe4c609a74f1d6c6b9f415 - - - -] No more DHCP agents
2026-04-07 01:16:51.730 9 WARNING neutron.api.rpc.agentnotifiers.dhcp_rpc_agent_api [None req-872d9d25-0d35-4791-988f-8ad7d05aaaf1 892406211f1e4657861857269aae4fdf 718a3d6428fe4c609a74f1d6c6b9f415 - - - -] Unable to schedule network 34e14406-c54a-49fd-80c3-435a6958dfb0: no agents available; will retry on subsequent port and subnet creation events.
2026-04-07 01:16:51.805 9 INFO neutron.db.ovn_revision_numbers_db [None req-872d9d25-0d35-4791-988f-8ad7d05aaaf1 892406211f1e4657861857269aae4fdf 718a3d6428fe4c609a74f1d6c6b9f415 - - - -] Successfully bumped revision number for resource 6c57838a-c453-4a49-a2aa-3d38bae1293d (type: ports) to 1
2026-04-07 01:16:51.821 10 INFO neutron.wsgi [None req-0d5ddd74-6ef8-4266-a0bb-a5ea101a9dec f544ef7b32c1402c98929735350c67f9 85a009a7f78747d8aa94f71dce9634b3 - - - -] 10.0.0.131 "DELETE /v2.0/ports/10981eca-e943-41b7-96d2-f6e9df0a5e77 HTTP/1.1" status: 204 len: 168 time: 0.3562994
2026-04-07 01:16:51.852 9 INFO neutron.wsgi [None req-872d9d25-0d35-4791-988f-8ad7d05aaaf1 892406211f1e4657861857269aae4fdf 718a3d6428fe4c609a74f1d6c6b9f415 - - - -] 10.0.0.131 "POST /v2.0/networks HTTP/1.1" status: 201 len: 829 time: 0.5791712
2026-04-07 01:16:52.133 9 INFO neutron.wsgi [None req-320efa23-3b54-4ec4-a4a3-10b731e7928b f544ef7b32c1402c98929735350c67f9 85a009a7f78747d8aa94f71dce9634b3 - - - -] 10.0.0.131 "DELETE /v2.0/ports/d3c10c6c-7caa-490e-aedb-701d172b68e2 HTTP/1.1" status: 204 len: 168 time: 0.3039408
2026-04-07 01:16:52.176 9 INFO neutron.wsgi [None req-c2e1ff07-5bab-4519-969e-dde0d2f207a4 f544ef7b32c1402c98929735350c67f9 85a009a7f78747d8aa94f71dce9634b3 - - default default] 10.0.0.131 "GET /v2.0/ports HTTP/1.1" status: 200 len: 1718 time: 0.0375717
2026-04-07 01:16:52.206 9 WARNING neutron.scheduler.dhcp_agent_scheduler [None req-2ef5e258-685d-4d4b-8b9a-70971015d4ae 892406211f1e4657861857269aae4fdf 718a3d6428fe4c609a74f1d6c6b9f415 - - - -] No more DHCP agents
2026-04-07 01:16:52.208 9 WARNING neutron.api.rpc.agentnotifiers.dhcp_rpc_agent_api [None req-2ef5e258-685d-4d4b-8b9a-70971015d4ae 892406211f1e4657861857269aae4fdf 718a3d6428fe4c609a74f1d6c6b9f415 - - - -] Unable to schedule network cb4fb80e-25df-4e55-bc66-580b861d0dbf: no agents available; will retry on subsequent port and subnet creation events.
2026-04-07 01:16:52.295 9 INFO neutron.db.segments_db [None req-c289d73d-e7d3-434d-88b0-39efb3d4551e f544ef7b32c1402c98929735350c67f9 85a009a7f78747d8aa94f71dce9634b3 - - - -] Added segment f36f71ee-002f-4de9-8d0f-eef52901fde8 of type geneve for network 0a0d6c20-08a1-40be-a348-2a4f681a6459
2026-04-07 01:16:52.573 10 INFO neutron.wsgi [None req-7e12c4e2-8169-4595-af9f-05874675e6eb 0293b9205b2d4fe4bd4aa04a14e78d24 315f741c36044c2ab9414435abcb35d2 - - - -] 10.0.0.131 "DELETE /v2.0/routers/350663f0-abd4-485d-b487-f33d4e9e7166 HTTP/1.1" status: 204 len: 168 time: 0.9532087
2026-04-07 01:16:52.771 9 INFO neutron.db.ovn_revision_numbers_db [None req-c289d73d-e7d3-434d-88b0-39efb3d4551e f544ef7b32c1402c98929735350c67f9 85a009a7f78747d8aa94f71dce9634b3 - - - -] Successfully bumped revision number for resource 0a0d6c20-08a1-40be-a348-2a4f681a6459 (type: networks) to 1
2026-04-07 01:16:52.812 10 INFO neutron.wsgi [None req-eb2a273b-0441-447f-81ca-e4749639e22c 0293b9205b2d4fe4bd4aa04a14e78d24 315f741c36044c2ab9414435abcb35d2 - - - -] 10.0.0.131 "DELETE /v2.0/subnets/e616456f-8af6-42bc-afb4-6b620edddf5a HTTP/1.1" status: 204 len: 168 time: 0.2277246
2026-04-07 01:16:53.007 9 WARNING neutron.scheduler.dhcp_agent_scheduler [None req-c289d73d-e7d3-434d-88b0-39efb3d4551e f544ef7b32c1402c98929735350c67f9 85a009a7f78747d8aa94f71dce9634b3 - - - -] No more DHCP agents
2026-04-07 01:16:53.010 9 WARNING neutron.api.rpc.agentnotifiers.dhcp_rpc_agent_api [None req-c289d73d-e7d3-434d-88b0-39efb3d4551e f544ef7b32c1402c98929735350c67f9 85a009a7f78747d8aa94f71dce9634b3 - - - -] Unable to schedule network 0a0d6c20-08a1-40be-a348-2a4f681a6459: no agents available; will retry on subsequent port and subnet creation events.
2026-04-07 01:16:53.127 9 INFO neutron.db.ovn_revision_numbers_db [None req-c289d73d-e7d3-434d-88b0-39efb3d4551e f544ef7b32c1402c98929735350c67f9 85a009a7f78747d8aa94f71dce9634b3 - - - -] Successfully bumped revision number for resource 530776fc-a7b5-4a49-a7cf-6a2feb791c12 (type: ports) to 1
2026-04-07 01:16:53.147 9 INFO neutron.db.ovn_revision_numbers_db [None req-2ef5e258-685d-4d4b-8b9a-70971015d4ae 892406211f1e4657861857269aae4fdf 718a3d6428fe4c609a74f1d6c6b9f415 - - - -] Successfully bumped revision number for resource 01e6257b-67d5-4ea0-89d8-b94bfdfa7fb0 (type: ports) to 2
2026-04-07 01:16:53.151 9 INFO neutron.wsgi [None req-c289d73d-e7d3-434d-88b0-39efb3d4551e f544ef7b32c1402c98929735350c67f9 85a009a7f78747d8aa94f71dce9634b3 - - - -] 10.0.0.131 "POST /v2.0/networks HTTP/1.1" status: 201 len: 849 time: 0.9639695
2026-04-07 01:16:53.167 9 INFO neutron.db.ovn_revision_numbers_db [None req-2ef5e258-685d-4d4b-8b9a-70971015d4ae 892406211f1e4657861857269aae4fdf 718a3d6428fe4c609a74f1d6c6b9f415 - - - -] Successfully bumped revision number for resource a619e3c7-bc70-42f7-b2bd-354bb378002e (type: subnets) to 0
2026-04-07 01:16:53.192 10 INFO neutron.services.segments.plugin [-] Segment 7c097bab-dca2-491c-8d0d-057c499faea7 resource provider aggregate not found
2026-04-07 01:16:53.192 9 INFO neutron.wsgi [None req-2ef5e258-685d-4d4b-8b9a-70971015d4ae 892406211f1e4657861857269aae4fdf 718a3d6428fe4c609a74f1d6c6b9f415 - - - -] 10.0.0.131 "POST /v2.0/subnets HTTP/1.1" status: 201 len: 801 time: 1.3302579
2026-04-07 01:16:53.197 10 INFO neutron.services.segments.plugin [-] Segment 7c097bab-dca2-491c-8d0d-057c499faea7 resource provider aggregate not found
2026-04-07 01:16:53.237 10 INFO neutron.services.segments.plugin [-] Segment 7c097bab-dca2-491c-8d0d-057c499faea7 resource provider not found; error: Placement Client Error (4xx): {"errors": [{"status": 404, "title": "Not Found", "detail": "The resource could not be found.\n\n No resource provider with uuid 7c097bab-dca2-491c-8d0d-057c499faea7 found for delete ", "request_id": "req-7ee36f81-961e-4c3a-bf81-71265629be7a"}]}
2026-04-07 01:16:53.240 10 INFO neutron.services.segments.plugin [-] Segment 7c097bab-dca2-491c-8d0d-057c499faea7 resource provider not found; error: Placement Client Error (4xx): {"errors": [{"status": 404, "title": "Not Found", "detail": "The resource could not be found.\n\n No resource provider with uuid 7c097bab-dca2-491c-8d0d-057c499faea7 found for delete ", "request_id": "req-644cf56a-cd44-4d8d-a437-d507ae16b8b3"}]}
2026-04-07 01:16:53.255 10 INFO neutron.wsgi [None req-c6d21008-722a-4ce3-a347-fe43c45fe0ae 0293b9205b2d4fe4bd4aa04a14e78d24 315f741c36044c2ab9414435abcb35d2 - - - -] 10.0.0.131 "DELETE /v2.0/networks/9d456f8f-1c73-40d3-ba97-090c2798c9c0 HTTP/1.1" status: 204 len: 168 time: 0.4355156
2026-04-07 01:16:53.265 9 INFO neutron.db.segments_db [None req-d9cc3cc4-61c8-4d07-b6ae-409ac1f697fb f544ef7b32c1402c98929735350c67f9 85a009a7f78747d8aa94f71dce9634b3 - - - -] Added segment 8f0b0107-c3ee-4a1f-99b4-6bb107ddc3c9 of type geneve for network 99c5c470-afc7-4e4a-8cc7-7c9fc9d9ca74
2026-04-07 01:16:53.438 9 INFO neutron.db.ovn_revision_numbers_db [None req-d9cc3cc4-61c8-4d07-b6ae-409ac1f697fb f544ef7b32c1402c98929735350c67f9 85a009a7f78747d8aa94f71dce9634b3 - - - -] Successfully bumped revision number for resource 99c5c470-afc7-4e4a-8cc7-7c9fc9d9ca74 (type: networks) to 1
2026-04-07 01:16:53.447 10 INFO neutron.wsgi [None req-5ecfa9a9-e356-4352-8f00-f04149f0f58b 0293b9205b2d4fe4bd4aa04a14e78d24 315f741c36044c2ab9414435abcb35d2 - - default default] 10.0.0.131 "GET /v2.0/security-groups?tenant_id=202d350fdfcd4c249755cfb753826f0e&name=default HTTP/1.1" status: 200 len: 2996 time: 0.0336161
2026-04-07 01:16:53.522 9 WARNING neutron.scheduler.dhcp_agent_scheduler [None req-c4ca6919-0098-4b01-9b4d-c2f0fdb74ba9 892406211f1e4657861857269aae4fdf 718a3d6428fe4c609a74f1d6c6b9f415 - - - -] No more DHCP agents
2026-04-07 01:16:53.535 9 WARNING neutron.api.rpc.agentnotifiers.dhcp_rpc_agent_api [None req-c4ca6919-0098-4b01-9b4d-c2f0fdb74ba9 892406211f1e4657861857269aae4fdf 718a3d6428fe4c609a74f1d6c6b9f415 - - - -] Unable to schedule network 34e14406-c54a-49fd-80c3-435a6958dfb0: no agents available; will retry on subsequent port and subnet creation events.
2026-04-07 01:16:53.644 10 INFO neutron.wsgi [None req-df376919-c6a1-4a5f-b1df-2f0176985f6b 0293b9205b2d4fe4bd4aa04a14e78d24 315f741c36044c2ab9414435abcb35d2 - - - -] 10.0.0.131 "DELETE /v2.0/security-groups/bf0c60ef-dfad-494a-b986-171fb61131ee HTTP/1.1" status: 204 len: 168 time: 0.1915219
2026-04-07 01:16:53.685 9 WARNING neutron.scheduler.dhcp_agent_scheduler [None req-d9cc3cc4-61c8-4d07-b6ae-409ac1f697fb f544ef7b32c1402c98929735350c67f9 85a009a7f78747d8aa94f71dce9634b3 - - - -] No more DHCP agents
2026-04-07 01:16:53.691 9 WARNING neutron.api.rpc.agentnotifiers.dhcp_rpc_agent_api [None req-d9cc3cc4-61c8-4d07-b6ae-409ac1f697fb f544ef7b32c1402c98929735350c67f9 85a009a7f78747d8aa94f71dce9634b3 - - - -] Unable to schedule network 99c5c470-afc7-4e4a-8cc7-7c9fc9d9ca74: no agents available; will retry on subsequent port and subnet creation events.
2026-04-07 01:16:53.777 9 INFO neutron.db.ovn_revision_numbers_db [None req-d9cc3cc4-61c8-4d07-b6ae-409ac1f697fb f544ef7b32c1402c98929735350c67f9 85a009a7f78747d8aa94f71dce9634b3 - - - -] Successfully bumped revision number for resource e234ff85-f534-4ea7-b582-399f422bb19e (type: ports) to 1
2026-04-07 01:16:53.809 9 INFO neutron.wsgi [None req-d9cc3cc4-61c8-4d07-b6ae-409ac1f697fb f544ef7b32c1402c98929735350c67f9 85a009a7f78747d8aa94f71dce9634b3 - - - -] 10.0.0.131 "POST /v2.0/networks HTTP/1.1" status: 201 len: 848 time: 0.6477842
2026-04-07 01:16:54.072 9 INFO neutron.db.ovn_revision_numbers_db [None req-c4ca6919-0098-4b01-9b4d-c2f0fdb74ba9 892406211f1e4657861857269aae4fdf 718a3d6428fe4c609a74f1d6c6b9f415 - - - -] Successfully bumped revision number for resource 6c57838a-c453-4a49-a2aa-3d38bae1293d (type: ports) to 2
2026-04-07 01:16:54.089 9 INFO neutron.db.ovn_revision_numbers_db [None req-c4ca6919-0098-4b01-9b4d-c2f0fdb74ba9 892406211f1e4657861857269aae4fdf 718a3d6428fe4c609a74f1d6c6b9f415 - - - -] Successfully bumped revision number for resource b55cfd8f-0201-4465-9823-aede600fd3f5 (type: subnets) to 0
2026-04-07 01:16:54.104 9 INFO neutron.wsgi [None req-c4ca6919-0098-4b01-9b4d-c2f0fdb74ba9 892406211f1e4657861857269aae4fdf 718a3d6428fe4c609a74f1d6c6b9f415 - - - -] 10.0.0.131 "POST /v2.0/subnets HTTP/1.1" status: 201 len: 801 time: 0.9058392
2026-04-07 01:16:54.291 9 INFO neutron.db.ovn_revision_numbers_db [None req-828d6d4b-7717-4213-b6cc-ddd083f66b7a 892406211f1e4657861857269aae4fdf 718a3d6428fe4c609a74f1d6c6b9f415 - - - -] Successfully bumped revision number for resource 52d5e981-8d58-4c77-92c0-d41d5dca4e0e (type: routers) to 1
2026-04-07 01:16:54.315 9 INFO neutron.wsgi [None req-828d6d4b-7717-4213-b6cc-ddd083f66b7a 892406211f1e4657861857269aae4fdf 718a3d6428fe4c609a74f1d6c6b9f415 - - - -] 10.0.0.131 "POST /v2.0/routers HTTP/1.1" status: 201 len: 686 time: 0.2067528
2026-04-07 01:16:54.391 10 WARNING neutron.scheduler.dhcp_agent_scheduler [None req-dd283824-ce34-47c1-bdc9-97c24cd0996a f544ef7b32c1402c98929735350c67f9 85a009a7f78747d8aa94f71dce9634b3 - - - -] No more DHCP agents
2026-04-07 01:16:54.396 10 WARNING neutron.api.rpc.agentnotifiers.dhcp_rpc_agent_api [None req-dd283824-ce34-47c1-bdc9-97c24cd0996a f544ef7b32c1402c98929735350c67f9 85a009a7f78747d8aa94f71dce9634b3 - - - -] Unable to schedule network 0a0d6c20-08a1-40be-a348-2a4f681a6459: no agents available; will retry on subsequent port and subnet creation events.
2026-04-07 01:16:54.957 10 WARNING neutron.scheduler.dhcp_agent_scheduler [None req-dd1676c0-49f8-46c5-b14e-e0a926eb38fd 892406211f1e4657861857269aae4fdf 718a3d6428fe4c609a74f1d6c6b9f415 - - default default] No more DHCP agents
2026-04-07 01:16:54.963 10 WARNING neutron.api.rpc.agentnotifiers.dhcp_rpc_agent_api [None req-dd1676c0-49f8-46c5-b14e-e0a926eb38fd 892406211f1e4657861857269aae4fdf 718a3d6428fe4c609a74f1d6c6b9f415 - - default default] Unable to schedule network cb4fb80e-25df-4e55-bc66-580b861d0dbf: no agents available; will retry on subsequent port and subnet creation events.
2026-04-07 01:16:55.176 10 INFO neutron.db.ovn_revision_numbers_db [None req-dd283824-ce34-47c1-bdc9-97c24cd0996a f544ef7b32c1402c98929735350c67f9 85a009a7f78747d8aa94f71dce9634b3 - - - -] Successfully bumped revision number for resource 530776fc-a7b5-4a49-a7cf-6a2feb791c12 (type: ports) to 2
2026-04-07 01:16:55.181 10 INFO neutron.db.ovn_revision_numbers_db [None req-dd1676c0-49f8-46c5-b14e-e0a926eb38fd 892406211f1e4657861857269aae4fdf 718a3d6428fe4c609a74f1d6c6b9f415 - - default default] Successfully bumped revision number for resource 7453683b-9b4a-4ef5-9d45-71732559aa3a (type: ports) to 1
2026-04-07 01:16:55.206 10 INFO neutron.db.ovn_revision_numbers_db [None req-dd283824-ce34-47c1-bdc9-97c24cd0996a f544ef7b32c1402c98929735350c67f9 85a009a7f78747d8aa94f71dce9634b3 - - - -] Successfully bumped revision number for resource aff3ae53-95f9-4325-a770-8c6377b6f815 (type: subnets) to 0
2026-04-07 01:16:55.262 10 WARNING neutron.scheduler.dhcp_agent_scheduler [None req-dd283824-ce34-47c1-bdc9-97c24cd0996a f544ef7b32c1402c98929735350c67f9 85a009a7f78747d8aa94f71dce9634b3 - - - -] No more DHCP agents
2026-04-07 01:16:55.266 10 WARNING neutron.api.rpc.agentnotifiers.dhcp_rpc_agent_api [None req-dd283824-ce34-47c1-bdc9-97c24cd0996a f544ef7b32c1402c98929735350c67f9 85a009a7f78747d8aa94f71dce9634b3 - - - -] Unable to schedule network 99c5c470-afc7-4e4a-8cc7-7c9fc9d9ca74: no agents available; will retry on subsequent port and subnet creation events.
2026-04-07 01:16:55.410 9 INFO neutron.db.ovn_revision_numbers_db [None req-c798ba02-a880-4957-93de-5e64f923a927 0293b9205b2d4fe4bd4aa04a14e78d24 315f741c36044c2ab9414435abcb35d2 - - default default] Successfully bumped revision number for resource 0f913170-cb7d-4a72-b434-4d9bbfe6e1c4 (type: security_groups) to 1
2026-04-07 01:16:55.434 9 INFO neutron.wsgi [None req-c798ba02-a880-4957-93de-5e64f923a927 0293b9205b2d4fe4bd4aa04a14e78d24 315f741c36044c2ab9414435abcb35d2 - - default default] 10.0.0.131 "GET /v2.0/security-groups?tenant_id=261ba4667e334cdf8605203da1788f90&name=default HTTP/1.1" status: 200 len: 2996 time: 0.3338177
2026-04-07 01:16:55.632 9 INFO neutron.db.ovn_revision_numbers_db [None req-4398b839-d4b9-4c6f-8f18-5a271dbcb90e 0293b9205b2d4fe4bd4aa04a14e78d24 315f741c36044c2ab9414435abcb35d2 - - - -] Successfully bumped revision number for resource 27c440c7-6620-420c-8c3f-3091cab3cf14 (type: security_groups) to 1
2026-04-07 01:16:55.651 9 INFO neutron.wsgi [None req-5ddd2ee4-212e-4e3f-8d3a-72767063a09f 0293b9205b2d4fe4bd4aa04a14e78d24 315f741c36044c2ab9414435abcb35d2 - - - -] 10.0.0.131 "DELETE /v2.0/security-groups/0f913170-cb7d-4a72-b434-4d9bbfe6e1c4 HTTP/1.1" status: 204 len: 168 time: 0.2092314
2026-04-07 01:16:55.680 9 INFO neutron.db.segments_db [None req-4398b839-d4b9-4c6f-8f18-5a271dbcb90e 0293b9205b2d4fe4bd4aa04a14e78d24 315f741c36044c2ab9414435abcb35d2 - - - -] Added segment 1351be73-fa60-48ad-b69e-119dfd9b1890 of type geneve for network 5e3a1caa-98b8-49f1-8b8e-be158b73db80
2026-04-07 01:16:55.832 9 INFO neutron.db.ovn_revision_numbers_db [None req-4398b839-d4b9-4c6f-8f18-5a271dbcb90e 0293b9205b2d4fe4bd4aa04a14e78d24 315f741c36044c2ab9414435abcb35d2 - - - -] Successfully bumped revision number for resource 5e3a1caa-98b8-49f1-8b8e-be158b73db80 (type: networks) to 1
2026-04-07 01:16:56.061 9 WARNING neutron.scheduler.dhcp_agent_scheduler [None req-4398b839-d4b9-4c6f-8f18-5a271dbcb90e 0293b9205b2d4fe4bd4aa04a14e78d24 315f741c36044c2ab9414435abcb35d2 - - - -] No more DHCP agents
2026-04-07 01:16:56.065 9 WARNING neutron.api.rpc.agentnotifiers.dhcp_rpc_agent_api [None req-4398b839-d4b9-4c6f-8f18-5a271dbcb90e 0293b9205b2d4fe4bd4aa04a14e78d24 315f741c36044c2ab9414435abcb35d2 - - - -] Unable to schedule network 5e3a1caa-98b8-49f1-8b8e-be158b73db80: no agents available; will retry on subsequent port and subnet creation events.
2026-04-07 01:16:56.156 9 INFO neutron.db.ovn_revision_numbers_db [None req-4398b839-d4b9-4c6f-8f18-5a271dbcb90e 0293b9205b2d4fe4bd4aa04a14e78d24 315f741c36044c2ab9414435abcb35d2 - - - -] Successfully bumped revision number for resource f7b0fcfc-ed69-46f7-a0db-931bce245432 (type: ports) to 1
2026-04-07 01:16:56.158 9 INFO neutron.plugins.ml2.drivers.ovn.mech_driver.mech_driver [None req-3b29fbaa-dd5d-48a8-aed6-98c94a3c5d39 - - - - - -] OVN reports status up for port: 7453683b-9b4a-4ef5-9d45-71732559aa3a
2026-04-07 01:16:56.166 9 INFO neutron.plugins.ml2.plugin [None req-3b29fbaa-dd5d-48a8-aed6-98c94a3c5d39 - - - - - -] Attempt 1 to provision port 7453683b-9b4a-4ef5-9d45-71732559aa3a
2026-04-07 01:16:56.172 10 INFO neutron.db.ovn_revision_numbers_db [None req-dd1676c0-49f8-46c5-b14e-e0a926eb38fd 892406211f1e4657861857269aae4fdf 718a3d6428fe4c609a74f1d6c6b9f415 - - default default] Successfully bumped revision number for resource 7453683b-9b4a-4ef5-9d45-71732559aa3a (type: router_ports) to 2
2026-04-07 01:16:56.194 9 INFO neutron.wsgi [None req-4398b839-d4b9-4c6f-8f18-5a271dbcb90e 0293b9205b2d4fe4bd4aa04a14e78d24 315f741c36044c2ab9414435abcb35d2 - - - -] 10.0.0.131 "POST /v2.0/networks HTTP/1.1" status: 201 len: 946 time: 0.7303302
2026-04-07 01:16:56.389 10 INFO neutron.db.ovn_revision_numbers_db [None req-dd1676c0-49f8-46c5-b14e-e0a926eb38fd 892406211f1e4657861857269aae4fdf 718a3d6428fe4c609a74f1d6c6b9f415 - - default default] Successfully bumped revision number for resource 7453683b-9b4a-4ef5-9d45-71732559aa3a (type: ports) to 2
2026-04-07 01:16:56.405 9 INFO neutron.db.ovn_revision_numbers_db [None req-3b29fbaa-dd5d-48a8-aed6-98c94a3c5d39 - - - - - -] Successfully bumped revision number for resource 7453683b-9b4a-4ef5-9d45-71732559aa3a (type: ports) to 3
2026-04-07 01:16:56.406 10 INFO neutron.db.ovn_revision_numbers_db [None req-dd283824-ce34-47c1-bdc9-97c24cd0996a f544ef7b32c1402c98929735350c67f9 85a009a7f78747d8aa94f71dce9634b3 - - - -] Successfully bumped revision number for resource e234ff85-f534-4ea7-b582-399f422bb19e (type: ports) to 2
2026-04-07 01:16:56.434 10 INFO neutron.db.ovn_revision_numbers_db [None req-dd283824-ce34-47c1-bdc9-97c24cd0996a f544ef7b32c1402c98929735350c67f9 85a009a7f78747d8aa94f71dce9634b3 - - - -] Successfully bumped revision number for resource c90b8a7f-e8e7-4a41-95b8-2383599bb612 (type: subnets) to 0
2026-04-07 01:16:56.469 10 WARNING neutron.scheduler.dhcp_agent_scheduler [None req-6abe1a88-8cd6-47ca-8ed6-9b3c22a655f8 0293b9205b2d4fe4bd4aa04a14e78d24 315f741c36044c2ab9414435abcb35d2 - - - -] No more DHCP agents
2026-04-07 01:16:56.474 10 WARNING neutron.api.rpc.agentnotifiers.dhcp_rpc_agent_api [None req-6abe1a88-8cd6-47ca-8ed6-9b3c22a655f8 0293b9205b2d4fe4bd4aa04a14e78d24 315f741c36044c2ab9414435abcb35d2 - - - -] Unable to schedule network 5e3a1caa-98b8-49f1-8b8e-be158b73db80: no agents available; will retry on subsequent port and subnet creation events.
2026-04-07 01:16:56.481 10 INFO neutron.wsgi [None req-dd283824-ce34-47c1-bdc9-97c24cd0996a f544ef7b32c1402c98929735350c67f9 85a009a7f78747d8aa94f71dce9634b3 - - - -] 10.0.0.131 "POST /v2.0/subnets HTTP/1.1" status: 201 len: 1426 time: 2.6369569
2026-04-07 01:16:56.512 10 WARNING neutron.scheduler.dhcp_agent_scheduler [None req-dd1676c0-49f8-46c5-b14e-e0a926eb38fd 892406211f1e4657861857269aae4fdf 718a3d6428fe4c609a74f1d6c6b9f415 - - default default] No more DHCP agents
2026-04-07 01:16:56.521 9 INFO neutron.db.ovn_revision_numbers_db [None req-3b29fbaa-dd5d-48a8-aed6-98c94a3c5d39 - - - - - -] Successfully bumped revision number for resource 7453683b-9b4a-4ef5-9d45-71732559aa3a (type: router_ports) to 3
2026-04-07 01:16:56.523 10 WARNING neutron.api.rpc.agentnotifiers.dhcp_rpc_agent_api [None req-dd1676c0-49f8-46c5-b14e-e0a926eb38fd 892406211f1e4657861857269aae4fdf 718a3d6428fe4c609a74f1d6c6b9f415 - - default default] Unable to schedule network cb4fb80e-25df-4e55-bc66-580b861d0dbf: no agents available; will retry on subsequent port and subnet creation events.
2026-04-07 01:16:56.570 10 INFO neutron.wsgi [None req-9c855b67-be01-45d5-a6f4-42771a52f7a5 f544ef7b32c1402c98929735350c67f9 85a009a7f78747d8aa94f71dce9634b3 - - default default] 10.0.0.131 "GET /v2.0/subnets HTTP/1.1" status: 200 len: 2034 time: 0.0766377
2026-04-07 01:16:56.810 10 INFO neutron.db.ovn_revision_numbers_db [None req-dd1676c0-49f8-46c5-b14e-e0a926eb38fd 892406211f1e4657861857269aae4fdf 718a3d6428fe4c609a74f1d6c6b9f415 - - - -] Successfully bumped revision number for resource 7453683b-9b4a-4ef5-9d45-71732559aa3a (type: router_ports) to 3
2026-04-07 01:16:56.812 10 INFO neutron.wsgi [None req-dd1676c0-49f8-46c5-b14e-e0a926eb38fd 892406211f1e4657861857269aae4fdf 718a3d6428fe4c609a74f1d6c6b9f415 - - - -] 10.0.0.131 "PUT /v2.0/routers/52d5e981-8d58-4c77-92c0-d41d5dca4e0e/add_router_interface HTTP/1.1" status: 200 len: 503 time: 2.4908743
2026-04-07 01:16:56.878 9 INFO neutron.wsgi [None req-46a63987-68f8-411a-888f-193b49e738a5 892406211f1e4657861857269aae4fdf 718a3d6428fe4c609a74f1d6c6b9f415 - - default default] 10.0.0.131 "GET /v2.0/ports/7453683b-9b4a-4ef5-9d45-71732559aa3a HTTP/1.1" status: 200 len: 1137 time: 0.0543242
2026-04-07 01:16:56.919 10 INFO neutron.wsgi [None req-d85cd9e8-ad02-4eea-9013-588030ff695c f544ef7b32c1402c98929735350c67f9 85a009a7f78747d8aa94f71dce9634b3 - - - -] 10.0.0.131 "DELETE /v2.0/subnets/aff3ae53-95f9-4325-a770-8c6377b6f815 HTTP/1.1" status: 204 len: 168 time: 0.3340409
2026-04-07 01:16:57.433 10 INFO neutron.wsgi [None req-4ea7c688-edd4-4d69-8813-d8e252243411 f544ef7b32c1402c98929735350c67f9 85a009a7f78747d8aa94f71dce9634b3 - - - -] 10.0.0.131 "DELETE /v2.0/subnets/c90b8a7f-e8e7-4a41-95b8-2383599bb612 HTTP/1.1" status: 204 len: 168 time: 0.5073450
2026-04-07 01:16:57.451 10 INFO neutron.db.ovn_revision_numbers_db [None req-6abe1a88-8cd6-47ca-8ed6-9b3c22a655f8 0293b9205b2d4fe4bd4aa04a14e78d24 315f741c36044c2ab9414435abcb35d2 - - - -] Successfully bumped revision number for resource f7b0fcfc-ed69-46f7-a0db-931bce245432 (type: ports) to 2
2026-04-07 01:16:57.478 10 INFO neutron.db.ovn_revision_numbers_db [None req-6abe1a88-8cd6-47ca-8ed6-9b3c22a655f8 0293b9205b2d4fe4bd4aa04a14e78d24 315f741c36044c2ab9414435abcb35d2 - - - -] Successfully bumped revision number for resource 378e6712-2525-4eb8-820c-cb49120618fe (type: subnets) to 0
2026-04-07 01:16:57.488 10 INFO neutron.wsgi [None req-39e18e00-77da-4e1b-ab70-7cf1dde15863 f544ef7b32c1402c98929735350c67f9 85a009a7f78747d8aa94f71dce9634b3 - - default default] 10.0.0.131 "GET /v2.0/subnets HTTP/1.1" status: 200 len: 820 time: 0.0461016
2026-04-07 01:16:57.496 10 INFO neutron.wsgi [None req-6abe1a88-8cd6-47ca-8ed6-9b3c22a655f8 0293b9205b2d4fe4bd4aa04a14e78d24 315f741c36044c2ab9414435abcb35d2 - - - -] 10.0.0.131 "POST /v2.0/subnets HTTP/1.1" status: 201 len: 866 time: 1.2943337
2026-04-07 01:16:57.858 10 INFO neutron.services.segments.plugin [-] Segment 8f0b0107-c3ee-4a1f-99b4-6bb107ddc3c9 resource provider aggregate not found
2026-04-07 01:16:57.863 10 INFO neutron.services.segments.plugin [-] Segment 8f0b0107-c3ee-4a1f-99b4-6bb107ddc3c9 resource provider aggregate not found
2026-04-07 01:16:57.887 10 INFO neutron.services.segments.plugin [-] Segment 8f0b0107-c3ee-4a1f-99b4-6bb107ddc3c9 resource provider not found; error: Placement Client Error (4xx): {"errors": [{"status": 404, "title": "Not Found", "detail": "The resource could not be found.\n\n No resource provider with uuid 8f0b0107-c3ee-4a1f-99b4-6bb107ddc3c9 found for delete ", "request_id": "req-af94d9c8-8b0a-4d80-8dcf-e1fb6de28122"}]}
2026-04-07 01:16:57.888 10 INFO neutron.services.segments.plugin [-] Segment 8f0b0107-c3ee-4a1f-99b4-6bb107ddc3c9 resource provider not found; error: Placement Client Error (4xx): {"errors": [{"status": 404, "title": "Not Found", "detail": "The resource could not be found.\n\n No resource provider with uuid 8f0b0107-c3ee-4a1f-99b4-6bb107ddc3c9 found for delete ", "request_id": "req-815ddcf2-2fa7-48f2-8d1d-042fdef1f8af"}]}
2026-04-07 01:16:57.896 10 INFO neutron.wsgi [None req-3eb84e1a-9015-4294-9bc8-c9e780fe29ed f544ef7b32c1402c98929735350c67f9 85a009a7f78747d8aa94f71dce9634b3 - - - -] 10.0.0.131 "DELETE /v2.0/networks/99c5c470-afc7-4e4a-8cc7-7c9fc9d9ca74 HTTP/1.1" status: 204 len: 168 time: 0.3994455
2026-04-07 01:16:57.896 9 WARNING neutron.scheduler.dhcp_agent_scheduler [None req-3f20183e-f5b9-41dd-ab0e-18e5257b4a8b 892406211f1e4657861857269aae4fdf 718a3d6428fe4c609a74f1d6c6b9f415 - - default default] No more DHCP agents
2026-04-07 01:16:57.901 9 WARNING neutron.api.rpc.agentnotifiers.dhcp_rpc_agent_api [None req-3f20183e-f5b9-41dd-ab0e-18e5257b4a8b 892406211f1e4657861857269aae4fdf 718a3d6428fe4c609a74f1d6c6b9f415 - - default default] Unable to schedule network 34e14406-c54a-49fd-80c3-435a6958dfb0: no agents available; will retry on subsequent port and subnet creation events.
2026-04-07 01:16:58.126 9 INFO neutron.db.ovn_revision_numbers_db [None req-3f20183e-f5b9-41dd-ab0e-18e5257b4a8b 892406211f1e4657861857269aae4fdf 718a3d6428fe4c609a74f1d6c6b9f415 - - default default] Successfully bumped revision number for resource 4b2fe4d4-bf3f-4e53-9f0a-e3999d7817a2 (type: ports) to 1
2026-04-07 01:16:58.214 9 WARNING neutron.scheduler.dhcp_agent_scheduler [None req-9abdfe45-d90e-4280-af9d-d9b1585455c8 0293b9205b2d4fe4bd4aa04a14e78d24 315f741c36044c2ab9414435abcb35d2 - - - -] No more DHCP agents
2026-04-07 01:16:58.217 9 WARNING neutron.api.rpc.agentnotifiers.dhcp_rpc_agent_api [None req-9abdfe45-d90e-4280-af9d-d9b1585455c8 0293b9205b2d4fe4bd4aa04a14e78d24 315f741c36044c2ab9414435abcb35d2 - - - -] Unable to schedule network 309b9ca1-f325-4f09-9919-8a3a5a0a4aac: no agents available; will retry on subsequent port and subnet creation events.
2026-04-07 01:16:58.360 10 INFO neutron.wsgi [None req-fbbc6908-bdc9-4da9-abb9-0947374ee458 f544ef7b32c1402c98929735350c67f9 85a009a7f78747d8aa94f71dce9634b3 - - - -] 10.0.0.131 "DELETE /v2.0/networks/0a0d6c20-08a1-40be-a348-2a4f681a6459 HTTP/1.1" status: 204 len: 168 time: 0.4569883
2026-04-07 01:16:58.423 9 INFO neutron.db.ovn_revision_numbers_db [None req-9abdfe45-d90e-4280-af9d-d9b1585455c8 0293b9205b2d4fe4bd4aa04a14e78d24 315f741c36044c2ab9414435abcb35d2 - - - -] Successfully bumped revision number for resource aeb5d40f-d247-4f50-999c-320f69be5eaf (type: ports) to 1
2026-04-07 01:16:58.915 9 INFO neutron.db.ovn_revision_numbers_db [None req-3f20183e-f5b9-41dd-ab0e-18e5257b4a8b 892406211f1e4657861857269aae4fdf 718a3d6428fe4c609a74f1d6c6b9f415 - - default default] Successfully bumped revision number for resource 4b2fe4d4-bf3f-4e53-9f0a-e3999d7817a2 (type: router_ports) to 2
2026-04-07 01:16:59.337 9 INFO neutron.services.segments.plugin [-] Segment 3b4c83c0-cd8b-4ac6-b933-b79b0e5452d8 resource provider aggregate not found
2026-04-07 01:16:59.343 9 INFO neutron.services.segments.plugin [-] Segment 3b4c83c0-cd8b-4ac6-b933-b79b0e5452d8 resource provider aggregate not found
2026-04-07 01:16:59.373 9 INFO neutron.services.segments.plugin [-] Segment 3b4c83c0-cd8b-4ac6-b933-b79b0e5452d8 resource provider not found; error: Placement Client Error (4xx): {"errors": [{"status": 404, "title": "Not Found", "detail": "The resource could not be found.\n\n No resource provider with uuid 3b4c83c0-cd8b-4ac6-b933-b79b0e5452d8 found for delete ", "request_id": "req-18fbbfad-779b-4f8a-8c9b-c81328b96918"}]}
2026-04-07 01:16:59.378 9 INFO neutron.services.segments.plugin [-] Segment 3b4c83c0-cd8b-4ac6-b933-b79b0e5452d8 resource provider not found; error: Placement Client Error (4xx): {"errors": [{"status": 404, "title": "Not Found", "detail": "The resource could not be found.\n\n No resource provider with uuid 3b4c83c0-cd8b-4ac6-b933-b79b0e5452d8 found for delete ", "request_id": "req-c1316803-0a2d-4838-b1c6-abece51b7391"}]}
2026-04-07 01:16:59.458 9 INFO neutron.wsgi [None req-30f91111-f079-4bc9-b5a3-2eca7d645c6c f544ef7b32c1402c98929735350c67f9 85a009a7f78747d8aa94f71dce9634b3 - - - -] 10.0.0.131 "DELETE /v2.0/networks/c445a6f5-3da4-4b9b-bbf9-42b600e3eb7e HTTP/1.1" status: 204 len: 168 time: 1.0933914
2026-04-07 01:16:59.556 9 INFO neutron.db.ovn_revision_numbers_db [None req-3f20183e-f5b9-41dd-ab0e-18e5257b4a8b 892406211f1e4657861857269aae4fdf 718a3d6428fe4c609a74f1d6c6b9f415 - - default default] Successfully bumped revision number for resource 4b2fe4d4-bf3f-4e53-9f0a-e3999d7817a2 (type: ports) to 2
2026-04-07 01:16:59.598 9 INFO neutron.db.ovn_revision_numbers_db [None req-054e8e07-6185-4e2e-8cca-c9341094fa66 0293b9205b2d4fe4bd4aa04a14e78d24 315f741c36044c2ab9414435abcb35d2 - - default default] Successfully bumped revision number for resource 7ecd717d-3bcd-4be0-bca8-1215489bcd24 (type: security_groups) to 1
2026-04-07 01:16:59.650 9 INFO neutron.wsgi [None req-054e8e07-6185-4e2e-8cca-c9341094fa66 0293b9205b2d4fe4bd4aa04a14e78d24 315f741c36044c2ab9414435abcb35d2 - - default default] 10.0.0.131 "GET /v2.0/security-groups?tenant_id=1fd37735c66441df90336799cdc3e1b7&name=default HTTP/1.1" status: 200 len: 2996 time: 0.6499307
2026-04-07 01:16:59.689 9 WARNING neutron.scheduler.dhcp_agent_scheduler [None req-3f20183e-f5b9-41dd-ab0e-18e5257b4a8b 892406211f1e4657861857269aae4fdf 718a3d6428fe4c609a74f1d6c6b9f415 - - default default] No more DHCP agents
2026-04-07 01:16:59.697 9 WARNING neutron.api.rpc.agentnotifiers.dhcp_rpc_agent_api [None req-3f20183e-f5b9-41dd-ab0e-18e5257b4a8b 892406211f1e4657861857269aae4fdf 718a3d6428fe4c609a74f1d6c6b9f415 - - default default] Unable to schedule network 34e14406-c54a-49fd-80c3-435a6958dfb0: no agents available; will retry on subsequent port and subnet creation events.
2026-04-07 01:16:59.793 10 INFO neutron.plugins.ml2.drivers.ovn.mech_driver.ovsdb.ovsdb_monitor [None req-4395fbe9-e1b7-4f92-b877-9f98ffeeb8f4 - - - - - -] Router 205f87a9-c43a-48ca-87fe-04f8b8423635 is bound to host instance
2026-04-07 01:16:59.829 9 INFO neutron.db.ovn_revision_numbers_db [None req-9abdfe45-d90e-4280-af9d-d9b1585455c8 0293b9205b2d4fe4bd4aa04a14e78d24 315f741c36044c2ab9414435abcb35d2 - - - -] Successfully bumped revision number for resource aeb5d40f-d247-4f50-999c-320f69be5eaf (type: router_ports) to 1
2026-04-07 01:16:59.913 10 INFO neutron.services.segments.plugin [-] Segment f36f71ee-002f-4de9-8d0f-eef52901fde8 resource provider aggregate not found
2026-04-07 01:16:59.934 9 INFO neutron.db.ovn_revision_numbers_db [None req-9abdfe45-d90e-4280-af9d-d9b1585455c8 0293b9205b2d4fe4bd4aa04a14e78d24 315f741c36044c2ab9414435abcb35d2 - - - -] Successfully bumped revision number for resource 205f87a9-c43a-48ca-87fe-04f8b8423635 (type: routers) to 3
2026-04-07 01:16:59.935 10 INFO neutron.services.segments.plugin [-] Segment f36f71ee-002f-4de9-8d0f-eef52901fde8 resource provider aggregate not found
2026-04-07 01:16:59.942 10 INFO neutron.services.segments.plugin [-] Segment f36f71ee-002f-4de9-8d0f-eef52901fde8 resource provider not found; error: Placement Client Error (4xx): {"errors": [{"status": 404, "title": "Not Found", "detail": "The resource could not be found.\n\n No resource provider with uuid f36f71ee-002f-4de9-8d0f-eef52901fde8 found for delete ", "request_id": "req-561a663e-54df-4a41-92b3-7b28d3c9c482"}]}
2026-04-07 01:16:59.953 9 INFO neutron.wsgi [None req-9abdfe45-d90e-4280-af9d-d9b1585455c8 0293b9205b2d4fe4bd4aa04a14e78d24 315f741c36044c2ab9414435abcb35d2 - - - -] 10.0.0.131 "POST /v2.0/routers HTTP/1.1" status: 201 len: 877 time: 2.4520316
