2026-04-07 01:17:41.024 9 INFO neutron.wsgi [None req-27e20bf1-4f84-490d-8090-2f47da17c39d fa45a86bef3f47af9d56a84b394a1595 4f373c849c2e4860b16dfa25c7224add - - default default] 10.0.0.131 "GET /v2.0/trunks/64ff73a9-29b9-4ce8-9cd0-aada78deb1be/tags HTTP/1.1" status: 200 len: 218 time: 0.0143979
2026-04-07 01:17:41.055 9 INFO neutron.wsgi [None req-ac01b998-e548-40da-bc95-2305c0d872a1 fa45a86bef3f47af9d56a84b394a1595 4f373c849c2e4860b16dfa25c7224add - - - -] 10.0.0.131 "PUT /v2.0/trunks/64ff73a9-29b9-4ce8-9cd0-aada78deb1be/tags/green HTTP/1.1" status: 201 len: 201 time: 0.0249646
2026-04-07 01:17:41.074 9 INFO neutron.wsgi [None req-bfde3087-b180-4176-bc76-95a9fcf28591 fa45a86bef3f47af9d56a84b394a1595 4f373c849c2e4860b16dfa25c7224add - - default default] 10.0.0.131 "GET /v2.0/trunks/64ff73a9-29b9-4ce8-9cd0-aada78deb1be/tags HTTP/1.1" status: 200 len: 227 time: 0.0142190
2026-04-07 01:17:41.092 9 INFO neutron.wsgi [None req-55e4f78d-fe94-49e3-98d4-d0a6691bdc99 fa45a86bef3f47af9d56a84b394a1595 4f373c849c2e4860b16dfa25c7224add - - - -] 10.0.0.131 "PUT /v2.0/trunks/64ff73a9-29b9-4ce8-9cd0-aada78deb1be/tags/red HTTP/1.1" status: 201 len: 201 time: 0.0125668
2026-04-07 01:17:41.107 9 INFO neutron.wsgi [None req-b8cd6353-f43d-4c60-9a5d-1047e726eb13 fa45a86bef3f47af9d56a84b394a1595 4f373c849c2e4860b16dfa25c7224add - - default default] 10.0.0.131 "GET /v2.0/trunks/64ff73a9-29b9-4ce8-9cd0-aada78deb1be/tags HTTP/1.1" status: 200 len: 227 time: 0.0115421
2026-04-07 01:17:41.131 9 INFO neutron.wsgi [None req-362d7433-381f-44e6-8f64-8031c60a5f0d fa45a86bef3f47af9d56a84b394a1595 4f373c849c2e4860b16dfa25c7224add - - - -] 10.0.0.131 "PUT /v2.0/trunks/64ff73a9-29b9-4ce8-9cd0-aada78deb1be/tags/black.or.white HTTP/1.1" status: 201 len: 201 time: 0.0202065
2026-04-07 01:17:41.150 9 INFO neutron.wsgi [None req-7de2cbd5-c4ca-48c6-9aea-fe509b563c46 fa45a86bef3f47af9d56a84b394a1595 4f373c849c2e4860b16dfa25c7224add - - default default] 10.0.0.131 "GET /v2.0/trunks/64ff73a9-29b9-4ce8-9cd0-aada78deb1be/tags HTTP/1.1" status: 200 len: 245 time: 0.0140460
2026-04-07 01:17:41.184 9 INFO neutron.wsgi [None req-1af0c76f-1504-4935-9689-e5be9b2ec39e fa45a86bef3f47af9d56a84b394a1595 4f373c849c2e4860b16dfa25c7224add - - - -] 10.0.0.131 "PUT /v2.0/trunks/64ff73a9-29b9-4ce8-9cd0-aada78deb1be/tags HTTP/1.1" status: 200 len: 230 time: 0.0282991
2026-04-07 01:17:41.219 9 INFO neutron.wsgi [None req-ec332f02-d590-4be0-961b-9fe3dd2d2d5c fa45a86bef3f47af9d56a84b394a1595 4f373c849c2e4860b16dfa25c7224add - - default default] 10.0.0.131 "GET /v2.0/trunks/64ff73a9-29b9-4ce8-9cd0-aada78deb1be/tags HTTP/1.1" status: 200 len: 230 time: 0.0299950
2026-04-07 01:17:41.244 10 INFO neutron.wsgi [None req-e7019be2-9315-4ddf-8594-eeb16f2c6b86 fa45a86bef3f47af9d56a84b394a1595 4f373c849c2e4860b16dfa25c7224add - - default default] 10.0.0.131 "GET /v2.0/trunks/64ff73a9-29b9-4ce8-9cd0-aada78deb1be/tags/red HTTP/1.1" status: 204 len: 168 time: 0.0202587
2026-04-07 01:17:41.255 10 INFO neutron.wsgi [None req-89e17e19-1eec-4089-98a0-d1c286ee302f 02ec42b7888e4ecd82fc395dce0934bc f637c42fa8564b9aae4914734783994c - - - -] 10.0.0.131 "DELETE /v2.0/ports/06ce7562-fe73-45fa-98e9-832ebaec2ad5 HTTP/1.1" status: 204 len: 168 time: 0.2606323
2026-04-07 01:17:41.540 10 INFO neutron.wsgi [req-e13bdc89-0174-4cd4-8511-d77e1d4d0aed req-bbf50d54-05bc-44e4-b303-8f1ba0403acc 776eb9d0a78b4382ad45b382d8ef405d 83527090af144e2d9664d1f648e3fa16 - - 479d185cd48245b4886508aced5bba41 479d185cd48245b4886508aced5bba41] 10.0.0.205 "GET /v2.0/ports?device_id=77bf4c57-018b-40d8-81b0-48f97cc56096 HTTP/1.1" status: 200 len: 1361 time: 0.0617750
2026-04-07 01:17:41.595 10 INFO neutron.wsgi [None req-799f6c7c-f8f6-4c54-9ced-0ddab85dc09b 02ec42b7888e4ecd82fc395dce0934bc f637c42fa8564b9aae4914734783994c - - - -] 10.0.0.131 "DELETE /v2.0/ports/3685b685-cdd3-4541-a241-47a07c641be1 HTTP/1.1" status: 204 len: 168 time: 0.3340621
2026-04-07 01:17:41.608 9 INFO neutron.api.v2.resource [None req-008f7f32-1384-4134-a30e-8f45da3df452 fa45a86bef3f47af9d56a84b394a1595 4f373c849c2e4860b16dfa25c7224add - - default default] show failed (client error): The resource could not be found.
2026-04-07 01:17:41.609 9 INFO neutron.wsgi [None req-008f7f32-1384-4134-a30e-8f45da3df452 fa45a86bef3f47af9d56a84b394a1595 4f373c849c2e4860b16dfa25c7224add - - default default] 10.0.0.131 "GET /v2.0/trunks/64ff73a9-29b9-4ce8-9cd0-aada78deb1be/tags/green HTTP/1.1" status: 404 len: 299 time: 0.3586087
2026-04-07 01:17:41.610 10 INFO neutron.wsgi [req-e13bdc89-0174-4cd4-8511-d77e1d4d0aed req-f0642bf4-5af3-4917-8fde-a3a0a4d6f873 776eb9d0a78b4382ad45b382d8ef405d 83527090af144e2d9664d1f648e3fa16 - - 479d185cd48245b4886508aced5bba41 479d185cd48245b4886508aced5bba41] 10.0.0.205 "GET /v2.0/security-groups?id=3752d4b0-4251-41ce-86fe-84e05160c64e&fields=id&fields=name HTTP/1.1" status: 200 len: 313 time: 0.0611141
2026-04-07 01:17:41.644 9 INFO neutron.wsgi [None req-8764e3ff-9b10-4b29-aaee-f8a704c4d5d5 fa45a86bef3f47af9d56a84b394a1595 4f373c849c2e4860b16dfa25c7224add - - - -] 10.0.0.131 "DELETE /v2.0/trunks/64ff73a9-29b9-4ce8-9cd0-aada78deb1be/tags/red HTTP/1.1" status: 204 len: 168 time: 0.0275514
2026-04-07 01:17:41.665 9 INFO neutron.wsgi [None req-1923e3bb-7f9c-4489-9054-13e7163a47c2 fa45a86bef3f47af9d56a84b394a1595 4f373c849c2e4860b16dfa25c7224add - - default default] 10.0.0.131 "GET /v2.0/trunks/64ff73a9-29b9-4ce8-9cd0-aada78deb1be/tags HTTP/1.1" status: 200 len: 223 time: 0.0154760
2026-04-07 01:17:41.694 9 INFO neutron.api.v2.resource [None req-fbda535a-225d-4b95-9b75-8f7f4d5c121d fa45a86bef3f47af9d56a84b394a1595 4f373c849c2e4860b16dfa25c7224add - - - -] delete failed (client error): The resource could not be found.
2026-04-07 01:17:41.695 9 INFO neutron.wsgi [None req-fbda535a-225d-4b95-9b75-8f7f4d5c121d fa45a86bef3f47af9d56a84b394a1595 4f373c849c2e4860b16dfa25c7224add - - - -] 10.0.0.131 "DELETE /v2.0/trunks/64ff73a9-29b9-4ce8-9cd0-aada78deb1be/tags/green HTTP/1.1" status: 404 len: 299 time: 0.0250244
2026-04-07 01:17:41.728 9 INFO neutron.wsgi [None req-472e74c8-aba1-428c-9b9e-ccf2b9b34d6a fa45a86bef3f47af9d56a84b394a1595 4f373c849c2e4860b16dfa25c7224add - - - -] 10.0.0.131 "DELETE /v2.0/trunks/64ff73a9-29b9-4ce8-9cd0-aada78deb1be/tags HTTP/1.1" status: 204 len: 168 time: 0.0252745
2026-04-07 01:17:41.749 9 INFO neutron.wsgi [None req-842dab12-8cf1-4c25-b551-f4f6e21fbb6c fa45a86bef3f47af9d56a84b394a1595 4f373c849c2e4860b16dfa25c7224add - - default default] 10.0.0.131 "GET /v2.0/trunks/64ff73a9-29b9-4ce8-9cd0-aada78deb1be/tags HTTP/1.1" status: 200 len: 205 time: 0.0145159
2026-04-07 01:17:41.783 9 INFO neutron.wsgi [None req-dfcac4e5-f68f-4d47-ae49-78b75137aea2 fa45a86bef3f47af9d56a84b394a1595 4f373c849c2e4860b16dfa25c7224add - - default default] 10.0.0.131 "GET /v2.0/trunks/64ff73a9-29b9-4ce8-9cd0-aada78deb1be HTTP/1.1" status: 200 len: 603 time: 0.0258381
2026-04-07 01:17:41.901 9 INFO neutron.wsgi [None req-d9e83e11-dd12-4d80-8bdc-dd3db13016e6 fa45a86bef3f47af9d56a84b394a1595 4f373c849c2e4860b16dfa25c7224add - - default default] 10.0.0.131 "GET /v2.0/ports/9f505a98-1fa8-4108-9a08-008ea61d2556 HTTP/1.1" status: 200 len: 1020 time: 0.1127181
2026-04-07 01:17:41.996 10 INFO neutron.services.segments.plugin [-] Segment 8bf7d650-e0c7-4d1f-8605-db8bfe6677ad resource provider aggregate not found
2026-04-07 01:17:42.003 10 INFO neutron.services.segments.plugin [-] Segment 8bf7d650-e0c7-4d1f-8605-db8bfe6677ad resource provider aggregate not found
2026-04-07 01:17:42.031 10 INFO neutron.services.segments.plugin [-] Segment 8bf7d650-e0c7-4d1f-8605-db8bfe6677ad resource provider not found; error: Placement Client Error (4xx): {"errors": [{"status": 404, "title": "Not Found", "detail": "The resource could not be found.\n\n No resource provider with uuid 8bf7d650-e0c7-4d1f-8605-db8bfe6677ad found for delete ", "request_id": "req-1df3c799-c5cf-4c24-8bae-beb81ce5f6ca"}]}
2026-04-07 01:17:42.032 10 INFO neutron.services.segments.plugin [-] Segment 8bf7d650-e0c7-4d1f-8605-db8bfe6677ad resource provider not found; error: Placement Client Error (4xx): {"errors": [{"status": 404, "title": "Not Found", "detail": "The resource could not be found.\n\n No resource provider with uuid 8bf7d650-e0c7-4d1f-8605-db8bfe6677ad found for delete ", "request_id": "req-dd08a719-cb99-4860-bbe9-89371650e5ba"}]}
2026-04-07 01:17:42.032 9 INFO neutron.wsgi [None req-9a322e14-f715-44ad-80bd-1e5942cc1afd fa45a86bef3f47af9d56a84b394a1595 4f373c849c2e4860b16dfa25c7224add - - - -] 10.0.0.131 "DELETE /v2.0/trunks/64ff73a9-29b9-4ce8-9cd0-aada78deb1be HTTP/1.1" status: 204 len: 168 time: 0.1256170
2026-04-07 01:17:42.091 10 INFO neutron.wsgi [None req-fe940e69-d209-4e3d-9eee-6d0b06274372 02ec42b7888e4ecd82fc395dce0934bc f637c42fa8564b9aae4914734783994c - - - -] 10.0.0.131 "DELETE /v2.0/networks/15071922-3a0f-40f3-a71f-b3aa5859e72b HTTP/1.1" status: 204 len: 168 time: 0.4847407
2026-04-07 01:17:42.359 10 INFO neutron.wsgi [None req-613191a8-e38e-4a48-9f74-bc23d8a12efb fa45a86bef3f47af9d56a84b394a1595 4f373c849c2e4860b16dfa25c7224add - - - -] 10.0.0.131 "DELETE /v2.0/ports/9f505a98-1fa8-4108-9a08-008ea61d2556 HTTP/1.1" status: 204 len: 168 time: 0.3228483
2026-04-07 01:17:42.514 9 INFO neutron.services.segments.plugin [-] Segment d660fed5-3f41-43aa-be44-156a5cdd17ad resource provider aggregate not found
2026-04-07 01:17:42.518 9 INFO neutron.services.segments.plugin [-] Segment d660fed5-3f41-43aa-be44-156a5cdd17ad resource provider aggregate not found
2026-04-07 01:17:42.536 9 INFO neutron.services.segments.plugin [-] Segment d660fed5-3f41-43aa-be44-156a5cdd17ad resource provider not found; error: Placement Client Error (4xx): {"errors": [{"status": 404, "title": "Not Found", "detail": "The resource could not be found.\n\n No resource provider with uuid d660fed5-3f41-43aa-be44-156a5cdd17ad found for delete ", "request_id": "req-8631becc-18a3-48e8-9529-e195a98f0ba9"}]}
2026-04-07 01:17:42.538 9 INFO neutron.services.segments.plugin [-] Segment d660fed5-3f41-43aa-be44-156a5cdd17ad resource provider not found; error: Placement Client Error (4xx): {"errors": [{"status": 404, "title": "Not Found", "detail": "The resource could not be found.\n\n No resource provider with uuid d660fed5-3f41-43aa-be44-156a5cdd17ad found for delete ", "request_id": "req-73309b6e-2df3-4ce9-8262-964a78f62825"}]}
2026-04-07 01:17:42.566 9 INFO neutron.wsgi [None req-ad7cce15-618a-489a-909a-2268ce73da92 02ec42b7888e4ecd82fc395dce0934bc f637c42fa8564b9aae4914734783994c - - - -] 10.0.0.131 "DELETE /v2.0/networks/c6c22791-6291-4dc7-919c-9ddba9b7c593 HTTP/1.1" status: 204 len: 168 time: 0.4698083
2026-04-07 01:17:42.815 10 INFO neutron.wsgi [None req-0e2a3beb-ca1e-4bad-ab94-a7878987d11f fa45a86bef3f47af9d56a84b394a1595 4f373c849c2e4860b16dfa25c7224add - - - -] 10.0.0.131 "DELETE /v2.0/networks/55c7ee0c-348a-4b48-8452-477cbedf2a24 HTTP/1.1" status: 204 len: 168 time: 0.4465179
2026-04-07 01:17:42.832 10 INFO neutron.wsgi [req-74538d37-ab0e-47ca-93a8-15dac53a54d9 req-1dcb08d6-543e-4ac7-aa2a-37bd5d566421 4d8bd52a45354d6096594117853297d5 8af47f3ef7254f02b9b3291fafbfd38b - - default default] 10.0.0.229 "GET /v2.0/networks?id=f4b3296c-5342-4e5f-b4fa-5fac8ad5d358 HTTP/1.1" status: 200 len: 872 time: 0.1019976
2026-04-07 01:17:42.851 10 INFO neutron.wsgi [req-74538d37-ab0e-47ca-93a8-15dac53a54d9 req-fc2deaa4-a2fe-46a9-b513-3474319a8829 4d8bd52a45354d6096594117853297d5 8af47f3ef7254f02b9b3291fafbfd38b - - default default] 10.0.0.229 "GET /v2.0/quotas/8af47f3ef7254f02b9b3291fafbfd38b HTTP/1.1" status: 200 len: 386 time: 0.0119567
2026-04-07 01:17:42.941 9 INFO neutron.wsgi [None req-16d7ef7b-5668-499f-927c-fe40c574d402 02ec42b7888e4ecd82fc395dce0934bc f637c42fa8564b9aae4914734783994c - - - -] 10.0.0.131 "DELETE /v2.0/networks/3948ce91-171e-4e29-8f54-0882a11ff51e HTTP/1.1" status: 204 len: 168 time: 0.3668137
2026-04-07 01:17:42.962 10 INFO neutron.wsgi [req-74538d37-ab0e-47ca-93a8-15dac53a54d9 req-271ef1e8-56ea-4b25-8228-c045fa9ffc68 4d8bd52a45354d6096594117853297d5 8af47f3ef7254f02b9b3291fafbfd38b - - default default] 10.0.0.229 "GET /v2.0/ports?tenant_id=8af47f3ef7254f02b9b3291fafbfd38b&fields=id HTTP/1.1" status: 200 len: 302 time: 0.1014838
2026-04-07 01:17:43.032 10 INFO neutron.wsgi [req-74538d37-ab0e-47ca-93a8-15dac53a54d9 req-5dcf3655-1581-438c-97fa-ada033a72fe7 776eb9d0a78b4382ad45b382d8ef405d 83527090af144e2d9664d1f648e3fa16 - - 479d185cd48245b4886508aced5bba41 479d185cd48245b4886508aced5bba41] 10.0.0.229 "GET /v2.0/networks/f4b3296c-5342-4e5f-b4fa-5fac8ad5d358?fields=segments HTTP/1.1" status: 200 len: 212 time: 0.0597420
2026-04-07 01:17:43.102 10 INFO neutron.wsgi [req-74538d37-ab0e-47ca-93a8-15dac53a54d9 req-016c07e0-c8f0-4b27-a607-ec0639ecda2f 776eb9d0a78b4382ad45b382d8ef405d 83527090af144e2d9664d1f648e3fa16 - - 479d185cd48245b4886508aced5bba41 479d185cd48245b4886508aced5bba41] 10.0.0.229 "GET /v2.0/networks/f4b3296c-5342-4e5f-b4fa-5fac8ad5d358?fields=provider%3Aphysical_network&fields=provider%3Anetwork_type HTTP/1.1" status: 200 len: 277 time: 0.0581496
2026-04-07 01:17:43.230 10 INFO neutron.wsgi [req-d544e79e-db93-479f-a534-982a4d28e21e req-1942dfe1-421c-4fad-88e5-df68a7ba6451 4d8bd52a45354d6096594117853297d5 8af47f3ef7254f02b9b3291fafbfd38b - - default default] 10.0.0.229 "GET /v2.0/ports?device_id=28e62ccd-2470-4d82-ab65-752be0f9afe5 HTTP/1.1" status: 200 len: 210 time: 0.0223842
2026-04-07 01:17:43.348 9 INFO neutron.wsgi [None req-5de846d8-d10a-494d-8f7e-ecd58fbd09ca 02ec42b7888e4ecd82fc395dce0934bc f637c42fa8564b9aae4914734783994c - - - -] 10.0.0.131 "DELETE /v2.0/networks/6c3643af-2720-49b8-b146-64d3913d6b1d HTTP/1.1" status: 204 len: 168 time: 0.4033518
2026-04-07 01:17:43.664 9 INFO neutron.wsgi [None req-2f4438a0-b416-4c3d-afbf-a2c5b929cca6 0293b9205b2d4fe4bd4aa04a14e78d24 315f741c36044c2ab9414435abcb35d2 - - default default] 10.0.0.131 "GET /v2.0/security-groups?tenant_id=4f373c849c2e4860b16dfa25c7224add&name=default HTTP/1.1" status: 200 len: 2996 time: 0.1477489
2026-04-07 01:17:43.728 10 INFO neutron.wsgi [None req-322bc5ce-bae8-4c85-a895-bc8293600c9d 02ec42b7888e4ecd82fc395dce0934bc f637c42fa8564b9aae4914734783994c - - - -] 10.0.0.131 "DELETE /v2.0/networks/10464ae4-e442-4172-ab1c-d3694cb1c989 HTTP/1.1" status: 204 len: 168 time: 0.3747525
2026-04-07 01:17:43.859 9 INFO neutron.wsgi [None req-5e80c083-99bd-4ddc-af24-da57ac0e640c 0293b9205b2d4fe4bd4aa04a14e78d24 315f741c36044c2ab9414435abcb35d2 - - - -] 10.0.0.131 "DELETE /v2.0/security-groups/beb93980-18d0-4a80-bc4c-1ac601af9714 HTTP/1.1" status: 204 len: 168 time: 0.1879528
2026-04-07 01:17:43.930 10 INFO neutron.wsgi [req-74538d37-ab0e-47ca-93a8-15dac53a54d9 req-57a2932e-b810-427d-85be-a30746920c71 4d8bd52a45354d6096594117853297d5 8af47f3ef7254f02b9b3291fafbfd38b - - default default] 199.19.213.232 "GET /v2.0/networks?id=f4b3296c-5342-4e5f-b4fa-5fac8ad5d358 HTTP/1.1" status: 200 len: 872 time: 0.0690842
2026-04-07 01:17:44.057 10 INFO neutron.services.segments.plugin [-] Segment 941bb083-de76-491c-8591-f4843d4487a5 resource provider aggregate not found
2026-04-07 01:17:44.065 10 INFO neutron.services.segments.plugin [-] Segment 941bb083-de76-491c-8591-f4843d4487a5 resource provider aggregate not found
2026-04-07 01:17:44.089 10 INFO neutron.services.segments.plugin [-] Segment 941bb083-de76-491c-8591-f4843d4487a5 resource provider not found; error: Placement Client Error (4xx): {"errors": [{"status": 404, "title": "Not Found", "detail": "The resource could not be found.\n\n No resource provider with uuid 941bb083-de76-491c-8591-f4843d4487a5 found for delete ", "request_id": "req-40601fef-8db3-49ed-8eb1-872656d636fa"}]}
2026-04-07 01:17:44.093 10 INFO neutron.services.segments.plugin [-] Segment 941bb083-de76-491c-8591-f4843d4487a5 resource provider not found; error: Placement Client Error (4xx): {"errors": [{"status": 404, "title": "Not Found", "detail": "The resource could not be found.\n\n No resource provider with uuid 941bb083-de76-491c-8591-f4843d4487a5 found for delete ", "request_id": "req-45cda320-7e66-4ae0-800e-2de43e2d1ddb"}]}
2026-04-07 01:17:44.111 10 INFO neutron.services.segments.plugin [-] Segment bbed96bf-f650-4d0b-929d-bb05bbd683b3 resource provider aggregate not found
2026-04-07 01:17:44.116 9 INFO neutron.db.ovn_revision_numbers_db [None req-4f8b8114-371c-417a-942d-75d32efd4b45 0293b9205b2d4fe4bd4aa04a14e78d24 315f741c36044c2ab9414435abcb35d2 - - default default] Successfully bumped revision number for resource 3aaabf69-0679-44ea-bc72-2aa3d9654e32 (type: security_groups) to 1
2026-04-07 01:17:44.120 10 INFO neutron.services.segments.plugin [-] Segment bbed96bf-f650-4d0b-929d-bb05bbd683b3 resource provider aggregate not found
2026-04-07 01:17:44.136 9 INFO neutron.wsgi [None req-4f8b8114-371c-417a-942d-75d32efd4b45 0293b9205b2d4fe4bd4aa04a14e78d24 315f741c36044c2ab9414435abcb35d2 - - default default] 10.0.0.131 "GET /v2.0/security-groups?tenant_id=ec3b4d0f20ab4a40a33461b794e68e42&name=default HTTP/1.1" status: 200 len: 2996 time: 0.1232204
2026-04-07 01:17:44.143 10 INFO neutron.services.segments.plugin [-] Segment bbed96bf-f650-4d0b-929d-bb05bbd683b3 resource provider not found; error: Placement Client Error (4xx): {"errors": [{"status": 404, "title": "Not Found", "detail": "The resource could not be found.\n\n No resource provider with uuid bbed96bf-f650-4d0b-929d-bb05bbd683b3 found for delete ", "request_id": "req-f7626ab6-418f-451e-a826-e0d520e7eeb2"}]}
2026-04-07 01:17:44.144 10 INFO neutron.services.segments.plugin [-] Segment bbed96bf-f650-4d0b-929d-bb05bbd683b3 resource provider not found; error: Placement Client Error (4xx): {"errors": [{"status": 404, "title": "Not Found", "detail": "The resource could not be found.\n\n No resource provider with uuid bbed96bf-f650-4d0b-929d-bb05bbd683b3 found for delete ", "request_id": "req-136ff6bb-1de7-4b0b-9276-553bf8911730"}]}
2026-04-07 01:17:44.311 9 INFO neutron.wsgi [None req-0dd844fc-fff0-4086-80d2-bd7aa227668a 0293b9205b2d4fe4bd4aa04a14e78d24 315f741c36044c2ab9414435abcb35d2 - - - -] 10.0.0.131 "DELETE /v2.0/security-groups/3aaabf69-0679-44ea-bc72-2aa3d9654e32 HTTP/1.1" status: 204 len: 168 time: 0.1690357
2026-04-07 01:17:44.329 10 INFO neutron.wsgi [req-817e3363-9cf3-491d-9abe-26fc3ffa2308 req-1f837d30-ec06-4fcd-b8a5-fa341744b688 4d8bd52a45354d6096594117853297d5 8af47f3ef7254f02b9b3291fafbfd38b - - default default] 10.0.0.229 "GET /v2.0/ports?device_id=28e62ccd-2470-4d82-ab65-752be0f9afe5 HTTP/1.1" status: 200 len: 210 time: 0.0258968
2026-04-07 01:17:44.363 10 WARNING neutron.scheduler.dhcp_agent_scheduler [None req-10de1859-4694-4c78-abd9-967405114895 4d8bd52a45354d6096594117853297d5 8af47f3ef7254f02b9b3291fafbfd38b - - - -] No more DHCP agents
2026-04-07 01:17:44.367 10 WARNING neutron.api.rpc.agentnotifiers.dhcp_rpc_agent_api [None req-10de1859-4694-4c78-abd9-967405114895 4d8bd52a45354d6096594117853297d5 8af47f3ef7254f02b9b3291fafbfd38b - - - -] Unable to schedule network f4b3296c-5342-4e5f-b4fa-5fac8ad5d358: no agents available; will retry on subsequent port and subnet creation events.
2026-04-07 01:17:44.559 9 INFO neutron.services.segments.plugin [-] Segment cec3c8ae-b013-41d8-a17b-f1663f696271 resource provider aggregate not found
2026-04-07 01:17:44.566 9 INFO neutron.services.segments.plugin [-] Segment cec3c8ae-b013-41d8-a17b-f1663f696271 resource provider aggregate not found
2026-04-07 01:17:44.577 9 INFO neutron.services.segments.plugin [-] Segment cec3c8ae-b013-41d8-a17b-f1663f696271 resource provider not found; error: Placement Client Error (4xx): {"errors": [{"status": 404, "title": "Not Found", "detail": "The resource could not be found.\n\n No resource provider with uuid cec3c8ae-b013-41d8-a17b-f1663f696271 found for delete ", "request_id": "req-101e91c2-9374-4791-96fb-e3695a876abf"}]}
2026-04-07 01:17:44.582 9 INFO neutron.services.segments.plugin [-] Segment cec3c8ae-b013-41d8-a17b-f1663f696271 resource provider not found; error: Placement Client Error (4xx): {"errors": [{"status": 404, "title": "Not Found", "detail": "The resource could not be found.\n\n No resource provider with uuid cec3c8ae-b013-41d8-a17b-f1663f696271 found for delete ", "request_id": "req-047348e0-0ea8-4f59-8420-b6d64d64d87b"}]}
2026-04-07 01:17:44.601 9 INFO neutron.services.segments.plugin [-] Segment c233a4da-444d-4dec-ace4-5008ee4a3b05 resource provider aggregate not found
2026-04-07 01:17:44.607 9 INFO neutron.services.segments.plugin [-] Segment c233a4da-444d-4dec-ace4-5008ee4a3b05 resource provider aggregate not found
2026-04-07 01:17:44.623 9 INFO neutron.services.segments.plugin [-] Segment c233a4da-444d-4dec-ace4-5008ee4a3b05 resource provider not found; error: Placement Client Error (4xx): {"errors": [{"status": 404, "title": "Not Found", "detail": "The resource could not be found.\n\n No resource provider with uuid c233a4da-444d-4dec-ace4-5008ee4a3b05 found for delete ", "request_id": "req-4c89c3b6-40b0-48ff-8d0b-0c0e9efa22ff"}]}
2026-04-07 01:17:44.627 9 INFO neutron.services.segments.plugin [-] Segment c233a4da-444d-4dec-ace4-5008ee4a3b05 resource provider not found; error: Placement Client Error (4xx): {"errors": [{"status": 404, "title": "Not Found", "detail": "The resource could not be found.\n\n No resource provider with uuid c233a4da-444d-4dec-ace4-5008ee4a3b05 found for delete ", "request_id": "req-331c31a9-3719-4a77-b9a8-3beaa9ccd72d"}]}
2026-04-07 01:17:44.805 9 INFO neutron.db.ovn_revision_numbers_db [None req-2a5e1b1a-ef22-4497-a88d-518d0d7fb8b9 0293b9205b2d4fe4bd4aa04a14e78d24 315f741c36044c2ab9414435abcb35d2 - - default default] Successfully bumped revision number for resource ef6f561d-3a7b-434f-8ee7-207c494bc444 (type: security_groups) to 1
2026-04-07 01:17:44.830 9 INFO neutron.wsgi [None req-2a5e1b1a-ef22-4497-a88d-518d0d7fb8b9 0293b9205b2d4fe4bd4aa04a14e78d24 315f741c36044c2ab9414435abcb35d2 - - default default] 10.0.0.131 "GET /v2.0/security-groups?tenant_id=674be8c966d94e9a85bf1cb8c4b2f884&name=default HTTP/1.1" status: 200 len: 2996 time: 0.3149233
2026-04-07 01:17:44.974 10 WARNING neutron.plugins.ml2.drivers.ovn.mech_driver.ovsdb.ovn_client [None req-ee02499f-61ca-4756-b0aa-f7c26bd3149e - - - - - -] No hosting information found for port c80d6d98-cbeb-4110-91ca-834ee880edbf: RuntimeError: No hosting information found for port c80d6d98-cbeb-4110-91ca-834ee880edbf
2026-04-07 01:17:44.986 10 INFO neutron.db.ovn_revision_numbers_db [None req-10de1859-4694-4c78-abd9-967405114895 4d8bd52a45354d6096594117853297d5 8af47f3ef7254f02b9b3291fafbfd38b - - - -] Successfully bumped revision number for resource 84ce9ec2-6c28-42a7-9095-5a84d07c1cd4 (type: ports) to 1
2026-04-07 01:17:45.024 10 INFO neutron.wsgi [None req-10de1859-4694-4c78-abd9-967405114895 4d8bd52a45354d6096594117853297d5 8af47f3ef7254f02b9b3291fafbfd38b - - - -] 199.19.213.232 "POST /v2.0/ports HTTP/1.1" status: 201 len: 1158 time: 1.0865283 /var/lib/openstack/lib/python3.10/site-packages/pycadf/identifier.py:71: UserWarning: Invalid uuid: neutron. To ensure interoperability, identifiers should be a valid uuid. warnings.warn(('Invalid uuid: %s. To ensure interoperability, '
2026-04-07 01:17:45.138 9 INFO neutron.wsgi [None req-3b8205d1-1b79-49c3-802a-141a4fb4b660 0293b9205b2d4fe4bd4aa04a14e78d24 315f741c36044c2ab9414435abcb35d2 - - - -] 10.0.0.131 "DELETE /v2.0/security-groups/ef6f561d-3a7b-434f-8ee7-207c494bc444 HTTP/1.1" status: 204 len: 168 time: 0.2930734
2026-04-07 01:17:45.362 9 INFO neutron.db.ovn_revision_numbers_db [None req-81c0bb6f-6080-45ba-8c71-e86bdc136460 0293b9205b2d4fe4bd4aa04a14e78d24 315f741c36044c2ab9414435abcb35d2 - - default default] Successfully bumped revision number for resource 446d1d99-3c3b-4829-af63-85338af78466 (type: security_groups) to 1
2026-04-07 01:17:45.383 9 INFO neutron.wsgi [None req-81c0bb6f-6080-45ba-8c71-e86bdc136460 0293b9205b2d4fe4bd4aa04a14e78d24 315f741c36044c2ab9414435abcb35d2 - - default default] 10.0.0.131 "GET /v2.0/security-groups?tenant_id=b492d94515d6413c92cfe8aeef5d8e40&name=default HTTP/1.1" status: 200 len: 2996 time: 0.1288140
2026-04-07 01:17:45.396 10 INFO neutron.wsgi [req-255f561c-c5e9-4730-aca4-59ca2974aa73 req-935433a9-b987-42f1-b6c4-93da155d4403 5ce2e2adc5954eafa763ed193cfdc85c 487cd95c1bc747b186e5c659b40c1074 - - default default] 10.0.0.229 "GET /v2.0/ports?device_id=77bf4c57-018b-40d8-81b0-48f97cc56096 HTTP/1.1" status: 200 len: 1170 time: 0.1253171 /var/lib/openstack/lib/python3.10/site-packages/pycadf/identifier.py:71: UserWarning: Invalid uuid: neutron. To ensure interoperability, identifiers should be a valid uuid. warnings.warn(('Invalid uuid: %s. To ensure interoperability, '
2026-04-07 01:17:45.446 10 INFO neutron.wsgi [req-cca917e7-c07e-4a39-aa3f-087af9220952 req-e582a724-4d3f-4dcd-bbe3-c960cde03554 4d8bd52a45354d6096594117853297d5 8af47f3ef7254f02b9b3291fafbfd38b - - default default] 10.0.0.229 "GET /v2.0/ports?device_id=28e62ccd-2470-4d82-ab65-752be0f9afe5 HTTP/1.1" status: 200 len: 1168 time: 0.0547149
2026-04-07 01:17:45.475 10 INFO neutron.wsgi [req-255f561c-c5e9-4730-aca4-59ca2974aa73 req-fc3ce602-88b0-444f-bf7c-e621ddf13776 5ce2e2adc5954eafa763ed193cfdc85c 487cd95c1bc747b186e5c659b40c1074 - - default default] 10.0.0.229 "GET /v2.0/security-groups?id=3752d4b0-4251-41ce-86fe-84e05160c64e&fields=id&fields=name HTTP/1.1" status: 200 len: 313 time: 0.0688782
2026-04-07 01:17:45.503 10 INFO neutron.wsgi [req-cca917e7-c07e-4a39-aa3f-087af9220952 req-648ef87b-3da2-4836-8656-19b1d25e18e0 4d8bd52a45354d6096594117853297d5 8af47f3ef7254f02b9b3291fafbfd38b - - default default] 10.0.0.229 "GET /v2.0/security-groups?id=b588e594-ca3f-4828-a570-e13db1fbd4d7&fields=id&fields=name HTTP/1.1" status: 200 len: 286 time: 0.0421877
2026-04-07 01:17:45.545 10 INFO neutron.db.ovn_revision_numbers_db [None req-e51e1b08-d43d-4e10-bbb7-7d503f7241e4 776eb9d0a78b4382ad45b382d8ef405d 83527090af144e2d9664d1f648e3fa16 - - - -] Successfully bumped revision number for resource 84ce9ec2-6c28-42a7-9095-5a84d07c1cd4 (type: ports) to 2
2026-04-07 01:17:45.576 9 INFO neutron.wsgi [None req-bd6fa268-6133-434e-8d77-ad24f733c180 0293b9205b2d4fe4bd4aa04a14e78d24 315f741c36044c2ab9414435abcb35d2 - - - -] 10.0.0.131 "DELETE /v2.0/security-groups/446d1d99-3c3b-4829-af63-85338af78466 HTTP/1.1" status: 204 len: 168 time: 0.1855359
2026-04-07 01:17:45.681 10 INFO neutron.wsgi [req-8f24a845-cc16-4109-9489-43e116e88b36 req-0d4d1d93-628b-491a-bede-16e302cfd3b3 5ce2e2adc5954eafa763ed193cfdc85c 487cd95c1bc747b186e5c659b40c1074 - - default default] 10.0.0.229 "GET /v2.0/ports?device_id=77bf4c57-018b-40d8-81b0-48f97cc56096 HTTP/1.1" status: 200 len: 1170 time: 0.0428731 /var/lib/openstack/lib/python3.10/site-packages/pycadf/identifier.py:71: UserWarning: Invalid uuid: neutron. To ensure interoperability, identifiers should be a valid uuid. warnings.warn(('Invalid uuid: %s. To ensure interoperability, '
2026-04-07 01:17:45.714 9 INFO neutron.plugins.ml2.drivers.ovn.mech_driver.mech_driver [None req-3b29fbaa-dd5d-48a8-aed6-98c94a3c5d39 - - - - - -] OVN reports status down for port: 34396d29-65c7-4caf-b0d0-bfab4356eaa2
2026-04-07 01:17:45.729 10 INFO neutron.db.ovn_revision_numbers_db [None req-e51e1b08-d43d-4e10-bbb7-7d503f7241e4 776eb9d0a78b4382ad45b382d8ef405d 83527090af144e2d9664d1f648e3fa16 - - - -] Successfully bumped revision number for resource 84ce9ec2-6c28-42a7-9095-5a84d07c1cd4 (type: ports) to 2
2026-04-07 01:17:45.736 10 INFO neutron.wsgi [req-8f24a845-cc16-4109-9489-43e116e88b36 req-ac85773e-2288-4c21-a023-9235c2bd55f0 5ce2e2adc5954eafa763ed193cfdc85c 487cd95c1bc747b186e5c659b40c1074 - - default default] 10.0.0.229 "GET /v2.0/security-groups?id=3752d4b0-4251-41ce-86fe-84e05160c64e&fields=id&fields=name HTTP/1.1" status: 200 len: 313 time: 0.0395794
2026-04-07 01:17:45.745 10 INFO neutron.wsgi [None req-e51e1b08-d43d-4e10-bbb7-7d503f7241e4 776eb9d0a78b4382ad45b382d8ef405d 83527090af144e2d9664d1f648e3fa16 - - - -] 199.19.213.232 "PUT /v2.0/ports/84ce9ec2-6c28-42a7-9095-5a84d07c1cd4 HTTP/1.1" status: 200 len: 1328 time: 0.7045417
2026-04-07 01:17:45.784 10 INFO neutron.notifiers.nova [-] Nova event matching ['req-d0eb7743-7b3d-4da0-84bb-5000f913b454'] response: {'name': 'network-changed', 'server_uuid': '28e62ccd-2470-4d82-ab65-752be0f9afe5', 'tag': '84ce9ec2-6c28-42a7-9095-5a84d07c1cd4', 'status': 'completed', 'code': 200}
2026-04-07 01:17:45.793 10 INFO neutron.wsgi [None req-3f5b8379-bfab-4582-878d-1c35761577c0 0293b9205b2d4fe4bd4aa04a14e78d24 315f741c36044c2ab9414435abcb35d2 - - default default] 10.0.0.131 "GET /v2.0/security-groups?tenant_id=f637c42fa8564b9aae4914734783994c&name=default HTTP/1.1" status: 200 len: 2996 time: 0.0376091
2026-04-07 01:17:45.875 10 INFO neutron.wsgi [req-423e0550-2d50-4830-87de-eea9434ea6c6 req-7dda6b61-426b-4aec-9a70-0f0b7878f599 776eb9d0a78b4382ad45b382d8ef405d 83527090af144e2d9664d1f648e3fa16 - - 479d185cd48245b4886508aced5bba41 479d185cd48245b4886508aced5bba41] 199.19.213.232 "GET /v2.0/ports?tenant_id=8af47f3ef7254f02b9b3291fafbfd38b&device_id=28e62ccd-2470-4d82-ab65-752be0f9afe5 HTTP/1.1" status: 200 len: 1359 time: 0.0419605
2026-04-07 01:17:45.889 9 INFO neutron.notifiers.nova [-] Nova event matching ['req-34bd1f1d-a70f-4d84-8ce4-7c727473c182'] response: {'server_uuid': '77bf4c57-018b-40d8-81b0-48f97cc56096', 'name': 'network-vif-unplugged', 'status': 'completed', 'tag': '34396d29-65c7-4caf-b0d0-bfab4356eaa2', 'code': 200}
2026-04-07 01:17:45.982 10 INFO neutron.wsgi [req-423e0550-2d50-4830-87de-eea9434ea6c6 req-b46b9eed-ff4c-44bf-a6b7-2462bd0ac5d4 776eb9d0a78b4382ad45b382d8ef405d 83527090af144e2d9664d1f648e3fa16 - - 479d185cd48245b4886508aced5bba41 479d185cd48245b4886508aced5bba41] 199.19.213.232 "GET /v2.0/networks?tenant_id=8af47f3ef7254f02b9b3291fafbfd38b&shared=False HTTP/1.1" status: 200 len: 971 time: 0.1016629
2026-04-07 01:17:46.078 9 INFO neutron.wsgi [req-5b5210ba-99f2-489b-9e44-5d7701fc4776 req-f1154364-5364-4dd6-bde1-565bc4e1279d 5ce2e2adc5954eafa763ed193cfdc85c 487cd95c1bc747b186e5c659b40c1074 - - default default] 199.19.213.232 "GET /v2.0/ports?device_id=77bf4c57-018b-40d8-81b0-48f97cc56096 HTTP/1.1" status: 200 len: 1168 time: 0.1021771
2026-04-07 01:17:46.078 9 INFO neutron.db.ovn_revision_numbers_db [None req-3b29fbaa-dd5d-48a8-aed6-98c94a3c5d39 - - - - - -] Successfully bumped revision number for resource 34396d29-65c7-4caf-b0d0-bfab4356eaa2 (type: ports) to 7
2026-04-07 01:17:46.085 10 INFO neutron.wsgi [req-423e0550-2d50-4830-87de-eea9434ea6c6 req-63b3f687-cf61-4f1d-aa08-23e42188ab5d 776eb9d0a78b4382ad45b382d8ef405d 83527090af144e2d9664d1f648e3fa16 - - 479d185cd48245b4886508aced5bba41 479d185cd48245b4886508aced5bba41] 199.19.213.232 "GET /v2.0/networks?shared=True HTTP/1.1" status: 200 len: 952 time: 0.0970273
2026-04-07 01:17:46.159 10 INFO neutron.wsgi [req-74538d37-ab0e-47ca-93a8-15dac53a54d9 req-30d1e881-b85f-4a98-ad71-67bb9dbd151a 776eb9d0a78b4382ad45b382d8ef405d 83527090af144e2d9664d1f648e3fa16 - - 479d185cd48245b4886508aced5bba41 479d185cd48245b4886508aced5bba41] 199.19.213.232 "GET /v2.0/ports?tenant_id=8af47f3ef7254f02b9b3291fafbfd38b&device_id=28e62ccd-2470-4d82-ab65-752be0f9afe5 HTTP/1.1" status: 200 len: 1359 time: 0.0384328
2026-04-07 01:17:46.189 10 INFO neutron.wsgi [req-74538d37-ab0e-47ca-93a8-15dac53a54d9 req-f066b63d-f6a0-4205-a377-317831d3e6cb 776eb9d0a78b4382ad45b382d8ef405d 83527090af144e2d9664d1f648e3fa16 - - 479d185cd48245b4886508aced5bba41 479d185cd48245b4886508aced5bba41] 199.19.213.232 "GET /v2.0/floatingips?fixed_ip_address=10.100.0.7&port_id=84ce9ec2-6c28-42a7-9095-5a84d07c1cd4 HTTP/1.1" status: 200 len: 217 time: 0.0223780
2026-04-07 01:17:46.194 10 INFO neutron.wsgi [None req-29e13721-bf3e-4d7e-a773-3db2b38cf725 0293b9205b2d4fe4bd4aa04a14e78d24 315f741c36044c2ab9414435abcb35d2 - - - -] 10.0.0.131 "DELETE /v2.0/security-groups/c5b4459f-611a-4d05-aa76-778f721dc313 HTTP/1.1" status: 204 len: 168 time: 0.3925431
2026-04-07 01:17:46.234 10 INFO neutron.wsgi [req-74538d37-ab0e-47ca-93a8-15dac53a54d9 req-89f59830-2b78-4faf-8941-44c9d2551620 776eb9d0a78b4382ad45b382d8ef405d 83527090af144e2d9664d1f648e3fa16 - - 479d185cd48245b4886508aced5bba41 479d185cd48245b4886508aced5bba41] 199.19.213.232 "GET /v2.0/subnets?id=ad1b157e-27dd-4377-959a-4092b5359d49 HTTP/1.1" status: 200 len: 866 time: 0.0379663
2026-04-07 01:17:46.277 10 INFO neutron.wsgi [req-74538d37-ab0e-47ca-93a8-15dac53a54d9 req-d54b17fe-dec1-4807-afe4-9f4b01d0ee6e 776eb9d0a78b4382ad45b382d8ef405d 83527090af144e2d9664d1f648e3fa16 - - 479d185cd48245b4886508aced5bba41 479d185cd48245b4886508aced5bba41] 199.19.213.232 "GET /v2.0/ports?network_id=f4b3296c-5342-4e5f-b4fa-5fac8ad5d358&device_owner=network%3Adhcp HTTP/1.1" status: 200 len: 210 time: 0.0353413
2026-04-07 01:17:46.332 10 INFO neutron.wsgi [req-74538d37-ab0e-47ca-93a8-15dac53a54d9 req-b471db9d-9eac-483a-9a4d-8df0047c4329 776eb9d0a78b4382ad45b382d8ef405d 83527090af144e2d9664d1f648e3fa16 - - 479d185cd48245b4886508aced5bba41 479d185cd48245b4886508aced5bba41] 199.19.213.232 "GET /v2.0/networks/f4b3296c-5342-4e5f-b4fa-5fac8ad5d358?fields=segments HTTP/1.1" status: 200 len: 212 time: 0.0467820
2026-04-07 01:17:46.402 10 INFO neutron.wsgi [req-74538d37-ab0e-47ca-93a8-15dac53a54d9 req-5a3ec142-dace-4b68-95ea-421134fb3ca1 776eb9d0a78b4382ad45b382d8ef405d 83527090af144e2d9664d1f648e3fa16 - - 479d185cd48245b4886508aced5bba41 479d185cd48245b4886508aced5bba41] 199.19.213.232 "GET /v2.0/networks/f4b3296c-5342-4e5f-b4fa-5fac8ad5d358?fields=provider%3Aphysical_network&fields=provider%3Anetwork_type HTTP/1.1" status: 200 len: 277 time: 0.0613892
2026-04-07 01:17:46.429 9 INFO neutron.db.l3_db [None req-5a311c3f-84a3-48b5-960f-8d6e9d03ccde 5ce2e2adc5954eafa763ed193cfdc85c 487cd95c1bc747b186e5c659b40c1074 - - - -] Floating IP 7ecb5cff-90ec-4734-b2a1-88aa9eca4b11 disassociated. External IP: 10.96.250.216, port: 34396d29-65c7-4caf-b0d0-bfab4356eaa2.
2026-04-07 01:17:46.629 10 INFO neutron.wsgi [req-09267a7a-8e44-4f50-97ed-b52e687a429c req-8b29b424-cd21-4f4e-a320-1ca5b6d22a31 4d8bd52a45354d6096594117853297d5 8af47f3ef7254f02b9b3291fafbfd38b - - default default] 10.0.0.229 "GET /v2.0/ports?device_id=28e62ccd-2470-4d82-ab65-752be0f9afe5 HTTP/1.1" status: 200 len: 1168 time: 0.0605013
2026-04-07 01:17:46.632 9 INFO neutron.plugins.ml2.drivers.ovn.mech_driver.mech_driver [None req-3b29fbaa-dd5d-48a8-aed6-98c94a3c5d39 - - - - - -] OVN reports status up for port: 84ce9ec2-6c28-42a7-9095-5a84d07c1cd4
2026-04-07 01:17:46.653 9 INFO neutron.plugins.ml2.plugin [None req-3b29fbaa-dd5d-48a8-aed6-98c94a3c5d39 - - - - - -] Attempt 1 to provision port 84ce9ec2-6c28-42a7-9095-5a84d07c1cd4
2026-04-07 01:17:46.675 10 INFO neutron.wsgi [req-09267a7a-8e44-4f50-97ed-b52e687a429c req-e0c4f992-490f-48df-a82d-64b6fc647e66 4d8bd52a45354d6096594117853297d5 8af47f3ef7254f02b9b3291fafbfd38b - - default default] 10.0.0.229 "GET /v2.0/security-groups?id=b588e594-ca3f-4828-a570-e13db1fbd4d7&fields=id&fields=name HTTP/1.1" status: 200 len: 286 time: 0.0417314
2026-04-07 01:17:46.736 9 INFO neutron.wsgi [None req-5a311c3f-84a3-48b5-960f-8d6e9d03ccde 5ce2e2adc5954eafa763ed193cfdc85c 487cd95c1bc747b186e5c659b40c1074 - - - -] 199.19.213.232 "DELETE /v2.0/ports/34396d29-65c7-4caf-b0d0-bfab4356eaa2 HTTP/1.1" status: 204 len: 173 time: 0.6522319
2026-04-07 01:17:46.853 10 INFO neutron.wsgi [req-1c8989bb-10cd-4319-abe3-37635516202f req-6d6d16b0-fec1-4f16-96db-d39e7ce2dc1a 5ce2e2adc5954eafa763ed193cfdc85c 487cd95c1bc747b186e5c659b40c1074 - - default default] 10.0.0.229 "GET /v2.0/ports?device_id=77bf4c57-018b-40d8-81b0-48f97cc56096 HTTP/1.1" status: 200 len: 210 time: 0.0275066
2026-04-07 01:17:46.995 9 INFO neutron.db.ovn_revision_numbers_db [None req-3b29fbaa-dd5d-48a8-aed6-98c94a3c5d39 - - - - - -] Successfully bumped revision number for resource 84ce9ec2-6c28-42a7-9095-5a84d07c1cd4 (type: ports) to 4
2026-04-07 01:17:47.789 10 INFO neutron.wsgi [req-93c3ac6c-e552-4f95-9041-cb539d6d972d req-271384ba-d42b-4bab-9835-7428e1393a8d 4d8bd52a45354d6096594117853297d5 8af47f3ef7254f02b9b3291fafbfd38b - - default default] 10.0.0.229 "GET /v2.0/ports?device_id=28e62ccd-2470-4d82-ab65-752be0f9afe5 HTTP/1.1" status: 200 len: 1170 time: 0.0438931
2026-04-07 01:17:47.829 10 INFO neutron.wsgi [req-93c3ac6c-e552-4f95-9041-cb539d6d972d req-ca7f8fef-626d-4d68-b9d2-269641b477f7 4d8bd52a45354d6096594117853297d5 8af47f3ef7254f02b9b3291fafbfd38b - - default default] 10.0.0.229 "GET /v2.0/security-groups?id=b588e594-ca3f-4828-a570-e13db1fbd4d7&fields=id&fields=name HTTP/1.1" status: 200 len: 286 time: 0.0316901
2026-04-07 01:17:47.931 9 INFO neutron.notifiers.nova [-] Nova event matching ['req-9570fae2-453e-4ee4-944f-1c38fe701d0b'] response: {'server_uuid': '77bf4c57-018b-40d8-81b0-48f97cc56096', 'name': 'network-vif-plugged', 'status': 'completed', 'tag': '34396d29-65c7-4caf-b0d0-bfab4356eaa2', 'code': 200}
2026-04-07 01:17:47.932 9 INFO neutron.notifiers.nova [-] Nova event matching ['req-9570fae2-453e-4ee4-944f-1c38fe701d0b'] response: {'server_uuid': '77bf4c57-018b-40d8-81b0-48f97cc56096', 'name': 'network-vif-deleted', 'tag': '34396d29-65c7-4caf-b0d0-bfab4356eaa2', 'status': 'completed', 'code': 200}
2026-04-07 01:17:47.932 9 INFO neutron.notifiers.nova [-] Nova event matching ['req-9570fae2-453e-4ee4-944f-1c38fe701d0b'] response: {'server_uuid': '28e62ccd-2470-4d82-ab65-752be0f9afe5', 'name': 'network-vif-plugged', 'status': 'completed', 'tag': '84ce9ec2-6c28-42a7-9095-5a84d07c1cd4', 'code': 200}
2026-04-07 01:17:47.932 9 INFO neutron.notifiers.nova [-] Nova event matching ['req-9570fae2-453e-4ee4-944f-1c38fe701d0b'] response: {'server_uuid': '28e62ccd-2470-4d82-ab65-752be0f9afe5', 'name': 'network-vif-plugged', 'status': 'completed', 'tag': '84ce9ec2-6c28-42a7-9095-5a84d07c1cd4', 'code': 200} /var/lib/openstack/lib/python3.10/site-packages/pycadf/identifier.py:71: UserWarning: Invalid uuid: neutron. To ensure interoperability, identifiers should be a valid uuid. warnings.warn(('Invalid uuid: %s. To ensure interoperability, '
2026-04-07 01:17:48.091 9 INFO neutron.wsgi [None req-0e5a12f9-fed3-4351-9125-dc97a4b73449 5ce2e2adc5954eafa763ed193cfdc85c 487cd95c1bc747b186e5c659b40c1074 - - - -] 10.0.0.131 "DELETE /v2.0/security-groups/3752d4b0-4251-41ce-86fe-84e05160c64e HTTP/1.1" status: 204 len: 168 time: 0.1486869
2026-04-07 01:17:48.112 9 INFO neutron.api.v2.resource [None req-b84e2419-75f4-41cd-a1ba-ba2bd2aa4a42 5ce2e2adc5954eafa763ed193cfdc85c 487cd95c1bc747b186e5c659b40c1074 - - default default] show failed (client error): The resource could not be found.
2026-04-07 01:17:48.113 9 INFO neutron.wsgi [None req-b84e2419-75f4-41cd-a1ba-ba2bd2aa4a42 5ce2e2adc5954eafa763ed193cfdc85c 487cd95c1bc747b186e5c659b40c1074 - - default default] 10.0.0.131 "GET /v2.0/security-groups/3752d4b0-4251-41ce-86fe-84e05160c64e HTTP/1.1" status: 404 len: 347 time: 0.0147247
2026-04-07 01:17:48.489 10 INFO neutron.wsgi [None req-ac641c1c-a948-4f73-aae9-0e784c17e5b6 5ce2e2adc5954eafa763ed193cfdc85c 487cd95c1bc747b186e5c659b40c1074 - - - -] 10.0.0.131 "DELETE /v2.0/floatingips/7ecb5cff-90ec-4734-b2a1-88aa9eca4b11 HTTP/1.1" status: 204 len: 168 time: 0.3704629
2026-04-07 01:17:49.015 10 INFO neutron.wsgi [req-83ff764f-6407-4402-aedb-7acbc945e592 req-3c40d221-1d28-49ba-b5ea-120b4a845e29 4d8bd52a45354d6096594117853297d5 8af47f3ef7254f02b9b3291fafbfd38b - - default default] 10.0.0.229 "GET /v2.0/ports?device_id=28e62ccd-2470-4d82-ab65-752be0f9afe5 HTTP/1.1" status: 200 len: 1170 time: 0.1047034
2026-04-07 01:17:49.053 9 INFO neutron.wsgi [-] 10.0.0.145 "GET / HTTP/1.1" status: 200 len: 247 time: 0.0035062
2026-04-07 01:17:49.056 9 INFO neutron.wsgi [-] 10.0.0.145 "GET / HTTP/1.1" status: 200 len: 247 time: 0.0015464
2026-04-07 01:17:49.074 10 INFO neutron.wsgi [req-83ff764f-6407-4402-aedb-7acbc945e592 req-c19112a0-de8a-407c-8f99-f153657b9996 4d8bd52a45354d6096594117853297d5 8af47f3ef7254f02b9b3291fafbfd38b - - default default] 10.0.0.229 "GET /v2.0/security-groups?id=b588e594-ca3f-4828-a570-e13db1fbd4d7&fields=id&fields=name HTTP/1.1" status: 200 len: 286 time: 0.0419164
2026-04-07 01:17:49.594 9 INFO neutron.plugins.ml2.drivers.ovn.mech_driver.mech_driver [None req-3b29fbaa-dd5d-48a8-aed6-98c94a3c5d39 - - - - - -] OVN reports status down for port: 84ce9ec2-6c28-42a7-9095-5a84d07c1cd4
2026-04-07 01:17:49.738 10 INFO neutron.wsgi [req-50da2c16-1937-44fe-b7f7-b851f445bb05 req-6cbbfc88-7ddd-4323-b02e-ffd6dce6d1e5 4d8bd52a45354d6096594117853297d5 8af47f3ef7254f02b9b3291fafbfd38b - - default default] 10.0.0.229 "GET /v2.0/ports?device_id=28e62ccd-2470-4d82-ab65-752be0f9afe5 HTTP/1.1" status: 200 len: 1170 time: 0.0363276
2026-04-07 01:17:49.790 10 INFO neutron.wsgi [req-50da2c16-1937-44fe-b7f7-b851f445bb05 req-c309cef6-ab79-4311-b2d9-30daf0c77a52 4d8bd52a45354d6096594117853297d5 8af47f3ef7254f02b9b3291fafbfd38b - - default default] 10.0.0.229 "GET /v2.0/security-groups?id=b588e594-ca3f-4828-a570-e13db1fbd4d7&fields=id&fields=name HTTP/1.1" status: 200 len: 286 time: 0.0415030
2026-04-07 01:17:49.940 9 INFO neutron.db.ovn_revision_numbers_db [None req-3b29fbaa-dd5d-48a8-aed6-98c94a3c5d39 - - - - - -] Successfully bumped revision number for resource 84ce9ec2-6c28-42a7-9095-5a84d07c1cd4 (type: ports) to 5
2026-04-07 01:17:49.961 10 INFO neutron.wsgi [None req-4eccd762-101d-471b-b423-329defe4b51d 0293b9205b2d4fe4bd4aa04a14e78d24 315f741c36044c2ab9414435abcb35d2 - - - -] 10.0.0.131 "PUT /v2.0/routers/205f87a9-c43a-48ca-87fe-04f8b8423635/remove_router_interface HTTP/1.1" status: 200 len: 503 time: 1.4662294
2026-04-07 01:17:49.973 9 INFO neutron.notifiers.nova [-] Nova event matching ['req-8eedd0bd-6840-496c-b642-491458102b6c'] response: {'server_uuid': '28e62ccd-2470-4d82-ab65-752be0f9afe5', 'name': 'network-vif-unplugged', 'status': 'completed', 'tag': '84ce9ec2-6c28-42a7-9095-5a84d07c1cd4', 'code': 200}
2026-04-07 01:17:50.035 9 INFO neutron.wsgi [req-3c0343eb-68d3-4dff-b339-50126a6587f0 req-2ce81359-9307-474b-8011-ab2a6ff64a86 4d8bd52a45354d6096594117853297d5 8af47f3ef7254f02b9b3291fafbfd38b - - default default] 199.19.213.232 "GET /v2.0/ports?device_id=28e62ccd-2470-4d82-ab65-752be0f9afe5 HTTP/1.1" status: 200 len: 1168 time: 0.1526639
2026-04-07 01:17:50.718 9 INFO neutron.wsgi [None req-d40ca175-b498-4861-8427-623cfa7d1132 4d8bd52a45354d6096594117853297d5 8af47f3ef7254f02b9b3291fafbfd38b - - - -] 199.19.213.232 "DELETE /v2.0/ports/84ce9ec2-6c28-42a7-9095-5a84d07c1cd4 HTTP/1.1" status: 204 len: 173 time: 0.6758769 /var/lib/openstack/lib/python3.10/site-packages/pycadf/identifier.py:71: UserWarning: Invalid uuid: neutron. To ensure interoperability, identifiers should be a valid uuid. warnings.warn(('Invalid uuid: %s. To ensure interoperability, '
2026-04-07 01:17:50.928 10 INFO neutron.wsgi [req-c7c1f182-001e-4dc3-9bb3-cfaf51f6479b req-d57b8f36-fb5a-4bad-a27c-2413b6da1100 4d8bd52a45354d6096594117853297d5 8af47f3ef7254f02b9b3291fafbfd38b - - default default] 10.0.0.229 "GET /v2.0/ports?device_id=28e62ccd-2470-4d82-ab65-752be0f9afe5 HTTP/1.1" status: 200 len: 210 time: 0.0498326
2026-04-07 01:17:50.991 9 INFO neutron.wsgi [None req-40acede0-dba9-4afa-a2ca-e4df7058e46c 0293b9205b2d4fe4bd4aa04a14e78d24 315f741c36044c2ab9414435abcb35d2 - - - -] 10.0.0.131 "DELETE /v2.0/routers/205f87a9-c43a-48ca-87fe-04f8b8423635 HTTP/1.1" status: 204 len: 168 time: 1.0242186
2026-04-07 01:17:51.005 10 INFO neutron.db.ovn_revision_numbers_db [None req-be98855c-bff7-48f8-91df-b862e72edfec dc469ef22ff847d3bffe8787fa0f6f8f ba6d5c00572140c99c35b790676012ed - - - -] Successfully bumped revision number for resource 81fa00b5-adf9-4e62-b409-396dd5de3998 (type: routers) to 1
2026-04-07 01:17:51.029 10 INFO neutron.wsgi [None req-be98855c-bff7-48f8-91df-b862e72edfec dc469ef22ff847d3bffe8787fa0f6f8f ba6d5c00572140c99c35b790676012ed - - - -] 10.0.0.131 "POST /v2.0/routers HTTP/1.1" status: 201 len: 654 time: 0.4292324 /var/lib/openstack/lib/python3.10/site-packages/pycadf/identifier.py:71: UserWarning: Invalid uuid: neutron. To ensure interoperability, identifiers should be a valid uuid. warnings.warn(('Invalid uuid: %s. To ensure interoperability, '
2026-04-07 01:17:51.204 10 INFO neutron.wsgi [None req-c15c95f0-e843-4ca5-bd3c-7d8f038cab2c 0293b9205b2d4fe4bd4aa04a14e78d24 315f741c36044c2ab9414435abcb35d2 - - - -] 10.0.0.131 "DELETE /v2.0/subnets/378e6712-2525-4eb8-820c-cb49120618fe HTTP/1.1" status: 204 len: 168 time: 0.2054224
2026-04-07 01:17:51.217 9 INFO neutron.db.ovn_revision_numbers_db [None req-c9ae5048-642c-46ea-a051-438c93dc5f31 dc469ef22ff847d3bffe8787fa0f6f8f ba6d5c00572140c99c35b790676012ed - - - -] Successfully bumped revision number for resource 6676b548-affb-40cd-940f-bc2987591237 (type: routers) to 1
2026-04-07 01:17:51.245 9 INFO neutron.wsgi [None req-c9ae5048-642c-46ea-a051-438c93dc5f31 dc469ef22ff847d3bffe8787fa0f6f8f ba6d5c00572140c99c35b790676012ed - - - -] 10.0.0.131 "POST /v2.0/routers HTTP/1.1" status: 201 len: 654 time: 0.2103305
2026-04-07 01:17:51.442 9 INFO neutron.db.ovn_revision_numbers_db [None req-874414c4-afc1-4b70-bf83-a9512e8b02fd dc469ef22ff847d3bffe8787fa0f6f8f ba6d5c00572140c99c35b790676012ed - - - -] Successfully bumped revision number for resource b9738b84-fd03-4acb-ad30-49e3835c59fc (type: routers) to 1
2026-04-07 01:17:51.456 9 INFO neutron.wsgi [None req-874414c4-afc1-4b70-bf83-a9512e8b02fd dc469ef22ff847d3bffe8787fa0f6f8f ba6d5c00572140c99c35b790676012ed - - - -] 10.0.0.131 "POST /v2.0/routers HTTP/1.1" status: 201 len: 654 time: 0.2058170
2026-04-07 01:17:51.670 9 INFO neutron.db.ovn_revision_numbers_db [None req-64d4f0a3-f4ef-4b5a-a909-20f41e6a4744 dc469ef22ff847d3bffe8787fa0f6f8f ba6d5c00572140c99c35b790676012ed - - - -] Successfully bumped revision number for resource cc982c50-7070-4e77-9512-277fd3b0026c (type: routers) to 1
2026-04-07 01:17:51.690 9 INFO neutron.services.segments.plugin [-] Segment 1351be73-fa60-48ad-b69e-119dfd9b1890 resource provider aggregate not found
2026-04-07 01:17:51.706 9 INFO neutron.services.segments.plugin [-] Segment 1351be73-fa60-48ad-b69e-119dfd9b1890 resource provider aggregate not found
2026-04-07 01:17:51.710 9 INFO neutron.services.segments.plugin [-] Segment 1351be73-fa60-48ad-b69e-119dfd9b1890 resource provider not found; error: Placement Client Error (4xx): {"errors": [{"status": 404, "title": "Not Found", "detail": "The resource could not be found.\n\n No resource provider with uuid 1351be73-fa60-48ad-b69e-119dfd9b1890 found for delete ", "request_id": "req-189464e8-58db-4cb2-affe-25eb5df6b7dd"}]}
2026-04-07 01:17:51.713 9 INFO neutron.wsgi [None req-64d4f0a3-f4ef-4b5a-a909-20f41e6a4744 dc469ef22ff847d3bffe8787fa0f6f8f ba6d5c00572140c99c35b790676012ed - - - -] 10.0.0.131 "POST /v2.0/routers HTTP/1.1" status: 201 len: 654 time: 0.2519877
2026-04-07 01:17:51.726 9 INFO neutron.services.segments.plugin [-] Segment 1351be73-fa60-48ad-b69e-119dfd9b1890 resource provider not found; error: Placement Client Error (4xx): {"errors": [{"status": 404, "title": "Not Found", "detail": "The resource could not be found.\n\n No resource provider with uuid 1351be73-fa60-48ad-b69e-119dfd9b1890 found for delete ", "request_id": "req-2a4f312f-0092-45f8-918c-f57d4ebc934b"}]}
2026-04-07 01:17:51.749 9 INFO neutron.wsgi [None req-52163f1f-791b-4c8e-a947-c9d220a02015 0293b9205b2d4fe4bd4aa04a14e78d24 315f741c36044c2ab9414435abcb35d2 - - - -] 10.0.0.131 "DELETE /v2.0/networks/5e3a1caa-98b8-49f1-8b8e-be158b73db80 HTTP/1.1" status: 204 len: 168 time: 0.5384879
2026-04-07 01:17:51.892 9 INFO neutron.db.ovn_revision_numbers_db [None req-e28fedda-70e1-41b6-9a94-a035820d78fc dc469ef22ff847d3bffe8787fa0f6f8f ba6d5c00572140c99c35b790676012ed - - - -] Successfully bumped revision number for resource 5343e18b-a0a6-4ba4-8b63-fe037f4d6a8d (type: routers) to 1
2026-04-07 01:17:51.914 9 INFO neutron.wsgi [None req-e28fedda-70e1-41b6-9a94-a035820d78fc dc469ef22ff847d3bffe8787fa0f6f8f ba6d5c00572140c99c35b790676012ed - - - -] 10.0.0.131 "POST /v2.0/routers HTTP/1.1" status: 201 len: 654 time: 0.1964998
2026-04-07 01:17:51.933 10 INFO neutron.wsgi [None req-38544e47-1bee-4af9-b015-78f9bff84d04 0293b9205b2d4fe4bd4aa04a14e78d24 315f741c36044c2ab9414435abcb35d2 - - default default] 10.0.0.131 "GET /v2.0/security-groups?tenant_id=487cd95c1bc747b186e5c659b40c1074&name=default HTTP/1.1" status: 200 len: 2996 time: 0.0311229
2026-04-07 01:17:51.999 9 INFO neutron.wsgi [None req-5360e234-348d-4509-9100-dc77a7dee34f dc469ef22ff847d3bffe8787fa0f6f8f ba6d5c00572140c99c35b790676012ed - - - -] 10.0.0.131 "PUT /v2.0/routers/81fa00b5-adf9-4e62-b409-396dd5de3998/tags HTTP/1.1" status: 200 len: 210 time: 0.0797052
2026-04-07 01:17:52.036 9 INFO neutron.notifiers.nova [-] Nova event matching ['req-d5543a9a-6b3d-4576-b816-64f266a235ab'] response: {'server_uuid': '28e62ccd-2470-4d82-ab65-752be0f9afe5', 'name': 'network-vif-plugged', 'status': 'completed', 'tag': '84ce9ec2-6c28-42a7-9095-5a84d07c1cd4', 'code': 200}
2026-04-07 01:17:52.036 9 INFO neutron.notifiers.nova [-] Nova event matching ['req-d5543a9a-6b3d-4576-b816-64f266a235ab'] response: {'server_uuid': '28e62ccd-2470-4d82-ab65-752be0f9afe5', 'name': 'network-vif-deleted', 'tag': '84ce9ec2-6c28-42a7-9095-5a84d07c1cd4', 'status': 'completed', 'code': 200}
2026-04-07 01:17:52.076 9 INFO neutron.wsgi [None req-8cb8988b-7381-4a38-ae21-e793e2b33524 dc469ef22ff847d3bffe8787fa0f6f8f ba6d5c00572140c99c35b790676012ed - - - -] 10.0.0.131 "PUT /v2.0/routers/6676b548-affb-40cd-940f-bc2987591237/tags HTTP/1.1" status: 200 len: 218 time: 0.0725610
2026-04-07 01:17:52.125 10 INFO neutron.wsgi [None req-94e4d5b0-cee0-4236-9d8a-ad65d9526994 0293b9205b2d4fe4bd4aa04a14e78d24 315f741c36044c2ab9414435abcb35d2 - - - -] 10.0.0.131 "DELETE /v2.0/security-groups/27c440c7-6620-420c-8c3f-3091cab3cf14 HTTP/1.1" status: 204 len: 168 time: 0.1868148
2026-04-07 01:17:52.144 9 INFO neutron.wsgi [None req-f73b06ff-7d88-42dc-b518-a0c47c7162cf dc469ef22ff847d3bffe8787fa0f6f8f ba6d5c00572140c99c35b790676012ed - - - -] 10.0.0.131 "PUT /v2.0/routers/b9738b84-fd03-4acb-ad30-49e3835c59fc/tags HTTP/1.1" status: 200 len: 227 time: 0.0630593
