2026-04-07 01:19:57.481 10 INFO neutron.wsgi [None req-8d9f5e0f-807b-4d89-8444-bd6dc4573b03 67448d3b96bf41619114f7849aa6dd46 97e91bb0bd124704af429fc11ab771d2 - - - -] 10.0.0.131 "DELETE /v2.0/subnets/b1ed3425-cfb3-4ff7-84fd-63260c6d08e7/tags HTTP/1.1" status: 204 len: 168 time: 0.0623755
2026-04-07 01:19:57.514 10 INFO neutron.wsgi [None req-f79efc1a-c31b-45c8-8d3a-a9f326c04fbc 67448d3b96bf41619114f7849aa6dd46 97e91bb0bd124704af429fc11ab771d2 - - default default] 10.0.0.131 "GET /v2.0/subnets/b1ed3425-cfb3-4ff7-84fd-63260c6d08e7/tags HTTP/1.1" status: 200 len: 205 time: 0.0287414
2026-04-07 01:19:57.714 9 INFO neutron.notifiers.nova [-] Nova event matching ['req-6aeb5811-fcfe-4d92-998b-08b90ed8f958'] response: {'server_uuid': 'bf03a865-8d30-455f-af09-e796e350d1de', 'name': 'network-vif-plugged', 'status': 'completed', 'tag': '244ee171-be05-4d54-a45c-9ab7b1154c63', 'code': 200}
2026-04-07 01:19:57.714 9 INFO neutron.notifiers.nova [-] Nova event matching ['req-6aeb5811-fcfe-4d92-998b-08b90ed8f958'] response: {'server_uuid': 'bf03a865-8d30-455f-af09-e796e350d1de', 'name': 'network-vif-plugged', 'status': 'completed', 'tag': '244ee171-be05-4d54-a45c-9ab7b1154c63', 'code': 200}
2026-04-07 01:19:57.756 10 INFO neutron.wsgi [None req-1db30563-9d62-4310-a6df-604d08b9ccb2 67448d3b96bf41619114f7849aa6dd46 97e91bb0bd124704af429fc11ab771d2 - - - -] 10.0.0.131 "DELETE /v2.0/subnets/b1ed3425-cfb3-4ff7-84fd-63260c6d08e7 HTTP/1.1" status: 204 len: 168 time: 0.2343197
2026-04-07 01:19:58.184 10 INFO neutron.services.segments.plugin [-] Segment 10bf9e98-78bb-4b34-ae5c-a0fabc32cc5c resource provider aggregate not found
2026-04-07 01:19:58.190 10 INFO neutron.services.segments.plugin [-] Segment 10bf9e98-78bb-4b34-ae5c-a0fabc32cc5c resource provider aggregate not found
2026-04-07 01:19:58.210 10 INFO neutron.services.segments.plugin [-] Segment 10bf9e98-78bb-4b34-ae5c-a0fabc32cc5c resource provider not found; error: Placement Client Error (4xx): {"errors": [{"status": 404, "title": "Not Found", "detail": "The resource could not be found.\n\n No resource provider with uuid 10bf9e98-78bb-4b34-ae5c-a0fabc32cc5c found for delete ", "request_id": "req-2f19f94d-5a81-4c94-8907-f9e2de3e218b"}]}
2026-04-07 01:19:58.226 10 INFO neutron.services.segments.plugin [-] Segment 10bf9e98-78bb-4b34-ae5c-a0fabc32cc5c resource provider not found; error: Placement Client Error (4xx): {"errors": [{"status": 404, "title": "Not Found", "detail": "The resource could not be found.\n\n No resource provider with uuid 10bf9e98-78bb-4b34-ae5c-a0fabc32cc5c found for delete ", "request_id": "req-b3c966a0-4987-4e1e-b63d-2a3d9f766594"}]}
2026-04-07 01:19:58.245 10 INFO neutron.wsgi [None req-973361f4-af26-40c5-bfa0-dfcbd91b173a 67448d3b96bf41619114f7849aa6dd46 97e91bb0bd124704af429fc11ab771d2 - - - -] 10.0.0.131 "DELETE /v2.0/networks/0b2e63f5-b2ec-4618-860f-a845bb5394ae HTTP/1.1" status: 204 len: 168 time: 0.4840300
2026-04-07 01:19:58.795 10 INFO neutron.wsgi [req-9d0d68a6-b388-4bcf-bc79-b155a6278930 req-9c327136-ee95-4a61-b678-1020b94f2aec 250eec61fec44f4091fd58e4ca378bee a518a32e9e4c423ea7cedbb15011f540 - - default default] 10.0.0.229 "GET /v2.0/ports?device_id=bf03a865-8d30-455f-af09-e796e350d1de HTTP/1.1" status: 200 len: 1396 time: 0.1098468
2026-04-07 01:19:58.843 10 INFO neutron.wsgi [req-9d0d68a6-b388-4bcf-bc79-b155a6278930 req-a453d380-352c-4716-98d6-0cc864618bf8 250eec61fec44f4091fd58e4ca378bee a518a32e9e4c423ea7cedbb15011f540 - - default default] 10.0.0.229 "GET /v2.0/security-groups?id=38612c84-bc60-4e01-9b99-d55bae20e718&fields=id&fields=name HTTP/1.1" status: 200 len: 310 time: 0.0422528 /var/lib/openstack/lib/python3.10/site-packages/pycadf/identifier.py:71: UserWarning: Invalid uuid: neutron. To ensure interoperability, identifiers should be a valid uuid. warnings.warn(('Invalid uuid: %s. To ensure interoperability, '
2026-04-07 01:19:58.978 9 INFO neutron.wsgi [None req-136e69c0-0a2c-4b1b-8a1a-36d399101157 250eec61fec44f4091fd58e4ca378bee a518a32e9e4c423ea7cedbb15011f540 - - default default] 10.0.0.131 "GET /v2.0/ports?network_id=67ec7c1b-b342-4b28-9457-c39031213391&mac_address=fa%3A16%3A3e%3Ad7%3Ad4%3Ab1 HTTP/1.1" status: 200 len: 1391 time: 0.1051562
2026-04-07 01:19:59.260 10 INFO neutron.db.ovn_revision_numbers_db [None req-1eab433a-fde6-4073-9981-26f2b55f404b 0293b9205b2d4fe4bd4aa04a14e78d24 315f741c36044c2ab9414435abcb35d2 - - default default] Successfully bumped revision number for resource 978050bb-0d9c-4892-9237-9a0bf88c5dd2 (type: security_groups) to 1
2026-04-07 01:19:59.269 9 WARNING neutron.scheduler.dhcp_agent_scheduler [None req-bf06f80d-0a60-4f6c-9111-d856ef7505a8 250eec61fec44f4091fd58e4ca378bee a518a32e9e4c423ea7cedbb15011f540 - - - -] No more DHCP agents
2026-04-07 01:19:59.273 9 WARNING neutron.api.rpc.agentnotifiers.dhcp_rpc_agent_api [None req-bf06f80d-0a60-4f6c-9111-d856ef7505a8 250eec61fec44f4091fd58e4ca378bee a518a32e9e4c423ea7cedbb15011f540 - - - -] Unable to schedule network 309b9ca1-f325-4f09-9919-8a3a5a0a4aac: no agents available; will retry on subsequent port and subnet creation events.
2026-04-07 01:19:59.282 10 INFO neutron.wsgi [None req-1eab433a-fde6-4073-9981-26f2b55f404b 0293b9205b2d4fe4bd4aa04a14e78d24 315f741c36044c2ab9414435abcb35d2 - - default default] 10.0.0.131 "GET /v2.0/security-groups?tenant_id=cca059b3cd23489085d85b763f292c5e&name=default HTTP/1.1" status: 200 len: 3000 time: 0.2169733
2026-04-07 01:19:59.609 9 INFO neutron.wsgi [None req-8707233f-cd32-455d-8b1e-9ab2cd9a9a02 0293b9205b2d4fe4bd4aa04a14e78d24 315f741c36044c2ab9414435abcb35d2 - - - -] 10.0.0.131 "DELETE /v2.0/security-groups/978050bb-0d9c-4892-9237-9a0bf88c5dd2 HTTP/1.1" status: 204 len: 168 time: 0.3198218
2026-04-07 01:19:59.756 9 INFO neutron.db.l3_db [None req-bf06f80d-0a60-4f6c-9111-d856ef7505a8 250eec61fec44f4091fd58e4ca378bee a518a32e9e4c423ea7cedbb15011f540 - - - -] Floating IP 327a879b-4069-48f0-b2f2-152d5efbadfe associated. External IP: 10.96.250.208, port: 244ee171-be05-4d54-a45c-9ab7b1154c63.
2026-04-07 01:19:59.792 10 INFO neutron.wsgi [None req-2a377073-d32e-4db7-bb48-cfc8e394bf79 0293b9205b2d4fe4bd4aa04a14e78d24 315f741c36044c2ab9414435abcb35d2 - - default default] 10.0.0.131 "GET /v2.0/security-groups?tenant_id=97e91bb0bd124704af429fc11ab771d2&name=default HTTP/1.1" status: 200 len: 3000 time: 0.0306301
2026-04-07 01:19:59.948 9 INFO neutron.db.ovn_revision_numbers_db [None req-bf06f80d-0a60-4f6c-9111-d856ef7505a8 250eec61fec44f4091fd58e4ca378bee a518a32e9e4c423ea7cedbb15011f540 - - - -] Successfully bumped revision number for resource 327a879b-4069-48f0-b2f2-152d5efbadfe (type: floatingips) to 0
2026-04-07 01:19:59.995 10 INFO neutron.wsgi [None req-5ba171c2-a797-460d-b85c-c1ee7e8cf216 0293b9205b2d4fe4bd4aa04a14e78d24 315f741c36044c2ab9414435abcb35d2 - - - -] 10.0.0.131 "DELETE /v2.0/security-groups/6493b6fa-3e9b-4d18-b0c8-cff045266d96 HTTP/1.1" status: 204 len: 168 time: 0.1979911
2026-04-07 01:20:00.029 9 INFO neutron.db.ovn_revision_numbers_db [None req-bf06f80d-0a60-4f6c-9111-d856ef7505a8 250eec61fec44f4091fd58e4ca378bee a518a32e9e4c423ea7cedbb15011f540 - - - -] Successfully bumped revision number for resource 327a879b-4069-48f0-b2f2-152d5efbadfe (type: floatingips) to 1
2026-04-07 01:20:00.060 9 INFO neutron.wsgi [None req-bf06f80d-0a60-4f6c-9111-d856ef7505a8 250eec61fec44f4091fd58e4ca378bee a518a32e9e4c423ea7cedbb15011f540 - - - -] 10.0.0.131 "POST /v2.0/floatingips HTTP/1.1" status: 201 len: 1053 time: 1.0766025
2026-04-07 01:20:00.103 9 INFO neutron.notifiers.nova [-] Nova event matching ['req-4a29f64b-10c5-48d2-a17e-d44ea1e9ee74'] response: {'name': 'network-changed', 'server_uuid': 'bf03a865-8d30-455f-af09-e796e350d1de', 'tag': '244ee171-be05-4d54-a45c-9ab7b1154c63', 'status': 'completed', 'code': 200} /var/lib/openstack/lib/python3.10/site-packages/pycadf/identifier.py:71: UserWarning: Invalid uuid: neutron. To ensure interoperability, identifiers should be a valid uuid. warnings.warn(('Invalid uuid: %s. To ensure interoperability, '
2026-04-07 01:20:00.187 9 INFO neutron.wsgi [req-2c5147a8-3e62-4c26-961a-4554b27430dd req-91a52ba9-6f0d-4cfd-8bb2-5d0630a55432 776eb9d0a78b4382ad45b382d8ef405d 83527090af144e2d9664d1f648e3fa16 - - 479d185cd48245b4886508aced5bba41 479d185cd48245b4886508aced5bba41] 199.19.213.232 "GET /v2.0/ports?tenant_id=a518a32e9e4c423ea7cedbb15011f540&device_id=bf03a865-8d30-455f-af09-e796e350d1de HTTP/1.1" status: 200 len: 1586 time: 0.0527680
2026-04-07 01:20:00.261 9 INFO neutron.wsgi [req-2c5147a8-3e62-4c26-961a-4554b27430dd req-20f7fe2a-6efa-455b-9502-e1c8d7a849d8 776eb9d0a78b4382ad45b382d8ef405d 83527090af144e2d9664d1f648e3fa16 - - 479d185cd48245b4886508aced5bba41 479d185cd48245b4886508aced5bba41] 199.19.213.232 "GET /v2.0/networks?id=67ec7c1b-b342-4b28-9457-c39031213391 HTTP/1.1" status: 200 len: 1003 time: 0.0671663
2026-04-07 01:20:00.307 9 INFO neutron.wsgi [req-2c5147a8-3e62-4c26-961a-4554b27430dd req-8f87204f-f3af-4857-943c-b3725c5babe3 776eb9d0a78b4382ad45b382d8ef405d 83527090af144e2d9664d1f648e3fa16 - - 479d185cd48245b4886508aced5bba41 479d185cd48245b4886508aced5bba41] 199.19.213.232 "GET /v2.0/floatingips?fixed_ip_address=10.2.2.37&port_id=244ee171-be05-4d54-a45c-9ab7b1154c63 HTTP/1.1" status: 200 len: 1058 time: 0.0406973
2026-04-07 01:20:00.340 9 INFO neutron.wsgi [req-2c5147a8-3e62-4c26-961a-4554b27430dd req-307a66fb-ebf8-4908-b0d7-32e415f0022d 776eb9d0a78b4382ad45b382d8ef405d 83527090af144e2d9664d1f648e3fa16 - - 479d185cd48245b4886508aced5bba41 479d185cd48245b4886508aced5bba41] 199.19.213.232 "GET /v2.0/floatingips?fixed_ip_address=fd77%3A1457%3A4cf0%3A26a8%3A%3A40&port_id=244ee171-be05-4d54-a45c-9ab7b1154c63 HTTP/1.1" status: 200 len: 217 time: 0.0265260
2026-04-07 01:20:00.381 9 INFO neutron.wsgi [req-2c5147a8-3e62-4c26-961a-4554b27430dd req-04ab5dcf-39dd-4192-92a0-27228a7acaa5 776eb9d0a78b4382ad45b382d8ef405d 83527090af144e2d9664d1f648e3fa16 - - 479d185cd48245b4886508aced5bba41 479d185cd48245b4886508aced5bba41] 199.19.213.232 "GET /v2.0/subnets?id=98b03d8f-c110-42d8-a674-eb863ad93199&id=13202cc4-bb89-4e55-86e7-095eb1368359 HTTP/1.1" status: 200 len: 1567 time: 0.0346797
2026-04-07 01:20:00.411 9 INFO neutron.wsgi [req-2c5147a8-3e62-4c26-961a-4554b27430dd req-6023ff51-b73b-44e6-95d2-f2ff8e5d4ea8 776eb9d0a78b4382ad45b382d8ef405d 83527090af144e2d9664d1f648e3fa16 - - 479d185cd48245b4886508aced5bba41 479d185cd48245b4886508aced5bba41] 199.19.213.232 "GET /v2.0/ports?network_id=67ec7c1b-b342-4b28-9457-c39031213391&device_owner=network%3Adhcp HTTP/1.1" status: 200 len: 210 time: 0.0248508
2026-04-07 01:20:00.437 9 INFO neutron.wsgi [req-2c5147a8-3e62-4c26-961a-4554b27430dd req-6b6d124d-afb1-463b-bf8c-4097da52ac42 776eb9d0a78b4382ad45b382d8ef405d 83527090af144e2d9664d1f648e3fa16 - - 479d185cd48245b4886508aced5bba41 479d185cd48245b4886508aced5bba41] 199.19.213.232 "GET /v2.0/ports?network_id=67ec7c1b-b342-4b28-9457-c39031213391&device_owner=network%3Adhcp HTTP/1.1" status: 200 len: 210 time: 0.0194080
2026-04-07 01:20:00.510 9 INFO neutron.wsgi [req-2c5147a8-3e62-4c26-961a-4554b27430dd req-08ca845d-795d-4080-bd48-88a4fcaa13c2 776eb9d0a78b4382ad45b382d8ef405d 83527090af144e2d9664d1f648e3fa16 - - 479d185cd48245b4886508aced5bba41 479d185cd48245b4886508aced5bba41] 199.19.213.232 "GET /v2.0/networks/67ec7c1b-b342-4b28-9457-c39031213391?fields=segments HTTP/1.1" status: 200 len: 212 time: 0.0659373
2026-04-07 01:20:00.584 9 INFO neutron.wsgi [req-2c5147a8-3e62-4c26-961a-4554b27430dd req-0da20324-f9c1-4c81-87f0-d15a4123435a 776eb9d0a78b4382ad45b382d8ef405d 83527090af144e2d9664d1f648e3fa16 - - 479d185cd48245b4886508aced5bba41 479d185cd48245b4886508aced5bba41] 199.19.213.232 "GET /v2.0/networks/67ec7c1b-b342-4b28-9457-c39031213391?fields=provider%3Aphysical_network&fields=provider%3Anetwork_type HTTP/1.1" status: 200 len: 277 time: 0.0687518
2026-04-07 01:20:02.525 9 INFO neutron.wsgi [req-7a62b6ad-32c0-4a8f-9b68-e25ad3b7533f req-8989a34b-a91f-4e1f-83e5-92750e37ef80 776eb9d0a78b4382ad45b382d8ef405d 83527090af144e2d9664d1f648e3fa16 - - 479d185cd48245b4886508aced5bba41 479d185cd48245b4886508aced5bba41] 10.0.0.205 "GET /v2.0/ports?device_id=111331d5-cf61-4b4c-b649-776268936ac5 HTTP/1.1" status: 200 len: 1582 time: 0.0384922
2026-04-07 01:20:02.584 9 INFO neutron.wsgi [req-7a62b6ad-32c0-4a8f-9b68-e25ad3b7533f req-b849fb05-feae-40cc-9bce-b3b8fc1c50d2 776eb9d0a78b4382ad45b382d8ef405d 83527090af144e2d9664d1f648e3fa16 - - 479d185cd48245b4886508aced5bba41 479d185cd48245b4886508aced5bba41] 10.0.0.205 "GET /v2.0/security-groups?id=38612c84-bc60-4e01-9b99-d55bae20e718&fields=id&fields=name HTTP/1.1" status: 200 len: 310 time: 0.0510631
2026-04-07 01:20:04.051 10 INFO neutron.wsgi [-] 10.0.0.145 "GET / HTTP/1.1" status: 200 len: 247 time: 0.0030980
2026-04-07 01:20:04.051 9 INFO neutron.wsgi [-] 10.0.0.145 "GET / HTTP/1.1" status: 200 len: 247 time: 0.0032136
2026-04-07 01:20:09.775 9 INFO neutron.wsgi [req-2cb3b328-a1d2-484b-b95c-a9e32f94917e req-711d2217-25a8-4461-ac61-c8f764239ab1 776eb9d0a78b4382ad45b382d8ef405d 83527090af144e2d9664d1f648e3fa16 - - 479d185cd48245b4886508aced5bba41 479d185cd48245b4886508aced5bba41] 10.0.0.205 "GET /v2.0/ports?device_id=bf03a865-8d30-455f-af09-e796e350d1de HTTP/1.1" status: 200 len: 1586 time: 0.0335495
2026-04-07 01:20:09.842 9 INFO neutron.wsgi [req-2cb3b328-a1d2-484b-b95c-a9e32f94917e req-0a5edc45-c6b9-41e5-b45b-2a1fd6ea8c08 776eb9d0a78b4382ad45b382d8ef405d 83527090af144e2d9664d1f648e3fa16 - - 479d185cd48245b4886508aced5bba41 479d185cd48245b4886508aced5bba41] 10.0.0.205 "GET /v2.0/security-groups?id=38612c84-bc60-4e01-9b99-d55bae20e718&fields=id&fields=name HTTP/1.1" status: 200 len: 310 time: 0.0585794
2026-04-07 01:20:13.401 9 INFO neutron.wsgi [None req-0c605171-49ce-4b8d-bacd-873b16c7e609 c0018abee2b44444b2326fd255a6a0d9 4184cc50c44f43a1ba59dbe46ccf73ac - - default default] 10.0.0.131 "GET /v2.0/subnets/8fd55226-0f7f-4221-967f-8ed053b8e95e HTTP/1.1" status: 200 len: 846 time: 0.0367348
2026-04-07 01:20:14.058 10 INFO neutron.wsgi [None req-6ef3a05e-ff82-4fe5-9349-6da9920ee57a 0293b9205b2d4fe4bd4aa04a14e78d24 315f741c36044c2ab9414435abcb35d2 - - default default] 10.0.0.95 "GET /v2.0/extensions/security-group HTTP/1.1" status: 200 len: 369 time: 0.1074605
2026-04-07 01:20:14.067 10 INFO neutron.wsgi [None req-220878ea-39f5-4d13-be96-8b7b2e18eedc 0293b9205b2d4fe4bd4aa04a14e78d24 315f741c36044c2ab9414435abcb35d2 - - default default] 10.0.0.95 "GET /v2.0/extensions/dns-integration HTTP/1.1" status: 200 len: 371 time: 0.0034130
2026-04-07 01:20:14.076 10 INFO neutron.wsgi [None req-bd1406fb-6142-4ccb-a474-c6a29d7a7925 0293b9205b2d4fe4bd4aa04a14e78d24 315f741c36044c2ab9414435abcb35d2 - - default default] 10.0.0.95 "GET /v2.0/extensions/qos HTTP/1.1" status: 200 len: 365 time: 0.0047543
2026-04-07 01:20:14.086 10 INFO neutron.wsgi [None req-9157e493-ba64-4d6d-bce7-1e0edf47b02f 0293b9205b2d4fe4bd4aa04a14e78d24 315f741c36044c2ab9414435abcb35d2 - - default default] 10.0.0.95 "GET /v2.0/extensions/allowed-address-pairs HTTP/1.1" status: 200 len: 383 time: 0.0041137
2026-04-07 01:20:14.548 10 INFO neutron.wsgi [-] 10.0.0.95 "GET / HTTP/1.1" status: 200 len: 284 time: 0.0019403
2026-04-07 01:20:14.588 10 INFO neutron.wsgi [None req-c55a7ab0-4ee1-4911-9c73-401f63e8f6ad 250eec61fec44f4091fd58e4ca378bee a518a32e9e4c423ea7cedbb15011f540 - - default default] 10.0.0.95 "GET /v2.0/subnets/8fd55226-0f7f-4221-967f-8ed053b8e95e HTTP/1.1" status: 200 len: 833 time: 0.0355544
2026-04-07 01:20:14.602 10 INFO neutron.wsgi [None req-b7c7331a-c62c-4fda-877c-a788e51bfa05 0293b9205b2d4fe4bd4aa04a14e78d24 315f741c36044c2ab9414435abcb35d2 - - default default] 10.0.0.95 "GET /v2.0/extensions/security-group HTTP/1.1" status: 200 len: 369 time: 0.0043137
2026-04-07 01:20:14.608 10 INFO neutron.wsgi [None req-6a7cb6bd-9cbb-42e6-9105-cdbc0a92dbfc 0293b9205b2d4fe4bd4aa04a14e78d24 315f741c36044c2ab9414435abcb35d2 - - default default] 10.0.0.95 "GET /v2.0/extensions/dns-integration HTTP/1.1" status: 200 len: 371 time: 0.0029907
2026-04-07 01:20:14.615 10 INFO neutron.wsgi [None req-7030741d-5d18-490b-901b-dc024e680130 0293b9205b2d4fe4bd4aa04a14e78d24 315f741c36044c2ab9414435abcb35d2 - - default default] 10.0.0.95 "GET /v2.0/extensions/qos HTTP/1.1" status: 200 len: 365 time: 0.0027585
2026-04-07 01:20:14.626 10 INFO neutron.wsgi [None req-eec637f0-17f3-4cf2-a220-5e81d8a8e26e 0293b9205b2d4fe4bd4aa04a14e78d24 315f741c36044c2ab9414435abcb35d2 - - default default] 10.0.0.95 "GET /v2.0/extensions/allowed-address-pairs HTTP/1.1" status: 200 len: 383 time: 0.0056603
2026-04-07 01:20:14.659 10 INFO neutron.wsgi [None req-ce6f8222-f004-4595-879a-cbbd9696fbdd 0293b9205b2d4fe4bd4aa04a14e78d24 315f741c36044c2ab9414435abcb35d2 - - default default] 10.0.0.95 "GET /v2.0/subnets/8fd55226-0f7f-4221-967f-8ed053b8e95e HTTP/1.1" status: 200 len: 851 time: 0.0256581
2026-04-07 01:20:14.961 10 INFO neutron.wsgi [None req-53946ce4-b916-49cb-ba1c-2766102b166b 0293b9205b2d4fe4bd4aa04a14e78d24 315f741c36044c2ab9414435abcb35d2 - - default default] 10.0.0.95 "GET /v2.0/extensions/security-group HTTP/1.1" status: 200 len: 369 time: 0.0102904
2026-04-07 01:20:14.974 10 INFO neutron.wsgi [None req-e3d53568-2540-49fd-a3f6-f4b546240317 0293b9205b2d4fe4bd4aa04a14e78d24 315f741c36044c2ab9414435abcb35d2 - - default default] 10.0.0.95 "GET /v2.0/extensions/dns-integration HTTP/1.1" status: 200 len: 371 time: 0.0049260
2026-04-07 01:20:14.986 10 INFO neutron.wsgi [None req-314da0fb-145f-4566-a5aa-70e5a53b2c21 0293b9205b2d4fe4bd4aa04a14e78d24 315f741c36044c2ab9414435abcb35d2 - - default default] 10.0.0.95 "GET /v2.0/extensions/qos HTTP/1.1" status: 200 len: 365 time: 0.0043449
2026-04-07 01:20:14.996 10 INFO neutron.wsgi [None req-88e1426f-b4dd-457c-a35f-d38b55e08514 0293b9205b2d4fe4bd4aa04a14e78d24 315f741c36044c2ab9414435abcb35d2 - - default default] 10.0.0.95 "GET /v2.0/extensions/allowed-address-pairs HTTP/1.1" status: 200 len: 383 time: 0.0050223
2026-04-07 01:20:15.066 10 INFO neutron.wsgi [None req-980998b4-5f41-46ae-adcd-3bc238469067 0293b9205b2d4fe4bd4aa04a14e78d24 315f741c36044c2ab9414435abcb35d2 - - default default] 10.0.0.95 "GET /v2.0/networks/c86398af-1587-49c0-b472-22ba8e68e3e7 HTTP/1.1" status: 200 len: 1001 time: 0.0637355
2026-04-07 01:20:15.080 10 INFO neutron.wsgi [None req-ba531a6d-4361-4ffd-8ed3-b3deb421e0a7 0293b9205b2d4fe4bd4aa04a14e78d24 315f741c36044c2ab9414435abcb35d2 - - default default] 10.0.0.95 "GET /v2.0/extensions/project-id HTTP/1.1" status: 200 len: 403 time: 0.0054212
2026-04-07 01:20:15.380 10 WARNING neutron.scheduler.dhcp_agent_scheduler [None req-011d1391-ec3c-47c5-95df-7f8584c646e7 0293b9205b2d4fe4bd4aa04a14e78d24 315f741c36044c2ab9414435abcb35d2 - - - -] No more DHCP agents
2026-04-07 01:20:15.382 10 WARNING neutron.api.rpc.agentnotifiers.dhcp_rpc_agent_api [None req-011d1391-ec3c-47c5-95df-7f8584c646e7 0293b9205b2d4fe4bd4aa04a14e78d24 315f741c36044c2ab9414435abcb35d2 - - - -] Unable to schedule network c86398af-1587-49c0-b472-22ba8e68e3e7: no agents available; will retry on subsequent port and subnet creation events.
2026-04-07 01:20:15.515 10 INFO neutron.db.ovn_revision_numbers_db [None req-011d1391-ec3c-47c5-95df-7f8584c646e7 0293b9205b2d4fe4bd4aa04a14e78d24 315f741c36044c2ab9414435abcb35d2 - - - -] Successfully bumped revision number for resource 4f5a1fdc-d8fc-44ef-b04b-7334726b683c (type: ports) to 1
2026-04-07 01:20:15.537 10 INFO neutron.wsgi [None req-011d1391-ec3c-47c5-95df-7f8584c646e7 0293b9205b2d4fe4bd4aa04a14e78d24 315f741c36044c2ab9414435abcb35d2 - - - -] 10.0.0.95 "POST /v2.0/ports HTTP/1.1" status: 201 len: 1337 time: 0.4527988 /var/lib/openstack/lib/python3.10/site-packages/pycadf/identifier.py:71: UserWarning: Invalid uuid: neutron. To ensure interoperability, identifiers should be a valid uuid. warnings.warn(('Invalid uuid: %s. To ensure interoperability, '
2026-04-07 01:20:16.956 10 INFO neutron.wsgi [None req-b9ab3006-2d3c-457d-8c10-af812c177481 0293b9205b2d4fe4bd4aa04a14e78d24 315f741c36044c2ab9414435abcb35d2 - - default default] 199.19.213.232 "GET /v2.0/extensions/security-group HTTP/1.1" status: 200 len: 369 time: 0.0582845
2026-04-07 01:20:16.971 10 INFO neutron.wsgi [None req-25fc7a82-feb9-4395-a2d6-34aaf73c2fca 0293b9205b2d4fe4bd4aa04a14e78d24 315f741c36044c2ab9414435abcb35d2 - - default default] 199.19.213.232 "GET /v2.0/extensions/dns-integration HTTP/1.1" status: 200 len: 371 time: 0.0083971
2026-04-07 01:20:16.980 10 INFO neutron.wsgi [None req-4e4374a2-5440-4c2c-9f2f-31b4a93a3722 0293b9205b2d4fe4bd4aa04a14e78d24 315f741c36044c2ab9414435abcb35d2 - - default default] 199.19.213.232 "GET /v2.0/extensions/qos HTTP/1.1" status: 200 len: 365 time: 0.0041606
2026-04-07 01:20:16.989 10 INFO neutron.wsgi [None req-53c4cb9e-3ea6-45d1-8417-109d220b868e 0293b9205b2d4fe4bd4aa04a14e78d24 315f741c36044c2ab9414435abcb35d2 - - default default] 199.19.213.232 "GET /v2.0/extensions/allowed-address-pairs HTTP/1.1" status: 200 len: 383 time: 0.0040345
2026-04-07 01:20:17.023 10 INFO neutron.wsgi [None req-bda4cd43-bd3b-4248-9df5-d41f99280e49 0293b9205b2d4fe4bd4aa04a14e78d24 315f741c36044c2ab9414435abcb35d2 - - default default] 199.19.213.232 "GET /v2.0/ports/4f5a1fdc-d8fc-44ef-b04b-7334726b683c HTTP/1.1" status: 200 len: 1332 time: 0.0292137
2026-04-07 01:20:17.131 10 INFO neutron.wsgi [None req-d474f30f-0301-48d3-b79e-de9a2b8395e1 0293b9205b2d4fe4bd4aa04a14e78d24 315f741c36044c2ab9414435abcb35d2 - - default default] 199.19.213.232 "GET /v2.0/extensions/security-group HTTP/1.1" status: 200 len: 369 time: 0.0070770
2026-04-07 01:20:17.140 10 INFO neutron.wsgi [None req-3ffc1b87-3256-45e6-85a0-2a5d23f4fbf2 0293b9205b2d4fe4bd4aa04a14e78d24 315f741c36044c2ab9414435abcb35d2 - - default default] 199.19.213.232 "GET /v2.0/extensions/dns-integration HTTP/1.1" status: 200 len: 371 time: 0.0042965
2026-04-07 01:20:17.148 10 INFO neutron.wsgi [None req-5c9fa3ab-8ab9-48a2-898c-a5790407b3d2 0293b9205b2d4fe4bd4aa04a14e78d24 315f741c36044c2ab9414435abcb35d2 - - default default] 199.19.213.232 "GET /v2.0/extensions/qos HTTP/1.1" status: 200 len: 365 time: 0.0042768
2026-04-07 01:20:17.158 10 INFO neutron.wsgi [None req-3041675e-dd66-4800-b8f0-c9c51b7e63e2 0293b9205b2d4fe4bd4aa04a14e78d24 315f741c36044c2ab9414435abcb35d2 - - default default] 199.19.213.232 "GET /v2.0/extensions/allowed-address-pairs HTTP/1.1" status: 200 len: 383 time: 0.0053458
2026-04-07 01:20:17.186 10 INFO neutron.wsgi [None req-52e04645-51ed-4e51-9ede-38fa218bc265 0293b9205b2d4fe4bd4aa04a14e78d24 315f741c36044c2ab9414435abcb35d2 - - default default] 199.19.213.232 "GET /v2.0/security-groups?name=lb-2555f177-9e17-4270-91fd-ef194c498749 HTTP/1.1" status: 200 len: 221 time: 0.0226033
2026-04-07 01:20:17.277 10 INFO neutron.db.ovn_revision_numbers_db [None req-0a503205-42a7-41a6-8190-b555292a6ed8 0293b9205b2d4fe4bd4aa04a14e78d24 315f741c36044c2ab9414435abcb35d2 - - - -] Successfully bumped revision number for resource 87c66923-8f0a-4898-9779-4b5014c271ba (type: security_groups) to 1
2026-04-07 01:20:17.295 10 INFO neutron.wsgi [None req-0a503205-42a7-41a6-8190-b555292a6ed8 0293b9205b2d4fe4bd4aa04a14e78d24 315f741c36044c2ab9414435abcb35d2 - - - -] 199.19.213.232 "POST /v2.0/security-groups HTTP/1.1" status: 201 len: 1779 time: 0.1058145
2026-04-07 01:20:17.320 10 INFO neutron.wsgi [None req-d61237cc-2ffe-4175-b3d4-376b38a9d858 0293b9205b2d4fe4bd4aa04a14e78d24 315f741c36044c2ab9414435abcb35d2 - - default default] 199.19.213.232 "GET /v2.0/security-group-rules?security_group_id=87c66923-8f0a-4898-9779-4b5014c271ba HTTP/1.1" status: 200 len: 1318 time: 0.0195854
2026-04-07 01:20:17.649 10 INFO neutron.db.ovn_revision_numbers_db [None req-1f4f01f9-0b10-400a-8811-a8b8c324c1fe 0293b9205b2d4fe4bd4aa04a14e78d24 315f741c36044c2ab9414435abcb35d2 - - - -] Successfully bumped revision number for resource 4f5a1fdc-d8fc-44ef-b04b-7334726b683c (type: ports) to 2
2026-04-07 01:20:17.657 10 INFO neutron.wsgi [None req-1f4f01f9-0b10-400a-8811-a8b8c324c1fe 0293b9205b2d4fe4bd4aa04a14e78d24 315f741c36044c2ab9414435abcb35d2 - - - -] 199.19.213.232 "PUT /v2.0/ports/4f5a1fdc-d8fc-44ef-b04b-7334726b683c HTTP/1.1" status: 200 len: 1332 time: 0.3313680 /var/lib/openstack/lib/python3.10/site-packages/pycadf/identifier.py:71: UserWarning: Invalid uuid: neutron. To ensure interoperability, identifiers should be a valid uuid. warnings.warn(('Invalid uuid: %s. To ensure interoperability, '
2026-04-07 01:20:17.680 10 INFO neutron.wsgi [None req-ef93e8f9-6bff-4659-876c-39b23f82ad18 0293b9205b2d4fe4bd4aa04a14e78d24 315f741c36044c2ab9414435abcb35d2 - - default default] 199.19.213.232 "GET /v2.0/extensions/security-group HTTP/1.1" status: 200 len: 369 time: 0.0080113
2026-04-07 01:20:17.689 10 INFO neutron.wsgi [None req-d9e3dec5-a0f1-4789-ba85-bf7ec20e75be 0293b9205b2d4fe4bd4aa04a14e78d24 315f741c36044c2ab9414435abcb35d2 - - default default] 199.19.213.232 "GET /v2.0/extensions/dns-integration HTTP/1.1" status: 200 len: 371 time: 0.0044067
2026-04-07 01:20:17.700 10 INFO neutron.wsgi [None req-06b8fc10-5b19-47d4-bf4d-d7fa39ae6c9b 0293b9205b2d4fe4bd4aa04a14e78d24 315f741c36044c2ab9414435abcb35d2 - - default default] 199.19.213.232 "GET /v2.0/extensions/qos HTTP/1.1" status: 200 len: 365 time: 0.0062344
2026-04-07 01:20:17.714 10 INFO neutron.wsgi [None req-f580b15f-98cb-480c-b5e4-a9e697c5f4a9 0293b9205b2d4fe4bd4aa04a14e78d24 315f741c36044c2ab9414435abcb35d2 - - default default] 199.19.213.232 "GET /v2.0/extensions/allowed-address-pairs HTTP/1.1" status: 200 len: 383 time: 0.0101297
2026-04-07 01:20:17.754 10 INFO neutron.wsgi [None req-fb9b49bb-00e8-4f68-969b-22ad545d050e 0293b9205b2d4fe4bd4aa04a14e78d24 315f741c36044c2ab9414435abcb35d2 - - default default] 199.19.213.232 "GET /v2.0/subnets/8fd55226-0f7f-4221-967f-8ed053b8e95e HTTP/1.1" status: 200 len: 851 time: 0.0335042
2026-04-07 01:20:18.801 9 INFO neutron.wsgi [None req-602800a8-ab81-4218-98d4-5cf6208d5e2b 0293b9205b2d4fe4bd4aa04a14e78d24 315f741c36044c2ab9414435abcb35d2 - - default default] 10.0.0.79 "GET /v2.0/security-groups HTTP/1.1" status: 200 len: 29070 time: 0.1516812
2026-04-07 01:20:18.878 9 INFO neutron.wsgi [None req-1e1a0a03-3ce8-4deb-b0fe-7d5817be69c7 0293b9205b2d4fe4bd4aa04a14e78d24 315f741c36044c2ab9414435abcb35d2 - - default default] 10.0.0.79 "GET /v2.0/floatingips HTTP/1.1" status: 200 len: 1877 time: 0.0694916
2026-04-07 01:20:18.892 9 INFO neutron.wsgi [None req-6524c3b5-de3f-43ce-87da-2dcfdc2029d1 0293b9205b2d4fe4bd4aa04a14e78d24 315f741c36044c2ab9414435abcb35d2 - - default default] 10.0.0.79 "GET /v2.0/network-ip-availabilities HTTP/1.1" status: 200 len: 3363 time: 0.0125151
2026-04-07 01:20:18.986 9 INFO neutron.wsgi [None req-f52c133d-7bac-42b4-b5fa-c4b67be2a644 0293b9205b2d4fe4bd4aa04a14e78d24 315f741c36044c2ab9414435abcb35d2 - - default default] 10.0.0.79 "GET /v2.0/networks HTTP/1.1" status: 200 len: 4720 time: 0.0910375
2026-04-07 01:20:19.035 9 INFO neutron.wsgi [None req-9bec1501-173b-4f04-9e4d-4a80c477e837 0293b9205b2d4fe4bd4aa04a14e78d24 315f741c36044c2ab9414435abcb35d2 - - default default] 10.0.0.79 "GET /v2.0/subnets HTTP/1.1" status: 200 len: 5496 time: 0.0454137
2026-04-07 01:20:19.051 10 INFO neutron.wsgi [-] 10.0.0.145 "GET / HTTP/1.1" status: 200 len: 247 time: 0.0024035
2026-04-07 01:20:19.053 10 INFO neutron.wsgi [-] 10.0.0.145 "GET / HTTP/1.1" status: 200 len: 247 time: 0.0013628
2026-04-07 01:20:19.081 9 INFO neutron.wsgi [None req-5664ba23-8ce2-4e3c-ad95-21d7d3da9691 0293b9205b2d4fe4bd4aa04a14e78d24 315f741c36044c2ab9414435abcb35d2 - - default default] 10.0.0.79 "GET /v2.0/subnets HTTP/1.1" status: 200 len: 5496 time: 0.0440211
2026-04-07 01:20:19.101 9 INFO neutron.wsgi [None req-70491e26-c7bf-4696-929a-251cd82420c7 0293b9205b2d4fe4bd4aa04a14e78d24 315f741c36044c2ab9414435abcb35d2 - - default default] 10.0.0.79 "GET /v2.0/subnetpools HTTP/1.1" status: 200 len: 193 time: 0.0164175
2026-04-07 01:20:19.174 9 INFO neutron.wsgi [None req-3e16e439-8d70-4a84-bb6a-89d7d8dd12ee 0293b9205b2d4fe4bd4aa04a14e78d24 315f741c36044c2ab9414435abcb35d2 - - default default] 10.0.0.79 "GET /v2.0/routers HTTP/1.1" status: 200 len: 850 time: 0.0719013
2026-04-07 01:20:19.192 9 INFO neutron.wsgi [None req-4787ebe9-c29c-43d4-80ee-c1aff896e8e1 0293b9205b2d4fe4bd4aa04a14e78d24 315f741c36044c2ab9414435abcb35d2 - - default default] 10.0.0.79 "GET /v2.0/agents?binary=ovn-controller HTTP/1.1" status: 200 len: 591 time: 0.0170212
2026-04-07 01:20:19.205 9 INFO neutron.wsgi [None req-54e4a5b3-c3b5-4e9d-96ea-500da3ddf5e5 0293b9205b2d4fe4bd4aa04a14e78d24 315f741c36044c2ab9414435abcb35d2 - - default default] 10.0.0.79 "GET /v2.0/agents HTTP/1.1" status: 200 len: 997 time: 0.0102575
2026-04-07 01:20:19.247 9 INFO neutron.wsgi [None req-b89192d3-3d6c-49eb-9426-9d12296d8841 0293b9205b2d4fe4bd4aa04a14e78d24 315f741c36044c2ab9414435abcb35d2 - - default default] 10.0.0.79 "GET /v2.0/ports HTTP/1.1" status: 200 len: 18455 time: 0.0405736
2026-04-07 01:20:25.035 10 INFO neutron.wsgi [req-486096bf-8260-49ea-9adc-6e951e2cde9e req-9f55b5f1-4ae5-467b-8ca3-5c80fd46aef6 0293b9205b2d4fe4bd4aa04a14e78d24 315f741c36044c2ab9414435abcb35d2 - - default default] 10.0.0.229 "GET /v2.0/security-groups?id=73e2f146-dd11-4f27-ac99-2786f3a01543&fields=id HTTP/1.1" status: 200 len: 267 time: 0.0337782
2026-04-07 01:20:25.105 10 INFO neutron.wsgi [req-486096bf-8260-49ea-9adc-6e951e2cde9e req-da40127e-28ca-447b-97a0-1e5310cd6323 0293b9205b2d4fe4bd4aa04a14e78d24 315f741c36044c2ab9414435abcb35d2 - - default default] 10.0.0.229 "GET /v2.0/networks?id=c3f8a37a-b815-43de-85f6-71de6839d42e HTTP/1.1" status: 200 len: 936 time: 0.0603158
2026-04-07 01:20:25.137 10 INFO neutron.wsgi [req-486096bf-8260-49ea-9adc-6e951e2cde9e req-bcc1f1f8-f1fd-4413-ae3f-01d7c3c1d75e 0293b9205b2d4fe4bd4aa04a14e78d24 315f741c36044c2ab9414435abcb35d2 - - default default] 10.0.0.229 "GET /v2.0/quotas/315f741c36044c2ab9414435abcb35d2 HTTP/1.1" status: 200 len: 385 time: 0.0247207
2026-04-07 01:20:25.586 10 INFO neutron.wsgi [req-486096bf-8260-49ea-9adc-6e951e2cde9e req-9107ac37-b6ac-44d6-a40a-11509b468765 0293b9205b2d4fe4bd4aa04a14e78d24 315f741c36044c2ab9414435abcb35d2 - - default default] 10.0.0.229 "GET /v2.0/ports?tenant_id=315f741c36044c2ab9414435abcb35d2&fields=id HTTP/1.1" status: 200 len: 348 time: 0.4426503
2026-04-07 01:20:25.679 10 INFO neutron.wsgi [req-486096bf-8260-49ea-9adc-6e951e2cde9e req-cfa6325e-63ee-4420-94c8-1938a2e99ee9 776eb9d0a78b4382ad45b382d8ef405d 83527090af144e2d9664d1f648e3fa16 - - 479d185cd48245b4886508aced5bba41 479d185cd48245b4886508aced5bba41] 10.0.0.229 "GET /v2.0/networks/c3f8a37a-b815-43de-85f6-71de6839d42e?fields=segments HTTP/1.1" status: 200 len: 212 time: 0.0787294
2026-04-07 01:20:25.749 10 INFO neutron.wsgi [req-486096bf-8260-49ea-9adc-6e951e2cde9e req-252baac4-d05e-4342-bdf1-ccade0ef8e03 776eb9d0a78b4382ad45b382d8ef405d 83527090af144e2d9664d1f648e3fa16 - - 479d185cd48245b4886508aced5bba41 479d185cd48245b4886508aced5bba41] 10.0.0.229 "GET /v2.0/networks/c3f8a37a-b815-43de-85f6-71de6839d42e?fields=provider%3Aphysical_network&fields=provider%3Anetwork_type HTTP/1.1" status: 200 len: 277 time: 0.0634856
2026-04-07 01:20:26.156 10 INFO neutron.wsgi [req-2a21c211-a116-4d89-8ecb-76dd4af7314d req-aaf6888a-f971-4961-9687-f769878d2582 0293b9205b2d4fe4bd4aa04a14e78d24 315f741c36044c2ab9414435abcb35d2 - - default default] 10.0.0.229 "GET /v2.0/ports?device_id=8015c096-0f55-4cca-952b-9a6dee4960f9 HTTP/1.1" status: 200 len: 210 time: 0.0766952
2026-04-07 01:20:26.237 10 INFO neutron.wsgi [req-5e2e6341-0533-4e34-b246-921c3c0a8a75 req-9e49ecaa-ecc6-48cb-acaf-729d6ac649f1 0293b9205b2d4fe4bd4aa04a14e78d24 315f741c36044c2ab9414435abcb35d2 - - default default] 10.0.0.229 "GET /v2.0/ports?device_id=8015c096-0f55-4cca-952b-9a6dee4960f9 HTTP/1.1" status: 200 len: 210 time: 0.0406945
2026-04-07 01:20:27.067 9 INFO neutron.wsgi [req-486096bf-8260-49ea-9adc-6e951e2cde9e req-a8c8e7bc-9b2d-4ad2-bbaa-20db804fe8fb 0293b9205b2d4fe4bd4aa04a14e78d24 315f741c36044c2ab9414435abcb35d2 - - default default] 199.19.213.232 "GET /v2.0/networks?id=c3f8a37a-b815-43de-85f6-71de6839d42e HTTP/1.1" status: 200 len: 936 time: 0.1307342
2026-04-07 01:20:27.129 9 INFO neutron.wsgi [req-486096bf-8260-49ea-9adc-6e951e2cde9e req-d7f6ef53-1d32-4cf7-9d0d-8c1723c4a8e0 0293b9205b2d4fe4bd4aa04a14e78d24 315f741c36044c2ab9414435abcb35d2 - - default default] 199.19.213.232 "GET /v2.0/security-groups?fields=id&fields=name&tenant_id=315f741c36044c2ab9414435abcb35d2 HTTP/1.1" status: 200 len: 542 time: 0.0555458
2026-04-07 01:20:27.392 9 WARNING neutron.scheduler.dhcp_agent_scheduler [None req-0f3a1a97-d1c4-4713-b8ec-c6ffe28c779b 0293b9205b2d4fe4bd4aa04a14e78d24 315f741c36044c2ab9414435abcb35d2 - - - -] No more DHCP agents
2026-04-07 01:20:27.395 9 WARNING neutron.api.rpc.agentnotifiers.dhcp_rpc_agent_api [None req-0f3a1a97-d1c4-4713-b8ec-c6ffe28c779b 0293b9205b2d4fe4bd4aa04a14e78d24 315f741c36044c2ab9414435abcb35d2 - - - -] Unable to schedule network c3f8a37a-b815-43de-85f6-71de6839d42e: no agents available; will retry on subsequent port and subnet creation events.
2026-04-07 01:20:27.558 9 INFO neutron.db.ovn_revision_numbers_db [None req-0f3a1a97-d1c4-4713-b8ec-c6ffe28c779b 0293b9205b2d4fe4bd4aa04a14e78d24 315f741c36044c2ab9414435abcb35d2 - - - -] Successfully bumped revision number for resource 850a835a-73a4-4ee8-b006-e7970eab87c6 (type: ports) to 1
2026-04-07 01:20:27.580 9 INFO neutron.wsgi [None req-0f3a1a97-d1c4-4713-b8ec-c6ffe28c779b 0293b9205b2d4fe4bd4aa04a14e78d24 315f741c36044c2ab9414435abcb35d2 - - - -] 199.19.213.232 "POST /v2.0/ports HTTP/1.1" status: 201 len: 1283 time: 0.4449706 /var/lib/openstack/lib/python3.10/site-packages/pycadf/identifier.py:71: UserWarning: Invalid uuid: neutron. To ensure interoperability, identifiers should be a valid uuid. warnings.warn(('Invalid uuid: %s. To ensure interoperability, '
2026-04-07 01:20:28.028 9 INFO neutron.db.ovn_revision_numbers_db [None req-4d6aea6f-cc8c-41e2-be86-53029829398f 776eb9d0a78b4382ad45b382d8ef405d 83527090af144e2d9664d1f648e3fa16 - - - -] Successfully bumped revision number for resource 850a835a-73a4-4ee8-b006-e7970eab87c6 (type: ports) to 2
2026-04-07 01:20:28.211 9 INFO neutron.db.ovn_revision_numbers_db [None req-4d6aea6f-cc8c-41e2-be86-53029829398f 776eb9d0a78b4382ad45b382d8ef405d 83527090af144e2d9664d1f648e3fa16 - - - -] Successfully bumped revision number for resource 850a835a-73a4-4ee8-b006-e7970eab87c6 (type: ports) to 2
2026-04-07 01:20:28.234 9 INFO neutron.wsgi [None req-4d6aea6f-cc8c-41e2-be86-53029829398f 776eb9d0a78b4382ad45b382d8ef405d 83527090af144e2d9664d1f648e3fa16 - - - -] 199.19.213.232 "PUT /v2.0/ports/850a835a-73a4-4ee8-b006-e7970eab87c6 HTTP/1.1" status: 200 len: 1332 time: 0.6404238
2026-04-07 01:20:28.263 9 INFO neutron.notifiers.nova [-] Nova event matching ['req-efcc6648-783a-44c9-a989-971314396942'] response: {'name': 'network-changed', 'server_uuid': '8015c096-0f55-4cca-952b-9a6dee4960f9', 'tag': '850a835a-73a4-4ee8-b006-e7970eab87c6', 'status': 'completed', 'code': 200} /var/lib/openstack/lib/python3.10/site-packages/pycadf/identifier.py:71: UserWarning: Invalid uuid: neutron. To ensure interoperability, identifiers should be a valid uuid. warnings.warn(('Invalid uuid: %s. To ensure interoperability, '
2026-04-07 01:20:28.306 9 INFO neutron.wsgi [req-486096bf-8260-49ea-9adc-6e951e2cde9e req-e9f3a490-91c6-4d42-8e63-7eea1623cae9 776eb9d0a78b4382ad45b382d8ef405d 83527090af144e2d9664d1f648e3fa16 - - 479d185cd48245b4886508aced5bba41 479d185cd48245b4886508aced5bba41] 199.19.213.232 "GET /v2.0/ports?tenant_id=315f741c36044c2ab9414435abcb35d2&device_id=8015c096-0f55-4cca-952b-9a6dee4960f9 HTTP/1.1" status: 200 len: 1363 time: 0.0346963
2026-04-07 01:20:28.340 9 INFO neutron.wsgi [req-486096bf-8260-49ea-9adc-6e951e2cde9e req-82e0a72b-8726-4a85-bb06-b9f39353cc7a 776eb9d0a78b4382ad45b382d8ef405d 83527090af144e2d9664d1f648e3fa16 - - 479d185cd48245b4886508aced5bba41 479d185cd48245b4886508aced5bba41] 199.19.213.232 "GET /v2.0/floatingips?fixed_ip_address=172.24.3.95&port_id=850a835a-73a4-4ee8-b006-e7970eab87c6 HTTP/1.1" status: 200 len: 217 time: 0.0266423
2026-04-07 01:20:28.403 10 INFO neutron.wsgi [req-411249da-44fd-44c2-9b52-c06c9c7703bc req-d3555181-c99c-4d89-a901-397a1187e4ac 0293b9205b2d4fe4bd4aa04a14e78d24 315f741c36044c2ab9414435abcb35d2 - - default default] 10.0.0.229 "GET /v2.0/ports?device_id=8015c096-0f55-4cca-952b-9a6dee4960f9 HTTP/1.1" status: 200 len: 1363 time: 0.0299311
2026-04-07 01:20:28.429 9 INFO neutron.wsgi [req-486096bf-8260-49ea-9adc-6e951e2cde9e req-4a24dd1c-7f48-4cdc-9f60-37059ff21901 776eb9d0a78b4382ad45b382d8ef405d 83527090af144e2d9664d1f648e3fa16 - - 479d185cd48245b4886508aced5bba41 479d185cd48245b4886508aced5bba41] 199.19.213.232 "GET /v2.0/subnets?id=374e0cad-f0f6-4856-838a-a25bd8b0d95d HTTP/1.1" status: 200 len: 829 time: 0.0825605
2026-04-07 01:20:28.439 10 INFO neutron.wsgi [req-411249da-44fd-44c2-9b52-c06c9c7703bc req-36c62b82-c431-48c9-aed4-a8e60574b2ac 0293b9205b2d4fe4bd4aa04a14e78d24 315f741c36044c2ab9414435abcb35d2 - - default default] 10.0.0.229 "GET /v2.0/security-groups?id=73e2f146-dd11-4f27-ac99-2786f3a01543&fields=id&fields=name HTTP/1.1" status: 200 len: 294 time: 0.0312741
2026-04-07 01:20:28.466 9 INFO neutron.wsgi [req-486096bf-8260-49ea-9adc-6e951e2cde9e req-ba2dcb6a-2b63-4ea6-a761-71b3785eb2f7 776eb9d0a78b4382ad45b382d8ef405d 83527090af144e2d9664d1f648e3fa16 - - 479d185cd48245b4886508aced5bba41 479d185cd48245b4886508aced5bba41] 199.19.213.232 "GET /v2.0/ports?network_id=c3f8a37a-b815-43de-85f6-71de6839d42e&device_owner=network%3Adhcp HTTP/1.1" status: 200 len: 210 time: 0.0294573
2026-04-07 01:20:28.543 10 INFO neutron.wsgi [req-7222045f-2a25-4235-af9f-97b1ffa69d57 req-8d64b4e9-27ed-4716-b00a-f18b9a9a8c41 0293b9205b2d4fe4bd4aa04a14e78d24 315f741c36044c2ab9414435abcb35d2 - - default default] 10.0.0.229 "GET /v2.0/ports?device_id=8015c096-0f55-4cca-952b-9a6dee4960f9 HTTP/1.1" status: 200 len: 1363 time: 0.0344336
2026-04-07 01:20:28.547 9 INFO neutron.wsgi [req-486096bf-8260-49ea-9adc-6e951e2cde9e req-cd470e17-cbf9-4271-84db-4dd2de120e6c 776eb9d0a78b4382ad45b382d8ef405d 83527090af144e2d9664d1f648e3fa16 - - 479d185cd48245b4886508aced5bba41 479d185cd48245b4886508aced5bba41] 199.19.213.232 "GET /v2.0/networks/c3f8a37a-b815-43de-85f6-71de6839d42e?fields=segments HTTP/1.1" status: 200 len: 212 time: 0.0726228
2026-04-07 01:20:28.621 9 INFO neutron.wsgi [req-486096bf-8260-49ea-9adc-6e951e2cde9e req-ed3bf2f9-d2f2-4b89-a84a-750b931e5c4e 776eb9d0a78b4382ad45b382d8ef405d 83527090af144e2d9664d1f648e3fa16 - - 479d185cd48245b4886508aced5bba41 479d185cd48245b4886508aced5bba41] 199.19.213.232 "GET /v2.0/networks/c3f8a37a-b815-43de-85f6-71de6839d42e?fields=provider%3Aphysical_network&fields=provider%3Anetwork_type HTTP/1.1" status: 200 len: 277 time: 0.0678279
2026-04-07 01:20:28.723 9 INFO neutron.wsgi [req-1379776c-e45d-4138-86eb-73c2a2608b9b req-6d9c163e-936e-4c5f-ba4a-4161015d7482 776eb9d0a78b4382ad45b382d8ef405d 83527090af144e2d9664d1f648e3fa16 - - 479d185cd48245b4886508aced5bba41 479d185cd48245b4886508aced5bba41] 199.19.213.232 "GET /v2.0/ports?tenant_id=315f741c36044c2ab9414435abcb35d2&device_id=8015c096-0f55-4cca-952b-9a6dee4960f9 HTTP/1.1" status: 200 len: 1363 time: 0.0432231
2026-04-07 01:20:28.811 9 INFO neutron.wsgi [req-1379776c-e45d-4138-86eb-73c2a2608b9b req-e1f49841-f236-4a32-869e-df12b1ca1ccd 776eb9d0a78b4382ad45b382d8ef405d 83527090af144e2d9664d1f648e3fa16 - - 479d185cd48245b4886508aced5bba41 479d185cd48245b4886508aced5bba41] 199.19.213.232 "GET /v2.0/networks?id=c3f8a37a-b815-43de-85f6-71de6839d42e HTTP/1.1" status: 200 len: 936 time: 0.0807307
2026-04-07 01:20:28.849 9 INFO neutron.wsgi [req-1379776c-e45d-4138-86eb-73c2a2608b9b req-f2edc344-6928-4003-9471-37b43e612a55 776eb9d0a78b4382ad45b382d8ef405d 83527090af144e2d9664d1f648e3fa16 - - 479d185cd48245b4886508aced5bba41 479d185cd48245b4886508aced5bba41] 199.19.213.232 "GET /v2.0/floatingips?fixed_ip_address=172.24.3.95&port_id=850a835a-73a4-4ee8-b006-e7970eab87c6 HTTP/1.1" status: 200 len: 217 time: 0.0261781
2026-04-07 01:20:28.860 10 INFO neutron.wsgi [req-c2184fc7-41a8-4965-a574-c77d8c45e143 req-5e4444f0-9c3a-4ad5-80a6-756fa71b8820 776eb9d0a78b4382ad45b382d8ef405d 83527090af144e2d9664d1f648e3fa16 - - 479d185cd48245b4886508aced5bba41 479d185cd48245b4886508aced5bba41] 199.19.213.232 "GET /v2.0/ports?device_id=8015c096-0f55-4cca-952b-9a6dee4960f9 HTTP/1.1" status: 200 len: 1363 time: 0.0363302
2026-04-07 01:20:28.888 9 INFO neutron.wsgi [req-1379776c-e45d-4138-86eb-73c2a2608b9b req-97f6d1ae-7aec-4348-b9ac-034eb266ba00 776eb9d0a78b4382ad45b382d8ef405d 83527090af144e2d9664d1f648e3fa16 - - 479d185cd48245b4886508aced5bba41 479d185cd48245b4886508aced5bba41] 199.19.213.232 "GET /v2.0/subnets?id=374e0cad-f0f6-4856-838a-a25bd8b0d95d HTTP/1.1" status: 200 len: 829 time: 0.0323238
2026-04-07 01:20:28.893 10 INFO neutron.wsgi [req-c2184fc7-41a8-4965-a574-c77d8c45e143 req-b9fb409f-552b-4763-93f0-0549afc95b26 776eb9d0a78b4382ad45b382d8ef405d 83527090af144e2d9664d1f648e3fa16 - - 479d185cd48245b4886508aced5bba41 479d185cd48245b4886508aced5bba41] 199.19.213.232 "GET /v2.0/security-groups?id=73e2f146-dd11-4f27-ac99-2786f3a01543&fields=id&fields=name HTTP/1.1" status: 200 len: 294 time: 0.0285223
2026-04-07 01:20:28.949 9 INFO neutron.wsgi [req-1379776c-e45d-4138-86eb-73c2a2608b9b req-520db229-b0db-474f-acc3-324fbccc78bf 776eb9d0a78b4382ad45b382d8ef405d 83527090af144e2d9664d1f648e3fa16 - - 479d185cd48245b4886508aced5bba41 479d185cd48245b4886508aced5bba41] 199.19.213.232 "GET /v2.0/ports?network_id=c3f8a37a-b815-43de-85f6-71de6839d42e&device_owner=network%3Adhcp HTTP/1.1" status: 200 len: 210 time: 0.0242271
2026-04-07 01:20:29.004 9 INFO neutron.plugins.ml2.drivers.ovn.mech_driver.mech_driver [None req-3b29fbaa-dd5d-48a8-aed6-98c94a3c5d39 - - - - - -] OVN reports status up for port: 850a835a-73a4-4ee8-b006-e7970eab87c6
2026-04-07 01:20:29.023 9 INFO neutron.plugins.ml2.plugin [None req-3b29fbaa-dd5d-48a8-aed6-98c94a3c5d39 - - - - - -] Attempt 1 to provision port 850a835a-73a4-4ee8-b006-e7970eab87c6
2026-04-07 01:20:29.037 9 INFO neutron.wsgi [req-1379776c-e45d-4138-86eb-73c2a2608b9b req-d81f56b8-f890-4eab-a3cb-fc4f910bb2a8 776eb9d0a78b4382ad45b382d8ef405d 83527090af144e2d9664d1f648e3fa16 - - 479d185cd48245b4886508aced5bba41 479d185cd48245b4886508aced5bba41] 199.19.213.232 "GET /v2.0/networks/c3f8a37a-b815-43de-85f6-71de6839d42e?fields=segments HTTP/1.1" status: 200 len: 212 time: 0.0702693
2026-04-07 01:20:29.465 9 INFO neutron.wsgi [req-1379776c-e45d-4138-86eb-73c2a2608b9b req-cab90b84-6679-4d66-9913-8477ec2f5370 776eb9d0a78b4382ad45b382d8ef405d 83527090af144e2d9664d1f648e3fa16 - - 479d185cd48245b4886508aced5bba41 479d185cd48245b4886508aced5bba41] 199.19.213.232 "GET /v2.0/networks/c3f8a37a-b815-43de-85f6-71de6839d42e?fields=provider%3Aphysical_network&fields=provider%3Anetwork_type HTTP/1.1" status: 200 len: 277 time: 0.4184265
2026-04-07 01:20:29.619 9 INFO neutron.db.ovn_revision_numbers_db [None req-3b29fbaa-dd5d-48a8-aed6-98c94a3c5d39 - - - - - -] Successfully bumped revision number for resource 850a835a-73a4-4ee8-b006-e7970eab87c6 (type: ports) to 4
2026-04-07 01:20:30.305 9 INFO neutron.notifiers.nova [-] Nova event matching ['req-ac1585f9-7971-466c-bdcc-366e35a6727c'] response: {'server_uuid': '8015c096-0f55-4cca-952b-9a6dee4960f9', 'name': 'network-vif-plugged', 'status': 'completed', 'tag': '850a835a-73a4-4ee8-b006-e7970eab87c6', 'code': 200}
2026-04-07 01:20:30.305 9 INFO neutron.notifiers.nova [-] Nova event matching ['req-ac1585f9-7971-466c-bdcc-366e35a6727c'] response: {'server_uuid': '8015c096-0f55-4cca-952b-9a6dee4960f9', 'name': 'network-vif-plugged', 'status': 'completed', 'tag': '850a835a-73a4-4ee8-b006-e7970eab87c6', 'code': 200}
2026-04-07 01:20:30.802 10 INFO neutron.wsgi [req-41721305-5af7-4e64-9b97-6e366c0538d8 req-432e1060-4684-4c0d-bdb3-c0f49a46079b 0293b9205b2d4fe4bd4aa04a14e78d24 315f741c36044c2ab9414435abcb35d2 - - default default] 10.0.0.229 "GET /v2.0/ports?device_id=8015c096-0f55-4cca-952b-9a6dee4960f9 HTTP/1.1" status: 200 len: 1365 time: 0.0490665
2026-04-07 01:20:30.843 10 INFO neutron.wsgi [req-41721305-5af7-4e64-9b97-6e366c0538d8 req-77ff7355-b25b-408e-8e24-2700533f6b9a 0293b9205b2d4fe4bd4aa04a14e78d24 315f741c36044c2ab9414435abcb35d2 - - default default] 10.0.0.229 "GET /v2.0/security-groups?id=73e2f146-dd11-4f27-ac99-2786f3a01543&fields=id&fields=name HTTP/1.1" status: 200 len: 294 time: 0.0336633
2026-04-07 01:20:30.946 10 INFO neutron.wsgi [req-30dc85de-dd4e-49f1-a1b7-64d94a30bb2a req-d8b5565c-2dfc-40e0-a83c-d842969f8ef1 0293b9205b2d4fe4bd4aa04a14e78d24 315f741c36044c2ab9414435abcb35d2 - - default default] 10.0.0.229 "GET /v2.0/ports?device_id=8015c096-0f55-4cca-952b-9a6dee4960f9 HTTP/1.1" status: 200 len: 1365 time: 0.0435882
2026-04-07 01:20:34.051 9 INFO neutron.wsgi [-] 10.0.0.145 "GET / HTTP/1.1" status: 200 len: 247 time: 0.0027869
2026-04-07 01:20:34.057 9 INFO neutron.wsgi [-] 10.0.0.145 "GET / HTTP/1.1" status: 200 len: 247 time: 0.0027134 /var/lib/openstack/lib/python3.10/site-packages/pycadf/identifier.py:71: UserWarning: Invalid uuid: neutron. To ensure interoperability, identifiers should be a valid uuid. warnings.warn(('Invalid uuid: %s. To ensure interoperability, '
2026-04-07 01:20:41.177 9 INFO neutron.wsgi [req-5269f279-2926-4a82-b1ae-6f9b4e68c4f1 req-8b0a7ded-10e6-4e81-aef3-8ed5482096ce 776eb9d0a78b4382ad45b382d8ef405d 83527090af144e2d9664d1f648e3fa16 - - 479d185cd48245b4886508aced5bba41 479d185cd48245b4886508aced5bba41] 199.19.213.232 "GET /v2.0/ports?device_id=111331d5-cf61-4b4c-b649-776268936ac5&fields=binding%3Ahost_id&fields=binding%3Avif_type HTTP/1.1" status: 200 len: 265 time: 0.0392387
2026-04-07 01:20:41.249 9 INFO neutron.wsgi [req-5269f279-2926-4a82-b1ae-6f9b4e68c4f1 req-0dec6e31-2de7-45c7-81a5-ce93f2e7096f 776eb9d0a78b4382ad45b382d8ef405d 83527090af144e2d9664d1f648e3fa16 - - 479d185cd48245b4886508aced5bba41 479d185cd48245b4886508aced5bba41] 199.19.213.232 "GET /v2.0/ports?tenant_id=a518a32e9e4c423ea7cedbb15011f540&device_id=111331d5-cf61-4b4c-b649-776268936ac5 HTTP/1.1" status: 200 len: 1582 time: 0.0299287
2026-04-07 01:20:41.334 9 INFO neutron.wsgi [req-5269f279-2926-4a82-b1ae-6f9b4e68c4f1 req-4966f2c1-d035-43f0-9f54-cb6d623a9454 776eb9d0a78b4382ad45b382d8ef405d 83527090af144e2d9664d1f648e3fa16 - - 479d185cd48245b4886508aced5bba41 479d185cd48245b4886508aced5bba41] 199.19.213.232 "GET /v2.0/networks?id=e691a9b3-a315-4510-bd27-0a80d011ea21 HTTP/1.1" status: 200 len: 1003 time: 0.0626433
2026-04-07 01:20:41.402 9 INFO neutron.wsgi [req-5269f279-2926-4a82-b1ae-6f9b4e68c4f1 req-dca0346d-60e3-4e39-b31e-ba3e60f05d8e 776eb9d0a78b4382ad45b382d8ef405d 83527090af144e2d9664d1f648e3fa16 - - 479d185cd48245b4886508aced5bba41 479d185cd48245b4886508aced5bba41] 199.19.213.232 "GET /v2.0/floatingips?fixed_ip_address=10.2.1.75&port_id=bc504fb3-f2c7-4f07-9f90-b2ce25936456 HTTP/1.1" status: 200 len: 1058 time: 0.0620775
2026-04-07 01:20:41.436 9 INFO neutron.wsgi [req-5269f279-2926-4a82-b1ae-6f9b4e68c4f1 req-c3aa6bbc-a72e-4e7c-9b4c-92969c1ccb26 776eb9d0a78b4382ad45b382d8ef405d 83527090af144e2d9664d1f648e3fa16 - - 479d185cd48245b4886508aced5bba41 479d185cd48245b4886508aced5bba41] 199.19.213.232 "GET /v2.0/floatingips?fixed_ip_address=fd7b%3Af9f7%3Afff%3A4eca%3A%3Adb&port_id=bc504fb3-f2c7-4f07-9f90-b2ce25936456 HTTP/1.1" status: 200 len: 217 time: 0.0279636
2026-04-07 01:20:41.479 9 INFO neutron.wsgi [req-5269f279-2926-4a82-b1ae-6f9b4e68c4f1 req-2c88ca64-21f4-4fe9-9000-3b3a08b0fa37 776eb9d0a78b4382ad45b382d8ef405d 83527090af144e2d9664d1f648e3fa16 - - 479d185cd48245b4886508aced5bba41 479d185cd48245b4886508aced5bba41] 199.19.213.232 "GET /v2.0/subnets?id=20566d77-54b4-4de2-8669-b57ad5cce852&id=c044c80d-7239-41e6-bee2-3d67ff3945a7 HTTP/1.1" status: 200 len: 1561 time: 0.0362823
2026-04-07 01:20:41.513 9 INFO neutron.wsgi [req-5269f279-2926-4a82-b1ae-6f9b4e68c4f1 req-d197df3a-8da9-4755-b78a-140a8d261133 776eb9d0a78b4382ad45b382d8ef405d 83527090af144e2d9664d1f648e3fa16 - - 479d185cd48245b4886508aced5bba41 479d185cd48245b4886508aced5bba41] 199.19.213.232 "GET /v2.0/ports?network_id=e691a9b3-a315-4510-bd27-0a80d011ea21&device_owner=network%3Adhcp HTTP/1.1" status: 200 len: 210 time: 0.0283830
2026-04-07 01:20:41.549 9 INFO neutron.wsgi [req-5269f279-2926-4a82-b1ae-6f9b4e68c4f1 req-4b50972e-1f3f-4ed8-81f3-dad5693d1383 776eb9d0a78b4382ad45b382d8ef405d 83527090af144e2d9664d1f648e3fa16 - - 479d185cd48245b4886508aced5bba41 479d185cd48245b4886508aced5bba41] 199.19.213.232 "GET /v2.0/ports?network_id=e691a9b3-a315-4510-bd27-0a80d011ea21&device_owner=network%3Adhcp HTTP/1.1" status: 200 len: 210 time: 0.0289621
2026-04-07 01:20:41.622 9 INFO neutron.wsgi [req-5269f279-2926-4a82-b1ae-6f9b4e68c4f1 req-b2190646-85dc-4768-a91f-5ea0e9d0daea 776eb9d0a78b4382ad45b382d8ef405d 83527090af144e2d9664d1f648e3fa16 - - 479d185cd48245b4886508aced5bba41 479d185cd48245b4886508aced5bba41] 199.19.213.232 "GET /v2.0/networks/e691a9b3-a315-4510-bd27-0a80d011ea21?fields=segments HTTP/1.1" status: 200 len: 212 time: 0.0674984
2026-04-07 01:20:41.691 9 INFO neutron.wsgi [req-5269f279-2926-4a82-b1ae-6f9b4e68c4f1 req-70c8ea98-9638-45b7-89c2-6c69b9c71856 776eb9d0a78b4382ad45b382d8ef405d 83527090af144e2d9664d1f648e3fa16 - - 479d185cd48245b4886508aced5bba41 479d185cd48245b4886508aced5bba41] 199.19.213.232 "GET /v2.0/networks/e691a9b3-a315-4510-bd27-0a80d011ea21?fields=provider%3Aphysical_network&fields=provider%3Anetwork_type HTTP/1.1" status: 200 len: 277 time: 0.0619397
2026-04-07 01:20:49.050 10 INFO neutron.wsgi [-] 10.0.0.145 "GET / HTTP/1.1" status: 200 len: 247 time: 0.0016053
2026-04-07 01:20:49.052 9 INFO neutron.wsgi [-] 10.0.0.145 "GET / HTTP/1.1" status: 200 len: 247 time: 0.0026586
2026-04-07 01:21:04.051 10 INFO neutron.wsgi [-] 10.0.0.145 "GET / HTTP/1.1" status: 200 len: 247 time: 0.0028045
2026-04-07 01:21:04.052 9 INFO neutron.wsgi [-] 10.0.0.145 "GET / HTTP/1.1" status: 200 len: 247 time: 0.0037148
