2026-04-07 01:21:32.314 9 INFO neutron.wsgi [req-1bbf49d4-e8dc-469a-9dc9-7a47fc742f82 req-9b23758b-8552-460d-ae4b-703db754f37b 776eb9d0a78b4382ad45b382d8ef405d 83527090af144e2d9664d1f648e3fa16 - - 479d185cd48245b4886508aced5bba41 479d185cd48245b4886508aced5bba41] 199.19.213.232 "GET /v2.0/networks/c86398af-1587-49c0-b472-22ba8e68e3e7?fields=segments HTTP/1.1" status: 200 len: 212 time: 0.0686347
2026-04-07 01:21:32.383 9 INFO neutron.wsgi [req-1bbf49d4-e8dc-469a-9dc9-7a47fc742f82 req-8209b774-93b4-468a-84a2-24bb976afa0a 776eb9d0a78b4382ad45b382d8ef405d 83527090af144e2d9664d1f648e3fa16 - - 479d185cd48245b4886508aced5bba41 479d185cd48245b4886508aced5bba41] 199.19.213.232 "GET /v2.0/networks/c86398af-1587-49c0-b472-22ba8e68e3e7?fields=provider%3Aphysical_network&fields=provider%3Anetwork_type HTTP/1.1" status: 200 len: 277 time: 0.0627570
2026-04-07 01:21:32.765 9 INFO neutron.wsgi [req-1bbf49d4-e8dc-469a-9dc9-7a47fc742f82 req-8819e1c1-5e94-4626-b5b3-f467b7abb6f5 776eb9d0a78b4382ad45b382d8ef405d 83527090af144e2d9664d1f648e3fa16 - - 479d185cd48245b4886508aced5bba41 479d185cd48245b4886508aced5bba41] 199.19.213.232 "GET /v2.0/floatingips?fixed_ip_address=10.2.1.176&port_id=4deed08e-253b-4c39-960a-c13cc647a950 HTTP/1.1" status: 200 len: 217 time: 0.3748574
2026-04-07 01:21:32.799 9 INFO neutron.wsgi [req-1bbf49d4-e8dc-469a-9dc9-7a47fc742f82 req-a53024d3-693f-486e-81ee-7740b1acd466 776eb9d0a78b4382ad45b382d8ef405d 83527090af144e2d9664d1f648e3fa16 - - 479d185cd48245b4886508aced5bba41 479d185cd48245b4886508aced5bba41] 199.19.213.232 "GET /v2.0/floatingips?fixed_ip_address=fd7b%3Af9f7%3Afff%3A4eca%3A%3A179&port_id=4deed08e-253b-4c39-960a-c13cc647a950 HTTP/1.1" status: 200 len: 217 time: 0.0260503
2026-04-07 01:21:32.841 9 INFO neutron.wsgi [req-1bbf49d4-e8dc-469a-9dc9-7a47fc742f82 req-6b04c0c7-cdfc-4d9d-83d4-0b04675a9e46 776eb9d0a78b4382ad45b382d8ef405d 83527090af144e2d9664d1f648e3fa16 - - 479d185cd48245b4886508aced5bba41 479d185cd48245b4886508aced5bba41] 199.19.213.232 "GET /v2.0/subnets?id=20566d77-54b4-4de2-8669-b57ad5cce852&id=c044c80d-7239-41e6-bee2-3d67ff3945a7 HTTP/1.1" status: 200 len: 1561 time: 0.0340924
2026-04-07 01:21:32.866 9 INFO neutron.wsgi [req-1bbf49d4-e8dc-469a-9dc9-7a47fc742f82 req-9c94a65e-663e-4e62-bd0f-1b17a8294f23 776eb9d0a78b4382ad45b382d8ef405d 83527090af144e2d9664d1f648e3fa16 - - 479d185cd48245b4886508aced5bba41 479d185cd48245b4886508aced5bba41] 199.19.213.232 "GET /v2.0/ports?network_id=e691a9b3-a315-4510-bd27-0a80d011ea21&device_owner=network%3Adhcp HTTP/1.1" status: 200 len: 210 time: 0.0189641
2026-04-07 01:21:32.894 9 INFO neutron.wsgi [req-1bbf49d4-e8dc-469a-9dc9-7a47fc742f82 req-624c3a38-7a58-43a0-881f-5424101b5370 776eb9d0a78b4382ad45b382d8ef405d 83527090af144e2d9664d1f648e3fa16 - - 479d185cd48245b4886508aced5bba41 479d185cd48245b4886508aced5bba41] 199.19.213.232 "GET /v2.0/ports?network_id=e691a9b3-a315-4510-bd27-0a80d011ea21&device_owner=network%3Adhcp HTTP/1.1" status: 200 len: 210 time: 0.0208592
2026-04-07 01:21:32.966 9 INFO neutron.wsgi [req-1bbf49d4-e8dc-469a-9dc9-7a47fc742f82 req-a6a05bea-cfe9-4cb6-a5eb-24c4401689e5 776eb9d0a78b4382ad45b382d8ef405d 83527090af144e2d9664d1f648e3fa16 - - 479d185cd48245b4886508aced5bba41 479d185cd48245b4886508aced5bba41] 199.19.213.232 "GET /v2.0/networks/e691a9b3-a315-4510-bd27-0a80d011ea21?fields=segments HTTP/1.1" status: 200 len: 212 time: 0.0648048
2026-04-07 01:21:33.037 9 INFO neutron.wsgi [req-1bbf49d4-e8dc-469a-9dc9-7a47fc742f82 req-16063615-c4c6-400a-91bb-ffa3f32db66c 776eb9d0a78b4382ad45b382d8ef405d 83527090af144e2d9664d1f648e3fa16 - - 479d185cd48245b4886508aced5bba41 479d185cd48245b4886508aced5bba41] 199.19.213.232 "GET /v2.0/networks/e691a9b3-a315-4510-bd27-0a80d011ea21?fields=provider%3Aphysical_network&fields=provider%3Anetwork_type HTTP/1.1" status: 200 len: 277 time: 0.0643046
2026-04-07 01:21:33.137 9 INFO neutron.plugins.ml2.drivers.ovn.mech_driver.mech_driver [None req-3b29fbaa-dd5d-48a8-aed6-98c94a3c5d39 - - - - - -] OVN reports status up for port: 4deed08e-253b-4c39-960a-c13cc647a950
2026-04-07 01:21:33.144 9 INFO neutron.wsgi [req-6309f48c-f26a-4035-9ce7-0c5dede44d17 req-6063f007-36b8-4847-b857-04ebfc5bce65 776eb9d0a78b4382ad45b382d8ef405d 83527090af144e2d9664d1f648e3fa16 - - 479d185cd48245b4886508aced5bba41 479d185cd48245b4886508aced5bba41] 199.19.213.232 "GET /v2.0/ports?tenant_id=315f741c36044c2ab9414435abcb35d2&device_id=8015c096-0f55-4cca-952b-9a6dee4960f9 HTTP/1.1" status: 200 len: 4001 time: 0.0571334
2026-04-07 01:21:33.161 9 INFO neutron.plugins.ml2.plugin [None req-3b29fbaa-dd5d-48a8-aed6-98c94a3c5d39 - - - - - -] Attempt 1 to provision port 4deed08e-253b-4c39-960a-c13cc647a950
2026-04-07 01:21:33.231 9 INFO neutron.wsgi [req-6309f48c-f26a-4035-9ce7-0c5dede44d17 req-19ac2779-c770-449c-b9cd-a9209185de30 776eb9d0a78b4382ad45b382d8ef405d 83527090af144e2d9664d1f648e3fa16 - - 479d185cd48245b4886508aced5bba41 479d185cd48245b4886508aced5bba41] 199.19.213.232 "GET /v2.0/networks?id=e691a9b3-a315-4510-bd27-0a80d011ea21 HTTP/1.1" status: 200 len: 1003 time: 0.0824828
2026-04-07 01:21:33.263 9 INFO neutron.wsgi [req-6309f48c-f26a-4035-9ce7-0c5dede44d17 req-f8b6513a-37dd-4a11-8cb8-26c39ae2c1f0 776eb9d0a78b4382ad45b382d8ef405d 83527090af144e2d9664d1f648e3fa16 - - 479d185cd48245b4886508aced5bba41 479d185cd48245b4886508aced5bba41] 199.19.213.232 "GET /v2.0/floatingips?fixed_ip_address=10.2.1.176&port_id=4deed08e-253b-4c39-960a-c13cc647a950 HTTP/1.1" status: 200 len: 217 time: 0.0269141
2026-04-07 01:21:33.303 9 INFO neutron.wsgi [req-6309f48c-f26a-4035-9ce7-0c5dede44d17 req-26a9eda2-894d-4f75-bede-aaf1ddcc22ee 776eb9d0a78b4382ad45b382d8ef405d 83527090af144e2d9664d1f648e3fa16 - - 479d185cd48245b4886508aced5bba41 479d185cd48245b4886508aced5bba41] 199.19.213.232 "GET /v2.0/floatingips?fixed_ip_address=fd7b%3Af9f7%3Afff%3A4eca%3A%3A179&port_id=4deed08e-253b-4c39-960a-c13cc647a950 HTTP/1.1" status: 200 len: 217 time: 0.0311465
2026-04-07 01:21:33.322 10 INFO neutron.wsgi [req-1bbf49d4-e8dc-469a-9dc9-7a47fc742f82 req-f2079761-7187-451b-8679-587b3a0fac55 0293b9205b2d4fe4bd4aa04a14e78d24 315f741c36044c2ab9414435abcb35d2 - - default default] 10.0.0.229 "GET /v2.0/ports/4deed08e-253b-4c39-960a-c13cc647a950 HTTP/1.1" status: 200 len: 1587 time: 0.0382142
2026-04-07 01:21:33.380 9 INFO neutron.wsgi [req-6309f48c-f26a-4035-9ce7-0c5dede44d17 req-827feda9-14b9-488f-a26d-3fe653b887fd 776eb9d0a78b4382ad45b382d8ef405d 83527090af144e2d9664d1f648e3fa16 - - 479d185cd48245b4886508aced5bba41 479d185cd48245b4886508aced5bba41] 199.19.213.232 "GET /v2.0/subnets?id=20566d77-54b4-4de2-8669-b57ad5cce852&id=c044c80d-7239-41e6-bee2-3d67ff3945a7 HTTP/1.1" status: 200 len: 1561 time: 0.0627337
2026-04-07 01:21:33.393 10 INFO neutron.wsgi [None req-83ce41c1-c70e-4727-b214-85b47b8ed97e 0293b9205b2d4fe4bd4aa04a14e78d24 315f741c36044c2ab9414435abcb35d2 - - default default] 199.19.213.232 "GET /v2.0/ports/4deed08e-253b-4c39-960a-c13cc647a950 HTTP/1.1" status: 200 len: 1587 time: 0.0603564
2026-04-07 01:21:33.411 9 INFO neutron.wsgi [req-6309f48c-f26a-4035-9ce7-0c5dede44d17 req-9258d5cb-9b33-48fb-8053-ede419468484 776eb9d0a78b4382ad45b382d8ef405d 83527090af144e2d9664d1f648e3fa16 - - 479d185cd48245b4886508aced5bba41 479d185cd48245b4886508aced5bba41] 199.19.213.232 "GET /v2.0/ports?network_id=e691a9b3-a315-4510-bd27-0a80d011ea21&device_owner=network%3Adhcp HTTP/1.1" status: 200 len: 210 time: 0.0271201
2026-04-07 01:21:33.430 10 INFO neutron.wsgi [None req-45528bd8-d5dd-410f-a125-e25eb5fe1e38 0293b9205b2d4fe4bd4aa04a14e78d24 315f741c36044c2ab9414435abcb35d2 - - default default] 199.19.213.232 "GET /v2.0/ports/4deed08e-253b-4c39-960a-c13cc647a950 HTTP/1.1" status: 200 len: 1587 time: 0.0337627
2026-04-07 01:21:33.442 9 INFO neutron.wsgi [req-6309f48c-f26a-4035-9ce7-0c5dede44d17 req-e3c772e3-3102-4d15-ad59-c0d21a533405 776eb9d0a78b4382ad45b382d8ef405d 83527090af144e2d9664d1f648e3fa16 - - 479d185cd48245b4886508aced5bba41 479d185cd48245b4886508aced5bba41] 199.19.213.232 "GET /v2.0/ports?network_id=e691a9b3-a315-4510-bd27-0a80d011ea21&device_owner=network%3Adhcp HTTP/1.1" status: 200 len: 210 time: 0.0228071
2026-04-07 01:21:33.530 9 INFO neutron.wsgi [req-6309f48c-f26a-4035-9ce7-0c5dede44d17 req-71568f16-7eb6-45a4-a9ec-67fbc5984044 776eb9d0a78b4382ad45b382d8ef405d 83527090af144e2d9664d1f648e3fa16 - - 479d185cd48245b4886508aced5bba41 479d185cd48245b4886508aced5bba41] 199.19.213.232 "GET /v2.0/networks/e691a9b3-a315-4510-bd27-0a80d011ea21?fields=segments HTTP/1.1" status: 200 len: 212 time: 0.0800259
2026-04-07 01:21:33.540 9 INFO neutron.db.ovn_revision_numbers_db [None req-3b29fbaa-dd5d-48a8-aed6-98c94a3c5d39 - - - - - -] Successfully bumped revision number for resource 4deed08e-253b-4c39-960a-c13cc647a950 (type: ports) to 4
2026-04-07 01:21:33.623 9 INFO neutron.wsgi [req-6309f48c-f26a-4035-9ce7-0c5dede44d17 req-92446290-0084-4aa8-9d7b-a198355119e7 776eb9d0a78b4382ad45b382d8ef405d 83527090af144e2d9664d1f648e3fa16 - - 479d185cd48245b4886508aced5bba41 479d185cd48245b4886508aced5bba41] 199.19.213.232 "GET /v2.0/networks/e691a9b3-a315-4510-bd27-0a80d011ea21?fields=provider%3Aphysical_network&fields=provider%3Anetwork_type HTTP/1.1" status: 200 len: 277 time: 0.0846844
2026-04-07 01:21:33.859 10 INFO neutron.db.ovn_revision_numbers_db [None req-18c6521e-6cac-41ca-b020-bfbe87ea47a8 0293b9205b2d4fe4bd4aa04a14e78d24 315f741c36044c2ab9414435abcb35d2 - - - -] Successfully bumped revision number for resource 4deed08e-253b-4c39-960a-c13cc647a950 (type: ports) to 5
2026-04-07 01:21:33.875 10 INFO neutron.wsgi [None req-18c6521e-6cac-41ca-b020-bfbe87ea47a8 0293b9205b2d4fe4bd4aa04a14e78d24 315f741c36044c2ab9414435abcb35d2 - - - -] 199.19.213.232 "PUT /v2.0/ports/4deed08e-253b-4c39-960a-c13cc647a950 HTTP/1.1" status: 200 len: 1330 time: 0.4387844
2026-04-07 01:21:33.889 9 INFO neutron.notifiers.nova [-] Nova event matching ['req-e21a6486-0ceb-4139-a315-24aeeb6bfa3d'] response: {'server_uuid': '8015c096-0f55-4cca-952b-9a6dee4960f9', 'name': 'network-vif-plugged', 'status': 'completed', 'tag': '4deed08e-253b-4c39-960a-c13cc647a950', 'code': 200}
2026-04-07 01:21:33.889 9 INFO neutron.notifiers.nova [-] Nova event matching ['req-e21a6486-0ceb-4139-a315-24aeeb6bfa3d'] response: {'server_uuid': '8015c096-0f55-4cca-952b-9a6dee4960f9', 'name': 'network-vif-plugged', 'status': 'completed', 'tag': '4deed08e-253b-4c39-960a-c13cc647a950', 'code': 200} /var/lib/openstack/lib/python3.10/site-packages/pycadf/identifier.py:71: UserWarning: Invalid uuid: neutron. To ensure interoperability, identifiers should be a valid uuid. warnings.warn(('Invalid uuid: %s. To ensure interoperability, '
2026-04-07 01:21:33.914 10 INFO neutron.notifiers.nova [-] Nova event matching ['req-5d38b436-8560-4101-9d2d-c2d5b0ef2824'] response: {'name': 'network-changed', 'server_uuid': '8015c096-0f55-4cca-952b-9a6dee4960f9', 'tag': '4deed08e-253b-4c39-960a-c13cc647a950', 'status': 'completed', 'code': 200} /var/lib/openstack/lib/python3.10/site-packages/pycadf/identifier.py:71: UserWarning: Invalid uuid: neutron. To ensure interoperability, identifiers should be a valid uuid. warnings.warn(('Invalid uuid: %s. To ensure interoperability, '
2026-04-07 01:21:33.967 10 INFO neutron.wsgi [None req-02868529-0616-49f4-bf31-efb9423bb6de 0293b9205b2d4fe4bd4aa04a14e78d24 315f741c36044c2ab9414435abcb35d2 - - default default] 199.19.213.232 "GET /v2.0/networks/e691a9b3-a315-4510-bd27-0a80d011ea21 HTTP/1.1" status: 200 len: 1000 time: 0.0825217
2026-04-07 01:21:33.985 9 INFO neutron.wsgi [req-e9f55a0d-c404-4c57-8d4d-f6611022f2fb req-b9102993-1769-4cd6-bd7a-612dbf5d2568 776eb9d0a78b4382ad45b382d8ef405d 83527090af144e2d9664d1f648e3fa16 - - 479d185cd48245b4886508aced5bba41 479d185cd48245b4886508aced5bba41] 199.19.213.232 "GET /v2.0/ports?tenant_id=315f741c36044c2ab9414435abcb35d2&device_id=8015c096-0f55-4cca-952b-9a6dee4960f9 HTTP/1.1" status: 200 len: 3774 time: 0.0473943
2026-04-07 01:21:34.017 10 INFO neutron.wsgi [None req-9e684035-74d2-4313-9efc-25823ac45261 0293b9205b2d4fe4bd4aa04a14e78d24 315f741c36044c2ab9414435abcb35d2 - - default default] 199.19.213.232 "GET /v2.0/subnets/c044c80d-7239-41e6-bee2-3d67ff3945a7 HTTP/1.1" status: 200 len: 849 time: 0.0428386
2026-04-07 01:21:34.052 9 INFO neutron.wsgi [-] 10.0.0.145 "GET / HTTP/1.1" status: 200 len: 247 time: 0.0023251
2026-04-07 01:21:34.054 9 INFO neutron.wsgi [-] 10.0.0.145 "GET / HTTP/1.1" status: 200 len: 247 time: 0.0014062
2026-04-07 01:21:34.070 9 INFO neutron.wsgi [req-e9f55a0d-c404-4c57-8d4d-f6611022f2fb req-bb23fc21-96ed-493f-9d76-098ac7fbc7ca 776eb9d0a78b4382ad45b382d8ef405d 83527090af144e2d9664d1f648e3fa16 - - 479d185cd48245b4886508aced5bba41 479d185cd48245b4886508aced5bba41] 199.19.213.232 "GET /v2.0/networks?id=e691a9b3-a315-4510-bd27-0a80d011ea21 HTTP/1.1" status: 200 len: 1003 time: 0.0769751
2026-04-07 01:21:34.109 9 INFO neutron.wsgi [req-e9f55a0d-c404-4c57-8d4d-f6611022f2fb req-3372b0cb-bb25-4948-896c-95547ae55d94 776eb9d0a78b4382ad45b382d8ef405d 83527090af144e2d9664d1f648e3fa16 - - 479d185cd48245b4886508aced5bba41 479d185cd48245b4886508aced5bba41] 199.19.213.232 "GET /v2.0/floatingips?fixed_ip_address=10.2.1.176&port_id=4deed08e-253b-4c39-960a-c13cc647a950 HTTP/1.1" status: 200 len: 217 time: 0.0342007
2026-04-07 01:21:34.115 10 INFO neutron.wsgi [None req-ac1e2c57-232c-4351-b27d-fc08feff66d1 0293b9205b2d4fe4bd4aa04a14e78d24 315f741c36044c2ab9414435abcb35d2 - - default default] 199.19.213.232 "GET /v2.0/extensions/security-group HTTP/1.1" status: 200 len: 369 time: 0.0070040
2026-04-07 01:21:34.125 10 INFO neutron.wsgi [None req-edb13cb2-1a7b-4e4c-bd3f-5ddfb878772b 0293b9205b2d4fe4bd4aa04a14e78d24 315f741c36044c2ab9414435abcb35d2 - - default default] 199.19.213.232 "GET /v2.0/extensions/dns-integration HTTP/1.1" status: 200 len: 371 time: 0.0043910
2026-04-07 01:21:34.133 10 INFO neutron.wsgi [None req-34945109-8c76-4118-b8e2-38608326f06a 0293b9205b2d4fe4bd4aa04a14e78d24 315f741c36044c2ab9414435abcb35d2 - - default default] 199.19.213.232 "GET /v2.0/extensions/qos HTTP/1.1" status: 200 len: 365 time: 0.0042152
2026-04-07 01:21:34.144 10 INFO neutron.wsgi [None req-b7a0efa2-0d6b-4967-8f5e-45475c470f1a 0293b9205b2d4fe4bd4aa04a14e78d24 315f741c36044c2ab9414435abcb35d2 - - default default] 199.19.213.232 "GET /v2.0/extensions/allowed-address-pairs HTTP/1.1" status: 200 len: 383 time: 0.0049789
2026-04-07 01:21:34.151 9 INFO neutron.wsgi [req-e9f55a0d-c404-4c57-8d4d-f6611022f2fb req-29e5399e-f9e8-4341-843d-d8edcb66e1f1 776eb9d0a78b4382ad45b382d8ef405d 83527090af144e2d9664d1f648e3fa16 - - 479d185cd48245b4886508aced5bba41 479d185cd48245b4886508aced5bba41] 199.19.213.232 "GET /v2.0/subnets?id=c044c80d-7239-41e6-bee2-3d67ff3945a7 HTTP/1.1" status: 200 len: 852 time: 0.0354512
2026-04-07 01:21:34.184 10 INFO neutron.wsgi [None req-8b9fc9be-de9e-446c-9f44-60890448731d 0293b9205b2d4fe4bd4aa04a14e78d24 315f741c36044c2ab9414435abcb35d2 - - default default] 199.19.213.232 "GET /v2.0/subnets/8fd55226-0f7f-4221-967f-8ed053b8e95e HTTP/1.1" status: 200 len: 851 time: 0.0333776
2026-04-07 01:21:34.185 9 INFO neutron.wsgi [req-e9f55a0d-c404-4c57-8d4d-f6611022f2fb req-bfbe7138-4170-4d3e-afee-c1ee40c0dcc3 776eb9d0a78b4382ad45b382d8ef405d 83527090af144e2d9664d1f648e3fa16 - - 479d185cd48245b4886508aced5bba41 479d185cd48245b4886508aced5bba41] 199.19.213.232 "GET /v2.0/ports?network_id=e691a9b3-a315-4510-bd27-0a80d011ea21&device_owner=network%3Adhcp HTTP/1.1" status: 200 len: 210 time: 0.0250673
2026-04-07 01:21:34.216 10 INFO neutron.wsgi [None req-286e567a-f32a-4e55-92c4-113e0444f620 0293b9205b2d4fe4bd4aa04a14e78d24 315f741c36044c2ab9414435abcb35d2 - - default default] 199.19.213.232 "GET /v2.0/ports/4f5a1fdc-d8fc-44ef-b04b-7334726b683c HTTP/1.1" status: 200 len: 1340 time: 0.0279973
2026-04-07 01:21:34.254 10 INFO neutron.wsgi [None req-0a26c091-912b-45a2-a689-be694c054cf2 0293b9205b2d4fe4bd4aa04a14e78d24 315f741c36044c2ab9414435abcb35d2 - - default default] 199.19.213.232 "GET /v2.0/ports/2e394764-c07d-4b47-aa47-436cb28b719d HTTP/1.1" status: 200 len: 1467 time: 0.0315561
2026-04-07 01:21:34.254 9 INFO neutron.wsgi [req-e9f55a0d-c404-4c57-8d4d-f6611022f2fb req-b970782c-28fb-4095-9fdf-6d54556cd368 776eb9d0a78b4382ad45b382d8ef405d 83527090af144e2d9664d1f648e3fa16 - - 479d185cd48245b4886508aced5bba41 479d185cd48245b4886508aced5bba41] 199.19.213.232 "GET /v2.0/networks/e691a9b3-a315-4510-bd27-0a80d011ea21?fields=segments HTTP/1.1" status: 200 len: 212 time: 0.0601292
2026-04-07 01:21:34.293 10 INFO neutron.wsgi [None req-d389a656-d0fa-459a-b518-33d50becad3a 0293b9205b2d4fe4bd4aa04a14e78d24 315f741c36044c2ab9414435abcb35d2 - - default default] 199.19.213.232 "GET /v2.0/subnets/8fd55226-0f7f-4221-967f-8ed053b8e95e HTTP/1.1" status: 200 len: 851 time: 0.0348370
2026-04-07 01:21:34.319 9 INFO neutron.wsgi [req-e9f55a0d-c404-4c57-8d4d-f6611022f2fb req-0acfbc3f-d2e3-4475-b62b-632e36b1e0e6 776eb9d0a78b4382ad45b382d8ef405d 83527090af144e2d9664d1f648e3fa16 - - 479d185cd48245b4886508aced5bba41 479d185cd48245b4886508aced5bba41] 199.19.213.232 "GET /v2.0/networks/e691a9b3-a315-4510-bd27-0a80d011ea21?fields=provider%3Aphysical_network&fields=provider%3Anetwork_type HTTP/1.1" status: 200 len: 277 time: 0.0586650
2026-04-07 01:21:34.365 10 INFO neutron.wsgi [None req-c7b521fa-b527-4d5d-a90c-c6f2b8d6ec8e 0293b9205b2d4fe4bd4aa04a14e78d24 315f741c36044c2ab9414435abcb35d2 - - default default] 199.19.213.232 "GET /v2.0/networks/c86398af-1587-49c0-b472-22ba8e68e3e7 HTTP/1.1" status: 200 len: 1001 time: 0.0672352
2026-04-07 01:21:34.400 10 INFO neutron.wsgi [None req-d2741811-9ea1-492b-a361-650aacec9764 0293b9205b2d4fe4bd4aa04a14e78d24 315f741c36044c2ab9414435abcb35d2 - - default default] 199.19.213.232 "GET /v2.0/ports/4f5a1fdc-d8fc-44ef-b04b-7334726b683c HTTP/1.1" status: 200 len: 1340 time: 0.0282168
2026-04-07 01:21:34.452 10 INFO neutron.wsgi [None req-8c65e0e3-dde9-40ec-ac38-3f8d542f6769 0293b9205b2d4fe4bd4aa04a14e78d24 315f741c36044c2ab9414435abcb35d2 - - default default] 199.19.213.232 "GET /v2.0/subnets/8fd55226-0f7f-4221-967f-8ed053b8e95e HTTP/1.1" status: 200 len: 851 time: 0.0468495
2026-04-07 01:21:39.894 10 INFO neutron.wsgi [None req-03e3bb29-14f0-499c-ae00-352ab4cbf6c2 0293b9205b2d4fe4bd4aa04a14e78d24 315f741c36044c2ab9414435abcb35d2 - - default default] 10.0.0.95 "GET /v2.0/extensions/security-group HTTP/1.1" status: 200 len: 369 time: 0.0097883
2026-04-07 01:21:39.906 10 INFO neutron.wsgi [None req-04765413-080d-469f-bfd9-6ed40075058d 0293b9205b2d4fe4bd4aa04a14e78d24 315f741c36044c2ab9414435abcb35d2 - - default default] 10.0.0.95 "GET /v2.0/extensions/dns-integration HTTP/1.1" status: 200 len: 371 time: 0.0049448
2026-04-07 01:21:39.915 10 INFO neutron.wsgi [None req-d96ee7dc-324d-47b8-bd1a-def647cb487a 0293b9205b2d4fe4bd4aa04a14e78d24 315f741c36044c2ab9414435abcb35d2 - - default default] 10.0.0.95 "GET /v2.0/extensions/qos HTTP/1.1" status: 200 len: 365 time: 0.0054023
2026-04-07 01:21:39.928 10 INFO neutron.wsgi [None req-2a0bd99b-3bc5-40da-91b3-5057edc63b14 0293b9205b2d4fe4bd4aa04a14e78d24 315f741c36044c2ab9414435abcb35d2 - - default default] 10.0.0.95 "GET /v2.0/extensions/allowed-address-pairs HTTP/1.1" status: 200 len: 383 time: 0.0066819
2026-04-07 01:21:40.268 9 INFO neutron.wsgi [-] 10.0.0.95 "GET / HTTP/1.1" status: 200 len: 284 time: 0.0026717
2026-04-07 01:21:40.313 9 INFO neutron.wsgi [None req-a3ae15fc-92dd-457e-a49c-8256bfe10cba 250eec61fec44f4091fd58e4ca378bee a518a32e9e4c423ea7cedbb15011f540 - - default default] 10.0.0.95 "GET /v2.0/subnets/98b03d8f-c110-42d8-a674-eb863ad93199 HTTP/1.1" status: 200 len: 831 time: 0.0403996
2026-04-07 01:21:40.669 10 INFO neutron.wsgi [None req-5f170011-3b53-44d5-8e28-532264d61be4 0293b9205b2d4fe4bd4aa04a14e78d24 315f741c36044c2ab9414435abcb35d2 - - default default] 199.19.213.232 "GET /v2.0/extensions/security-group HTTP/1.1" status: 200 len: 369 time: 0.0058944
2026-04-07 01:21:40.676 10 INFO neutron.wsgi [None req-7b9f4464-2da5-4cc8-9cdf-039702e26141 0293b9205b2d4fe4bd4aa04a14e78d24 315f741c36044c2ab9414435abcb35d2 - - default default] 199.19.213.232 "GET /v2.0/extensions/dns-integration HTTP/1.1" status: 200 len: 371 time: 0.0044103
2026-04-07 01:21:40.685 10 INFO neutron.wsgi [None req-77e751a3-20fe-4361-98af-1f0a30743bb8 0293b9205b2d4fe4bd4aa04a14e78d24 315f741c36044c2ab9414435abcb35d2 - - default default] 199.19.213.232 "GET /v2.0/extensions/qos HTTP/1.1" status: 200 len: 365 time: 0.0043049
2026-04-07 01:21:40.694 10 INFO neutron.wsgi [None req-ff544200-8f4d-48ee-8887-29ab32d3940a 0293b9205b2d4fe4bd4aa04a14e78d24 315f741c36044c2ab9414435abcb35d2 - - default default] 199.19.213.232 "GET /v2.0/extensions/allowed-address-pairs HTTP/1.1" status: 200 len: 383 time: 0.0045056
2026-04-07 01:21:40.733 10 INFO neutron.wsgi [None req-ab0bc55d-c8e3-4f3d-a9c1-0603ddab2345 0293b9205b2d4fe4bd4aa04a14e78d24 315f741c36044c2ab9414435abcb35d2 - - default default] 199.19.213.232 "GET /v2.0/subnets/c044c80d-7239-41e6-bee2-3d67ff3945a7 HTTP/1.1" status: 200 len: 849 time: 0.0329490
2026-04-07 01:21:40.771 10 INFO neutron.wsgi [None req-f610b0a6-2a40-45cd-8ed1-96c03bcf397a 0293b9205b2d4fe4bd4aa04a14e78d24 315f741c36044c2ab9414435abcb35d2 - - default default] 199.19.213.232 "GET /v2.0/subnets/98b03d8f-c110-42d8-a674-eb863ad93199 HTTP/1.1" status: 200 len: 849 time: 0.0331669
2026-04-07 01:21:40.813 10 INFO neutron.wsgi [None req-5da28402-74f9-41c7-9b77-671b30aa8a13 0293b9205b2d4fe4bd4aa04a14e78d24 315f741c36044c2ab9414435abcb35d2 - - default default] 199.19.213.232 "GET /v2.0/ports?device_id=8015c096-0f55-4cca-952b-9a6dee4960f9 HTTP/1.1" status: 200 len: 3774 time: 0.0355229
2026-04-07 01:21:40.919 10 INFO neutron.wsgi [None req-7cbf24b4-2d8a-4f23-a7b2-31f8531af1de 0293b9205b2d4fe4bd4aa04a14e78d24 315f741c36044c2ab9414435abcb35d2 - - default default] 199.19.213.232 "GET /v2.0/extensions/security-group HTTP/1.1" status: 200 len: 369 time: 0.0105340
2026-04-07 01:21:40.927 10 INFO neutron.wsgi [None req-f9e08a60-652e-4201-a16e-050c10911000 0293b9205b2d4fe4bd4aa04a14e78d24 315f741c36044c2ab9414435abcb35d2 - - default default] 199.19.213.232 "GET /v2.0/extensions/dns-integration HTTP/1.1" status: 200 len: 371 time: 0.0045815
2026-04-07 01:21:40.941 10 INFO neutron.wsgi [None req-10e58961-5c9c-417a-b8ce-327e77e89d4a 0293b9205b2d4fe4bd4aa04a14e78d24 315f741c36044c2ab9414435abcb35d2 - - default default] 199.19.213.232 "GET /v2.0/extensions/qos HTTP/1.1" status: 200 len: 365 time: 0.0101938
2026-04-07 01:21:40.952 10 INFO neutron.wsgi [None req-5e31cb29-a18f-4ae6-841d-2da27fbef68c 0293b9205b2d4fe4bd4aa04a14e78d24 315f741c36044c2ab9414435abcb35d2 - - default default] 199.19.213.232 "GET /v2.0/extensions/allowed-address-pairs HTTP/1.1" status: 200 len: 383 time: 0.0051701
2026-04-07 01:21:41.134 9 INFO neutron.wsgi [req-f9c82488-be17-4bad-9ce4-22470d7e427f req-373925ca-f698-4695-91ed-f13b09f13658 776eb9d0a78b4382ad45b382d8ef405d 83527090af144e2d9664d1f648e3fa16 - - 479d185cd48245b4886508aced5bba41 479d185cd48245b4886508aced5bba41] 199.19.213.232 "GET /v2.0/networks/67ec7c1b-b342-4b28-9457-c39031213391?fields=segments HTTP/1.1" status: 200 len: 212 time: 0.0766678
2026-04-07 01:21:41.210 9 INFO neutron.wsgi [req-f9c82488-be17-4bad-9ce4-22470d7e427f req-86ae2ed8-6bc9-4d73-851d-7762f4e21846 776eb9d0a78b4382ad45b382d8ef405d 83527090af144e2d9664d1f648e3fa16 - - 479d185cd48245b4886508aced5bba41 479d185cd48245b4886508aced5bba41] 199.19.213.232 "GET /v2.0/networks/67ec7c1b-b342-4b28-9457-c39031213391?fields=provider%3Aphysical_network&fields=provider%3Anetwork_type HTTP/1.1" status: 200 len: 277 time: 0.0703166
2026-04-07 01:21:41.284 9 INFO neutron.wsgi [req-f9c82488-be17-4bad-9ce4-22470d7e427f req-6b4cde9a-0775-4897-80a3-211805982467 0293b9205b2d4fe4bd4aa04a14e78d24 315f741c36044c2ab9414435abcb35d2 - - default default] 199.19.213.232 "GET /v2.0/networks?id=67ec7c1b-b342-4b28-9457-c39031213391 HTTP/1.1" status: 200 len: 1003 time: 0.0576594
2026-04-07 01:21:41.571 9 WARNING neutron.scheduler.dhcp_agent_scheduler [None req-e81e94c5-8a2c-4c39-96f6-d0b381ee2cbc 0293b9205b2d4fe4bd4aa04a14e78d24 315f741c36044c2ab9414435abcb35d2 - - - -] No more DHCP agents
2026-04-07 01:21:41.573 9 WARNING neutron.api.rpc.agentnotifiers.dhcp_rpc_agent_api [None req-e81e94c5-8a2c-4c39-96f6-d0b381ee2cbc 0293b9205b2d4fe4bd4aa04a14e78d24 315f741c36044c2ab9414435abcb35d2 - - - -] Unable to schedule network 67ec7c1b-b342-4b28-9457-c39031213391: no agents available; will retry on subsequent port and subnet creation events.
2026-04-07 01:21:41.743 9 INFO neutron.db.ovn_revision_numbers_db [None req-e81e94c5-8a2c-4c39-96f6-d0b381ee2cbc 0293b9205b2d4fe4bd4aa04a14e78d24 315f741c36044c2ab9414435abcb35d2 - - - -] Successfully bumped revision number for resource eddd8aad-3fa3-4a5e-ace9-c898a8f070c1 (type: ports) to 1
2026-04-07 01:21:41.762 9 INFO neutron.wsgi [None req-e81e94c5-8a2c-4c39-96f6-d0b381ee2cbc 0293b9205b2d4fe4bd4aa04a14e78d24 315f741c36044c2ab9414435abcb35d2 - - - -] 199.19.213.232 "POST /v2.0/ports HTTP/1.1" status: 201 len: 1512 time: 0.4717443 /var/lib/openstack/lib/python3.10/site-packages/pycadf/identifier.py:71: UserWarning: Invalid uuid: neutron. To ensure interoperability, identifiers should be a valid uuid. warnings.warn(('Invalid uuid: %s. To ensure interoperability, '
2026-04-07 01:21:42.152 9 INFO neutron.db.ovn_revision_numbers_db [None req-3d131dfb-d039-4e6a-b197-977ee907ee69 776eb9d0a78b4382ad45b382d8ef405d 83527090af144e2d9664d1f648e3fa16 - - - -] Successfully bumped revision number for resource eddd8aad-3fa3-4a5e-ace9-c898a8f070c1 (type: ports) to 2
2026-04-07 01:21:42.315 9 INFO neutron.db.ovn_revision_numbers_db [None req-3d131dfb-d039-4e6a-b197-977ee907ee69 776eb9d0a78b4382ad45b382d8ef405d 83527090af144e2d9664d1f648e3fa16 - - - -] Successfully bumped revision number for resource eddd8aad-3fa3-4a5e-ace9-c898a8f070c1 (type: ports) to 2
2026-04-07 01:21:42.328 9 INFO neutron.wsgi [None req-3d131dfb-d039-4e6a-b197-977ee907ee69 776eb9d0a78b4382ad45b382d8ef405d 83527090af144e2d9664d1f648e3fa16 - - - -] 199.19.213.232 "PUT /v2.0/ports/eddd8aad-3fa3-4a5e-ace9-c898a8f070c1 HTTP/1.1" status: 200 len: 1561 time: 0.5603819
2026-04-07 01:21:42.366 9 INFO neutron.notifiers.nova [-] Nova event matching ['req-f22634d8-8f6c-42a1-be6e-7090cce88755'] response: {'name': 'network-changed', 'server_uuid': '8015c096-0f55-4cca-952b-9a6dee4960f9', 'tag': 'eddd8aad-3fa3-4a5e-ace9-c898a8f070c1', 'status': 'completed', 'code': 200} /var/lib/openstack/lib/python3.10/site-packages/pycadf/identifier.py:71: UserWarning: Invalid uuid: neutron. To ensure interoperability, identifiers should be a valid uuid. warnings.warn(('Invalid uuid: %s. To ensure interoperability, '
2026-04-07 01:21:42.406 9 INFO neutron.wsgi [req-f9c82488-be17-4bad-9ce4-22470d7e427f req-59b5948d-23a0-4a67-8183-c7778ed6fa5c 776eb9d0a78b4382ad45b382d8ef405d 83527090af144e2d9664d1f648e3fa16 - - 479d185cd48245b4886508aced5bba41 479d185cd48245b4886508aced5bba41] 199.19.213.232 "GET /v2.0/ports?tenant_id=315f741c36044c2ab9414435abcb35d2&device_id=8015c096-0f55-4cca-952b-9a6dee4960f9 HTTP/1.1" status: 200 len: 5155 time: 0.0365252
2026-04-07 01:21:42.440 9 INFO neutron.wsgi [req-f9c82488-be17-4bad-9ce4-22470d7e427f req-f4863a6a-d1e6-4263-8d01-3734104ad014 776eb9d0a78b4382ad45b382d8ef405d 83527090af144e2d9664d1f648e3fa16 - - 479d185cd48245b4886508aced5bba41 479d185cd48245b4886508aced5bba41] 199.19.213.232 "GET /v2.0/floatingips?fixed_ip_address=172.24.3.95&port_id=850a835a-73a4-4ee8-b006-e7970eab87c6 HTTP/1.1" status: 200 len: 217 time: 0.0263505
2026-04-07 01:21:42.473 9 INFO neutron.wsgi [req-f9c82488-be17-4bad-9ce4-22470d7e427f req-97014c2e-aa8c-418b-af47-de7623c034b0 776eb9d0a78b4382ad45b382d8ef405d 83527090af144e2d9664d1f648e3fa16 - - 479d185cd48245b4886508aced5bba41 479d185cd48245b4886508aced5bba41] 199.19.213.232 "GET /v2.0/subnets?id=374e0cad-f0f6-4856-838a-a25bd8b0d95d HTTP/1.1" status: 200 len: 829 time: 0.0242970
2026-04-07 01:21:42.497 9 INFO neutron.wsgi [req-f9c82488-be17-4bad-9ce4-22470d7e427f req-9b74e10b-dab7-4aea-9782-1271cdf15c93 776eb9d0a78b4382ad45b382d8ef405d 83527090af144e2d9664d1f648e3fa16 - - 479d185cd48245b4886508aced5bba41 479d185cd48245b4886508aced5bba41] 199.19.213.232 "GET /v2.0/ports?network_id=c3f8a37a-b815-43de-85f6-71de6839d42e&device_owner=network%3Adhcp HTTP/1.1" status: 200 len: 210 time: 0.0162511
2026-04-07 01:21:42.568 9 INFO neutron.wsgi [req-f9c82488-be17-4bad-9ce4-22470d7e427f req-3bd5a52a-ef32-4163-a29d-1df403b15e5c 776eb9d0a78b4382ad45b382d8ef405d 83527090af144e2d9664d1f648e3fa16 - - 479d185cd48245b4886508aced5bba41 479d185cd48245b4886508aced5bba41] 199.19.213.232 "GET /v2.0/networks/c3f8a37a-b815-43de-85f6-71de6839d42e?fields=segments HTTP/1.1" status: 200 len: 212 time: 0.0646851
2026-04-07 01:21:42.641 9 INFO neutron.wsgi [req-f9c82488-be17-4bad-9ce4-22470d7e427f req-ab684077-6327-4692-92fb-eb057e565759 776eb9d0a78b4382ad45b382d8ef405d 83527090af144e2d9664d1f648e3fa16 - - 479d185cd48245b4886508aced5bba41 479d185cd48245b4886508aced5bba41] 199.19.213.232 "GET /v2.0/networks/c3f8a37a-b815-43de-85f6-71de6839d42e?fields=provider%3Aphysical_network&fields=provider%3Anetwork_type HTTP/1.1" status: 200 len: 277 time: 0.0634005
2026-04-07 01:21:42.679 9 INFO neutron.wsgi [req-f9c82488-be17-4bad-9ce4-22470d7e427f req-5d477eea-f28b-48f2-860a-2b7c4c9f3922 776eb9d0a78b4382ad45b382d8ef405d 83527090af144e2d9664d1f648e3fa16 - - 479d185cd48245b4886508aced5bba41 479d185cd48245b4886508aced5bba41] 199.19.213.232 "GET /v2.0/floatingips?fixed_ip_address=10.1.1.13&port_id=2e394764-c07d-4b47-aa47-436cb28b719d HTTP/1.1" status: 200 len: 217 time: 0.0294323
2026-04-07 01:21:42.718 9 INFO neutron.wsgi [req-f9c82488-be17-4bad-9ce4-22470d7e427f req-fd39a4be-1dbb-4e6c-b4a9-b33d177057f2 776eb9d0a78b4382ad45b382d8ef405d 83527090af144e2d9664d1f648e3fa16 - - 479d185cd48245b4886508aced5bba41 479d185cd48245b4886508aced5bba41] 199.19.213.232 "GET /v2.0/subnets?id=8fd55226-0f7f-4221-967f-8ed053b8e95e HTTP/1.1" status: 200 len: 854 time: 0.0316076
2026-04-07 01:21:42.744 9 INFO neutron.wsgi [req-f9c82488-be17-4bad-9ce4-22470d7e427f req-1207194e-ec7b-4fd2-a4df-655d83c45016 776eb9d0a78b4382ad45b382d8ef405d 83527090af144e2d9664d1f648e3fa16 - - 479d185cd48245b4886508aced5bba41 479d185cd48245b4886508aced5bba41] 199.19.213.232 "GET /v2.0/ports?network_id=c86398af-1587-49c0-b472-22ba8e68e3e7&device_owner=network%3Adhcp HTTP/1.1" status: 200 len: 210 time: 0.0198777
2026-04-07 01:21:42.798 9 INFO neutron.wsgi [req-f9c82488-be17-4bad-9ce4-22470d7e427f req-495539c9-9834-4fd6-b82a-0eb864b1bda7 776eb9d0a78b4382ad45b382d8ef405d 83527090af144e2d9664d1f648e3fa16 - - 479d185cd48245b4886508aced5bba41 479d185cd48245b4886508aced5bba41] 199.19.213.232 "GET /v2.0/networks/c86398af-1587-49c0-b472-22ba8e68e3e7?fields=segments HTTP/1.1" status: 200 len: 212 time: 0.0501380
2026-04-07 01:21:42.883 9 INFO neutron.wsgi [req-f9c82488-be17-4bad-9ce4-22470d7e427f req-257a66c3-663e-4483-bae0-c4ef1a87442c 776eb9d0a78b4382ad45b382d8ef405d 83527090af144e2d9664d1f648e3fa16 - - 479d185cd48245b4886508aced5bba41 479d185cd48245b4886508aced5bba41] 199.19.213.232 "GET /v2.0/networks/c86398af-1587-49c0-b472-22ba8e68e3e7?fields=provider%3Aphysical_network&fields=provider%3Anetwork_type HTTP/1.1" status: 200 len: 277 time: 0.0682368
2026-04-07 01:21:42.919 9 INFO neutron.wsgi [req-f9c82488-be17-4bad-9ce4-22470d7e427f req-ac51eea6-6045-44be-95c5-17f12557e03c 776eb9d0a78b4382ad45b382d8ef405d 83527090af144e2d9664d1f648e3fa16 - - 479d185cd48245b4886508aced5bba41 479d185cd48245b4886508aced5bba41] 199.19.213.232 "GET /v2.0/floatingips?fixed_ip_address=10.2.1.176&port_id=4deed08e-253b-4c39-960a-c13cc647a950 HTTP/1.1" status: 200 len: 217 time: 0.0258222
2026-04-07 01:21:42.957 9 INFO neutron.wsgi [req-f9c82488-be17-4bad-9ce4-22470d7e427f req-0324ffd8-76c8-45fd-a2f3-96aafc56014d 776eb9d0a78b4382ad45b382d8ef405d 83527090af144e2d9664d1f648e3fa16 - - 479d185cd48245b4886508aced5bba41 479d185cd48245b4886508aced5bba41] 199.19.213.232 "GET /v2.0/subnets?id=c044c80d-7239-41e6-bee2-3d67ff3945a7 HTTP/1.1" status: 200 len: 852 time: 0.0299435
2026-04-07 01:21:42.986 9 INFO neutron.wsgi [req-f9c82488-be17-4bad-9ce4-22470d7e427f req-50b9981e-3645-46fa-9e00-cf7210cf002d 776eb9d0a78b4382ad45b382d8ef405d 83527090af144e2d9664d1f648e3fa16 - - 479d185cd48245b4886508aced5bba41 479d185cd48245b4886508aced5bba41] 199.19.213.232 "GET /v2.0/ports?network_id=e691a9b3-a315-4510-bd27-0a80d011ea21&device_owner=network%3Adhcp HTTP/1.1" status: 200 len: 210 time: 0.0202265
2026-04-07 01:21:43.042 9 INFO neutron.wsgi [req-f9c82488-be17-4bad-9ce4-22470d7e427f req-fd7f01c8-09c6-440f-832a-900796300343 776eb9d0a78b4382ad45b382d8ef405d 83527090af144e2d9664d1f648e3fa16 - - 479d185cd48245b4886508aced5bba41 479d185cd48245b4886508aced5bba41] 199.19.213.232 "GET /v2.0/networks/e691a9b3-a315-4510-bd27-0a80d011ea21?fields=segments HTTP/1.1" status: 200 len: 212 time: 0.0488050
2026-04-07 01:21:43.112 9 INFO neutron.wsgi [req-f9c82488-be17-4bad-9ce4-22470d7e427f req-1e3d3ff2-23e1-4e67-a94f-706eb7dc5827 776eb9d0a78b4382ad45b382d8ef405d 83527090af144e2d9664d1f648e3fa16 - - 479d185cd48245b4886508aced5bba41 479d185cd48245b4886508aced5bba41] 199.19.213.232 "GET /v2.0/networks/e691a9b3-a315-4510-bd27-0a80d011ea21?fields=provider%3Aphysical_network&fields=provider%3Anetwork_type HTTP/1.1" status: 200 len: 277 time: 0.0620725
2026-04-07 01:21:43.151 9 INFO neutron.wsgi [req-f9c82488-be17-4bad-9ce4-22470d7e427f req-322a6fcc-7e1b-45f1-b847-6a59766d4014 776eb9d0a78b4382ad45b382d8ef405d 83527090af144e2d9664d1f648e3fa16 - - 479d185cd48245b4886508aced5bba41 479d185cd48245b4886508aced5bba41] 199.19.213.232 "GET /v2.0/floatingips?fixed_ip_address=10.2.2.216&port_id=eddd8aad-3fa3-4a5e-ace9-c898a8f070c1 HTTP/1.1" status: 200 len: 217 time: 0.0333576
2026-04-07 01:21:43.185 9 INFO neutron.wsgi [req-f9c82488-be17-4bad-9ce4-22470d7e427f req-4c673d8d-9e9a-44cf-916a-16c8207294f0 776eb9d0a78b4382ad45b382d8ef405d 83527090af144e2d9664d1f648e3fa16 - - 479d185cd48245b4886508aced5bba41 479d185cd48245b4886508aced5bba41] 199.19.213.232 "GET /v2.0/floatingips?fixed_ip_address=fd77%3A1457%3A4cf0%3A26a8%3A%3A36a&port_id=eddd8aad-3fa3-4a5e-ace9-c898a8f070c1 HTTP/1.1" status: 200 len: 217 time: 0.0237312
2026-04-07 01:21:43.197 10 INFO neutron.wsgi [req-e27eda13-06be-489e-8d8d-c22c73853029 req-2895b0e3-53c5-4e58-b01a-aff3dddbfa37 776eb9d0a78b4382ad45b382d8ef405d 83527090af144e2d9664d1f648e3fa16 - - 479d185cd48245b4886508aced5bba41 479d185cd48245b4886508aced5bba41] 199.19.213.232 "GET /v2.0/ports?device_id=bf03a865-8d30-455f-af09-e796e350d1de&fields=binding%3Ahost_id&fields=binding%3Avif_type HTTP/1.1" status: 200 len: 265 time: 0.0362372
2026-04-07 01:21:43.239 9 INFO neutron.wsgi [req-f9c82488-be17-4bad-9ce4-22470d7e427f req-d51299b2-4712-4376-b296-17e5438023ed 776eb9d0a78b4382ad45b382d8ef405d 83527090af144e2d9664d1f648e3fa16 - - 479d185cd48245b4886508aced5bba41 479d185cd48245b4886508aced5bba41] 199.19.213.232 "GET /v2.0/subnets?id=98b03d8f-c110-42d8-a674-eb863ad93199&id=13202cc4-bb89-4e55-86e7-095eb1368359 HTTP/1.1" status: 200 len: 1567 time: 0.0466378
2026-04-07 01:21:43.249 10 INFO neutron.wsgi [req-e27eda13-06be-489e-8d8d-c22c73853029 req-f7ea63e6-33f5-41b9-a335-b55495fa4046 776eb9d0a78b4382ad45b382d8ef405d 83527090af144e2d9664d1f648e3fa16 - - 479d185cd48245b4886508aced5bba41 479d185cd48245b4886508aced5bba41] 199.19.213.232 "GET /v2.0/ports?tenant_id=a518a32e9e4c423ea7cedbb15011f540&device_id=bf03a865-8d30-455f-af09-e796e350d1de HTTP/1.1" status: 200 len: 1586 time: 0.0357051
2026-04-07 01:21:43.268 9 INFO neutron.wsgi [req-f9c82488-be17-4bad-9ce4-22470d7e427f req-5e235a34-ccdc-43c3-87b9-779ee5001d84 776eb9d0a78b4382ad45b382d8ef405d 83527090af144e2d9664d1f648e3fa16 - - 479d185cd48245b4886508aced5bba41 479d185cd48245b4886508aced5bba41] 199.19.213.232 "GET /v2.0/ports?network_id=67ec7c1b-b342-4b28-9457-c39031213391&device_owner=network%3Adhcp HTTP/1.1" status: 200 len: 210 time: 0.0211077
2026-04-07 01:21:43.293 9 INFO neutron.wsgi [req-f9c82488-be17-4bad-9ce4-22470d7e427f req-a2631cc5-c18b-4ef1-8cc8-a3128f56df26 776eb9d0a78b4382ad45b382d8ef405d 83527090af144e2d9664d1f648e3fa16 - - 479d185cd48245b4886508aced5bba41 479d185cd48245b4886508aced5bba41] 199.19.213.232 "GET /v2.0/ports?network_id=67ec7c1b-b342-4b28-9457-c39031213391&device_owner=network%3Adhcp HTTP/1.1" status: 200 len: 210 time: 0.0201991
2026-04-07 01:21:43.354 10 INFO neutron.wsgi [req-e27eda13-06be-489e-8d8d-c22c73853029 req-b09bdfbb-2c66-48b0-92e4-066c71ced7e2 776eb9d0a78b4382ad45b382d8ef405d 83527090af144e2d9664d1f648e3fa16 - - 479d185cd48245b4886508aced5bba41 479d185cd48245b4886508aced5bba41] 199.19.213.232 "GET /v2.0/networks?id=67ec7c1b-b342-4b28-9457-c39031213391 HTTP/1.1" status: 200 len: 1003 time: 0.0855441
2026-04-07 01:21:43.361 9 INFO neutron.wsgi [req-f9c82488-be17-4bad-9ce4-22470d7e427f req-0a51d162-9d38-4b3c-be5f-7b3121d93c8a 776eb9d0a78b4382ad45b382d8ef405d 83527090af144e2d9664d1f648e3fa16 - - 479d185cd48245b4886508aced5bba41 479d185cd48245b4886508aced5bba41] 199.19.213.232 "GET /v2.0/networks/67ec7c1b-b342-4b28-9457-c39031213391?fields=segments HTTP/1.1" status: 200 len: 212 time: 0.0615437
2026-04-07 01:21:43.412 10 INFO neutron.wsgi [req-e27eda13-06be-489e-8d8d-c22c73853029 req-926f9fd4-677d-45a6-a29a-4aa5f02bf633 776eb9d0a78b4382ad45b382d8ef405d 83527090af144e2d9664d1f648e3fa16 - - 479d185cd48245b4886508aced5bba41 479d185cd48245b4886508aced5bba41] 199.19.213.232 "GET /v2.0/floatingips?fixed_ip_address=10.2.2.37&port_id=244ee171-be05-4d54-a45c-9ab7b1154c63 HTTP/1.1" status: 200 len: 1058 time: 0.0495865
2026-04-07 01:21:43.413 9 INFO neutron.wsgi [req-f9c82488-be17-4bad-9ce4-22470d7e427f req-41232265-d855-42cf-8ef9-df287e1aeb04 776eb9d0a78b4382ad45b382d8ef405d 83527090af144e2d9664d1f648e3fa16 - - 479d185cd48245b4886508aced5bba41 479d185cd48245b4886508aced5bba41] 199.19.213.232 "GET /v2.0/networks/67ec7c1b-b342-4b28-9457-c39031213391?fields=provider%3Aphysical_network&fields=provider%3Anetwork_type HTTP/1.1" status: 200 len: 277 time: 0.0469906
2026-04-07 01:21:43.451 10 INFO neutron.wsgi [req-e27eda13-06be-489e-8d8d-c22c73853029 req-19412796-574c-427d-9928-6643e05f0406 776eb9d0a78b4382ad45b382d8ef405d 83527090af144e2d9664d1f648e3fa16 - - 479d185cd48245b4886508aced5bba41 479d185cd48245b4886508aced5bba41] 199.19.213.232 "GET /v2.0/floatingips?fixed_ip_address=fd77%3A1457%3A4cf0%3A26a8%3A%3A40&port_id=244ee171-be05-4d54-a45c-9ab7b1154c63 HTTP/1.1" status: 200 len: 217 time: 0.0286372
2026-04-07 01:21:43.501 10 INFO neutron.wsgi [req-e27eda13-06be-489e-8d8d-c22c73853029 req-946d5422-e518-4550-a3f4-26aa09aef6cf 776eb9d0a78b4382ad45b382d8ef405d 83527090af144e2d9664d1f648e3fa16 - - 479d185cd48245b4886508aced5bba41 479d185cd48245b4886508aced5bba41] 199.19.213.232 "GET /v2.0/subnets?id=98b03d8f-c110-42d8-a674-eb863ad93199&id=13202cc4-bb89-4e55-86e7-095eb1368359 HTTP/1.1" status: 200 len: 1567 time: 0.0396192
2026-04-07 01:21:43.504 9 INFO neutron.plugins.ml2.drivers.ovn.mech_driver.mech_driver [None req-3b29fbaa-dd5d-48a8-aed6-98c94a3c5d39 - - - - - -] OVN reports status up for port: eddd8aad-3fa3-4a5e-ace9-c898a8f070c1
2026-04-07 01:21:43.508 9 INFO neutron.wsgi [req-4a7b36d7-108b-4faf-99cd-1f45ed49d3db req-1114675a-0f3e-4091-82be-3e8134321d5c 776eb9d0a78b4382ad45b382d8ef405d 83527090af144e2d9664d1f648e3fa16 - - 479d185cd48245b4886508aced5bba41 479d185cd48245b4886508aced5bba41] 199.19.213.232 "GET /v2.0/ports?tenant_id=315f741c36044c2ab9414435abcb35d2&device_id=8015c096-0f55-4cca-952b-9a6dee4960f9 HTTP/1.1" status: 200 len: 5155 time: 0.0450094
2026-04-07 01:21:43.517 9 INFO neutron.plugins.ml2.plugin [None req-3b29fbaa-dd5d-48a8-aed6-98c94a3c5d39 - - - - - -] Attempt 1 to provision port eddd8aad-3fa3-4a5e-ace9-c898a8f070c1
2026-04-07 01:21:43.547 10 INFO neutron.wsgi [req-e27eda13-06be-489e-8d8d-c22c73853029 req-3ead6538-75e2-41a4-9662-489d0a5eba4f 776eb9d0a78b4382ad45b382d8ef405d 83527090af144e2d9664d1f648e3fa16 - - 479d185cd48245b4886508aced5bba41 479d185cd48245b4886508aced5bba41] 199.19.213.232 "GET /v2.0/ports?network_id=67ec7c1b-b342-4b28-9457-c39031213391&device_owner=network%3Adhcp HTTP/1.1" status: 200 len: 210 time: 0.0274367
2026-04-07 01:21:43.578 10 INFO neutron.wsgi [req-e27eda13-06be-489e-8d8d-c22c73853029 req-915ac920-8b64-4d32-8aa1-bb62e494475b 776eb9d0a78b4382ad45b382d8ef405d 83527090af144e2d9664d1f648e3fa16 - - 479d185cd48245b4886508aced5bba41 479d185cd48245b4886508aced5bba41] 199.19.213.232 "GET /v2.0/ports?network_id=67ec7c1b-b342-4b28-9457-c39031213391&device_owner=network%3Adhcp HTTP/1.1" status: 200 len: 210 time: 0.0267391
2026-04-07 01:21:43.603 9 INFO neutron.wsgi [req-4a7b36d7-108b-4faf-99cd-1f45ed49d3db req-cea84e38-183d-4cbf-bb21-9e35336d8dc1 776eb9d0a78b4382ad45b382d8ef405d 83527090af144e2d9664d1f648e3fa16 - - 479d185cd48245b4886508aced5bba41 479d185cd48245b4886508aced5bba41] 199.19.213.232 "GET /v2.0/networks?id=67ec7c1b-b342-4b28-9457-c39031213391 HTTP/1.1" status: 200 len: 1003 time: 0.0838585
2026-04-07 01:21:43.632 9 INFO neutron.wsgi [req-4a7b36d7-108b-4faf-99cd-1f45ed49d3db req-d7b6daca-51cf-4dd8-9b7b-b15d320a89f5 776eb9d0a78b4382ad45b382d8ef405d 83527090af144e2d9664d1f648e3fa16 - - 479d185cd48245b4886508aced5bba41 479d185cd48245b4886508aced5bba41] 199.19.213.232 "GET /v2.0/floatingips?fixed_ip_address=10.2.2.216&port_id=eddd8aad-3fa3-4a5e-ace9-c898a8f070c1 HTTP/1.1" status: 200 len: 217 time: 0.0224109
2026-04-07 01:21:43.653 10 INFO neutron.wsgi [req-e27eda13-06be-489e-8d8d-c22c73853029 req-de536cb0-c100-4dac-9918-88ff65b004bc 776eb9d0a78b4382ad45b382d8ef405d 83527090af144e2d9664d1f648e3fa16 - - 479d185cd48245b4886508aced5bba41 479d185cd48245b4886508aced5bba41] 199.19.213.232 "GET /v2.0/networks/67ec7c1b-b342-4b28-9457-c39031213391?fields=segments HTTP/1.1" status: 200 len: 212 time: 0.0664580
2026-04-07 01:21:43.664 9 INFO neutron.wsgi [req-4a7b36d7-108b-4faf-99cd-1f45ed49d3db req-b97bc799-0926-42d2-b412-e8752355a130 776eb9d0a78b4382ad45b382d8ef405d 83527090af144e2d9664d1f648e3fa16 - - 479d185cd48245b4886508aced5bba41 479d185cd48245b4886508aced5bba41] 199.19.213.232 "GET /v2.0/floatingips?fixed_ip_address=fd77%3A1457%3A4cf0%3A26a8%3A%3A36a&port_id=eddd8aad-3fa3-4a5e-ace9-c898a8f070c1 HTTP/1.1" status: 200 len: 217 time: 0.0273068
2026-04-07 01:21:43.723 9 INFO neutron.wsgi [req-4a7b36d7-108b-4faf-99cd-1f45ed49d3db req-ffff8463-3e2d-42d2-91b5-7bcb65d564c8 776eb9d0a78b4382ad45b382d8ef405d 83527090af144e2d9664d1f648e3fa16 - - 479d185cd48245b4886508aced5bba41 479d185cd48245b4886508aced5bba41] 199.19.213.232 "GET /v2.0/subnets?id=98b03d8f-c110-42d8-a674-eb863ad93199&id=13202cc4-bb89-4e55-86e7-095eb1368359 HTTP/1.1" status: 200 len: 1567 time: 0.0501966
2026-04-07 01:21:43.725 10 INFO neutron.wsgi [req-f9c82488-be17-4bad-9ce4-22470d7e427f req-8f8824f2-2d3c-4cc5-a4cf-7f753a94729b 0293b9205b2d4fe4bd4aa04a14e78d24 315f741c36044c2ab9414435abcb35d2 - - default default] 10.0.0.229 "GET /v2.0/ports/eddd8aad-3fa3-4a5e-ace9-c898a8f070c1 HTTP/1.1" status: 200 len: 1591 time: 0.0455382
2026-04-07 01:21:43.733 10 INFO neutron.wsgi [req-e27eda13-06be-489e-8d8d-c22c73853029 req-554aec5b-8cfa-4b09-a054-0d416c7931dc 776eb9d0a78b4382ad45b382d8ef405d 83527090af144e2d9664d1f648e3fa16 - - 479d185cd48245b4886508aced5bba41 479d185cd48245b4886508aced5bba41] 199.19.213.232 "GET /v2.0/networks/67ec7c1b-b342-4b28-9457-c39031213391?fields=provider%3Aphysical_network&fields=provider%3Anetwork_type HTTP/1.1" status: 200 len: 277 time: 0.0738883
2026-04-07 01:21:43.755 9 INFO neutron.wsgi [req-4a7b36d7-108b-4faf-99cd-1f45ed49d3db req-c36f1673-e1fd-4e8a-afd9-d5283c6dbd1f 776eb9d0a78b4382ad45b382d8ef405d 83527090af144e2d9664d1f648e3fa16 - - 479d185cd48245b4886508aced5bba41 479d185cd48245b4886508aced5bba41] 199.19.213.232 "GET /v2.0/ports?network_id=67ec7c1b-b342-4b28-9457-c39031213391&device_owner=network%3Adhcp HTTP/1.1" status: 200 len: 210 time: 0.0223763
2026-04-07 01:21:43.771 10 INFO neutron.wsgi [None req-d009492a-7e5a-479c-b61b-34118699bda0 0293b9205b2d4fe4bd4aa04a14e78d24 315f741c36044c2ab9414435abcb35d2 - - default default] 199.19.213.232 "GET /v2.0/ports/eddd8aad-3fa3-4a5e-ace9-c898a8f070c1 HTTP/1.1" status: 200 len: 1591 time: 0.0375354
2026-04-07 01:21:43.781 9 INFO neutron.wsgi [req-4a7b36d7-108b-4faf-99cd-1f45ed49d3db req-49740b15-6868-4ece-871a-ea66b301c86b 776eb9d0a78b4382ad45b382d8ef405d 83527090af144e2d9664d1f648e3fa16 - - 479d185cd48245b4886508aced5bba41 479d185cd48245b4886508aced5bba41] 199.19.213.232 "GET /v2.0/ports?network_id=67ec7c1b-b342-4b28-9457-c39031213391&device_owner=network%3Adhcp HTTP/1.1" status: 200 len: 210 time: 0.0190341
2026-04-07 01:21:43.811 10 INFO neutron.wsgi [None req-6ed180cb-5c07-4126-a838-509fd7aca7ab 0293b9205b2d4fe4bd4aa04a14e78d24 315f741c36044c2ab9414435abcb35d2 - - default default] 199.19.213.232 "GET /v2.0/ports/eddd8aad-3fa3-4a5e-ace9-c898a8f070c1 HTTP/1.1" status: 200 len: 1591 time: 0.0353570
2026-04-07 01:21:43.860 9 INFO neutron.wsgi [req-4a7b36d7-108b-4faf-99cd-1f45ed49d3db req-9dadd2d5-e093-4ea0-8961-ce152f98c635 776eb9d0a78b4382ad45b382d8ef405d 83527090af144e2d9664d1f648e3fa16 - - 479d185cd48245b4886508aced5bba41 479d185cd48245b4886508aced5bba41] 199.19.213.232 "GET /v2.0/networks/67ec7c1b-b342-4b28-9457-c39031213391?fields=segments HTTP/1.1" status: 200 len: 212 time: 0.0708194
2026-04-07 01:21:43.873 9 INFO neutron.db.ovn_revision_numbers_db [None req-3b29fbaa-dd5d-48a8-aed6-98c94a3c5d39 - - - - - -] Successfully bumped revision number for resource eddd8aad-3fa3-4a5e-ace9-c898a8f070c1 (type: ports) to 4
2026-04-07 01:21:43.948 9 INFO neutron.wsgi [req-4a7b36d7-108b-4faf-99cd-1f45ed49d3db req-d14a57de-b70b-487c-81b0-9d1d047de556 776eb9d0a78b4382ad45b382d8ef405d 83527090af144e2d9664d1f648e3fa16 - - 479d185cd48245b4886508aced5bba41 479d185cd48245b4886508aced5bba41] 199.19.213.232 "GET /v2.0/networks/67ec7c1b-b342-4b28-9457-c39031213391?fields=provider%3Aphysical_network&fields=provider%3Anetwork_type HTTP/1.1" status: 200 len: 277 time: 0.0805213
2026-04-07 01:21:44.226 10 INFO neutron.db.ovn_revision_numbers_db [None req-8185a23b-0b38-406d-a341-1932f45cab27 0293b9205b2d4fe4bd4aa04a14e78d24 315f741c36044c2ab9414435abcb35d2 - - - -] Successfully bumped revision number for resource eddd8aad-3fa3-4a5e-ace9-c898a8f070c1 (type: ports) to 5
2026-04-07 01:21:44.236 10 INFO neutron.wsgi [None req-8185a23b-0b38-406d-a341-1932f45cab27 0293b9205b2d4fe4bd4aa04a14e78d24 315f741c36044c2ab9414435abcb35d2 - - - -] 199.19.213.232 "PUT /v2.0/ports/eddd8aad-3fa3-4a5e-ace9-c898a8f070c1 HTTP/1.1" status: 200 len: 1330 time: 0.4165080 /var/lib/openstack/lib/python3.10/site-packages/pycadf/identifier.py:71: UserWarning: Invalid uuid: neutron. To ensure interoperability, identifiers should be a valid uuid. warnings.warn(('Invalid uuid: %s. To ensure interoperability, '
2026-04-07 01:21:44.280 10 INFO neutron.notifiers.nova [-] Nova event matching ['req-61f56876-bb6c-4896-9f5f-a486444612dc'] response: {'name': 'network-changed', 'server_uuid': '8015c096-0f55-4cca-952b-9a6dee4960f9', 'tag': 'eddd8aad-3fa3-4a5e-ace9-c898a8f070c1', 'status': 'completed', 'code': 200} /var/lib/openstack/lib/python3.10/site-packages/pycadf/identifier.py:71: UserWarning: Invalid uuid: neutron. To ensure interoperability, identifiers should be a valid uuid. warnings.warn(('Invalid uuid: %s. To ensure interoperability, '
2026-04-07 01:21:44.303 10 INFO neutron.wsgi [None req-dff1ecc3-fdcb-40f3-b7ef-d3ecf3fa41c5 0293b9205b2d4fe4bd4aa04a14e78d24 315f741c36044c2ab9414435abcb35d2 - - default default] 199.19.213.232 "GET /v2.0/networks/67ec7c1b-b342-4b28-9457-c39031213391 HTTP/1.1" status: 200 len: 1000 time: 0.0577424
2026-04-07 01:21:44.338 10 INFO neutron.wsgi [None req-90be452f-6986-484a-b121-5814f9c12a00 0293b9205b2d4fe4bd4aa04a14e78d24 315f741c36044c2ab9414435abcb35d2 - - default default] 199.19.213.232 "GET /v2.0/subnets/98b03d8f-c110-42d8-a674-eb863ad93199 HTTP/1.1" status: 200 len: 849 time: 0.0321147
2026-04-07 01:21:44.340 9 INFO neutron.wsgi [req-b210a106-3ab2-4ff9-b97a-3e7c7d4cc22a req-493fbc7e-0b39-4721-8cb5-710247a8ad9b 776eb9d0a78b4382ad45b382d8ef405d 83527090af144e2d9664d1f648e3fa16 - - 479d185cd48245b4886508aced5bba41 479d185cd48245b4886508aced5bba41] 199.19.213.232 "GET /v2.0/ports?tenant_id=315f741c36044c2ab9414435abcb35d2&device_id=8015c096-0f55-4cca-952b-9a6dee4960f9 HTTP/1.1" status: 200 len: 4924 time: 0.0441105
2026-04-07 01:21:44.414 9 INFO neutron.notifiers.nova [-] Nova event matching ['req-8684dfaf-84b4-4245-96ad-11a1ba7b86b2'] response: {'server_uuid': '8015c096-0f55-4cca-952b-9a6dee4960f9', 'name': 'network-vif-plugged', 'status': 'completed', 'tag': 'eddd8aad-3fa3-4a5e-ace9-c898a8f070c1', 'code': 200}
2026-04-07 01:21:44.414 9 INFO neutron.notifiers.nova [-] Nova event matching ['req-8684dfaf-84b4-4245-96ad-11a1ba7b86b2'] response: {'server_uuid': '8015c096-0f55-4cca-952b-9a6dee4960f9', 'name': 'network-vif-plugged', 'status': 'completed', 'tag': 'eddd8aad-3fa3-4a5e-ace9-c898a8f070c1', 'code': 200}
2026-04-07 01:21:44.420 10 INFO neutron.wsgi [None req-5494b2c2-49ff-490a-aa81-1f3c751998f7 0293b9205b2d4fe4bd4aa04a14e78d24 315f741c36044c2ab9414435abcb35d2 - - default default] 199.19.213.232 "GET /v2.0/extensions/security-group HTTP/1.1" status: 200 len: 369 time: 0.0073786
2026-04-07 01:21:44.428 10 INFO neutron.wsgi [None req-2f0d2514-3f23-41d8-871a-62a25904e5b8 0293b9205b2d4fe4bd4aa04a14e78d24 315f741c36044c2ab9414435abcb35d2 - - default default] 199.19.213.232 "GET /v2.0/extensions/dns-integration HTTP/1.1" status: 200 len: 371 time: 0.0041540
2026-04-07 01:21:44.435 9 INFO neutron.wsgi [req-b210a106-3ab2-4ff9-b97a-3e7c7d4cc22a req-aa487052-7017-4d78-9756-e402acfaa742 776eb9d0a78b4382ad45b382d8ef405d 83527090af144e2d9664d1f648e3fa16 - - 479d185cd48245b4886508aced5bba41 479d185cd48245b4886508aced5bba41] 199.19.213.232 "GET /v2.0/networks?id=67ec7c1b-b342-4b28-9457-c39031213391 HTTP/1.1" status: 200 len: 1003 time: 0.0866103
