2026-04-07 01:19:43.507 9 INFO neutron.notifiers.nova [-] Nova event matching ['req-d5b09690-3877-4c8b-9e41-f4b953a7e4b6'] response: {'name': 'network-changed', 'server_uuid': '111331d5-cf61-4b4c-b649-776268936ac5', 'tag': 'bc504fb3-f2c7-4f07-9f90-b2ce25936456', 'status': 'completed', 'code': 200} /var/lib/openstack/lib/python3.10/site-packages/pycadf/identifier.py:71: UserWarning: Invalid uuid: neutron. To ensure interoperability, identifiers should be a valid uuid. warnings.warn(('Invalid uuid: %s. To ensure interoperability, '
2026-04-07 01:19:43.540 9 INFO neutron.wsgi [req-1ae18d68-8109-4185-aed6-5c89d895ca7a req-4b136cd2-2938-43b4-a8a6-4fd3f6855e28 776eb9d0a78b4382ad45b382d8ef405d 83527090af144e2d9664d1f648e3fa16 - - 479d185cd48245b4886508aced5bba41 479d185cd48245b4886508aced5bba41] 199.19.213.232 "GET /v2.0/ports?tenant_id=a518a32e9e4c423ea7cedbb15011f540&device_id=111331d5-cf61-4b4c-b649-776268936ac5 HTTP/1.1" status: 200 len: 1580 time: 0.0386767
2026-04-07 01:19:43.580 9 INFO neutron.wsgi [req-1ae18d68-8109-4185-aed6-5c89d895ca7a req-81dff60d-455c-4f1f-863b-4e1370870c45 776eb9d0a78b4382ad45b382d8ef405d 83527090af144e2d9664d1f648e3fa16 - - 479d185cd48245b4886508aced5bba41 479d185cd48245b4886508aced5bba41] 199.19.213.232 "GET /v2.0/floatingips?fixed_ip_address=10.2.1.75&port_id=bc504fb3-f2c7-4f07-9f90-b2ce25936456 HTTP/1.1" status: 200 len: 217 time: 0.0351715
2026-04-07 01:19:43.614 9 INFO neutron.wsgi [req-1ae18d68-8109-4185-aed6-5c89d895ca7a req-3f218c7a-bf20-4160-9b74-ced0a3ecc7d8 776eb9d0a78b4382ad45b382d8ef405d 83527090af144e2d9664d1f648e3fa16 - - 479d185cd48245b4886508aced5bba41 479d185cd48245b4886508aced5bba41] 199.19.213.232 "GET /v2.0/floatingips?fixed_ip_address=fd7b%3Af9f7%3Afff%3A4eca%3A%3Adb&port_id=bc504fb3-f2c7-4f07-9f90-b2ce25936456 HTTP/1.1" status: 200 len: 217 time: 0.0272372
2026-04-07 01:19:43.650 9 INFO neutron.wsgi [req-1ae18d68-8109-4185-aed6-5c89d895ca7a req-c66a05a1-d493-4491-a054-c03e0e9873ab 776eb9d0a78b4382ad45b382d8ef405d 83527090af144e2d9664d1f648e3fa16 - - 479d185cd48245b4886508aced5bba41 479d185cd48245b4886508aced5bba41] 199.19.213.232 "GET /v2.0/subnets?id=20566d77-54b4-4de2-8669-b57ad5cce852&id=c044c80d-7239-41e6-bee2-3d67ff3945a7 HTTP/1.1" status: 200 len: 1561 time: 0.0327284
2026-04-07 01:19:43.679 9 INFO neutron.wsgi [req-1ae18d68-8109-4185-aed6-5c89d895ca7a req-7f6754bd-bfca-4d57-b991-bdb75b5967de 776eb9d0a78b4382ad45b382d8ef405d 83527090af144e2d9664d1f648e3fa16 - - 479d185cd48245b4886508aced5bba41 479d185cd48245b4886508aced5bba41] 199.19.213.232 "GET /v2.0/ports?network_id=e691a9b3-a315-4510-bd27-0a80d011ea21&device_owner=network%3Adhcp HTTP/1.1" status: 200 len: 210 time: 0.0203018
2026-04-07 01:19:43.709 9 INFO neutron.wsgi [req-1ae18d68-8109-4185-aed6-5c89d895ca7a req-c47a6642-c44f-4a42-b33a-723fa6780a4f 776eb9d0a78b4382ad45b382d8ef405d 83527090af144e2d9664d1f648e3fa16 - - 479d185cd48245b4886508aced5bba41 479d185cd48245b4886508aced5bba41] 199.19.213.232 "GET /v2.0/ports?network_id=e691a9b3-a315-4510-bd27-0a80d011ea21&device_owner=network%3Adhcp HTTP/1.1" status: 200 len: 210 time: 0.0220854
2026-04-07 01:19:43.788 9 INFO neutron.wsgi [req-1ae18d68-8109-4185-aed6-5c89d895ca7a req-210528b1-cb78-4334-8307-2d826e113ba0 776eb9d0a78b4382ad45b382d8ef405d 83527090af144e2d9664d1f648e3fa16 - - 479d185cd48245b4886508aced5bba41 479d185cd48245b4886508aced5bba41] 199.19.213.232 "GET /v2.0/networks/e691a9b3-a315-4510-bd27-0a80d011ea21?fields=segments HTTP/1.1" status: 200 len: 212 time: 0.0722272
2026-04-07 01:19:43.854 9 INFO neutron.wsgi [req-1ae18d68-8109-4185-aed6-5c89d895ca7a req-fe856790-23da-4380-bf35-3a2e3f013235 776eb9d0a78b4382ad45b382d8ef405d 83527090af144e2d9664d1f648e3fa16 - - 479d185cd48245b4886508aced5bba41 479d185cd48245b4886508aced5bba41] 199.19.213.232 "GET /v2.0/networks/e691a9b3-a315-4510-bd27-0a80d011ea21?fields=provider%3Aphysical_network&fields=provider%3Anetwork_type HTTP/1.1" status: 200 len: 277 time: 0.0567462
2026-04-07 01:19:43.935 9 INFO neutron.wsgi [req-2ea72697-7b75-40aa-bec8-744185ed6433 req-11cb1fd2-5a88-4213-9c72-99b3a4ff49e5 776eb9d0a78b4382ad45b382d8ef405d 83527090af144e2d9664d1f648e3fa16 - - 479d185cd48245b4886508aced5bba41 479d185cd48245b4886508aced5bba41] 199.19.213.232 "GET /v2.0/ports?tenant_id=a518a32e9e4c423ea7cedbb15011f540&device_id=111331d5-cf61-4b4c-b649-776268936ac5 HTTP/1.1" status: 200 len: 1580 time: 0.0446279
2026-04-07 01:19:44.004 9 INFO neutron.wsgi [req-2ea72697-7b75-40aa-bec8-744185ed6433 req-22785b35-f038-4f61-8de6-2658d3380a6b 776eb9d0a78b4382ad45b382d8ef405d 83527090af144e2d9664d1f648e3fa16 - - 479d185cd48245b4886508aced5bba41 479d185cd48245b4886508aced5bba41] 199.19.213.232 "GET /v2.0/networks?id=e691a9b3-a315-4510-bd27-0a80d011ea21 HTTP/1.1" status: 200 len: 1003 time: 0.0600431
2026-04-07 01:19:44.050 9 INFO neutron.wsgi [req-2ea72697-7b75-40aa-bec8-744185ed6433 req-8486d6f9-754a-4ae8-b31c-2ac2a7ef1d75 776eb9d0a78b4382ad45b382d8ef405d 83527090af144e2d9664d1f648e3fa16 - - 479d185cd48245b4886508aced5bba41 479d185cd48245b4886508aced5bba41] 199.19.213.232 "GET /v2.0/floatingips?fixed_ip_address=10.2.1.75&port_id=bc504fb3-f2c7-4f07-9f90-b2ce25936456 HTTP/1.1" status: 200 len: 217 time: 0.0328596
2026-04-07 01:19:44.085 9 INFO neutron.wsgi [req-2ea72697-7b75-40aa-bec8-744185ed6433 req-e5b53941-ca6f-4bba-8545-ea380e4005f3 776eb9d0a78b4382ad45b382d8ef405d 83527090af144e2d9664d1f648e3fa16 - - 479d185cd48245b4886508aced5bba41 479d185cd48245b4886508aced5bba41] 199.19.213.232 "GET /v2.0/floatingips?fixed_ip_address=fd7b%3Af9f7%3Afff%3A4eca%3A%3Adb&port_id=bc504fb3-f2c7-4f07-9f90-b2ce25936456 HTTP/1.1" status: 200 len: 217 time: 0.0289819
2026-04-07 01:19:44.140 9 INFO neutron.wsgi [req-2ea72697-7b75-40aa-bec8-744185ed6433 req-afaa8860-6fd8-4e83-b191-258e1c210127 776eb9d0a78b4382ad45b382d8ef405d 83527090af144e2d9664d1f648e3fa16 - - 479d185cd48245b4886508aced5bba41 479d185cd48245b4886508aced5bba41] 199.19.213.232 "GET /v2.0/subnets?id=20566d77-54b4-4de2-8669-b57ad5cce852&id=c044c80d-7239-41e6-bee2-3d67ff3945a7 HTTP/1.1" status: 200 len: 1561 time: 0.0471175
2026-04-07 01:19:44.186 9 INFO neutron.wsgi [req-2ea72697-7b75-40aa-bec8-744185ed6433 req-977a88d2-3ec5-461c-a0ab-0f65dcc83bbf 776eb9d0a78b4382ad45b382d8ef405d 83527090af144e2d9664d1f648e3fa16 - - 479d185cd48245b4886508aced5bba41 479d185cd48245b4886508aced5bba41] 199.19.213.232 "GET /v2.0/ports?network_id=e691a9b3-a315-4510-bd27-0a80d011ea21&device_owner=network%3Adhcp HTTP/1.1" status: 200 len: 210 time: 0.0403185
2026-04-07 01:19:44.221 9 INFO neutron.wsgi [req-2ea72697-7b75-40aa-bec8-744185ed6433 req-9f32fca5-89e6-4a71-b4a9-d9f33e17ede3 776eb9d0a78b4382ad45b382d8ef405d 83527090af144e2d9664d1f648e3fa16 - - 479d185cd48245b4886508aced5bba41 479d185cd48245b4886508aced5bba41] 199.19.213.232 "GET /v2.0/ports?network_id=e691a9b3-a315-4510-bd27-0a80d011ea21&device_owner=network%3Adhcp HTTP/1.1" status: 200 len: 210 time: 0.0276299
2026-04-07 01:19:44.286 9 INFO neutron.wsgi [req-2ea72697-7b75-40aa-bec8-744185ed6433 req-04c5d7e7-2ecb-4573-ac43-58551d19dac9 776eb9d0a78b4382ad45b382d8ef405d 83527090af144e2d9664d1f648e3fa16 - - 479d185cd48245b4886508aced5bba41 479d185cd48245b4886508aced5bba41] 199.19.213.232 "GET /v2.0/networks/e691a9b3-a315-4510-bd27-0a80d011ea21?fields=segments HTTP/1.1" status: 200 len: 212 time: 0.0599828
2026-04-07 01:19:44.343 9 INFO neutron.wsgi [req-2ea72697-7b75-40aa-bec8-744185ed6433 req-edd3ffc4-3a52-4d95-993b-fc73cdb190ab 776eb9d0a78b4382ad45b382d8ef405d 83527090af144e2d9664d1f648e3fa16 - - 479d185cd48245b4886508aced5bba41 479d185cd48245b4886508aced5bba41] 199.19.213.232 "GET /v2.0/networks/e691a9b3-a315-4510-bd27-0a80d011ea21?fields=provider%3Aphysical_network&fields=provider%3Anetwork_type HTTP/1.1" status: 200 len: 277 time: 0.0496736
2026-04-07 01:19:44.850 9 WARNING neutron.plugins.ml2.drivers.ovn.mech_driver.ovsdb.ovn_client [None req-3b29fbaa-dd5d-48a8-aed6-98c94a3c5d39 - - - - - -] No hosting information found for port 5f335a70-e980-4402-b9ac-2aa2a3ccc7a2: RuntimeError: No hosting information found for port 5f335a70-e980-4402-b9ac-2aa2a3ccc7a2
2026-04-07 01:19:44.850 9 INFO neutron.plugins.ml2.drivers.ovn.mech_driver.mech_driver [None req-3b29fbaa-dd5d-48a8-aed6-98c94a3c5d39 - - - - - -] OVN reports status up for port: 15bb9d69-3893-4163-b21f-6c767af1e04f
2026-04-07 01:19:44.859 9 INFO neutron.plugins.ml2.plugin [None req-3b29fbaa-dd5d-48a8-aed6-98c94a3c5d39 - - - - - -] Attempt 1 to provision port 15bb9d69-3893-4163-b21f-6c767af1e04f
2026-04-07 01:19:45.087 9 INFO neutron.db.ovn_revision_numbers_db [None req-3b29fbaa-dd5d-48a8-aed6-98c94a3c5d39 - - - - - -] Successfully bumped revision number for resource 15bb9d69-3893-4163-b21f-6c767af1e04f (type: ports) to 3
2026-04-07 01:19:45.198 9 INFO neutron.db.ovn_revision_numbers_db [None req-3b29fbaa-dd5d-48a8-aed6-98c94a3c5d39 - - - - - -] Successfully bumped revision number for resource 15bb9d69-3893-4163-b21f-6c767af1e04f (type: router_ports) to 3
2026-04-07 01:19:46.291 10 INFO neutron.wsgi [req-aa732155-9469-4142-9b43-bff954204f31 req-2b6f030f-d7c9-4aa6-8442-77d8cdc7d0af 250eec61fec44f4091fd58e4ca378bee a518a32e9e4c423ea7cedbb15011f540 - - default default] 10.0.0.229 "GET /v2.0/ports?device_id=111331d5-cf61-4b4c-b649-776268936ac5 HTTP/1.1" status: 200 len: 1390 time: 0.0711327
2026-04-07 01:19:46.326 10 INFO neutron.wsgi [req-aa732155-9469-4142-9b43-bff954204f31 req-f0a71f59-5953-435f-bdd4-3c4def4d0d7f 250eec61fec44f4091fd58e4ca378bee a518a32e9e4c423ea7cedbb15011f540 - - default default] 10.0.0.229 "GET /v2.0/security-groups?id=38612c84-bc60-4e01-9b99-d55bae20e718&fields=id&fields=name HTTP/1.1" status: 200 len: 310 time: 0.0271170
2026-04-07 01:19:47.723 10 INFO neutron.wsgi [None req-f100b2a6-c2d6-46a7-9e6f-4c7e51dc2c08 0ebb1ef32d944cce99ade4c37a42b226 96d476f747cb47f88c6a584583b5edf4 - - - -] 10.0.0.131 "POST /v2.0/qos/policies HTTP/1.1" status: 201 len: 558 time: 0.2301171
2026-04-07 01:19:47.784 10 INFO neutron.wsgi [None req-e00ff1fd-5c7a-4599-bfdb-97085d667048 0ebb1ef32d944cce99ade4c37a42b226 96d476f747cb47f88c6a584583b5edf4 - - - -] 10.0.0.131 "POST /v2.0/qos/policies HTTP/1.1" status: 201 len: 558 time: 0.0564594
2026-04-07 01:19:47.843 9 INFO neutron.wsgi [None req-70be78db-efc2-4734-9e2a-fe96e580c44a 0ebb1ef32d944cce99ade4c37a42b226 96d476f747cb47f88c6a584583b5edf4 - - - -] 10.0.0.131 "POST /v2.0/qos/policies HTTP/1.1" status: 201 len: 558 time: 0.0541067
2026-04-07 01:19:47.890 9 INFO neutron.wsgi [None req-443391a5-df10-47ea-b51d-737683b69802 0ebb1ef32d944cce99ade4c37a42b226 96d476f747cb47f88c6a584583b5edf4 - - - -] 10.0.0.131 "POST /v2.0/qos/policies HTTP/1.1" status: 201 len: 558 time: 0.0405655
2026-04-07 01:19:47.937 10 INFO neutron.wsgi [None req-2bb9601b-8a8a-4e20-aa4c-3bb4a5d4a035 0ebb1ef32d944cce99ade4c37a42b226 96d476f747cb47f88c6a584583b5edf4 - - - -] 10.0.0.131 "POST /v2.0/qos/policies HTTP/1.1" status: 201 len: 558 time: 0.0390091
2026-04-07 01:19:47.971 10 INFO neutron.wsgi [None req-10115b03-283d-47af-a9fc-5bb8e962c5e5 0ebb1ef32d944cce99ade4c37a42b226 96d476f747cb47f88c6a584583b5edf4 - - - -] 10.0.0.131 "PUT /v2.0/policies/9ff70c83-e076-4286-942e-c50305abf6cc/tags HTTP/1.1" status: 200 len: 210 time: 0.0295794
2026-04-07 01:19:48.001 9 INFO neutron.wsgi [None req-f2d288e2-c314-4484-b6e0-0a0e80e1495e 0ebb1ef32d944cce99ade4c37a42b226 96d476f747cb47f88c6a584583b5edf4 - - - -] 10.0.0.131 "PUT /v2.0/policies/718361a7-6423-4542-8633-26c1f257f2c8/tags HTTP/1.1" status: 200 len: 218 time: 0.0272338
2026-04-07 01:19:48.037 9 INFO neutron.wsgi [None req-981d5964-34ff-4ece-9b60-1bfee1b8a831 0ebb1ef32d944cce99ade4c37a42b226 96d476f747cb47f88c6a584583b5edf4 - - - -] 10.0.0.131 "PUT /v2.0/policies/32ec7fa9-2d37-4f21-b602-712ca75aa295/tags HTTP/1.1" status: 200 len: 227 time: 0.0319216
2026-04-07 01:19:48.070 9 INFO neutron.wsgi [None req-5f8ec224-5546-48af-8154-be884b25c6fa 0ebb1ef32d944cce99ade4c37a42b226 96d476f747cb47f88c6a584583b5edf4 - - - -] 10.0.0.131 "PUT /v2.0/policies/42f70bde-4bd4-44bf-9d5f-2507f6b6fb6a/tags HTTP/1.1" status: 200 len: 212 time: 0.0195534
2026-04-07 01:19:48.542 9 INFO neutron.wsgi [None req-767cfe68-9f2d-4b2e-8daa-d4a1e3d9fdba e81e5b68ef5c4c148ef2011062604d0a 450e556ac0ea4853b8e20ead762e2106 - - default default] 10.0.0.131 "GET /v2.0/qos/policies?tags=red HTTP/1.1" status: 200 len: 1296 time: 0.1286547
2026-04-07 01:19:48.596 9 INFO neutron.wsgi [None req-cd4a7b30-77bb-4f6b-a8c4-80f30285193c e81e5b68ef5c4c148ef2011062604d0a 450e556ac0ea4853b8e20ead762e2106 - - default default] 10.0.0.131 "GET /v2.0/qos/policies?tags=red%2Cblue HTTP/1.1" status: 200 len: 941 time: 0.0498595
2026-04-07 01:19:48.659 10 INFO neutron.wsgi [None req-98e808ff-7b8d-4c16-8b28-585b97d7ebfa e81e5b68ef5c4c148ef2011062604d0a 450e556ac0ea4853b8e20ead762e2106 - - default default] 10.0.0.131 "GET /v2.0/qos/policies?tags-any=blue HTTP/1.1" status: 200 len: 941 time: 0.0565231
2026-04-07 01:19:48.727 10 INFO neutron.wsgi [None req-964676ee-12ef-46d0-8b1a-fc3be9a5e914 e81e5b68ef5c4c148ef2011062604d0a 450e556ac0ea4853b8e20ead762e2106 - - default default] 10.0.0.131 "GET /v2.0/qos/policies?tags-any=red%2Cblue HTTP/1.1" status: 200 len: 1296 time: 0.0621295
2026-04-07 01:19:48.789 10 INFO neutron.wsgi [None req-acd281d8-e11e-45d4-a2f1-53384972c8d8 e81e5b68ef5c4c148ef2011062604d0a 450e556ac0ea4853b8e20ead762e2106 - - default default] 10.0.0.131 "GET /v2.0/qos/policies?not-tags=red HTTP/1.1" status: 200 len: 913 time: 0.0564494
2026-04-07 01:19:48.870 10 INFO neutron.wsgi [None req-6f891c8c-adff-4a7e-b778-9d521d0998a5 e81e5b68ef5c4c148ef2011062604d0a 450e556ac0ea4853b8e20ead762e2106 - - default default] 10.0.0.131 "GET /v2.0/qos/policies?not-tags=red%2Cblue HTTP/1.1" status: 200 len: 1268 time: 0.0759711
2026-04-07 01:19:48.946 10 INFO neutron.wsgi [None req-e8d27414-8b64-48e7-95a5-7a56ae8105e6 e81e5b68ef5c4c148ef2011062604d0a 450e556ac0ea4853b8e20ead762e2106 - - default default] 10.0.0.131 "GET /v2.0/qos/policies?not-tags-any=blue HTTP/1.1" status: 200 len: 1268 time: 0.0699720
2026-04-07 01:19:49.003 10 INFO neutron.wsgi [None req-8d71e91f-22a7-4103-a7d0-ad3fe45f40f1 e81e5b68ef5c4c148ef2011062604d0a 450e556ac0ea4853b8e20ead762e2106 - - default default] 10.0.0.131 "GET /v2.0/qos/policies?not-tags-any=red%2Cblue HTTP/1.1" status: 200 len: 913 time: 0.0526965
2026-04-07 01:19:49.051 9 INFO neutron.wsgi [-] 10.0.0.145 "GET / HTTP/1.1" status: 200 len: 247 time: 0.0027695
2026-04-07 01:19:49.054 9 INFO neutron.wsgi [-] 10.0.0.145 "GET / HTTP/1.1" status: 200 len: 247 time: 0.0019143
2026-04-07 01:19:49.066 10 INFO neutron.wsgi [None req-19bc54f5-fe15-4f59-8498-6cd8f813c63a 0ebb1ef32d944cce99ade4c37a42b226 96d476f747cb47f88c6a584583b5edf4 - - - -] 10.0.0.131 "DELETE /v2.0/qos/policies/9ff70c83-e076-4286-942e-c50305abf6cc HTTP/1.1" status: 204 len: 168 time: 0.0570636
2026-04-07 01:19:49.122 10 INFO neutron.wsgi [None req-0d0445eb-1f8e-4b84-b21b-f39ec6a355b0 0ebb1ef32d944cce99ade4c37a42b226 96d476f747cb47f88c6a584583b5edf4 - - - -] 10.0.0.131 "DELETE /v2.0/qos/policies/718361a7-6423-4542-8633-26c1f257f2c8 HTTP/1.1" status: 204 len: 168 time: 0.0516312
2026-04-07 01:19:49.180 10 INFO neutron.wsgi [None req-b1e1acc5-923b-43f4-a0e4-7316ab769640 0ebb1ef32d944cce99ade4c37a42b226 96d476f747cb47f88c6a584583b5edf4 - - - -] 10.0.0.131 "DELETE /v2.0/qos/policies/32ec7fa9-2d37-4f21-b602-712ca75aa295 HTTP/1.1" status: 204 len: 168 time: 0.0530202
2026-04-07 01:19:49.243 10 INFO neutron.wsgi [None req-6104668f-0703-4a8b-a3de-21c89f531670 0ebb1ef32d944cce99ade4c37a42b226 96d476f747cb47f88c6a584583b5edf4 - - - -] 10.0.0.131 "DELETE /v2.0/qos/policies/42f70bde-4bd4-44bf-9d5f-2507f6b6fb6a HTTP/1.1" status: 204 len: 168 time: 0.0576143
2026-04-07 01:19:49.321 9 INFO neutron.wsgi [None req-c6cc3a99-ec7a-4ce7-9356-6f79ef80ef7d 0ebb1ef32d944cce99ade4c37a42b226 96d476f747cb47f88c6a584583b5edf4 - - - -] 10.0.0.131 "DELETE /v2.0/qos/policies/0f9011ba-871a-42ff-9467-0acc4fa12793 HTTP/1.1" status: 204 len: 168 time: 0.0720510
2026-04-07 01:19:50.305 9 WARNING neutron.plugins.ml2.drivers.ovn.mech_driver.ovsdb.ovn_client [None req-3b29fbaa-dd5d-48a8-aed6-98c94a3c5d39 - - - - - -] No hosting information found for port 15bb9d69-3893-4163-b21f-6c767af1e04f: RuntimeError: No hosting information found for port 15bb9d69-3893-4163-b21f-6c767af1e04f
2026-04-07 01:19:50.305 9 INFO neutron.plugins.ml2.drivers.ovn.mech_driver.mech_driver [None req-3b29fbaa-dd5d-48a8-aed6-98c94a3c5d39 - - - - - -] OVN reports status up for port: bc504fb3-f2c7-4f07-9f90-b2ce25936456
2026-04-07 01:19:50.324 9 INFO neutron.plugins.ml2.plugin [None req-3b29fbaa-dd5d-48a8-aed6-98c94a3c5d39 - - - - - -] Attempt 1 to provision port bc504fb3-f2c7-4f07-9f90-b2ce25936456
2026-04-07 01:19:50.455 9 INFO neutron.db.ovn_revision_numbers_db [None req-7bf6be3f-0cc0-4093-8834-542b01d2697e 0293b9205b2d4fe4bd4aa04a14e78d24 315f741c36044c2ab9414435abcb35d2 - - default default] Successfully bumped revision number for resource c8e76ecc-b289-4911-a289-6af90cb31d07 (type: security_groups) to 1
2026-04-07 01:19:50.480 9 INFO neutron.notifiers.nova [-] Nova event matching ['req-30cda45f-4611-4e71-a27f-9b9ab9a11906'] response: {'server_uuid': '111331d5-cf61-4b4c-b649-776268936ac5', 'name': 'network-vif-plugged', 'status': 'completed', 'tag': 'bc504fb3-f2c7-4f07-9f90-b2ce25936456', 'code': 200}
2026-04-07 01:19:50.504 9 INFO neutron.wsgi [None req-7bf6be3f-0cc0-4093-8834-542b01d2697e 0293b9205b2d4fe4bd4aa04a14e78d24 315f741c36044c2ab9414435abcb35d2 - - default default] 10.0.0.131 "GET /v2.0/security-groups?tenant_id=96d476f747cb47f88c6a584583b5edf4&name=default HTTP/1.1" status: 200 len: 3000 time: 0.4051087
2026-04-07 01:19:50.653 9 INFO neutron.db.ovn_revision_numbers_db [None req-3b29fbaa-dd5d-48a8-aed6-98c94a3c5d39 - - - - - -] Successfully bumped revision number for resource bc504fb3-f2c7-4f07-9f90-b2ce25936456 (type: ports) to 4
2026-04-07 01:19:50.748 10 INFO neutron.wsgi [None req-288b7148-b6f9-4b75-9637-8c6c51987a4a 0293b9205b2d4fe4bd4aa04a14e78d24 315f741c36044c2ab9414435abcb35d2 - - - -] 10.0.0.131 "DELETE /v2.0/security-groups/c8e76ecc-b289-4911-a289-6af90cb31d07 HTTP/1.1" status: 204 len: 168 time: 0.2360575
2026-04-07 01:19:50.946 10 INFO neutron.db.ovn_revision_numbers_db [None req-69880acc-f9c3-4d12-afb2-f5ca335f50a7 0293b9205b2d4fe4bd4aa04a14e78d24 315f741c36044c2ab9414435abcb35d2 - - default default] Successfully bumped revision number for resource a9988a1c-8c35-4175-a03e-d4281d769c87 (type: security_groups) to 1
2026-04-07 01:19:50.973 10 INFO neutron.wsgi [None req-69880acc-f9c3-4d12-afb2-f5ca335f50a7 0293b9205b2d4fe4bd4aa04a14e78d24 315f741c36044c2ab9414435abcb35d2 - - default default] 10.0.0.131 "GET /v2.0/security-groups?tenant_id=61a63d64946542749a7762fd5b51536b&name=default HTTP/1.1" status: 200 len: 3000 time: 0.1213610
2026-04-07 01:19:51.151 10 INFO neutron.wsgi [None req-7ea09a38-425b-4859-b5b1-c3f45ef62e0d 0293b9205b2d4fe4bd4aa04a14e78d24 315f741c36044c2ab9414435abcb35d2 - - - -] 10.0.0.131 "DELETE /v2.0/security-groups/a9988a1c-8c35-4175-a03e-d4281d769c87 HTTP/1.1" status: 204 len: 168 time: 0.1730466
2026-04-07 01:19:51.422 10 INFO neutron.db.ovn_revision_numbers_db [None req-8753e15d-0492-4205-a671-82fd4cb38385 0293b9205b2d4fe4bd4aa04a14e78d24 315f741c36044c2ab9414435abcb35d2 - - default default] Successfully bumped revision number for resource a11b9786-a732-498a-8d9f-bf3ea37fde4c (type: security_groups) to 1
2026-04-07 01:19:51.454 10 INFO neutron.wsgi [None req-8753e15d-0492-4205-a671-82fd4cb38385 0293b9205b2d4fe4bd4aa04a14e78d24 315f741c36044c2ab9414435abcb35d2 - - default default] 10.0.0.131 "GET /v2.0/security-groups?tenant_id=450e556ac0ea4853b8e20ead762e2106&name=default HTTP/1.1" status: 200 len: 3000 time: 0.1720872 /var/lib/openstack/lib/python3.10/site-packages/pycadf/identifier.py:71: UserWarning: Invalid uuid: neutron. To ensure interoperability, identifiers should be a valid uuid. warnings.warn(('Invalid uuid: %s. To ensure interoperability, '
2026-04-07 01:19:51.499 10 INFO neutron.wsgi [req-4bcada09-0060-4855-8924-a7dddad2af3f req-72291dea-779b-42ea-8ad9-e95176901a1f 250eec61fec44f4091fd58e4ca378bee a518a32e9e4c423ea7cedbb15011f540 - - default default] 10.0.0.229 "GET /v2.0/ports?device_id=111331d5-cf61-4b4c-b649-776268936ac5 HTTP/1.1" status: 200 len: 1392 time: 0.1043575
2026-04-07 01:19:51.549 10 INFO neutron.wsgi [req-4bcada09-0060-4855-8924-a7dddad2af3f req-cc511028-35b7-45cc-adc9-740c087fbb5f 250eec61fec44f4091fd58e4ca378bee a518a32e9e4c423ea7cedbb15011f540 - - default default] 10.0.0.229 "GET /v2.0/security-groups?id=38612c84-bc60-4e01-9b99-d55bae20e718&fields=id&fields=name HTTP/1.1" status: 200 len: 310 time: 0.0402870
2026-04-07 01:19:51.626 10 INFO neutron.wsgi [None req-31dec926-c184-47ba-bb46-3082b23b5cc3 250eec61fec44f4091fd58e4ca378bee a518a32e9e4c423ea7cedbb15011f540 - - default default] 10.0.0.131 "GET /v2.0/ports?network_id=e691a9b3-a315-4510-bd27-0a80d011ea21&mac_address=fa%3A16%3A3e%3Ab9%3Ae4%3A56 HTTP/1.1" status: 200 len: 1387 time: 0.0490174
2026-04-07 01:19:51.658 9 INFO neutron.wsgi [None req-0e80f496-e143-4f67-b2d1-a805f4b1c703 0293b9205b2d4fe4bd4aa04a14e78d24 315f741c36044c2ab9414435abcb35d2 - - - -] 10.0.0.131 "DELETE /v2.0/security-groups/a11b9786-a732-498a-8d9f-bf3ea37fde4c HTTP/1.1" status: 204 len: 168 time: 0.1978393
2026-04-07 01:19:51.904 10 WARNING neutron.scheduler.dhcp_agent_scheduler [None req-6cc35469-095b-4fd6-a023-a28f4dcfb656 250eec61fec44f4091fd58e4ca378bee a518a32e9e4c423ea7cedbb15011f540 - - - -] No more DHCP agents
2026-04-07 01:19:51.907 10 WARNING neutron.api.rpc.agentnotifiers.dhcp_rpc_agent_api [None req-6cc35469-095b-4fd6-a023-a28f4dcfb656 250eec61fec44f4091fd58e4ca378bee a518a32e9e4c423ea7cedbb15011f540 - - - -] Unable to schedule network 309b9ca1-f325-4f09-9919-8a3a5a0a4aac: no agents available; will retry on subsequent port and subnet creation events.
2026-04-07 01:19:52.311 10 INFO neutron.db.l3_db [None req-6cc35469-095b-4fd6-a023-a28f4dcfb656 250eec61fec44f4091fd58e4ca378bee a518a32e9e4c423ea7cedbb15011f540 - - - -] Floating IP 8341bb7b-7d25-42d0-8353-da6fd9d09590 associated. External IP: 10.96.250.220, port: bc504fb3-f2c7-4f07-9f90-b2ce25936456.
2026-04-07 01:19:52.561 9 INFO neutron.notifiers.nova [-] Nova event matching ['req-bc6fa508-74a2-49f6-8590-ca82d29d1aa5'] response: {'server_uuid': '111331d5-cf61-4b4c-b649-776268936ac5', 'name': 'network-vif-plugged', 'status': 'completed', 'tag': 'bc504fb3-f2c7-4f07-9f90-b2ce25936456', 'code': 200}
2026-04-07 01:19:52.716 10 INFO neutron.db.ovn_revision_numbers_db [None req-6cc35469-095b-4fd6-a023-a28f4dcfb656 250eec61fec44f4091fd58e4ca378bee a518a32e9e4c423ea7cedbb15011f540 - - - -] Successfully bumped revision number for resource 8341bb7b-7d25-42d0-8353-da6fd9d09590 (type: floatingips) to 0
2026-04-07 01:19:52.804 10 INFO neutron.db.ovn_revision_numbers_db [None req-6cc35469-095b-4fd6-a023-a28f4dcfb656 250eec61fec44f4091fd58e4ca378bee a518a32e9e4c423ea7cedbb15011f540 - - - -] Successfully bumped revision number for resource 8341bb7b-7d25-42d0-8353-da6fd9d09590 (type: floatingips) to 1
2026-04-07 01:19:52.840 10 INFO neutron.wsgi [None req-6cc35469-095b-4fd6-a023-a28f4dcfb656 250eec61fec44f4091fd58e4ca378bee a518a32e9e4c423ea7cedbb15011f540 - - - -] 10.0.0.131 "POST /v2.0/floatingips HTTP/1.1" status: 201 len: 1053 time: 1.2086294
2026-04-07 01:19:52.877 10 INFO neutron.notifiers.nova [-] Nova event matching ['req-31060e18-e985-4422-963f-8191f8930417'] response: {'name': 'network-changed', 'server_uuid': '111331d5-cf61-4b4c-b649-776268936ac5', 'tag': 'bc504fb3-f2c7-4f07-9f90-b2ce25936456', 'status': 'completed', 'code': 200} /var/lib/openstack/lib/python3.10/site-packages/pycadf/identifier.py:71: UserWarning: Invalid uuid: neutron. To ensure interoperability, identifiers should be a valid uuid. warnings.warn(('Invalid uuid: %s. To ensure interoperability, '
2026-04-07 01:19:53.028 9 INFO neutron.wsgi [req-c605b1ad-8bab-4158-b648-864849e22250 req-ea160d31-5404-4a4f-9b7a-a1f0e7de3c68 776eb9d0a78b4382ad45b382d8ef405d 83527090af144e2d9664d1f648e3fa16 - - 479d185cd48245b4886508aced5bba41 479d185cd48245b4886508aced5bba41] 199.19.213.232 "GET /v2.0/ports?tenant_id=a518a32e9e4c423ea7cedbb15011f540&device_id=111331d5-cf61-4b4c-b649-776268936ac5 HTTP/1.1" status: 200 len: 1582 time: 0.1159365
2026-04-07 01:19:53.066 10 INFO neutron.wsgi [req-da0a1474-3f20-4ce8-a455-c8283f42827e req-ae34b9b0-f49e-4399-b23c-3aa7e3f054cb 250eec61fec44f4091fd58e4ca378bee a518a32e9e4c423ea7cedbb15011f540 - - default default] 10.0.0.229 "GET /v2.0/security-groups?name=tempest-lb_member_SG-480749135&fields=id&tenant_id=a518a32e9e4c423ea7cedbb15011f540 HTTP/1.1" status: 200 len: 267 time: 0.0450723
2026-04-07 01:19:53.101 9 INFO neutron.wsgi [req-c605b1ad-8bab-4158-b648-864849e22250 req-0adf7871-d3dd-4359-bd35-e27556653a29 776eb9d0a78b4382ad45b382d8ef405d 83527090af144e2d9664d1f648e3fa16 - - 479d185cd48245b4886508aced5bba41 479d185cd48245b4886508aced5bba41] 199.19.213.232 "GET /v2.0/networks?id=e691a9b3-a315-4510-bd27-0a80d011ea21 HTTP/1.1" status: 200 len: 1003 time: 0.0654697
2026-04-07 01:19:53.140 10 INFO neutron.wsgi [req-da0a1474-3f20-4ce8-a455-c8283f42827e req-e02327c8-63a1-4916-b4c1-f1e90107d45b 250eec61fec44f4091fd58e4ca378bee a518a32e9e4c423ea7cedbb15011f540 - - default default] 10.0.0.229 "GET /v2.0/networks?id=67ec7c1b-b342-4b28-9457-c39031213391 HTTP/1.1" status: 200 len: 904 time: 0.0656569
2026-04-07 01:19:53.161 10 INFO neutron.wsgi [req-da0a1474-3f20-4ce8-a455-c8283f42827e req-9dca5c02-baab-4db8-aea2-32a4f46dbed4 250eec61fec44f4091fd58e4ca378bee a518a32e9e4c423ea7cedbb15011f540 - - default default] 10.0.0.229 "GET /v2.0/quotas/a518a32e9e4c423ea7cedbb15011f540 HTTP/1.1" status: 200 len: 386 time: 0.0119200
2026-04-07 01:19:53.166 9 INFO neutron.wsgi [req-c605b1ad-8bab-4158-b648-864849e22250 req-b91bf038-17ca-4d51-a2b7-285af44097ac 776eb9d0a78b4382ad45b382d8ef405d 83527090af144e2d9664d1f648e3fa16 - - 479d185cd48245b4886508aced5bba41 479d185cd48245b4886508aced5bba41] 199.19.213.232 "GET /v2.0/floatingips?fixed_ip_address=10.2.1.75&port_id=bc504fb3-f2c7-4f07-9f90-b2ce25936456 HTTP/1.1" status: 200 len: 1058 time: 0.0574067
2026-04-07 01:19:53.195 9 INFO neutron.wsgi [req-c605b1ad-8bab-4158-b648-864849e22250 req-68ddd236-fb04-4eb9-81a0-d309e78b130c 776eb9d0a78b4382ad45b382d8ef405d 83527090af144e2d9664d1f648e3fa16 - - 479d185cd48245b4886508aced5bba41 479d185cd48245b4886508aced5bba41] 199.19.213.232 "GET /v2.0/floatingips?fixed_ip_address=fd7b%3Af9f7%3Afff%3A4eca%3A%3Adb&port_id=bc504fb3-f2c7-4f07-9f90-b2ce25936456 HTTP/1.1" status: 200 len: 217 time: 0.0237350
2026-04-07 01:19:53.226 9 INFO neutron.wsgi [req-c605b1ad-8bab-4158-b648-864849e22250 req-b38c9cf3-7708-470a-9dba-b4c7185621a5 776eb9d0a78b4382ad45b382d8ef405d 83527090af144e2d9664d1f648e3fa16 - - 479d185cd48245b4886508aced5bba41 479d185cd48245b4886508aced5bba41] 199.19.213.232 "GET /v2.0/subnets?id=20566d77-54b4-4de2-8669-b57ad5cce852&id=c044c80d-7239-41e6-bee2-3d67ff3945a7 HTTP/1.1" status: 200 len: 1561 time: 0.0272043
2026-04-07 01:19:53.251 9 INFO neutron.wsgi [req-c605b1ad-8bab-4158-b648-864849e22250 req-de06e26b-3002-43f7-896e-d2ca5285eef2 776eb9d0a78b4382ad45b382d8ef405d 83527090af144e2d9664d1f648e3fa16 - - 479d185cd48245b4886508aced5bba41 479d185cd48245b4886508aced5bba41] 199.19.213.232 "GET /v2.0/ports?network_id=e691a9b3-a315-4510-bd27-0a80d011ea21&device_owner=network%3Adhcp HTTP/1.1" status: 200 len: 210 time: 0.0198100
2026-04-07 01:19:53.274 9 INFO neutron.wsgi [req-c605b1ad-8bab-4158-b648-864849e22250 req-2cbb4586-7c93-42a0-97f8-9813d256f7eb 776eb9d0a78b4382ad45b382d8ef405d 83527090af144e2d9664d1f648e3fa16 - - 479d185cd48245b4886508aced5bba41 479d185cd48245b4886508aced5bba41] 199.19.213.232 "GET /v2.0/ports?network_id=e691a9b3-a315-4510-bd27-0a80d011ea21&device_owner=network%3Adhcp HTTP/1.1" status: 200 len: 210 time: 0.0199842
2026-04-07 01:19:53.324 10 INFO neutron.wsgi [req-da0a1474-3f20-4ce8-a455-c8283f42827e req-aac19149-12a7-4caa-9fc6-47b0b6da291b 250eec61fec44f4091fd58e4ca378bee a518a32e9e4c423ea7cedbb15011f540 - - default default] 10.0.0.229 "GET /v2.0/ports?tenant_id=a518a32e9e4c423ea7cedbb15011f540&fields=id HTTP/1.1" status: 200 len: 532 time: 0.1544554
2026-04-07 01:19:53.341 9 INFO neutron.wsgi [req-c605b1ad-8bab-4158-b648-864849e22250 req-a58a57a4-cceb-4bc8-889b-1de766c0997c 776eb9d0a78b4382ad45b382d8ef405d 83527090af144e2d9664d1f648e3fa16 - - 479d185cd48245b4886508aced5bba41 479d185cd48245b4886508aced5bba41] 199.19.213.232 "GET /v2.0/networks/e691a9b3-a315-4510-bd27-0a80d011ea21?fields=segments HTTP/1.1" status: 200 len: 212 time: 0.0581026
2026-04-07 01:19:53.397 10 INFO neutron.wsgi [req-da0a1474-3f20-4ce8-a455-c8283f42827e req-4f4129cb-a45d-4b17-a69c-cf53fbf22c05 776eb9d0a78b4382ad45b382d8ef405d 83527090af144e2d9664d1f648e3fa16 - - 479d185cd48245b4886508aced5bba41 479d185cd48245b4886508aced5bba41] 10.0.0.229 "GET /v2.0/networks/67ec7c1b-b342-4b28-9457-c39031213391?fields=segments HTTP/1.1" status: 200 len: 212 time: 0.0590551
2026-04-07 01:19:53.400 9 INFO neutron.wsgi [req-c605b1ad-8bab-4158-b648-864849e22250 req-19c4ddef-3872-44c8-8bc8-cf8471acf75a 776eb9d0a78b4382ad45b382d8ef405d 83527090af144e2d9664d1f648e3fa16 - - 479d185cd48245b4886508aced5bba41 479d185cd48245b4886508aced5bba41] 199.19.213.232 "GET /v2.0/networks/e691a9b3-a315-4510-bd27-0a80d011ea21?fields=provider%3Aphysical_network&fields=provider%3Anetwork_type HTTP/1.1" status: 200 len: 277 time: 0.0511110
2026-04-07 01:19:53.464 10 INFO neutron.wsgi [req-da0a1474-3f20-4ce8-a455-c8283f42827e req-dc96e9c0-e831-4e46-b1c7-6c1f7127faa9 776eb9d0a78b4382ad45b382d8ef405d 83527090af144e2d9664d1f648e3fa16 - - 479d185cd48245b4886508aced5bba41 479d185cd48245b4886508aced5bba41] 10.0.0.229 "GET /v2.0/networks/67ec7c1b-b342-4b28-9457-c39031213391?fields=provider%3Aphysical_network&fields=provider%3Anetwork_type HTTP/1.1" status: 200 len: 277 time: 0.0565014
2026-04-07 01:19:53.624 10 INFO neutron.wsgi [req-bd91be38-6f97-4313-89c3-fc4a5d296ffd req-7ba5ccaa-d62f-44ce-bc10-dd1cd2fc5d5e 250eec61fec44f4091fd58e4ca378bee a518a32e9e4c423ea7cedbb15011f540 - - default default] 10.0.0.229 "GET /v2.0/ports?device_id=bf03a865-8d30-455f-af09-e796e350d1de HTTP/1.1" status: 200 len: 210 time: 0.0256774
2026-04-07 01:19:54.350 9 INFO neutron.wsgi [req-da0a1474-3f20-4ce8-a455-c8283f42827e req-93a1eec1-ea44-4b3d-a567-47299d7f4e6e 250eec61fec44f4091fd58e4ca378bee a518a32e9e4c423ea7cedbb15011f540 - - default default] 199.19.213.232 "GET /v2.0/networks?id=67ec7c1b-b342-4b28-9457-c39031213391 HTTP/1.1" status: 200 len: 904 time: 0.0680788
2026-04-07 01:19:54.404 9 INFO neutron.wsgi [req-da0a1474-3f20-4ce8-a455-c8283f42827e req-78eebd1a-2ffe-4c20-bff5-33d195982d55 250eec61fec44f4091fd58e4ca378bee a518a32e9e4c423ea7cedbb15011f540 - - default default] 199.19.213.232 "GET /v2.0/security-groups?fields=id&fields=name&tenant_id=a518a32e9e4c423ea7cedbb15011f540 HTTP/1.1" status: 200 len: 377 time: 0.0463796
2026-04-07 01:19:54.852 9 WARNING neutron.scheduler.dhcp_agent_scheduler [None req-c56e6e74-ea72-487e-8a08-36491da33894 250eec61fec44f4091fd58e4ca378bee a518a32e9e4c423ea7cedbb15011f540 - - - -] No more DHCP agents
2026-04-07 01:19:54.854 9 WARNING neutron.api.rpc.agentnotifiers.dhcp_rpc_agent_api [None req-c56e6e74-ea72-487e-8a08-36491da33894 250eec61fec44f4091fd58e4ca378bee a518a32e9e4c423ea7cedbb15011f540 - - - -] Unable to schedule network 67ec7c1b-b342-4b28-9457-c39031213391: no agents available; will retry on subsequent port and subnet creation events.
2026-04-07 01:19:54.994 9 INFO neutron.db.ovn_revision_numbers_db [None req-c56e6e74-ea72-487e-8a08-36491da33894 250eec61fec44f4091fd58e4ca378bee a518a32e9e4c423ea7cedbb15011f540 - - - -] Successfully bumped revision number for resource 244ee171-be05-4d54-a45c-9ab7b1154c63 (type: ports) to 1
2026-04-07 01:19:55.016 9 INFO neutron.wsgi [None req-c56e6e74-ea72-487e-8a08-36491da33894 250eec61fec44f4091fd58e4ca378bee a518a32e9e4c423ea7cedbb15011f540 - - - -] 199.19.213.232 "POST /v2.0/ports HTTP/1.1" status: 201 len: 1384 time: 0.6026273 /var/lib/openstack/lib/python3.10/site-packages/pycadf/identifier.py:71: UserWarning: Invalid uuid: neutron. To ensure interoperability, identifiers should be a valid uuid. warnings.warn(('Invalid uuid: %s. To ensure interoperability, '
2026-04-07 01:19:55.212 10 INFO neutron.db.ovn_revision_numbers_db [None req-565a3dcf-a9d1-47e3-8ef5-a615bffc2dba 67448d3b96bf41619114f7849aa6dd46 97e91bb0bd124704af429fc11ab771d2 - - - -] Successfully bumped revision number for resource 6493b6fa-3e9b-4d18-b0c8-cff045266d96 (type: security_groups) to 1
2026-04-07 01:19:55.267 10 INFO neutron.db.segments_db [None req-565a3dcf-a9d1-47e3-8ef5-a615bffc2dba 67448d3b96bf41619114f7849aa6dd46 97e91bb0bd124704af429fc11ab771d2 - - - -] Added segment 10bf9e98-78bb-4b34-ae5c-a0fabc32cc5c of type geneve for network 0b2e63f5-b2ec-4618-860f-a845bb5394ae
2026-04-07 01:19:55.410 10 INFO neutron.db.ovn_revision_numbers_db [None req-565a3dcf-a9d1-47e3-8ef5-a615bffc2dba 67448d3b96bf41619114f7849aa6dd46 97e91bb0bd124704af429fc11ab771d2 - - - -] Successfully bumped revision number for resource 0b2e63f5-b2ec-4618-860f-a845bb5394ae (type: networks) to 1
2026-04-07 01:19:55.438 9 INFO neutron.db.ovn_revision_numbers_db [None req-b226b245-f854-4f04-8a54-a3aae96da9f1 776eb9d0a78b4382ad45b382d8ef405d 83527090af144e2d9664d1f648e3fa16 - - - -] Successfully bumped revision number for resource 244ee171-be05-4d54-a45c-9ab7b1154c63 (type: ports) to 2
2026-04-07 01:19:55.616 9 INFO neutron.db.ovn_revision_numbers_db [None req-b226b245-f854-4f04-8a54-a3aae96da9f1 776eb9d0a78b4382ad45b382d8ef405d 83527090af144e2d9664d1f648e3fa16 - - - -] Successfully bumped revision number for resource 244ee171-be05-4d54-a45c-9ab7b1154c63 (type: ports) to 2
2026-04-07 01:19:55.617 10 WARNING neutron.scheduler.dhcp_agent_scheduler [None req-565a3dcf-a9d1-47e3-8ef5-a615bffc2dba 67448d3b96bf41619114f7849aa6dd46 97e91bb0bd124704af429fc11ab771d2 - - - -] No more DHCP agents
2026-04-07 01:19:55.619 10 WARNING neutron.api.rpc.agentnotifiers.dhcp_rpc_agent_api [None req-565a3dcf-a9d1-47e3-8ef5-a615bffc2dba 67448d3b96bf41619114f7849aa6dd46 97e91bb0bd124704af429fc11ab771d2 - - - -] Unable to schedule network 0b2e63f5-b2ec-4618-860f-a845bb5394ae: no agents available; will retry on subsequent port and subnet creation events.
2026-04-07 01:19:55.633 9 INFO neutron.wsgi [None req-b226b245-f854-4f04-8a54-a3aae96da9f1 776eb9d0a78b4382ad45b382d8ef405d 83527090af144e2d9664d1f648e3fa16 - - - -] 199.19.213.232 "PUT /v2.0/ports/244ee171-be05-4d54-a45c-9ab7b1154c63 HTTP/1.1" status: 200 len: 1553 time: 0.6111865
2026-04-07 01:19:55.674 9 INFO neutron.notifiers.nova [-] Nova event matching ['req-4e2b5207-d8dc-450e-a380-724387b14a13'] response: {'name': 'network-changed', 'server_uuid': 'bf03a865-8d30-455f-af09-e796e350d1de', 'tag': '244ee171-be05-4d54-a45c-9ab7b1154c63', 'status': 'completed', 'code': 200} /var/lib/openstack/lib/python3.10/site-packages/pycadf/identifier.py:71: UserWarning: Invalid uuid: neutron. To ensure interoperability, identifiers should be a valid uuid. warnings.warn(('Invalid uuid: %s. To ensure interoperability, '
2026-04-07 01:19:55.696 10 INFO neutron.db.ovn_revision_numbers_db [None req-565a3dcf-a9d1-47e3-8ef5-a615bffc2dba 67448d3b96bf41619114f7849aa6dd46 97e91bb0bd124704af429fc11ab771d2 - - - -] Successfully bumped revision number for resource 0be360a8-f857-4bb4-9a6f-574ea886a175 (type: ports) to 1
2026-04-07 01:19:55.711 9 INFO neutron.wsgi [req-da0a1474-3f20-4ce8-a455-c8283f42827e req-ea18abd7-76ec-4a46-baf8-e7d1810ecc89 776eb9d0a78b4382ad45b382d8ef405d 83527090af144e2d9664d1f648e3fa16 - - 479d185cd48245b4886508aced5bba41 479d185cd48245b4886508aced5bba41] 199.19.213.232 "GET /v2.0/ports?tenant_id=a518a32e9e4c423ea7cedbb15011f540&device_id=bf03a865-8d30-455f-af09-e796e350d1de HTTP/1.1" status: 200 len: 1584 time: 0.0364010
2026-04-07 01:19:55.719 10 INFO neutron.wsgi [None req-565a3dcf-a9d1-47e3-8ef5-a615bffc2dba 67448d3b96bf41619114f7849aa6dd46 97e91bb0bd124704af429fc11ab771d2 - - - -] 10.0.0.131 "POST /v2.0/networks HTTP/1.1" status: 201 len: 830 time: 0.7657373
2026-04-07 01:19:55.748 9 INFO neutron.wsgi [req-da0a1474-3f20-4ce8-a455-c8283f42827e req-014319d9-4152-4998-9c6b-62d1f1e0241d 776eb9d0a78b4382ad45b382d8ef405d 83527090af144e2d9664d1f648e3fa16 - - 479d185cd48245b4886508aced5bba41 479d185cd48245b4886508aced5bba41] 199.19.213.232 "GET /v2.0/floatingips?fixed_ip_address=10.2.2.37&port_id=244ee171-be05-4d54-a45c-9ab7b1154c63 HTTP/1.1" status: 200 len: 217 time: 0.0285642
2026-04-07 01:19:55.780 9 INFO neutron.wsgi [req-da0a1474-3f20-4ce8-a455-c8283f42827e req-ba0bd27b-80cd-44a5-8485-f32dcc19e92e 776eb9d0a78b4382ad45b382d8ef405d 83527090af144e2d9664d1f648e3fa16 - - 479d185cd48245b4886508aced5bba41 479d185cd48245b4886508aced5bba41] 199.19.213.232 "GET /v2.0/floatingips?fixed_ip_address=fd77%3A1457%3A4cf0%3A26a8%3A%3A40&port_id=244ee171-be05-4d54-a45c-9ab7b1154c63 HTTP/1.1" status: 200 len: 217 time: 0.0257771
2026-04-07 01:19:55.826 9 INFO neutron.wsgi [req-da0a1474-3f20-4ce8-a455-c8283f42827e req-8d1e9c8c-3b6c-4fb9-bbe0-51f499fe824c 776eb9d0a78b4382ad45b382d8ef405d 83527090af144e2d9664d1f648e3fa16 - - 479d185cd48245b4886508aced5bba41 479d185cd48245b4886508aced5bba41] 199.19.213.232 "GET /v2.0/subnets?id=98b03d8f-c110-42d8-a674-eb863ad93199&id=13202cc4-bb89-4e55-86e7-095eb1368359 HTTP/1.1" status: 200 len: 1567 time: 0.0387199
2026-04-07 01:19:55.866 9 INFO neutron.wsgi [req-da0a1474-3f20-4ce8-a455-c8283f42827e req-2d234a09-15ee-4ec9-bfc4-46c608887812 776eb9d0a78b4382ad45b382d8ef405d 83527090af144e2d9664d1f648e3fa16 - - 479d185cd48245b4886508aced5bba41 479d185cd48245b4886508aced5bba41] 199.19.213.232 "GET /v2.0/ports?network_id=67ec7c1b-b342-4b28-9457-c39031213391&device_owner=network%3Adhcp HTTP/1.1" status: 200 len: 210 time: 0.0326612
2026-04-07 01:19:55.903 9 INFO neutron.wsgi [req-da0a1474-3f20-4ce8-a455-c8283f42827e req-dcc784e4-6981-4589-bbc8-831abf156124 776eb9d0a78b4382ad45b382d8ef405d 83527090af144e2d9664d1f648e3fa16 - - 479d185cd48245b4886508aced5bba41 479d185cd48245b4886508aced5bba41] 199.19.213.232 "GET /v2.0/ports?network_id=67ec7c1b-b342-4b28-9457-c39031213391&device_owner=network%3Adhcp HTTP/1.1" status: 200 len: 210 time: 0.0292611
2026-04-07 01:19:55.984 9 INFO neutron.wsgi [req-da0a1474-3f20-4ce8-a455-c8283f42827e req-c8133dc8-8de3-4cfc-a4e2-f0c49ddcfd8b 776eb9d0a78b4382ad45b382d8ef405d 83527090af144e2d9664d1f648e3fa16 - - 479d185cd48245b4886508aced5bba41 479d185cd48245b4886508aced5bba41] 199.19.213.232 "GET /v2.0/networks/67ec7c1b-b342-4b28-9457-c39031213391?fields=segments HTTP/1.1" status: 200 len: 212 time: 0.0721037
2026-04-07 01:19:56.009 10 WARNING neutron.scheduler.dhcp_agent_scheduler [None req-bba2dfae-158f-4844-bac9-554ce30986c8 67448d3b96bf41619114f7849aa6dd46 97e91bb0bd124704af429fc11ab771d2 - - - -] No more DHCP agents
2026-04-07 01:19:56.011 10 WARNING neutron.api.rpc.agentnotifiers.dhcp_rpc_agent_api [None req-bba2dfae-158f-4844-bac9-554ce30986c8 67448d3b96bf41619114f7849aa6dd46 97e91bb0bd124704af429fc11ab771d2 - - - -] Unable to schedule network 0b2e63f5-b2ec-4618-860f-a845bb5394ae: no agents available; will retry on subsequent port and subnet creation events.
2026-04-07 01:19:56.048 9 INFO neutron.wsgi [req-da0a1474-3f20-4ce8-a455-c8283f42827e req-8ad6647f-df7d-475d-a203-e8ee0adb07b4 776eb9d0a78b4382ad45b382d8ef405d 83527090af144e2d9664d1f648e3fa16 - - 479d185cd48245b4886508aced5bba41 479d185cd48245b4886508aced5bba41] 199.19.213.232 "GET /v2.0/networks/67ec7c1b-b342-4b28-9457-c39031213391?fields=provider%3Aphysical_network&fields=provider%3Anetwork_type HTTP/1.1" status: 200 len: 277 time: 0.0555367
2026-04-07 01:19:56.129 9 INFO neutron.wsgi [req-173f5d9b-b945-48e8-a25d-4a475931059e req-e21c4ecb-e4a4-45f7-83de-84b517ebeb8c 776eb9d0a78b4382ad45b382d8ef405d 83527090af144e2d9664d1f648e3fa16 - - 479d185cd48245b4886508aced5bba41 479d185cd48245b4886508aced5bba41] 199.19.213.232 "GET /v2.0/ports?tenant_id=a518a32e9e4c423ea7cedbb15011f540&device_id=bf03a865-8d30-455f-af09-e796e350d1de HTTP/1.1" status: 200 len: 1584 time: 0.0370648
2026-04-07 01:19:56.209 9 INFO neutron.wsgi [req-173f5d9b-b945-48e8-a25d-4a475931059e req-401209f5-7aad-47d8-942b-a5515618538a 776eb9d0a78b4382ad45b382d8ef405d 83527090af144e2d9664d1f648e3fa16 - - 479d185cd48245b4886508aced5bba41 479d185cd48245b4886508aced5bba41] 199.19.213.232 "GET /v2.0/networks?id=67ec7c1b-b342-4b28-9457-c39031213391 HTTP/1.1" status: 200 len: 1003 time: 0.0741632
2026-04-07 01:19:56.249 9 INFO neutron.wsgi [req-173f5d9b-b945-48e8-a25d-4a475931059e req-d548246c-59d8-4286-871a-d94f803f6ba6 776eb9d0a78b4382ad45b382d8ef405d 83527090af144e2d9664d1f648e3fa16 - - 479d185cd48245b4886508aced5bba41 479d185cd48245b4886508aced5bba41] 199.19.213.232 "GET /v2.0/floatingips?fixed_ip_address=10.2.2.37&port_id=244ee171-be05-4d54-a45c-9ab7b1154c63 HTTP/1.1" status: 200 len: 217 time: 0.0330291
2026-04-07 01:19:56.294 9 INFO neutron.plugins.ml2.drivers.ovn.mech_driver.mech_driver [None req-3b29fbaa-dd5d-48a8-aed6-98c94a3c5d39 - - - - - -] OVN reports status up for port: 244ee171-be05-4d54-a45c-9ab7b1154c63
2026-04-07 01:19:56.303 9 INFO neutron.wsgi [req-173f5d9b-b945-48e8-a25d-4a475931059e req-a59d713b-bb5e-45a1-8103-9f3662021f87 776eb9d0a78b4382ad45b382d8ef405d 83527090af144e2d9664d1f648e3fa16 - - 479d185cd48245b4886508aced5bba41 479d185cd48245b4886508aced5bba41] 199.19.213.232 "GET /v2.0/floatingips?fixed_ip_address=fd77%3A1457%3A4cf0%3A26a8%3A%3A40&port_id=244ee171-be05-4d54-a45c-9ab7b1154c63 HTTP/1.1" status: 200 len: 217 time: 0.0456800
2026-04-07 01:19:56.340 9 INFO neutron.plugins.ml2.plugin [None req-3b29fbaa-dd5d-48a8-aed6-98c94a3c5d39 - - - - - -] Attempt 1 to provision port 244ee171-be05-4d54-a45c-9ab7b1154c63
2026-04-07 01:19:56.368 9 INFO neutron.wsgi [req-173f5d9b-b945-48e8-a25d-4a475931059e req-c285926d-2db2-4950-84b6-0c173e9880b9 776eb9d0a78b4382ad45b382d8ef405d 83527090af144e2d9664d1f648e3fa16 - - 479d185cd48245b4886508aced5bba41 479d185cd48245b4886508aced5bba41] 199.19.213.232 "GET /v2.0/subnets?id=98b03d8f-c110-42d8-a674-eb863ad93199&id=13202cc4-bb89-4e55-86e7-095eb1368359 HTTP/1.1" status: 200 len: 1567 time: 0.0571160
2026-04-07 01:19:56.402 9 INFO neutron.wsgi [req-173f5d9b-b945-48e8-a25d-4a475931059e req-6df9ce9d-8350-43c9-aa4b-7bc5b0f09f32 776eb9d0a78b4382ad45b382d8ef405d 83527090af144e2d9664d1f648e3fa16 - - 479d185cd48245b4886508aced5bba41 479d185cd48245b4886508aced5bba41] 199.19.213.232 "GET /v2.0/ports?network_id=67ec7c1b-b342-4b28-9457-c39031213391&device_owner=network%3Adhcp HTTP/1.1" status: 200 len: 210 time: 0.0241520
2026-04-07 01:19:56.427 9 INFO neutron.wsgi [req-173f5d9b-b945-48e8-a25d-4a475931059e req-9982f214-cb50-4f55-a022-d0c8acfd4aad 776eb9d0a78b4382ad45b382d8ef405d 83527090af144e2d9664d1f648e3fa16 - - 479d185cd48245b4886508aced5bba41 479d185cd48245b4886508aced5bba41] 199.19.213.232 "GET /v2.0/ports?network_id=67ec7c1b-b342-4b28-9457-c39031213391&device_owner=network%3Adhcp HTTP/1.1" status: 200 len: 210 time: 0.0179169
2026-04-07 01:19:56.518 9 INFO neutron.wsgi [req-173f5d9b-b945-48e8-a25d-4a475931059e req-ecc3cbf3-cdb6-4acf-835f-50d5adb09cb6 776eb9d0a78b4382ad45b382d8ef405d 83527090af144e2d9664d1f648e3fa16 - - 479d185cd48245b4886508aced5bba41 479d185cd48245b4886508aced5bba41] 199.19.213.232 "GET /v2.0/networks/67ec7c1b-b342-4b28-9457-c39031213391?fields=segments HTTP/1.1" status: 200 len: 212 time: 0.0827515
2026-04-07 01:19:56.562 10 INFO neutron.db.ovn_revision_numbers_db [None req-bba2dfae-158f-4844-bac9-554ce30986c8 67448d3b96bf41619114f7849aa6dd46 97e91bb0bd124704af429fc11ab771d2 - - - -] Successfully bumped revision number for resource 0be360a8-f857-4bb4-9a6f-574ea886a175 (type: ports) to 2
2026-04-07 01:19:56.586 10 INFO neutron.db.ovn_revision_numbers_db [None req-bba2dfae-158f-4844-bac9-554ce30986c8 67448d3b96bf41619114f7849aa6dd46 97e91bb0bd124704af429fc11ab771d2 - - - -] Successfully bumped revision number for resource b1ed3425-cfb3-4ff7-84fd-63260c6d08e7 (type: subnets) to 0
2026-04-07 01:19:56.608 10 INFO neutron.wsgi [None req-bba2dfae-158f-4844-bac9-554ce30986c8 67448d3b96bf41619114f7849aa6dd46 97e91bb0bd124704af429fc11ab771d2 - - - -] 10.0.0.131 "POST /v2.0/subnets HTTP/1.1" status: 201 len: 801 time: 0.8836753
2026-04-07 01:19:56.613 9 INFO neutron.wsgi [req-173f5d9b-b945-48e8-a25d-4a475931059e req-4c41d35f-377f-46b1-8d22-3e9e32f59af1 776eb9d0a78b4382ad45b382d8ef405d 83527090af144e2d9664d1f648e3fa16 - - 479d185cd48245b4886508aced5bba41 479d185cd48245b4886508aced5bba41] 199.19.213.232 "GET /v2.0/networks/67ec7c1b-b342-4b28-9457-c39031213391?fields=provider%3Aphysical_network&fields=provider%3Anetwork_type HTTP/1.1" status: 200 len: 277 time: 0.0849068
2026-04-07 01:19:56.707 9 INFO neutron.wsgi [None req-63b6ab9e-7d1e-4e18-9215-452d5d6d48cc 67448d3b96bf41619114f7849aa6dd46 97e91bb0bd124704af429fc11ab771d2 - - - -] 10.0.0.131 "PUT /v2.0/subnets/b1ed3425-cfb3-4ff7-84fd-63260c6d08e7/tags HTTP/1.1" status: 200 len: 218 time: 0.0916822
2026-04-07 01:19:56.733 9 INFO neutron.db.ovn_revision_numbers_db [None req-3b29fbaa-dd5d-48a8-aed6-98c94a3c5d39 - - - - - -] Successfully bumped revision number for resource 244ee171-be05-4d54-a45c-9ab7b1154c63 (type: ports) to 4
2026-04-07 01:19:56.746 9 INFO neutron.wsgi [None req-4e1a7c28-276e-4dff-ac9b-fd37a5618aff 67448d3b96bf41619114f7849aa6dd46 97e91bb0bd124704af429fc11ab771d2 - - default default] 10.0.0.131 "GET /v2.0/subnets/b1ed3425-cfb3-4ff7-84fd-63260c6d08e7/tags HTTP/1.1" status: 200 len: 218 time: 0.0334742
2026-04-07 01:19:56.830 10 INFO neutron.wsgi [None req-9529da9b-2553-471d-8b0c-bfdb15e1bcfc 67448d3b96bf41619114f7849aa6dd46 97e91bb0bd124704af429fc11ab771d2 - - - -] 10.0.0.131 "PUT /v2.0/subnets/b1ed3425-cfb3-4ff7-84fd-63260c6d08e7/tags/green HTTP/1.1" status: 201 len: 201 time: 0.0771778
2026-04-07 01:19:56.880 10 INFO neutron.wsgi [None req-264a6584-1431-4325-bab8-ebce0291de49 67448d3b96bf41619114f7849aa6dd46 97e91bb0bd124704af429fc11ab771d2 - - default default] 10.0.0.131 "GET /v2.0/subnets/b1ed3425-cfb3-4ff7-84fd-63260c6d08e7/tags HTTP/1.1" status: 200 len: 227 time: 0.0442228
2026-04-07 01:19:56.921 10 INFO neutron.wsgi [None req-4cfb9ca0-0493-494d-9617-8742e479332a 67448d3b96bf41619114f7849aa6dd46 97e91bb0bd124704af429fc11ab771d2 - - - -] 10.0.0.131 "PUT /v2.0/subnets/b1ed3425-cfb3-4ff7-84fd-63260c6d08e7/tags/red HTTP/1.1" status: 201 len: 201 time: 0.0360346
2026-04-07 01:19:56.966 10 INFO neutron.wsgi [None req-e3ee0165-5bac-4a1b-b510-76c1f3d2378b 67448d3b96bf41619114f7849aa6dd46 97e91bb0bd124704af429fc11ab771d2 - - default default] 10.0.0.131 "GET /v2.0/subnets/b1ed3425-cfb3-4ff7-84fd-63260c6d08e7/tags HTTP/1.1" status: 200 len: 227 time: 0.0389409
2026-04-07 01:19:57.021 10 INFO neutron.wsgi [None req-2de51e45-375d-4bfd-98b4-a193b8010b29 67448d3b96bf41619114f7849aa6dd46 97e91bb0bd124704af429fc11ab771d2 - - - -] 10.0.0.131 "PUT /v2.0/subnets/b1ed3425-cfb3-4ff7-84fd-63260c6d08e7/tags/black.or.white HTTP/1.1" status: 201 len: 201 time: 0.0509717
2026-04-07 01:19:57.065 10 INFO neutron.wsgi [None req-3d18cd34-9631-4f4a-9441-c3edf5d8d388 67448d3b96bf41619114f7849aa6dd46 97e91bb0bd124704af429fc11ab771d2 - - default default] 10.0.0.131 "GET /v2.0/subnets/b1ed3425-cfb3-4ff7-84fd-63260c6d08e7/tags HTTP/1.1" status: 200 len: 245 time: 0.0394702
2026-04-07 01:19:57.119 10 INFO neutron.wsgi [None req-b7822cd7-14a3-4d8a-9322-d8b963ebfa99 67448d3b96bf41619114f7849aa6dd46 97e91bb0bd124704af429fc11ab771d2 - - - -] 10.0.0.131 "PUT /v2.0/subnets/b1ed3425-cfb3-4ff7-84fd-63260c6d08e7/tags HTTP/1.1" status: 200 len: 230 time: 0.0479512
2026-04-07 01:19:57.186 10 INFO neutron.wsgi [None req-86f7a78a-25b2-43c9-bcb3-f47e38662487 67448d3b96bf41619114f7849aa6dd46 97e91bb0bd124704af429fc11ab771d2 - - default default] 10.0.0.131 "GET /v2.0/subnets/b1ed3425-cfb3-4ff7-84fd-63260c6d08e7/tags HTTP/1.1" status: 200 len: 230 time: 0.0528796
2026-04-07 01:19:57.237 10 INFO neutron.wsgi [None req-b6788f02-32ca-4cd6-8740-7ea08f019209 67448d3b96bf41619114f7849aa6dd46 97e91bb0bd124704af429fc11ab771d2 - - default default] 10.0.0.131 "GET /v2.0/subnets/b1ed3425-cfb3-4ff7-84fd-63260c6d08e7/tags/red HTTP/1.1" status: 204 len: 168 time: 0.0456238
2026-04-07 01:19:57.283 10 INFO neutron.api.v2.resource [None req-cf5e7e56-dde2-4839-b6d9-6b7a95ea067b 67448d3b96bf41619114f7849aa6dd46 97e91bb0bd124704af429fc11ab771d2 - - default default] show failed (client error): The resource could not be found.
2026-04-07 01:19:57.285 10 INFO neutron.wsgi [None req-cf5e7e56-dde2-4839-b6d9-6b7a95ea067b 67448d3b96bf41619114f7849aa6dd46 97e91bb0bd124704af429fc11ab771d2 - - default default] 10.0.0.131 "GET /v2.0/subnets/b1ed3425-cfb3-4ff7-84fd-63260c6d08e7/tags/green HTTP/1.1" status: 404 len: 299 time: 0.0424278
2026-04-07 01:19:57.338 10 INFO neutron.wsgi [None req-04ba520d-ba6d-497f-9140-2b605b9bf279 67448d3b96bf41619114f7849aa6dd46 97e91bb0bd124704af429fc11ab771d2 - - - -] 10.0.0.131 "DELETE /v2.0/subnets/b1ed3425-cfb3-4ff7-84fd-63260c6d08e7/tags/red HTTP/1.1" status: 204 len: 168 time: 0.0482161
2026-04-07 01:19:57.374 10 INFO neutron.wsgi [None req-3c03df41-93a4-46a5-aed6-17229e488253 67448d3b96bf41619114f7849aa6dd46 97e91bb0bd124704af429fc11ab771d2 - - default default] 10.0.0.131 "GET /v2.0/subnets/b1ed3425-cfb3-4ff7-84fd-63260c6d08e7/tags HTTP/1.1" status: 200 len: 223 time: 0.0317519
2026-04-07 01:19:57.410 10 INFO neutron.api.v2.resource [None req-75974bb7-f0ed-4470-b9e7-e44425a5e936 67448d3b96bf41619114f7849aa6dd46 97e91bb0bd124704af429fc11ab771d2 - - - -] delete failed (client error): The resource could not be found.
2026-04-07 01:19:57.411 10 INFO neutron.wsgi [None req-75974bb7-f0ed-4470-b9e7-e44425a5e936 67448d3b96bf41619114f7849aa6dd46 97e91bb0bd124704af429fc11ab771d2 - - - -] 10.0.0.131 "DELETE /v2.0/subnets/b1ed3425-cfb3-4ff7-84fd-63260c6d08e7/tags/green HTTP/1.1" status: 404 len: 299 time: 0.0331142
