2026-04-07 01:15:49.390 10 INFO neutron.wsgi [req-328c15ae-0cdc-44c2-82d9-477d68ae2f3c req-13e6aa36-0dd5-4cc0-9767-f86ef3680eda 776eb9d0a78b4382ad45b382d8ef405d 83527090af144e2d9664d1f648e3fa16 - - 479d185cd48245b4886508aced5bba41 479d185cd48245b4886508aced5bba41] 10.0.0.229 "GET /v2.0/networks/4a666752-d724-4e14-9392-a10532164522?fields=segments HTTP/1.1" status: 200 len: 212 time: 0.0613139
2026-04-07 01:15:49.468 10 INFO neutron.wsgi [req-328c15ae-0cdc-44c2-82d9-477d68ae2f3c req-7aecbfe5-70c4-44a3-92c3-2298799cd43c 776eb9d0a78b4382ad45b382d8ef405d 83527090af144e2d9664d1f648e3fa16 - - 479d185cd48245b4886508aced5bba41 479d185cd48245b4886508aced5bba41] 10.0.0.229 "GET /v2.0/networks/4a666752-d724-4e14-9392-a10532164522?fields=provider%3Aphysical_network&fields=provider%3Anetwork_type HTTP/1.1" status: 200 len: 277 time: 0.0693696
2026-04-07 01:15:49.556 9 INFO neutron.wsgi [None req-b36b44f0-d41a-4609-9de5-190d16aac695 0293b9205b2d4fe4bd4aa04a14e78d24 315f741c36044c2ab9414435abcb35d2 - - - -] 10.0.0.131 "DELETE /v2.0/security-groups/fd32ae67-8671-4f92-be9e-09d4caa16db3 HTTP/1.1" status: 204 len: 168 time: 0.1947200
2026-04-07 01:15:49.587 9 INFO neutron.services.segments.plugin [-] Segment dce21f34-2793-4f51-b58f-d6d916f4085a resource provider aggregate not found
2026-04-07 01:15:49.602 9 INFO neutron.services.segments.plugin [-] Segment dce21f34-2793-4f51-b58f-d6d916f4085a resource provider aggregate not found
2026-04-07 01:15:49.612 9 INFO neutron.services.segments.plugin [-] Segment dce21f34-2793-4f51-b58f-d6d916f4085a resource provider not found; error: Placement Client Error (4xx): {"errors": [{"status": 404, "title": "Not Found", "detail": "The resource could not be found.\n\n No resource provider with uuid dce21f34-2793-4f51-b58f-d6d916f4085a found for delete ", "request_id": "req-b74061cc-a8ec-431a-8107-39470b7f49aa"}]}
2026-04-07 01:15:49.619 9 INFO neutron.services.segments.plugin [-] Segment dce21f34-2793-4f51-b58f-d6d916f4085a resource provider not found; error: Placement Client Error (4xx): {"errors": [{"status": 404, "title": "Not Found", "detail": "The resource could not be found.\n\n No resource provider with uuid dce21f34-2793-4f51-b58f-d6d916f4085a found for delete ", "request_id": "req-861b9520-7958-46b4-a927-78a6edce12dc"}]}
2026-04-07 01:15:49.796 10 INFO neutron.wsgi [req-e67bd03f-ae03-4ef2-a59e-c8d2449c40fd req-df6b9ea6-5f14-4282-8400-d99b94c496bb 77492a78545d45b498277e6e01131436 7e7f2030e97141f8a189b5004295896f - - default default] 10.0.0.229 "GET /v2.0/ports?device_id=521ee37a-80ab-4f42-80c0-0b8078c14dde HTTP/1.1" status: 200 len: 210 time: 0.0388391
2026-04-07 01:15:49.824 10 INFO neutron.wsgi [req-a86fb7a0-b7b3-417a-a9b7-06fa27180cf4 req-ca325b6a-e1e6-4c5a-9a35-250112febaa7 3a0772896301409980d66768781d5130 57a46bf8f3a145a4916e91546bae922d - - default default] 10.0.0.229 "GET /v2.0/ports?device_id=096d43c6-66fc-4a3b-b7e5-fa12ef7282ec HTTP/1.1" status: 200 len: 1168 time: 0.0377469
2026-04-07 01:15:49.866 10 INFO neutron.wsgi [req-a86fb7a0-b7b3-417a-a9b7-06fa27180cf4 req-ad48d780-d16d-4bf8-b627-a3c8420f51dc 3a0772896301409980d66768781d5130 57a46bf8f3a145a4916e91546bae922d - - default default] 10.0.0.229 "GET /v2.0/security-groups?id=bc8aadfe-b137-4a25-aad6-95d9489b8409&fields=id&fields=name HTTP/1.1" status: 200 len: 286 time: 0.0357811
2026-04-07 01:15:50.535 10 INFO neutron.wsgi [req-328c15ae-0cdc-44c2-82d9-477d68ae2f3c req-c81b4f7c-aa3f-449b-9c13-2e8fb5835155 77492a78545d45b498277e6e01131436 7e7f2030e97141f8a189b5004295896f - - default default] 199.19.213.232 "GET /v2.0/networks?id=4a666752-d724-4e14-9392-a10532164522 HTTP/1.1" status: 200 len: 878 time: 0.0691195
2026-04-07 01:15:50.587 10 INFO neutron.wsgi [req-328c15ae-0cdc-44c2-82d9-477d68ae2f3c req-18c4738b-d25d-4ada-b240-7dc7ec64e957 77492a78545d45b498277e6e01131436 7e7f2030e97141f8a189b5004295896f - - default default] 199.19.213.232 "GET /v2.0/security-groups?fields=id&fields=name&tenant_id=7e7f2030e97141f8a189b5004295896f HTTP/1.1" status: 200 len: 380 time: 0.0433283
2026-04-07 01:15:50.830 10 INFO neutron.wsgi [req-86673819-8966-4425-b763-0f7326b3b946 req-5409019e-71f0-40b1-a086-3398ead3153b b714ab75f4004a10bbec284e0d9b4519 f1e91ddf9fc14fa8aebdbc8e6c9c6ea8 - - default default] 10.0.0.229 "GET /v2.0/ports?device_id=537972e4-38fb-4d6d-9ce4-97de96131b21 HTTP/1.1" status: 200 len: 1174 time: 0.1047442
2026-04-07 01:15:50.921 10 INFO neutron.wsgi [req-83f757e4-cd4c-49f8-a0c8-36dae4d1229c req-13243688-dd22-4131-8bd7-c224f6b4d8bd 77492a78545d45b498277e6e01131436 7e7f2030e97141f8a189b5004295896f - - default default] 10.0.0.229 "GET /v2.0/ports?device_id=521ee37a-80ab-4f42-80c0-0b8078c14dde HTTP/1.1" status: 200 len: 210 time: 0.0471830
2026-04-07 01:15:50.962 10 INFO neutron.wsgi [req-60a290b2-6a6f-45e5-9c0d-8503952a786a req-a33392bb-d481-415a-8a96-ac91c2cc5a60 b714ab75f4004a10bbec284e0d9b4519 f1e91ddf9fc14fa8aebdbc8e6c9c6ea8 - - default default] 10.0.0.229 "GET /v2.0/ports/32444dbf-0157-4d6e-b42d-22b929d763ac HTTP/1.1" status: 200 len: 1171 time: 0.0509949
2026-04-07 01:15:51.029 10 INFO neutron.wsgi [req-15fe0a52-9229-4137-9fb6-3bb4dbbabb9d req-63279d25-c657-44a8-b3e1-d192f3678998 3a0772896301409980d66768781d5130 57a46bf8f3a145a4916e91546bae922d - - default default] 10.0.0.229 "GET /v2.0/ports?device_id=096d43c6-66fc-4a3b-b7e5-fa12ef7282ec HTTP/1.1" status: 200 len: 1168 time: 0.0449679 /var/lib/openstack/lib/python3.10/site-packages/pycadf/identifier.py:71: UserWarning: Invalid uuid: neutron. To ensure interoperability, identifiers should be a valid uuid. warnings.warn(('Invalid uuid: %s. To ensure interoperability, '
2026-04-07 01:15:51.053 10 WARNING neutron.scheduler.dhcp_agent_scheduler [None req-0f52bccd-b966-4c86-a6ce-e0c07b5c7328 77492a78545d45b498277e6e01131436 7e7f2030e97141f8a189b5004295896f - - - -] No more DHCP agents
2026-04-07 01:15:51.058 10 WARNING neutron.api.rpc.agentnotifiers.dhcp_rpc_agent_api [None req-0f52bccd-b966-4c86-a6ce-e0c07b5c7328 77492a78545d45b498277e6e01131436 7e7f2030e97141f8a189b5004295896f - - - -] Unable to schedule network 4a666752-d724-4e14-9392-a10532164522: no agents available; will retry on subsequent port and subnet creation events.
2026-04-07 01:15:51.073 9 WARNING neutron.plugins.ml2.drivers.ovn.mech_driver.ovsdb.ovn_client [None req-3b29fbaa-dd5d-48a8-aed6-98c94a3c5d39 - - - - - -] No hosting information found for port 6adba045-8f64-4ca2-a617-a9d9d2d50836: RuntimeError: No hosting information found for port 6adba045-8f64-4ca2-a617-a9d9d2d50836
2026-04-07 01:15:51.074 9 INFO neutron.plugins.ml2.drivers.ovn.mech_driver.mech_driver [None req-3b29fbaa-dd5d-48a8-aed6-98c94a3c5d39 - - - - - -] OVN reports status up for port: ed2264ac-4721-40a1-a101-18cee89c64f9
2026-04-07 01:15:51.084 10 INFO neutron.wsgi [req-15fe0a52-9229-4137-9fb6-3bb4dbbabb9d req-268b7a0b-2994-4ad5-97ee-52264cd337dc 3a0772896301409980d66768781d5130 57a46bf8f3a145a4916e91546bae922d - - default default] 10.0.0.229 "GET /v2.0/security-groups?id=bc8aadfe-b137-4a25-aad6-95d9489b8409&fields=id&fields=name HTTP/1.1" status: 200 len: 286 time: 0.0442235
2026-04-07 01:15:51.099 9 INFO neutron.plugins.ml2.plugin [None req-3b29fbaa-dd5d-48a8-aed6-98c94a3c5d39 - - - - - -] Attempt 1 to provision port ed2264ac-4721-40a1-a101-18cee89c64f9
2026-04-07 01:15:51.171 9 INFO neutron.wsgi [req-4b2511d2-a8ba-4abc-8654-d9772967e98f req-01342515-2bd5-40f8-a014-7ed74593cde1 b714ab75f4004a10bbec284e0d9b4519 f1e91ddf9fc14fa8aebdbc8e6c9c6ea8 - - default default] 199.19.213.232 "GET /v2.0/subnets?network_id=144d5605-126e-4c58-9edf-2fa34ba3600d HTTP/1.1" status: 200 len: 859 time: 0.0556474
2026-04-07 01:15:51.221 10 INFO neutron.db.ovn_revision_numbers_db [None req-0f52bccd-b966-4c86-a6ce-e0c07b5c7328 77492a78545d45b498277e6e01131436 7e7f2030e97141f8a189b5004295896f - - - -] Successfully bumped revision number for resource 368e692c-66bc-4cc3-9438-73d1954427dd (type: ports) to 1
2026-04-07 01:15:51.253 10 INFO neutron.wsgi [None req-0f52bccd-b966-4c86-a6ce-e0c07b5c7328 77492a78545d45b498277e6e01131436 7e7f2030e97141f8a189b5004295896f - - - -] 199.19.213.232 "POST /v2.0/ports HTTP/1.1" status: 201 len: 1162 time: 0.6421399 /var/lib/openstack/lib/python3.10/site-packages/pycadf/identifier.py:71: UserWarning: Invalid uuid: neutron. To ensure interoperability, identifiers should be a valid uuid. warnings.warn(('Invalid uuid: %s. To ensure interoperability, '
2026-04-07 01:15:51.296 9 INFO neutron.notifiers.nova [-] Nova event matching ['req-745705d8-2131-4f27-b4f2-fd3b32754c78'] response: {'server_uuid': '096d43c6-66fc-4a3b-b7e5-fa12ef7282ec', 'name': 'network-vif-plugged', 'status': 'completed', 'tag': 'ed2264ac-4721-40a1-a101-18cee89c64f9', 'code': 200}
2026-04-07 01:15:51.317 9 INFO neutron.wsgi [req-4b2511d2-a8ba-4abc-8654-d9772967e98f req-fb56d4a3-92e3-4b7c-a32e-3fa74ec1c1c5 b714ab75f4004a10bbec284e0d9b4519 f1e91ddf9fc14fa8aebdbc8e6c9c6ea8 - - default default] 199.19.213.232 "GET /v2.0/ports?device_id=537972e4-38fb-4d6d-9ce4-97de96131b21&device_owner=compute%3Anova&network_id=144d5605-126e-4c58-9edf-2fa34ba3600d HTTP/1.1" status: 200 len: 1174 time: 0.1412752
2026-04-07 01:15:51.490 9 INFO neutron.db.ovn_revision_numbers_db [None req-3b29fbaa-dd5d-48a8-aed6-98c94a3c5d39 - - - - - -] Successfully bumped revision number for resource ed2264ac-4721-40a1-a101-18cee89c64f9 (type: ports) to 4
2026-04-07 01:15:51.612 10 INFO neutron.db.ovn_revision_numbers_db [None req-da20307c-c1a0-4479-9179-8a9838d74548 5c10ec7ffcba4ba38898ca44ac62adfa 19a66ed8743e4ec9b9e2cae4ef313bda - - - -] Successfully bumped revision number for resource 4ea8eeb1-3a4e-465a-995d-a63637872105 (type: security_groups) to 1
2026-04-07 01:15:51.681 10 INFO neutron.db.segments_db [None req-da20307c-c1a0-4479-9179-8a9838d74548 5c10ec7ffcba4ba38898ca44ac62adfa 19a66ed8743e4ec9b9e2cae4ef313bda - - - -] Added segment b441dc05-cae2-42c3-8421-b26f2e77a488 of type geneve for network 73ebaea2-b5bb-42e7-bf3f-0d5e42b492c8
2026-04-07 01:15:51.759 10 INFO neutron.db.ovn_revision_numbers_db [None req-5c248116-9470-4903-95a8-b087c54fb3c4 776eb9d0a78b4382ad45b382d8ef405d 83527090af144e2d9664d1f648e3fa16 - - - -] Successfully bumped revision number for resource 368e692c-66bc-4cc3-9438-73d1954427dd (type: ports) to 2
2026-04-07 01:15:51.816 10 INFO neutron.db.ovn_revision_numbers_db [None req-da20307c-c1a0-4479-9179-8a9838d74548 5c10ec7ffcba4ba38898ca44ac62adfa 19a66ed8743e4ec9b9e2cae4ef313bda - - - -] Successfully bumped revision number for resource 73ebaea2-b5bb-42e7-bf3f-0d5e42b492c8 (type: networks) to 1 /var/lib/openstack/lib/python3.10/site-packages/pycadf/identifier.py:71: UserWarning: Invalid uuid: neutron. To ensure interoperability, identifiers should be a valid uuid. warnings.warn(('Invalid uuid: %s. To ensure interoperability, '
2026-04-07 01:15:52.044 9 INFO neutron.db.ovn_revision_numbers_db [None req-6c1bce32-09ad-479c-8fec-51c6b47ba322 b714ab75f4004a10bbec284e0d9b4519 f1e91ddf9fc14fa8aebdbc8e6c9c6ea8 - - - -] Successfully bumped revision number for resource 32444dbf-0157-4d6e-b42d-22b929d763ac (type: ports) to 5
2026-04-07 01:15:52.050 10 INFO neutron.db.ovn_revision_numbers_db [None req-5c248116-9470-4903-95a8-b087c54fb3c4 776eb9d0a78b4382ad45b382d8ef405d 83527090af144e2d9664d1f648e3fa16 - - - -] Successfully bumped revision number for resource 368e692c-66bc-4cc3-9438-73d1954427dd (type: ports) to 2
2026-04-07 01:15:52.055 10 INFO neutron.wsgi [req-224d1bbc-65ba-495e-97c6-c95e77060d9d req-6d33aa3d-f424-4bac-86df-0f4fdec81c2e 77492a78545d45b498277e6e01131436 7e7f2030e97141f8a189b5004295896f - - default default] 10.0.0.229 "GET /v2.0/ports?device_id=521ee37a-80ab-4f42-80c0-0b8078c14dde HTTP/1.1" status: 200 len: 1172 time: 0.0523722
2026-04-07 01:15:52.055 9 INFO neutron.wsgi [None req-6c1bce32-09ad-479c-8fec-51c6b47ba322 b714ab75f4004a10bbec284e0d9b4519 f1e91ddf9fc14fa8aebdbc8e6c9c6ea8 - - - -] 199.19.213.232 "PUT /v2.0/ports/32444dbf-0157-4d6e-b42d-22b929d763ac HTTP/1.1" status: 200 len: 1349 time: 0.7302170 /var/lib/openstack/lib/python3.10/site-packages/pycadf/identifier.py:71: UserWarning: Invalid uuid: neutron. To ensure interoperability, identifiers should be a valid uuid. warnings.warn(('Invalid uuid: %s. To ensure interoperability, '
2026-04-07 01:15:52.091 10 WARNING neutron.scheduler.dhcp_agent_scheduler [None req-da20307c-c1a0-4479-9179-8a9838d74548 5c10ec7ffcba4ba38898ca44ac62adfa 19a66ed8743e4ec9b9e2cae4ef313bda - - - -] No more DHCP agents
2026-04-07 01:15:52.095 10 INFO neutron.wsgi [None req-5c248116-9470-4903-95a8-b087c54fb3c4 776eb9d0a78b4382ad45b382d8ef405d 83527090af144e2d9664d1f648e3fa16 - - - -] 199.19.213.232 "PUT /v2.0/ports/368e692c-66bc-4cc3-9438-73d1954427dd HTTP/1.1" status: 200 len: 1332 time: 0.8353832
2026-04-07 01:15:52.108 10 WARNING neutron.api.rpc.agentnotifiers.dhcp_rpc_agent_api [None req-da20307c-c1a0-4479-9179-8a9838d74548 5c10ec7ffcba4ba38898ca44ac62adfa 19a66ed8743e4ec9b9e2cae4ef313bda - - - -] Unable to schedule network 73ebaea2-b5bb-42e7-bf3f-0d5e42b492c8: no agents available; will retry on subsequent port and subnet creation events.
2026-04-07 01:15:52.149 9 INFO neutron.wsgi [req-4b2511d2-a8ba-4abc-8654-d9772967e98f req-fe5a9e31-cf27-4996-92e0-d76ce40af84d 776eb9d0a78b4382ad45b382d8ef405d 83527090af144e2d9664d1f648e3fa16 - - 479d185cd48245b4886508aced5bba41 479d185cd48245b4886508aced5bba41] 199.19.213.232 "GET /v2.0/ports?tenant_id=f1e91ddf9fc14fa8aebdbc8e6c9c6ea8&device_id=537972e4-38fb-4d6d-9ce4-97de96131b21 HTTP/1.1" status: 200 len: 1542 time: 0.0639510
2026-04-07 01:15:52.151 10 INFO neutron.notifiers.nova [-] Nova event matching ['req-8ced7342-afb9-43a8-8e2f-c3b01fae03ae'] response: {'name': 'network-changed', 'server_uuid': '521ee37a-80ab-4f42-80c0-0b8078c14dde', 'tag': '368e692c-66bc-4cc3-9438-73d1954427dd', 'status': 'completed', 'code': 200}
2026-04-07 01:15:52.166 10 INFO neutron.wsgi [req-224d1bbc-65ba-495e-97c6-c95e77060d9d req-6fc86c63-da20-4900-9238-1735f73b0761 77492a78545d45b498277e6e01131436 7e7f2030e97141f8a189b5004295896f - - default default] 10.0.0.229 "GET /v2.0/security-groups?id=0e9c19fa-aacf-4ae0-9438-1706bb7339fe&fields=id&fields=name HTTP/1.1" status: 200 len: 313 time: 0.0952938
2026-04-07 01:15:52.219 10 INFO neutron.wsgi [req-328c15ae-0cdc-44c2-82d9-477d68ae2f3c req-8f7a1406-447f-40a6-9d68-ed798de4a1df 776eb9d0a78b4382ad45b382d8ef405d 83527090af144e2d9664d1f648e3fa16 - - 479d185cd48245b4886508aced5bba41 479d185cd48245b4886508aced5bba41] 199.19.213.232 "GET /v2.0/ports?tenant_id=7e7f2030e97141f8a189b5004295896f&device_id=521ee37a-80ab-4f42-80c0-0b8078c14dde HTTP/1.1" status: 200 len: 1363 time: 0.0800581
2026-04-07 01:15:52.246 9 INFO neutron.wsgi [req-4b2511d2-a8ba-4abc-8654-d9772967e98f req-dd7128d0-d4fb-4845-84dd-dc4553df1c89 776eb9d0a78b4382ad45b382d8ef405d 83527090af144e2d9664d1f648e3fa16 - - 479d185cd48245b4886508aced5bba41 479d185cd48245b4886508aced5bba41] 199.19.213.232 "GET /v2.0/networks?id=144d5605-126e-4c58-9edf-2fa34ba3600d HTTP/1.1" status: 200 len: 982 time: 0.0900159
2026-04-07 01:15:52.262 10 INFO neutron.db.ovn_revision_numbers_db [None req-da20307c-c1a0-4479-9179-8a9838d74548 5c10ec7ffcba4ba38898ca44ac62adfa 19a66ed8743e4ec9b9e2cae4ef313bda - - - -] Successfully bumped revision number for resource 561de7fb-e964-4768-9d74-3c949ea2f994 (type: ports) to 1
2026-04-07 01:15:52.265 10 INFO neutron.wsgi [req-328c15ae-0cdc-44c2-82d9-477d68ae2f3c req-464f6fb1-4b85-420c-b5d5-80ed02de0aba 776eb9d0a78b4382ad45b382d8ef405d 83527090af144e2d9664d1f648e3fa16 - - 479d185cd48245b4886508aced5bba41 479d185cd48245b4886508aced5bba41] 199.19.213.232 "GET /v2.0/floatingips?fixed_ip_address=10.100.0.14&port_id=368e692c-66bc-4cc3-9438-73d1954427dd HTTP/1.1" status: 200 len: 217 time: 0.0317769
2026-04-07 01:15:52.272 10 INFO neutron.wsgi [req-5a52d17a-8e25-4bb1-bd68-639e33c9908a req-299ba135-d99a-4c0a-b482-d88d9cedac28 3a0772896301409980d66768781d5130 57a46bf8f3a145a4916e91546bae922d - - default default] 10.0.0.229 "GET /v2.0/ports?device_id=096d43c6-66fc-4a3b-b7e5-fa12ef7282ec HTTP/1.1" status: 200 len: 1170 time: 0.0461798
2026-04-07 01:15:52.320 9 INFO neutron.wsgi [req-4b2511d2-a8ba-4abc-8654-d9772967e98f req-8077b06f-74d9-4518-b740-ba4191972a08 776eb9d0a78b4382ad45b382d8ef405d 83527090af144e2d9664d1f648e3fa16 - - 479d185cd48245b4886508aced5bba41 479d185cd48245b4886508aced5bba41] 199.19.213.232 "GET /v2.0/floatingips?fixed_ip_address=10.100.0.12&port_id=32444dbf-0157-4d6e-b42d-22b929d763ac HTTP/1.1" status: 200 len: 1060 time: 0.0688324
2026-04-07 01:15:52.353 9 INFO neutron.wsgi [req-4b2511d2-a8ba-4abc-8654-d9772967e98f req-0d6ff31f-76bc-442b-8487-b17b6dc0cca2 776eb9d0a78b4382ad45b382d8ef405d 83527090af144e2d9664d1f648e3fa16 - - 479d185cd48245b4886508aced5bba41 479d185cd48245b4886508aced5bba41] 199.19.213.232 "GET /v2.0/floatingips?fixed_ip_address=10.100.0.4&port_id=32444dbf-0157-4d6e-b42d-22b929d763ac HTTP/1.1" status: 200 len: 217 time: 0.0258071
2026-04-07 01:15:52.400 9 INFO neutron.wsgi [req-4b2511d2-a8ba-4abc-8654-d9772967e98f req-fce7db25-7af5-488e-a0bb-fe693bf66fd3 776eb9d0a78b4382ad45b382d8ef405d 83527090af144e2d9664d1f648e3fa16 - - 479d185cd48245b4886508aced5bba41 479d185cd48245b4886508aced5bba41] 199.19.213.232 "GET /v2.0/subnets?id=a191541e-bdf8-47fe-bcb3-6f2801229077 HTTP/1.1" status: 200 len: 877 time: 0.0387747
2026-04-07 01:15:52.443 9 INFO neutron.wsgi [req-4b2511d2-a8ba-4abc-8654-d9772967e98f req-a772eeae-8b87-485d-a93b-d2f8403aaf88 776eb9d0a78b4382ad45b382d8ef405d 83527090af144e2d9664d1f648e3fa16 - - 479d185cd48245b4886508aced5bba41 479d185cd48245b4886508aced5bba41] 199.19.213.232 "GET /v2.0/ports?network_id=144d5605-126e-4c58-9edf-2fa34ba3600d&device_owner=network%3Adhcp HTTP/1.1" status: 200 len: 210 time: 0.0347955
2026-04-07 01:15:52.511 9 INFO neutron.wsgi [req-4b2511d2-a8ba-4abc-8654-d9772967e98f req-f07af3b7-cc2a-4bcc-83fb-4b1b62397453 776eb9d0a78b4382ad45b382d8ef405d 83527090af144e2d9664d1f648e3fa16 - - 479d185cd48245b4886508aced5bba41 479d185cd48245b4886508aced5bba41] 199.19.213.232 "GET /v2.0/networks/144d5605-126e-4c58-9edf-2fa34ba3600d?fields=segments HTTP/1.1" status: 200 len: 212 time: 0.0613906
2026-04-07 01:15:52.583 10 INFO neutron.wsgi [None req-da20307c-c1a0-4479-9179-8a9838d74548 5c10ec7ffcba4ba38898ca44ac62adfa 19a66ed8743e4ec9b9e2cae4ef313bda - - - -] 10.0.0.131 "POST /v2.0/networks HTTP/1.1" status: 201 len: 846 time: 1.3901508
2026-04-07 01:15:52.591 10 INFO neutron.wsgi [req-328c15ae-0cdc-44c2-82d9-477d68ae2f3c req-508e4a67-ef31-42ee-a5b6-d2a8810e584e 776eb9d0a78b4382ad45b382d8ef405d 83527090af144e2d9664d1f648e3fa16 - - 479d185cd48245b4886508aced5bba41 479d185cd48245b4886508aced5bba41] 199.19.213.232 "GET /v2.0/subnets?id=43e8024b-3fb5-4aac-b3af-229022bd316e HTTP/1.1" status: 200 len: 872 time: 0.3157187
2026-04-07 01:15:52.598 10 INFO neutron.wsgi [req-5a52d17a-8e25-4bb1-bd68-639e33c9908a req-1a535373-5158-46a6-9a3a-7331fc8df83c 3a0772896301409980d66768781d5130 57a46bf8f3a145a4916e91546bae922d - - default default] 10.0.0.229 "GET /v2.0/security-groups?id=bc8aadfe-b137-4a25-aad6-95d9489b8409&fields=id&fields=name HTTP/1.1" status: 200 len: 286 time: 0.3181689
2026-04-07 01:15:52.600 9 INFO neutron.wsgi [req-4b2511d2-a8ba-4abc-8654-d9772967e98f req-7a68ac76-48d5-4fec-8e47-911fa50a2aef 776eb9d0a78b4382ad45b382d8ef405d 83527090af144e2d9664d1f648e3fa16 - - 479d185cd48245b4886508aced5bba41 479d185cd48245b4886508aced5bba41] 199.19.213.232 "GET /v2.0/networks/144d5605-126e-4c58-9edf-2fa34ba3600d?fields=provider%3Aphysical_network&fields=provider%3Anetwork_type HTTP/1.1" status: 200 len: 277 time: 0.0809484
2026-04-07 01:15:52.616 10 INFO neutron.wsgi [req-328c15ae-0cdc-44c2-82d9-477d68ae2f3c req-6dc5948a-97dc-4030-9aaf-1225ffe2ccb2 776eb9d0a78b4382ad45b382d8ef405d 83527090af144e2d9664d1f648e3fa16 - - 479d185cd48245b4886508aced5bba41 479d185cd48245b4886508aced5bba41] 199.19.213.232 "GET /v2.0/ports?network_id=4a666752-d724-4e14-9392-a10532164522&device_owner=network%3Adhcp HTTP/1.1" status: 200 len: 210 time: 0.0180061
2026-04-07 01:15:52.707 10 INFO neutron.wsgi [req-328c15ae-0cdc-44c2-82d9-477d68ae2f3c req-d5b19e3e-d3a7-473a-ade0-1c639a3102db 776eb9d0a78b4382ad45b382d8ef405d 83527090af144e2d9664d1f648e3fa16 - - 479d185cd48245b4886508aced5bba41 479d185cd48245b4886508aced5bba41] 199.19.213.232 "GET /v2.0/networks/4a666752-d724-4e14-9392-a10532164522?fields=segments HTTP/1.1" status: 200 len: 212 time: 0.0814214
2026-04-07 01:15:52.787 10 INFO neutron.wsgi [req-328c15ae-0cdc-44c2-82d9-477d68ae2f3c req-ddab285c-259a-4c41-a247-a47874001f91 776eb9d0a78b4382ad45b382d8ef405d 83527090af144e2d9664d1f648e3fa16 - - 479d185cd48245b4886508aced5bba41 479d185cd48245b4886508aced5bba41] 199.19.213.232 "GET /v2.0/networks/4a666752-d724-4e14-9392-a10532164522?fields=provider%3Aphysical_network&fields=provider%3Anetwork_type HTTP/1.1" status: 200 len: 277 time: 0.0735343
2026-04-07 01:15:52.890 10 INFO neutron.wsgi [req-1168fb55-8214-4695-be5e-c909502fb110 req-18f9a1d9-b7d8-430c-9c29-d99fe4d0653b 776eb9d0a78b4382ad45b382d8ef405d 83527090af144e2d9664d1f648e3fa16 - - 479d185cd48245b4886508aced5bba41 479d185cd48245b4886508aced5bba41] 199.19.213.232 "GET /v2.0/ports?tenant_id=7e7f2030e97141f8a189b5004295896f&device_id=521ee37a-80ab-4f42-80c0-0b8078c14dde HTTP/1.1" status: 200 len: 1363 time: 0.0568295
2026-04-07 01:15:52.960 10 INFO neutron.wsgi [req-1168fb55-8214-4695-be5e-c909502fb110 req-003d215b-e252-427b-a044-ca7af38136ae 776eb9d0a78b4382ad45b382d8ef405d 83527090af144e2d9664d1f648e3fa16 - - 479d185cd48245b4886508aced5bba41 479d185cd48245b4886508aced5bba41] 199.19.213.232 "GET /v2.0/networks?id=4a666752-d724-4e14-9392-a10532164522 HTTP/1.1" status: 200 len: 977 time: 0.0610335
2026-04-07 01:15:53.015 9 INFO neutron.plugins.ml2.drivers.ovn.mech_driver.mech_driver [None req-3b29fbaa-dd5d-48a8-aed6-98c94a3c5d39 - - - - - -] OVN reports status down for port: ed2264ac-4721-40a1-a101-18cee89c64f9
2026-04-07 01:15:53.022 10 INFO neutron.wsgi [req-1168fb55-8214-4695-be5e-c909502fb110 req-d00852a1-4319-49f8-b558-cc2c46653d30 776eb9d0a78b4382ad45b382d8ef405d 83527090af144e2d9664d1f648e3fa16 - - 479d185cd48245b4886508aced5bba41 479d185cd48245b4886508aced5bba41] 199.19.213.232 "GET /v2.0/floatingips?fixed_ip_address=10.100.0.14&port_id=368e692c-66bc-4cc3-9438-73d1954427dd HTTP/1.1" status: 200 len: 217 time: 0.0540359
2026-04-07 01:15:53.087 10 INFO neutron.wsgi [req-1168fb55-8214-4695-be5e-c909502fb110 req-85bd0ceb-1443-4408-93a3-61280e413ac3 776eb9d0a78b4382ad45b382d8ef405d 83527090af144e2d9664d1f648e3fa16 - - 479d185cd48245b4886508aced5bba41 479d185cd48245b4886508aced5bba41] 199.19.213.232 "GET /v2.0/subnets?id=43e8024b-3fb5-4aac-b3af-229022bd316e HTTP/1.1" status: 200 len: 872 time: 0.0474069
2026-04-07 01:15:53.134 10 INFO neutron.wsgi [req-1168fb55-8214-4695-be5e-c909502fb110 req-740658b7-0720-47d1-986c-438aa01d1891 776eb9d0a78b4382ad45b382d8ef405d 83527090af144e2d9664d1f648e3fa16 - - 479d185cd48245b4886508aced5bba41 479d185cd48245b4886508aced5bba41] 199.19.213.232 "GET /v2.0/ports?network_id=4a666752-d724-4e14-9392-a10532164522&device_owner=network%3Adhcp HTTP/1.1" status: 200 len: 210 time: 0.0409055
2026-04-07 01:15:53.179 10 INFO neutron.wsgi [req-66c4a2c2-263c-4b5a-9275-ec498ef99007 req-64ccde82-5c25-42e4-9b7b-020d054ea76b 3a0772896301409980d66768781d5130 57a46bf8f3a145a4916e91546bae922d - - default default] 10.0.0.229 "GET /v2.0/ports?device_id=096d43c6-66fc-4a3b-b7e5-fa12ef7282ec HTTP/1.1" status: 200 len: 1170 time: 0.1671238
2026-04-07 01:15:53.229 10 INFO neutron.wsgi [req-1168fb55-8214-4695-be5e-c909502fb110 req-e1965c20-c167-4f59-a76f-8eb7cb303d39 776eb9d0a78b4382ad45b382d8ef405d 83527090af144e2d9664d1f648e3fa16 - - 479d185cd48245b4886508aced5bba41 479d185cd48245b4886508aced5bba41] 199.19.213.232 "GET /v2.0/networks/4a666752-d724-4e14-9392-a10532164522?fields=segments HTTP/1.1" status: 200 len: 212 time: 0.0764165
2026-04-07 01:15:53.232 10 INFO neutron.wsgi [req-66c4a2c2-263c-4b5a-9275-ec498ef99007 req-d16a2594-80e9-4dd4-be8b-f555567028fb 3a0772896301409980d66768781d5130 57a46bf8f3a145a4916e91546bae922d - - default default] 10.0.0.229 "GET /v2.0/security-groups?id=bc8aadfe-b137-4a25-aad6-95d9489b8409&fields=id&fields=name HTTP/1.1" status: 200 len: 286 time: 0.0450618
2026-04-07 01:15:53.320 10 INFO neutron.wsgi [req-1168fb55-8214-4695-be5e-c909502fb110 req-c7091a2f-f946-4149-8903-31ddd4c82212 776eb9d0a78b4382ad45b382d8ef405d 83527090af144e2d9664d1f648e3fa16 - - 479d185cd48245b4886508aced5bba41 479d185cd48245b4886508aced5bba41] 199.19.213.232 "GET /v2.0/networks/4a666752-d724-4e14-9392-a10532164522?fields=provider%3Aphysical_network&fields=provider%3Anetwork_type HTTP/1.1" status: 200 len: 277 time: 0.0738628
2026-04-07 01:15:53.331 10 INFO neutron.wsgi [req-b5d10a9d-b0b9-4d76-a144-5cca92a380ad req-6e579df6-30b0-4bd9-9e01-594c57fc7d4a 77492a78545d45b498277e6e01131436 7e7f2030e97141f8a189b5004295896f - - default default] 10.0.0.229 "GET /v2.0/ports?device_id=521ee37a-80ab-4f42-80c0-0b8078c14dde HTTP/1.1" status: 200 len: 1172 time: 0.0427177
2026-04-07 01:15:53.378 10 INFO neutron.wsgi [req-d3d016bf-99b4-4d3b-86b3-3f792dbb7f51 req-a0e334c2-3f9a-4ae2-a98d-93518221ff08 b714ab75f4004a10bbec284e0d9b4519 f1e91ddf9fc14fa8aebdbc8e6c9c6ea8 - - default default] 10.0.0.229 "GET /v2.0/ports?device_id=537972e4-38fb-4d6d-9ce4-97de96131b21 HTTP/1.1" status: 200 len: 1352 time: 0.0463433
2026-04-07 01:15:53.386 10 INFO neutron.wsgi [req-2765ce2e-f80c-4a47-921d-654366f5abf2 req-62036563-0f50-4a6d-8e3b-f2adc1958459 3a0772896301409980d66768781d5130 57a46bf8f3a145a4916e91546bae922d - - default default] 199.19.213.232 "GET /v2.0/ports?device_id=096d43c6-66fc-4a3b-b7e5-fa12ef7282ec HTTP/1.1" status: 200 len: 1168 time: 0.0467205
2026-04-07 01:15:53.418 10 INFO neutron.wsgi [req-b5d10a9d-b0b9-4d76-a144-5cca92a380ad req-04262ec3-67df-4fa8-9ec6-95ba33ce8a46 77492a78545d45b498277e6e01131436 7e7f2030e97141f8a189b5004295896f - - default default] 10.0.0.229 "GET /v2.0/security-groups?id=0e9c19fa-aacf-4ae0-9438-1706bb7339fe&fields=id&fields=name HTTP/1.1" status: 200 len: 313 time: 0.0780263
2026-04-07 01:15:53.445 10 INFO neutron.wsgi [req-d3d016bf-99b4-4d3b-86b3-3f792dbb7f51 req-bc9469f6-8e76-4e00-976f-d24e82757505 b714ab75f4004a10bbec284e0d9b4519 f1e91ddf9fc14fa8aebdbc8e6c9c6ea8 - - default default] 10.0.0.229 "GET /v2.0/security-groups?id=ec37ed08-2538-4cf1-84dc-1188d6e5ca3c&fields=id&fields=name HTTP/1.1" status: 200 len: 313 time: 0.0569534
2026-04-07 01:15:53.462 9 WARNING neutron.scheduler.dhcp_agent_scheduler [None req-48193362-0a69-4813-ad7c-8a81fffaf166 5c10ec7ffcba4ba38898ca44ac62adfa 19a66ed8743e4ec9b9e2cae4ef313bda - - - -] No more DHCP agents
2026-04-07 01:15:53.465 9 INFO neutron.notifiers.nova [-] Nova event matching ['req-876aff08-763f-4863-ae17-e8703ceee6e1'] response: {'server_uuid': '096d43c6-66fc-4a3b-b7e5-fa12ef7282ec', 'name': 'network-vif-plugged', 'status': 'completed', 'tag': 'ed2264ac-4721-40a1-a101-18cee89c64f9', 'code': 200}
2026-04-07 01:15:53.465 9 INFO neutron.notifiers.nova [-] Nova event matching ['req-876aff08-763f-4863-ae17-e8703ceee6e1'] response: {'name': 'network-changed', 'server_uuid': '537972e4-38fb-4d6d-9ce4-97de96131b21', 'tag': '32444dbf-0157-4d6e-b42d-22b929d763ac', 'status': 'completed', 'code': 200}
2026-04-07 01:15:53.466 9 INFO neutron.notifiers.nova [-] Nova event matching ['req-876aff08-763f-4863-ae17-e8703ceee6e1'] response: {'server_uuid': '096d43c6-66fc-4a3b-b7e5-fa12ef7282ec', 'name': 'network-vif-unplugged', 'status': 'completed', 'tag': 'ed2264ac-4721-40a1-a101-18cee89c64f9', 'code': 200}
2026-04-07 01:15:53.468 9 WARNING neutron.api.rpc.agentnotifiers.dhcp_rpc_agent_api [None req-48193362-0a69-4813-ad7c-8a81fffaf166 5c10ec7ffcba4ba38898ca44ac62adfa 19a66ed8743e4ec9b9e2cae4ef313bda - - - -] Unable to schedule network 73ebaea2-b5bb-42e7-bf3f-0d5e42b492c8: no agents available; will retry on subsequent port and subnet creation events.
2026-04-07 01:15:53.469 9 INFO neutron.db.ovn_revision_numbers_db [None req-3b29fbaa-dd5d-48a8-aed6-98c94a3c5d39 - - - - - -] Successfully bumped revision number for resource ed2264ac-4721-40a1-a101-18cee89c64f9 (type: ports) to 5
2026-04-07 01:15:53.513 9 INFO neutron.db.ovn_revision_numbers_db [None req-48193362-0a69-4813-ad7c-8a81fffaf166 5c10ec7ffcba4ba38898ca44ac62adfa 19a66ed8743e4ec9b9e2cae4ef313bda - - - -] Successfully bumped revision number for resource e56ba484-8d53-430f-9a7a-3b57af0d13f5 (type: subnets) to 0
2026-04-07 01:15:53.536 9 INFO neutron.wsgi [req-75ab05c1-076c-4618-8582-6a357c31b47b req-49abc9f4-c73f-4642-a830-307c9704c848 776eb9d0a78b4382ad45b382d8ef405d 83527090af144e2d9664d1f648e3fa16 - - 479d185cd48245b4886508aced5bba41 479d185cd48245b4886508aced5bba41] 199.19.213.232 "GET /v2.0/ports?tenant_id=f1e91ddf9fc14fa8aebdbc8e6c9c6ea8&device_id=537972e4-38fb-4d6d-9ce4-97de96131b21 HTTP/1.1" status: 200 len: 1542 time: 0.0482552
2026-04-07 01:15:53.542 9 INFO neutron.wsgi [None req-48193362-0a69-4813-ad7c-8a81fffaf166 5c10ec7ffcba4ba38898ca44ac62adfa 19a66ed8743e4ec9b9e2cae4ef313bda - - - -] 10.0.0.131 "POST /v2.0/subnets HTTP/1.1" status: 201 len: 848 time: 0.4705808 /var/lib/openstack/lib/python3.10/site-packages/pycadf/identifier.py:71: UserWarning: Invalid uuid: neutron. To ensure interoperability, identifiers should be a valid uuid. warnings.warn(('Invalid uuid: %s. To ensure interoperability, '
2026-04-07 01:15:53.617 9 INFO neutron.wsgi [req-75ab05c1-076c-4618-8582-6a357c31b47b req-633d470a-0df3-48ef-a597-e648f54e5c92 776eb9d0a78b4382ad45b382d8ef405d 83527090af144e2d9664d1f648e3fa16 - - 479d185cd48245b4886508aced5bba41 479d185cd48245b4886508aced5bba41] 199.19.213.232 "GET /v2.0/networks?id=144d5605-126e-4c58-9edf-2fa34ba3600d HTTP/1.1" status: 200 len: 982 time: 0.0726097
2026-04-07 01:15:53.666 9 INFO neutron.db.segments_db [None req-a7f7c30a-8dc5-4042-ab22-1ff324782656 5c10ec7ffcba4ba38898ca44ac62adfa 19a66ed8743e4ec9b9e2cae4ef313bda - - - -] Added segment 42bd5b44-6832-4ede-9693-a70b827d4d52 of type geneve for network 6a666312-0100-4595-83e1-0183a9060160
2026-04-07 01:15:53.673 9 INFO neutron.wsgi [req-75ab05c1-076c-4618-8582-6a357c31b47b req-cebbf421-18bd-4fcd-b4dc-ba816f96a525 776eb9d0a78b4382ad45b382d8ef405d 83527090af144e2d9664d1f648e3fa16 - - 479d185cd48245b4886508aced5bba41 479d185cd48245b4886508aced5bba41] 199.19.213.232 "GET /v2.0/floatingips?fixed_ip_address=10.100.0.12&port_id=32444dbf-0157-4d6e-b42d-22b929d763ac HTTP/1.1" status: 200 len: 1060 time: 0.0445869
2026-04-07 01:15:53.709 9 INFO neutron.wsgi [req-75ab05c1-076c-4618-8582-6a357c31b47b req-aac6920a-2119-476e-a693-cd324ee9734b 776eb9d0a78b4382ad45b382d8ef405d 83527090af144e2d9664d1f648e3fa16 - - 479d185cd48245b4886508aced5bba41 479d185cd48245b4886508aced5bba41] 199.19.213.232 "GET /v2.0/floatingips?fixed_ip_address=10.100.0.4&port_id=32444dbf-0157-4d6e-b42d-22b929d763ac HTTP/1.1" status: 200 len: 217 time: 0.0253611
2026-04-07 01:15:53.751 10 INFO neutron.wsgi [None req-ff2cbac0-4207-4126-8119-61b68d3333c5 3a0772896301409980d66768781d5130 57a46bf8f3a145a4916e91546bae922d - - - -] 199.19.213.232 "DELETE /v2.0/ports/ed2264ac-4721-40a1-a101-18cee89c64f9 HTTP/1.1" status: 204 len: 173 time: 0.3567142
2026-04-07 01:15:53.775 9 INFO neutron.wsgi [req-75ab05c1-076c-4618-8582-6a357c31b47b req-c79b62af-2e6e-477e-bb23-7da15d6b113d 776eb9d0a78b4382ad45b382d8ef405d 83527090af144e2d9664d1f648e3fa16 - - 479d185cd48245b4886508aced5bba41 479d185cd48245b4886508aced5bba41] 199.19.213.232 "GET /v2.0/subnets?id=a191541e-bdf8-47fe-bcb3-6f2801229077 HTTP/1.1" status: 200 len: 877 time: 0.0572488
2026-04-07 01:15:53.821 9 INFO neutron.wsgi [req-75ab05c1-076c-4618-8582-6a357c31b47b req-ca16b868-9dd9-4c4d-84f0-b45fb2a32ff2 776eb9d0a78b4382ad45b382d8ef405d 83527090af144e2d9664d1f648e3fa16 - - 479d185cd48245b4886508aced5bba41 479d185cd48245b4886508aced5bba41] 199.19.213.232 "GET /v2.0/ports?network_id=144d5605-126e-4c58-9edf-2fa34ba3600d&device_owner=network%3Adhcp HTTP/1.1" status: 200 len: 210 time: 0.0316050
2026-04-07 01:15:53.836 9 INFO neutron.db.ovn_revision_numbers_db [None req-a7f7c30a-8dc5-4042-ab22-1ff324782656 5c10ec7ffcba4ba38898ca44ac62adfa 19a66ed8743e4ec9b9e2cae4ef313bda - - - -] Successfully bumped revision number for resource 6a666312-0100-4595-83e1-0183a9060160 (type: networks) to 1
2026-04-07 01:15:53.922 9 INFO neutron.wsgi [req-75ab05c1-076c-4618-8582-6a357c31b47b req-23c747e6-534b-4d2e-a677-ed826341fcab 776eb9d0a78b4382ad45b382d8ef405d 83527090af144e2d9664d1f648e3fa16 - - 479d185cd48245b4886508aced5bba41 479d185cd48245b4886508aced5bba41] 199.19.213.232 "GET /v2.0/networks/144d5605-126e-4c58-9edf-2fa34ba3600d?fields=segments HTTP/1.1" status: 200 len: 212 time: 0.0867794
2026-04-07 01:15:53.977 10 INFO neutron.plugins.ml2.drivers.ovn.mech_driver.mech_driver [None req-ee02499f-61ca-4756-b0aa-f7c26bd3149e - - - - - -] OVN reports status up for port: 368e692c-66bc-4cc3-9438-73d1954427dd
2026-04-07 01:15:53.990 10 INFO neutron.plugins.ml2.plugin [None req-ee02499f-61ca-4756-b0aa-f7c26bd3149e - - - - - -] Attempt 1 to provision port 368e692c-66bc-4cc3-9438-73d1954427dd
2026-04-07 01:15:54.071 9 INFO neutron.wsgi [req-75ab05c1-076c-4618-8582-6a357c31b47b req-6127877f-a092-4a53-85b4-df0d3c165931 776eb9d0a78b4382ad45b382d8ef405d 83527090af144e2d9664d1f648e3fa16 - - 479d185cd48245b4886508aced5bba41 479d185cd48245b4886508aced5bba41] 199.19.213.232 "GET /v2.0/networks/144d5605-126e-4c58-9edf-2fa34ba3600d?fields=provider%3Aphysical_network&fields=provider%3Anetwork_type HTTP/1.1" status: 200 len: 277 time: 0.1400399
2026-04-07 01:15:54.157 9 WARNING neutron.scheduler.dhcp_agent_scheduler [None req-a7f7c30a-8dc5-4042-ab22-1ff324782656 5c10ec7ffcba4ba38898ca44ac62adfa 19a66ed8743e4ec9b9e2cae4ef313bda - - - -] No more DHCP agents
2026-04-07 01:15:54.162 9 INFO neutron.wsgi [req-3d9473f7-2e93-4e69-baa5-49329049d35e req-488aeafd-c559-4369-9995-8951516d0498 b714ab75f4004a10bbec284e0d9b4519 f1e91ddf9fc14fa8aebdbc8e6c9c6ea8 - - default default] 199.19.213.232 "GET /v2.0/ports?device_id=537972e4-38fb-4d6d-9ce4-97de96131b21&device_owner=compute%3Anova&fixed_ips=ip_address%3D10.100.0.4 HTTP/1.1" status: 200 len: 1352 time: 0.0727274
2026-04-07 01:15:54.163 9 WARNING neutron.api.rpc.agentnotifiers.dhcp_rpc_agent_api [None req-a7f7c30a-8dc5-4042-ab22-1ff324782656 5c10ec7ffcba4ba38898ca44ac62adfa 19a66ed8743e4ec9b9e2cae4ef313bda - - - -] Unable to schedule network 6a666312-0100-4595-83e1-0183a9060160: no agents available; will retry on subsequent port and subnet creation events.
2026-04-07 01:15:54.198 10 INFO neutron.notifiers.nova [-] Nova event matching ['req-cff86d38-066e-44a7-bdd9-62817b8303b2'] response: {'server_uuid': '096d43c6-66fc-4a3b-b7e5-fa12ef7282ec', 'name': 'network-vif-deleted', 'tag': 'ed2264ac-4721-40a1-a101-18cee89c64f9', 'status': 'completed', 'code': 200}
2026-04-07 01:15:54.198 10 INFO neutron.notifiers.nova [-] Nova event matching ['req-cff86d38-066e-44a7-bdd9-62817b8303b2'] response: {'server_uuid': '521ee37a-80ab-4f42-80c0-0b8078c14dde', 'name': 'network-vif-plugged', 'status': 'completed', 'tag': '368e692c-66bc-4cc3-9438-73d1954427dd', 'code': 200}
2026-04-07 01:15:54.262 9 INFO neutron.db.ovn_revision_numbers_db [None req-a7f7c30a-8dc5-4042-ab22-1ff324782656 5c10ec7ffcba4ba38898ca44ac62adfa 19a66ed8743e4ec9b9e2cae4ef313bda - - - -] Successfully bumped revision number for resource f11a71e5-f226-4ed5-ad70-7b57d315114e (type: ports) to 1
2026-04-07 01:15:54.280 10 INFO neutron.db.ovn_revision_numbers_db [None req-ee02499f-61ca-4756-b0aa-f7c26bd3149e - - - - - -] Successfully bumped revision number for resource 368e692c-66bc-4cc3-9438-73d1954427dd (type: ports) to 4
2026-04-07 01:15:54.302 9 INFO neutron.wsgi [None req-a7f7c30a-8dc5-4042-ab22-1ff324782656 5c10ec7ffcba4ba38898ca44ac62adfa 19a66ed8743e4ec9b9e2cae4ef313bda - - - -] 10.0.0.131 "POST /v2.0/networks HTTP/1.1" status: 201 len: 847 time: 0.7505977 /var/lib/openstack/lib/python3.10/site-packages/pycadf/identifier.py:71: UserWarning: Invalid uuid: neutron. To ensure interoperability, identifiers should be a valid uuid. warnings.warn(('Invalid uuid: %s. To ensure interoperability, '
2026-04-07 01:15:54.666 10 INFO neutron.wsgi [req-b5dd5bc5-80b0-45e9-a5d3-892ec0fc40fb req-c5128edf-5931-461a-956f-c7911b529469 77492a78545d45b498277e6e01131436 7e7f2030e97141f8a189b5004295896f - - default default] 10.0.0.229 "GET /v2.0/ports?device_id=521ee37a-80ab-4f42-80c0-0b8078c14dde HTTP/1.1" status: 200 len: 1174 time: 0.1594782
2026-04-07 01:15:54.737 10 INFO neutron.wsgi [req-b5dd5bc5-80b0-45e9-a5d3-892ec0fc40fb req-a3272bf1-da01-4d0b-b8f8-82b047ed148e 77492a78545d45b498277e6e01131436 7e7f2030e97141f8a189b5004295896f - - default default] 10.0.0.229 "GET /v2.0/security-groups?id=0e9c19fa-aacf-4ae0-9438-1706bb7339fe&fields=id&fields=name HTTP/1.1" status: 200 len: 313 time: 0.0634179
2026-04-07 01:15:54.896 9 INFO neutron.db.ovn_revision_numbers_db [None req-a6bfcf27-a61f-432c-86f5-518402f16f79 5c10ec7ffcba4ba38898ca44ac62adfa 19a66ed8743e4ec9b9e2cae4ef313bda - - - -] Successfully bumped revision number for resource 6a666312-0100-4595-83e1-0183a9060160 (type: networks) to 2
2026-04-07 01:15:54.900 9 INFO neutron.wsgi [None req-a6bfcf27-a61f-432c-86f5-518402f16f79 5c10ec7ffcba4ba38898ca44ac62adfa 19a66ed8743e4ec9b9e2cae4ef313bda - - - -] 10.0.0.131 "PUT /v2.0/networks/6a666312-0100-4595-83e1-0183a9060160 HTTP/1.1" status: 200 len: 792 time: 0.5838616
2026-04-07 01:15:55.063 9 INFO neutron.db.ovn_revision_numbers_db [None req-30096dff-1832-4e36-86de-1d386f326401 b714ab75f4004a10bbec284e0d9b4519 f1e91ddf9fc14fa8aebdbc8e6c9c6ea8 - - - -] Successfully bumped revision number for resource 32444dbf-0157-4d6e-b42d-22b929d763ac (type: ports) to 6
2026-04-07 01:15:55.078 9 INFO neutron.wsgi [None req-30096dff-1832-4e36-86de-1d386f326401 b714ab75f4004a10bbec284e0d9b4519 f1e91ddf9fc14fa8aebdbc8e6c9c6ea8 - - - -] 199.19.213.232 "PUT /v2.0/ports/32444dbf-0157-4d6e-b42d-22b929d763ac HTTP/1.1" status: 200 len: 1171 time: 0.9046197 /var/lib/openstack/lib/python3.10/site-packages/pycadf/identifier.py:71: UserWarning: Invalid uuid: neutron. To ensure interoperability, identifiers should be a valid uuid. warnings.warn(('Invalid uuid: %s. To ensure interoperability, '
2026-04-07 01:15:55.154 9 INFO neutron.wsgi [req-3d9473f7-2e93-4e69-baa5-49329049d35e req-ab196cfe-ea1f-485c-8a76-2a4253e30744 776eb9d0a78b4382ad45b382d8ef405d 83527090af144e2d9664d1f648e3fa16 - - 479d185cd48245b4886508aced5bba41 479d185cd48245b4886508aced5bba41] 199.19.213.232 "GET /v2.0/ports?tenant_id=f1e91ddf9fc14fa8aebdbc8e6c9c6ea8&device_id=537972e4-38fb-4d6d-9ce4-97de96131b21 HTTP/1.1" status: 200 len: 1365 time: 0.0445828
2026-04-07 01:15:55.207 10 WARNING neutron.scheduler.dhcp_agent_scheduler [None req-f1c517eb-e565-4fdf-af52-60ee3090acbd 5c10ec7ffcba4ba38898ca44ac62adfa 19a66ed8743e4ec9b9e2cae4ef313bda - - - -] No more DHCP agents
2026-04-07 01:15:55.209 10 WARNING neutron.api.rpc.agentnotifiers.dhcp_rpc_agent_api [None req-f1c517eb-e565-4fdf-af52-60ee3090acbd 5c10ec7ffcba4ba38898ca44ac62adfa 19a66ed8743e4ec9b9e2cae4ef313bda - - - -] Unable to schedule network 6a666312-0100-4595-83e1-0183a9060160: no agents available; will retry on subsequent port and subnet creation events.
2026-04-07 01:15:55.226 10 INFO neutron.db.ovn_revision_numbers_db [None req-f1c517eb-e565-4fdf-af52-60ee3090acbd 5c10ec7ffcba4ba38898ca44ac62adfa 19a66ed8743e4ec9b9e2cae4ef313bda - - - -] Successfully bumped revision number for resource 9b3cca2a-afc3-4392-83ea-363ac880fd6f (type: subnets) to 0
2026-04-07 01:15:55.246 10 INFO neutron.wsgi [None req-f1c517eb-e565-4fdf-af52-60ee3090acbd 5c10ec7ffcba4ba38898ca44ac62adfa 19a66ed8743e4ec9b9e2cae4ef313bda - - - -] 10.0.0.131 "POST /v2.0/subnets HTTP/1.1" status: 201 len: 821 time: 0.3350792
2026-04-07 01:15:55.256 9 INFO neutron.wsgi [req-3d9473f7-2e93-4e69-baa5-49329049d35e req-72373080-4e76-4464-871d-f1f8601d705f 776eb9d0a78b4382ad45b382d8ef405d 83527090af144e2d9664d1f648e3fa16 - - 479d185cd48245b4886508aced5bba41 479d185cd48245b4886508aced5bba41] 199.19.213.232 "GET /v2.0/networks?id=144d5605-126e-4c58-9edf-2fa34ba3600d HTTP/1.1" status: 200 len: 982 time: 0.0752444
2026-04-07 01:15:55.314 9 INFO neutron.wsgi [req-3d9473f7-2e93-4e69-baa5-49329049d35e req-c0f6057f-ae15-41db-aec2-c63193715086 776eb9d0a78b4382ad45b382d8ef405d 83527090af144e2d9664d1f648e3fa16 - - 479d185cd48245b4886508aced5bba41 479d185cd48245b4886508aced5bba41] 199.19.213.232 "GET /v2.0/floatingips?fixed_ip_address=10.100.0.12&port_id=32444dbf-0157-4d6e-b42d-22b929d763ac HTTP/1.1" status: 200 len: 1060 time: 0.0529718
2026-04-07 01:15:55.359 9 INFO neutron.wsgi [req-3d9473f7-2e93-4e69-baa5-49329049d35e req-015aa094-4b29-4562-8805-a4b8348214af 776eb9d0a78b4382ad45b382d8ef405d 83527090af144e2d9664d1f648e3fa16 - - 479d185cd48245b4886508aced5bba41 479d185cd48245b4886508aced5bba41] 199.19.213.232 "GET /v2.0/subnets?id=a191541e-bdf8-47fe-bcb3-6f2801229077 HTTP/1.1" status: 200 len: 877 time: 0.0388792
2026-04-07 01:15:55.389 9 INFO neutron.wsgi [req-3d9473f7-2e93-4e69-baa5-49329049d35e req-4019a065-664d-4f66-8620-66632c767815 776eb9d0a78b4382ad45b382d8ef405d 83527090af144e2d9664d1f648e3fa16 - - 479d185cd48245b4886508aced5bba41 479d185cd48245b4886508aced5bba41] 199.19.213.232 "GET /v2.0/ports?network_id=144d5605-126e-4c58-9edf-2fa34ba3600d&device_owner=network%3Adhcp HTTP/1.1" status: 200 len: 210 time: 0.0222673
2026-04-07 01:15:55.481 9 INFO neutron.wsgi [req-3d9473f7-2e93-4e69-baa5-49329049d35e req-e2be24ee-893b-4243-bef2-4e7f36f343bb 776eb9d0a78b4382ad45b382d8ef405d 83527090af144e2d9664d1f648e3fa16 - - 479d185cd48245b4886508aced5bba41 479d185cd48245b4886508aced5bba41] 199.19.213.232 "GET /v2.0/networks/144d5605-126e-4c58-9edf-2fa34ba3600d?fields=segments HTTP/1.1" status: 200 len: 212 time: 0.0860450
2026-04-07 01:15:55.516 9 INFO neutron.notifiers.nova [-] Nova event matching ['req-3bc68af2-194e-4db6-9022-aacd9aa23dfc'] response: {'server_uuid': '096d43c6-66fc-4a3b-b7e5-fa12ef7282ec', 'name': 'network-vif-plugged', 'status': 'completed', 'tag': 'ed2264ac-4721-40a1-a101-18cee89c64f9', 'code': 200}
2026-04-07 01:15:55.516 9 INFO neutron.notifiers.nova [-] Nova event matching ['req-3bc68af2-194e-4db6-9022-aacd9aa23dfc'] response: {'name': 'network-changed', 'server_uuid': '537972e4-38fb-4d6d-9ce4-97de96131b21', 'tag': '32444dbf-0157-4d6e-b42d-22b929d763ac', 'status': 'completed', 'code': 200}
2026-04-07 01:15:55.582 9 INFO neutron.wsgi [req-3d9473f7-2e93-4e69-baa5-49329049d35e req-625ea0ee-df19-4ffb-b9f9-2724f857e1ad 776eb9d0a78b4382ad45b382d8ef405d 83527090af144e2d9664d1f648e3fa16 - - 479d185cd48245b4886508aced5bba41 479d185cd48245b4886508aced5bba41] 199.19.213.232 "GET /v2.0/networks/144d5605-126e-4c58-9edf-2fa34ba3600d?fields=provider%3Aphysical_network&fields=provider%3Anetwork_type HTTP/1.1" status: 200 len: 277 time: 0.0913329
2026-04-07 01:15:55.677 9 INFO neutron.wsgi [req-fbe14439-c0c0-40b8-b083-cf3099a94cde req-75480be7-9e6b-48a3-b6c7-79f2697ba5f2 776eb9d0a78b4382ad45b382d8ef405d 83527090af144e2d9664d1f648e3fa16 - - 479d185cd48245b4886508aced5bba41 479d185cd48245b4886508aced5bba41] 199.19.213.232 "GET /v2.0/ports?tenant_id=f1e91ddf9fc14fa8aebdbc8e6c9c6ea8&device_id=537972e4-38fb-4d6d-9ce4-97de96131b21 HTTP/1.1" status: 200 len: 1365 time: 0.0498600
2026-04-07 01:15:55.777 9 INFO neutron.wsgi [req-fbe14439-c0c0-40b8-b083-cf3099a94cde req-c431619c-54a6-45ba-b501-2a6b41210767 776eb9d0a78b4382ad45b382d8ef405d 83527090af144e2d9664d1f648e3fa16 - - 479d185cd48245b4886508aced5bba41 479d185cd48245b4886508aced5bba41] 199.19.213.232 "GET /v2.0/networks?id=144d5605-126e-4c58-9edf-2fa34ba3600d HTTP/1.1" status: 200 len: 982 time: 0.0921192
2026-04-07 01:15:55.855 9 INFO neutron.wsgi [req-fbe14439-c0c0-40b8-b083-cf3099a94cde req-af028331-e3cf-4df3-8e54-ef863b2cdfce 776eb9d0a78b4382ad45b382d8ef405d 83527090af144e2d9664d1f648e3fa16 - - 479d185cd48245b4886508aced5bba41 479d185cd48245b4886508aced5bba41] 199.19.213.232 "GET /v2.0/floatingips?fixed_ip_address=10.100.0.12&port_id=32444dbf-0157-4d6e-b42d-22b929d763ac HTTP/1.1" status: 200 len: 1060 time: 0.0658638
2026-04-07 01:15:55.885 10 INFO neutron.wsgi [req-3169d52c-2d15-4dff-a340-98f5df637022 req-16232922-f639-4d84-8566-d7beb434bac0 77492a78545d45b498277e6e01131436 7e7f2030e97141f8a189b5004295896f - - default default] 10.0.0.229 "GET /v2.0/ports?device_id=521ee37a-80ab-4f42-80c0-0b8078c14dde HTTP/1.1" status: 200 len: 1174 time: 0.0659614
2026-04-07 01:15:55.914 9 INFO neutron.plugins.ml2.drivers.ovn.mech_driver.mech_driver [None req-3b29fbaa-dd5d-48a8-aed6-98c94a3c5d39 - - - - - -] OVN reports status down for port: 32444dbf-0157-4d6e-b42d-22b929d763ac
2026-04-07 01:15:55.929 9 INFO neutron.wsgi [req-fbe14439-c0c0-40b8-b083-cf3099a94cde req-5c6031b7-15a1-4789-b81b-fe8ef95e4c25 776eb9d0a78b4382ad45b382d8ef405d 83527090af144e2d9664d1f648e3fa16 - - 479d185cd48245b4886508aced5bba41 479d185cd48245b4886508aced5bba41] 199.19.213.232 "GET /v2.0/subnets?id=a191541e-bdf8-47fe-bcb3-6f2801229077 HTTP/1.1" status: 200 len: 877 time: 0.0606384
2026-04-07 01:15:55.965 10 INFO neutron.wsgi [req-3169d52c-2d15-4dff-a340-98f5df637022 req-5aa790cb-7174-422c-8b9c-2931cc07dacb 77492a78545d45b498277e6e01131436 7e7f2030e97141f8a189b5004295896f - - default default] 10.0.0.229 "GET /v2.0/security-groups?id=0e9c19fa-aacf-4ae0-9438-1706bb7339fe&fields=id&fields=name HTTP/1.1" status: 200 len: 313 time: 0.0674469
2026-04-07 01:15:55.970 9 INFO neutron.wsgi [req-fbe14439-c0c0-40b8-b083-cf3099a94cde req-e26d0446-8827-48e7-9f4f-6c45a24d3186 776eb9d0a78b4382ad45b382d8ef405d 83527090af144e2d9664d1f648e3fa16 - - 479d185cd48245b4886508aced5bba41 479d185cd48245b4886508aced5bba41] 199.19.213.232 "GET /v2.0/ports?network_id=144d5605-126e-4c58-9edf-2fa34ba3600d&device_owner=network%3Adhcp HTTP/1.1" status: 200 len: 210 time: 0.0327625
2026-04-07 01:15:56.020 10 INFO neutron.wsgi [req-5bc3ae4b-7d86-4481-b01a-89fb9b1cd930 req-fb35f428-0657-4b9a-add3-7e3110ac88d2 b714ab75f4004a10bbec284e0d9b4519 f1e91ddf9fc14fa8aebdbc8e6c9c6ea8 - - default default] 10.0.0.229 "GET /v2.0/ports?device_id=537972e4-38fb-4d6d-9ce4-97de96131b21 HTTP/1.1" status: 200 len: 1174 time: 0.1432242
2026-04-07 01:15:56.093 10 INFO neutron.wsgi [req-f849dd44-fb24-4753-9771-8d7b572b4e9b req-ce90fdd7-7e70-48c1-921b-f72244c94007 77492a78545d45b498277e6e01131436 7e7f2030e97141f8a189b5004295896f - - default default] 10.0.0.229 "GET /v2.0/ports?device_id=521ee37a-80ab-4f42-80c0-0b8078c14dde HTTP/1.1" status: 200 len: 1174 time: 0.0709090
2026-04-07 01:15:56.119 10 INFO neutron.wsgi [req-5bc3ae4b-7d86-4481-b01a-89fb9b1cd930 req-74f538dd-2214-4937-a1e7-9404c54e104e b714ab75f4004a10bbec284e0d9b4519 f1e91ddf9fc14fa8aebdbc8e6c9c6ea8 - - default default] 10.0.0.229 "GET /v2.0/security-groups?id=ec37ed08-2538-4cf1-84dc-1188d6e5ca3c&fields=id&fields=name HTTP/1.1" status: 200 len: 313 time: 0.0873106
2026-04-07 01:15:56.159 10 INFO neutron.db.ovn_revision_numbers_db [None req-232192d5-7926-489b-b9a2-5c95233c3f00 5c10ec7ffcba4ba38898ca44ac62adfa 19a66ed8743e4ec9b9e2cae4ef313bda - - - -] Successfully bumped revision number for resource f11a71e5-f226-4ed5-ad70-7b57d315114e (type: ports) to 2
2026-04-07 01:15:56.235 10 INFO neutron.wsgi [req-0008fd0c-8b17-4afd-8cb8-8e618f376a62 req-8e925304-eacc-4447-b825-e501c5131cb1 b714ab75f4004a10bbec284e0d9b4519 f1e91ddf9fc14fa8aebdbc8e6c9c6ea8 - - default default] 199.19.213.232 "GET /v2.0/ports?device_id=537972e4-38fb-4d6d-9ce4-97de96131b21 HTTP/1.1" status: 200 len: 1174 time: 0.0588305
2026-04-07 01:15:56.243 10 INFO neutron.notifiers.nova [-] Nova event matching ['req-2960a213-a336-4155-b1b7-27157b05468c'] response: {'server_uuid': '521ee37a-80ab-4f42-80c0-0b8078c14dde', 'name': 'network-vif-plugged', 'status': 'completed', 'tag': '368e692c-66bc-4cc3-9438-73d1954427dd', 'code': 200}
2026-04-07 01:15:56.251 10 INFO neutron.db.ovn_revision_numbers_db [None req-232192d5-7926-489b-b9a2-5c95233c3f00 5c10ec7ffcba4ba38898ca44ac62adfa 19a66ed8743e4ec9b9e2cae4ef313bda - - - -] Successfully bumped revision number for resource 9b3cca2a-afc3-4392-83ea-363ac880fd6f (type: subnets) to 1
2026-04-07 01:15:56.253 10 INFO neutron.wsgi [None req-232192d5-7926-489b-b9a2-5c95233c3f00 5c10ec7ffcba4ba38898ca44ac62adfa 19a66ed8743e4ec9b9e2cae4ef313bda - - - -] 10.0.0.131 "PUT /v2.0/subnets/9b3cca2a-afc3-4392-83ea-363ac880fd6f HTTP/1.1" status: 200 len: 826 time: 0.9994080
2026-04-07 01:15:56.421 9 INFO neutron.wsgi [req-fbe14439-c0c0-40b8-b083-cf3099a94cde req-6a21aa19-95f8-4784-b3d1-b4829b42143a 776eb9d0a78b4382ad45b382d8ef405d 83527090af144e2d9664d1f648e3fa16 - - 479d185cd48245b4886508aced5bba41 479d185cd48245b4886508aced5bba41] 199.19.213.232 "GET /v2.0/networks/144d5605-126e-4c58-9edf-2fa34ba3600d?fields=segments HTTP/1.1" status: 200 len: 212 time: 0.4378011
2026-04-07 01:15:56.540 9 INFO neutron.wsgi [req-fbe14439-c0c0-40b8-b083-cf3099a94cde req-268177f2-c181-430f-86b8-b2203aa8fe81 776eb9d0a78b4382ad45b382d8ef405d 83527090af144e2d9664d1f648e3fa16 - - 479d185cd48245b4886508aced5bba41 479d185cd48245b4886508aced5bba41] 199.19.213.232 "GET /v2.0/networks/144d5605-126e-4c58-9edf-2fa34ba3600d?fields=provider%3Aphysical_network&fields=provider%3Anetwork_type HTTP/1.1" status: 200 len: 277 time: 0.1086538
2026-04-07 01:15:56.641 9 INFO neutron.wsgi [None req-d1f8bfd7-9aa4-4a6a-b2b8-167c34cc05a3 0293b9205b2d4fe4bd4aa04a14e78d24 315f741c36044c2ab9414435abcb35d2 - - - -] 10.0.0.131 "PUT /v2.0/routers/281411c0-8b67-4808-964b-90b8d64a99ff/remove_router_interface HTTP/1.1" status: 200 len: 503 time: 2.3260453 /var/lib/openstack/lib/python3.10/site-packages/pycadf/identifier.py:71: UserWarning: Invalid uuid: neutron. To ensure interoperability, identifiers should be a valid uuid. warnings.warn(('Invalid uuid: %s. To ensure interoperability, '
2026-04-07 01:15:56.749 10 INFO neutron.db.l3_db [None req-7ea08117-c861-408f-9ad1-7633141e924c 77492a78545d45b498277e6e01131436 7e7f2030e97141f8a189b5004295896f - - - -] Floating IP e4e9e58c-9939-4406-88b4-1fa7adbe1c5a associated. External IP: 10.96.250.207, port: 368e692c-66bc-4cc3-9438-73d1954427dd.
