2026-04-07 01:22:17.285 9 INFO neutron.wsgi [req-a7333db6-1b30-477c-b16e-01b92aea0302 req-cc6ec814-ec09-4cb3-9388-c30e77c08e94 0293b9205b2d4fe4bd4aa04a14e78d24 315f741c36044c2ab9414435abcb35d2 - - default default] 199.19.213.232 "GET /v2.0/ports/2e394764-c07d-4b47-aa47-436cb28b719d?fields=binding%3Aprofile&fields=network_id HTTP/1.1" status: 200 len: 281 time: 0.0345187
2026-04-07 01:22:17.329 9 INFO neutron.plugins.ml2.drivers.ovn.mech_driver.mech_driver [None req-3b29fbaa-dd5d-48a8-aed6-98c94a3c5d39 - - - - - -] OVN reports status down for port: 2e394764-c07d-4b47-aa47-436cb28b719d
2026-04-07 01:22:17.375 9 INFO neutron.wsgi [req-a7333db6-1b30-477c-b16e-01b92aea0302 req-0283b024-353f-4ff1-b024-ac8eb2ade6e1 0293b9205b2d4fe4bd4aa04a14e78d24 315f741c36044c2ab9414435abcb35d2 - - default default] 199.19.213.232 "GET /v2.0/networks/c86398af-1587-49c0-b472-22ba8e68e3e7?fields=dns_domain HTTP/1.1" status: 200 len: 227 time: 0.0832655
2026-04-07 01:22:17.488 9 INFO neutron.notifiers.nova [-] Nova event matching ['req-37fa5104-96f9-4342-8103-73e14d3fee3a'] response: {'server_uuid': '8015c096-0f55-4cca-952b-9a6dee4960f9', 'name': 'network-vif-unplugged', 'status': 'completed', 'tag': '2e394764-c07d-4b47-aa47-436cb28b719d', 'code': 200}
2026-04-07 01:22:17.640 9 INFO neutron.db.ovn_revision_numbers_db [None req-3b29fbaa-dd5d-48a8-aed6-98c94a3c5d39 - - - - - -] Successfully bumped revision number for resource 2e394764-c07d-4b47-aa47-436cb28b719d (type: ports) to 7
2026-04-07 01:22:17.790 9 INFO neutron.db.ovn_revision_numbers_db [None req-d3eba331-35ea-4edd-bb44-3ddce13251f8 776eb9d0a78b4382ad45b382d8ef405d 83527090af144e2d9664d1f648e3fa16 - - - -] Successfully bumped revision number for resource 2e394764-c07d-4b47-aa47-436cb28b719d (type: ports) to 8
2026-04-07 01:22:17.805 9 INFO neutron.wsgi [None req-d3eba331-35ea-4edd-bb44-3ddce13251f8 776eb9d0a78b4382ad45b382d8ef405d 83527090af144e2d9664d1f648e3fa16 - - - -] 199.19.213.232 "PUT /v2.0/ports/2e394764-c07d-4b47-aa47-436cb28b719d HTTP/1.1" status: 200 len: 1347 time: 0.4090276 /var/lib/openstack/lib/python3.10/site-packages/pycadf/identifier.py:71: UserWarning: Invalid uuid: neutron. To ensure interoperability, identifiers should be a valid uuid. warnings.warn(('Invalid uuid: %s. To ensure interoperability, '
2026-04-07 01:22:17.879 9 INFO neutron.wsgi [req-a7333db6-1b30-477c-b16e-01b92aea0302 req-a322b3cb-990d-475b-b237-96dfbafd356b 776eb9d0a78b4382ad45b382d8ef405d 83527090af144e2d9664d1f648e3fa16 - - 479d185cd48245b4886508aced5bba41 479d185cd48245b4886508aced5bba41] 199.19.213.232 "GET /v2.0/ports?tenant_id=315f741c36044c2ab9414435abcb35d2&device_id=8015c096-0f55-4cca-952b-9a6dee4960f9 HTTP/1.1" status: 200 len: 1365 time: 0.0327539
2026-04-07 01:22:17.949 9 INFO neutron.wsgi [req-a7333db6-1b30-477c-b16e-01b92aea0302 req-bda6c0bc-d884-4b5d-9a34-7e8ece50db65 776eb9d0a78b4382ad45b382d8ef405d 83527090af144e2d9664d1f648e3fa16 - - 479d185cd48245b4886508aced5bba41 479d185cd48245b4886508aced5bba41] 199.19.213.232 "GET /v2.0/networks?id=c3f8a37a-b815-43de-85f6-71de6839d42e&id=c86398af-1587-49c0-b472-22ba8e68e3e7 HTTP/1.1" status: 200 len: 1728 time: 0.0625951
2026-04-07 01:22:17.981 9 INFO neutron.wsgi [req-a7333db6-1b30-477c-b16e-01b92aea0302 req-9c18fc49-2118-40c7-af7e-c1da0b490ad9 776eb9d0a78b4382ad45b382d8ef405d 83527090af144e2d9664d1f648e3fa16 - - 479d185cd48245b4886508aced5bba41 479d185cd48245b4886508aced5bba41] 199.19.213.232 "GET /v2.0/floatingips?fixed_ip_address=172.24.3.95&port_id=850a835a-73a4-4ee8-b006-e7970eab87c6 HTTP/1.1" status: 200 len: 217 time: 0.0243804
2026-04-07 01:22:17.987 10 INFO neutron.wsgi [None req-ace679f9-0a46-4c6a-bec0-5f3948287bea 0293b9205b2d4fe4bd4aa04a14e78d24 315f741c36044c2ab9414435abcb35d2 - - default default] 199.19.213.232 "GET /v2.0/ports?device_id=8015c096-0f55-4cca-952b-9a6dee4960f9 HTTP/1.1" status: 200 len: 1365 time: 0.0348706
2026-04-07 01:22:18.025 9 INFO neutron.wsgi [req-a7333db6-1b30-477c-b16e-01b92aea0302 req-d19e22fc-1e3d-40e0-abba-8ef022cefb88 776eb9d0a78b4382ad45b382d8ef405d 83527090af144e2d9664d1f648e3fa16 - - 479d185cd48245b4886508aced5bba41 479d185cd48245b4886508aced5bba41] 199.19.213.232 "GET /v2.0/subnets?id=374e0cad-f0f6-4856-838a-a25bd8b0d95d HTTP/1.1" status: 200 len: 829 time: 0.0379481
2026-04-07 01:22:18.056 9 INFO neutron.wsgi [req-a7333db6-1b30-477c-b16e-01b92aea0302 req-abc395c3-1318-4df2-92da-97ad697cfb0c 776eb9d0a78b4382ad45b382d8ef405d 83527090af144e2d9664d1f648e3fa16 - - 479d185cd48245b4886508aced5bba41 479d185cd48245b4886508aced5bba41] 199.19.213.232 "GET /v2.0/ports?network_id=c3f8a37a-b815-43de-85f6-71de6839d42e&device_owner=network%3Adhcp HTTP/1.1" status: 200 len: 210 time: 0.0222423
2026-04-07 01:22:18.130 9 INFO neutron.wsgi [req-a7333db6-1b30-477c-b16e-01b92aea0302 req-f8b11897-fea6-4bb5-bad2-2c1171541b6c 776eb9d0a78b4382ad45b382d8ef405d 83527090af144e2d9664d1f648e3fa16 - - 479d185cd48245b4886508aced5bba41 479d185cd48245b4886508aced5bba41] 199.19.213.232 "GET /v2.0/networks/c3f8a37a-b815-43de-85f6-71de6839d42e?fields=segments HTTP/1.1" status: 200 len: 212 time: 0.0668185
2026-04-07 01:22:18.203 9 INFO neutron.wsgi [req-a7333db6-1b30-477c-b16e-01b92aea0302 req-4df6cb29-6cc0-4b8a-b241-92658aec6cf5 776eb9d0a78b4382ad45b382d8ef405d 83527090af144e2d9664d1f648e3fa16 - - 479d185cd48245b4886508aced5bba41 479d185cd48245b4886508aced5bba41] 199.19.213.232 "GET /v2.0/networks/c3f8a37a-b815-43de-85f6-71de6839d42e?fields=provider%3Aphysical_network&fields=provider%3Anetwork_type HTTP/1.1" status: 200 len: 277 time: 0.0671079
2026-04-07 01:22:18.345 10 INFO neutron.db.ovn_revision_numbers_db [None req-f18f908b-4964-43dd-8f2b-16403afafac4 0293b9205b2d4fe4bd4aa04a14e78d24 315f741c36044c2ab9414435abcb35d2 - - - -] Successfully bumped revision number for resource 2e394764-c07d-4b47-aa47-436cb28b719d (type: ports) to 9
2026-04-07 01:22:18.382 10 INFO neutron.wsgi [None req-f18f908b-4964-43dd-8f2b-16403afafac4 0293b9205b2d4fe4bd4aa04a14e78d24 315f741c36044c2ab9414435abcb35d2 - - - -] 199.19.213.232 "PUT /v2.0/ports/2e394764-c07d-4b47-aa47-436cb28b719d HTTP/1.1" status: 200 len: 1286 time: 0.3915691 /var/lib/openstack/lib/python3.10/site-packages/pycadf/identifier.py:71: UserWarning: Invalid uuid: neutron. To ensure interoperability, identifiers should be a valid uuid. warnings.warn(('Invalid uuid: %s. To ensure interoperability, '
2026-04-07 01:22:18.427 10 INFO neutron.wsgi [None req-f18a57f8-f38c-4c34-b82b-b0cbe836bb7b 0293b9205b2d4fe4bd4aa04a14e78d24 315f741c36044c2ab9414435abcb35d2 - - default default] 199.19.213.232 "GET /v2.0/ports/2e394764-c07d-4b47-aa47-436cb28b719d HTTP/1.1" status: 200 len: 1286 time: 0.0363960
2026-04-07 01:22:18.755 9 INFO neutron.wsgi [None req-2c7d4364-33b2-45e8-a9a9-7ffb36ea36b0 0293b9205b2d4fe4bd4aa04a14e78d24 315f741c36044c2ab9414435abcb35d2 - - default default] 10.0.0.79 "GET /v2.0/floatingips HTTP/1.1" status: 200 len: 1877 time: 0.0967572
2026-04-07 01:22:18.763 10 INFO neutron.wsgi [None req-7afc936c-5b35-4beb-b714-778d032188ff 0293b9205b2d4fe4bd4aa04a14e78d24 315f741c36044c2ab9414435abcb35d2 - - - -] 199.19.213.232 "DELETE /v2.0/ports/2e394764-c07d-4b47-aa47-436cb28b719d HTTP/1.1" status: 204 len: 173 time: 0.3305557
2026-04-07 01:22:18.767 9 INFO neutron.wsgi [None req-d2f8805f-4b9c-48e9-a675-6dc43e2e72c0 0293b9205b2d4fe4bd4aa04a14e78d24 315f741c36044c2ab9414435abcb35d2 - - default default] 10.0.0.79 "GET /v2.0/agents HTTP/1.1" status: 200 len: 997 time: 0.0108929
2026-04-07 01:22:18.782 9 INFO neutron.wsgi [None req-5715cb69-679c-41f9-b96c-bb6350ca6467 0293b9205b2d4fe4bd4aa04a14e78d24 315f741c36044c2ab9414435abcb35d2 - - default default] 10.0.0.79 "GET /v2.0/network-ip-availabilities HTTP/1.1" status: 200 len: 3363 time: 0.0138125
2026-04-07 01:22:18.805 10 INFO neutron.wsgi [None req-b73b0cf7-8a41-4372-a5ff-a9769e981dad 0293b9205b2d4fe4bd4aa04a14e78d24 315f741c36044c2ab9414435abcb35d2 - - default default] 199.19.213.232 "GET /v2.0/extensions/security-group HTTP/1.1" status: 200 len: 369 time: 0.0073235
2026-04-07 01:22:18.816 10 INFO neutron.wsgi [None req-dc56948d-1cbc-4f49-8f45-92a7d289dc4d 0293b9205b2d4fe4bd4aa04a14e78d24 315f741c36044c2ab9414435abcb35d2 - - default default] 199.19.213.232 "GET /v2.0/extensions/dns-integration HTTP/1.1" status: 200 len: 371 time: 0.0051057
2026-04-07 01:22:18.825 10 INFO neutron.wsgi [None req-062c09bb-262d-4549-9d2c-56d60ca9d221 0293b9205b2d4fe4bd4aa04a14e78d24 315f741c36044c2ab9414435abcb35d2 - - default default] 199.19.213.232 "GET /v2.0/extensions/qos HTTP/1.1" status: 200 len: 365 time: 0.0049059
2026-04-07 01:22:18.835 10 INFO neutron.wsgi [None req-ad00bca3-0b77-484f-ac67-72ad3257f185 0293b9205b2d4fe4bd4aa04a14e78d24 315f741c36044c2ab9414435abcb35d2 - - default default] 199.19.213.232 "GET /v2.0/extensions/allowed-address-pairs HTTP/1.1" status: 200 len: 383 time: 0.0061486
2026-04-07 01:22:18.861 10 INFO neutron.pecan_wsgi.hooks.translation [None req-0e35e72f-5faa-4870-acaa-b24120dcbeab 0293b9205b2d4fe4bd4aa04a14e78d24 315f741c36044c2ab9414435abcb35d2 - - - -] DELETE failed (client error): The resource could not be found.
2026-04-07 01:22:18.864 10 INFO neutron.wsgi [None req-0e35e72f-5faa-4870-acaa-b24120dcbeab 0293b9205b2d4fe4bd4aa04a14e78d24 315f741c36044c2ab9414435abcb35d2 - - - -] 199.19.213.232 "DELETE /v2.0/ports/2e394764-c07d-4b47-aa47-436cb28b719d HTTP/1.1" status: 404 len: 338 time: 0.0244741
2026-04-07 01:22:18.906 10 INFO neutron.wsgi [None req-e5c5d27b-4a6a-416b-b63b-bc4fc03e3ebd 0293b9205b2d4fe4bd4aa04a14e78d24 315f741c36044c2ab9414435abcb35d2 - - default default] 199.19.213.232 "GET /v2.0/ports/4f5a1fdc-d8fc-44ef-b04b-7334726b683c HTTP/1.1" status: 200 len: 1333 time: 0.0356600
2026-04-07 01:22:18.944 10 INFO neutron.wsgi [None req-96e5f861-2916-4442-976e-096a03ac1585 0293b9205b2d4fe4bd4aa04a14e78d24 315f741c36044c2ab9414435abcb35d2 - - default default] 199.19.213.232 "GET /v2.0/security-groups?name=lb-2555f177-9e17-4270-91fd-ef194c498749 HTTP/1.1" status: 200 len: 1777 time: 0.0317407
2026-04-07 01:22:18.990 10 INFO neutron.wsgi [None req-252f233d-38c0-4a5d-a354-2ab4ef028842 0293b9205b2d4fe4bd4aa04a14e78d24 315f741c36044c2ab9414435abcb35d2 - - default default] 199.19.213.232 "GET /v2.0/ports/4f5a1fdc-d8fc-44ef-b04b-7334726b683c HTTP/1.1" status: 200 len: 1333 time: 0.0383518
2026-04-07 01:22:19.049 10 INFO neutron.wsgi [-] 10.0.0.145 "GET / HTTP/1.1" status: 200 len: 247 time: 0.0013831
2026-04-07 01:22:19.051 10 INFO neutron.wsgi [-] 10.0.0.145 "GET / HTTP/1.1" status: 200 len: 247 time: 0.0013225
2026-04-07 01:22:19.173 9 INFO neutron.wsgi [None req-0a857980-87ee-42b4-8d38-0fbd061b1572 0293b9205b2d4fe4bd4aa04a14e78d24 315f741c36044c2ab9414435abcb35d2 - - default default] 10.0.0.79 "GET /v2.0/routers HTTP/1.1" status: 200 len: 850 time: 0.3895221
2026-04-07 01:22:19.182 9 INFO neutron.wsgi [None req-f0b90f82-280a-44e9-af87-f174f451d1c5 0293b9205b2d4fe4bd4aa04a14e78d24 315f741c36044c2ab9414435abcb35d2 - - default default] 10.0.0.79 "GET /v2.0/agents?binary=ovn-controller HTTP/1.1" status: 200 len: 591 time: 0.0086472
2026-04-07 01:22:19.218 9 INFO neutron.wsgi [None req-88c8420a-3a6f-426b-b183-1dee102fb38d 0293b9205b2d4fe4bd4aa04a14e78d24 315f741c36044c2ab9414435abcb35d2 - - default default] 10.0.0.79 "GET /v2.0/subnets HTTP/1.1" status: 200 len: 5496 time: 0.0338893
2026-04-07 01:22:19.231 9 INFO neutron.wsgi [None req-b45d3c47-7d75-4cc3-8331-392f8f0b5fc5 0293b9205b2d4fe4bd4aa04a14e78d24 315f741c36044c2ab9414435abcb35d2 - - default default] 10.0.0.79 "GET /v2.0/subnetpools HTTP/1.1" status: 200 len: 193 time: 0.0113401
2026-04-07 01:22:19.297 9 INFO neutron.wsgi [None req-97bd2684-028c-4570-9077-f235aa688ac1 0293b9205b2d4fe4bd4aa04a14e78d24 315f741c36044c2ab9414435abcb35d2 - - default default] 10.0.0.79 "GET /v2.0/networks HTTP/1.1" status: 200 len: 4720 time: 0.0653918
2026-04-07 01:22:19.341 10 INFO neutron.db.ovn_revision_numbers_db [None req-26441958-d919-4551-9910-9ecdcbed01f7 0293b9205b2d4fe4bd4aa04a14e78d24 315f741c36044c2ab9414435abcb35d2 - - - -] Successfully bumped revision number for resource 4f5a1fdc-d8fc-44ef-b04b-7334726b683c (type: ports) to 17
2026-04-07 01:22:19.354 10 INFO neutron.wsgi [None req-26441958-d919-4551-9910-9ecdcbed01f7 0293b9205b2d4fe4bd4aa04a14e78d24 315f741c36044c2ab9414435abcb35d2 - - - -] 199.19.213.232 "PUT /v2.0/ports/4f5a1fdc-d8fc-44ef-b04b-7334726b683c HTTP/1.1" status: 200 len: 1295 time: 0.3583972
2026-04-07 01:22:19.372 9 INFO neutron.wsgi [None req-c06f2304-7db3-48c4-a58a-5ed63a63c3fa 0293b9205b2d4fe4bd4aa04a14e78d24 315f741c36044c2ab9414435abcb35d2 - - default default] 10.0.0.79 "GET /v2.0/security-groups HTTP/1.1" status: 200 len: 29070 time: 0.0700493
2026-04-07 01:22:19.424 9 INFO neutron.wsgi [None req-49a2ae19-1f5b-411f-ba88-137145554a1e 0293b9205b2d4fe4bd4aa04a14e78d24 315f741c36044c2ab9414435abcb35d2 - - default default] 10.0.0.79 "GET /v2.0/ports HTTP/1.1" status: 200 len: 19572 time: 0.0454080
2026-04-07 01:22:19.471 9 INFO neutron.wsgi [None req-4d6cfcc7-1da3-4dd0-b153-bb4e8dff4c0c 0293b9205b2d4fe4bd4aa04a14e78d24 315f741c36044c2ab9414435abcb35d2 - - default default] 10.0.0.79 "GET /v2.0/subnets HTTP/1.1" status: 200 len: 5496 time: 0.0356491
2026-04-07 01:22:19.489 10 INFO neutron.wsgi [None req-988cd0c3-f8b5-442a-94d0-a050c54ba185 0293b9205b2d4fe4bd4aa04a14e78d24 315f741c36044c2ab9414435abcb35d2 - - - -] 199.19.213.232 "DELETE /v2.0/security-groups/87c66923-8f0a-4898-9779-4b5014c271ba HTTP/1.1" status: 204 len: 173 time: 0.1300905
2026-04-07 01:22:19.531 9 INFO neutron.notifiers.nova [-] Nova event matching ['req-c89f1043-ff86-4721-936b-ead0b9544160'] response: {'server_uuid': '8015c096-0f55-4cca-952b-9a6dee4960f9', 'name': 'network-vif-plugged', 'status': 'completed', 'tag': '2e394764-c07d-4b47-aa47-436cb28b719d', 'code': 200}
2026-04-07 01:22:19.769 10 INFO neutron.wsgi [None req-195dca92-fbea-45d8-b9aa-4d3bf10a35a3 0293b9205b2d4fe4bd4aa04a14e78d24 315f741c36044c2ab9414435abcb35d2 - - - -] 199.19.213.232 "DELETE /v2.0/ports/4f5a1fdc-d8fc-44ef-b04b-7334726b683c HTTP/1.1" status: 204 len: 173 time: 0.2729487
2026-04-07 01:22:20.052 9 INFO neutron.plugins.ml2.drivers.ovn.mech_driver.mech_driver [None req-3b29fbaa-dd5d-48a8-aed6-98c94a3c5d39 - - - - - -] OVN reports status down for port: 850a835a-73a4-4ee8-b006-e7970eab87c6
2026-04-07 01:22:20.317 9 INFO neutron.wsgi [req-7950937f-1e2c-4c05-a202-4d6370ed3f5a req-3b5ef511-d07f-47d3-9f8c-c2aae1fdef85 0293b9205b2d4fe4bd4aa04a14e78d24 315f741c36044c2ab9414435abcb35d2 - - default default] 199.19.213.232 "GET /v2.0/ports?device_id=8015c096-0f55-4cca-952b-9a6dee4960f9 HTTP/1.1" status: 200 len: 1363 time: 0.0430336
2026-04-07 01:22:20.331 9 INFO neutron.db.ovn_revision_numbers_db [None req-3b29fbaa-dd5d-48a8-aed6-98c94a3c5d39 - - - - - -] Successfully bumped revision number for resource 850a835a-73a4-4ee8-b006-e7970eab87c6 (type: ports) to 5
2026-04-07 01:22:20.589 9 INFO neutron.wsgi [None req-6af17d13-2a70-438b-8e20-f6f5868f9453 0293b9205b2d4fe4bd4aa04a14e78d24 315f741c36044c2ab9414435abcb35d2 - - - -] 199.19.213.232 "DELETE /v2.0/ports/850a835a-73a4-4ee8-b006-e7970eab87c6 HTTP/1.1" status: 204 len: 173 time: 0.2660687
2026-04-07 01:22:21.574 9 INFO neutron.notifiers.nova [-] Nova event matching ['req-8b5985c7-8be0-47a7-bc13-4d24ae1699a6'] response: {'server_uuid': '8015c096-0f55-4cca-952b-9a6dee4960f9', 'name': 'network-vif-unplugged', 'status': 'completed', 'tag': '850a835a-73a4-4ee8-b006-e7970eab87c6', 'code': 200}
2026-04-07 01:22:21.574 9 INFO neutron.notifiers.nova [-] Nova event matching ['req-8b5985c7-8be0-47a7-bc13-4d24ae1699a6'] response: {'server_uuid': '8015c096-0f55-4cca-952b-9a6dee4960f9', 'name': 'network-vif-plugged', 'status': 'completed', 'tag': '850a835a-73a4-4ee8-b006-e7970eab87c6', 'code': 200}
2026-04-07 01:22:21.575 9 INFO neutron.notifiers.nova [-] Nova event matching ['req-8b5985c7-8be0-47a7-bc13-4d24ae1699a6'] response: {'server_uuid': '8015c096-0f55-4cca-952b-9a6dee4960f9', 'name': 'network-vif-deleted', 'tag': '850a835a-73a4-4ee8-b006-e7970eab87c6', 'status': 'completed', 'code': 200}
2026-04-07 01:22:22.047 10 INFO neutron.db.l3_db [None req-52461dc5-d3e7-4477-aeaf-66a3d2e3ff23 250eec61fec44f4091fd58e4ca378bee a518a32e9e4c423ea7cedbb15011f540 - - - -] Floating IP 327a879b-4069-48f0-b2f2-152d5efbadfe disassociated (deleted). External IP: 10.96.250.208, port: 244ee171-be05-4d54-a45c-9ab7b1154c63.
2026-04-07 01:22:22.104 10 INFO neutron.wsgi [None req-52461dc5-d3e7-4477-aeaf-66a3d2e3ff23 250eec61fec44f4091fd58e4ca378bee a518a32e9e4c423ea7cedbb15011f540 - - - -] 10.0.0.131 "DELETE /v2.0/floatingips/327a879b-4069-48f0-b2f2-152d5efbadfe HTTP/1.1" status: 204 len: 168 time: 0.4271646
2026-04-07 01:22:22.153 10 INFO neutron.notifiers.nova [-] Nova event matching ['req-f71903e8-3b3b-44f1-a7f7-6e9cecf4c007'] response: {'name': 'network-changed', 'server_uuid': 'bf03a865-8d30-455f-af09-e796e350d1de', 'tag': '244ee171-be05-4d54-a45c-9ab7b1154c63', 'status': 'completed', 'code': 200}
2026-04-07 01:22:22.154 10 INFO neutron.api.v2.resource [None req-c805e40b-4bb6-4447-bfa2-dfa653e47065 250eec61fec44f4091fd58e4ca378bee a518a32e9e4c423ea7cedbb15011f540 - - default default] show failed (client error): The resource could not be found.
2026-04-07 01:22:22.155 10 INFO neutron.wsgi [None req-c805e40b-4bb6-4447-bfa2-dfa653e47065 250eec61fec44f4091fd58e4ca378bee a518a32e9e4c423ea7cedbb15011f540 - - default default] 10.0.0.131 "GET /v2.0/floatingips/327a879b-4069-48f0-b2f2-152d5efbadfe HTTP/1.1" status: 404 len: 345 time: 0.0423713 /var/lib/openstack/lib/python3.10/site-packages/pycadf/identifier.py:71: UserWarning: Invalid uuid: neutron. To ensure interoperability, identifiers should be a valid uuid. warnings.warn(('Invalid uuid: %s. To ensure interoperability, '
2026-04-07 01:22:22.217 9 INFO neutron.wsgi [req-3913cafb-5e88-4029-add5-5b108da6f4b9 req-e54e1e5f-ad3d-46ef-b404-ef6bda45de31 776eb9d0a78b4382ad45b382d8ef405d 83527090af144e2d9664d1f648e3fa16 - - 479d185cd48245b4886508aced5bba41 479d185cd48245b4886508aced5bba41] 199.19.213.232 "GET /v2.0/ports?tenant_id=a518a32e9e4c423ea7cedbb15011f540&device_id=bf03a865-8d30-455f-af09-e796e350d1de HTTP/1.1" status: 200 len: 1586 time: 0.0427334
2026-04-07 01:22:22.278 9 INFO neutron.wsgi [req-3913cafb-5e88-4029-add5-5b108da6f4b9 req-8cedf292-d519-4c24-b853-7d12266ed624 776eb9d0a78b4382ad45b382d8ef405d 83527090af144e2d9664d1f648e3fa16 - - 479d185cd48245b4886508aced5bba41 479d185cd48245b4886508aced5bba41] 199.19.213.232 "GET /v2.0/networks?id=67ec7c1b-b342-4b28-9457-c39031213391 HTTP/1.1" status: 200 len: 1003 time: 0.0485182
2026-04-07 01:22:22.309 9 INFO neutron.wsgi [req-3913cafb-5e88-4029-add5-5b108da6f4b9 req-c06356a7-cc39-4056-901c-fd5d97a259f1 776eb9d0a78b4382ad45b382d8ef405d 83527090af144e2d9664d1f648e3fa16 - - 479d185cd48245b4886508aced5bba41 479d185cd48245b4886508aced5bba41] 199.19.213.232 "GET /v2.0/floatingips?fixed_ip_address=10.2.2.37&port_id=244ee171-be05-4d54-a45c-9ab7b1154c63 HTTP/1.1" status: 200 len: 217 time: 0.0229363
2026-04-07 01:22:22.345 9 INFO neutron.wsgi [req-3913cafb-5e88-4029-add5-5b108da6f4b9 req-825bb0d5-9660-4999-a42a-5683c415489c 776eb9d0a78b4382ad45b382d8ef405d 83527090af144e2d9664d1f648e3fa16 - - 479d185cd48245b4886508aced5bba41 479d185cd48245b4886508aced5bba41] 199.19.213.232 "GET /v2.0/floatingips?fixed_ip_address=fd77%3A1457%3A4cf0%3A26a8%3A%3A40&port_id=244ee171-be05-4d54-a45c-9ab7b1154c63 HTTP/1.1" status: 200 len: 217 time: 0.0286674
2026-04-07 01:22:22.376 9 INFO neutron.plugins.ml2.drivers.ovn.mech_driver.mech_driver [None req-3b29fbaa-dd5d-48a8-aed6-98c94a3c5d39 - - - - - -] OVN reports status down for port: 244ee171-be05-4d54-a45c-9ab7b1154c63
2026-04-07 01:22:22.405 9 INFO neutron.wsgi [req-3913cafb-5e88-4029-add5-5b108da6f4b9 req-9a9cf0bb-6015-49c7-80c4-e42b171fb227 776eb9d0a78b4382ad45b382d8ef405d 83527090af144e2d9664d1f648e3fa16 - - 479d185cd48245b4886508aced5bba41 479d185cd48245b4886508aced5bba41] 199.19.213.232 "GET /v2.0/subnets?id=98b03d8f-c110-42d8-a674-eb863ad93199&id=13202cc4-bb89-4e55-86e7-095eb1368359 HTTP/1.1" status: 200 len: 1567 time: 0.0551646
2026-04-07 01:22:22.414 10 INFO neutron.wsgi [req-ccadd855-bafa-462a-883f-dd928dc5167b req-660a39d6-124c-4290-8b21-68abf01e96ce 250eec61fec44f4091fd58e4ca378bee a518a32e9e4c423ea7cedbb15011f540 - - default default] 10.0.0.229 "GET /v2.0/ports?device_id=bf03a865-8d30-455f-af09-e796e350d1de HTTP/1.1" status: 200 len: 1396 time: 0.0894425
2026-04-07 01:22:22.435 9 INFO neutron.wsgi [req-3913cafb-5e88-4029-add5-5b108da6f4b9 req-9f5338a2-bee4-4fda-8679-c421fbb2d901 776eb9d0a78b4382ad45b382d8ef405d 83527090af144e2d9664d1f648e3fa16 - - 479d185cd48245b4886508aced5bba41 479d185cd48245b4886508aced5bba41] 199.19.213.232 "GET /v2.0/ports?network_id=67ec7c1b-b342-4b28-9457-c39031213391&device_owner=network%3Adhcp HTTP/1.1" status: 200 len: 210 time: 0.0242574
2026-04-07 01:22:22.461 10 INFO neutron.wsgi [req-ccadd855-bafa-462a-883f-dd928dc5167b req-9aa776d7-38e3-499d-8f52-7d92e50cd3aa 250eec61fec44f4091fd58e4ca378bee a518a32e9e4c423ea7cedbb15011f540 - - default default] 10.0.0.229 "GET /v2.0/security-groups?id=38612c84-bc60-4e01-9b99-d55bae20e718&fields=id&fields=name HTTP/1.1" status: 200 len: 310 time: 0.0367713
2026-04-07 01:22:22.464 9 INFO neutron.wsgi [req-3913cafb-5e88-4029-add5-5b108da6f4b9 req-b18e9555-eb87-4175-88fb-d679ad2f0d20 776eb9d0a78b4382ad45b382d8ef405d 83527090af144e2d9664d1f648e3fa16 - - 479d185cd48245b4886508aced5bba41 479d185cd48245b4886508aced5bba41] 199.19.213.232 "GET /v2.0/ports?network_id=67ec7c1b-b342-4b28-9457-c39031213391&device_owner=network%3Adhcp HTTP/1.1" status: 200 len: 210 time: 0.0241001
2026-04-07 01:22:22.538 9 INFO neutron.wsgi [req-3913cafb-5e88-4029-add5-5b108da6f4b9 req-eb7e6594-4a92-430f-87d6-c419088206e4 776eb9d0a78b4382ad45b382d8ef405d 83527090af144e2d9664d1f648e3fa16 - - 479d185cd48245b4886508aced5bba41 479d185cd48245b4886508aced5bba41] 199.19.213.232 "GET /v2.0/networks/67ec7c1b-b342-4b28-9457-c39031213391?fields=segments HTTP/1.1" status: 200 len: 212 time: 0.0655022
2026-04-07 01:22:22.619 9 INFO neutron.wsgi [req-3913cafb-5e88-4029-add5-5b108da6f4b9 req-55eb4aff-ec7a-4c4d-a0be-bb61b8b1285f 776eb9d0a78b4382ad45b382d8ef405d 83527090af144e2d9664d1f648e3fa16 - - 479d185cd48245b4886508aced5bba41 479d185cd48245b4886508aced5bba41] 199.19.213.232 "GET /v2.0/networks/67ec7c1b-b342-4b28-9457-c39031213391?fields=provider%3Aphysical_network&fields=provider%3Anetwork_type HTTP/1.1" status: 200 len: 277 time: 0.0644903
2026-04-07 01:22:22.711 9 INFO neutron.db.ovn_revision_numbers_db [None req-3b29fbaa-dd5d-48a8-aed6-98c94a3c5d39 - - - - - -] Successfully bumped revision number for resource 244ee171-be05-4d54-a45c-9ab7b1154c63 (type: ports) to 5
2026-04-07 01:22:22.745 9 INFO neutron.wsgi [req-79fa4ce9-59f5-40ef-9e24-20da6777ac80 req-28683a74-db69-4aab-aeaa-07f4173ff447 250eec61fec44f4091fd58e4ca378bee a518a32e9e4c423ea7cedbb15011f540 - - default default] 199.19.213.232 "GET /v2.0/ports?device_id=bf03a865-8d30-455f-af09-e796e350d1de HTTP/1.1" status: 200 len: 1394 time: 0.0875027
2026-04-07 01:22:23.047 9 INFO neutron.wsgi [None req-459296cd-381f-486d-9c2b-dcc52972cded 250eec61fec44f4091fd58e4ca378bee a518a32e9e4c423ea7cedbb15011f540 - - - -] 199.19.213.232 "DELETE /v2.0/ports/244ee171-be05-4d54-a45c-9ab7b1154c63 HTTP/1.1" status: 204 len: 173 time: 0.2941394
2026-04-07 01:22:23.612 9 INFO neutron.notifiers.nova [-] Nova event matching ['req-40595f1c-7607-4997-acfc-cc56f4be2b1d'] response: {'server_uuid': 'bf03a865-8d30-455f-af09-e796e350d1de', 'name': 'network-vif-unplugged', 'status': 'completed', 'tag': '244ee171-be05-4d54-a45c-9ab7b1154c63', 'code': 200}
2026-04-07 01:22:23.612 9 INFO neutron.notifiers.nova [-] Nova event matching ['req-40595f1c-7607-4997-acfc-cc56f4be2b1d'] response: {'server_uuid': 'bf03a865-8d30-455f-af09-e796e350d1de', 'name': 'network-vif-plugged', 'status': 'completed', 'tag': '244ee171-be05-4d54-a45c-9ab7b1154c63', 'code': 200}
2026-04-07 01:22:23.612 9 INFO neutron.notifiers.nova [-] Nova event matching ['req-40595f1c-7607-4997-acfc-cc56f4be2b1d'] response: {'server_uuid': 'bf03a865-8d30-455f-af09-e796e350d1de', 'name': 'network-vif-deleted', 'tag': '244ee171-be05-4d54-a45c-9ab7b1154c63', 'status': 'completed', 'code': 200} /var/lib/openstack/lib/python3.10/site-packages/pycadf/identifier.py:71: UserWarning: Invalid uuid: neutron. To ensure interoperability, identifiers should be a valid uuid. warnings.warn(('Invalid uuid: %s. To ensure interoperability, '
2026-04-07 01:22:27.944 9 INFO neutron.db.l3_db [None req-e659e0c7-2a6d-410f-80e8-eeeca9982f41 250eec61fec44f4091fd58e4ca378bee a518a32e9e4c423ea7cedbb15011f540 - - - -] Floating IP 8341bb7b-7d25-42d0-8353-da6fd9d09590 disassociated (deleted). External IP: 10.96.250.220, port: bc504fb3-f2c7-4f07-9f90-b2ce25936456.
2026-04-07 01:22:28.014 9 INFO neutron.wsgi [None req-e659e0c7-2a6d-410f-80e8-eeeca9982f41 250eec61fec44f4091fd58e4ca378bee a518a32e9e4c423ea7cedbb15011f540 - - - -] 10.0.0.131 "DELETE /v2.0/floatingips/8341bb7b-7d25-42d0-8353-da6fd9d09590 HTTP/1.1" status: 204 len: 168 time: 0.4944384
2026-04-07 01:22:28.050 10 INFO neutron.api.v2.resource [None req-6aa18d26-c9ae-4a4e-9857-0d23d25077e1 250eec61fec44f4091fd58e4ca378bee a518a32e9e4c423ea7cedbb15011f540 - - default default] show failed (client error): The resource could not be found.
2026-04-07 01:22:28.051 10 INFO neutron.wsgi [None req-6aa18d26-c9ae-4a4e-9857-0d23d25077e1 250eec61fec44f4091fd58e4ca378bee a518a32e9e4c423ea7cedbb15011f540 - - default default] 10.0.0.131 "GET /v2.0/floatingips/8341bb7b-7d25-42d0-8353-da6fd9d09590 HTTP/1.1" status: 404 len: 345 time: 0.0286899
2026-04-07 01:22:28.052 9 INFO neutron.notifiers.nova [-] Nova event matching ['req-8085e462-b86c-4ef7-add8-2afcd23858a6'] response: {'name': 'network-changed', 'server_uuid': '111331d5-cf61-4b4c-b649-776268936ac5', 'tag': 'bc504fb3-f2c7-4f07-9f90-b2ce25936456', 'status': 'completed', 'code': 200} /var/lib/openstack/lib/python3.10/site-packages/pycadf/identifier.py:71: UserWarning: Invalid uuid: neutron. To ensure interoperability, identifiers should be a valid uuid. warnings.warn(('Invalid uuid: %s. To ensure interoperability, '
2026-04-07 01:22:28.106 9 INFO neutron.wsgi [req-0048b46f-3df3-4d5f-87de-8dfce6cf4b68 req-4a0a0294-3843-476c-b3c3-774ad5173652 776eb9d0a78b4382ad45b382d8ef405d 83527090af144e2d9664d1f648e3fa16 - - 479d185cd48245b4886508aced5bba41 479d185cd48245b4886508aced5bba41] 199.19.213.232 "GET /v2.0/ports?tenant_id=a518a32e9e4c423ea7cedbb15011f540&device_id=111331d5-cf61-4b4c-b649-776268936ac5 HTTP/1.1" status: 200 len: 1582 time: 0.0350881
2026-04-07 01:22:28.184 9 INFO neutron.wsgi [req-0048b46f-3df3-4d5f-87de-8dfce6cf4b68 req-35844149-7dc7-45b4-ab70-c646ae1abfba 776eb9d0a78b4382ad45b382d8ef405d 83527090af144e2d9664d1f648e3fa16 - - 479d185cd48245b4886508aced5bba41 479d185cd48245b4886508aced5bba41] 199.19.213.232 "GET /v2.0/networks?id=e691a9b3-a315-4510-bd27-0a80d011ea21 HTTP/1.1" status: 200 len: 1003 time: 0.0712550
2026-04-07 01:22:28.215 9 INFO neutron.wsgi [req-0048b46f-3df3-4d5f-87de-8dfce6cf4b68 req-06621bbd-80a2-43ba-8988-410a15768665 776eb9d0a78b4382ad45b382d8ef405d 83527090af144e2d9664d1f648e3fa16 - - 479d185cd48245b4886508aced5bba41 479d185cd48245b4886508aced5bba41] 199.19.213.232 "GET /v2.0/floatingips?fixed_ip_address=10.2.1.75&port_id=bc504fb3-f2c7-4f07-9f90-b2ce25936456 HTTP/1.1" status: 200 len: 217 time: 0.0260601
2026-04-07 01:22:28.251 9 INFO neutron.plugins.ml2.drivers.ovn.mech_driver.mech_driver [None req-3b29fbaa-dd5d-48a8-aed6-98c94a3c5d39 - - - - - -] OVN reports status down for port: bc504fb3-f2c7-4f07-9f90-b2ce25936456
2026-04-07 01:22:28.253 9 INFO neutron.wsgi [req-0048b46f-3df3-4d5f-87de-8dfce6cf4b68 req-fea50312-d24a-4992-b226-23fc3c59f54f 776eb9d0a78b4382ad45b382d8ef405d 83527090af144e2d9664d1f648e3fa16 - - 479d185cd48245b4886508aced5bba41 479d185cd48245b4886508aced5bba41] 199.19.213.232 "GET /v2.0/floatingips?fixed_ip_address=fd7b%3Af9f7%3Afff%3A4eca%3A%3Adb&port_id=bc504fb3-f2c7-4f07-9f90-b2ce25936456 HTTP/1.1" status: 200 len: 217 time: 0.0313919
2026-04-07 01:22:28.302 9 INFO neutron.wsgi [req-0048b46f-3df3-4d5f-87de-8dfce6cf4b68 req-de5f1f2e-4a91-4e6f-b7d8-5d015b2c02cf 776eb9d0a78b4382ad45b382d8ef405d 83527090af144e2d9664d1f648e3fa16 - - 479d185cd48245b4886508aced5bba41 479d185cd48245b4886508aced5bba41] 199.19.213.232 "GET /v2.0/subnets?id=20566d77-54b4-4de2-8669-b57ad5cce852&id=c044c80d-7239-41e6-bee2-3d67ff3945a7 HTTP/1.1" status: 200 len: 1561 time: 0.0374587
2026-04-07 01:22:28.303 10 INFO neutron.wsgi [req-8e5f551e-b625-4bfe-afcc-598837d3b2eb req-26709d18-4715-4148-bd38-7eb951e51f3f 250eec61fec44f4091fd58e4ca378bee a518a32e9e4c423ea7cedbb15011f540 - - default default] 10.0.0.229 "GET /v2.0/ports?device_id=111331d5-cf61-4b4c-b649-776268936ac5 HTTP/1.1" status: 200 len: 1392 time: 0.1151886
2026-04-07 01:22:28.344 10 INFO neutron.wsgi [req-8e5f551e-b625-4bfe-afcc-598837d3b2eb req-26ddd4b0-41e5-4184-a90f-93b928f89575 250eec61fec44f4091fd58e4ca378bee a518a32e9e4c423ea7cedbb15011f540 - - default default] 10.0.0.229 "GET /v2.0/security-groups?id=38612c84-bc60-4e01-9b99-d55bae20e718&fields=id&fields=name HTTP/1.1" status: 200 len: 310 time: 0.0326905
2026-04-07 01:22:28.345 9 INFO neutron.wsgi [req-0048b46f-3df3-4d5f-87de-8dfce6cf4b68 req-7a555da2-5955-4f40-b0f4-5948c422e4a2 776eb9d0a78b4382ad45b382d8ef405d 83527090af144e2d9664d1f648e3fa16 - - 479d185cd48245b4886508aced5bba41 479d185cd48245b4886508aced5bba41] 199.19.213.232 "GET /v2.0/ports?network_id=e691a9b3-a315-4510-bd27-0a80d011ea21&device_owner=network%3Adhcp HTTP/1.1" status: 200 len: 210 time: 0.0361071
2026-04-07 01:22:28.374 9 INFO neutron.wsgi [req-0048b46f-3df3-4d5f-87de-8dfce6cf4b68 req-9f0faf23-acf4-44e6-95e4-414681e74e73 776eb9d0a78b4382ad45b382d8ef405d 83527090af144e2d9664d1f648e3fa16 - - 479d185cd48245b4886508aced5bba41 479d185cd48245b4886508aced5bba41] 199.19.213.232 "GET /v2.0/ports?network_id=e691a9b3-a315-4510-bd27-0a80d011ea21&device_owner=network%3Adhcp HTTP/1.1" status: 200 len: 210 time: 0.0238464
2026-04-07 01:22:28.455 9 INFO neutron.wsgi [req-0048b46f-3df3-4d5f-87de-8dfce6cf4b68 req-d476c7fb-1170-4a4f-a404-cdf2648a02c1 776eb9d0a78b4382ad45b382d8ef405d 83527090af144e2d9664d1f648e3fa16 - - 479d185cd48245b4886508aced5bba41 479d185cd48245b4886508aced5bba41] 199.19.213.232 "GET /v2.0/networks/e691a9b3-a315-4510-bd27-0a80d011ea21?fields=segments HTTP/1.1" status: 200 len: 212 time: 0.0723691
2026-04-07 01:22:28.524 10 INFO neutron.wsgi [req-115cde56-7be6-47dd-b6d8-d72c68feb3c2 req-172b8b2b-2fe4-4565-ac69-f67aa8783418 250eec61fec44f4091fd58e4ca378bee a518a32e9e4c423ea7cedbb15011f540 - - default default] 199.19.213.232 "GET /v2.0/ports?device_id=111331d5-cf61-4b4c-b649-776268936ac5 HTTP/1.1" status: 200 len: 1390 time: 0.0343194
2026-04-07 01:22:28.547 9 INFO neutron.wsgi [req-0048b46f-3df3-4d5f-87de-8dfce6cf4b68 req-460413b7-2c9b-4ed4-b2eb-3251b6b1f4ed 776eb9d0a78b4382ad45b382d8ef405d 83527090af144e2d9664d1f648e3fa16 - - 479d185cd48245b4886508aced5bba41 479d185cd48245b4886508aced5bba41] 199.19.213.232 "GET /v2.0/networks/e691a9b3-a315-4510-bd27-0a80d011ea21?fields=provider%3Aphysical_network&fields=provider%3Anetwork_type HTTP/1.1" status: 200 len: 277 time: 0.0836165
2026-04-07 01:22:28.576 9 INFO neutron.db.ovn_revision_numbers_db [None req-3b29fbaa-dd5d-48a8-aed6-98c94a3c5d39 - - - - - -] Successfully bumped revision number for resource bc504fb3-f2c7-4f07-9f90-b2ce25936456 (type: ports) to 5
2026-04-07 01:22:28.916 10 INFO neutron.wsgi [None req-8f811fd7-c36a-452b-a0b0-ef42ed28bce2 250eec61fec44f4091fd58e4ca378bee a518a32e9e4c423ea7cedbb15011f540 - - - -] 199.19.213.232 "DELETE /v2.0/ports/bc504fb3-f2c7-4f07-9f90-b2ce25936456 HTTP/1.1" status: 204 len: 173 time: 0.3878620
2026-04-07 01:22:28.956 10 INFO neutron.notifiers.nova [-] Nova event matching ['req-0a356d92-dbad-46cd-80df-0d40b371c24c'] response: {'server_uuid': '111331d5-cf61-4b4c-b649-776268936ac5', 'name': 'network-vif-deleted', 'tag': 'bc504fb3-f2c7-4f07-9f90-b2ce25936456', 'status': 'completed', 'code': 200}
2026-04-07 01:22:30.090 9 INFO neutron.notifiers.nova [-] Nova event matching ['req-1804b191-022b-4d34-adec-09aa9f0a5228'] response: {'server_uuid': '111331d5-cf61-4b4c-b649-776268936ac5', 'name': 'network-vif-unplugged', 'status': 'completed', 'tag': 'bc504fb3-f2c7-4f07-9f90-b2ce25936456', 'code': 200}
2026-04-07 01:22:30.091 9 INFO neutron.notifiers.nova [-] Nova event matching ['req-1804b191-022b-4d34-adec-09aa9f0a5228'] response: {'server_uuid': '111331d5-cf61-4b4c-b649-776268936ac5', 'name': 'network-vif-plugged', 'status': 'completed', 'tag': 'bc504fb3-f2c7-4f07-9f90-b2ce25936456', 'code': 200}
2026-04-07 01:22:33.518 10 INFO neutron.wsgi [None req-3ceae830-eec1-4cbc-b475-ee9a942a0b94 250eec61fec44f4091fd58e4ca378bee a518a32e9e4c423ea7cedbb15011f540 - - - -] 10.0.0.131 "DELETE /v2.0/security-group-rules/ab612fe3-3584-4f8b-a5e2-6183a6b2633b HTTP/1.1" status: 204 len: 168 time: 0.1150031
2026-04-07 01:22:33.531 10 INFO neutron.api.v2.resource [None req-33bca38c-2285-4e2e-ad9b-9e46e9dbb2d5 250eec61fec44f4091fd58e4ca378bee a518a32e9e4c423ea7cedbb15011f540 - - default default] show failed (client error): The resource could not be found.
2026-04-07 01:22:33.533 10 INFO neutron.wsgi [None req-33bca38c-2285-4e2e-ad9b-9e46e9dbb2d5 250eec61fec44f4091fd58e4ca378bee a518a32e9e4c423ea7cedbb15011f540 - - default default] 10.0.0.131 "GET /v2.0/security-group-rules/ab612fe3-3584-4f8b-a5e2-6183a6b2633b HTTP/1.1" status: 404 len: 356 time: 0.0097857
2026-04-07 01:22:33.646 10 INFO neutron.wsgi [None req-564ec5a0-b38e-4a8c-9043-4dd72b7d31ff 250eec61fec44f4091fd58e4ca378bee a518a32e9e4c423ea7cedbb15011f540 - - - -] 10.0.0.131 "DELETE /v2.0/security-group-rules/899b5a5c-4419-4b48-9539-1280e6293fca HTTP/1.1" status: 204 len: 168 time: 0.1083167
2026-04-07 01:22:33.663 10 INFO neutron.api.v2.resource [None req-b83712d3-fc7b-4600-9e7d-a3cbfef6abd4 250eec61fec44f4091fd58e4ca378bee a518a32e9e4c423ea7cedbb15011f540 - - default default] show failed (client error): The resource could not be found.
2026-04-07 01:22:33.664 10 INFO neutron.wsgi [None req-b83712d3-fc7b-4600-9e7d-a3cbfef6abd4 250eec61fec44f4091fd58e4ca378bee a518a32e9e4c423ea7cedbb15011f540 - - default default] 10.0.0.131 "GET /v2.0/security-group-rules/899b5a5c-4419-4b48-9539-1280e6293fca HTTP/1.1" status: 404 len: 356 time: 0.0125866
2026-04-07 01:22:33.781 10 INFO neutron.wsgi [None req-5a62b631-bf67-468e-bf01-e4b938c72680 250eec61fec44f4091fd58e4ca378bee a518a32e9e4c423ea7cedbb15011f540 - - - -] 10.0.0.131 "DELETE /v2.0/security-group-rules/d003e9dd-dda8-4f36-8bd5-8eec365ea822 HTTP/1.1" status: 204 len: 168 time: 0.1129079
2026-04-07 01:22:33.796 10 INFO neutron.api.v2.resource [None req-15203680-1f6e-4980-908e-ae5385c10376 250eec61fec44f4091fd58e4ca378bee a518a32e9e4c423ea7cedbb15011f540 - - default default] show failed (client error): The resource could not be found.
2026-04-07 01:22:33.797 10 INFO neutron.wsgi [None req-15203680-1f6e-4980-908e-ae5385c10376 250eec61fec44f4091fd58e4ca378bee a518a32e9e4c423ea7cedbb15011f540 - - default default] 10.0.0.131 "GET /v2.0/security-group-rules/d003e9dd-dda8-4f36-8bd5-8eec365ea822 HTTP/1.1" status: 404 len: 356 time: 0.0115824 /var/lib/openstack/lib/python3.10/site-packages/pycadf/identifier.py:71: UserWarning: Invalid uuid: neutron. To ensure interoperability, identifiers should be a valid uuid. warnings.warn(('Invalid uuid: %s. To ensure interoperability, '
2026-04-07 01:22:33.911 9 INFO neutron.wsgi [None req-f7b6a024-843b-4cb2-a4ef-f30f063857c8 250eec61fec44f4091fd58e4ca378bee a518a32e9e4c423ea7cedbb15011f540 - - - -] 10.0.0.131 "DELETE /v2.0/security-group-rules/8f6c22ee-a111-459d-a00d-573444f1d460 HTTP/1.1" status: 204 len: 168 time: 0.1094143
2026-04-07 01:22:33.926 10 INFO neutron.api.v2.resource [None req-54bc21a1-d188-44bd-bc92-31f6f4a7f9d4 250eec61fec44f4091fd58e4ca378bee a518a32e9e4c423ea7cedbb15011f540 - - default default] show failed (client error): The resource could not be found.
2026-04-07 01:22:33.927 10 INFO neutron.wsgi [None req-54bc21a1-d188-44bd-bc92-31f6f4a7f9d4 250eec61fec44f4091fd58e4ca378bee a518a32e9e4c423ea7cedbb15011f540 - - default default] 10.0.0.131 "GET /v2.0/security-group-rules/8f6c22ee-a111-459d-a00d-573444f1d460 HTTP/1.1" status: 404 len: 356 time: 0.0116193
2026-04-07 01:22:34.049 10 INFO neutron.wsgi [-] 10.0.0.145 "GET / HTTP/1.1" status: 200 len: 247 time: 0.0015817
2026-04-07 01:22:34.051 10 INFO neutron.wsgi [-] 10.0.0.145 "GET / HTTP/1.1" status: 200 len: 247 time: 0.0012865
2026-04-07 01:22:34.056 10 INFO neutron.wsgi [None req-a7b1e089-172e-4808-bb3a-cfe864120a42 250eec61fec44f4091fd58e4ca378bee a518a32e9e4c423ea7cedbb15011f540 - - - -] 10.0.0.131 "DELETE /v2.0/security-group-rules/34c97f24-987e-4f8c-90d7-0b510cf441c6 HTTP/1.1" status: 204 len: 168 time: 0.1233051
2026-04-07 01:22:34.073 10 INFO neutron.api.v2.resource [None req-7eecc3e8-6e7a-400a-97fa-274cda6a83f9 250eec61fec44f4091fd58e4ca378bee a518a32e9e4c423ea7cedbb15011f540 - - default default] show failed (client error): The resource could not be found.
2026-04-07 01:22:34.074 10 INFO neutron.wsgi [None req-7eecc3e8-6e7a-400a-97fa-274cda6a83f9 250eec61fec44f4091fd58e4ca378bee a518a32e9e4c423ea7cedbb15011f540 - - default default] 10.0.0.131 "GET /v2.0/security-group-rules/34c97f24-987e-4f8c-90d7-0b510cf441c6 HTTP/1.1" status: 404 len: 356 time: 0.0108652
2026-04-07 01:22:34.180 10 INFO neutron.wsgi [None req-944adcbf-53fa-42ec-bd72-6042ea3bee0b 250eec61fec44f4091fd58e4ca378bee a518a32e9e4c423ea7cedbb15011f540 - - - -] 10.0.0.131 "DELETE /v2.0/security-group-rules/5adee278-6383-4a0a-adab-2668239c861f HTTP/1.1" status: 204 len: 168 time: 0.1015131
2026-04-07 01:22:34.193 10 INFO neutron.api.v2.resource [None req-2f3b3a1c-79cd-4bf6-a0f3-553271242860 250eec61fec44f4091fd58e4ca378bee a518a32e9e4c423ea7cedbb15011f540 - - default default] show failed (client error): The resource could not be found.
2026-04-07 01:22:34.195 10 INFO neutron.wsgi [None req-2f3b3a1c-79cd-4bf6-a0f3-553271242860 250eec61fec44f4091fd58e4ca378bee a518a32e9e4c423ea7cedbb15011f540 - - default default] 10.0.0.131 "GET /v2.0/security-group-rules/5adee278-6383-4a0a-adab-2668239c861f HTTP/1.1" status: 404 len: 356 time: 0.0103204
2026-04-07 01:22:34.289 10 INFO neutron.wsgi [None req-83c0e0b2-c3d6-485a-9813-f3487fff7943 250eec61fec44f4091fd58e4ca378bee a518a32e9e4c423ea7cedbb15011f540 - - - -] 10.0.0.131 "DELETE /v2.0/security-group-rules/26ab2d35-1a95-4c9a-a3f2-86368f2b5863 HTTP/1.1" status: 204 len: 168 time: 0.0896530
2026-04-07 01:22:34.303 10 INFO neutron.api.v2.resource [None req-2a848000-55e5-4311-9088-0767ab24fded 250eec61fec44f4091fd58e4ca378bee a518a32e9e4c423ea7cedbb15011f540 - - default default] show failed (client error): The resource could not be found.
2026-04-07 01:22:34.304 10 INFO neutron.wsgi [None req-2a848000-55e5-4311-9088-0767ab24fded 250eec61fec44f4091fd58e4ca378bee a518a32e9e4c423ea7cedbb15011f540 - - default default] 10.0.0.131 "GET /v2.0/security-group-rules/26ab2d35-1a95-4c9a-a3f2-86368f2b5863 HTTP/1.1" status: 404 len: 356 time: 0.0103078
2026-04-07 01:22:34.417 9 INFO neutron.wsgi [None req-65da451f-6ea6-4d62-8a87-87ca37f70ade 250eec61fec44f4091fd58e4ca378bee a518a32e9e4c423ea7cedbb15011f540 - - - -] 10.0.0.131 "DELETE /v2.0/security-group-rules/6132aa18-6496-4072-bc88-750be3c4f612 HTTP/1.1" status: 204 len: 168 time: 0.1072412
2026-04-07 01:22:34.431 9 INFO neutron.api.v2.resource [None req-64089d36-d4dc-429b-b2b7-18e829de2581 250eec61fec44f4091fd58e4ca378bee a518a32e9e4c423ea7cedbb15011f540 - - default default] show failed (client error): The resource could not be found.
2026-04-07 01:22:34.432 9 INFO neutron.wsgi [None req-64089d36-d4dc-429b-b2b7-18e829de2581 250eec61fec44f4091fd58e4ca378bee a518a32e9e4c423ea7cedbb15011f540 - - default default] 10.0.0.131 "GET /v2.0/security-group-rules/6132aa18-6496-4072-bc88-750be3c4f612 HTTP/1.1" status: 404 len: 356 time: 0.0101950
2026-04-07 01:22:34.534 9 INFO neutron.wsgi [None req-ce237565-7fe4-4c09-b7d5-ba93e5449ae6 250eec61fec44f4091fd58e4ca378bee a518a32e9e4c423ea7cedbb15011f540 - - - -] 10.0.0.131 "DELETE /v2.0/security-group-rules/abe8220b-0e9f-4742-9ccf-81795aa7595a HTTP/1.1" status: 204 len: 168 time: 0.0958402
2026-04-07 01:22:34.549 9 INFO neutron.api.v2.resource [None req-5baeeb02-ad94-42ef-983e-50d96da05873 250eec61fec44f4091fd58e4ca378bee a518a32e9e4c423ea7cedbb15011f540 - - default default] show failed (client error): The resource could not be found.
2026-04-07 01:22:34.551 9 INFO neutron.wsgi [None req-5baeeb02-ad94-42ef-983e-50d96da05873 250eec61fec44f4091fd58e4ca378bee a518a32e9e4c423ea7cedbb15011f540 - - default default] 10.0.0.131 "GET /v2.0/security-group-rules/abe8220b-0e9f-4742-9ccf-81795aa7595a HTTP/1.1" status: 404 len: 356 time: 0.0118134
2026-04-07 01:22:34.658 10 INFO neutron.wsgi [None req-cfd06edf-4764-48c2-8cf6-85519166276d 250eec61fec44f4091fd58e4ca378bee a518a32e9e4c423ea7cedbb15011f540 - - - -] 10.0.0.131 "DELETE /v2.0/security-group-rules/a84f48df-2547-446a-bab6-b17fb419b866 HTTP/1.1" status: 204 len: 168 time: 0.1019390
2026-04-07 01:22:34.671 10 INFO neutron.api.v2.resource [None req-70137194-1d3f-460a-a0e2-064175f85ea1 250eec61fec44f4091fd58e4ca378bee a518a32e9e4c423ea7cedbb15011f540 - - default default] show failed (client error): The resource could not be found.
2026-04-07 01:22:34.672 10 INFO neutron.wsgi [None req-70137194-1d3f-460a-a0e2-064175f85ea1 250eec61fec44f4091fd58e4ca378bee a518a32e9e4c423ea7cedbb15011f540 - - default default] 10.0.0.131 "GET /v2.0/security-group-rules/a84f48df-2547-446a-bab6-b17fb419b866 HTTP/1.1" status: 404 len: 356 time: 0.0092340
2026-04-07 01:22:34.775 10 INFO neutron.wsgi [None req-33b03ef2-3a2e-4959-b83e-8ec7ed7a74bf 250eec61fec44f4091fd58e4ca378bee a518a32e9e4c423ea7cedbb15011f540 - - - -] 10.0.0.131 "DELETE /v2.0/security-group-rules/452b92f1-5a51-408a-8edd-5008b4f30573 HTTP/1.1" status: 204 len: 168 time: 0.0986259
2026-04-07 01:22:34.789 10 INFO neutron.api.v2.resource [None req-1313fec9-e677-40dc-aecb-cb4e30d50e3e 250eec61fec44f4091fd58e4ca378bee a518a32e9e4c423ea7cedbb15011f540 - - default default] show failed (client error): The resource could not be found.
2026-04-07 01:22:34.791 10 INFO neutron.wsgi [None req-1313fec9-e677-40dc-aecb-cb4e30d50e3e 250eec61fec44f4091fd58e4ca378bee a518a32e9e4c423ea7cedbb15011f540 - - default default] 10.0.0.131 "GET /v2.0/security-group-rules/452b92f1-5a51-408a-8edd-5008b4f30573 HTTP/1.1" status: 404 len: 356 time: 0.0109572
2026-04-07 01:22:34.906 10 INFO neutron.wsgi [None req-a6db6d7c-2a97-45ed-b7d4-920e8d5c55c5 250eec61fec44f4091fd58e4ca378bee a518a32e9e4c423ea7cedbb15011f540 - - - -] 10.0.0.131 "DELETE /v2.0/security-groups/38612c84-bc60-4e01-9b99-d55bae20e718 HTTP/1.1" status: 204 len: 168 time: 0.1104450
2026-04-07 01:22:34.920 10 INFO neutron.api.v2.resource [None req-12d3916d-ed80-468e-90ee-064d4f752763 250eec61fec44f4091fd58e4ca378bee a518a32e9e4c423ea7cedbb15011f540 - - default default] show failed (client error): The resource could not be found.
2026-04-07 01:22:34.921 10 INFO neutron.wsgi [None req-12d3916d-ed80-468e-90ee-064d4f752763 250eec61fec44f4091fd58e4ca378bee a518a32e9e4c423ea7cedbb15011f540 - - default default] 10.0.0.131 "GET /v2.0/security-groups/38612c84-bc60-4e01-9b99-d55bae20e718 HTTP/1.1" status: 404 len: 347 time: 0.0097141
2026-04-07 01:22:36.060 10 INFO neutron.wsgi [None req-414ab69c-e703-482b-b352-821a2d49f25a 250eec61fec44f4091fd58e4ca378bee a518a32e9e4c423ea7cedbb15011f540 - - - -] 10.0.0.131 "PUT /v2.0/routers/62709a64-8abb-4368-8028-4bc5f3c0b0fa/remove_router_interface HTTP/1.1" status: 200 len: 503 time: 1.0891776
2026-04-07 01:22:36.238 9 INFO neutron.api.v2.resource [None req-6634ec8a-db76-414a-acea-21e0e64639ba 250eec61fec44f4091fd58e4ca378bee a518a32e9e4c423ea7cedbb15011f540 - - default default] remove_router_interface failed (client error): The resource could not be found.
2026-04-07 01:22:36.240 9 INFO neutron.wsgi [None req-6634ec8a-db76-414a-acea-21e0e64639ba 250eec61fec44f4091fd58e4ca378bee a518a32e9e4c423ea7cedbb15011f540 - - default default] 10.0.0.131 "PUT /v2.0/routers/62709a64-8abb-4368-8028-4bc5f3c0b0fa/remove_router_interface HTTP/1.1" status: 404 len: 399 time: 0.1744821
2026-04-07 01:22:37.563 9 INFO neutron.wsgi [None req-9b3f40ff-e181-43bc-9b44-a048145c5f9e 250eec61fec44f4091fd58e4ca378bee a518a32e9e4c423ea7cedbb15011f540 - - - -] 10.0.0.131 "PUT /v2.0/routers/62709a64-8abb-4368-8028-4bc5f3c0b0fa/remove_router_interface HTTP/1.1" status: 200 len: 503 time: 1.3175235 /var/lib/openstack/lib/python3.10/site-packages/pycadf/identifier.py:71: UserWarning: Invalid uuid: neutron. To ensure interoperability, identifiers should be a valid uuid. warnings.warn(('Invalid uuid: %s. To ensure interoperability, '
2026-04-07 01:22:37.726 9 INFO neutron.api.v2.resource [None req-97f7e7c4-1469-4d2d-9c73-57f014c9c54a 250eec61fec44f4091fd58e4ca378bee a518a32e9e4c423ea7cedbb15011f540 - - default default] remove_router_interface failed (client error): The resource could not be found.
2026-04-07 01:22:37.728 9 INFO neutron.wsgi [None req-97f7e7c4-1469-4d2d-9c73-57f014c9c54a 250eec61fec44f4091fd58e4ca378bee a518a32e9e4c423ea7cedbb15011f540 - - default default] 10.0.0.131 "PUT /v2.0/routers/62709a64-8abb-4368-8028-4bc5f3c0b0fa/remove_router_interface HTTP/1.1" status: 404 len: 399 time: 0.1609929
2026-04-07 01:22:38.568 9 INFO neutron.wsgi [None req-8e0a0518-e487-4170-988f-9cdbca9ac7f9 250eec61fec44f4091fd58e4ca378bee a518a32e9e4c423ea7cedbb15011f540 - - - -] 10.0.0.131 "PUT /v2.0/routers/62709a64-8abb-4368-8028-4bc5f3c0b0fa/remove_router_interface HTTP/1.1" status: 200 len: 503 time: 0.8345084 /var/lib/openstack/lib/python3.10/site-packages/pycadf/identifier.py:71: UserWarning: Invalid uuid: neutron. To ensure interoperability, identifiers should be a valid uuid. warnings.warn(('Invalid uuid: %s. To ensure interoperability, '
2026-04-07 01:22:38.693 9 INFO neutron.api.v2.resource [None req-649dc4dd-cce1-4d66-b001-f6d3062f20ac 250eec61fec44f4091fd58e4ca378bee a518a32e9e4c423ea7cedbb15011f540 - - default default] remove_router_interface failed (client error): The resource could not be found.
2026-04-07 01:22:38.694 9 INFO neutron.wsgi [None req-649dc4dd-cce1-4d66-b001-f6d3062f20ac 250eec61fec44f4091fd58e4ca378bee a518a32e9e4c423ea7cedbb15011f540 - - default default] 10.0.0.131 "PUT /v2.0/routers/62709a64-8abb-4368-8028-4bc5f3c0b0fa/remove_router_interface HTTP/1.1" status: 404 len: 399 time: 0.1198547
2026-04-07 01:22:39.328 9 INFO neutron.wsgi [None req-bd26e562-0429-468d-ab8e-1919093faa62 250eec61fec44f4091fd58e4ca378bee a518a32e9e4c423ea7cedbb15011f540 - - - -] 10.0.0.131 "DELETE /v2.0/routers/62709a64-8abb-4368-8028-4bc5f3c0b0fa HTTP/1.1" status: 204 len: 168 time: 0.6298070 /var/lib/openstack/lib/python3.10/site-packages/pycadf/identifier.py:71: UserWarning: Invalid uuid: neutron. To ensure interoperability, identifiers should be a valid uuid. warnings.warn(('Invalid uuid: %s. To ensure interoperability, '
2026-04-07 01:22:39.373 10 INFO neutron.api.v2.resource [None req-435e1f86-559d-4856-8cf6-3a8cd917de44 250eec61fec44f4091fd58e4ca378bee a518a32e9e4c423ea7cedbb15011f540 - - default default] show failed (client error): The resource could not be found.
2026-04-07 01:22:39.375 10 INFO neutron.wsgi [None req-435e1f86-559d-4856-8cf6-3a8cd917de44 250eec61fec44f4091fd58e4ca378bee a518a32e9e4c423ea7cedbb15011f540 - - default default] 10.0.0.131 "GET /v2.0/routers/62709a64-8abb-4368-8028-4bc5f3c0b0fa HTTP/1.1" status: 404 len: 336 time: 0.0416873
2026-04-07 01:22:39.564 10 INFO neutron.wsgi [None req-28bda395-154d-4243-a64c-bd236766a63c 250eec61fec44f4091fd58e4ca378bee a518a32e9e4c423ea7cedbb15011f540 - - - -] 10.0.0.131 "DELETE /v2.0/subnets/13202cc4-bb89-4e55-86e7-095eb1368359 HTTP/1.1" status: 204 len: 168 time: 0.1835480
2026-04-07 01:22:39.587 10 INFO neutron.pecan_wsgi.hooks.translation [None req-2d93905c-ee22-40dd-88ab-70667cc6fea2 250eec61fec44f4091fd58e4ca378bee a518a32e9e4c423ea7cedbb15011f540 - - default default] GET failed (client error): The resource could not be found.
2026-04-07 01:22:39.589 10 INFO neutron.wsgi [None req-2d93905c-ee22-40dd-88ab-70667cc6fea2 250eec61fec44f4091fd58e4ca378bee a518a32e9e4c423ea7cedbb15011f540 - - default default] 10.0.0.131 "GET /v2.0/subnets/13202cc4-bb89-4e55-86e7-095eb1368359 HTTP/1.1" status: 404 len: 337 time: 0.0189826
2026-04-07 01:22:39.794 10 INFO neutron.wsgi [None req-6f082b5d-ae78-426c-bf41-ae8cedfeeabf 250eec61fec44f4091fd58e4ca378bee a518a32e9e4c423ea7cedbb15011f540 - - - -] 10.0.0.131 "DELETE /v2.0/subnets/98b03d8f-c110-42d8-a674-eb863ad93199 HTTP/1.1" status: 204 len: 168 time: 0.2012200
2026-04-07 01:22:39.825 10 INFO neutron.pecan_wsgi.hooks.translation [None req-35e838a7-f669-487d-aaab-38fcb57e7f01 250eec61fec44f4091fd58e4ca378bee a518a32e9e4c423ea7cedbb15011f540 - - default default] GET failed (client error): The resource could not be found.
2026-04-07 01:22:39.827 10 INFO neutron.wsgi [None req-35e838a7-f669-487d-aaab-38fcb57e7f01 250eec61fec44f4091fd58e4ca378bee a518a32e9e4c423ea7cedbb15011f540 - - default default] 10.0.0.131 "GET /v2.0/subnets/98b03d8f-c110-42d8-a674-eb863ad93199 HTTP/1.1" status: 404 len: 337 time: 0.0276291
2026-04-07 01:22:40.271 10 INFO neutron.wsgi [None req-6893b7c0-920b-43d5-95a2-22a861aed827 250eec61fec44f4091fd58e4ca378bee a518a32e9e4c423ea7cedbb15011f540 - - - -] 10.0.0.131 "DELETE /v2.0/networks/67ec7c1b-b342-4b28-9457-c39031213391 HTTP/1.1" status: 204 len: 168 time: 0.4386835
2026-04-07 01:22:40.279 10 INFO neutron.services.segments.plugin [-] Segment 3f37d855-6dd6-4737-a5fc-e6e1223ae1e1 resource provider aggregate not found
2026-04-07 01:22:40.286 10 INFO neutron.services.segments.plugin [-] Segment 3f37d855-6dd6-4737-a5fc-e6e1223ae1e1 resource provider aggregate not found
