2026-04-07 01:18:34.349 9 INFO neutron.notifiers.nova [-] Nova event matching ['req-230f3354-e6e4-4cc4-9f31-df00316d72ef'] response: {'name': 'network-changed', 'server_uuid': '8e8a347a-25e3-4d9d-97dd-294a2ade6046', 'tag': '702940b4-fca4-4f78-b55b-5c0c0953c407', 'status': 'completed', 'code': 200} /var/lib/openstack/lib/python3.10/site-packages/pycadf/identifier.py:71: UserWarning: Invalid uuid: neutron. To ensure interoperability, identifiers should be a valid uuid. warnings.warn(('Invalid uuid: %s. To ensure interoperability, '
2026-04-07 01:18:34.416 9 INFO neutron.wsgi [req-27ae6acb-ccd1-4b77-afde-aad96a07737e req-8cbf6bc5-f70d-48de-8511-653f58069f41 776eb9d0a78b4382ad45b382d8ef405d 83527090af144e2d9664d1f648e3fa16 - - 479d185cd48245b4886508aced5bba41 479d185cd48245b4886508aced5bba41] 199.19.213.232 "GET /v2.0/ports?tenant_id=2e030f1a2f15412ca45a3e56e84ea33d&device_id=8e8a347a-25e3-4d9d-97dd-294a2ade6046 HTTP/1.1" status: 200 len: 1363 time: 0.0535111
2026-04-07 01:18:34.421 10 INFO neutron.wsgi [req-b7fda284-2f57-44b5-b7fb-b3f88cd5ec3b req-3b540974-b812-4acb-84f4-c699c4880da5 e88df0f011ff4e32aacec448d8b14c3e 6b9eb62a683e48f99627f2b9c4c65eb6 - - default default] 10.0.0.229 "GET /v2.0/ports?tenant_id=6b9eb62a683e48f99627f2b9c4c65eb6&fields=id HTTP/1.1" status: 200 len: 302 time: 0.0966179
2026-04-07 01:18:34.472 9 INFO neutron.wsgi [req-27ae6acb-ccd1-4b77-afde-aad96a07737e req-4653e9e5-9aea-4b24-a0df-73579fc086fe 776eb9d0a78b4382ad45b382d8ef405d 83527090af144e2d9664d1f648e3fa16 - - 479d185cd48245b4886508aced5bba41 479d185cd48245b4886508aced5bba41] 199.19.213.232 "GET /v2.0/floatingips?fixed_ip_address=10.100.0.14&port_id=702940b4-fca4-4f78-b55b-5c0c0953c407 HTTP/1.1" status: 200 len: 217 time: 0.0386360
2026-04-07 01:18:34.496 10 INFO neutron.wsgi [req-b7fda284-2f57-44b5-b7fb-b3f88cd5ec3b req-f9601e5d-0900-4610-8d70-1d152051b47a 776eb9d0a78b4382ad45b382d8ef405d 83527090af144e2d9664d1f648e3fa16 - - 479d185cd48245b4886508aced5bba41 479d185cd48245b4886508aced5bba41] 10.0.0.229 "GET /v2.0/networks/0b24c49a-4752-4326-a51a-2143067f1b15?fields=segments HTTP/1.1" status: 200 len: 212 time: 0.0639043
2026-04-07 01:18:34.543 9 INFO neutron.wsgi [req-27ae6acb-ccd1-4b77-afde-aad96a07737e req-070ebcaa-b7ea-4861-afb2-03dc3e24415f 776eb9d0a78b4382ad45b382d8ef405d 83527090af144e2d9664d1f648e3fa16 - - 479d185cd48245b4886508aced5bba41 479d185cd48245b4886508aced5bba41] 199.19.213.232 "GET /v2.0/subnets?id=cea0d864-b081-4971-834a-ec5f940b066c HTTP/1.1" status: 200 len: 852 time: 0.0637796
2026-04-07 01:18:34.584 10 INFO neutron.wsgi [req-b7fda284-2f57-44b5-b7fb-b3f88cd5ec3b req-193cfc04-bc00-4710-8729-609818fa4dfd 776eb9d0a78b4382ad45b382d8ef405d 83527090af144e2d9664d1f648e3fa16 - - 479d185cd48245b4886508aced5bba41 479d185cd48245b4886508aced5bba41] 10.0.0.229 "GET /v2.0/networks/0b24c49a-4752-4326-a51a-2143067f1b15?fields=provider%3Aphysical_network&fields=provider%3Anetwork_type HTTP/1.1" status: 200 len: 277 time: 0.0793092
2026-04-07 01:18:34.584 9 INFO neutron.wsgi [req-27ae6acb-ccd1-4b77-afde-aad96a07737e req-69773ad5-b865-4fc2-ae38-62917d5fd4a9 776eb9d0a78b4382ad45b382d8ef405d 83527090af144e2d9664d1f648e3fa16 - - 479d185cd48245b4886508aced5bba41 479d185cd48245b4886508aced5bba41] 199.19.213.232 "GET /v2.0/ports?network_id=6a68bf94-b95f-48cc-a45f-e9f258bff408&device_owner=network%3Adhcp HTTP/1.1" status: 200 len: 210 time: 0.0355511
2026-04-07 01:18:34.618 9 INFO neutron.services.segments.plugin [-] Segment fc67bcd6-b723-4f7b-b3be-7498b44b5683 resource provider aggregate not found
2026-04-07 01:18:34.633 9 INFO neutron.services.segments.plugin [-] Segment fc67bcd6-b723-4f7b-b3be-7498b44b5683 resource provider aggregate not found
2026-04-07 01:18:34.659 9 INFO neutron.services.segments.plugin [-] Segment fc67bcd6-b723-4f7b-b3be-7498b44b5683 resource provider not found; error: Placement Client Error (4xx): {"errors": [{"status": 404, "title": "Not Found", "detail": "The resource could not be found.\n\n No resource provider with uuid fc67bcd6-b723-4f7b-b3be-7498b44b5683 found for delete ", "request_id": "req-0427e6c1-c096-499f-9ccb-b6e2cc5da6c0"}]}
2026-04-07 01:18:34.660 9 INFO neutron.services.segments.plugin [-] Segment fc67bcd6-b723-4f7b-b3be-7498b44b5683 resource provider not found; error: Placement Client Error (4xx): {"errors": [{"status": 404, "title": "Not Found", "detail": "The resource could not be found.\n\n No resource provider with uuid fc67bcd6-b723-4f7b-b3be-7498b44b5683 found for delete ", "request_id": "req-bf3c025c-76aa-48f7-ac94-2f6d94622867"}]}
2026-04-07 01:18:34.689 9 INFO neutron.wsgi [req-27ae6acb-ccd1-4b77-afde-aad96a07737e req-29ecb6eb-aff7-48d7-8a99-530f0a65b748 776eb9d0a78b4382ad45b382d8ef405d 83527090af144e2d9664d1f648e3fa16 - - 479d185cd48245b4886508aced5bba41 479d185cd48245b4886508aced5bba41] 199.19.213.232 "GET /v2.0/networks/6a68bf94-b95f-48cc-a45f-e9f258bff408?fields=segments HTTP/1.1" status: 200 len: 212 time: 0.0869699
2026-04-07 01:18:34.697 9 INFO neutron.wsgi [None req-5589cf6c-d3e2-45eb-8e52-641f101d7401 fb309ac1bf3c40d389250e779496c131 19a1651799ec4861a0f8d93bef5fc055 - - - -] 10.0.0.131 "DELETE /v2.0/networks/17668490-16c3-43f0-8ae9-9d6b9b1f0e1e HTTP/1.1" status: 204 len: 168 time: 0.6337795
2026-04-07 01:18:34.753 10 INFO neutron.wsgi [req-ad2b4542-7950-4fa1-8392-822bb2226ec0 req-83e4ea8d-d29e-4f79-8c3a-2361a05219fb e88df0f011ff4e32aacec448d8b14c3e 6b9eb62a683e48f99627f2b9c4c65eb6 - - default default] 10.0.0.229 "GET /v2.0/ports?device_id=256b0351-8ae1-49ae-ab34-e2be5772aa60 HTTP/1.1" status: 200 len: 210 time: 0.0362799
2026-04-07 01:18:34.764 9 INFO neutron.wsgi [req-27ae6acb-ccd1-4b77-afde-aad96a07737e req-f1ae2487-eae3-4a87-b7fd-9364f3b91f0e 776eb9d0a78b4382ad45b382d8ef405d 83527090af144e2d9664d1f648e3fa16 - - 479d185cd48245b4886508aced5bba41 479d185cd48245b4886508aced5bba41] 199.19.213.232 "GET /v2.0/networks/6a68bf94-b95f-48cc-a45f-e9f258bff408?fields=provider%3Aphysical_network&fields=provider%3Anetwork_type HTTP/1.1" status: 200 len: 277 time: 0.0659704
2026-04-07 01:18:34.838 9 INFO neutron.wsgi [req-f7fa7e25-c88b-41ac-8152-3acc65f3bc07 req-a7de0ec4-f72d-4d0f-898d-cb9610c899ef 776eb9d0a78b4382ad45b382d8ef405d 83527090af144e2d9664d1f648e3fa16 - - 479d185cd48245b4886508aced5bba41 479d185cd48245b4886508aced5bba41] 199.19.213.232 "GET /v2.0/ports?tenant_id=2e030f1a2f15412ca45a3e56e84ea33d&device_id=8e8a347a-25e3-4d9d-97dd-294a2ade6046 HTTP/1.1" status: 200 len: 1363 time: 0.0342352
2026-04-07 01:18:34.926 9 INFO neutron.wsgi [req-f7fa7e25-c88b-41ac-8152-3acc65f3bc07 req-89e7fd53-68ca-4bd2-8be1-6f3c0f095376 776eb9d0a78b4382ad45b382d8ef405d 83527090af144e2d9664d1f648e3fa16 - - 479d185cd48245b4886508aced5bba41 479d185cd48245b4886508aced5bba41] 199.19.213.232 "GET /v2.0/networks?id=6a68bf94-b95f-48cc-a45f-e9f258bff408 HTTP/1.1" status: 200 len: 959 time: 0.0809720
2026-04-07 01:18:34.959 9 INFO neutron.wsgi [req-f7fa7e25-c88b-41ac-8152-3acc65f3bc07 req-5469ec85-ecda-4616-92bc-fb7d72c8af76 776eb9d0a78b4382ad45b382d8ef405d 83527090af144e2d9664d1f648e3fa16 - - 479d185cd48245b4886508aced5bba41 479d185cd48245b4886508aced5bba41] 199.19.213.232 "GET /v2.0/floatingips?fixed_ip_address=10.100.0.14&port_id=702940b4-fca4-4f78-b55b-5c0c0953c407 HTTP/1.1" status: 200 len: 217 time: 0.0282526
2026-04-07 01:18:34.998 9 INFO neutron.wsgi [req-f7fa7e25-c88b-41ac-8152-3acc65f3bc07 req-410a6c47-1cf4-4512-a1d4-489ff76b239a 776eb9d0a78b4382ad45b382d8ef405d 83527090af144e2d9664d1f648e3fa16 - - 479d185cd48245b4886508aced5bba41 479d185cd48245b4886508aced5bba41] 199.19.213.232 "GET /v2.0/subnets?id=cea0d864-b081-4971-834a-ec5f940b066c HTTP/1.1" status: 200 len: 852 time: 0.0324326
2026-04-07 01:18:35.033 9 INFO neutron.wsgi [req-f7fa7e25-c88b-41ac-8152-3acc65f3bc07 req-4f2dee44-bf4c-4c48-82a5-9cc937b98429 776eb9d0a78b4382ad45b382d8ef405d 83527090af144e2d9664d1f648e3fa16 - - 479d185cd48245b4886508aced5bba41 479d185cd48245b4886508aced5bba41] 199.19.213.232 "GET /v2.0/ports?network_id=6a68bf94-b95f-48cc-a45f-e9f258bff408&device_owner=network%3Adhcp HTTP/1.1" status: 200 len: 210 time: 0.0281062
2026-04-07 01:18:35.047 10 INFO neutron.wsgi [req-b360e40b-694d-4a93-a0e0-f981cded3828 req-17a65e8d-c0b9-4fc9-8df4-ee94c9f25e12 7f245ca8fb9f4fbaaa1a68fb52c89976 2e030f1a2f15412ca45a3e56e84ea33d - - default default] 10.0.0.229 "GET /v2.0/ports?device_id=8e8a347a-25e3-4d9d-97dd-294a2ade6046 HTTP/1.1" status: 200 len: 1172 time: 0.0475743
2026-04-07 01:18:35.112 9 WARNING neutron.plugins.ml2.drivers.ovn.mech_driver.ovsdb.ovn_client [None req-3b29fbaa-dd5d-48a8-aed6-98c94a3c5d39 - - - - - -] No hosting information found for port 2e3bc1b0-da6c-4651-bf67-89bcd4affcda: RuntimeError: No hosting information found for port 2e3bc1b0-da6c-4651-bf67-89bcd4affcda
2026-04-07 01:18:35.112 9 INFO neutron.plugins.ml2.drivers.ovn.mech_driver.mech_driver [None req-3b29fbaa-dd5d-48a8-aed6-98c94a3c5d39 - - - - - -] OVN reports status up for port: ca250ddb-63bb-43c7-abc2-ffeed46ce57c
2026-04-07 01:18:35.118 10 INFO neutron.wsgi [req-b360e40b-694d-4a93-a0e0-f981cded3828 req-908922a0-0a90-4c35-b0e4-64e106a269c0 7f245ca8fb9f4fbaaa1a68fb52c89976 2e030f1a2f15412ca45a3e56e84ea33d - - default default] 10.0.0.229 "GET /v2.0/security-groups?id=691dfc4b-e034-4864-9c7d-0a896aaf5b7d&fields=id&fields=name HTTP/1.1" status: 200 len: 313 time: 0.0628664
2026-04-07 01:18:35.133 9 INFO neutron.plugins.ml2.plugin [None req-3b29fbaa-dd5d-48a8-aed6-98c94a3c5d39 - - - - - -] Attempt 1 to provision port ca250ddb-63bb-43c7-abc2-ffeed46ce57c
2026-04-07 01:18:35.139 9 INFO neutron.wsgi [req-f7fa7e25-c88b-41ac-8152-3acc65f3bc07 req-f8c7fce6-aa65-464e-9a66-08487b47438d 776eb9d0a78b4382ad45b382d8ef405d 83527090af144e2d9664d1f648e3fa16 - - 479d185cd48245b4886508aced5bba41 479d185cd48245b4886508aced5bba41] 199.19.213.232 "GET /v2.0/networks/6a68bf94-b95f-48cc-a45f-e9f258bff408?fields=segments HTTP/1.1" status: 200 len: 212 time: 0.0985203
2026-04-07 01:18:35.209 10 INFO neutron.wsgi [None req-ba68e639-2454-4d8e-b1ff-4e2c162fd1f9 fb309ac1bf3c40d389250e779496c131 19a1651799ec4861a0f8d93bef5fc055 - - - -] 10.0.0.131 "DELETE /v2.0/networks/e9f0d67b-ba3d-4e12-87e0-7fd7b3a7715a HTTP/1.1" status: 204 len: 168 time: 0.5043972
2026-04-07 01:18:35.273 9 INFO neutron.wsgi [req-f7fa7e25-c88b-41ac-8152-3acc65f3bc07 req-51e87af3-d93b-4068-9075-01d17ba135b1 776eb9d0a78b4382ad45b382d8ef405d 83527090af144e2d9664d1f648e3fa16 - - 479d185cd48245b4886508aced5bba41 479d185cd48245b4886508aced5bba41] 199.19.213.232 "GET /v2.0/networks/6a68bf94-b95f-48cc-a45f-e9f258bff408?fields=provider%3Aphysical_network&fields=provider%3Anetwork_type HTTP/1.1" status: 200 len: 277 time: 0.1177275
2026-04-07 01:18:35.337 10 INFO neutron.services.segments.plugin [-] Segment db502396-6151-4675-9ad2-4c7b0fd51ba2 resource provider aggregate not found
2026-04-07 01:18:35.346 10 INFO neutron.services.segments.plugin [-] Segment db502396-6151-4675-9ad2-4c7b0fd51ba2 resource provider aggregate not found
2026-04-07 01:18:35.363 10 INFO neutron.services.segments.plugin [-] Segment db502396-6151-4675-9ad2-4c7b0fd51ba2 resource provider not found; error: Placement Client Error (4xx): {"errors": [{"status": 404, "title": "Not Found", "detail": "The resource could not be found.\n\n No resource provider with uuid db502396-6151-4675-9ad2-4c7b0fd51ba2 found for delete ", "request_id": "req-53245e06-e68d-46b5-9e61-bf147312c02b"}]}
2026-04-07 01:18:35.368 10 INFO neutron.services.segments.plugin [-] Segment db502396-6151-4675-9ad2-4c7b0fd51ba2 resource provider not found; error: Placement Client Error (4xx): {"errors": [{"status": 404, "title": "Not Found", "detail": "The resource could not be found.\n\n No resource provider with uuid db502396-6151-4675-9ad2-4c7b0fd51ba2 found for delete ", "request_id": "req-baca0600-8015-43fa-a6be-aa8bfd08fff9"}]}
2026-04-07 01:18:35.382 10 INFO neutron.services.segments.plugin [-] Segment 5e748dc5-7085-4703-89df-3c4f204e52ce resource provider aggregate not found
2026-04-07 01:18:35.401 10 INFO neutron.services.segments.plugin [-] Segment 5e748dc5-7085-4703-89df-3c4f204e52ce resource provider aggregate not found
2026-04-07 01:18:35.413 10 INFO neutron.services.segments.plugin [-] Segment 5e748dc5-7085-4703-89df-3c4f204e52ce resource provider not found; error: Placement Client Error (4xx): {"errors": [{"status": 404, "title": "Not Found", "detail": "The resource could not be found.\n\n No resource provider with uuid 5e748dc5-7085-4703-89df-3c4f204e52ce found for delete ", "request_id": "req-79b6e92d-1e31-4594-9a4a-e3e0b9bf6897"}]}
2026-04-07 01:18:35.433 10 INFO neutron.services.segments.plugin [-] Segment 5e748dc5-7085-4703-89df-3c4f204e52ce resource provider not found; error: Placement Client Error (4xx): {"errors": [{"status": 404, "title": "Not Found", "detail": "The resource could not be found.\n\n No resource provider with uuid 5e748dc5-7085-4703-89df-3c4f204e52ce found for delete ", "request_id": "req-8f2786e4-805f-4797-a625-ca05997a2039"}]}
2026-04-07 01:18:35.447 9 INFO neutron.db.ovn_revision_numbers_db [None req-3b29fbaa-dd5d-48a8-aed6-98c94a3c5d39 - - - - - -] Successfully bumped revision number for resource ca250ddb-63bb-43c7-abc2-ffeed46ce57c (type: ports) to 3
2026-04-07 01:18:35.583 9 INFO neutron.db.ovn_revision_numbers_db [None req-3b29fbaa-dd5d-48a8-aed6-98c94a3c5d39 - - - - - -] Successfully bumped revision number for resource ca250ddb-63bb-43c7-abc2-ffeed46ce57c (type: router_ports) to 3
2026-04-07 01:18:35.655 9 INFO neutron.wsgi [req-b7fda284-2f57-44b5-b7fb-b3f88cd5ec3b req-81cd71d5-b0d7-44c9-8bf7-80e094984830 e88df0f011ff4e32aacec448d8b14c3e 6b9eb62a683e48f99627f2b9c4c65eb6 - - default default] 199.19.213.232 "GET /v2.0/networks?id=0b24c49a-4752-4326-a51a-2143067f1b15 HTTP/1.1" status: 200 len: 872 time: 0.0821941
2026-04-07 01:18:35.672 10 INFO neutron.wsgi [None req-39fb2db6-6af5-43de-9f06-a3e66ee0277a fb309ac1bf3c40d389250e779496c131 19a1651799ec4861a0f8d93bef5fc055 - - - -] 10.0.0.131 "DELETE /v2.0/networks/03a9e3c6-4c39-4932-9fd4-aee80a130793 HTTP/1.1" status: 204 len: 168 time: 0.4490633
2026-04-07 01:18:35.722 9 INFO neutron.wsgi [req-b7fda284-2f57-44b5-b7fb-b3f88cd5ec3b req-7399bbe9-aecb-4279-a72b-28c2f8a6fa54 e88df0f011ff4e32aacec448d8b14c3e 6b9eb62a683e48f99627f2b9c4c65eb6 - - default default] 199.19.213.232 "GET /v2.0/security-groups?fields=id&fields=name&tenant_id=6b9eb62a683e48f99627f2b9c4c65eb6 HTTP/1.1" status: 200 len: 471 time: 0.0504260
2026-04-07 01:18:35.843 10 INFO neutron.wsgi [req-71a72d38-b37c-4aef-a176-764d3dca5a14 req-a576723c-a29f-435a-8ebd-03966be04700 e88df0f011ff4e32aacec448d8b14c3e 6b9eb62a683e48f99627f2b9c4c65eb6 - - default default] 10.0.0.229 "GET /v2.0/ports?device_id=256b0351-8ae1-49ae-ab34-e2be5772aa60 HTTP/1.1" status: 200 len: 210 time: 0.0215631
2026-04-07 01:18:36.023 9 WARNING neutron.scheduler.dhcp_agent_scheduler [None req-1a5be4f4-fe71-4fd5-8c94-50cf73d5195a e88df0f011ff4e32aacec448d8b14c3e 6b9eb62a683e48f99627f2b9c4c65eb6 - - - -] No more DHCP agents
2026-04-07 01:18:36.025 9 WARNING neutron.api.rpc.agentnotifiers.dhcp_rpc_agent_api [None req-1a5be4f4-fe71-4fd5-8c94-50cf73d5195a e88df0f011ff4e32aacec448d8b14c3e 6b9eb62a683e48f99627f2b9c4c65eb6 - - - -] Unable to schedule network 0b24c49a-4752-4326-a51a-2143067f1b15: no agents available; will retry on subsequent port and subnet creation events.
2026-04-07 01:18:36.164 9 INFO neutron.db.ovn_revision_numbers_db [None req-1a5be4f4-fe71-4fd5-8c94-50cf73d5195a e88df0f011ff4e32aacec448d8b14c3e 6b9eb62a683e48f99627f2b9c4c65eb6 - - - -] Successfully bumped revision number for resource 4e11f3f1-9789-4c60-a722-c05456db9339 (type: ports) to 1
2026-04-07 01:18:36.189 9 INFO neutron.wsgi [None req-1a5be4f4-fe71-4fd5-8c94-50cf73d5195a e88df0f011ff4e32aacec448d8b14c3e 6b9eb62a683e48f99627f2b9c4c65eb6 - - - -] 199.19.213.232 "POST /v2.0/ports HTTP/1.1" status: 201 len: 1201 time: 0.4548571 /var/lib/openstack/lib/python3.10/site-packages/pycadf/identifier.py:71: UserWarning: Invalid uuid: neutron. To ensure interoperability, identifiers should be a valid uuid. warnings.warn(('Invalid uuid: %s. To ensure interoperability, '
2026-04-07 01:18:36.218 10 INFO neutron.wsgi [req-f5fe5bf6-915c-4090-9d3a-b5fbd3bd19aa req-b572c854-a094-44c4-926c-2dec43c70765 7f245ca8fb9f4fbaaa1a68fb52c89976 2e030f1a2f15412ca45a3e56e84ea33d - - default default] 10.0.0.229 "GET /v2.0/ports?device_id=8e8a347a-25e3-4d9d-97dd-294a2ade6046 HTTP/1.1" status: 200 len: 1172 time: 0.0359859
2026-04-07 01:18:36.258 10 INFO neutron.wsgi [req-f5fe5bf6-915c-4090-9d3a-b5fbd3bd19aa req-f1605781-cf50-4ede-9fb2-1a616abaccfd 7f245ca8fb9f4fbaaa1a68fb52c89976 2e030f1a2f15412ca45a3e56e84ea33d - - default default] 10.0.0.229 "GET /v2.0/security-groups?id=691dfc4b-e034-4864-9c7d-0a896aaf5b7d&fields=id&fields=name HTTP/1.1" status: 200 len: 313 time: 0.0342932
2026-04-07 01:18:36.780 10 INFO neutron.db.ovn_revision_numbers_db [None req-40769c5b-c4ac-4799-a179-0abe7c4a1069 0293b9205b2d4fe4bd4aa04a14e78d24 315f741c36044c2ab9414435abcb35d2 - - default default] Successfully bumped revision number for resource 3f40f29b-e9c3-4c17-9c8f-f507cf336563 (type: security_groups) to 1
2026-04-07 01:18:36.804 10 INFO neutron.wsgi [None req-40769c5b-c4ac-4799-a179-0abe7c4a1069 0293b9205b2d4fe4bd4aa04a14e78d24 315f741c36044c2ab9414435abcb35d2 - - default default] 10.0.0.131 "GET /v2.0/security-groups?tenant_id=f7f856d50ea249839d10f2a919cad1c4&name=default HTTP/1.1" status: 200 len: 2996 time: 0.2972770
2026-04-07 01:18:36.818 9 INFO neutron.db.ovn_revision_numbers_db [None req-60b4529b-3084-4164-af1f-75b0d6fe4c08 776eb9d0a78b4382ad45b382d8ef405d 83527090af144e2d9664d1f648e3fa16 - - - -] Successfully bumped revision number for resource 4e11f3f1-9789-4c60-a722-c05456db9339 (type: ports) to 2
2026-04-07 01:18:36.960 10 INFO neutron.wsgi [req-c8f32087-2ba2-4eee-b0f5-abbb403f9915 req-fd5138c3-f61e-4cea-8560-35163b525f1d e88df0f011ff4e32aacec448d8b14c3e 6b9eb62a683e48f99627f2b9c4c65eb6 - - default default] 10.0.0.229 "GET /v2.0/ports?device_id=256b0351-8ae1-49ae-ab34-e2be5772aa60 HTTP/1.1" status: 200 len: 1212 time: 0.0491333
2026-04-07 01:18:36.968 9 INFO neutron.db.ovn_revision_numbers_db [None req-60b4529b-3084-4164-af1f-75b0d6fe4c08 776eb9d0a78b4382ad45b382d8ef405d 83527090af144e2d9664d1f648e3fa16 - - - -] Successfully bumped revision number for resource 4e11f3f1-9789-4c60-a722-c05456db9339 (type: ports) to 2
2026-04-07 01:18:36.980 9 INFO neutron.wsgi [None req-60b4529b-3084-4164-af1f-75b0d6fe4c08 776eb9d0a78b4382ad45b382d8ef405d 83527090af144e2d9664d1f648e3fa16 - - - -] 199.19.213.232 "PUT /v2.0/ports/4e11f3f1-9789-4c60-a722-c05456db9339 HTTP/1.1" status: 200 len: 1371 time: 0.7798848
2026-04-07 01:18:37.007 9 INFO neutron.notifiers.nova [-] Nova event matching ['req-7015bf04-89fb-4ace-8a90-1777e085b59b'] response: {'name': 'network-changed', 'server_uuid': '256b0351-8ae1-49ae-ab34-e2be5772aa60', 'tag': '4e11f3f1-9789-4c60-a722-c05456db9339', 'status': 'completed', 'code': 200} /var/lib/openstack/lib/python3.10/site-packages/pycadf/identifier.py:71: UserWarning: Invalid uuid: neutron. To ensure interoperability, identifiers should be a valid uuid. warnings.warn(('Invalid uuid: %s. To ensure interoperability, '
2026-04-07 01:18:37.038 10 INFO neutron.wsgi [req-c8f32087-2ba2-4eee-b0f5-abbb403f9915 req-c6bf32c9-d8ee-4af1-8ed2-c052c3c7c2e9 e88df0f011ff4e32aacec448d8b14c3e 6b9eb62a683e48f99627f2b9c4c65eb6 - - default default] 10.0.0.229 "GET /v2.0/security-groups?id=48c53acc-3708-49a5-bb8e-d53521612d35&id=b7be4f72-8fa9-4d68-84d9-e0ddfa620628&fields=id&fields=name HTTP/1.1" status: 200 len: 404 time: 0.0686224
2026-04-07 01:18:37.058 9 INFO neutron.wsgi [req-b7fda284-2f57-44b5-b7fb-b3f88cd5ec3b req-02ee43f2-74b2-4fea-9ca1-a442e5a1e524 776eb9d0a78b4382ad45b382d8ef405d 83527090af144e2d9664d1f648e3fa16 - - 479d185cd48245b4886508aced5bba41 479d185cd48245b4886508aced5bba41] 199.19.213.232 "GET /v2.0/ports?tenant_id=6b9eb62a683e48f99627f2b9c4c65eb6&device_id=256b0351-8ae1-49ae-ab34-e2be5772aa60 HTTP/1.1" status: 200 len: 1402 time: 0.0413954
2026-04-07 01:18:37.059 10 INFO neutron.wsgi [None req-b516ea86-0369-4dc7-983e-b71adba9062a 0293b9205b2d4fe4bd4aa04a14e78d24 315f741c36044c2ab9414435abcb35d2 - - - -] 10.0.0.131 "DELETE /v2.0/security-groups/3f40f29b-e9c3-4c17-9c8f-f507cf336563 HTTP/1.1" status: 204 len: 168 time: 0.2470689
2026-04-07 01:18:37.093 9 INFO neutron.wsgi [req-b7fda284-2f57-44b5-b7fb-b3f88cd5ec3b req-88f24b60-cf4b-4743-8684-7f0db4d04899 776eb9d0a78b4382ad45b382d8ef405d 83527090af144e2d9664d1f648e3fa16 - - 479d185cd48245b4886508aced5bba41 479d185cd48245b4886508aced5bba41] 199.19.213.232 "GET /v2.0/floatingips?fixed_ip_address=10.100.0.13&port_id=4e11f3f1-9789-4c60-a722-c05456db9339 HTTP/1.1" status: 200 len: 217 time: 0.0292704
2026-04-07 01:18:37.138 9 INFO neutron.wsgi [req-b7fda284-2f57-44b5-b7fb-b3f88cd5ec3b req-e8106944-9a8e-40f3-9e45-439af26af4bb 776eb9d0a78b4382ad45b382d8ef405d 83527090af144e2d9664d1f648e3fa16 - - 479d185cd48245b4886508aced5bba41 479d185cd48245b4886508aced5bba41] 199.19.213.232 "GET /v2.0/subnets?id=44e99c04-95ae-4ab4-8590-3400a805ac57 HTTP/1.1" status: 200 len: 866 time: 0.0359070
2026-04-07 01:18:37.165 9 INFO neutron.wsgi [req-b7fda284-2f57-44b5-b7fb-b3f88cd5ec3b req-714aac3d-7fb7-4e8c-98c5-2912bcdec16e 776eb9d0a78b4382ad45b382d8ef405d 83527090af144e2d9664d1f648e3fa16 - - 479d185cd48245b4886508aced5bba41 479d185cd48245b4886508aced5bba41] 199.19.213.232 "GET /v2.0/ports?network_id=0b24c49a-4752-4326-a51a-2143067f1b15&device_owner=network%3Adhcp HTTP/1.1" status: 200 len: 210 time: 0.0210452
2026-04-07 01:18:37.240 9 INFO neutron.wsgi [None req-59931a66-037b-4236-b281-db12d06f93f4 0293b9205b2d4fe4bd4aa04a14e78d24 315f741c36044c2ab9414435abcb35d2 - - default default] 10.0.0.131 "GET /v2.0/security-groups?tenant_id=19a1651799ec4861a0f8d93bef5fc055&name=default HTTP/1.1" status: 200 len: 2996 time: 0.0713925
2026-04-07 01:18:37.267 9 INFO neutron.wsgi [req-b7fda284-2f57-44b5-b7fb-b3f88cd5ec3b req-6054bb20-8e5f-401d-8054-888ce823c2a0 776eb9d0a78b4382ad45b382d8ef405d 83527090af144e2d9664d1f648e3fa16 - - 479d185cd48245b4886508aced5bba41 479d185cd48245b4886508aced5bba41] 199.19.213.232 "GET /v2.0/networks/0b24c49a-4752-4326-a51a-2143067f1b15?fields=segments HTTP/1.1" status: 200 len: 212 time: 0.0967500
2026-04-07 01:18:37.324 9 INFO neutron.wsgi [req-b7fda284-2f57-44b5-b7fb-b3f88cd5ec3b req-13e78f62-ac51-44d7-9b19-6095a7748a56 776eb9d0a78b4382ad45b382d8ef405d 83527090af144e2d9664d1f648e3fa16 - - 479d185cd48245b4886508aced5bba41 479d185cd48245b4886508aced5bba41] 199.19.213.232 "GET /v2.0/networks/0b24c49a-4752-4326-a51a-2143067f1b15?fields=provider%3Aphysical_network&fields=provider%3Anetwork_type HTTP/1.1" status: 200 len: 277 time: 0.0499954
2026-04-07 01:18:37.409 9 INFO neutron.wsgi [req-d2904306-ce62-4e30-be16-2e38622b1ff1 req-5f6cf901-feb2-406a-bd4e-3470368cd18f 776eb9d0a78b4382ad45b382d8ef405d 83527090af144e2d9664d1f648e3fa16 - - 479d185cd48245b4886508aced5bba41 479d185cd48245b4886508aced5bba41] 199.19.213.232 "GET /v2.0/ports?tenant_id=6b9eb62a683e48f99627f2b9c4c65eb6&device_id=256b0351-8ae1-49ae-ab34-e2be5772aa60 HTTP/1.1" status: 200 len: 1402 time: 0.0395992
2026-04-07 01:18:37.442 10 INFO neutron.services.segments.plugin [-] Segment e0557b48-780a-4114-b2af-e08c32a0208b resource provider aggregate not found
2026-04-07 01:18:37.461 10 INFO neutron.services.segments.plugin [-] Segment e0557b48-780a-4114-b2af-e08c32a0208b resource provider not found; error: Placement Client Error (4xx): {"errors": [{"status": 404, "title": "Not Found", "detail": "The resource could not be found.\n\n No resource provider with uuid e0557b48-780a-4114-b2af-e08c32a0208b found for delete ", "request_id": "req-15319234-2977-4445-ac8b-de0cd473c6a6"}]}
2026-04-07 01:18:37.462 10 INFO neutron.services.segments.plugin [-] Segment e0557b48-780a-4114-b2af-e08c32a0208b resource provider aggregate not found
2026-04-07 01:18:37.473 9 INFO neutron.wsgi [req-d2904306-ce62-4e30-be16-2e38622b1ff1 req-60cd8d57-569b-41ed-b217-d04e8cc2797b 776eb9d0a78b4382ad45b382d8ef405d 83527090af144e2d9664d1f648e3fa16 - - 479d185cd48245b4886508aced5bba41 479d185cd48245b4886508aced5bba41] 199.19.213.232 "GET /v2.0/networks?id=0b24c49a-4752-4326-a51a-2143067f1b15 HTTP/1.1" status: 200 len: 971 time: 0.0569463
2026-04-07 01:18:37.480 10 INFO neutron.wsgi [req-550c6b98-59fa-4f6b-8550-934b18e829c7 req-0ea93836-bcc6-4d6f-ab9d-46efcb26c477 7f245ca8fb9f4fbaaa1a68fb52c89976 2e030f1a2f15412ca45a3e56e84ea33d - - default default] 10.0.0.229 "GET /v2.0/ports?device_id=8e8a347a-25e3-4d9d-97dd-294a2ade6046 HTTP/1.1" status: 200 len: 1172 time: 0.1499043
2026-04-07 01:18:37.482 10 INFO neutron.services.segments.plugin [-] Segment e0557b48-780a-4114-b2af-e08c32a0208b resource provider not found; error: Placement Client Error (4xx): {"errors": [{"status": 404, "title": "Not Found", "detail": "The resource could not be found.\n\n No resource provider with uuid e0557b48-780a-4114-b2af-e08c32a0208b found for delete ", "request_id": "req-b12720b9-88da-4ff5-b19a-c6e9ff1f32d7"}]}
2026-04-07 01:18:37.518 9 INFO neutron.wsgi [req-d2904306-ce62-4e30-be16-2e38622b1ff1 req-5497f9b3-038b-4198-a4e8-8620725e752e 776eb9d0a78b4382ad45b382d8ef405d 83527090af144e2d9664d1f648e3fa16 - - 479d185cd48245b4886508aced5bba41 479d185cd48245b4886508aced5bba41] 199.19.213.232 "GET /v2.0/floatingips?fixed_ip_address=10.100.0.13&port_id=4e11f3f1-9789-4c60-a722-c05456db9339 HTTP/1.1" status: 200 len: 217 time: 0.0327871
2026-04-07 01:18:37.535 10 INFO neutron.wsgi [req-550c6b98-59fa-4f6b-8550-934b18e829c7 req-4a1e48d7-073c-4272-94af-a675b713faae 7f245ca8fb9f4fbaaa1a68fb52c89976 2e030f1a2f15412ca45a3e56e84ea33d - - default default] 10.0.0.229 "GET /v2.0/security-groups?id=691dfc4b-e034-4864-9c7d-0a896aaf5b7d&fields=id&fields=name HTTP/1.1" status: 200 len: 313 time: 0.0465093
2026-04-07 01:18:37.543 10 INFO neutron.wsgi [req-bdb97cdd-8340-4a58-b221-be1b2554686b req-1b30a6fe-3b96-47c8-b674-3cc67f0566f8 776eb9d0a78b4382ad45b382d8ef405d 83527090af144e2d9664d1f648e3fa16 - - 479d185cd48245b4886508aced5bba41 479d185cd48245b4886508aced5bba41] 199.19.213.232 "GET /v2.0/ports?device_id=256b0351-8ae1-49ae-ab34-e2be5772aa60 HTTP/1.1" status: 200 len: 1402 time: 0.0327890
2026-04-07 01:18:37.565 9 INFO neutron.wsgi [req-d2904306-ce62-4e30-be16-2e38622b1ff1 req-baccd406-cea2-4129-a4ba-2e8745c99608 776eb9d0a78b4382ad45b382d8ef405d 83527090af144e2d9664d1f648e3fa16 - - 479d185cd48245b4886508aced5bba41 479d185cd48245b4886508aced5bba41] 199.19.213.232 "GET /v2.0/subnets?id=44e99c04-95ae-4ab4-8590-3400a805ac57 HTTP/1.1" status: 200 len: 866 time: 0.0411153
2026-04-07 01:18:37.585 10 INFO neutron.wsgi [None req-916fc6ba-f6fa-4f6c-ac30-a7ba37ee21c0 0293b9205b2d4fe4bd4aa04a14e78d24 315f741c36044c2ab9414435abcb35d2 - - - -] 10.0.0.131 "DELETE /v2.0/security-groups/d9074665-e044-4c3e-a573-8e79ea40027f HTTP/1.1" status: 204 len: 168 time: 0.3333702
2026-04-07 01:18:37.595 9 INFO neutron.wsgi [req-d2904306-ce62-4e30-be16-2e38622b1ff1 req-a7a1e4ea-1ba6-49c8-b07e-71979295a726 776eb9d0a78b4382ad45b382d8ef405d 83527090af144e2d9664d1f648e3fa16 - - 479d185cd48245b4886508aced5bba41 479d185cd48245b4886508aced5bba41] 199.19.213.232 "GET /v2.0/ports?network_id=0b24c49a-4752-4326-a51a-2143067f1b15&device_owner=network%3Adhcp HTTP/1.1" status: 200 len: 210 time: 0.0229099
2026-04-07 01:18:37.602 10 INFO neutron.wsgi [req-bdb97cdd-8340-4a58-b221-be1b2554686b req-5675a3d2-c645-4117-931e-51fab9555a50 776eb9d0a78b4382ad45b382d8ef405d 83527090af144e2d9664d1f648e3fa16 - - 479d185cd48245b4886508aced5bba41 479d185cd48245b4886508aced5bba41] 199.19.213.232 "GET /v2.0/security-groups?id=48c53acc-3708-49a5-bb8e-d53521612d35&id=b7be4f72-8fa9-4d68-84d9-e0ddfa620628&fields=id&fields=name HTTP/1.1" status: 200 len: 404 time: 0.0519831
2026-04-07 01:18:37.702 9 INFO neutron.wsgi [req-d2904306-ce62-4e30-be16-2e38622b1ff1 req-48077ef0-2436-48c3-9911-a0510ce48ffe 776eb9d0a78b4382ad45b382d8ef405d 83527090af144e2d9664d1f648e3fa16 - - 479d185cd48245b4886508aced5bba41 479d185cd48245b4886508aced5bba41] 199.19.213.232 "GET /v2.0/networks/0b24c49a-4752-4326-a51a-2143067f1b15?fields=segments HTTP/1.1" status: 200 len: 212 time: 0.0707874
2026-04-07 01:18:37.808 9 INFO neutron.wsgi [req-d2904306-ce62-4e30-be16-2e38622b1ff1 req-f301bb36-bf09-4a21-b3e4-40fdbc0113a3 776eb9d0a78b4382ad45b382d8ef405d 83527090af144e2d9664d1f648e3fa16 - - 479d185cd48245b4886508aced5bba41 479d185cd48245b4886508aced5bba41] 199.19.213.232 "GET /v2.0/networks/0b24c49a-4752-4326-a51a-2143067f1b15?fields=provider%3Aphysical_network&fields=provider%3Anetwork_type HTTP/1.1" status: 200 len: 277 time: 0.0995183
2026-04-07 01:18:37.904 10 INFO neutron.db.ovn_revision_numbers_db [None req-6953ffc8-3a58-49cf-8021-b6176fa10bee 0293b9205b2d4fe4bd4aa04a14e78d24 315f741c36044c2ab9414435abcb35d2 - - default default] Successfully bumped revision number for resource c11e2713-e19a-4191-a57c-6e6c082acd91 (type: security_groups) to 1
2026-04-07 01:18:37.927 10 INFO neutron.wsgi [None req-6953ffc8-3a58-49cf-8021-b6176fa10bee 0293b9205b2d4fe4bd4aa04a14e78d24 315f741c36044c2ab9414435abcb35d2 - - default default] 10.0.0.131 "GET /v2.0/security-groups?tenant_id=399b2890901542cab70f40bdfa2aa177&name=default HTTP/1.1" status: 200 len: 2996 time: 0.1503119
2026-04-07 01:18:38.149 10 INFO neutron.wsgi [req-70ba05f9-a3c7-47df-926a-058f4f201a41 req-90aa9942-686b-45ec-af89-2571882fce29 e88df0f011ff4e32aacec448d8b14c3e 6b9eb62a683e48f99627f2b9c4c65eb6 - - default default] 10.0.0.229 "GET /v2.0/ports?device_id=256b0351-8ae1-49ae-ab34-e2be5772aa60 HTTP/1.1" status: 200 len: 1212 time: 0.0473678
2026-04-07 01:18:38.214 10 INFO neutron.wsgi [req-70ba05f9-a3c7-47df-926a-058f4f201a41 req-d450fbad-70a0-4787-9c43-e500df291860 e88df0f011ff4e32aacec448d8b14c3e 6b9eb62a683e48f99627f2b9c4c65eb6 - - default default] 10.0.0.229 "GET /v2.0/security-groups?id=48c53acc-3708-49a5-bb8e-d53521612d35&id=b7be4f72-8fa9-4d68-84d9-e0ddfa620628&fields=id&fields=name HTTP/1.1" status: 200 len: 404 time: 0.0559525
2026-04-07 01:18:38.228 10 INFO neutron.wsgi [None req-d850e635-5076-4f4d-baaa-249b8842c9ce 0293b9205b2d4fe4bd4aa04a14e78d24 315f741c36044c2ab9414435abcb35d2 - - - -] 10.0.0.131 "DELETE /v2.0/security-groups/c11e2713-e19a-4191-a57c-6e6c082acd91 HTTP/1.1" status: 204 len: 168 time: 0.2951376
2026-04-07 01:18:38.637 10 INFO neutron.wsgi [req-5cdd4ecd-818b-47e6-b04f-6151fc265534 req-a7ebe297-6696-4797-9b1f-0a84015e3735 7f245ca8fb9f4fbaaa1a68fb52c89976 2e030f1a2f15412ca45a3e56e84ea33d - - default default] 10.0.0.229 "GET /v2.0/ports?device_id=8e8a347a-25e3-4d9d-97dd-294a2ade6046 HTTP/1.1" status: 200 len: 1172 time: 0.0415072
2026-04-07 01:18:38.670 10 INFO neutron.wsgi [req-5cdd4ecd-818b-47e6-b04f-6151fc265534 req-817900a8-2c91-4d5d-a1d4-a303a9a47d6a 7f245ca8fb9f4fbaaa1a68fb52c89976 2e030f1a2f15412ca45a3e56e84ea33d - - default default] 10.0.0.229 "GET /v2.0/security-groups?id=691dfc4b-e034-4864-9c7d-0a896aaf5b7d&fields=id&fields=name HTTP/1.1" status: 200 len: 313 time: 0.0265923
2026-04-07 01:18:39.334 10 INFO neutron.wsgi [req-4724fb88-4815-4e52-a627-7a46f24cbc8c req-5f582b70-e844-4be2-9bd8-2c4ae307cb1d e88df0f011ff4e32aacec448d8b14c3e 6b9eb62a683e48f99627f2b9c4c65eb6 - - default default] 10.0.0.229 "GET /v2.0/ports?device_id=256b0351-8ae1-49ae-ab34-e2be5772aa60 HTTP/1.1" status: 200 len: 1212 time: 0.0407212
2026-04-07 01:18:39.385 10 INFO neutron.wsgi [req-4724fb88-4815-4e52-a627-7a46f24cbc8c req-682bafd9-5154-4554-a92d-d1498460bc0c e88df0f011ff4e32aacec448d8b14c3e 6b9eb62a683e48f99627f2b9c4c65eb6 - - default default] 10.0.0.229 "GET /v2.0/security-groups?id=48c53acc-3708-49a5-bb8e-d53521612d35&id=b7be4f72-8fa9-4d68-84d9-e0ddfa620628&fields=id&fields=name HTTP/1.1" status: 200 len: 404 time: 0.0430071
2026-04-07 01:18:39.785 10 INFO neutron.wsgi [req-ed5de957-927c-4b5e-a581-77374864593e req-fd156fe6-a488-44e2-ab11-3a2c4c75214e 7f245ca8fb9f4fbaaa1a68fb52c89976 2e030f1a2f15412ca45a3e56e84ea33d - - default default] 10.0.0.229 "GET /v2.0/ports?device_id=8e8a347a-25e3-4d9d-97dd-294a2ade6046 HTTP/1.1" status: 200 len: 1172 time: 0.0403748
2026-04-07 01:18:39.836 10 INFO neutron.wsgi [req-ed5de957-927c-4b5e-a581-77374864593e req-cdcb9c1e-2faa-4da0-828d-aa1a5a0d4e6b 7f245ca8fb9f4fbaaa1a68fb52c89976 2e030f1a2f15412ca45a3e56e84ea33d - - default default] 10.0.0.229 "GET /v2.0/security-groups?id=691dfc4b-e034-4864-9c7d-0a896aaf5b7d&fields=id&fields=name HTTP/1.1" status: 200 len: 313 time: 0.0398560
2026-04-07 01:18:40.538 10 INFO neutron.wsgi [req-0383f2fe-fff1-4f92-827a-e958c5135186 req-39729137-1634-4d8e-9c98-c113dd0d2789 e88df0f011ff4e32aacec448d8b14c3e 6b9eb62a683e48f99627f2b9c4c65eb6 - - default default] 10.0.0.229 "GET /v2.0/ports?device_id=256b0351-8ae1-49ae-ab34-e2be5772aa60 HTTP/1.1" status: 200 len: 1212 time: 0.0811234
2026-04-07 01:18:40.591 10 INFO neutron.wsgi [req-0383f2fe-fff1-4f92-827a-e958c5135186 req-8afb86a3-06b0-4532-b3b6-9925a70ac745 e88df0f011ff4e32aacec448d8b14c3e 6b9eb62a683e48f99627f2b9c4c65eb6 - - default default] 10.0.0.229 "GET /v2.0/security-groups?id=48c53acc-3708-49a5-bb8e-d53521612d35&id=b7be4f72-8fa9-4d68-84d9-e0ddfa620628&fields=id&fields=name HTTP/1.1" status: 200 len: 404 time: 0.0442059
2026-04-07 01:18:40.947 10 INFO neutron.wsgi [req-1edc59a5-7b86-4a14-a5b4-d264814330b1 req-bfe32400-0f67-4b96-ba8a-e24bc28911d4 7f245ca8fb9f4fbaaa1a68fb52c89976 2e030f1a2f15412ca45a3e56e84ea33d - - default default] 10.0.0.229 "GET /v2.0/ports?device_id=8e8a347a-25e3-4d9d-97dd-294a2ade6046 HTTP/1.1" status: 200 len: 1172 time: 0.0462594
2026-04-07 01:18:40.978 10 INFO neutron.wsgi [req-1edc59a5-7b86-4a14-a5b4-d264814330b1 req-2003e230-3a3d-4bff-a2f3-01f1b2bd9b3e 7f245ca8fb9f4fbaaa1a68fb52c89976 2e030f1a2f15412ca45a3e56e84ea33d - - default default] 10.0.0.229 "GET /v2.0/security-groups?id=691dfc4b-e034-4864-9c7d-0a896aaf5b7d&fields=id&fields=name HTTP/1.1" status: 200 len: 313 time: 0.0236890
2026-04-07 01:18:41.294 9 WARNING neutron.plugins.ml2.drivers.ovn.mech_driver.ovsdb.ovn_client [None req-3b29fbaa-dd5d-48a8-aed6-98c94a3c5d39 - - - - - -] No hosting information found for port ca250ddb-63bb-43c7-abc2-ffeed46ce57c: RuntimeError: No hosting information found for port ca250ddb-63bb-43c7-abc2-ffeed46ce57c
2026-04-07 01:18:41.295 9 INFO neutron.plugins.ml2.drivers.ovn.mech_driver.mech_driver [None req-3b29fbaa-dd5d-48a8-aed6-98c94a3c5d39 - - - - - -] OVN reports status up for port: 702940b4-fca4-4f78-b55b-5c0c0953c407
2026-04-07 01:18:41.306 9 INFO neutron.plugins.ml2.plugin [None req-3b29fbaa-dd5d-48a8-aed6-98c94a3c5d39 - - - - - -] Attempt 1 to provision port 702940b4-fca4-4f78-b55b-5c0c0953c407
2026-04-07 01:18:41.408 9 INFO neutron.notifiers.nova [-] Nova event matching ['req-21915733-4acd-429b-af16-af8c30f8ad67'] response: {'server_uuid': '8e8a347a-25e3-4d9d-97dd-294a2ade6046', 'name': 'network-vif-plugged', 'status': 'completed', 'tag': '702940b4-fca4-4f78-b55b-5c0c0953c407', 'code': 200}
2026-04-07 01:18:41.507 10 INFO neutron.db.ovn_revision_numbers_db [None req-f7742b74-4dab-4c00-b364-1c0e0eff205d 7302c7c68abe430c93ef6dfdc07eba0d 579e9d4651c14f3da5fa8a77034b9fda - - - -] Successfully bumped revision number for resource ce8e3e87-5460-44e9-9e49-61ab88d2c089 (type: security_groups) to 1
2026-04-07 01:18:41.558 10 INFO neutron.db.segments_db [None req-f7742b74-4dab-4c00-b364-1c0e0eff205d 7302c7c68abe430c93ef6dfdc07eba0d 579e9d4651c14f3da5fa8a77034b9fda - - - -] Added segment 0272e543-7cb6-4d14-83b9-4f252c4eae45 of type geneve for network ee4ba230-df2c-4c12-a4a9-525c73ddeff8
2026-04-07 01:18:41.568 9 INFO neutron.db.ovn_revision_numbers_db [None req-3b29fbaa-dd5d-48a8-aed6-98c94a3c5d39 - - - - - -] Successfully bumped revision number for resource 702940b4-fca4-4f78-b55b-5c0c0953c407 (type: ports) to 4
2026-04-07 01:18:41.617 9 INFO neutron.plugins.ml2.drivers.ovn.mech_driver.mech_driver [None req-3b29fbaa-dd5d-48a8-aed6-98c94a3c5d39 - - - - - -] OVN reports status up for port: 4e11f3f1-9789-4c60-a722-c05456db9339
2026-04-07 01:18:41.641 9 INFO neutron.plugins.ml2.plugin [None req-3b29fbaa-dd5d-48a8-aed6-98c94a3c5d39 - - - - - -] Attempt 1 to provision port 4e11f3f1-9789-4c60-a722-c05456db9339
2026-04-07 01:18:41.712 10 INFO neutron.db.ovn_revision_numbers_db [None req-f7742b74-4dab-4c00-b364-1c0e0eff205d 7302c7c68abe430c93ef6dfdc07eba0d 579e9d4651c14f3da5fa8a77034b9fda - - - -] Successfully bumped revision number for resource ee4ba230-df2c-4c12-a4a9-525c73ddeff8 (type: networks) to 1
2026-04-07 01:18:41.718 10 INFO neutron.wsgi [req-727934fb-153d-4545-b708-789df0a61a27 req-e1bb09bc-4142-43d6-982d-b43ff7497f38 e88df0f011ff4e32aacec448d8b14c3e 6b9eb62a683e48f99627f2b9c4c65eb6 - - default default] 10.0.0.229 "GET /v2.0/ports?device_id=256b0351-8ae1-49ae-ab34-e2be5772aa60 HTTP/1.1" status: 200 len: 1212 time: 0.0482695
2026-04-07 01:18:41.791 10 INFO neutron.wsgi [req-727934fb-153d-4545-b708-789df0a61a27 req-77de67d2-f6ff-4fe5-a140-62b536c0f10f e88df0f011ff4e32aacec448d8b14c3e 6b9eb62a683e48f99627f2b9c4c65eb6 - - default default] 10.0.0.229 "GET /v2.0/security-groups?id=48c53acc-3708-49a5-bb8e-d53521612d35&id=b7be4f72-8fa9-4d68-84d9-e0ddfa620628&fields=id&fields=name HTTP/1.1" status: 200 len: 404 time: 0.0645566
2026-04-07 01:18:41.903 9 INFO neutron.db.ovn_revision_numbers_db [None req-3b29fbaa-dd5d-48a8-aed6-98c94a3c5d39 - - - - - -] Successfully bumped revision number for resource 4e11f3f1-9789-4c60-a722-c05456db9339 (type: ports) to 4
2026-04-07 01:18:41.911 10 WARNING neutron.scheduler.dhcp_agent_scheduler [None req-f7742b74-4dab-4c00-b364-1c0e0eff205d 7302c7c68abe430c93ef6dfdc07eba0d 579e9d4651c14f3da5fa8a77034b9fda - - - -] No more DHCP agents
2026-04-07 01:18:41.913 10 WARNING neutron.api.rpc.agentnotifiers.dhcp_rpc_agent_api [None req-f7742b74-4dab-4c00-b364-1c0e0eff205d 7302c7c68abe430c93ef6dfdc07eba0d 579e9d4651c14f3da5fa8a77034b9fda - - - -] Unable to schedule network ee4ba230-df2c-4c12-a4a9-525c73ddeff8: no agents available; will retry on subsequent port and subnet creation events.
2026-04-07 01:18:41.972 10 INFO neutron.db.ovn_revision_numbers_db [None req-f7742b74-4dab-4c00-b364-1c0e0eff205d 7302c7c68abe430c93ef6dfdc07eba0d 579e9d4651c14f3da5fa8a77034b9fda - - - -] Successfully bumped revision number for resource 6bfe4a33-79e8-44f5-9a07-ee76a84bf67f (type: ports) to 1
2026-04-07 01:18:41.994 10 INFO neutron.wsgi [None req-f7742b74-4dab-4c00-b364-1c0e0eff205d 7302c7c68abe430c93ef6dfdc07eba0d 579e9d4651c14f3da5fa8a77034b9fda - - - -] 10.0.0.131 "POST /v2.0/networks HTTP/1.1" status: 201 len: 831 time: 0.7596099
2026-04-07 01:18:42.089 10 INFO neutron.wsgi [req-adc6c14d-cca1-4a58-babb-ba01bbeb2219 req-659815e8-5d62-44db-93f1-8ed222138ef4 7f245ca8fb9f4fbaaa1a68fb52c89976 2e030f1a2f15412ca45a3e56e84ea33d - - default default] 10.0.0.229 "GET /v2.0/ports?device_id=8e8a347a-25e3-4d9d-97dd-294a2ade6046 HTTP/1.1" status: 200 len: 1174 time: 0.0401740
2026-04-07 01:18:42.138 10 INFO neutron.wsgi [req-adc6c14d-cca1-4a58-babb-ba01bbeb2219 req-ead9d9b3-44dc-429e-93b9-feabaf044aba 7f245ca8fb9f4fbaaa1a68fb52c89976 2e030f1a2f15412ca45a3e56e84ea33d - - default default] 10.0.0.229 "GET /v2.0/security-groups?id=691dfc4b-e034-4864-9c7d-0a896aaf5b7d&fields=id&fields=name HTTP/1.1" status: 200 len: 313 time: 0.0391791
2026-04-07 01:18:42.270 10 INFO neutron.wsgi [req-53bbea59-bdac-4379-99c8-8d020f9286c5 req-3ff28c2e-3673-42f8-abf8-980fff744921 7f245ca8fb9f4fbaaa1a68fb52c89976 2e030f1a2f15412ca45a3e56e84ea33d - - default default] 10.0.0.229 "GET /v2.0/ports?device_id=8e8a347a-25e3-4d9d-97dd-294a2ade6046 HTTP/1.1" status: 200 len: 1174 time: 0.0481181 /var/lib/openstack/lib/python3.10/site-packages/pycadf/identifier.py:71: UserWarning: Invalid uuid: neutron. To ensure interoperability, identifiers should be a valid uuid. warnings.warn(('Invalid uuid: %s. To ensure interoperability, '
2026-04-07 01:18:42.318 10 WARNING neutron.scheduler.dhcp_agent_scheduler [None req-1d93010f-a24e-42cd-81f5-cf476d797446 7302c7c68abe430c93ef6dfdc07eba0d 579e9d4651c14f3da5fa8a77034b9fda - - - -] No more DHCP agents
2026-04-07 01:18:42.320 10 WARNING neutron.api.rpc.agentnotifiers.dhcp_rpc_agent_api [None req-1d93010f-a24e-42cd-81f5-cf476d797446 7302c7c68abe430c93ef6dfdc07eba0d 579e9d4651c14f3da5fa8a77034b9fda - - - -] Unable to schedule network ee4ba230-df2c-4c12-a4a9-525c73ddeff8: no agents available; will retry on subsequent port and subnet creation events.
2026-04-07 01:18:42.336 10 INFO neutron.wsgi [req-53bbea59-bdac-4379-99c8-8d020f9286c5 req-52a30dde-7fe0-4568-9d73-61973a58ad2e 7f245ca8fb9f4fbaaa1a68fb52c89976 2e030f1a2f15412ca45a3e56e84ea33d - - default default] 10.0.0.229 "GET /v2.0/security-groups?id=691dfc4b-e034-4864-9c7d-0a896aaf5b7d&fields=id&fields=name HTTP/1.1" status: 200 len: 313 time: 0.0532045 /var/lib/openstack/lib/python3.10/site-packages/pycadf/identifier.py:71: UserWarning: Invalid uuid: neutron. To ensure interoperability, identifiers should be a valid uuid. warnings.warn(('Invalid uuid: %s. To ensure interoperability, '
2026-04-07 01:18:42.393 10 INFO neutron.db.ovn_revision_numbers_db [None req-1d93010f-a24e-42cd-81f5-cf476d797446 7302c7c68abe430c93ef6dfdc07eba0d 579e9d4651c14f3da5fa8a77034b9fda - - - -] Successfully bumped revision number for resource 296fdc11-91f6-42e7-8c8f-a03e7d6d7f82 (type: ports) to 1
2026-04-07 01:18:42.415 10 INFO neutron.wsgi [None req-1d93010f-a24e-42cd-81f5-cf476d797446 7302c7c68abe430c93ef6dfdc07eba0d 579e9d4651c14f3da5fa8a77034b9fda - - - -] 10.0.0.131 "POST /v2.0/ports HTTP/1.1" status: 201 len: 942 time: 0.4142544 /var/lib/openstack/lib/python3.10/site-packages/pycadf/identifier.py:71: UserWarning: Invalid uuid: neutron. To ensure interoperability, identifiers should be a valid uuid. warnings.warn(('Invalid uuid: %s. To ensure interoperability, '
2026-04-07 01:18:42.433 9 INFO neutron.wsgi [None req-b427cd00-09dd-49ec-9889-3247d98f0761 e15a7c0c30c649f9917f246d3f916c94 f9c5c9c928204d24830a56016a896f2c - - default default] 10.0.0.131 "GET /v2.0/ports?device_id=8e8a347a-25e3-4d9d-97dd-294a2ade6046 HTTP/1.1" status: 200 len: 1360 time: 0.0611041
2026-04-07 01:18:42.464 10 INFO neutron.wsgi [None req-c21f239d-7c2d-4fc6-a894-47b9926b18c2 7302c7c68abe430c93ef6dfdc07eba0d 579e9d4651c14f3da5fa8a77034b9fda - - - -] 10.0.0.131 "PUT /v2.0/ports/296fdc11-91f6-42e7-8c8f-a03e7d6d7f82/tags HTTP/1.1" status: 200 len: 218 time: 0.0409737
2026-04-07 01:18:42.517 10 INFO neutron.wsgi [None req-c734c368-b4fe-4424-9ed1-df888e6df601 7302c7c68abe430c93ef6dfdc07eba0d 579e9d4651c14f3da5fa8a77034b9fda - - default default] 10.0.0.131 "GET /v2.0/ports/296fdc11-91f6-42e7-8c8f-a03e7d6d7f82/tags HTTP/1.1" status: 200 len: 218 time: 0.0486724
2026-04-07 01:18:42.594 10 INFO neutron.wsgi [None req-48c74f04-78e3-4291-b4e7-3fb88c12a8b4 7302c7c68abe430c93ef6dfdc07eba0d 579e9d4651c14f3da5fa8a77034b9fda - - - -] 10.0.0.131 "PUT /v2.0/ports/296fdc11-91f6-42e7-8c8f-a03e7d6d7f82/tags/green HTTP/1.1" status: 201 len: 201 time: 0.0658684
2026-04-07 01:18:42.640 10 INFO neutron.wsgi [None req-575a8041-e05a-4632-91b9-8a9ec8eee4fb 7302c7c68abe430c93ef6dfdc07eba0d 579e9d4651c14f3da5fa8a77034b9fda - - default default] 10.0.0.131 "GET /v2.0/ports/296fdc11-91f6-42e7-8c8f-a03e7d6d7f82/tags HTTP/1.1" status: 200 len: 227 time: 0.0399234
2026-04-07 01:18:42.689 10 INFO neutron.wsgi [None req-698bc459-2acf-4e28-82ea-96c9462001b0 7302c7c68abe430c93ef6dfdc07eba0d 579e9d4651c14f3da5fa8a77034b9fda - - - -] 10.0.0.131 "PUT /v2.0/ports/296fdc11-91f6-42e7-8c8f-a03e7d6d7f82/tags/red HTTP/1.1" status: 201 len: 201 time: 0.0424395
2026-04-07 01:18:42.719 9 WARNING neutron.scheduler.dhcp_agent_scheduler [None req-ab108f84-a81b-4abd-b262-d88245bf671d 7f245ca8fb9f4fbaaa1a68fb52c89976 2e030f1a2f15412ca45a3e56e84ea33d - - - -] No more DHCP agents
2026-04-07 01:18:42.721 9 WARNING neutron.api.rpc.agentnotifiers.dhcp_rpc_agent_api [None req-ab108f84-a81b-4abd-b262-d88245bf671d 7f245ca8fb9f4fbaaa1a68fb52c89976 2e030f1a2f15412ca45a3e56e84ea33d - - - -] Unable to schedule network 309b9ca1-f325-4f09-9919-8a3a5a0a4aac: no agents available; will retry on subsequent port and subnet creation events.
2026-04-07 01:18:42.724 10 INFO neutron.wsgi [None req-7980c193-53a0-4605-b15c-fc911fd7aaaa 7302c7c68abe430c93ef6dfdc07eba0d 579e9d4651c14f3da5fa8a77034b9fda - - default default] 10.0.0.131 "GET /v2.0/ports/296fdc11-91f6-42e7-8c8f-a03e7d6d7f82/tags HTTP/1.1" status: 200 len: 227 time: 0.0302823
2026-04-07 01:18:42.784 10 INFO neutron.wsgi [None req-8d2161c1-ea4e-471b-b2af-a628aa311444 7302c7c68abe430c93ef6dfdc07eba0d 579e9d4651c14f3da5fa8a77034b9fda - - - -] 10.0.0.131 "PUT /v2.0/ports/296fdc11-91f6-42e7-8c8f-a03e7d6d7f82/tags/black.or.white HTTP/1.1" status: 201 len: 201 time: 0.0544059
2026-04-07 01:18:42.817 10 INFO neutron.wsgi [None req-40bafe93-14fa-4c9c-99bb-efa59ccec281 7302c7c68abe430c93ef6dfdc07eba0d 579e9d4651c14f3da5fa8a77034b9fda - - default default] 10.0.0.131 "GET /v2.0/ports/296fdc11-91f6-42e7-8c8f-a03e7d6d7f82/tags HTTP/1.1" status: 200 len: 245 time: 0.0269687
2026-04-07 01:18:42.897 10 INFO neutron.wsgi [req-47b0aa01-be9e-497b-a512-6a4a86155c08 req-f31e9e05-ac07-4861-9169-7195b0e13504 e88df0f011ff4e32aacec448d8b14c3e 6b9eb62a683e48f99627f2b9c4c65eb6 - - default default] 10.0.0.229 "GET /v2.0/ports?device_id=256b0351-8ae1-49ae-ab34-e2be5772aa60 HTTP/1.1" status: 200 len: 1214 time: 0.0397730
2026-04-07 01:18:42.944 10 INFO neutron.wsgi [req-47b0aa01-be9e-497b-a512-6a4a86155c08 req-c08ba86c-c817-4ce0-b83c-dcfde8aa09bc e88df0f011ff4e32aacec448d8b14c3e 6b9eb62a683e48f99627f2b9c4c65eb6 - - default default] 10.0.0.229 "GET /v2.0/security-groups?id=48c53acc-3708-49a5-bb8e-d53521612d35&id=b7be4f72-8fa9-4d68-84d9-e0ddfa620628&fields=id&fields=name HTTP/1.1" status: 200 len: 404 time: 0.0371048
2026-04-07 01:18:42.944 9 INFO neutron.wsgi [None req-605ee168-555a-49f3-9769-ca2b988ac6b1 7302c7c68abe430c93ef6dfdc07eba0d 579e9d4651c14f3da5fa8a77034b9fda - - - -] 10.0.0.131 "PUT /v2.0/ports/296fdc11-91f6-42e7-8c8f-a03e7d6d7f82/tags HTTP/1.1" status: 200 len: 230 time: 0.1224127
2026-04-07 01:18:42.981 10 INFO neutron.wsgi [None req-2b5210d9-19ab-4d87-90b2-8493694ae3ef 7302c7c68abe430c93ef6dfdc07eba0d 579e9d4651c14f3da5fa8a77034b9fda - - default default] 10.0.0.131 "GET /v2.0/ports/296fdc11-91f6-42e7-8c8f-a03e7d6d7f82/tags HTTP/1.1" status: 200 len: 230 time: 0.0315773
2026-04-07 01:18:43.014 10 INFO neutron.wsgi [None req-04d8d9f4-bd75-4f84-b90f-c7e32d6d4920 7302c7c68abe430c93ef6dfdc07eba0d 579e9d4651c14f3da5fa8a77034b9fda - - default default] 10.0.0.131 "GET /v2.0/ports/296fdc11-91f6-42e7-8c8f-a03e7d6d7f82/tags/red HTTP/1.1" status: 204 len: 168 time: 0.0287623
2026-04-07 01:18:43.046 10 INFO neutron.api.v2.resource [None req-76782b95-e476-4939-8fad-dd6254598d62 7302c7c68abe430c93ef6dfdc07eba0d 579e9d4651c14f3da5fa8a77034b9fda - - default default] show failed (client error): The resource could not be found.
2026-04-07 01:18:43.047 10 INFO neutron.wsgi [None req-76782b95-e476-4939-8fad-dd6254598d62 7302c7c68abe430c93ef6dfdc07eba0d 579e9d4651c14f3da5fa8a77034b9fda - - default default] 10.0.0.131 "GET /v2.0/ports/296fdc11-91f6-42e7-8c8f-a03e7d6d7f82/tags/green HTTP/1.1" status: 404 len: 299 time: 0.0289264
2026-04-07 01:18:43.093 10 INFO neutron.wsgi [None req-42b67a9b-85bb-4a8c-a93e-71afa3b72b24 7302c7c68abe430c93ef6dfdc07eba0d 579e9d4651c14f3da5fa8a77034b9fda - - - -] 10.0.0.131 "DELETE /v2.0/ports/296fdc11-91f6-42e7-8c8f-a03e7d6d7f82/tags/red HTTP/1.1" status: 204 len: 168 time: 0.0404503
2026-04-07 01:18:43.132 10 INFO neutron.wsgi [None req-83c124f0-aede-45ba-845c-4adeee28b8c8 7302c7c68abe430c93ef6dfdc07eba0d 579e9d4651c14f3da5fa8a77034b9fda - - default default] 10.0.0.131 "GET /v2.0/ports/296fdc11-91f6-42e7-8c8f-a03e7d6d7f82/tags HTTP/1.1" status: 200 len: 223 time: 0.0330408
2026-04-07 01:18:43.168 10 INFO neutron.api.v2.resource [None req-6c856695-600e-4b2a-aa95-24331f4f99f3 7302c7c68abe430c93ef6dfdc07eba0d 579e9d4651c14f3da5fa8a77034b9fda - - - -] delete failed (client error): The resource could not be found.
2026-04-07 01:18:43.169 10 INFO neutron.wsgi [None req-6c856695-600e-4b2a-aa95-24331f4f99f3 7302c7c68abe430c93ef6dfdc07eba0d 579e9d4651c14f3da5fa8a77034b9fda - - - -] 10.0.0.131 "DELETE /v2.0/ports/296fdc11-91f6-42e7-8c8f-a03e7d6d7f82/tags/green HTTP/1.1" status: 404 len: 299 time: 0.0316942
2026-04-07 01:18:43.180 9 INFO neutron.db.l3_db [None req-ab108f84-a81b-4abd-b262-d88245bf671d 7f245ca8fb9f4fbaaa1a68fb52c89976 2e030f1a2f15412ca45a3e56e84ea33d - - - -] Floating IP dae36324-a0c1-4695-9963-d79b400941e4 associated. External IP: 10.96.250.220, port: 702940b4-fca4-4f78-b55b-5c0c0953c407.
2026-04-07 01:18:43.217 10 INFO neutron.wsgi [None req-e7175b63-9d9d-4722-85d7-1c1ab22d7305 7302c7c68abe430c93ef6dfdc07eba0d 579e9d4651c14f3da5fa8a77034b9fda - - - -] 10.0.0.131 "DELETE /v2.0/ports/296fdc11-91f6-42e7-8c8f-a03e7d6d7f82/tags HTTP/1.1" status: 204 len: 168 time: 0.0438838
2026-04-07 01:18:43.267 10 INFO neutron.wsgi [None req-70b3a555-487d-4dcc-a532-c2ee597619e9 7302c7c68abe430c93ef6dfdc07eba0d 579e9d4651c14f3da5fa8a77034b9fda - - default default] 10.0.0.131 "GET /v2.0/ports/296fdc11-91f6-42e7-8c8f-a03e7d6d7f82/tags HTTP/1.1" status: 200 len: 205 time: 0.0441995
2026-04-07 01:18:43.386 9 INFO neutron.db.ovn_revision_numbers_db [None req-ab108f84-a81b-4abd-b262-d88245bf671d 7f245ca8fb9f4fbaaa1a68fb52c89976 2e030f1a2f15412ca45a3e56e84ea33d - - - -] Successfully bumped revision number for resource dae36324-a0c1-4695-9963-d79b400941e4 (type: floatingips) to 0
2026-04-07 01:18:43.460 9 INFO neutron.notifiers.nova [-] Nova event matching ['req-79db6f2b-64f4-4bed-92bf-7786172e49d3'] response: {'server_uuid': '8e8a347a-25e3-4d9d-97dd-294a2ade6046', 'name': 'network-vif-plugged', 'status': 'completed', 'tag': '702940b4-fca4-4f78-b55b-5c0c0953c407', 'code': 200}
2026-04-07 01:18:43.460 9 INFO neutron.notifiers.nova [-] Nova event matching ['req-79db6f2b-64f4-4bed-92bf-7786172e49d3'] response: {'server_uuid': '256b0351-8ae1-49ae-ab34-e2be5772aa60', 'name': 'network-vif-plugged', 'status': 'completed', 'tag': '4e11f3f1-9789-4c60-a722-c05456db9339', 'code': 200}
