2026-04-07 01:17:29.413 10 INFO neutron.wsgi [None req-f4dad032-fb46-4ee9-905c-2c14ea3b43ee 0293b9205b2d4fe4bd4aa04a14e78d24 315f741c36044c2ab9414435abcb35d2 - - - -] 10.0.0.131 "DELETE /v2.0/security-groups/716f6aca-df6a-47bb-864a-4c411d133c83 HTTP/1.1" status: 204 len: 168 time: 0.1929533
2026-04-07 01:17:29.534 10 INFO neutron.wsgi [None req-b902c93a-2dc1-4efa-ba3b-6cc0ba20ef88 0293b9205b2d4fe4bd4aa04a14e78d24 315f741c36044c2ab9414435abcb35d2 - - default default] 10.0.0.131 "GET /v2.0/security-groups?tenant_id=a82a7a98f5c84b13bfbcca63dc2dc6ec&name=default HTTP/1.1" status: 200 len: 2996 time: 0.0286200
2026-04-07 01:17:29.683 10 INFO neutron.wsgi [req-15c66c73-befa-4b2d-ba52-b88566139f66 req-1ea69f6a-398b-47ae-84f3-f01a8baf6c94 5ce2e2adc5954eafa763ed193cfdc85c 487cd95c1bc747b186e5c659b40c1074 - - default default] 10.0.0.229 "GET /v2.0/ports?device_id=77bf4c57-018b-40d8-81b0-48f97cc56096 HTTP/1.1" status: 200 len: 1170 time: 0.0379581
2026-04-07 01:17:29.723 10 INFO neutron.wsgi [req-15c66c73-befa-4b2d-ba52-b88566139f66 req-cd5895a3-33f5-4ce8-8651-85399c6ef73a 5ce2e2adc5954eafa763ed193cfdc85c 487cd95c1bc747b186e5c659b40c1074 - - default default] 10.0.0.229 "GET /v2.0/security-groups?id=3752d4b0-4251-41ce-86fe-84e05160c64e&fields=id&fields=name HTTP/1.1" status: 200 len: 313 time: 0.0327313
2026-04-07 01:17:29.747 10 INFO neutron.wsgi [None req-e8350bbf-6698-4147-a87f-aaa4561794eb 0293b9205b2d4fe4bd4aa04a14e78d24 315f741c36044c2ab9414435abcb35d2 - - - -] 10.0.0.131 "DELETE /v2.0/security-groups/93c1228e-6b25-4e82-9f36-1a74023f131a HTTP/1.1" status: 204 len: 168 time: 0.2083075
2026-04-07 01:17:30.110 9 INFO neutron.notifiers.nova [-] Nova event matching ['req-cf57231a-93d8-479b-a96d-a06d2c583fb2'] response: {'server_uuid': '77bf4c57-018b-40d8-81b0-48f97cc56096', 'name': 'network-vif-plugged', 'status': 'completed', 'tag': '34396d29-65c7-4caf-b0d0-bfab4356eaa2', 'code': 200}
2026-04-07 01:17:30.110 9 INFO neutron.notifiers.nova [-] Nova event matching ['req-cf57231a-93d8-479b-a96d-a06d2c583fb2'] response: {'server_uuid': '77bf4c57-018b-40d8-81b0-48f97cc56096', 'name': 'network-vif-plugged', 'status': 'completed', 'tag': '34396d29-65c7-4caf-b0d0-bfab4356eaa2', 'code': 200}
2026-04-07 01:17:30.110 9 INFO neutron.notifiers.nova [-] Nova event matching ['req-cf57231a-93d8-479b-a96d-a06d2c583fb2'] response: {'server_uuid': '77bf4c57-018b-40d8-81b0-48f97cc56096', 'name': 'network-vif-plugged', 'status': 'completed', 'tag': '34396d29-65c7-4caf-b0d0-bfab4356eaa2', 'code': 200}
2026-04-07 01:17:31.695 10 INFO neutron.db.ovn_revision_numbers_db [None req-0213b260-dd70-4f63-8fb4-33371193e0cf 0293b9205b2d4fe4bd4aa04a14e78d24 315f741c36044c2ab9414435abcb35d2 - - default default] Successfully bumped revision number for resource 0be7e954-e4f2-4602-a538-7854fd777119 (type: security_groups) to 1
2026-04-07 01:17:31.716 10 INFO neutron.wsgi [None req-0213b260-dd70-4f63-8fb4-33371193e0cf 0293b9205b2d4fe4bd4aa04a14e78d24 315f741c36044c2ab9414435abcb35d2 - - default default] 10.0.0.131 "GET /v2.0/security-groups?tenant_id=68147d5c45bd4ffb859114d423951e8f&name=default HTTP/1.1" status: 200 len: 2996 time: 0.2593014
2026-04-07 01:17:31.915 10 INFO neutron.wsgi [None req-68d7c5df-3043-4e48-9d90-c35cdc24b5f0 0293b9205b2d4fe4bd4aa04a14e78d24 315f741c36044c2ab9414435abcb35d2 - - - -] 10.0.0.131 "DELETE /v2.0/security-groups/0be7e954-e4f2-4602-a538-7854fd777119 HTTP/1.1" status: 204 len: 168 time: 0.1922307
2026-04-07 01:17:32.152 10 INFO neutron.db.ovn_revision_numbers_db [None req-4e184e06-00f9-4994-b2e5-35f19de4e0f5 0293b9205b2d4fe4bd4aa04a14e78d24 315f741c36044c2ab9414435abcb35d2 - - default default] Successfully bumped revision number for resource 67d14fb3-e60a-4161-b042-bb029ca5156e (type: security_groups) to 1
2026-04-07 01:17:32.176 10 INFO neutron.wsgi [None req-4e184e06-00f9-4994-b2e5-35f19de4e0f5 0293b9205b2d4fe4bd4aa04a14e78d24 315f741c36044c2ab9414435abcb35d2 - - default default] 10.0.0.131 "GET /v2.0/security-groups?tenant_id=f67825cc59c1408f880b2977bfff4f12&name=default HTTP/1.1" status: 200 len: 2996 time: 0.1605785
2026-04-07 01:17:32.371 10 INFO neutron.wsgi [None req-3998b709-9dd3-493d-8bdb-e96fbd975dc7 0293b9205b2d4fe4bd4aa04a14e78d24 315f741c36044c2ab9414435abcb35d2 - - - -] 10.0.0.131 "DELETE /v2.0/security-groups/67d14fb3-e60a-4161-b042-bb029ca5156e HTTP/1.1" status: 204 len: 168 time: 0.1873403
2026-04-07 01:17:33.081 10 INFO neutron.wsgi [None req-1510166f-140f-4431-b4f7-0fd8cd9805c0 04d775da51bd45e2b4e50bdf502d7e56 0e14839cf1e54f7c890c3275f8f058b1 - - - -] 10.0.0.131 "POST /v2.0/subnetpools HTTP/1.1" status: 201 len: 715 time: 0.1677310
2026-04-07 01:17:33.119 10 INFO neutron.wsgi [None req-74a3bf4f-cbb1-4970-a249-8ac2a1a9edf1 04d775da51bd45e2b4e50bdf502d7e56 0e14839cf1e54f7c890c3275f8f058b1 - - - -] 10.0.0.131 "PUT /v2.0/subnetpools/7980ad4b-929e-44f7-90c1-ee09db23ccd8/tags HTTP/1.1" status: 200 len: 218 time: 0.0309832
2026-04-07 01:17:33.146 10 INFO neutron.wsgi [None req-b9f8463f-6b8a-4754-bf7c-99dfbfe5c669 04d775da51bd45e2b4e50bdf502d7e56 0e14839cf1e54f7c890c3275f8f058b1 - - default default] 10.0.0.131 "GET /v2.0/subnetpools/7980ad4b-929e-44f7-90c1-ee09db23ccd8/tags HTTP/1.1" status: 200 len: 218 time: 0.0198705
2026-04-07 01:17:33.198 10 INFO neutron.wsgi [None req-0473a690-96ab-4b33-9718-f59a577db9f7 04d775da51bd45e2b4e50bdf502d7e56 0e14839cf1e54f7c890c3275f8f058b1 - - - -] 10.0.0.131 "PUT /v2.0/subnetpools/7980ad4b-929e-44f7-90c1-ee09db23ccd8/tags/green HTTP/1.1" status: 201 len: 201 time: 0.0455937
2026-04-07 01:17:33.219 10 INFO neutron.wsgi [None req-29625500-e8b5-4c53-8160-5f5c2a818ae8 04d775da51bd45e2b4e50bdf502d7e56 0e14839cf1e54f7c890c3275f8f058b1 - - default default] 10.0.0.131 "GET /v2.0/subnetpools/7980ad4b-929e-44f7-90c1-ee09db23ccd8/tags HTTP/1.1" status: 200 len: 227 time: 0.0171525
2026-04-07 01:17:33.241 10 INFO neutron.wsgi [None req-276cd757-d2b1-45e7-b390-e85ede960985 04d775da51bd45e2b4e50bdf502d7e56 0e14839cf1e54f7c890c3275f8f058b1 - - - -] 10.0.0.131 "PUT /v2.0/subnetpools/7980ad4b-929e-44f7-90c1-ee09db23ccd8/tags/red HTTP/1.1" status: 201 len: 201 time: 0.0158958 /var/lib/openstack/lib/python3.10/site-packages/pycadf/identifier.py:71: UserWarning: Invalid uuid: neutron. To ensure interoperability, identifiers should be a valid uuid. warnings.warn(('Invalid uuid: %s. To ensure interoperability, '
2026-04-07 01:17:33.275 9 INFO neutron.wsgi [None req-87f4f69f-ecc3-4dea-8133-3e595016db53 04d775da51bd45e2b4e50bdf502d7e56 0e14839cf1e54f7c890c3275f8f058b1 - - default default] 10.0.0.131 "GET /v2.0/subnetpools/7980ad4b-929e-44f7-90c1-ee09db23ccd8/tags HTTP/1.1" status: 200 len: 227 time: 0.0283322
2026-04-07 01:17:33.310 10 INFO neutron.db.ovn_revision_numbers_db [None req-4fc9d56a-2d11-4c9b-a21e-c9d994f5e63c 02ec42b7888e4ecd82fc395dce0934bc f637c42fa8564b9aae4914734783994c - - - -] Successfully bumped revision number for resource c5b4459f-611a-4d05-aa76-778f721dc313 (type: security_groups) to 1
2026-04-07 01:17:33.317 9 INFO neutron.wsgi [None req-4f8f2dd9-4b19-4618-ac5f-04fd7101a439 04d775da51bd45e2b4e50bdf502d7e56 0e14839cf1e54f7c890c3275f8f058b1 - - - -] 10.0.0.131 "PUT /v2.0/subnetpools/7980ad4b-929e-44f7-90c1-ee09db23ccd8/tags/black.or.white HTTP/1.1" status: 201 len: 201 time: 0.0364034
2026-04-07 01:17:33.336 9 INFO neutron.wsgi [None req-98c5eeb9-eea0-4139-ba08-8d6ba01f6ae4 04d775da51bd45e2b4e50bdf502d7e56 0e14839cf1e54f7c890c3275f8f058b1 - - default default] 10.0.0.131 "GET /v2.0/subnetpools/7980ad4b-929e-44f7-90c1-ee09db23ccd8/tags HTTP/1.1" status: 200 len: 245 time: 0.0151362
2026-04-07 01:17:33.379 10 INFO neutron.db.segments_db [None req-4fc9d56a-2d11-4c9b-a21e-c9d994f5e63c 02ec42b7888e4ecd82fc395dce0934bc f637c42fa8564b9aae4914734783994c - - - -] Added segment 8bf7d650-e0c7-4d1f-8605-db8bfe6677ad of type geneve for network 15071922-3a0f-40f3-a71f-b3aa5859e72b
2026-04-07 01:17:33.384 9 INFO neutron.wsgi [None req-6baa696b-84c0-4a29-92ea-75c98edcce00 04d775da51bd45e2b4e50bdf502d7e56 0e14839cf1e54f7c890c3275f8f058b1 - - - -] 10.0.0.131 "PUT /v2.0/subnetpools/7980ad4b-929e-44f7-90c1-ee09db23ccd8/tags HTTP/1.1" status: 200 len: 230 time: 0.0428498
2026-04-07 01:17:33.403 9 INFO neutron.wsgi [None req-0e4c2dde-599e-40bf-9db2-8b45c75a6643 04d775da51bd45e2b4e50bdf502d7e56 0e14839cf1e54f7c890c3275f8f058b1 - - default default] 10.0.0.131 "GET /v2.0/subnetpools/7980ad4b-929e-44f7-90c1-ee09db23ccd8/tags HTTP/1.1" status: 200 len: 230 time: 0.0146785
2026-04-07 01:17:33.430 9 INFO neutron.wsgi [None req-a659ff94-e4f3-4ae7-a54d-b807a9249773 04d775da51bd45e2b4e50bdf502d7e56 0e14839cf1e54f7c890c3275f8f058b1 - - default default] 10.0.0.131 "GET /v2.0/subnetpools/7980ad4b-929e-44f7-90c1-ee09db23ccd8/tags/red HTTP/1.1" status: 204 len: 168 time: 0.0234840
2026-04-07 01:17:33.448 9 INFO neutron.api.v2.resource [None req-a16e9324-a17c-46cd-b479-571184dcb050 04d775da51bd45e2b4e50bdf502d7e56 0e14839cf1e54f7c890c3275f8f058b1 - - default default] show failed (client error): The resource could not be found.
2026-04-07 01:17:33.450 9 INFO neutron.wsgi [None req-a16e9324-a17c-46cd-b479-571184dcb050 04d775da51bd45e2b4e50bdf502d7e56 0e14839cf1e54f7c890c3275f8f058b1 - - default default] 10.0.0.131 "GET /v2.0/subnetpools/7980ad4b-929e-44f7-90c1-ee09db23ccd8/tags/green HTTP/1.1" status: 404 len: 299 time: 0.0148761
2026-04-07 01:17:33.480 9 INFO neutron.wsgi [None req-8aa77d10-6c57-486b-9208-25479ee11c0d 04d775da51bd45e2b4e50bdf502d7e56 0e14839cf1e54f7c890c3275f8f058b1 - - - -] 10.0.0.131 "DELETE /v2.0/subnetpools/7980ad4b-929e-44f7-90c1-ee09db23ccd8/tags/red HTTP/1.1" status: 204 len: 168 time: 0.0261331
2026-04-07 01:17:33.503 9 INFO neutron.wsgi [None req-0da15353-3038-453d-b805-e69e1050ffe9 04d775da51bd45e2b4e50bdf502d7e56 0e14839cf1e54f7c890c3275f8f058b1 - - default default] 10.0.0.131 "GET /v2.0/subnetpools/7980ad4b-929e-44f7-90c1-ee09db23ccd8/tags HTTP/1.1" status: 200 len: 223 time: 0.0197480
2026-04-07 01:17:33.512 10 INFO neutron.db.ovn_revision_numbers_db [None req-4fc9d56a-2d11-4c9b-a21e-c9d994f5e63c 02ec42b7888e4ecd82fc395dce0934bc f637c42fa8564b9aae4914734783994c - - - -] Successfully bumped revision number for resource 15071922-3a0f-40f3-a71f-b3aa5859e72b (type: networks) to 1
2026-04-07 01:17:33.525 9 INFO neutron.api.v2.resource [None req-bfece345-93c6-40db-bbbf-cb1b4b4366ed 04d775da51bd45e2b4e50bdf502d7e56 0e14839cf1e54f7c890c3275f8f058b1 - - - -] delete failed (client error): The resource could not be found.
2026-04-07 01:17:33.526 9 INFO neutron.wsgi [None req-bfece345-93c6-40db-bbbf-cb1b4b4366ed 04d775da51bd45e2b4e50bdf502d7e56 0e14839cf1e54f7c890c3275f8f058b1 - - - -] 10.0.0.131 "DELETE /v2.0/subnetpools/7980ad4b-929e-44f7-90c1-ee09db23ccd8/tags/green HTTP/1.1" status: 404 len: 299 time: 0.0186119
2026-04-07 01:17:33.564 9 INFO neutron.wsgi [None req-d7794526-192a-412d-85fc-d9a15321230b 04d775da51bd45e2b4e50bdf502d7e56 0e14839cf1e54f7c890c3275f8f058b1 - - - -] 10.0.0.131 "DELETE /v2.0/subnetpools/7980ad4b-929e-44f7-90c1-ee09db23ccd8/tags HTTP/1.1" status: 204 len: 168 time: 0.0329926
2026-04-07 01:17:33.588 9 INFO neutron.wsgi [None req-6a3d413b-9609-49c6-b4a1-047722a1078d 04d775da51bd45e2b4e50bdf502d7e56 0e14839cf1e54f7c890c3275f8f058b1 - - default default] 10.0.0.131 "GET /v2.0/subnetpools/7980ad4b-929e-44f7-90c1-ee09db23ccd8/tags HTTP/1.1" status: 200 len: 205 time: 0.0191548
2026-04-07 01:17:33.660 9 INFO neutron.wsgi [None req-c721953c-45ab-40d4-8ef4-0d05fcf2849a 04d775da51bd45e2b4e50bdf502d7e56 0e14839cf1e54f7c890c3275f8f058b1 - - - -] 10.0.0.131 "DELETE /v2.0/subnetpools/7980ad4b-929e-44f7-90c1-ee09db23ccd8 HTTP/1.1" status: 204 len: 168 time: 0.0633750
2026-04-07 01:17:33.724 10 WARNING neutron.scheduler.dhcp_agent_scheduler [None req-4fc9d56a-2d11-4c9b-a21e-c9d994f5e63c 02ec42b7888e4ecd82fc395dce0934bc f637c42fa8564b9aae4914734783994c - - - -] No more DHCP agents
2026-04-07 01:17:33.726 10 WARNING neutron.api.rpc.agentnotifiers.dhcp_rpc_agent_api [None req-4fc9d56a-2d11-4c9b-a21e-c9d994f5e63c 02ec42b7888e4ecd82fc395dce0934bc f637c42fa8564b9aae4914734783994c - - - -] Unable to schedule network 15071922-3a0f-40f3-a71f-b3aa5859e72b: no agents available; will retry on subsequent port and subnet creation events.
2026-04-07 01:17:33.802 10 INFO neutron.db.ovn_revision_numbers_db [None req-4fc9d56a-2d11-4c9b-a21e-c9d994f5e63c 02ec42b7888e4ecd82fc395dce0934bc f637c42fa8564b9aae4914734783994c - - - -] Successfully bumped revision number for resource 16cf2092-fb2b-4318-ac92-4a85531e7c1f (type: ports) to 1
2026-04-07 01:17:33.838 10 INFO neutron.wsgi [None req-4fc9d56a-2d11-4c9b-a21e-c9d994f5e63c 02ec42b7888e4ecd82fc395dce0934bc f637c42fa8564b9aae4914734783994c - - - -] 10.0.0.131 "POST /v2.0/networks HTTP/1.1" status: 201 len: 830 time: 0.7159650
2026-04-07 01:17:34.052 9 INFO neutron.wsgi [-] 10.0.0.145 "GET / HTTP/1.1" status: 200 len: 247 time: 0.0031581
2026-04-07 01:17:34.055 9 INFO neutron.wsgi [-] 10.0.0.145 "GET / HTTP/1.1" status: 200 len: 247 time: 0.0014777
2026-04-07 01:17:34.135 10 WARNING neutron.scheduler.dhcp_agent_scheduler [None req-718b29e8-8521-4c31-8c54-ec647d2d083d 02ec42b7888e4ecd82fc395dce0934bc f637c42fa8564b9aae4914734783994c - - - -] No more DHCP agents
2026-04-07 01:17:34.137 10 WARNING neutron.api.rpc.agentnotifiers.dhcp_rpc_agent_api [None req-718b29e8-8521-4c31-8c54-ec647d2d083d 02ec42b7888e4ecd82fc395dce0934bc f637c42fa8564b9aae4914734783994c - - - -] Unable to schedule network 15071922-3a0f-40f3-a71f-b3aa5859e72b: no agents available; will retry on subsequent port and subnet creation events.
2026-04-07 01:17:34.224 10 INFO neutron.db.ovn_revision_numbers_db [None req-718b29e8-8521-4c31-8c54-ec647d2d083d 02ec42b7888e4ecd82fc395dce0934bc f637c42fa8564b9aae4914734783994c - - - -] Successfully bumped revision number for resource e464f478-220e-4eea-a7d6-a6ac8ba951f2 (type: ports) to 1
2026-04-07 01:17:34.257 10 INFO neutron.wsgi [None req-718b29e8-8521-4c31-8c54-ec647d2d083d 02ec42b7888e4ecd82fc395dce0934bc f637c42fa8564b9aae4914734783994c - - - -] 10.0.0.131 "POST /v2.0/ports HTTP/1.1" status: 201 len: 942 time: 0.4142742 /var/lib/openstack/lib/python3.10/site-packages/pycadf/identifier.py:71: UserWarning: Invalid uuid: neutron. To ensure interoperability, identifiers should be a valid uuid. warnings.warn(('Invalid uuid: %s. To ensure interoperability, '
2026-04-07 01:17:34.369 10 INFO neutron.db.segments_db [None req-d70296e7-6770-4e2b-a817-97c5ad04053f 02ec42b7888e4ecd82fc395dce0934bc f637c42fa8564b9aae4914734783994c - - - -] Added segment d660fed5-3f41-43aa-be44-156a5cdd17ad of type geneve for network c6c22791-6291-4dc7-919c-9ddba9b7c593
2026-04-07 01:17:34.475 9 INFO neutron.db.ovn_revision_numbers_db [None req-e64b2152-8a68-4ecf-9466-7e1bfb9d971f 0293b9205b2d4fe4bd4aa04a14e78d24 315f741c36044c2ab9414435abcb35d2 - - - -] Successfully bumped revision number for resource b588e594-ca3f-4828-a570-e13db1fbd4d7 (type: security_groups) to 1
2026-04-07 01:17:34.532 9 INFO neutron.db.segments_db [None req-e64b2152-8a68-4ecf-9466-7e1bfb9d971f 0293b9205b2d4fe4bd4aa04a14e78d24 315f741c36044c2ab9414435abcb35d2 - - - -] Added segment 0ade8c29-688e-4244-82d8-eda28dd8e8ca of type geneve for network f4b3296c-5342-4e5f-b4fa-5fac8ad5d358
2026-04-07 01:17:34.547 10 INFO neutron.db.ovn_revision_numbers_db [None req-d70296e7-6770-4e2b-a817-97c5ad04053f 02ec42b7888e4ecd82fc395dce0934bc f637c42fa8564b9aae4914734783994c - - - -] Successfully bumped revision number for resource c6c22791-6291-4dc7-919c-9ddba9b7c593 (type: networks) to 1
2026-04-07 01:17:34.600 10 INFO neutron.db.ovn_revision_numbers_db [None req-f952c07a-5a52-4639-b11a-1a5972ee2f6f 0293b9205b2d4fe4bd4aa04a14e78d24 315f741c36044c2ab9414435abcb35d2 - - default default] Successfully bumped revision number for resource 431436b4-3586-46f8-8cdc-a241da94d725 (type: security_groups) to 1
2026-04-07 01:17:34.624 10 INFO neutron.wsgi [None req-f952c07a-5a52-4639-b11a-1a5972ee2f6f 0293b9205b2d4fe4bd4aa04a14e78d24 315f741c36044c2ab9414435abcb35d2 - - default default] 10.0.0.131 "GET /v2.0/security-groups?tenant_id=0e14839cf1e54f7c890c3275f8f058b1&name=default HTTP/1.1" status: 200 len: 2996 time: 0.2630486
2026-04-07 01:17:34.662 9 INFO neutron.db.ovn_revision_numbers_db [None req-e64b2152-8a68-4ecf-9466-7e1bfb9d971f 0293b9205b2d4fe4bd4aa04a14e78d24 315f741c36044c2ab9414435abcb35d2 - - - -] Successfully bumped revision number for resource f4b3296c-5342-4e5f-b4fa-5fac8ad5d358 (type: networks) to 1
2026-04-07 01:17:34.830 10 WARNING neutron.scheduler.dhcp_agent_scheduler [None req-d70296e7-6770-4e2b-a817-97c5ad04053f 02ec42b7888e4ecd82fc395dce0934bc f637c42fa8564b9aae4914734783994c - - - -] No more DHCP agents
2026-04-07 01:17:34.836 10 WARNING neutron.api.rpc.agentnotifiers.dhcp_rpc_agent_api [None req-d70296e7-6770-4e2b-a817-97c5ad04053f 02ec42b7888e4ecd82fc395dce0934bc f637c42fa8564b9aae4914734783994c - - - -] Unable to schedule network c6c22791-6291-4dc7-919c-9ddba9b7c593: no agents available; will retry on subsequent port and subnet creation events.
2026-04-07 01:17:34.909 9 WARNING neutron.scheduler.dhcp_agent_scheduler [None req-e64b2152-8a68-4ecf-9466-7e1bfb9d971f 0293b9205b2d4fe4bd4aa04a14e78d24 315f741c36044c2ab9414435abcb35d2 - - - -] No more DHCP agents
2026-04-07 01:17:34.919 9 WARNING neutron.api.rpc.agentnotifiers.dhcp_rpc_agent_api [None req-e64b2152-8a68-4ecf-9466-7e1bfb9d971f 0293b9205b2d4fe4bd4aa04a14e78d24 315f741c36044c2ab9414435abcb35d2 - - - -] Unable to schedule network f4b3296c-5342-4e5f-b4fa-5fac8ad5d358: no agents available; will retry on subsequent port and subnet creation events.
2026-04-07 01:17:34.926 10 INFO neutron.db.ovn_revision_numbers_db [None req-d70296e7-6770-4e2b-a817-97c5ad04053f 02ec42b7888e4ecd82fc395dce0934bc f637c42fa8564b9aae4914734783994c - - - -] Successfully bumped revision number for resource 6f33b4aa-6e70-4916-9d23-becc1928e8d4 (type: ports) to 1
2026-04-07 01:17:34.955 10 INFO neutron.wsgi [None req-d70296e7-6770-4e2b-a817-97c5ad04053f 02ec42b7888e4ecd82fc395dce0934bc f637c42fa8564b9aae4914734783994c - - - -] 10.0.0.131 "POST /v2.0/networks HTTP/1.1" status: 201 len: 831 time: 0.6912525
2026-04-07 01:17:34.972 10 INFO neutron.wsgi [None req-8bc7bee2-4326-4044-a0b8-9f5a4293a8dd 0293b9205b2d4fe4bd4aa04a14e78d24 315f741c36044c2ab9414435abcb35d2 - - - -] 10.0.0.131 "DELETE /v2.0/security-groups/431436b4-3586-46f8-8cdc-a241da94d725 HTTP/1.1" status: 204 len: 168 time: 0.3376706
2026-04-07 01:17:35.020 9 INFO neutron.db.ovn_revision_numbers_db [None req-e64b2152-8a68-4ecf-9466-7e1bfb9d971f 0293b9205b2d4fe4bd4aa04a14e78d24 315f741c36044c2ab9414435abcb35d2 - - - -] Successfully bumped revision number for resource a3a75b4c-af19-4193-9dde-fdccc3348fd6 (type: ports) to 1
2026-04-07 01:17:35.040 9 INFO neutron.wsgi [None req-e64b2152-8a68-4ecf-9466-7e1bfb9d971f 0293b9205b2d4fe4bd4aa04a14e78d24 315f741c36044c2ab9414435abcb35d2 - - - -] 10.0.0.131 "POST /v2.0/networks HTTP/1.1" status: 201 len: 943 time: 0.9235859
2026-04-07 01:17:35.203 9 INFO neutron.db.ovn_revision_numbers_db [None req-c74928dc-2dc9-4f11-92a5-b50a96ee26b0 0293b9205b2d4fe4bd4aa04a14e78d24 315f741c36044c2ab9414435abcb35d2 - - default default] Successfully bumped revision number for resource 340b2a5a-65d3-46cd-853a-87a8afa03361 (type: security_groups) to 1
2026-04-07 01:17:35.223 10 WARNING neutron.scheduler.dhcp_agent_scheduler [None req-3834aa32-b9db-427c-bcf0-f8d012b01039 02ec42b7888e4ecd82fc395dce0934bc f637c42fa8564b9aae4914734783994c - - - -] No more DHCP agents
2026-04-07 01:17:35.225 10 WARNING neutron.api.rpc.agentnotifiers.dhcp_rpc_agent_api [None req-3834aa32-b9db-427c-bcf0-f8d012b01039 02ec42b7888e4ecd82fc395dce0934bc f637c42fa8564b9aae4914734783994c - - - -] Unable to schedule network c6c22791-6291-4dc7-919c-9ddba9b7c593: no agents available; will retry on subsequent port and subnet creation events.
2026-04-07 01:17:35.236 9 INFO neutron.wsgi [None req-c74928dc-2dc9-4f11-92a5-b50a96ee26b0 0293b9205b2d4fe4bd4aa04a14e78d24 315f741c36044c2ab9414435abcb35d2 - - default default] 10.0.0.131 "GET /v2.0/security-groups?tenant_id=6833094505fe4ecb87e17170b89b158d&name=default HTTP/1.1" status: 200 len: 2996 time: 0.1493273 /var/lib/openstack/lib/python3.10/site-packages/pycadf/identifier.py:71: UserWarning: Invalid uuid: neutron. To ensure interoperability, identifiers should be a valid uuid. warnings.warn(('Invalid uuid: %s. To ensure interoperability, '
2026-04-07 01:17:35.250 9 WARNING neutron.scheduler.dhcp_agent_scheduler [None req-991714bc-1cfb-40b7-999e-067261a35c03 0293b9205b2d4fe4bd4aa04a14e78d24 315f741c36044c2ab9414435abcb35d2 - - - -] No more DHCP agents
2026-04-07 01:17:35.252 9 WARNING neutron.api.rpc.agentnotifiers.dhcp_rpc_agent_api [None req-991714bc-1cfb-40b7-999e-067261a35c03 0293b9205b2d4fe4bd4aa04a14e78d24 315f741c36044c2ab9414435abcb35d2 - - - -] Unable to schedule network f4b3296c-5342-4e5f-b4fa-5fac8ad5d358: no agents available; will retry on subsequent port and subnet creation events.
2026-04-07 01:17:35.305 10 INFO neutron.db.ovn_revision_numbers_db [None req-3834aa32-b9db-427c-bcf0-f8d012b01039 02ec42b7888e4ecd82fc395dce0934bc f637c42fa8564b9aae4914734783994c - - - -] Successfully bumped revision number for resource 531b09f3-f8ba-483d-a2f5-1b10736de5e7 (type: ports) to 1
2026-04-07 01:17:35.329 10 INFO neutron.wsgi [None req-3834aa32-b9db-427c-bcf0-f8d012b01039 02ec42b7888e4ecd82fc395dce0934bc f637c42fa8564b9aae4914734783994c - - - -] 10.0.0.131 "POST /v2.0/ports HTTP/1.1" status: 201 len: 942 time: 0.3653758
2026-04-07 01:17:35.698 10 INFO neutron.db.segments_db [None req-ec3bf0f3-9773-46ba-99ef-4fa162f19c94 02ec42b7888e4ecd82fc395dce0934bc f637c42fa8564b9aae4914734783994c - - - -] Added segment cec3c8ae-b013-41d8-a17b-f1663f696271 of type geneve for network 3948ce91-171e-4e29-8f54-0882a11ff51e
2026-04-07 01:17:35.722 9 INFO neutron.db.ovn_revision_numbers_db [None req-991714bc-1cfb-40b7-999e-067261a35c03 0293b9205b2d4fe4bd4aa04a14e78d24 315f741c36044c2ab9414435abcb35d2 - - - -] Successfully bumped revision number for resource a3a75b4c-af19-4193-9dde-fdccc3348fd6 (type: ports) to 2
2026-04-07 01:17:35.735 9 INFO neutron.db.ovn_revision_numbers_db [None req-991714bc-1cfb-40b7-999e-067261a35c03 0293b9205b2d4fe4bd4aa04a14e78d24 315f741c36044c2ab9414435abcb35d2 - - - -] Successfully bumped revision number for resource ad1b157e-27dd-4377-959a-4092b5359d49 (type: subnets) to 0
2026-04-07 01:17:35.748 9 INFO neutron.wsgi [None req-991714bc-1cfb-40b7-999e-067261a35c03 0293b9205b2d4fe4bd4aa04a14e78d24 315f741c36044c2ab9414435abcb35d2 - - - -] 10.0.0.131 "POST /v2.0/subnets HTTP/1.1" status: 201 len: 863 time: 0.7008765
2026-04-07 01:17:35.761 10 INFO neutron.wsgi [None req-801debfa-0ec2-4516-b7cb-ce807d0f7167 0293b9205b2d4fe4bd4aa04a14e78d24 315f741c36044c2ab9414435abcb35d2 - - - -] 10.0.0.131 "DELETE /v2.0/security-groups/340b2a5a-65d3-46cd-853a-87a8afa03361 HTTP/1.1" status: 204 len: 168 time: 0.5191503
2026-04-07 01:17:35.832 10 INFO neutron.db.ovn_revision_numbers_db [None req-ec3bf0f3-9773-46ba-99ef-4fa162f19c94 02ec42b7888e4ecd82fc395dce0934bc f637c42fa8564b9aae4914734783994c - - - -] Successfully bumped revision number for resource 3948ce91-171e-4e29-8f54-0882a11ff51e (type: networks) to 1
2026-04-07 01:17:36.001 10 WARNING neutron.scheduler.dhcp_agent_scheduler [None req-ec3bf0f3-9773-46ba-99ef-4fa162f19c94 02ec42b7888e4ecd82fc395dce0934bc f637c42fa8564b9aae4914734783994c - - - -] No more DHCP agents
2026-04-07 01:17:36.003 10 WARNING neutron.api.rpc.agentnotifiers.dhcp_rpc_agent_api [None req-ec3bf0f3-9773-46ba-99ef-4fa162f19c94 02ec42b7888e4ecd82fc395dce0934bc f637c42fa8564b9aae4914734783994c - - - -] Unable to schedule network 3948ce91-171e-4e29-8f54-0882a11ff51e: no agents available; will retry on subsequent port and subnet creation events.
2026-04-07 01:17:36.062 10 INFO neutron.db.ovn_revision_numbers_db [None req-ec3bf0f3-9773-46ba-99ef-4fa162f19c94 02ec42b7888e4ecd82fc395dce0934bc f637c42fa8564b9aae4914734783994c - - - -] Successfully bumped revision number for resource 70c07edd-cc69-4e82-a493-a5e41e7ed469 (type: ports) to 1
2026-04-07 01:17:36.081 10 INFO neutron.wsgi [None req-ec3bf0f3-9773-46ba-99ef-4fa162f19c94 02ec42b7888e4ecd82fc395dce0934bc f637c42fa8564b9aae4914734783994c - - - -] 10.0.0.131 "POST /v2.0/networks HTTP/1.1" status: 201 len: 830 time: 0.7467942
2026-04-07 01:17:36.265 9 WARNING neutron.scheduler.dhcp_agent_scheduler [None req-c7404e27-3db2-4e51-8dfb-4c25fd8458d8 0293b9205b2d4fe4bd4aa04a14e78d24 315f741c36044c2ab9414435abcb35d2 - - - -] No more DHCP agents
2026-04-07 01:17:36.266 9 WARNING neutron.api.rpc.agentnotifiers.dhcp_rpc_agent_api [None req-c7404e27-3db2-4e51-8dfb-4c25fd8458d8 0293b9205b2d4fe4bd4aa04a14e78d24 315f741c36044c2ab9414435abcb35d2 - - - -] Unable to schedule network 309b9ca1-f325-4f09-9919-8a3a5a0a4aac: no agents available; will retry on subsequent port and subnet creation events.
2026-04-07 01:17:36.352 10 WARNING neutron.scheduler.dhcp_agent_scheduler [None req-76649498-3bfc-4a24-ae44-43be3e38acec 02ec42b7888e4ecd82fc395dce0934bc f637c42fa8564b9aae4914734783994c - - - -] No more DHCP agents
2026-04-07 01:17:36.355 10 WARNING neutron.api.rpc.agentnotifiers.dhcp_rpc_agent_api [None req-76649498-3bfc-4a24-ae44-43be3e38acec 02ec42b7888e4ecd82fc395dce0934bc f637c42fa8564b9aae4914734783994c - - - -] Unable to schedule network 3948ce91-171e-4e29-8f54-0882a11ff51e: no agents available; will retry on subsequent port and subnet creation events.
2026-04-07 01:17:36.402 9 INFO neutron.db.ovn_revision_numbers_db [None req-c7404e27-3db2-4e51-8dfb-4c25fd8458d8 0293b9205b2d4fe4bd4aa04a14e78d24 315f741c36044c2ab9414435abcb35d2 - - - -] Successfully bumped revision number for resource 949ba891-1539-496d-81ef-f60eb1a94b88 (type: ports) to 1
2026-04-07 01:17:36.434 10 INFO neutron.db.ovn_revision_numbers_db [None req-76649498-3bfc-4a24-ae44-43be3e38acec 02ec42b7888e4ecd82fc395dce0934bc f637c42fa8564b9aae4914734783994c - - - -] Successfully bumped revision number for resource 850db747-85a0-4933-af62-368b9d83b3f4 (type: ports) to 1
2026-04-07 01:17:36.455 10 INFO neutron.wsgi [None req-76649498-3bfc-4a24-ae44-43be3e38acec 02ec42b7888e4ecd82fc395dce0934bc f637c42fa8564b9aae4914734783994c - - - -] 10.0.0.131 "POST /v2.0/ports HTTP/1.1" status: 201 len: 942 time: 0.3630044 /var/lib/openstack/lib/python3.10/site-packages/pycadf/identifier.py:71: UserWarning: Invalid uuid: neutron. To ensure interoperability, identifiers should be a valid uuid. warnings.warn(('Invalid uuid: %s. To ensure interoperability, '
2026-04-07 01:17:36.564 10 INFO neutron.db.segments_db [None req-7c24d924-c2ae-4e80-af9f-d9e96edfc4cf 02ec42b7888e4ecd82fc395dce0934bc f637c42fa8564b9aae4914734783994c - - - -] Added segment c233a4da-444d-4dec-ace4-5008ee4a3b05 of type geneve for network 6c3643af-2720-49b8-b146-64d3913d6b1d
2026-04-07 01:17:36.699 10 INFO neutron.db.ovn_revision_numbers_db [None req-7c24d924-c2ae-4e80-af9f-d9e96edfc4cf 02ec42b7888e4ecd82fc395dce0934bc f637c42fa8564b9aae4914734783994c - - - -] Successfully bumped revision number for resource 6c3643af-2720-49b8-b146-64d3913d6b1d (type: networks) to 1
2026-04-07 01:17:36.918 10 WARNING neutron.scheduler.dhcp_agent_scheduler [None req-7c24d924-c2ae-4e80-af9f-d9e96edfc4cf 02ec42b7888e4ecd82fc395dce0934bc f637c42fa8564b9aae4914734783994c - - - -] No more DHCP agents
2026-04-07 01:17:36.919 10 WARNING neutron.api.rpc.agentnotifiers.dhcp_rpc_agent_api [None req-7c24d924-c2ae-4e80-af9f-d9e96edfc4cf 02ec42b7888e4ecd82fc395dce0934bc f637c42fa8564b9aae4914734783994c - - - -] Unable to schedule network 6c3643af-2720-49b8-b146-64d3913d6b1d: no agents available; will retry on subsequent port and subnet creation events.
2026-04-07 01:17:37.005 10 INFO neutron.db.ovn_revision_numbers_db [None req-7c24d924-c2ae-4e80-af9f-d9e96edfc4cf 02ec42b7888e4ecd82fc395dce0934bc f637c42fa8564b9aae4914734783994c - - - -] Successfully bumped revision number for resource 0289cf26-85ac-4377-8ce2-47a7ebcbde02 (type: ports) to 1
2026-04-07 01:17:37.029 10 INFO neutron.wsgi [None req-7c24d924-c2ae-4e80-af9f-d9e96edfc4cf 02ec42b7888e4ecd82fc395dce0934bc f637c42fa8564b9aae4914734783994c - - - -] 10.0.0.131 "POST /v2.0/networks HTTP/1.1" status: 201 len: 831 time: 0.5685027
2026-04-07 01:17:37.066 10 INFO neutron.plugins.ml2.drivers.ovn.mech_driver.mech_driver [None req-ee02499f-61ca-4756-b0aa-f7c26bd3149e - - - - - -] OVN reports status up for port: 949ba891-1539-496d-81ef-f60eb1a94b88
2026-04-07 01:17:37.070 9 INFO neutron.db.ovn_revision_numbers_db [None req-c7404e27-3db2-4e51-8dfb-4c25fd8458d8 0293b9205b2d4fe4bd4aa04a14e78d24 315f741c36044c2ab9414435abcb35d2 - - - -] Successfully bumped revision number for resource 949ba891-1539-496d-81ef-f60eb1a94b88 (type: router_ports) to 1
2026-04-07 01:17:37.075 9 INFO neutron.plugins.ml2.drivers.ovn.mech_driver.ovsdb.ovsdb_monitor [None req-18d9125e-8562-4438-af39-4b88e7a4fdc4 - - - - - -] Router 7998ea44-2dc5-4ed2-a57f-227d5046bc23 is bound to host instance
2026-04-07 01:17:37.076 10 INFO neutron.plugins.ml2.plugin [None req-ee02499f-61ca-4756-b0aa-f7c26bd3149e - - - - - -] Attempt 1 to provision port 949ba891-1539-496d-81ef-f60eb1a94b88
2026-04-07 01:17:37.202 10 INFO neutron.wsgi [req-4fb17e78-8ced-465f-9f94-261420e8c0f4 req-97b26963-03a5-4ce3-af14-b0c032316169 776eb9d0a78b4382ad45b382d8ef405d 83527090af144e2d9664d1f648e3fa16 - - 479d185cd48245b4886508aced5bba41 479d185cd48245b4886508aced5bba41] 199.19.213.232 "GET /v2.0/ports?device_id=77bf4c57-018b-40d8-81b0-48f97cc56096&fields=binding%3Ahost_id&fields=binding%3Avif_type HTTP/1.1" status: 200 len: 265 time: 0.0689840
2026-04-07 01:17:37.301 10 INFO neutron.wsgi [req-4fb17e78-8ced-465f-9f94-261420e8c0f4 req-01cd4469-a270-4e37-80a0-1a38c18b6c19 776eb9d0a78b4382ad45b382d8ef405d 83527090af144e2d9664d1f648e3fa16 - - 479d185cd48245b4886508aced5bba41 479d185cd48245b4886508aced5bba41] 199.19.213.232 "GET /v2.0/ports?tenant_id=487cd95c1bc747b186e5c659b40c1074&device_id=77bf4c57-018b-40d8-81b0-48f97cc56096 HTTP/1.1" status: 200 len: 1361 time: 0.0522861
2026-04-07 01:17:37.402 10 WARNING neutron.scheduler.dhcp_agent_scheduler [None req-88ac4316-6b08-49f8-a7f0-bbac2175a023 02ec42b7888e4ecd82fc395dce0934bc f637c42fa8564b9aae4914734783994c - - - -] No more DHCP agents
2026-04-07 01:17:37.406 10 INFO neutron.wsgi [req-4fb17e78-8ced-465f-9f94-261420e8c0f4 req-9ccb787f-33f8-49d2-a827-6cb81d4f3e11 776eb9d0a78b4382ad45b382d8ef405d 83527090af144e2d9664d1f648e3fa16 - - 479d185cd48245b4886508aced5bba41 479d185cd48245b4886508aced5bba41] 199.19.213.232 "GET /v2.0/networks?id=5e3a1caa-98b8-49f1-8b8e-be158b73db80 HTTP/1.1" status: 200 len: 974 time: 0.0874114
2026-04-07 01:17:37.407 10 WARNING neutron.api.rpc.agentnotifiers.dhcp_rpc_agent_api [None req-88ac4316-6b08-49f8-a7f0-bbac2175a023 02ec42b7888e4ecd82fc395dce0934bc f637c42fa8564b9aae4914734783994c - - - -] Unable to schedule network 6c3643af-2720-49b8-b146-64d3913d6b1d: no agents available; will retry on subsequent port and subnet creation events. /var/lib/openstack/lib/python3.10/site-packages/pycadf/identifier.py:71: UserWarning: Invalid uuid: neutron. To ensure interoperability, identifiers should be a valid uuid. warnings.warn(('Invalid uuid: %s. To ensure interoperability, '
2026-04-07 01:17:37.450 9 INFO neutron.db.ovn_revision_numbers_db [None req-c7404e27-3db2-4e51-8dfb-4c25fd8458d8 0293b9205b2d4fe4bd4aa04a14e78d24 315f741c36044c2ab9414435abcb35d2 - - - -] Successfully bumped revision number for resource 7998ea44-2dc5-4ed2-a57f-227d5046bc23 (type: routers) to 3
2026-04-07 01:17:37.471 10 INFO neutron.wsgi [req-4fb17e78-8ced-465f-9f94-261420e8c0f4 req-ed18b3f0-7db6-4955-be61-ae611a776f15 776eb9d0a78b4382ad45b382d8ef405d 83527090af144e2d9664d1f648e3fa16 - - 479d185cd48245b4886508aced5bba41 479d185cd48245b4886508aced5bba41] 199.19.213.232 "GET /v2.0/floatingips?fixed_ip_address=10.100.0.9&port_id=34396d29-65c7-4caf-b0d0-bfab4356eaa2 HTTP/1.1" status: 200 len: 1059 time: 0.0528853
2026-04-07 01:17:37.499 9 INFO neutron.wsgi [None req-c7404e27-3db2-4e51-8dfb-4c25fd8458d8 0293b9205b2d4fe4bd4aa04a14e78d24 315f741c36044c2ab9414435abcb35d2 - - - -] 10.0.0.131 "POST /v2.0/routers HTTP/1.1" status: 201 len: 874 time: 1.7446103
2026-04-07 01:17:37.511 10 INFO neutron.wsgi [req-4fb17e78-8ced-465f-9f94-261420e8c0f4 req-043d9f0b-ba71-4421-819c-2c4471c12524 776eb9d0a78b4382ad45b382d8ef405d 83527090af144e2d9664d1f648e3fa16 - - 479d185cd48245b4886508aced5bba41 479d185cd48245b4886508aced5bba41] 199.19.213.232 "GET /v2.0/subnets?id=378e6712-2525-4eb8-820c-cb49120618fe HTTP/1.1" status: 200 len: 869 time: 0.0351272
2026-04-07 01:17:37.512 10 INFO neutron.db.ovn_revision_numbers_db [None req-88ac4316-6b08-49f8-a7f0-bbac2175a023 02ec42b7888e4ecd82fc395dce0934bc f637c42fa8564b9aae4914734783994c - - - -] Successfully bumped revision number for resource 06ce7562-fe73-45fa-98e9-832ebaec2ad5 (type: ports) to 1
2026-04-07 01:17:37.541 10 INFO neutron.wsgi [req-4fb17e78-8ced-465f-9f94-261420e8c0f4 req-c37100fd-b34e-4bfd-844d-b6acf9713d1b 776eb9d0a78b4382ad45b382d8ef405d 83527090af144e2d9664d1f648e3fa16 - - 479d185cd48245b4886508aced5bba41 479d185cd48245b4886508aced5bba41] 199.19.213.232 "GET /v2.0/ports?network_id=5e3a1caa-98b8-49f1-8b8e-be158b73db80&device_owner=network%3Adhcp HTTP/1.1" status: 200 len: 210 time: 0.0256312
2026-04-07 01:17:37.564 10 INFO neutron.wsgi [None req-88ac4316-6b08-49f8-a7f0-bbac2175a023 02ec42b7888e4ecd82fc395dce0934bc f637c42fa8564b9aae4914734783994c - - - -] 10.0.0.131 "POST /v2.0/ports HTTP/1.1" status: 201 len: 942 time: 0.5279429
2026-04-07 01:17:37.617 10 INFO neutron.wsgi [req-4fb17e78-8ced-465f-9f94-261420e8c0f4 req-2d13e915-c5dd-4a1f-afbf-ae9bf925f8a9 776eb9d0a78b4382ad45b382d8ef405d 83527090af144e2d9664d1f648e3fa16 - - 479d185cd48245b4886508aced5bba41 479d185cd48245b4886508aced5bba41] 199.19.213.232 "GET /v2.0/networks/5e3a1caa-98b8-49f1-8b8e-be158b73db80?fields=segments HTTP/1.1" status: 200 len: 212 time: 0.0692837
2026-04-07 01:17:37.674 10 INFO neutron.db.segments_db [None req-97b66614-59fa-4355-a5df-30c71a552742 02ec42b7888e4ecd82fc395dce0934bc f637c42fa8564b9aae4914734783994c - - - -] Added segment bbed96bf-f650-4d0b-929d-bb05bbd683b3 of type geneve for network 10464ae4-e442-4172-ab1c-d3694cb1c989
2026-04-07 01:17:37.686 10 INFO neutron.wsgi [req-4fb17e78-8ced-465f-9f94-261420e8c0f4 req-3650cf6c-a383-4f40-aebd-a89548edb06f 776eb9d0a78b4382ad45b382d8ef405d 83527090af144e2d9664d1f648e3fa16 - - 479d185cd48245b4886508aced5bba41 479d185cd48245b4886508aced5bba41] 199.19.213.232 "GET /v2.0/networks/5e3a1caa-98b8-49f1-8b8e-be158b73db80?fields=provider%3Aphysical_network&fields=provider%3Anetwork_type HTTP/1.1" status: 200 len: 277 time: 0.0624306
2026-04-07 01:17:37.820 10 INFO neutron.db.ovn_revision_numbers_db [None req-97b66614-59fa-4355-a5df-30c71a552742 02ec42b7888e4ecd82fc395dce0934bc f637c42fa8564b9aae4914734783994c - - - -] Successfully bumped revision number for resource 10464ae4-e442-4172-ab1c-d3694cb1c989 (type: networks) to 1
2026-04-07 01:17:38.013 10 WARNING neutron.scheduler.dhcp_agent_scheduler [None req-97b66614-59fa-4355-a5df-30c71a552742 02ec42b7888e4ecd82fc395dce0934bc f637c42fa8564b9aae4914734783994c - - - -] No more DHCP agents
2026-04-07 01:17:38.015 10 WARNING neutron.api.rpc.agentnotifiers.dhcp_rpc_agent_api [None req-97b66614-59fa-4355-a5df-30c71a552742 02ec42b7888e4ecd82fc395dce0934bc f637c42fa8564b9aae4914734783994c - - - -] Unable to schedule network 10464ae4-e442-4172-ab1c-d3694cb1c989: no agents available; will retry on subsequent port and subnet creation events.
2026-04-07 01:17:38.078 10 INFO neutron.db.ovn_revision_numbers_db [None req-97b66614-59fa-4355-a5df-30c71a552742 02ec42b7888e4ecd82fc395dce0934bc f637c42fa8564b9aae4914734783994c - - - -] Successfully bumped revision number for resource 3d2f0b0e-e63c-4e58-b742-ac96a38c4f3d (type: ports) to 1
2026-04-07 01:17:38.079 9 INFO neutron.db.ovn_revision_numbers_db [None req-18d9125e-8562-4438-af39-4b88e7a4fdc4 - - - - - -] Successfully bumped revision number for resource 949ba891-1539-496d-81ef-f60eb1a94b88 (type: ports) to 1
2026-04-07 01:17:38.082 9 WARNING neutron.scheduler.dhcp_agent_scheduler [None req-0278fcb9-3adb-40b1-a251-1ec90d284e02 0293b9205b2d4fe4bd4aa04a14e78d24 315f741c36044c2ab9414435abcb35d2 - - default default] No more DHCP agents
2026-04-07 01:17:38.085 9 WARNING neutron.api.rpc.agentnotifiers.dhcp_rpc_agent_api [None req-0278fcb9-3adb-40b1-a251-1ec90d284e02 0293b9205b2d4fe4bd4aa04a14e78d24 315f741c36044c2ab9414435abcb35d2 - - default default] Unable to schedule network f4b3296c-5342-4e5f-b4fa-5fac8ad5d358: no agents available; will retry on subsequent port and subnet creation events.
2026-04-07 01:17:38.100 10 INFO neutron.wsgi [None req-97b66614-59fa-4355-a5df-30c71a552742 02ec42b7888e4ecd82fc395dce0934bc f637c42fa8564b9aae4914734783994c - - - -] 10.0.0.131 "POST /v2.0/networks HTTP/1.1" status: 201 len: 830 time: 0.5309153
2026-04-07 01:17:38.315 9 INFO neutron.db.ovn_revision_numbers_db [None req-0278fcb9-3adb-40b1-a251-1ec90d284e02 0293b9205b2d4fe4bd4aa04a14e78d24 315f741c36044c2ab9414435abcb35d2 - - default default] Successfully bumped revision number for resource c80d6d98-cbeb-4110-91ca-834ee880edbf (type: ports) to 1
2026-04-07 01:17:38.389 10 WARNING neutron.scheduler.dhcp_agent_scheduler [None req-f51c99cc-939e-4d9a-9ed1-364ed75467ee 02ec42b7888e4ecd82fc395dce0934bc f637c42fa8564b9aae4914734783994c - - - -] No more DHCP agents
2026-04-07 01:17:38.391 10 WARNING neutron.api.rpc.agentnotifiers.dhcp_rpc_agent_api [None req-f51c99cc-939e-4d9a-9ed1-364ed75467ee 02ec42b7888e4ecd82fc395dce0934bc f637c42fa8564b9aae4914734783994c - - - -] Unable to schedule network 10464ae4-e442-4172-ab1c-d3694cb1c989: no agents available; will retry on subsequent port and subnet creation events.
2026-04-07 01:17:38.420 9 INFO neutron.db.ovn_revision_numbers_db [None req-18d9125e-8562-4438-af39-4b88e7a4fdc4 - - - - - -] Successfully bumped revision number for resource 949ba891-1539-496d-81ef-f60eb1a94b88 (type: router_ports) to 3
2026-04-07 01:17:38.471 10 INFO neutron.db.ovn_revision_numbers_db [None req-f51c99cc-939e-4d9a-9ed1-364ed75467ee 02ec42b7888e4ecd82fc395dce0934bc f637c42fa8564b9aae4914734783994c - - - -] Successfully bumped revision number for resource 3685b685-cdd3-4541-a241-47a07c641be1 (type: ports) to 1
2026-04-07 01:17:38.498 10 INFO neutron.wsgi [None req-f51c99cc-939e-4d9a-9ed1-364ed75467ee 02ec42b7888e4ecd82fc395dce0934bc f637c42fa8564b9aae4914734783994c - - - -] 10.0.0.131 "POST /v2.0/ports HTTP/1.1" status: 201 len: 942 time: 0.3903024 /var/lib/openstack/lib/python3.10/site-packages/pycadf/identifier.py:71: UserWarning: Invalid uuid: neutron. To ensure interoperability, identifiers should be a valid uuid. warnings.warn(('Invalid uuid: %s. To ensure interoperability, '
2026-04-07 01:17:38.549 10 INFO neutron.wsgi [None req-a5f362ea-9ade-448d-b54c-f970698ce45e 02ec42b7888e4ecd82fc395dce0934bc f637c42fa8564b9aae4914734783994c - - - -] 10.0.0.131 "PUT /v2.0/ports/e464f478-220e-4eea-a7d6-a6ac8ba951f2/tags HTTP/1.1" status: 200 len: 210 time: 0.0444386
2026-04-07 01:17:38.591 9 INFO neutron.db.ovn_revision_numbers_db [None req-18d9125e-8562-4438-af39-4b88e7a4fdc4 - - - - - -] Successfully bumped revision number for resource 949ba891-1539-496d-81ef-f60eb1a94b88 (type: ports) to 2
2026-04-07 01:17:38.602 10 INFO neutron.wsgi [None req-b59fcd70-d402-4a8a-a497-e49c01bc0508 02ec42b7888e4ecd82fc395dce0934bc f637c42fa8564b9aae4914734783994c - - - -] 10.0.0.131 "PUT /v2.0/ports/531b09f3-f8ba-483d-a2f5-1b10736de5e7/tags HTTP/1.1" status: 200 len: 218 time: 0.0454798
2026-04-07 01:17:38.650 10 INFO neutron.wsgi [None req-085c29ed-7f77-49e3-a505-3ab08399ea15 02ec42b7888e4ecd82fc395dce0934bc f637c42fa8564b9aae4914734783994c - - - -] 10.0.0.131 "PUT /v2.0/ports/850db747-85a0-4933-af62-368b9d83b3f4/tags HTTP/1.1" status: 200 len: 227 time: 0.0422773
2026-04-07 01:17:38.705 10 INFO neutron.wsgi [None req-4d2dd1f1-7fbb-40e9-8f19-e86aa43a3eaf 02ec42b7888e4ecd82fc395dce0934bc f637c42fa8564b9aae4914734783994c - - - -] 10.0.0.131 "PUT /v2.0/ports/06ce7562-fe73-45fa-98e9-832ebaec2ad5/tags HTTP/1.1" status: 200 len: 212 time: 0.0494251
2026-04-07 01:17:38.868 9 INFO neutron.db.ovn_revision_numbers_db [None req-0278fcb9-3adb-40b1-a251-1ec90d284e02 0293b9205b2d4fe4bd4aa04a14e78d24 315f741c36044c2ab9414435abcb35d2 - - default default] Successfully bumped revision number for resource c80d6d98-cbeb-4110-91ca-834ee880edbf (type: router_ports) to 2
2026-04-07 01:17:38.917 10 INFO neutron.wsgi [None req-938c7c8a-88bd-4b53-8fc3-7e8cad2a16b0 02ec42b7888e4ecd82fc395dce0934bc f637c42fa8564b9aae4914734783994c - - default default] 10.0.0.131 "GET /v2.0/ports?tags=red HTTP/1.1" status: 200 len: 2448 time: 0.2048416
2026-04-07 01:17:39.010 10 INFO neutron.wsgi [None req-205ef84b-f0cc-4de5-a907-b0bbce4f9790 02ec42b7888e4ecd82fc395dce0934bc f637c42fa8564b9aae4914734783994c - - default default] 10.0.0.131 "GET /v2.0/ports?tags=red%2Cblue HTTP/1.1" status: 200 len: 1708 time: 0.0861163
2026-04-07 01:17:39.075 10 INFO neutron.wsgi [None req-85d6b0d5-29e7-4f90-adb3-fd9c6072a431 02ec42b7888e4ecd82fc395dce0934bc f637c42fa8564b9aae4914734783994c - - default default] 10.0.0.131 "GET /v2.0/ports?tags-any=blue HTTP/1.1" status: 200 len: 1708 time: 0.0598600
2026-04-07 01:17:39.125 10 INFO neutron.wsgi [None req-96799a8d-247d-46b4-bd3d-e924543336dd 02ec42b7888e4ecd82fc395dce0934bc f637c42fa8564b9aae4914734783994c - - default default] 10.0.0.131 "GET /v2.0/ports?tags-any=red%2Cblue HTTP/1.1" status: 200 len: 2448 time: 0.0426195
2026-04-07 01:17:39.313 10 INFO neutron.wsgi [None req-9af36427-67d1-40de-be5d-0aec7a1ab6e4 02ec42b7888e4ecd82fc395dce0934bc f637c42fa8564b9aae4914734783994c - - default default] 10.0.0.131 "GET /v2.0/ports?not-tags=red HTTP/1.1" status: 200 len: 5463 time: 0.1819866
2026-04-07 01:17:39.371 10 INFO neutron.db.ovn_revision_numbers_db [None req-ffc517aa-46d4-443f-ab62-db40716ab1b6 fa45a86bef3f47af9d56a84b394a1595 4f373c849c2e4860b16dfa25c7224add - - - -] Successfully bumped revision number for resource beb93980-18d0-4a80-bc4c-1ac601af9714 (type: security_groups) to 1
2026-04-07 01:17:39.406 9 INFO neutron.db.ovn_revision_numbers_db [None req-18d9125e-8562-4438-af39-4b88e7a4fdc4 - - - - - -] Successfully bumped revision number for resource 949ba891-1539-496d-81ef-f60eb1a94b88 (type: ports) to 4
2026-04-07 01:17:39.426 10 INFO neutron.db.segments_db [None req-ffc517aa-46d4-443f-ab62-db40716ab1b6 fa45a86bef3f47af9d56a84b394a1595 4f373c849c2e4860b16dfa25c7224add - - - -] Added segment 941bb083-de76-491c-8591-f4843d4487a5 of type geneve for network 55c7ee0c-348a-4b48-8452-477cbedf2a24
2026-04-07 01:17:39.559 10 INFO neutron.db.ovn_revision_numbers_db [None req-ffc517aa-46d4-443f-ab62-db40716ab1b6 fa45a86bef3f47af9d56a84b394a1595 4f373c849c2e4860b16dfa25c7224add - - - -] Successfully bumped revision number for resource 55c7ee0c-348a-4b48-8452-477cbedf2a24 (type: networks) to 1
2026-04-07 01:17:39.590 9 INFO neutron.db.ovn_revision_numbers_db [None req-0278fcb9-3adb-40b1-a251-1ec90d284e02 0293b9205b2d4fe4bd4aa04a14e78d24 315f741c36044c2ab9414435abcb35d2 - - default default] Successfully bumped revision number for resource c80d6d98-cbeb-4110-91ca-834ee880edbf (type: ports) to 2
2026-04-07 01:17:39.797 9 INFO neutron.wsgi [None req-e021d01d-2691-4936-b182-3fe1af45d78b 02ec42b7888e4ecd82fc395dce0934bc f637c42fa8564b9aae4914734783994c - - default default] 10.0.0.131 "GET /v2.0/ports?not-tags=red%2Cblue HTTP/1.1" status: 200 len: 6203 time: 0.4765041
2026-04-07 01:17:39.803 9 WARNING neutron.scheduler.dhcp_agent_scheduler [None req-0278fcb9-3adb-40b1-a251-1ec90d284e02 0293b9205b2d4fe4bd4aa04a14e78d24 315f741c36044c2ab9414435abcb35d2 - - default default] No more DHCP agents
2026-04-07 01:17:39.810 9 WARNING neutron.api.rpc.agentnotifiers.dhcp_rpc_agent_api [None req-0278fcb9-3adb-40b1-a251-1ec90d284e02 0293b9205b2d4fe4bd4aa04a14e78d24 315f741c36044c2ab9414435abcb35d2 - - default default] Unable to schedule network f4b3296c-5342-4e5f-b4fa-5fac8ad5d358: no agents available; will retry on subsequent port and subnet creation events.
2026-04-07 01:17:39.906 9 INFO neutron.wsgi [None req-ae4a6790-84f5-4778-a61a-6f5a18462dc9 02ec42b7888e4ecd82fc395dce0934bc f637c42fa8564b9aae4914734783994c - - default default] 10.0.0.131 "GET /v2.0/ports?not-tags-any=blue HTTP/1.1" status: 200 len: 6203 time: 0.0977674
2026-04-07 01:17:39.972 10 INFO neutron.plugins.ml2.drivers.ovn.mech_driver.mech_driver [None req-ee02499f-61ca-4756-b0aa-f7c26bd3149e - - - - - -] OVN reports status up for port: c80d6d98-cbeb-4110-91ca-834ee880edbf
2026-04-07 01:17:39.997 10 INFO neutron.plugins.ml2.plugin [None req-ee02499f-61ca-4756-b0aa-f7c26bd3149e - - - - - -] Attempt 1 to provision port c80d6d98-cbeb-4110-91ca-834ee880edbf
2026-04-07 01:17:39.999 9 INFO neutron.wsgi [None req-76892898-4009-4a21-906f-49fdd2eab865 02ec42b7888e4ecd82fc395dce0934bc f637c42fa8564b9aae4914734783994c - - default default] 10.0.0.131 "GET /v2.0/ports?not-tags-any=red%2Cblue HTTP/1.1" status: 200 len: 5463 time: 0.0855384
2026-04-07 01:17:40.004 9 INFO neutron.db.ovn_revision_numbers_db [None req-18d9125e-8562-4438-af39-4b88e7a4fdc4 - - - - - -] Successfully bumped revision number for resource 949ba891-1539-496d-81ef-f60eb1a94b88 (type: router_ports) to 4
2026-04-07 01:17:40.089 10 WARNING neutron.scheduler.dhcp_agent_scheduler [None req-ffc517aa-46d4-443f-ab62-db40716ab1b6 fa45a86bef3f47af9d56a84b394a1595 4f373c849c2e4860b16dfa25c7224add - - - -] No more DHCP agents
2026-04-07 01:17:40.091 10 WARNING neutron.api.rpc.agentnotifiers.dhcp_rpc_agent_api [None req-ffc517aa-46d4-443f-ab62-db40716ab1b6 fa45a86bef3f47af9d56a84b394a1595 4f373c849c2e4860b16dfa25c7224add - - - -] Unable to schedule network 55c7ee0c-348a-4b48-8452-477cbedf2a24: no agents available; will retry on subsequent port and subnet creation events.
2026-04-07 01:17:40.174 10 INFO neutron.db.ovn_revision_numbers_db [None req-ffc517aa-46d4-443f-ab62-db40716ab1b6 fa45a86bef3f47af9d56a84b394a1595 4f373c849c2e4860b16dfa25c7224add - - - -] Successfully bumped revision number for resource 4e9f2cf3-54c7-465b-a505-986ded26d2e3 (type: ports) to 1
2026-04-07 01:17:40.200 10 INFO neutron.wsgi [None req-ffc517aa-46d4-443f-ab62-db40716ab1b6 fa45a86bef3f47af9d56a84b394a1595 4f373c849c2e4860b16dfa25c7224add - - - -] 10.0.0.131 "POST /v2.0/networks HTTP/1.1" status: 201 len: 831 time: 1.1893525
2026-04-07 01:17:40.326 10 INFO neutron.db.ovn_revision_numbers_db [None req-ee02499f-61ca-4756-b0aa-f7c26bd3149e - - - - - -] Successfully bumped revision number for resource c80d6d98-cbeb-4110-91ca-834ee880edbf (type: ports) to 3
2026-04-07 01:17:40.367 9 INFO neutron.wsgi [None req-61360af0-515e-4d32-aec9-e0fdc3657133 02ec42b7888e4ecd82fc395dce0934bc f637c42fa8564b9aae4914734783994c - - - -] 10.0.0.131 "DELETE /v2.0/ports/e464f478-220e-4eea-a7d6-a6ac8ba951f2 HTTP/1.1" status: 204 len: 168 time: 0.3592670
2026-04-07 01:17:40.521 10 INFO neutron.db.ovn_revision_numbers_db [None req-ee02499f-61ca-4756-b0aa-f7c26bd3149e - - - - - -] Successfully bumped revision number for resource c80d6d98-cbeb-4110-91ca-834ee880edbf (type: router_ports) to 3
2026-04-07 01:17:40.534 10 WARNING neutron.scheduler.dhcp_agent_scheduler [None req-03efce48-8a5b-4739-8bda-407149716a3f fa45a86bef3f47af9d56a84b394a1595 4f373c849c2e4860b16dfa25c7224add - - - -] No more DHCP agents
2026-04-07 01:17:40.537 10 WARNING neutron.api.rpc.agentnotifiers.dhcp_rpc_agent_api [None req-03efce48-8a5b-4739-8bda-407149716a3f fa45a86bef3f47af9d56a84b394a1595 4f373c849c2e4860b16dfa25c7224add - - - -] Unable to schedule network 55c7ee0c-348a-4b48-8452-477cbedf2a24: no agents available; will retry on subsequent port and subnet creation events.
2026-04-07 01:17:40.570 9 INFO neutron.wsgi [None req-0278fcb9-3adb-40b1-a251-1ec90d284e02 0293b9205b2d4fe4bd4aa04a14e78d24 315f741c36044c2ab9414435abcb35d2 - - - -] 10.0.0.131 "PUT /v2.0/routers/7998ea44-2dc5-4ed2-a57f-227d5046bc23/add_router_interface HTTP/1.1" status: 200 len: 503 time: 3.0646758
2026-04-07 01:17:40.681 10 INFO neutron.db.ovn_revision_numbers_db [None req-03efce48-8a5b-4739-8bda-407149716a3f fa45a86bef3f47af9d56a84b394a1595 4f373c849c2e4860b16dfa25c7224add - - - -] Successfully bumped revision number for resource 9f505a98-1fa8-4108-9a08-008ea61d2556 (type: ports) to 1
2026-04-07 01:17:40.724 10 INFO neutron.wsgi [None req-03efce48-8a5b-4739-8bda-407149716a3f fa45a86bef3f47af9d56a84b394a1595 4f373c849c2e4860b16dfa25c7224add - - - -] 10.0.0.131 "POST /v2.0/ports HTTP/1.1" status: 201 len: 942 time: 0.5140259
2026-04-07 01:17:40.747 10 INFO neutron.wsgi [None req-64402c10-952d-4d93-883e-c652bd2837ad 02ec42b7888e4ecd82fc395dce0934bc f637c42fa8564b9aae4914734783994c - - - -] 10.0.0.131 "DELETE /v2.0/ports/531b09f3-f8ba-483d-a2f5-1b10736de5e7 HTTP/1.1" status: 204 len: 168 time: 0.3719897 /var/lib/openstack/lib/python3.10/site-packages/pycadf/identifier.py:71: UserWarning: Invalid uuid: neutron. To ensure interoperability, identifiers should be a valid uuid. warnings.warn(('Invalid uuid: %s. To ensure interoperability, '
2026-04-07 01:17:40.971 9 INFO neutron.wsgi [None req-d24c93f4-9663-4240-a2b3-febab00ce4f8 fa45a86bef3f47af9d56a84b394a1595 4f373c849c2e4860b16dfa25c7224add - - - -] 10.0.0.131 "POST /v2.0/trunks HTTP/1.1" status: 201 len: 608 time: 0.2403181
2026-04-07 01:17:40.990 10 INFO neutron.wsgi [None req-d7cdb9f2-22d7-4e43-a1a4-c77a4ff71669 02ec42b7888e4ecd82fc395dce0934bc f637c42fa8564b9aae4914734783994c - - - -] 10.0.0.131 "DELETE /v2.0/ports/850db747-85a0-4933-af62-368b9d83b3f4 HTTP/1.1" status: 204 len: 168 time: 0.2313056
2026-04-07 01:17:41.006 9 INFO neutron.wsgi [None req-e67f671f-6f45-4678-96e2-a35a6fdfb02f fa45a86bef3f47af9d56a84b394a1595 4f373c849c2e4860b16dfa25c7224add - - - -] 10.0.0.131 "PUT /v2.0/trunks/64ff73a9-29b9-4ce8-9cd0-aada78deb1be/tags HTTP/1.1" status: 200 len: 218 time: 0.0307477
