2026-05-12 12:36:37.072 9 INFO neutron.db.ovn_revision_numbers_db [None req-51bce64a-5388-46fe-9050-3724af3262bb 3b0a0edda41f435d88d6ba8a74cace51 1888e6ea4bec4394803d2be1d04a8e95 - - default default] Successfully bumped revision number for resource 9ecea002-eda0-49eb-aab3-9e19c90679c3 (type: security_groups) to 1
2026-05-12 12:36:37.095 9 INFO neutron.db.ovn_revision_numbers_db [None req-51bce64a-5388-46fe-9050-3724af3262bb 3b0a0edda41f435d88d6ba8a74cace51 1888e6ea4bec4394803d2be1d04a8e95 - - default default] Successfully bumped revision number for resource 092742eb-57bc-45db-a7fe-cf26bf762541 (type: security_group_rules) to 0
2026-05-12 12:36:37.104 9 INFO neutron.db.ovn_revision_numbers_db [None req-7d16de8f-8b85-4bdb-b947-a57f817785ab 3b0a0edda41f435d88d6ba8a74cace51 1888e6ea4bec4394803d2be1d04a8e95 - - default default] Successfully bumped revision number for resource 1fbe8315-892d-4a88-ba3b-3042c0dd30c8 (type: security_groups) to 1
2026-05-12 12:36:37.108 9 INFO neutron.db.ovn_revision_numbers_db [None req-51bce64a-5388-46fe-9050-3724af3262bb 3b0a0edda41f435d88d6ba8a74cace51 1888e6ea4bec4394803d2be1d04a8e95 - - default default] Successfully bumped revision number for resource 371c41dd-891d-4e6d-8f01-57c0552c44ec (type: security_group_rules) to 0
2026-05-12 12:36:37.120 9 INFO neutron.db.ovn_revision_numbers_db [None req-7d16de8f-8b85-4bdb-b947-a57f817785ab 3b0a0edda41f435d88d6ba8a74cace51 1888e6ea4bec4394803d2be1d04a8e95 - - default default] Successfully bumped revision number for resource 0f54682b-a7c5-4eec-aba5-bc0250f1b607 (type: security_group_rules) to 0
2026-05-12 12:36:37.127 9 INFO neutron.db.ovn_revision_numbers_db [None req-51bce64a-5388-46fe-9050-3724af3262bb 3b0a0edda41f435d88d6ba8a74cace51 1888e6ea4bec4394803d2be1d04a8e95 - - default default] Successfully bumped revision number for resource 5da9f392-a365-4d1e-8060-0e59597690ac (type: security_group_rules) to 0
2026-05-12 12:36:37.139 9 INFO neutron.db.ovn_revision_numbers_db [None req-7d16de8f-8b85-4bdb-b947-a57f817785ab 3b0a0edda41f435d88d6ba8a74cace51 1888e6ea4bec4394803d2be1d04a8e95 - - default default] Successfully bumped revision number for resource 131b0d75-dfde-41bb-8035-9b26c9d827fd (type: security_group_rules) to 0
2026-05-12 12:36:37.147 9 INFO neutron.db.ovn_revision_numbers_db [None req-51bce64a-5388-46fe-9050-3724af3262bb 3b0a0edda41f435d88d6ba8a74cace51 1888e6ea4bec4394803d2be1d04a8e95 - - default default] Successfully bumped revision number for resource 5e25e21c-ea78-44b6-bc94-6a96cacb95ab (type: security_group_rules) to 0
2026-05-12 12:36:37.166 10 WARNING neutron.scheduler.dhcp_agent_scheduler [None req-f5e015ae-b257-4922-911f-4bbb6dcfa9bc 77566ef21743450191d27a3efd582d10 24da4fd615c44f7bac0013f8ca7ac075 - - default default] No more DHCP agents
2026-05-12 12:36:37.172 10 WARNING neutron.api.rpc.agentnotifiers.dhcp_rpc_agent_api [None req-f5e015ae-b257-4922-911f-4bbb6dcfa9bc 77566ef21743450191d27a3efd582d10 24da4fd615c44f7bac0013f8ca7ac075 - - default default] Unable to schedule network 5a50e26d-3e10-4b4a-87ff-bcf61747ca94: no agents available; will retry on subsequent port and subnet creation events.
2026-05-12 12:36:37.175 9 INFO neutron.wsgi [None req-51bce64a-5388-46fe-9050-3724af3262bb 3b0a0edda41f435d88d6ba8a74cace51 1888e6ea4bec4394803d2be1d04a8e95 - - default default] 10.0.0.120 "GET /v2.0/security-groups?tenant_id=afec66673f5f4e4cb262e419c1d7919d&name=default HTTP/1.1" status: 200 len: 3120 time: 0.3934312
2026-05-12 12:36:37.179 9 INFO neutron.db.ovn_revision_numbers_db [None req-7d16de8f-8b85-4bdb-b947-a57f817785ab 3b0a0edda41f435d88d6ba8a74cace51 1888e6ea4bec4394803d2be1d04a8e95 - - default default] Successfully bumped revision number for resource 8be8f9ca-8e80-478d-8015-cbe417765a40 (type: security_group_rules) to 0
2026-05-12 12:36:37.215 9 INFO neutron.db.ovn_revision_numbers_db [None req-7d16de8f-8b85-4bdb-b947-a57f817785ab 3b0a0edda41f435d88d6ba8a74cace51 1888e6ea4bec4394803d2be1d04a8e95 - - default default] Successfully bumped revision number for resource bddabe7d-249b-4ef1-bf15-2233cf770917 (type: security_group_rules) to 0
2026-05-12 12:36:37.237 9 INFO neutron.wsgi [None req-7d16de8f-8b85-4bdb-b947-a57f817785ab 3b0a0edda41f435d88d6ba8a74cace51 1888e6ea4bec4394803d2be1d04a8e95 - - default default] 10.0.0.120 "GET /v2.0/security-groups?tenant_id=bd91bfddba594807a347a8722e8f1011&name=default HTTP/1.1" status: 200 len: 3120 time: 0.3018775
2026-05-12 12:36:37.341 10 INFO neutron.services.segments.plugin [-] Segment 34544731-cb08-4df8-91ec-fd279bbe2145 resource provider aggregate not found
2026-05-12 12:36:37.357 10 INFO neutron.services.segments.plugin [-] Segment 34544731-cb08-4df8-91ec-fd279bbe2145 resource provider aggregate not found
2026-05-12 12:36:37.367 10 INFO neutron.services.segments.plugin [-] Segment 34544731-cb08-4df8-91ec-fd279bbe2145 resource provider not found; error: Placement Client Error (4xx): {"errors": [{"status": 404, "title": "Not Found", "detail": "The resource could not be found.\n\n No resource provider with uuid 34544731-cb08-4df8-91ec-fd279bbe2145 found for delete ", "request_id": "req-044454ae-d8cc-4d0c-b4df-7ac3df13ce26"}]}
2026-05-12 12:36:37.369 10 INFO neutron.db.ovn_revision_numbers_db [None req-f5e015ae-b257-4922-911f-4bbb6dcfa9bc 77566ef21743450191d27a3efd582d10 24da4fd615c44f7bac0013f8ca7ac075 - - default default] Successfully bumped revision number for resource 5cd9c3fe-7c1a-45d1-9c85-02eb070cea69 (type: ports) to 1
2026-05-12 12:36:37.380 10 INFO neutron.services.segments.plugin [-] Segment 34544731-cb08-4df8-91ec-fd279bbe2145 resource provider not found; error: Placement Client Error (4xx): {"errors": [{"status": 404, "title": "Not Found", "detail": "The resource could not be found.\n\n No resource provider with uuid 34544731-cb08-4df8-91ec-fd279bbe2145 found for delete ", "request_id": "req-e8308478-7102-4818-aeec-01d624e7bee1"}]}
2026-05-12 12:36:37.412 10 INFO neutron.wsgi [None req-f5e015ae-b257-4922-911f-4bbb6dcfa9bc 77566ef21743450191d27a3efd582d10 24da4fd615c44f7bac0013f8ca7ac075 - - default default] 10.0.0.120 "POST /v2.0/networks HTTP/1.1" status: 201 len: 849 time: 0.8028698
2026-05-12 12:36:37.421 10 INFO neutron.wsgi [None req-cd98fcb8-19b9-4d31-9bdd-ba006e5f5dbe 241d341c71a64e169c2204e16fb4e474 04556d0474bb4263859a8db2c75952e0 - - default default] 10.0.0.120 "DELETE /v2.0/networks/fc98f4b8-4037-4945-a678-3661cf6efcb6 HTTP/1.1" status: 204 len: 168 time: 0.6850772
2026-05-12 12:36:37.426 9 WARNING neutron_lib.context [None req-251aa0c6-e170-4908-9351-c4852fee1a44 77566ef21743450191d27a3efd582d10 24da4fd615c44f7bac0013f8ca7ac075 - - default default] Method 'is_advsvc' is deprecated since 2023.2 release (neutron-lib 3.8.0) and will be removed once support for the old RBAC API policies will be removed from Neutron. Please use method 'is_service_role' instead.
2026-05-12 12:36:37.480 9 INFO neutron.wsgi [None req-61a795dd-1497-45e6-97ea-c30467aabecd 3b0a0edda41f435d88d6ba8a74cace51 1888e6ea4bec4394803d2be1d04a8e95 - - default default] 10.0.0.120 "DELETE /v2.0/security-groups/9ecea002-eda0-49eb-aab3-9e19c90679c3 HTTP/1.1" status: 204 len: 168 time: 0.2979610
2026-05-12 12:36:37.492 9 WARNING neutron_lib.context [None req-251aa0c6-e170-4908-9351-c4852fee1a44 77566ef21743450191d27a3efd582d10 24da4fd615c44f7bac0013f8ca7ac075 - - default default] Method 'is_advsvc' is deprecated since 2023.2 release (neutron-lib 3.8.0) and will be removed once support for the old RBAC API policies will be removed from Neutron. Please use method 'is_service_role' instead.
2026-05-12 12:36:37.572 10 INFO neutron.wsgi [None req-3fc2d26b-6065-4f6c-9aa6-8d817cc1146e 3b0a0edda41f435d88d6ba8a74cace51 1888e6ea4bec4394803d2be1d04a8e95 - - default default] 10.0.0.120 "DELETE /v2.0/security-groups/1fbe8315-892d-4a88-ba3b-3042c0dd30c8 HTTP/1.1" status: 204 len: 168 time: 0.3290634
2026-05-12 12:36:37.671 10 INFO neutron.wsgi [None req-95f13236-1371-4132-a06b-d59aafcf1881 3b0a0edda41f435d88d6ba8a74cace51 1888e6ea4bec4394803d2be1d04a8e95 - - default default] 10.0.0.120 "GET /v2.0/security-groups?tenant_id=80d8c6a1ac194a2eb982be531c453713&name=default HTTP/1.1" status: 200 len: 3120 time: 0.0437074
2026-05-12 12:36:37.896 10 INFO neutron.db.ovn_revision_numbers_db [None req-1b5398d3-e138-44fc-a11e-56cc4404284f 3b0a0edda41f435d88d6ba8a74cace51 1888e6ea4bec4394803d2be1d04a8e95 - - default default] Successfully bumped revision number for resource 5b9851cd-8db2-4d6e-94dc-a99a1147f2cb (type: security_groups) to 1
2026-05-12 12:36:37.922 10 INFO neutron.db.ovn_revision_numbers_db [None req-1b5398d3-e138-44fc-a11e-56cc4404284f 3b0a0edda41f435d88d6ba8a74cace51 1888e6ea4bec4394803d2be1d04a8e95 - - default default] Successfully bumped revision number for resource 4e744a25-0b12-4cc0-9303-fb0c26e0f0bf (type: security_group_rules) to 0
2026-05-12 12:36:37.937 9 INFO neutron.wsgi [None req-c11c4e65-a886-4a63-8bb8-2db106958fa5 241d341c71a64e169c2204e16fb4e474 04556d0474bb4263859a8db2c75952e0 - - default default] 10.0.0.120 "DELETE /v2.0/networks/3afcc675-e861-4a3d-b5e6-a0448e2a56a9 HTTP/1.1" status: 204 len: 168 time: 0.5078812
2026-05-12 12:36:37.940 10 INFO neutron.db.ovn_revision_numbers_db [None req-1b5398d3-e138-44fc-a11e-56cc4404284f 3b0a0edda41f435d88d6ba8a74cace51 1888e6ea4bec4394803d2be1d04a8e95 - - default default] Successfully bumped revision number for resource 7bcfbca0-98f9-49dd-8269-b3ee304efae9 (type: security_group_rules) to 0
2026-05-12 12:36:37.958 10 INFO neutron.db.ovn_revision_numbers_db [None req-1b5398d3-e138-44fc-a11e-56cc4404284f 3b0a0edda41f435d88d6ba8a74cace51 1888e6ea4bec4394803d2be1d04a8e95 - - default default] Successfully bumped revision number for resource b2ffc863-738a-454a-99ba-68c16631fd16 (type: security_group_rules) to 0
2026-05-12 12:36:37.980 10 INFO neutron.wsgi [None req-53344e02-2bde-4dcc-adbf-11041b99d796 3b0a0edda41f435d88d6ba8a74cace51 1888e6ea4bec4394803d2be1d04a8e95 - - default default] 10.0.0.120 "DELETE /v2.0/security-groups/fdc01767-b24b-4a4a-ab55-c1e014840850 HTTP/1.1" status: 204 len: 168 time: 0.3038967
2026-05-12 12:36:37.991 10 INFO neutron.db.ovn_revision_numbers_db [None req-1b5398d3-e138-44fc-a11e-56cc4404284f 3b0a0edda41f435d88d6ba8a74cace51 1888e6ea4bec4394803d2be1d04a8e95 - - default default] Successfully bumped revision number for resource b914cf7b-290e-4bf9-b52b-f7b499cc68be (type: security_group_rules) to 0
2026-05-12 12:36:38.016 10 INFO neutron.wsgi [None req-1b5398d3-e138-44fc-a11e-56cc4404284f 3b0a0edda41f435d88d6ba8a74cace51 1888e6ea4bec4394803d2be1d04a8e95 - - default default] 10.0.0.120 "GET /v2.0/security-groups?tenant_id=ec08a9ef6b8d4be5a3e5a3d295178292&name=default HTTP/1.1" status: 200 len: 3120 time: 0.2984576
2026-05-12 12:36:38.051 9 WARNING neutron.scheduler.dhcp_agent_scheduler [None req-251aa0c6-e170-4908-9351-c4852fee1a44 77566ef21743450191d27a3efd582d10 24da4fd615c44f7bac0013f8ca7ac075 - - default default] No more DHCP agents
2026-05-12 12:36:38.054 9 WARNING neutron.api.rpc.agentnotifiers.dhcp_rpc_agent_api [None req-251aa0c6-e170-4908-9351-c4852fee1a44 77566ef21743450191d27a3efd582d10 24da4fd615c44f7bac0013f8ca7ac075 - - default default] Unable to schedule network 4fc79a80-c0c6-45e2-9c19-a63b7be9834b: no agents available; will retry on subsequent port and subnet creation events.
2026-05-12 12:36:38.151 9 INFO neutron.db.ovn_revision_numbers_db [None req-251aa0c6-e170-4908-9351-c4852fee1a44 77566ef21743450191d27a3efd582d10 24da4fd615c44f7bac0013f8ca7ac075 - - default default] Successfully bumped revision number for resource 5e825ce7-a1cf-4e66-bda7-f3a5c56fb8dc (type: ports) to 1
2026-05-12 12:36:38.180 9 WARNING neutron.scheduler.dhcp_agent_scheduler [None req-251aa0c6-e170-4908-9351-c4852fee1a44 77566ef21743450191d27a3efd582d10 24da4fd615c44f7bac0013f8ca7ac075 - - default default] No more DHCP agents
2026-05-12 12:36:38.182 9 WARNING neutron.api.rpc.agentnotifiers.dhcp_rpc_agent_api [None req-251aa0c6-e170-4908-9351-c4852fee1a44 77566ef21743450191d27a3efd582d10 24da4fd615c44f7bac0013f8ca7ac075 - - default default] Unable to schedule network 5a50e26d-3e10-4b4a-87ff-bcf61747ca94: no agents available; will retry on subsequent port and subnet creation events.
2026-05-12 12:36:38.272 10 INFO neutron.wsgi [None req-c5c1cdf1-8200-43e7-b48e-411a65aa1578 3b0a0edda41f435d88d6ba8a74cace51 1888e6ea4bec4394803d2be1d04a8e95 - - default default] 10.0.0.120 "DELETE /v2.0/security-groups/5b9851cd-8db2-4d6e-94dc-a99a1147f2cb HTTP/1.1" status: 204 len: 168 time: 0.2484157
2026-05-12 12:36:38.274 9 INFO neutron.db.ovn_revision_numbers_db [None req-251aa0c6-e170-4908-9351-c4852fee1a44 77566ef21743450191d27a3efd582d10 24da4fd615c44f7bac0013f8ca7ac075 - - default default] Successfully bumped revision number for resource 81f81449-6e78-4232-9469-9766e9985482 (type: ports) to 1
2026-05-12 12:36:38.303 9 INFO neutron.wsgi [None req-251aa0c6-e170-4908-9351-c4852fee1a44 77566ef21743450191d27a3efd582d10 24da4fd615c44f7bac0013f8ca7ac075 - - default default] 10.0.0.120 "POST /v2.0/ports HTTP/1.1" status: 201 len: 1706 time: 0.8857305 /var/lib/openstack/lib/python3.10/site-packages/pycadf/identifier.py:71: UserWarning: Invalid uuid: neutron. To ensure interoperability, identifiers should be a valid uuid. warnings.warn(('Invalid uuid: %s. To ensure interoperability, '
2026-05-12 12:36:38.449 9 INFO neutron.wsgi [None req-43c1f7b7-aa6a-4811-806a-748f85916976 77566ef21743450191d27a3efd582d10 24da4fd615c44f7bac0013f8ca7ac075 - - default default] 10.0.0.120 "GET /v2.0/ports HTTP/1.1" status: 200 len: 3213 time: 0.1421702
2026-05-12 12:36:38.665 9 INFO neutron.wsgi [None req-c298e957-fc0d-4335-8586-487436d35112 3b0a0edda41f435d88d6ba8a74cace51 1888e6ea4bec4394803d2be1d04a8e95 - - default default] 10.0.0.41 "GET /v2.0/subnets HTTP/1.1" status: 200 len: 1437 time: 0.1864033
2026-05-12 12:36:38.678 9 INFO neutron.wsgi [None req-50b148e7-47c3-448f-a1d7-8d76793c4413 3b0a0edda41f435d88d6ba8a74cace51 1888e6ea4bec4394803d2be1d04a8e95 - - default default] 10.0.0.41 "GET /v2.0/subnetpools HTTP/1.1" status: 200 len: 193 time: 0.0116532
2026-05-12 12:36:38.738 9 INFO neutron.wsgi [None req-f78f9e5b-732b-4783-9493-cd0f2a8a4ab5 3b0a0edda41f435d88d6ba8a74cace51 1888e6ea4bec4394803d2be1d04a8e95 - - default default] 10.0.0.41 "GET /v2.0/subnets HTTP/1.1" status: 200 len: 1437 time: 0.0443065
2026-05-12 12:36:38.754 9 INFO neutron.services.segments.plugin [-] Segment 85fb9004-221e-4be1-8d3e-bf5c476b62b8 resource provider aggregate not found
2026-05-12 12:36:38.769 9 INFO neutron.services.segments.plugin [-] Segment 85fb9004-221e-4be1-8d3e-bf5c476b62b8 resource provider aggregate not found
2026-05-12 12:36:38.788 9 INFO neutron.services.segments.plugin [-] Segment 85fb9004-221e-4be1-8d3e-bf5c476b62b8 resource provider not found; error: Placement Client Error (4xx): {"errors": [{"status": 404, "title": "Not Found", "detail": "The resource could not be found.\n\n No resource provider with uuid 85fb9004-221e-4be1-8d3e-bf5c476b62b8 found for delete ", "request_id": "req-8ab51615-4984-432b-b7a5-f2e95b7041d4"}]}
2026-05-12 12:36:38.794 9 INFO neutron.services.segments.plugin [-] Segment 85fb9004-221e-4be1-8d3e-bf5c476b62b8 resource provider not found; error: Placement Client Error (4xx): {"errors": [{"status": 404, "title": "Not Found", "detail": "The resource could not be found.\n\n No resource provider with uuid 85fb9004-221e-4be1-8d3e-bf5c476b62b8 found for delete ", "request_id": "req-d4336979-0a60-45a3-b6e5-18cb53a2d4b0"}]}
2026-05-12 12:36:38.832 10 INFO neutron.db.ovn_revision_numbers_db [None req-2f2a50fa-66d5-4f40-9e6e-c78660222c3e 3b0a0edda41f435d88d6ba8a74cace51 1888e6ea4bec4394803d2be1d04a8e95 - - default default] Successfully bumped revision number for resource c7de35c7-face-464e-9d23-735a6f8df65c (type: security_groups) to 1
2026-05-12 12:36:38.848 9 INFO neutron.wsgi [None req-7015821d-cfb0-424c-b919-81b7836732ee 3b0a0edda41f435d88d6ba8a74cace51 1888e6ea4bec4394803d2be1d04a8e95 - - default default] 10.0.0.41 "GET /v2.0/ports HTTP/1.1" status: 200 len: 7955 time: 0.1067784
2026-05-12 12:36:38.854 10 INFO neutron.db.ovn_revision_numbers_db [None req-2f2a50fa-66d5-4f40-9e6e-c78660222c3e 3b0a0edda41f435d88d6ba8a74cace51 1888e6ea4bec4394803d2be1d04a8e95 - - default default] Successfully bumped revision number for resource 18ae9b91-b23d-48c8-a609-4a6b5c96d01f (type: security_group_rules) to 0
2026-05-12 12:36:38.864 9 INFO neutron.wsgi [None req-f4b32b45-edca-44db-a750-236773ffcbc5 77566ef21743450191d27a3efd582d10 24da4fd615c44f7bac0013f8ca7ac075 - - default default] 10.0.0.120 "DELETE /v2.0/ports/5e825ce7-a1cf-4e66-bda7-f3a5c56fb8dc HTTP/1.1" status: 204 len: 168 time: 0.4037516
2026-05-12 12:36:38.877 9 INFO neutron.wsgi [None req-82407e45-0bd3-43fd-a51c-efa4088dd955 3b0a0edda41f435d88d6ba8a74cace51 1888e6ea4bec4394803d2be1d04a8e95 - - default default] 10.0.0.41 "GET /v2.0/network-ip-availabilities HTTP/1.1" status: 200 len: 1852 time: 0.0233705
2026-05-12 12:36:38.880 10 INFO neutron.db.ovn_revision_numbers_db [None req-2f2a50fa-66d5-4f40-9e6e-c78660222c3e 3b0a0edda41f435d88d6ba8a74cace51 1888e6ea4bec4394803d2be1d04a8e95 - - default default] Successfully bumped revision number for resource 68059075-0b01-40b4-80af-e79992484594 (type: security_group_rules) to 0
2026-05-12 12:36:38.906 9 INFO neutron.wsgi [None req-5165aa3d-2bc6-452e-8331-ad42ec200184 3b0a0edda41f435d88d6ba8a74cace51 1888e6ea4bec4394803d2be1d04a8e95 - - default default] 10.0.0.41 "GET /v2.0/floatingips HTTP/1.1" status: 200 len: 193 time: 0.0265708
2026-05-12 12:36:38.908 10 INFO neutron.db.ovn_revision_numbers_db [None req-2f2a50fa-66d5-4f40-9e6e-c78660222c3e 3b0a0edda41f435d88d6ba8a74cace51 1888e6ea4bec4394803d2be1d04a8e95 - - default default] Successfully bumped revision number for resource 7ac60fc3-2e40-44f3-a36d-7f13d787a496 (type: security_group_rules) to 0
2026-05-12 12:36:38.944 10 INFO neutron.db.ovn_revision_numbers_db [None req-2f2a50fa-66d5-4f40-9e6e-c78660222c3e 3b0a0edda41f435d88d6ba8a74cace51 1888e6ea4bec4394803d2be1d04a8e95 - - default default] Successfully bumped revision number for resource c12836a2-c65c-4744-95e2-2fc546a0e6f9 (type: security_group_rules) to 0
2026-05-12 12:36:38.980 10 INFO neutron.wsgi [None req-2f2a50fa-66d5-4f40-9e6e-c78660222c3e 3b0a0edda41f435d88d6ba8a74cace51 1888e6ea4bec4394803d2be1d04a8e95 - - default default] 10.0.0.120 "GET /v2.0/security-groups?tenant_id=10f956da79ce451aae43a063fc0c00a8&name=default HTTP/1.1" status: 200 len: 3120 time: 0.3445210
2026-05-12 12:36:39.246 9 INFO neutron.wsgi [None req-a99d5a5a-57a4-43f8-b6e6-cceb98f188ab 3b0a0edda41f435d88d6ba8a74cace51 1888e6ea4bec4394803d2be1d04a8e95 - - default default] 10.0.0.41 "GET /v2.0/networks HTTP/1.1" status: 200 len: 3800 time: 0.3391893
2026-05-12 12:36:39.263 10 INFO neutron.wsgi [None req-f47d5094-6f98-486f-a631-2fa09dd616fb 77566ef21743450191d27a3efd582d10 24da4fd615c44f7bac0013f8ca7ac075 - - default default] 10.0.0.120 "DELETE /v2.0/ports/81f81449-6e78-4232-9469-9766e9985482 HTTP/1.1" status: 204 len: 168 time: 0.3923306
2026-05-12 12:36:39.303 9 INFO neutron.wsgi [None req-372074e0-7fda-4fe8-88c1-901f16f9ac32 3b0a0edda41f435d88d6ba8a74cace51 1888e6ea4bec4394803d2be1d04a8e95 - - default default] 10.0.0.41 "GET /v2.0/security-groups HTTP/1.1" status: 200 len: 23382 time: 0.0516553
2026-05-12 12:36:39.327 10 INFO neutron.wsgi [None req-f2500c68-2406-46eb-85b3-0594214df9c5 3b0a0edda41f435d88d6ba8a74cace51 1888e6ea4bec4394803d2be1d04a8e95 - - default default] 10.0.0.120 "DELETE /v2.0/security-groups/c7de35c7-face-464e-9d23-735a6f8df65c HTTP/1.1" status: 204 len: 168 time: 0.3418181
2026-05-12 12:36:39.340 9 INFO neutron.wsgi [None req-881181d5-3ce0-4bac-8147-e301ea3fe036 3b0a0edda41f435d88d6ba8a74cace51 1888e6ea4bec4394803d2be1d04a8e95 - - default default] 10.0.0.41 "GET /v2.0/routers HTTP/1.1" status: 200 len: 189 time: 0.0307696
2026-05-12 12:36:39.351 9 INFO neutron.wsgi [None req-e054df72-1e06-4b05-b99a-0b82434d217b 3b0a0edda41f435d88d6ba8a74cace51 1888e6ea4bec4394803d2be1d04a8e95 - - default default] 10.0.0.41 "GET /v2.0/agents?binary=ovn-controller HTTP/1.1" status: 200 len: 591 time: 0.0097489
2026-05-12 12:36:39.355 10 INFO neutron.wsgi [None req-27b208c1-5705-44ad-88cd-827ef2d818ce 77566ef21743450191d27a3efd582d10 24da4fd615c44f7bac0013f8ca7ac075 - - default default] 10.0.0.120 "GET /v2.0/ports HTTP/1.1" status: 200 len: 1718 time: 0.0886660
2026-05-12 12:36:39.364 9 INFO neutron.wsgi [None req-876093ba-9975-4553-8427-6b919c25aad3 3b0a0edda41f435d88d6ba8a74cace51 1888e6ea4bec4394803d2be1d04a8e95 - - default default] 10.0.0.41 "GET /v2.0/agents HTTP/1.1" status: 200 len: 1390 time: 0.0124083
2026-05-12 12:36:39.365 10 WARNING neutron_lib.context [None req-0c79f4e2-10b5-4354-a5ef-2985cecda241 77566ef21743450191d27a3efd582d10 24da4fd615c44f7bac0013f8ca7ac075 - - default default] Method 'is_advsvc' is deprecated since 2023.2 release (neutron-lib 3.8.0) and will be removed once support for the old RBAC API policies will be removed from Neutron. Please use method 'is_service_role' instead.
2026-05-12 12:36:39.466 10 INFO neutron.db.segments_db [None req-0c79f4e2-10b5-4354-a5ef-2985cecda241 77566ef21743450191d27a3efd582d10 24da4fd615c44f7bac0013f8ca7ac075 - - default default] Added segment a1b975ab-604f-4968-83f6-65472f4947bb of type geneve for network 0b87f999-f27e-4d9d-8701-fceba4728dde
2026-05-12 12:36:39.498 10 INFO neutron.wsgi [None req-80bbce38-d017-46ea-b759-1ea302483e26 3b0a0edda41f435d88d6ba8a74cace51 1888e6ea4bec4394803d2be1d04a8e95 - - default default] 10.0.0.120 "GET /v2.0/security-groups?tenant_id=04556d0474bb4263859a8db2c75952e0&name=default HTTP/1.1" status: 200 len: 3120 time: 0.0533278
2026-05-12 12:36:39.611 10 INFO neutron.db.ovn_revision_numbers_db [None req-0c79f4e2-10b5-4354-a5ef-2985cecda241 77566ef21743450191d27a3efd582d10 24da4fd615c44f7bac0013f8ca7ac075 - - default default] Successfully bumped revision number for resource 0b87f999-f27e-4d9d-8701-fceba4728dde (type: networks) to 1
2026-05-12 12:36:39.711 9 INFO neutron.wsgi [None req-3dc42839-1fb9-4b2e-b5b5-1fa31ad2aa43 3b0a0edda41f435d88d6ba8a74cace51 1888e6ea4bec4394803d2be1d04a8e95 - - default default] 10.0.0.120 "DELETE /v2.0/security-groups/aa87baff-a17b-4de3-b5c6-409b31ff1a30 HTTP/1.1" status: 204 len: 168 time: 0.2077804
2026-05-12 12:36:39.813 10 WARNING neutron.scheduler.dhcp_agent_scheduler [None req-0c79f4e2-10b5-4354-a5ef-2985cecda241 77566ef21743450191d27a3efd582d10 24da4fd615c44f7bac0013f8ca7ac075 - - default default] No more DHCP agents
2026-05-12 12:36:39.816 10 WARNING neutron.api.rpc.agentnotifiers.dhcp_rpc_agent_api [None req-0c79f4e2-10b5-4354-a5ef-2985cecda241 77566ef21743450191d27a3efd582d10 24da4fd615c44f7bac0013f8ca7ac075 - - default default] Unable to schedule network 0b87f999-f27e-4d9d-8701-fceba4728dde: no agents available; will retry on subsequent port and subnet creation events.
2026-05-12 12:36:39.926 10 INFO neutron.db.ovn_revision_numbers_db [None req-0c79f4e2-10b5-4354-a5ef-2985cecda241 77566ef21743450191d27a3efd582d10 24da4fd615c44f7bac0013f8ca7ac075 - - default default] Successfully bumped revision number for resource da14f9a5-d5a6-4ddb-9d3d-13ebaa549ceb (type: ports) to 1
2026-05-12 12:36:39.952 10 INFO neutron.wsgi [None req-0c79f4e2-10b5-4354-a5ef-2985cecda241 77566ef21743450191d27a3efd582d10 24da4fd615c44f7bac0013f8ca7ac075 - - default default] 10.0.0.120 "POST /v2.0/networks HTTP/1.1" status: 201 len: 848 time: 0.5897837
2026-05-12 12:36:39.963 10 WARNING neutron_lib.context [None req-9cef4edf-0ac6-4fec-aa76-748c115932f3 77566ef21743450191d27a3efd582d10 24da4fd615c44f7bac0013f8ca7ac075 - - default default] Method 'is_advsvc' is deprecated since 2023.2 release (neutron-lib 3.8.0) and will be removed once support for the old RBAC API policies will be removed from Neutron. Please use method 'is_service_role' instead.
2026-05-12 12:36:40.047 10 INFO neutron.db.segments_db [None req-9cef4edf-0ac6-4fec-aa76-748c115932f3 77566ef21743450191d27a3efd582d10 24da4fd615c44f7bac0013f8ca7ac075 - - default default] Added segment e1ae579b-c062-42f9-9929-1648b1fd2aa4 of type geneve for network 422fdfd7-6126-4008-a435-5d055a27c8bb
2026-05-12 12:36:40.188 10 INFO neutron.db.ovn_revision_numbers_db [None req-9cef4edf-0ac6-4fec-aa76-748c115932f3 77566ef21743450191d27a3efd582d10 24da4fd615c44f7bac0013f8ca7ac075 - - default default] Successfully bumped revision number for resource 422fdfd7-6126-4008-a435-5d055a27c8bb (type: networks) to 1
2026-05-12 12:36:40.393 10 WARNING neutron.scheduler.dhcp_agent_scheduler [None req-9cef4edf-0ac6-4fec-aa76-748c115932f3 77566ef21743450191d27a3efd582d10 24da4fd615c44f7bac0013f8ca7ac075 - - default default] No more DHCP agents
2026-05-12 12:36:40.395 10 WARNING neutron.api.rpc.agentnotifiers.dhcp_rpc_agent_api [None req-9cef4edf-0ac6-4fec-aa76-748c115932f3 77566ef21743450191d27a3efd582d10 24da4fd615c44f7bac0013f8ca7ac075 - - default default] Unable to schedule network 422fdfd7-6126-4008-a435-5d055a27c8bb: no agents available; will retry on subsequent port and subnet creation events.
2026-05-12 12:36:40.485 10 INFO neutron.db.ovn_revision_numbers_db [None req-9cef4edf-0ac6-4fec-aa76-748c115932f3 77566ef21743450191d27a3efd582d10 24da4fd615c44f7bac0013f8ca7ac075 - - default default] Successfully bumped revision number for resource a75085f9-0219-4e2f-a06d-48faad3da82d (type: ports) to 1
2026-05-12 12:36:40.511 10 INFO neutron.wsgi [None req-9cef4edf-0ac6-4fec-aa76-748c115932f3 77566ef21743450191d27a3efd582d10 24da4fd615c44f7bac0013f8ca7ac075 - - default default] 10.0.0.120 "POST /v2.0/networks HTTP/1.1" status: 201 len: 848 time: 0.5541635
2026-05-12 12:36:40.550 10 WARNING neutron_lib.context [None req-357c6cb6-b5f9-466e-b434-93de8c2d785a 77566ef21743450191d27a3efd582d10 24da4fd615c44f7bac0013f8ca7ac075 - - default default] Method 'is_advsvc' is deprecated since 2023.2 release (neutron-lib 3.8.0) and will be removed once support for the old RBAC API policies will be removed from Neutron. Please use method 'is_service_role' instead.
2026-05-12 12:36:40.588 10 WARNING neutron_lib.context [None req-357c6cb6-b5f9-466e-b434-93de8c2d785a 77566ef21743450191d27a3efd582d10 24da4fd615c44f7bac0013f8ca7ac075 - - default default] Method 'is_advsvc' is deprecated since 2023.2 release (neutron-lib 3.8.0) and will be removed once support for the old RBAC API policies will be removed from Neutron. Please use method 'is_service_role' instead.
2026-05-12 12:36:40.980 10 WARNING neutron.scheduler.dhcp_agent_scheduler [None req-357c6cb6-b5f9-466e-b434-93de8c2d785a 77566ef21743450191d27a3efd582d10 24da4fd615c44f7bac0013f8ca7ac075 - - default default] No more DHCP agents
2026-05-12 12:36:40.982 10 WARNING neutron.api.rpc.agentnotifiers.dhcp_rpc_agent_api [None req-357c6cb6-b5f9-466e-b434-93de8c2d785a 77566ef21743450191d27a3efd582d10 24da4fd615c44f7bac0013f8ca7ac075 - - default default] Unable to schedule network 0b87f999-f27e-4d9d-8701-fceba4728dde: no agents available; will retry on subsequent port and subnet creation events.
2026-05-12 12:36:41.728 10 INFO neutron.db.ovn_revision_numbers_db [None req-357c6cb6-b5f9-466e-b434-93de8c2d785a 77566ef21743450191d27a3efd582d10 24da4fd615c44f7bac0013f8ca7ac075 - - default default] Successfully bumped revision number for resource da14f9a5-d5a6-4ddb-9d3d-13ebaa549ceb (type: ports) to 2
2026-05-12 12:36:41.770 10 INFO neutron.db.ovn_revision_numbers_db [None req-357c6cb6-b5f9-466e-b434-93de8c2d785a 77566ef21743450191d27a3efd582d10 24da4fd615c44f7bac0013f8ca7ac075 - - default default] Successfully bumped revision number for resource 2da9fedf-8e7f-4569-a1f6-5c9f6a3736ec (type: subnets) to 0
2026-05-12 12:36:41.796 10 WARNING neutron.scheduler.dhcp_agent_scheduler [None req-357c6cb6-b5f9-466e-b434-93de8c2d785a 77566ef21743450191d27a3efd582d10 24da4fd615c44f7bac0013f8ca7ac075 - - default default] No more DHCP agents
2026-05-12 12:36:41.800 10 WARNING neutron.api.rpc.agentnotifiers.dhcp_rpc_agent_api [None req-357c6cb6-b5f9-466e-b434-93de8c2d785a 77566ef21743450191d27a3efd582d10 24da4fd615c44f7bac0013f8ca7ac075 - - default default] Unable to schedule network 422fdfd7-6126-4008-a435-5d055a27c8bb: no agents available; will retry on subsequent port and subnet creation events.
2026-05-12 12:36:42.375 10 INFO neutron.db.ovn_revision_numbers_db [None req-357c6cb6-b5f9-466e-b434-93de8c2d785a 77566ef21743450191d27a3efd582d10 24da4fd615c44f7bac0013f8ca7ac075 - - default default] Successfully bumped revision number for resource a75085f9-0219-4e2f-a06d-48faad3da82d (type: ports) to 2
2026-05-12 12:36:42.411 10 INFO neutron.db.ovn_revision_numbers_db [None req-357c6cb6-b5f9-466e-b434-93de8c2d785a 77566ef21743450191d27a3efd582d10 24da4fd615c44f7bac0013f8ca7ac075 - - default default] Successfully bumped revision number for resource a15444ab-82a2-4b62-83ef-9dab1c2baa17 (type: subnets) to 0
2026-05-12 12:36:42.437 10 INFO neutron.wsgi [None req-357c6cb6-b5f9-466e-b434-93de8c2d785a 77566ef21743450191d27a3efd582d10 24da4fd615c44f7bac0013f8ca7ac075 - - default default] 10.0.0.120 "POST /v2.0/subnets HTTP/1.1" status: 201 len: 1426 time: 1.8924851
2026-05-12 12:36:42.467 9 WARNING neutron_lib.context [None req-ddea3d78-6154-4e64-94cc-91aeb11a8180 f178d78747be41c5805a6fee84a7eacf b6fac5a016e5429eb59c751c97a13818 - - default default] Method 'is_advsvc' is deprecated since 2023.2 release (neutron-lib 3.8.0) and will be removed once support for the old RBAC API policies will be removed from Neutron. Please use method 'is_service_role' instead.
2026-05-12 12:36:42.494 10 INFO neutron.wsgi [None req-6366efbc-3eda-442e-99d8-92d75aeb2eef 77566ef21743450191d27a3efd582d10 24da4fd615c44f7bac0013f8ca7ac075 - - default default] 10.0.0.120 "GET /v2.0/subnets HTTP/1.1" status: 200 len: 2034 time: 0.0510857
2026-05-12 12:36:42.656 10 WARNING neutron_lib.context [None req-b96c1e62-e133-495b-9c8a-2f3d4d203693 16963ca0380842be81fc1d535db44940 da70bda1269a4002bbe6c49c661b4571 - - default default] Method 'is_advsvc' is deprecated since 2023.2 release (neutron-lib 3.8.0) and will be removed once support for the old RBAC API policies will be removed from Neutron. Please use method 'is_service_role' instead.
2026-05-12 12:36:42.714 10 INFO neutron.wsgi [None req-de86d064-12e5-4171-936f-1decf532f276 77566ef21743450191d27a3efd582d10 24da4fd615c44f7bac0013f8ca7ac075 - - default default] 10.0.0.120 "DELETE /v2.0/subnets/2da9fedf-8e7f-4569-a1f6-5c9f6a3736ec HTTP/1.1" status: 204 len: 168 time: 0.2120206
2026-05-12 12:36:42.747 9 WARNING neutron.scheduler.dhcp_agent_scheduler [None req-ddea3d78-6154-4e64-94cc-91aeb11a8180 f178d78747be41c5805a6fee84a7eacf b6fac5a016e5429eb59c751c97a13818 - - default default] No more DHCP agents
2026-05-12 12:36:42.751 9 WARNING neutron.api.rpc.agentnotifiers.dhcp_rpc_agent_api [None req-ddea3d78-6154-4e64-94cc-91aeb11a8180 f178d78747be41c5805a6fee84a7eacf b6fac5a016e5429eb59c751c97a13818 - - default default] Unable to schedule network 110dc62a-4dd9-4f3d-b334-a5f1ef86a5c0: no agents available; will retry on subsequent port and subnet creation events.
2026-05-12 12:36:42.833 10 INFO neutron.db.ovn_revision_numbers_db [None req-b96c1e62-e133-495b-9c8a-2f3d4d203693 16963ca0380842be81fc1d535db44940 da70bda1269a4002bbe6c49c661b4571 - - default default] Successfully bumped revision number for resource 10c7fae1-f553-469d-bfca-cd32eac22d13 (type: security_groups) to 1
2026-05-12 12:36:42.853 10 INFO neutron.db.ovn_revision_numbers_db [None req-b96c1e62-e133-495b-9c8a-2f3d4d203693 16963ca0380842be81fc1d535db44940 da70bda1269a4002bbe6c49c661b4571 - - default default] Successfully bumped revision number for resource 1b98679a-eba3-4fc8-8319-e9eab7659725 (type: security_group_rules) to 0
2026-05-12 12:36:42.875 10 INFO neutron.db.ovn_revision_numbers_db [None req-b96c1e62-e133-495b-9c8a-2f3d4d203693 16963ca0380842be81fc1d535db44940 da70bda1269a4002bbe6c49c661b4571 - - default default] Successfully bumped revision number for resource 1f2639ed-4455-473d-b497-f13bd13dd2eb (type: security_group_rules) to 0
2026-05-12 12:36:42.891 10 INFO neutron.db.ovn_revision_numbers_db [None req-b96c1e62-e133-495b-9c8a-2f3d4d203693 16963ca0380842be81fc1d535db44940 da70bda1269a4002bbe6c49c661b4571 - - default default] Successfully bumped revision number for resource 4dd06160-441d-4799-a08b-b61a584a79b5 (type: security_group_rules) to 0
2026-05-12 12:36:42.913 10 INFO neutron.db.ovn_revision_numbers_db [None req-b96c1e62-e133-495b-9c8a-2f3d4d203693 16963ca0380842be81fc1d535db44940 da70bda1269a4002bbe6c49c661b4571 - - default default] Successfully bumped revision number for resource 644e7ce3-a57c-4ea2-b8b0-8cdc2ee0b706 (type: security_group_rules) to 0
2026-05-12 12:36:42.931 10 INFO neutron.wsgi [None req-946cd788-c329-4962-94b9-271ed4c3475d 77566ef21743450191d27a3efd582d10 24da4fd615c44f7bac0013f8ca7ac075 - - default default] 10.0.0.120 "DELETE /v2.0/subnets/a15444ab-82a2-4b62-83ef-9dab1c2baa17 HTTP/1.1" status: 204 len: 168 time: 0.2107117
2026-05-12 12:36:42.985 10 INFO neutron.wsgi [None req-819ee81d-14bd-4a08-ad67-ca1e45229e1e 77566ef21743450191d27a3efd582d10 24da4fd615c44f7bac0013f8ca7ac075 - - default default] 10.0.0.120 "GET /v2.0/subnets HTTP/1.1" status: 200 len: 820 time: 0.0464354
2026-05-12 12:36:43.041 10 INFO neutron.db.ovn_revision_numbers_db [None req-b96c1e62-e133-495b-9c8a-2f3d4d203693 16963ca0380842be81fc1d535db44940 da70bda1269a4002bbe6c49c661b4571 - - default default] Successfully bumped revision number for resource bc72cf67-a292-4d3f-b436-91cd3e249225 (type: security_groups) to 1
2026-05-12 12:36:43.055 10 INFO neutron.db.ovn_revision_numbers_db [None req-b96c1e62-e133-495b-9c8a-2f3d4d203693 16963ca0380842be81fc1d535db44940 da70bda1269a4002bbe6c49c661b4571 - - default default] Successfully bumped revision number for resource b5886f80-88f6-45fe-a8ff-c39cad6f0c0d (type: security_group_rules) to 0
2026-05-12 12:36:43.069 10 INFO neutron.db.ovn_revision_numbers_db [None req-b96c1e62-e133-495b-9c8a-2f3d4d203693 16963ca0380842be81fc1d535db44940 da70bda1269a4002bbe6c49c661b4571 - - default default] Successfully bumped revision number for resource e762b2b2-0196-4923-8801-79370ffbe0d8 (type: security_group_rules) to 0
2026-05-12 12:36:43.088 10 INFO neutron.wsgi [None req-b96c1e62-e133-495b-9c8a-2f3d4d203693 16963ca0380842be81fc1d535db44940 da70bda1269a4002bbe6c49c661b4571 - - default default] 10.0.0.120 "POST /v2.0/security-groups HTTP/1.1" status: 201 len: 1801 time: 0.4739149
2026-05-12 12:36:43.110 10 WARNING neutron_lib.context [None req-03ecaf3c-509f-4ced-a804-a58ffe6a164d 16963ca0380842be81fc1d535db44940 da70bda1269a4002bbe6c49c661b4571 - - default default] Method 'is_advsvc' is deprecated since 2023.2 release (neutron-lib 3.8.0) and will be removed once support for the old RBAC API policies will be removed from Neutron. Please use method 'is_service_role' instead.
2026-05-12 12:36:43.193 9 INFO neutron.wsgi [None req-ddea3d78-6154-4e64-94cc-91aeb11a8180 f178d78747be41c5805a6fee84a7eacf b6fac5a016e5429eb59c751c97a13818 - - default default] 10.0.0.120 "POST /v2.0/floatingips HTTP/1.1" status: 201 len: 751 time: 0.8649971
2026-05-12 12:36:43.201 9 WARNING neutron_lib.context [None req-5d88a804-e4a9-4962-ae81-af8a65acfcfb f178d78747be41c5805a6fee84a7eacf b6fac5a016e5429eb59c751c97a13818 - - default default] Method 'is_advsvc' is deprecated since 2023.2 release (neutron-lib 3.8.0) and will be removed once support for the old RBAC API policies will be removed from Neutron. Please use method 'is_service_role' instead.
2026-05-12 12:36:43.240 10 INFO neutron.db.ovn_revision_numbers_db [None req-03ecaf3c-509f-4ced-a804-a58ffe6a164d 16963ca0380842be81fc1d535db44940 da70bda1269a4002bbe6c49c661b4571 - - default default] Successfully bumped revision number for resource b563d334-4f56-463c-9bdf-40d03ee40708 (type: security_groups) to 1
2026-05-12 12:36:43.253 10 INFO neutron.db.ovn_revision_numbers_db [None req-03ecaf3c-509f-4ced-a804-a58ffe6a164d 16963ca0380842be81fc1d535db44940 da70bda1269a4002bbe6c49c661b4571 - - default default] Successfully bumped revision number for resource 6c028b96-2ef3-4fff-95dd-3ded05d0ab09 (type: security_group_rules) to 0
2026-05-12 12:36:43.268 10 INFO neutron.db.ovn_revision_numbers_db [None req-03ecaf3c-509f-4ced-a804-a58ffe6a164d 16963ca0380842be81fc1d535db44940 da70bda1269a4002bbe6c49c661b4571 - - default default] Successfully bumped revision number for resource efaab305-80d5-4e50-97c4-a007fdc68fe2 (type: security_group_rules) to 0
2026-05-12 12:36:43.288 10 INFO neutron.wsgi [None req-03ecaf3c-509f-4ced-a804-a58ffe6a164d 16963ca0380842be81fc1d535db44940 da70bda1269a4002bbe6c49c661b4571 - - default default] 10.0.0.120 "POST /v2.0/security-groups HTTP/1.1" status: 201 len: 1801 time: 0.1864774
2026-05-12 12:36:43.299 10 WARNING neutron_lib.context [None req-c13ef010-b52d-41a8-98f4-c54a94b06623 16963ca0380842be81fc1d535db44940 da70bda1269a4002bbe6c49c661b4571 - - default default] Method 'is_advsvc' is deprecated since 2023.2 release (neutron-lib 3.8.0) and will be removed once support for the old RBAC API policies will be removed from Neutron. Please use method 'is_service_role' instead.
2026-05-12 12:36:43.407 10 INFO neutron.db.ovn_revision_numbers_db [None req-c13ef010-b52d-41a8-98f4-c54a94b06623 16963ca0380842be81fc1d535db44940 da70bda1269a4002bbe6c49c661b4571 - - default default] Successfully bumped revision number for resource 2aa8b02a-ed26-498f-b746-fd3b9d5bbe44 (type: security_groups) to 1
2026-05-12 12:36:43.421 10 INFO neutron.db.ovn_revision_numbers_db [None req-c13ef010-b52d-41a8-98f4-c54a94b06623 16963ca0380842be81fc1d535db44940 da70bda1269a4002bbe6c49c661b4571 - - default default] Successfully bumped revision number for resource e1e8fd8e-7c1c-4110-80bc-1bbef694c3b1 (type: security_group_rules) to 0
2026-05-12 12:36:43.439 10 INFO neutron.db.ovn_revision_numbers_db [None req-c13ef010-b52d-41a8-98f4-c54a94b06623 16963ca0380842be81fc1d535db44940 da70bda1269a4002bbe6c49c661b4571 - - default default] Successfully bumped revision number for resource e2ed64e4-0f01-4b15-a2e8-42b16e43d5d3 (type: security_group_rules) to 0
2026-05-12 12:36:43.462 10 INFO neutron.wsgi [None req-c13ef010-b52d-41a8-98f4-c54a94b06623 16963ca0380842be81fc1d535db44940 da70bda1269a4002bbe6c49c661b4571 - - default default] 10.0.0.120 "POST /v2.0/security-groups HTTP/1.1" status: 201 len: 1801 time: 0.1667438
2026-05-12 12:36:43.474 10 WARNING neutron_lib.context [None req-758a26c4-cf84-42ab-9e86-9c44fdab6628 16963ca0380842be81fc1d535db44940 da70bda1269a4002bbe6c49c661b4571 - - default default] Method 'is_advsvc' is deprecated since 2023.2 release (neutron-lib 3.8.0) and will be removed once support for the old RBAC API policies will be removed from Neutron. Please use method 'is_service_role' instead.
2026-05-12 12:36:43.539 9 INFO neutron.wsgi [-] 10.0.0.184 "GET / HTTP/1.1" status: 200 len: 247 time: 0.0022428
2026-05-12 12:36:43.541 9 INFO neutron.wsgi [-] 10.0.0.184 "GET / HTTP/1.1" status: 200 len: 247 time: 0.0013902
2026-05-12 12:36:43.555 9 INFO neutron.services.segments.plugin [-] Segment e1ae579b-c062-42f9-9929-1648b1fd2aa4 resource provider aggregate not found
2026-05-12 12:36:43.564 9 INFO neutron.services.segments.plugin [-] Segment e1ae579b-c062-42f9-9929-1648b1fd2aa4 resource provider aggregate not found
2026-05-12 12:36:43.585 9 INFO neutron.services.segments.plugin [-] Segment e1ae579b-c062-42f9-9929-1648b1fd2aa4 resource provider not found; error: Placement Client Error (4xx): {"errors": [{"status": 404, "title": "Not Found", "detail": "The resource could not be found.\n\n No resource provider with uuid e1ae579b-c062-42f9-9929-1648b1fd2aa4 found for delete ", "request_id": "req-9bacdb1e-a21d-4c58-979e-3bdb0e34dbb6"}]}
2026-05-12 12:36:43.586 9 INFO neutron.services.segments.plugin [-] Segment e1ae579b-c062-42f9-9929-1648b1fd2aa4 resource provider not found; error: Placement Client Error (4xx): {"errors": [{"status": 404, "title": "Not Found", "detail": "The resource could not be found.\n\n No resource provider with uuid e1ae579b-c062-42f9-9929-1648b1fd2aa4 found for delete ", "request_id": "req-9b9fc9a3-6497-4c20-80c7-654699530be7"}]}
2026-05-12 12:36:43.590 10 INFO neutron.db.ovn_revision_numbers_db [None req-758a26c4-cf84-42ab-9e86-9c44fdab6628 16963ca0380842be81fc1d535db44940 da70bda1269a4002bbe6c49c661b4571 - - default default] Successfully bumped revision number for resource 2d0852e8-1f2f-40e6-bb19-64ace22bd569 (type: security_groups) to 1
2026-05-12 12:36:43.604 10 INFO neutron.db.ovn_revision_numbers_db [None req-758a26c4-cf84-42ab-9e86-9c44fdab6628 16963ca0380842be81fc1d535db44940 da70bda1269a4002bbe6c49c661b4571 - - default default] Successfully bumped revision number for resource 0b67544a-7054-4936-bacf-3666880eb168 (type: security_group_rules) to 0
2026-05-12 12:36:43.619 9 WARNING neutron.scheduler.dhcp_agent_scheduler [None req-5d88a804-e4a9-4962-ae81-af8a65acfcfb f178d78747be41c5805a6fee84a7eacf b6fac5a016e5429eb59c751c97a13818 - - default default] No more DHCP agents
2026-05-12 12:36:43.622 9 INFO neutron.wsgi [None req-c13c00dd-e451-4f69-90d6-ca94759560a4 77566ef21743450191d27a3efd582d10 24da4fd615c44f7bac0013f8ca7ac075 - - default default] 10.0.0.120 "DELETE /v2.0/networks/422fdfd7-6126-4008-a435-5d055a27c8bb HTTP/1.1" status: 204 len: 168 time: 0.6298437
2026-05-12 12:36:43.626 10 INFO neutron.db.ovn_revision_numbers_db [None req-758a26c4-cf84-42ab-9e86-9c44fdab6628 16963ca0380842be81fc1d535db44940 da70bda1269a4002bbe6c49c661b4571 - - default default] Successfully bumped revision number for resource 47501f44-7c8f-46c2-8864-0b0d486300b7 (type: security_group_rules) to 0
2026-05-12 12:36:43.628 9 WARNING neutron.api.rpc.agentnotifiers.dhcp_rpc_agent_api [None req-5d88a804-e4a9-4962-ae81-af8a65acfcfb f178d78747be41c5805a6fee84a7eacf b6fac5a016e5429eb59c751c97a13818 - - default default] Unable to schedule network 110dc62a-4dd9-4f3d-b334-a5f1ef86a5c0: no agents available; will retry on subsequent port and subnet creation events.
2026-05-12 12:36:43.666 10 INFO neutron.wsgi [None req-758a26c4-cf84-42ab-9e86-9c44fdab6628 16963ca0380842be81fc1d535db44940 da70bda1269a4002bbe6c49c661b4571 - - default default] 10.0.0.120 "POST /v2.0/security-groups HTTP/1.1" status: 201 len: 1801 time: 0.1959949
2026-05-12 12:36:43.681 10 WARNING neutron_lib.context [None req-aae44778-67a3-4bd1-9cd6-abc61aeb26c1 16963ca0380842be81fc1d535db44940 da70bda1269a4002bbe6c49c661b4571 - - default default] Method 'is_advsvc' is deprecated since 2023.2 release (neutron-lib 3.8.0) and will be removed once support for the old RBAC API policies will be removed from Neutron. Please use method 'is_service_role' instead.
2026-05-12 12:36:43.843 10 INFO neutron.db.ovn_revision_numbers_db [None req-aae44778-67a3-4bd1-9cd6-abc61aeb26c1 16963ca0380842be81fc1d535db44940 da70bda1269a4002bbe6c49c661b4571 - - default default] Successfully bumped revision number for resource cfdb9f93-26ee-49a2-ac79-85d2beb5adca (type: security_groups) to 1
2026-05-12 12:36:43.856 10 INFO neutron.db.ovn_revision_numbers_db [None req-aae44778-67a3-4bd1-9cd6-abc61aeb26c1 16963ca0380842be81fc1d535db44940 da70bda1269a4002bbe6c49c661b4571 - - default default] Successfully bumped revision number for resource 5d8d4030-53f1-402e-a0ed-c7a67fdd9397 (type: security_group_rules) to 0
2026-05-12 12:36:43.875 10 INFO neutron.db.ovn_revision_numbers_db [None req-aae44778-67a3-4bd1-9cd6-abc61aeb26c1 16963ca0380842be81fc1d535db44940 da70bda1269a4002bbe6c49c661b4571 - - default default] Successfully bumped revision number for resource e41c7bce-b032-4b26-9ba4-ed3a41aa696f (type: security_group_rules) to 0
2026-05-12 12:36:43.895 10 INFO neutron.wsgi [None req-aae44778-67a3-4bd1-9cd6-abc61aeb26c1 16963ca0380842be81fc1d535db44940 da70bda1269a4002bbe6c49c661b4571 - - default default] 10.0.0.120 "POST /v2.0/security-groups HTTP/1.1" status: 201 len: 1801 time: 0.2193246
2026-05-12 12:36:43.985 10 INFO neutron.wsgi [None req-49deb548-5804-4192-8e15-6f971a98ee40 16963ca0380842be81fc1d535db44940 da70bda1269a4002bbe6c49c661b4571 - - default default] 10.0.0.120 "PUT /v2.0/security-groups/bc72cf67-a292-4d3f-b436-91cd3e249225/tags HTTP/1.1" status: 200 len: 210 time: 0.0755351
2026-05-12 12:36:43.986 9 INFO neutron.wsgi [None req-5d88a804-e4a9-4962-ae81-af8a65acfcfb f178d78747be41c5805a6fee84a7eacf b6fac5a016e5429eb59c751c97a13818 - - default default] 10.0.0.120 "POST /v2.0/floatingips HTTP/1.1" status: 201 len: 751 time: 0.7890713
2026-05-12 12:36:43.999 9 WARNING neutron_lib.context [None req-70bbc9c9-d6b4-41a8-a755-1894e6921827 f178d78747be41c5805a6fee84a7eacf b6fac5a016e5429eb59c751c97a13818 - - default default] Method 'is_advsvc' is deprecated since 2023.2 release (neutron-lib 3.8.0) and will be removed once support for the old RBAC API policies will be removed from Neutron. Please use method 'is_service_role' instead.
2026-05-12 12:36:44.057 9 INFO neutron.wsgi [None req-904f2d4c-109e-4534-82e0-a462581218a7 16963ca0380842be81fc1d535db44940 da70bda1269a4002bbe6c49c661b4571 - - default default] 10.0.0.120 "PUT /v2.0/security-groups/b563d334-4f56-463c-9bdf-40d03ee40708/tags HTTP/1.1" status: 200 len: 218 time: 0.0656922
2026-05-12 12:36:44.064 10 INFO neutron.services.segments.plugin [-] Segment a1b975ab-604f-4968-83f6-65472f4947bb resource provider aggregate not found
2026-05-12 12:36:44.069 10 INFO neutron.services.segments.plugin [-] Segment a1b975ab-604f-4968-83f6-65472f4947bb resource provider aggregate not found
2026-05-12 12:36:44.086 10 INFO neutron.services.segments.plugin [-] Segment a1b975ab-604f-4968-83f6-65472f4947bb resource provider not found; error: Placement Client Error (4xx): {"errors": [{"status": 404, "title": "Not Found", "detail": "The resource could not be found.\n\n No resource provider with uuid a1b975ab-604f-4968-83f6-65472f4947bb found for delete ", "request_id": "req-5e95d3e1-4659-45fd-9559-08ccbf8fa3c8"}]}
2026-05-12 12:36:44.093 10 INFO neutron.services.segments.plugin [-] Segment a1b975ab-604f-4968-83f6-65472f4947bb resource provider not found; error: Placement Client Error (4xx): {"errors": [{"status": 404, "title": "Not Found", "detail": "The resource could not be found.\n\n No resource provider with uuid a1b975ab-604f-4968-83f6-65472f4947bb found for delete ", "request_id": "req-76ffceb9-8c24-436e-9b2f-f1fbc865a675"}]}
2026-05-12 12:36:44.115 10 INFO neutron.wsgi [None req-ecce70cf-dc17-49a8-89e2-2ea82ad5297e 77566ef21743450191d27a3efd582d10 24da4fd615c44f7bac0013f8ca7ac075 - - default default] 10.0.0.120 "DELETE /v2.0/networks/0b87f999-f27e-4d9d-8701-fceba4728dde HTTP/1.1" status: 204 len: 168 time: 0.4849157
2026-05-12 12:36:44.118 9 INFO neutron.wsgi [None req-eba8197a-9b11-4d27-9a81-1442098a79ed 16963ca0380842be81fc1d535db44940 da70bda1269a4002bbe6c49c661b4571 - - default default] 10.0.0.120 "PUT /v2.0/security-groups/2aa8b02a-ed26-498f-b746-fd3b9d5bbe44/tags HTTP/1.1" status: 200 len: 227 time: 0.0493114
2026-05-12 12:36:44.171 10 INFO neutron.wsgi [None req-01790760-fb10-4612-9da0-ccb56d39dcfc 16963ca0380842be81fc1d535db44940 da70bda1269a4002bbe6c49c661b4571 - - default default] 10.0.0.120 "PUT /v2.0/security-groups/2d0852e8-1f2f-40e6-bb19-64ace22bd569/tags HTTP/1.1" status: 200 len: 212 time: 0.0468256
2026-05-12 12:36:44.226 10 INFO neutron.wsgi [None req-8850878d-36cc-45c6-b001-dc2054d3b43a 16963ca0380842be81fc1d535db44940 da70bda1269a4002bbe6c49c661b4571 - - default default] 10.0.0.120 "GET /v2.0/security-groups?tags=red HTTP/1.1" status: 200 len: 4999 time: 0.0492706
2026-05-12 12:36:44.290 10 INFO neutron.wsgi [None req-67bd26db-00b8-42f4-bc4a-8539d2908c69 16963ca0380842be81fc1d535db44940 da70bda1269a4002bbe6c49c661b4571 - - default default] 10.0.0.120 "GET /v2.0/security-groups?tags=red%2Cblue HTTP/1.1" status: 200 len: 3413 time: 0.0569053
2026-05-12 12:36:44.305 9 WARNING neutron.scheduler.dhcp_agent_scheduler [None req-70bbc9c9-d6b4-41a8-a755-1894e6921827 f178d78747be41c5805a6fee84a7eacf b6fac5a016e5429eb59c751c97a13818 - - default default] No more DHCP agents
2026-05-12 12:36:44.307 9 WARNING neutron.api.rpc.agentnotifiers.dhcp_rpc_agent_api [None req-70bbc9c9-d6b4-41a8-a755-1894e6921827 f178d78747be41c5805a6fee84a7eacf b6fac5a016e5429eb59c751c97a13818 - - default default] Unable to schedule network 110dc62a-4dd9-4f3d-b334-a5f1ef86a5c0: no agents available; will retry on subsequent port and subnet creation events.
2026-05-12 12:36:44.372 10 INFO neutron.wsgi [None req-3878a925-5e36-4df4-b554-a244041f6169 16963ca0380842be81fc1d535db44940 da70bda1269a4002bbe6c49c661b4571 - - default default] 10.0.0.120 "GET /v2.0/security-groups?tags-any=blue HTTP/1.1" status: 200 len: 3413 time: 0.0761013
2026-05-12 12:36:44.447 10 INFO neutron.wsgi [None req-67f9925d-7658-48d1-8f63-5bb288d5985f 16963ca0380842be81fc1d535db44940 da70bda1269a4002bbe6c49c661b4571 - - default default] 10.0.0.120 "GET /v2.0/security-groups?tags-any=red%2Cblue HTTP/1.1" status: 200 len: 4999 time: 0.0687144
2026-05-12 12:36:44.530 10 INFO neutron.wsgi [None req-1ae187e2-8d1d-4cdf-9f8a-f8bce93e9958 16963ca0380842be81fc1d535db44940 da70bda1269a4002bbe6c49c661b4571 - - default default] 10.0.0.120 "GET /v2.0/security-groups?not-tags=red HTTP/1.1" status: 200 len: 6289 time: 0.0700271
2026-05-12 12:36:44.596 10 INFO neutron.wsgi [None req-859b086c-3c86-4453-b01f-5204d3516a83 16963ca0380842be81fc1d535db44940 da70bda1269a4002bbe6c49c661b4571 - - default default] 10.0.0.120 "GET /v2.0/security-groups?not-tags=red%2Cblue HTTP/1.1" status: 200 len: 7875 time: 0.0598633
2026-05-12 12:36:44.653 9 INFO neutron.wsgi [None req-de67c23d-6016-4eb8-9f85-e91347135cdc 16963ca0380842be81fc1d535db44940 da70bda1269a4002bbe6c49c661b4571 - - default default] 10.0.0.120 "GET /v2.0/security-groups?not-tags-any=blue HTTP/1.1" status: 200 len: 7875 time: 0.0498731
2026-05-12 12:36:44.657 9 INFO neutron.wsgi [None req-70bbc9c9-d6b4-41a8-a755-1894e6921827 f178d78747be41c5805a6fee84a7eacf b6fac5a016e5429eb59c751c97a13818 - - default default] 10.0.0.120 "POST /v2.0/floatingips HTTP/1.1" status: 201 len: 751 time: 0.6662371
