2026-05-12 12:34:09.371 9 INFO neutron.plugins.ml2.drivers.ovn.mech_driver.mech_driver [None req-ca27ef9f-9455-4702-a107-3bdae08ab7dd - - - - - -] OVN reports status up for port: a11c23e5-9587-49d9-9362-fd6f48aab245
2026-05-12 12:34:09.386 10 INFO neutron.wsgi [None req-90800aa7-6d78-4af9-a4b6-6cb126997089 3b0a0edda41f435d88d6ba8a74cace51 1888e6ea4bec4394803d2be1d04a8e95 - - default default] 10.0.0.120 "POST /v2.0/routers HTTP/1.1" status: 201 len: 1167 time: 1.9198854
2026-05-12 12:34:09.416 9 INFO neutron.plugins.ml2.plugin [None req-ca27ef9f-9455-4702-a107-3bdae08ab7dd - - - - - -] Attempt 1 to provision port a11c23e5-9587-49d9-9362-fd6f48aab245
2026-05-12 12:34:09.671 10 INFO neutron.services.segments.plugin [-] Segment 39e1d93e-d6c2-402e-ae53-12c2d5bcf44b resource provider aggregate not found
2026-05-12 12:34:09.676 10 INFO neutron.services.segments.plugin [-] Segment 39e1d93e-d6c2-402e-ae53-12c2d5bcf44b resource provider aggregate not found
2026-05-12 12:34:09.693 10 INFO neutron.services.segments.plugin [-] Segment 39e1d93e-d6c2-402e-ae53-12c2d5bcf44b resource provider not found; error: Placement Client Error (4xx): {"errors": [{"status": 404, "title": "Not Found", "detail": "The resource could not be found.\n\n No resource provider with uuid 39e1d93e-d6c2-402e-ae53-12c2d5bcf44b found for delete ", "request_id": "req-7312335d-58a9-467d-a8bb-9262ed6f8bf4"}]}
2026-05-12 12:34:09.694 10 INFO neutron.services.segments.plugin [-] Segment 39e1d93e-d6c2-402e-ae53-12c2d5bcf44b resource provider not found; error: Placement Client Error (4xx): {"errors": [{"status": 404, "title": "Not Found", "detail": "The resource could not be found.\n\n No resource provider with uuid 39e1d93e-d6c2-402e-ae53-12c2d5bcf44b found for delete ", "request_id": "req-f87919ca-f4a9-44fa-b550-ca09aee694dc"}]}
2026-05-12 12:34:09.713 10 INFO neutron.wsgi [None req-551fd4dd-d2af-4123-8d14-2a8027cd1f50 f52e6122cb6b47b3a4c58b9a13b53aa7 ac2c84d716654d32aa346040b753c99b - - default default] 10.0.0.120 "DELETE /v2.0/networks/fed0c86d-3c5e-4a58-af8d-cae73f04c258 HTTP/1.1" status: 204 len: 168 time: 0.5240979
2026-05-12 12:34:09.938 10 WARNING neutron.scheduler.dhcp_agent_scheduler [None req-04bacbdb-4e00-46bf-bc76-f64e59c1e92a 3b0a0edda41f435d88d6ba8a74cace51 1888e6ea4bec4394803d2be1d04a8e95 - - default default] No more DHCP agents
2026-05-12 12:34:09.940 10 WARNING neutron.api.rpc.agentnotifiers.dhcp_rpc_agent_api [None req-04bacbdb-4e00-46bf-bc76-f64e59c1e92a 3b0a0edda41f435d88d6ba8a74cace51 1888e6ea4bec4394803d2be1d04a8e95 - - default default] Unable to schedule network 1c10d923-854c-4596-b92a-954aae598027: no agents available; will retry on subsequent port and subnet creation events.
2026-05-12 12:34:10.293 10 INFO neutron.db.ovn_revision_numbers_db [None req-04bacbdb-4e00-46bf-bc76-f64e59c1e92a 3b0a0edda41f435d88d6ba8a74cace51 1888e6ea4bec4394803d2be1d04a8e95 - - default default] Successfully bumped revision number for resource 93cb6218-a112-4d1f-ac0b-d653fab3d693 (type: ports) to 1
2026-05-12 12:34:10.355 9 INFO neutron.db.ovn_revision_numbers_db [req-77b62b09-6372-4f66-ac39-bd7f90d517e4 req-9459785f-2cda-4b20-95ae-02b8db5dcd21 53bc58885f7a4bb4b2d1622e876bac32 cd76aef5a7e449efa94d3a30f4b567a8 - - default default] Successfully bumped revision number for resource 9bef803b-cadf-43fa-99c6-b7d754bae797 (type: ports) to 5
2026-05-12 12:34:10.637 9 INFO neutron.wsgi [req-77b62b09-6372-4f66-ac39-bd7f90d517e4 req-9459785f-2cda-4b20-95ae-02b8db5dcd21 53bc58885f7a4bb4b2d1622e876bac32 cd76aef5a7e449efa94d3a30f4b567a8 - - default default] 199.19.213.244 "PUT /v2.0/ports/9bef803b-cadf-43fa-99c6-b7d754bae797 HTTP/1.1" status: 200 len: 1349 time: 1.6209958 /var/lib/openstack/lib/python3.10/site-packages/pycadf/identifier.py:71: UserWarning: Invalid uuid: neutron. To ensure interoperability, identifiers should be a valid uuid. warnings.warn(('Invalid uuid: %s. To ensure interoperability, '
2026-05-12 12:34:10.690 9 INFO neutron.notifiers.nova [-] Nova event matching ['req-aaef5d10-032e-4a3d-9a7c-0b5f35f3d11f'] response: {'name': 'network-changed', 'server_uuid': '9917c5f1-5b0f-4a82-943a-4bb9c2bae295', 'tag': '9bef803b-cadf-43fa-99c6-b7d754bae797', 'status': 'completed', 'code': 200}
2026-05-12 12:34:10.763 9 INFO neutron.wsgi [req-77b62b09-6372-4f66-ac39-bd7f90d517e4 req-d40d3ba1-fc4c-4a3e-b260-e92dabb26b79 2fd3fec1df4d484eb413dee8fbb53e2b 9b5a54f26303430885f9f2b69292e723 - - a207f7a3574a4184a487d9be974e9da4 a207f7a3574a4184a487d9be974e9da4] 199.19.213.244 "GET /v2.0/ports?tenant_id=cd76aef5a7e449efa94d3a30f4b567a8&device_id=9917c5f1-5b0f-4a82-943a-4bb9c2bae295 HTTP/1.1" status: 200 len: 1590 time: 0.0961921
2026-05-12 12:34:10.855 10 ERROR ovsdbapp.backend.ovs_idl.command [None req-04bacbdb-4e00-46bf-bc76-f64e59c1e92a 3b0a0edda41f435d88d6ba8a74cace51 1888e6ea4bec4394803d2be1d04a8e95 - - default default] Error executing command (DbGetCommand): ovsdbapp.backend.ovs_idl.idlutils.RowNotFound: Cannot find Logical_Router_Port with name=lrp-93cb6218-a112-4d1f-ac0b-d653fab3d693
2026-05-12 12:34:10.855 10 ERROR ovsdbapp.backend.ovs_idl.command
Traceback (most recent call last):
2026-05-12 12:34:10.855 10 ERROR ovsdbapp.backend.ovs_idl.command
File "/var/lib/openstack/lib/python3.10/site-packages/ovsdbapp/backend/ovs_idl/command.py", line 47, in execute
2026-05-12 12:34:10.855 10 ERROR ovsdbapp.backend.ovs_idl.command self.run_idl(None)
2026-05-12 12:34:10.855 10 ERROR ovsdbapp.backend.ovs_idl.command
File "/var/lib/openstack/lib/python3.10/site-packages/ovsdbapp/backend/ovs_idl/command.py", line 235, in run_idl
2026-05-12 12:34:10.855 10 ERROR ovsdbapp.backend.ovs_idl.command record = self.api.lookup(self.table, self.record)
2026-05-12 12:34:10.855 10 ERROR ovsdbapp.backend.ovs_idl.command
File "/var/lib/openstack/lib/python3.10/site-packages/ovsdbapp/backend/ovs_idl/__init__.py", line 184, in lookup
2026-05-12 12:34:10.855 10 ERROR ovsdbapp.backend.ovs_idl.command return self._lookup(table, record)
2026-05-12 12:34:10.855 10 ERROR ovsdbapp.backend.ovs_idl.command
File "/var/lib/openstack/lib/python3.10/site-packages/ovsdbapp/backend/ovs_idl/__init__.py", line 235, in _lookup
2026-05-12 12:34:10.855 10 ERROR ovsdbapp.backend.ovs_idl.command row = idlutils.row_by_value(self, rl.table, rl.column, record)
2026-05-12 12:34:10.855 10 ERROR ovsdbapp.backend.ovs_idl.command
File "/var/lib/openstack/lib/python3.10/site-packages/ovsdbapp/backend/ovs_idl/idlutils.py", line 114, in row_by_value
2026-05-12 12:34:10.855 10 ERROR ovsdbapp.backend.ovs_idl.command raise RowNotFound(table=table, col=column, match=match)
2026-05-12 12:34:10.855 10 ERROR ovsdbapp.backend.ovs_idl.command ovsdbapp.backend.ovs_idl.idlutils.RowNotFound: Cannot find Logical_Router_Port with name=lrp-93cb6218-a112-4d1f-ac0b-d653fab3d693
2026-05-12 12:34:10.855 10 ERROR ovsdbapp.backend.ovs_idl.command 
2026-05-12 12:34:10.856 10 ERROR neutron_lib.callbacks.manager [None req-04bacbdb-4e00-46bf-bc76-f64e59c1e92a 3b0a0edda41f435d88d6ba8a74cace51 1888e6ea4bec4394803d2be1d04a8e95 - - default default] Error during notification for neutron.services.ovn_l3.plugin.OVNL3RouterPlugin._port_update-8770818979567 port, after_update: ovsdbapp.backend.ovs_idl.idlutils.RowNotFound: Cannot find Logical_Router_Port with name=lrp-93cb6218-a112-4d1f-ac0b-d653fab3d693
2026-05-12 12:34:10.856 10 ERROR neutron_lib.callbacks.manager
Traceback (most recent call last):
2026-05-12 12:34:10.856 10 ERROR neutron_lib.callbacks.manager
File "/var/lib/openstack/lib/python3.10/site-packages/neutron_lib/callbacks/manager.py", line 189, in _notify_loop
2026-05-12 12:34:10.856 10 ERROR neutron_lib.callbacks.manager callback.method(resource, event, trigger, payload=payload)
2026-05-12 12:34:10.856 10 ERROR neutron_lib.callbacks.manager
File "/var/lib/openstack/lib/python3.10/site-packages/neutron/services/ovn_l3/plugin.py", line 391, in _port_update
2026-05-12 12:34:10.856 10 ERROR neutron_lib.callbacks.manager l3plugin._ovn_client.update_router_port(context,
2026-05-12 12:34:10.856 10 ERROR neutron_lib.callbacks.manager
File "/var/lib/openstack/lib/python3.10/site-packages/neutron/plugins/ml2/drivers/ovn/mech_driver/ovsdb/ovn_client.py", line 1878, in update_router_port
2026-05-12 12:34:10.856 10 ERROR neutron_lib.callbacks.manager self._update_lrouter_port(context, port, if_exists=if_exists,
2026-05-12 12:34:10.856 10 ERROR neutron_lib.callbacks.manager
File "/var/lib/openstack/lib/python3.10/site-packages/neutron/plugins/ml2/drivers/ovn/mech_driver/ovsdb/ovn_client.py", line 1855, in _update_lrouter_port
2026-05-12 12:34:10.856 10 ERROR neutron_lib.callbacks.manager external_ids = self._nb_idl.db_get(
2026-05-12 12:34:10.856 10 ERROR neutron_lib.callbacks.manager
File "/var/lib/openstack/lib/python3.10/site-packages/ovsdbapp/backend/ovs_idl/command.py", line 47, in execute
2026-05-12 12:34:10.856 10 ERROR neutron_lib.callbacks.manager self.run_idl(None)
2026-05-12 12:34:10.856 10 ERROR neutron_lib.callbacks.manager
File "/var/lib/openstack/lib/python3.10/site-packages/ovsdbapp/backend/ovs_idl/command.py", line 235, in run_idl
2026-05-12 12:34:10.856 10 ERROR neutron_lib.callbacks.manager record = self.api.lookup(self.table, self.record)
2026-05-12 12:34:10.856 10 ERROR neutron_lib.callbacks.manager
File "/var/lib/openstack/lib/python3.10/site-packages/ovsdbapp/backend/ovs_idl/__init__.py", line 184, in lookup
2026-05-12 12:34:10.856 10 ERROR neutron_lib.callbacks.manager return self._lookup(table, record)
2026-05-12 12:34:10.856 10 ERROR neutron_lib.callbacks.manager
File "/var/lib/openstack/lib/python3.10/site-packages/ovsdbapp/backend/ovs_idl/__init__.py", line 235, in _lookup
2026-05-12 12:34:10.856 10 ERROR neutron_lib.callbacks.manager row = idlutils.row_by_value(self, rl.table, rl.column, record)
2026-05-12 12:34:10.856 10 ERROR neutron_lib.callbacks.manager
File "/var/lib/openstack/lib/python3.10/site-packages/ovsdbapp/backend/ovs_idl/idlutils.py", line 114, in row_by_value
2026-05-12 12:34:10.856 10 ERROR neutron_lib.callbacks.manager raise RowNotFound(table=table, col=column, match=match)
2026-05-12 12:34:10.856 10 ERROR neutron_lib.callbacks.manager ovsdbapp.backend.ovs_idl.idlutils.RowNotFound: Cannot find Logical_Router_Port with name=lrp-93cb6218-a112-4d1f-ac0b-d653fab3d693
2026-05-12 12:34:10.856 10 ERROR neutron_lib.callbacks.manager 
2026-05-12 12:34:10.890 9 INFO neutron.services.segments.plugin [-] Segment 8a8c4703-aaba-4787-9103-9a8e2da73372 resource provider aggregate not found
2026-05-12 12:34:10.899 9 INFO neutron.services.segments.plugin [-] Segment 8a8c4703-aaba-4787-9103-9a8e2da73372 resource provider aggregate not found
2026-05-12 12:34:10.915 9 INFO neutron.services.segments.plugin [-] Segment 8a8c4703-aaba-4787-9103-9a8e2da73372 resource provider not found; error: Placement Client Error (4xx): {"errors": [{"status": 404, "title": "Not Found", "detail": "The resource could not be found.\n\n No resource provider with uuid 8a8c4703-aaba-4787-9103-9a8e2da73372 found for delete ", "request_id": "req-87bb84df-c4ad-4363-af2e-666961099505"}]}
2026-05-12 12:34:10.921 9 INFO neutron.services.segments.plugin [-] Segment 8a8c4703-aaba-4787-9103-9a8e2da73372 resource provider not found; error: Placement Client Error (4xx): {"errors": [{"status": 404, "title": "Not Found", "detail": "The resource could not be found.\n\n No resource provider with uuid 8a8c4703-aaba-4787-9103-9a8e2da73372 found for delete ", "request_id": "req-5e1639ee-31f9-4a05-bb0e-d5a113bf0d03"}]}
2026-05-12 12:34:10.949 9 INFO neutron.wsgi [req-77b62b09-6372-4f66-ac39-bd7f90d517e4 req-e2b0da24-f626-4175-9686-5e8ccfdf9eac 2fd3fec1df4d484eb413dee8fbb53e2b 9b5a54f26303430885f9f2b69292e723 - - a207f7a3574a4184a487d9be974e9da4 a207f7a3574a4184a487d9be974e9da4] 199.19.213.244 "GET /v2.0/networks?id=eb6cd996-d132-4230-9c7c-b3c36ee7dc92 HTTP/1.1" status: 200 len: 982 time: 0.1777487
2026-05-12 12:34:10.999 9 INFO neutron.wsgi [None req-82744039-9892-4683-92ee-9203fe179caf f52e6122cb6b47b3a4c58b9a13b53aa7 ac2c84d716654d32aa346040b753c99b - - default default] 10.0.0.120 "DELETE /v2.0/networks/fe9954c5-f097-4fc6-b8c4-45f0f280f90f HTTP/1.1" status: 204 len: 168 time: 1.2763627
2026-05-12 12:34:11.070 9 INFO neutron.wsgi [req-77b62b09-6372-4f66-ac39-bd7f90d517e4 req-ad6643ac-cbe6-46c8-bce4-747f8572ff45 2fd3fec1df4d484eb413dee8fbb53e2b 9b5a54f26303430885f9f2b69292e723 - - a207f7a3574a4184a487d9be974e9da4 a207f7a3574a4184a487d9be974e9da4] 199.19.213.244 "GET /v2.0/floatingips?fixed_ip_address=10.100.0.12&port_id=9bef803b-cadf-43fa-99c6-b7d754bae797 HTTP/1.1" status: 200 len: 1060 time: 0.1100640
2026-05-12 12:34:11.122 9 INFO neutron.wsgi [req-77b62b09-6372-4f66-ac39-bd7f90d517e4 req-75b4aeff-3b82-4daf-8897-d20c4b6ee7fe 2fd3fec1df4d484eb413dee8fbb53e2b 9b5a54f26303430885f9f2b69292e723 - - a207f7a3574a4184a487d9be974e9da4 a207f7a3574a4184a487d9be974e9da4] 199.19.213.244 "GET /v2.0/floatingips?fixed_ip_address=10.100.0.5&port_id=9bef803b-cadf-43fa-99c6-b7d754bae797 HTTP/1.1" status: 200 len: 217 time: 0.0333991
2026-05-12 12:34:11.128 10 INFO neutron.db.ovn_revision_numbers_db [None req-04bacbdb-4e00-46bf-bc76-f64e59c1e92a 3b0a0edda41f435d88d6ba8a74cace51 1888e6ea4bec4394803d2be1d04a8e95 - - default default] Successfully bumped revision number for resource 93cb6218-a112-4d1f-ac0b-d653fab3d693 (type: ports) to 1
2026-05-12 12:34:11.193 10 WARNING neutron.scheduler.dhcp_agent_scheduler [None req-04bacbdb-4e00-46bf-bc76-f64e59c1e92a 3b0a0edda41f435d88d6ba8a74cace51 1888e6ea4bec4394803d2be1d04a8e95 - - default default] No more DHCP agents
2026-05-12 12:34:11.194 10 WARNING neutron.api.rpc.agentnotifiers.dhcp_rpc_agent_api [None req-04bacbdb-4e00-46bf-bc76-f64e59c1e92a 3b0a0edda41f435d88d6ba8a74cace51 1888e6ea4bec4394803d2be1d04a8e95 - - default default] Unable to schedule network 1c10d923-854c-4596-b92a-954aae598027: no agents available; will retry on subsequent port and subnet creation events.
2026-05-12 12:34:11.200 9 INFO neutron.wsgi [req-77b62b09-6372-4f66-ac39-bd7f90d517e4 req-84a22361-be1e-4a5d-8338-aeb386d2a1dc 2fd3fec1df4d484eb413dee8fbb53e2b 9b5a54f26303430885f9f2b69292e723 - - a207f7a3574a4184a487d9be974e9da4 a207f7a3574a4184a487d9be974e9da4] 199.19.213.244 "GET /v2.0/subnets?id=3076540c-ab3e-4911-a4f5-ef231f573f88 HTTP/1.1" status: 200 len: 877 time: 0.0692973
2026-05-12 12:34:11.250 9 INFO neutron.wsgi [req-77b62b09-6372-4f66-ac39-bd7f90d517e4 req-954ecf5b-d460-4850-a3de-bf20be3198ff 2fd3fec1df4d484eb413dee8fbb53e2b 9b5a54f26303430885f9f2b69292e723 - - a207f7a3574a4184a487d9be974e9da4 a207f7a3574a4184a487d9be974e9da4] 199.19.213.244 "GET /v2.0/ports?network_id=eb6cd996-d132-4230-9c7c-b3c36ee7dc92&device_owner=network%3Adhcp HTTP/1.1" status: 200 len: 210 time: 0.0366957
2026-05-12 12:34:11.306 9 INFO neutron.db.ovn_revision_numbers_db [None req-57fd5852-213c-45a8-a2e5-c655ddeb64ab - - - - - -] Successfully bumped revision number for resource a11c23e5-9587-49d9-9362-fd6f48aab245 (type: ports) to 1
2026-05-12 12:34:11.408 9 INFO neutron.wsgi [req-77b62b09-6372-4f66-ac39-bd7f90d517e4 req-3e2d6074-9a7c-4c51-8f34-b3ada981647d 2fd3fec1df4d484eb413dee8fbb53e2b 9b5a54f26303430885f9f2b69292e723 - - a207f7a3574a4184a487d9be974e9da4 a207f7a3574a4184a487d9be974e9da4] 199.19.213.244 "GET /v2.0/networks/eb6cd996-d132-4230-9c7c-b3c36ee7dc92?fields=segments HTTP/1.1" status: 200 len: 212 time: 0.1458759
2026-05-12 12:34:11.561 9 INFO neutron.wsgi [req-77b62b09-6372-4f66-ac39-bd7f90d517e4 req-a63c1ea8-ebd6-4829-ad04-4b8c361e3241 2fd3fec1df4d484eb413dee8fbb53e2b 9b5a54f26303430885f9f2b69292e723 - - a207f7a3574a4184a487d9be974e9da4 a207f7a3574a4184a487d9be974e9da4] 199.19.213.244 "GET /v2.0/networks/eb6cd996-d132-4230-9c7c-b3c36ee7dc92?fields=provider%3Aphysical_network&fields=provider%3Anetwork_type HTTP/1.1" status: 200 len: 277 time: 0.1433840
2026-05-12 12:34:11.689 9 INFO neutron.wsgi [req-a8382e09-a8b3-4271-88d9-4fa780eb9ce3 req-582c4b4d-be3f-40c4-b35a-fe8fc481677c 2fd3fec1df4d484eb413dee8fbb53e2b 9b5a54f26303430885f9f2b69292e723 - - a207f7a3574a4184a487d9be974e9da4 a207f7a3574a4184a487d9be974e9da4] 199.19.213.244 "GET /v2.0/ports?tenant_id=cd76aef5a7e449efa94d3a30f4b567a8&device_id=9917c5f1-5b0f-4a82-943a-4bb9c2bae295 HTTP/1.1" status: 200 len: 1590 time: 0.0588424
2026-05-12 12:34:11.887 10 INFO neutron.db.ovn_revision_numbers_db [None req-04bacbdb-4e00-46bf-bc76-f64e59c1e92a 3b0a0edda41f435d88d6ba8a74cace51 1888e6ea4bec4394803d2be1d04a8e95 - - default default] Successfully bumped revision number for resource 93cb6218-a112-4d1f-ac0b-d653fab3d693 (type: router_ports) to 1
2026-05-12 12:34:11.893 10 INFO neutron.wsgi [None req-04bacbdb-4e00-46bf-bc76-f64e59c1e92a 3b0a0edda41f435d88d6ba8a74cace51 1888e6ea4bec4394803d2be1d04a8e95 - - default default] 10.0.0.120 "PUT /v2.0/routers/97f0a226-a3f4-4740-b736-3942971fd872/add_router_interface HTTP/1.1" status: 200 len: 503 time: 2.5018151
2026-05-12 12:34:11.908 9 INFO neutron.wsgi [req-a8382e09-a8b3-4271-88d9-4fa780eb9ce3 req-72ed85f5-b59a-411f-b195-b6db6f105243 2fd3fec1df4d484eb413dee8fbb53e2b 9b5a54f26303430885f9f2b69292e723 - - a207f7a3574a4184a487d9be974e9da4 a207f7a3574a4184a487d9be974e9da4] 199.19.213.244 "GET /v2.0/networks?id=eb6cd996-d132-4230-9c7c-b3c36ee7dc92 HTTP/1.1" status: 200 len: 982 time: 0.1935029
2026-05-12 12:34:12.041 9 INFO neutron.wsgi [None req-4d0be743-f2ec-45b5-8a7e-97d43505f1d0 48615160ccce4a81abe946a15830cd33 41a7a4b32bf24ebba9d4ecb98b753433 - - default default] 10.0.0.120 "PUT /v2.0/routers/21a858b0-8b91-4974-80dc-d46667b74ee9/remove_router_interface HTTP/1.1" status: 200 len: 503 time: 2.9209840
2026-05-12 12:34:12.047 9 INFO neutron.wsgi [req-a8382e09-a8b3-4271-88d9-4fa780eb9ce3 req-759a9700-f718-4b75-a63e-494c7fb47f18 2fd3fec1df4d484eb413dee8fbb53e2b 9b5a54f26303430885f9f2b69292e723 - - a207f7a3574a4184a487d9be974e9da4 a207f7a3574a4184a487d9be974e9da4] 199.19.213.244 "GET /v2.0/floatingips?fixed_ip_address=10.100.0.12&port_id=9bef803b-cadf-43fa-99c6-b7d754bae797 HTTP/1.1" status: 200 len: 1060 time: 0.1285133 /var/lib/openstack/lib/python3.10/site-packages/pycadf/identifier.py:71: UserWarning: Invalid uuid: neutron. To ensure interoperability, identifiers should be a valid uuid. warnings.warn(('Invalid uuid: %s. To ensure interoperability, '
2026-05-12 12:34:12.099 10 INFO neutron.wsgi [req-5d8dcf28-2bb2-43bc-b830-554b29a4016d req-1c935291-048c-4d2e-8c83-6c45cfb0eac8 53bc58885f7a4bb4b2d1622e876bac32 cd76aef5a7e449efa94d3a30f4b567a8 - - default default] 10.0.0.1 "GET /v2.0/ports?device_id=9917c5f1-5b0f-4a82-943a-4bb9c2bae295 HTTP/1.1" status: 200 len: 1352 time: 0.0634596
2026-05-12 12:34:12.099 9 INFO neutron.wsgi [req-a8382e09-a8b3-4271-88d9-4fa780eb9ce3 req-291ed50b-e164-429f-b371-7dd31f3914a5 2fd3fec1df4d484eb413dee8fbb53e2b 9b5a54f26303430885f9f2b69292e723 - - a207f7a3574a4184a487d9be974e9da4 a207f7a3574a4184a487d9be974e9da4] 199.19.213.244 "GET /v2.0/floatingips?fixed_ip_address=10.100.0.5&port_id=9bef803b-cadf-43fa-99c6-b7d754bae797 HTTP/1.1" status: 200 len: 217 time: 0.0373483
2026-05-12 12:34:12.107 9 INFO neutron.wsgi [None req-ff82c2d2-94c8-4913-bc33-a8a9dc9f8a9c f52e6122cb6b47b3a4c58b9a13b53aa7 ac2c84d716654d32aa346040b753c99b - - default default] 10.0.0.120 "DELETE /v2.0/networks/6d8ef46c-82c9-494a-ac69-bc723976e919 HTTP/1.1" status: 204 len: 168 time: 1.0909023
2026-05-12 12:34:12.178 10 INFO neutron.wsgi [req-5d8dcf28-2bb2-43bc-b830-554b29a4016d req-712a4940-ad1d-4a8e-a3a3-ffc8a65f3d1d 53bc58885f7a4bb4b2d1622e876bac32 cd76aef5a7e449efa94d3a30f4b567a8 - - default default] 10.0.0.1 "GET /v2.0/security-groups?id=6c38b92c-11c5-403f-afa4-8a25cbef0781&fields=id&fields=name HTTP/1.1" status: 200 len: 312 time: 0.0615036
2026-05-12 12:34:12.426 9 INFO neutron.plugins.ml2.drivers.ovn.mech_driver.mech_driver [None req-ca27ef9f-9455-4702-a107-3bdae08ab7dd - - - - - -] OVN reports status up for port: 93cb6218-a112-4d1f-ac0b-d653fab3d693
2026-05-12 12:34:12.435 10 WARNING neutron_lib.context [None req-3b3ff932-a5b2-4c09-9bbe-b9f6bf304505 d7ee321ecf96417c80008e6bfd4df276 6d073874919b43dd8e16cfc28c6a7fff - - default default] Method 'is_advsvc' is deprecated since 2023.2 release (neutron-lib 3.8.0) and will be removed once support for the old RBAC API policies will be removed from Neutron. Please use method 'is_service_role' instead.
2026-05-12 12:34:12.448 9 INFO neutron.wsgi [req-a8382e09-a8b3-4271-88d9-4fa780eb9ce3 req-ccc034ce-c5d0-4c96-a9bb-33685dbb4a91 2fd3fec1df4d484eb413dee8fbb53e2b 9b5a54f26303430885f9f2b69292e723 - - a207f7a3574a4184a487d9be974e9da4 a207f7a3574a4184a487d9be974e9da4] 199.19.213.244 "GET /v2.0/subnets?id=3076540c-ab3e-4911-a4f5-ef231f573f88 HTTP/1.1" status: 200 len: 877 time: 0.3391614
2026-05-12 12:34:12.457 9 INFO neutron.plugins.ml2.plugin [None req-ca27ef9f-9455-4702-a107-3bdae08ab7dd - - - - - -] Attempt 1 to provision port 93cb6218-a112-4d1f-ac0b-d653fab3d693
2026-05-12 12:34:12.503 9 INFO neutron.wsgi [req-a8382e09-a8b3-4271-88d9-4fa780eb9ce3 req-a75628f9-4df4-4b6d-8ab7-51edc10131bf 2fd3fec1df4d484eb413dee8fbb53e2b 9b5a54f26303430885f9f2b69292e723 - - a207f7a3574a4184a487d9be974e9da4 a207f7a3574a4184a487d9be974e9da4] 199.19.213.244 "GET /v2.0/ports?network_id=eb6cd996-d132-4230-9c7c-b3c36ee7dc92&device_owner=network%3Adhcp HTTP/1.1" status: 200 len: 210 time: 0.0475948
2026-05-12 12:34:12.647 10 INFO neutron.db.ovn_revision_numbers_db [None req-3b3ff932-a5b2-4c09-9bbe-b9f6bf304505 d7ee321ecf96417c80008e6bfd4df276 6d073874919b43dd8e16cfc28c6a7fff - - default default] Successfully bumped revision number for resource ae7e4a99-e2ba-4384-9966-e9eb75b7f721 (type: security_groups) to 1
2026-05-12 12:34:12.647 9 INFO neutron.wsgi [req-a8382e09-a8b3-4271-88d9-4fa780eb9ce3 req-e3a90c4b-cbf4-4c15-a319-123edb2911de 2fd3fec1df4d484eb413dee8fbb53e2b 9b5a54f26303430885f9f2b69292e723 - - a207f7a3574a4184a487d9be974e9da4 a207f7a3574a4184a487d9be974e9da4] 199.19.213.244 "GET /v2.0/networks/eb6cd996-d132-4230-9c7c-b3c36ee7dc92?fields=segments HTTP/1.1" status: 200 len: 212 time: 0.1331236
2026-05-12 12:34:12.649 9 INFO neutron.db.ovn_revision_numbers_db [None req-57fd5852-213c-45a8-a2e5-c655ddeb64ab - - - - - -] Successfully bumped revision number for resource a11c23e5-9587-49d9-9362-fd6f48aab245 (type: router_ports) to 3
2026-05-12 12:34:12.675 10 INFO neutron.db.ovn_revision_numbers_db [None req-3b3ff932-a5b2-4c09-9bbe-b9f6bf304505 d7ee321ecf96417c80008e6bfd4df276 6d073874919b43dd8e16cfc28c6a7fff - - default default] Successfully bumped revision number for resource 05cc0aec-6765-437a-afc8-a8f1a6919e99 (type: security_group_rules) to 0
2026-05-12 12:34:12.697 10 INFO neutron.db.ovn_revision_numbers_db [None req-3b3ff932-a5b2-4c09-9bbe-b9f6bf304505 d7ee321ecf96417c80008e6bfd4df276 6d073874919b43dd8e16cfc28c6a7fff - - default default] Successfully bumped revision number for resource 738c0058-1be6-4618-9ec1-84861e1a075d (type: security_group_rules) to 0
2026-05-12 12:34:12.724 10 INFO neutron.wsgi [None req-3b3ff932-a5b2-4c09-9bbe-b9f6bf304505 d7ee321ecf96417c80008e6bfd4df276 6d073874919b43dd8e16cfc28c6a7fff - - default default] 10.0.0.120 "POST /v2.0/security-groups HTTP/1.1" status: 201 len: 1861 time: 0.2941291
2026-05-12 12:34:12.737 10 WARNING neutron_lib.context [None req-56604771-5aa6-4d28-9bb3-530d9dd284be d7ee321ecf96417c80008e6bfd4df276 6d073874919b43dd8e16cfc28c6a7fff - - default default] Method 'is_advsvc' is deprecated since 2023.2 release (neutron-lib 3.8.0) and will be removed once support for the old RBAC API policies will be removed from Neutron. Please use method 'is_service_role' instead.
2026-05-12 12:34:12.812 9 INFO neutron.wsgi [req-a8382e09-a8b3-4271-88d9-4fa780eb9ce3 req-386bcaf8-ce76-469a-a533-0666cb4ee1fc 2fd3fec1df4d484eb413dee8fbb53e2b 9b5a54f26303430885f9f2b69292e723 - - a207f7a3574a4184a487d9be974e9da4 a207f7a3574a4184a487d9be974e9da4] 199.19.213.244 "GET /v2.0/networks/eb6cd996-d132-4230-9c7c-b3c36ee7dc92?fields=provider%3Aphysical_network&fields=provider%3Anetwork_type HTTP/1.1" status: 200 len: 277 time: 0.1535892
2026-05-12 12:34:12.979 9 INFO neutron.wsgi [req-eceef01c-f69f-45e6-8207-785b77867189 req-91637691-619e-4ad6-b83a-babd73271d77 53bc58885f7a4bb4b2d1622e876bac32 cd76aef5a7e449efa94d3a30f4b567a8 - - default default] 199.19.213.244 "GET /v2.0/ports?device_id=9917c5f1-5b0f-4a82-943a-4bb9c2bae295&device_owner=compute%3Anova&fixed_ips=ip_address%3D10.100.0.5 HTTP/1.1" status: 200 len: 1352 time: 0.1250951
2026-05-12 12:34:12.980 9 INFO neutron.services.segments.plugin [-] Segment 7e0579bd-f833-4f07-a1a2-5251fddf9cc2 resource provider aggregate not found
2026-05-12 12:34:12.986 9 INFO neutron.services.segments.plugin [-] Segment 7e0579bd-f833-4f07-a1a2-5251fddf9cc2 resource provider aggregate not found
2026-05-12 12:34:13.004 9 INFO neutron.services.segments.plugin [-] Segment 7e0579bd-f833-4f07-a1a2-5251fddf9cc2 resource provider not found; error: Placement Client Error (4xx): {"errors": [{"status": 404, "title": "Not Found", "detail": "The resource could not be found.\n\n No resource provider with uuid 7e0579bd-f833-4f07-a1a2-5251fddf9cc2 found for delete ", "request_id": "req-b45cdbc9-f95a-4567-b73c-c2775c1b0f45"}]}
2026-05-12 12:34:13.004 9 INFO neutron.services.segments.plugin [-] Segment 7e0579bd-f833-4f07-a1a2-5251fddf9cc2 resource provider not found; error: Placement Client Error (4xx): {"errors": [{"status": 404, "title": "Not Found", "detail": "The resource could not be found.\n\n No resource provider with uuid 7e0579bd-f833-4f07-a1a2-5251fddf9cc2 found for delete ", "request_id": "req-9ba6fa7d-1cb6-4a45-abea-23e518018b91"}]}
2026-05-12 12:34:13.044 10 INFO neutron.wsgi [None req-187a191f-1cc8-41ca-af46-37656ff24d84 48615160ccce4a81abe946a15830cd33 41a7a4b32bf24ebba9d4ecb98b753433 - - default default] 10.0.0.120 "DELETE /v2.0/routers/21a858b0-8b91-4974-80dc-d46667b74ee9 HTTP/1.1" status: 204 len: 168 time: 0.9954927
2026-05-12 12:34:13.051 10 INFO neutron.db.ovn_revision_numbers_db [None req-56604771-5aa6-4d28-9bb3-530d9dd284be d7ee321ecf96417c80008e6bfd4df276 6d073874919b43dd8e16cfc28c6a7fff - - default default] Successfully bumped revision number for resource fe852619-4da8-4577-800f-630833ca662a (type: security_group_rules) to 0
2026-05-12 12:34:13.122 10 INFO neutron.wsgi [None req-56604771-5aa6-4d28-9bb3-530d9dd284be d7ee321ecf96417c80008e6bfd4df276 6d073874919b43dd8e16cfc28c6a7fff - - default default] 10.0.0.120 "POST /v2.0/security-group-rules HTTP/1.1" status: 201 len: 796 time: 0.3924627
2026-05-12 12:34:13.132 10 WARNING neutron_lib.context [None req-d71ce786-8dea-4892-bb82-5435e20b653d d7ee321ecf96417c80008e6bfd4df276 6d073874919b43dd8e16cfc28c6a7fff - - default default] Method 'is_advsvc' is deprecated since 2023.2 release (neutron-lib 3.8.0) and will be removed once support for the old RBAC API policies will be removed from Neutron. Please use method 'is_service_role' instead.
2026-05-12 12:34:13.267 9 INFO neutron.db.ovn_revision_numbers_db [None req-57fd5852-213c-45a8-a2e5-c655ddeb64ab - - - - - -] Successfully bumped revision number for resource a11c23e5-9587-49d9-9362-fd6f48aab245 (type: ports) to 2
2026-05-12 12:34:13.298 10 INFO neutron.wsgi [None req-fcb15ba2-dd24-4c95-8577-739891caf7fd 48615160ccce4a81abe946a15830cd33 41a7a4b32bf24ebba9d4ecb98b753433 - - default default] 10.0.0.120 "DELETE /v2.0/subnets/f967a582-cec7-46a7-aea7-c172d9372579 HTTP/1.1" status: 204 len: 168 time: 0.2439494
2026-05-12 12:34:13.333 10 INFO neutron.db.ovn_revision_numbers_db [None req-d71ce786-8dea-4892-bb82-5435e20b653d d7ee321ecf96417c80008e6bfd4df276 6d073874919b43dd8e16cfc28c6a7fff - - default default] Successfully bumped revision number for resource 7823703f-b047-4263-b3b6-50c594b7e597 (type: security_group_rules) to 0
2026-05-12 12:34:13.383 10 INFO neutron.wsgi [None req-d71ce786-8dea-4892-bb82-5435e20b653d d7ee321ecf96417c80008e6bfd4df276 6d073874919b43dd8e16cfc28c6a7fff - - default default] 10.0.0.120 "POST /v2.0/security-group-rules HTTP/1.1" status: 201 len: 801 time: 0.2552989
2026-05-12 12:34:13.394 10 WARNING neutron_lib.context [None req-8acce5a8-983b-4a5b-ad3f-a14c4c50e8d5 d7ee321ecf96417c80008e6bfd4df276 6d073874919b43dd8e16cfc28c6a7fff - - default default] Method 'is_advsvc' is deprecated since 2023.2 release (neutron-lib 3.8.0) and will be removed once support for the old RBAC API policies will be removed from Neutron. Please use method 'is_service_role' instead.
2026-05-12 12:34:13.524 9 INFO neutron.wsgi [None req-be01e169-58c3-4242-89eb-57c4cb0ae620 f52e6122cb6b47b3a4c58b9a13b53aa7 ac2c84d716654d32aa346040b753c99b - - default default] 10.0.0.120 "DELETE /v2.0/networks/e308c2a4-6f35-4269-92db-3fd8130481d0 HTTP/1.1" status: 204 len: 168 time: 1.4074101
2026-05-12 12:34:13.539 10 INFO neutron.wsgi [-] 10.0.0.184 "GET / HTTP/1.1" status: 200 len: 247 time: 0.0013609
2026-05-12 12:34:13.540 10 INFO neutron.wsgi [-] 10.0.0.184 "GET / HTTP/1.1" status: 200 len: 247 time: 0.0010133
2026-05-12 12:34:13.586 9 INFO neutron.db.ovn_revision_numbers_db [None req-ca27ef9f-9455-4702-a107-3bdae08ab7dd - - - - - -] Successfully bumped revision number for resource 93cb6218-a112-4d1f-ac0b-d653fab3d693 (type: ports) to 2
2026-05-12 12:34:13.832 9 INFO neutron.db.ovn_revision_numbers_db [None req-ca27ef9f-9455-4702-a107-3bdae08ab7dd - - - - - -] Successfully bumped revision number for resource 93cb6218-a112-4d1f-ac0b-d653fab3d693 (type: router_ports) to 2
2026-05-12 12:34:13.965 10 WARNING neutron.scheduler.dhcp_agent_scheduler [None req-8acce5a8-983b-4a5b-ad3f-a14c4c50e8d5 d7ee321ecf96417c80008e6bfd4df276 6d073874919b43dd8e16cfc28c6a7fff - - default default] No more DHCP agents
2026-05-12 12:34:13.968 10 WARNING neutron.api.rpc.agentnotifiers.dhcp_rpc_agent_api [None req-8acce5a8-983b-4a5b-ad3f-a14c4c50e8d5 d7ee321ecf96417c80008e6bfd4df276 6d073874919b43dd8e16cfc28c6a7fff - - default default] Unable to schedule network 110dc62a-4dd9-4f3d-b334-a5f1ef86a5c0: no agents available; will retry on subsequent port and subnet creation events.
2026-05-12 12:34:14.060 10 INFO neutron.services.segments.plugin [-] Segment d9589a7f-485b-4a6a-aeb5-975d296ccccf resource provider aggregate not found
2026-05-12 12:34:14.064 10 INFO neutron.services.segments.plugin [-] Segment d9589a7f-485b-4a6a-aeb5-975d296ccccf resource provider aggregate not found
2026-05-12 12:34:14.072 10 INFO neutron.services.segments.plugin [-] Segment d9589a7f-485b-4a6a-aeb5-975d296ccccf resource provider not found; error: Placement Client Error (4xx): {"errors": [{"status": 404, "title": "Not Found", "detail": "The resource could not be found.\n\n No resource provider with uuid d9589a7f-485b-4a6a-aeb5-975d296ccccf found for delete ", "request_id": "req-01c67e56-6fe8-4d1a-a051-40035611bf7b"}]}
2026-05-12 12:34:14.083 10 INFO neutron.services.segments.plugin [-] Segment d9589a7f-485b-4a6a-aeb5-975d296ccccf resource provider not found; error: Placement Client Error (4xx): {"errors": [{"status": 404, "title": "Not Found", "detail": "The resource could not be found.\n\n No resource provider with uuid d9589a7f-485b-4a6a-aeb5-975d296ccccf found for delete ", "request_id": "req-06b74259-1079-4e52-8b3b-bb232c5e223f"}]}
2026-05-12 12:34:14.106 10 INFO neutron.wsgi [None req-c2ca62bf-66e9-4a63-965c-8f5b67c6a4dd 48615160ccce4a81abe946a15830cd33 41a7a4b32bf24ebba9d4ecb98b753433 - - default default] 10.0.0.120 "DELETE /v2.0/networks/ef4cee6a-f65e-40a3-949c-130c1adf1c83 HTTP/1.1" status: 204 len: 168 time: 0.8028815
2026-05-12 12:34:14.199 10 INFO neutron.wsgi [None req-fa66100f-3bf5-4ee9-927a-1d0b98a09c8a 3b0a0edda41f435d88d6ba8a74cace51 1888e6ea4bec4394803d2be1d04a8e95 - - default default] 10.0.0.120 "GET /v2.0/security-groups?tenant_id=ac2c84d716654d32aa346040b753c99b&name=default HTTP/1.1" status: 200 len: 3120 time: 0.1957653
2026-05-12 12:34:14.307 9 INFO neutron.db.ovn_revision_numbers_db [req-eceef01c-f69f-45e6-8207-785b77867189 req-238496f5-012c-4094-b21a-73555a960789 53bc58885f7a4bb4b2d1622e876bac32 cd76aef5a7e449efa94d3a30f4b567a8 - - default default] Successfully bumped revision number for resource 9bef803b-cadf-43fa-99c6-b7d754bae797 (type: ports) to 6
2026-05-12 12:34:14.312 9 INFO neutron.db.ovn_revision_numbers_db [None req-57fd5852-213c-45a8-a2e5-c655ddeb64ab - - - - - -] Successfully bumped revision number for resource a11c23e5-9587-49d9-9362-fd6f48aab245 (type: ports) to 4
2026-05-12 12:34:14.326 9 INFO neutron.wsgi [req-eceef01c-f69f-45e6-8207-785b77867189 req-238496f5-012c-4094-b21a-73555a960789 53bc58885f7a4bb4b2d1622e876bac32 cd76aef5a7e449efa94d3a30f4b567a8 - - default default] 199.19.213.244 "PUT /v2.0/ports/9bef803b-cadf-43fa-99c6-b7d754bae797 HTTP/1.1" status: 200 len: 1171 time: 1.3368740 /var/lib/openstack/lib/python3.10/site-packages/pycadf/identifier.py:71: UserWarning: Invalid uuid: neutron. To ensure interoperability, identifiers should be a valid uuid. warnings.warn(('Invalid uuid: %s. To ensure interoperability, '
2026-05-12 12:34:14.370 9 INFO neutron.notifiers.nova [-] Nova event matching ['req-630dd4b2-d276-4a24-af39-2c8439c0a419'] response: {'name': 'network-changed', 'server_uuid': '9917c5f1-5b0f-4a82-943a-4bb9c2bae295', 'tag': '9bef803b-cadf-43fa-99c6-b7d754bae797', 'status': 'completed', 'code': 200}
2026-05-12 12:34:14.400 10 INFO neutron.wsgi [None req-8acce5a8-983b-4a5b-ad3f-a14c4c50e8d5 d7ee321ecf96417c80008e6bfd4df276 6d073874919b43dd8e16cfc28c6a7fff - - default default] 10.0.0.120 "POST /v2.0/floatingips HTTP/1.1" status: 201 len: 751 time: 1.0130868
2026-05-12 12:34:14.416 9 INFO neutron.wsgi [req-eceef01c-f69f-45e6-8207-785b77867189 req-525eab4a-acbc-40a5-ada1-47dfba069638 2fd3fec1df4d484eb413dee8fbb53e2b 9b5a54f26303430885f9f2b69292e723 - - a207f7a3574a4184a487d9be974e9da4 a207f7a3574a4184a487d9be974e9da4] 199.19.213.244 "GET /v2.0/ports?tenant_id=cd76aef5a7e449efa94d3a30f4b567a8&device_id=9917c5f1-5b0f-4a82-943a-4bb9c2bae295 HTTP/1.1" status: 200 len: 1413 time: 0.0659528
2026-05-12 12:34:14.492 9 INFO neutron.wsgi [req-eceef01c-f69f-45e6-8207-785b77867189 req-5f75d940-a36f-4614-8c94-c778425bc606 2fd3fec1df4d484eb413dee8fbb53e2b 9b5a54f26303430885f9f2b69292e723 - - a207f7a3574a4184a487d9be974e9da4 a207f7a3574a4184a487d9be974e9da4] 199.19.213.244 "GET /v2.0/networks?id=eb6cd996-d132-4230-9c7c-b3c36ee7dc92 HTTP/1.1" status: 200 len: 982 time: 0.0703707
2026-05-12 12:34:14.492 10 INFO neutron.wsgi [None req-3d08bc8d-3040-46f6-8a3f-68143d5c87dd 3b0a0edda41f435d88d6ba8a74cace51 1888e6ea4bec4394803d2be1d04a8e95 - - default default] 10.0.0.120 "DELETE /v2.0/security-groups/d9e81380-0adc-434f-ad14-1739dd50ccd8 HTTP/1.1" status: 204 len: 168 time: 0.2887204
2026-05-12 12:34:14.558 9 INFO neutron.wsgi [req-eceef01c-f69f-45e6-8207-785b77867189 req-8fe6f174-1851-4eef-83ed-f7fd54587bd4 2fd3fec1df4d484eb413dee8fbb53e2b 9b5a54f26303430885f9f2b69292e723 - - a207f7a3574a4184a487d9be974e9da4 a207f7a3574a4184a487d9be974e9da4] 199.19.213.244 "GET /v2.0/floatingips?fixed_ip_address=10.100.0.12&port_id=9bef803b-cadf-43fa-99c6-b7d754bae797 HTTP/1.1" status: 200 len: 1060 time: 0.0517879
2026-05-12 12:34:14.614 9 INFO neutron.wsgi [req-eceef01c-f69f-45e6-8207-785b77867189 req-1c988a93-9a76-4a24-beba-0773718a336a 2fd3fec1df4d484eb413dee8fbb53e2b 9b5a54f26303430885f9f2b69292e723 - - a207f7a3574a4184a487d9be974e9da4 a207f7a3574a4184a487d9be974e9da4] 199.19.213.244 "GET /v2.0/subnets?id=3076540c-ab3e-4911-a4f5-ef231f573f88 HTTP/1.1" status: 200 len: 877 time: 0.0487914
2026-05-12 12:34:14.649 9 INFO neutron.wsgi [req-eceef01c-f69f-45e6-8207-785b77867189 req-b67ab3b2-aa8a-4235-a27d-7353bcddb890 2fd3fec1df4d484eb413dee8fbb53e2b 9b5a54f26303430885f9f2b69292e723 - - a207f7a3574a4184a487d9be974e9da4 a207f7a3574a4184a487d9be974e9da4] 199.19.213.244 "GET /v2.0/ports?network_id=eb6cd996-d132-4230-9c7c-b3c36ee7dc92&device_owner=network%3Adhcp HTTP/1.1" status: 200 len: 210 time: 0.0268140
2026-05-12 12:34:14.707 9 INFO neutron.db.ovn_revision_numbers_db [None req-57fd5852-213c-45a8-a2e5-c655ddeb64ab - - - - - -] Successfully bumped revision number for resource a11c23e5-9587-49d9-9362-fd6f48aab245 (type: router_ports) to 4
2026-05-12 12:34:14.728 9 INFO neutron.wsgi [req-eceef01c-f69f-45e6-8207-785b77867189 req-03153c67-e1b6-4dab-9413-6abf114699f0 2fd3fec1df4d484eb413dee8fbb53e2b 9b5a54f26303430885f9f2b69292e723 - - a207f7a3574a4184a487d9be974e9da4 a207f7a3574a4184a487d9be974e9da4] 199.19.213.244 "GET /v2.0/networks/eb6cd996-d132-4230-9c7c-b3c36ee7dc92?fields=segments HTTP/1.1" status: 200 len: 212 time: 0.0742431
2026-05-12 12:34:14.814 9 INFO neutron.wsgi [req-eceef01c-f69f-45e6-8207-785b77867189 req-4f893604-dc4e-47f5-afbc-ed1b3674ad6e 2fd3fec1df4d484eb413dee8fbb53e2b 9b5a54f26303430885f9f2b69292e723 - - a207f7a3574a4184a487d9be974e9da4 a207f7a3574a4184a487d9be974e9da4] 199.19.213.244 "GET /v2.0/networks/eb6cd996-d132-4230-9c7c-b3c36ee7dc92?fields=provider%3Aphysical_network&fields=provider%3Anetwork_type HTTP/1.1" status: 200 len: 277 time: 0.0803928
2026-05-12 12:34:14.897 10 INFO neutron.wsgi [None req-650424aa-e6fd-4074-9b19-4f438691ba30 3b0a0edda41f435d88d6ba8a74cace51 1888e6ea4bec4394803d2be1d04a8e95 - - default default] 10.0.0.120 "GET /v2.0/security-groups?tenant_id=41a7a4b32bf24ebba9d4ecb98b753433&name=default HTTP/1.1" status: 200 len: 3120 time: 0.2972209
2026-05-12 12:34:14.912 9 INFO neutron.wsgi [req-02163679-b0c3-4727-bf2b-c1e87b5c6b88 req-d04040b0-0fac-4b74-86af-d0bf9d0b22af 2fd3fec1df4d484eb413dee8fbb53e2b 9b5a54f26303430885f9f2b69292e723 - - a207f7a3574a4184a487d9be974e9da4 a207f7a3574a4184a487d9be974e9da4] 199.19.213.244 "GET /v2.0/ports?tenant_id=cd76aef5a7e449efa94d3a30f4b567a8&device_id=9917c5f1-5b0f-4a82-943a-4bb9c2bae295 HTTP/1.1" status: 200 len: 1413 time: 0.0478308
2026-05-12 12:34:14.950 9 INFO neutron.wsgi [req-7ec0760a-4de7-4cd9-b022-f41957933cce req-d6122735-4118-4ec4-a405-36c79fd73bc5 d7ee321ecf96417c80008e6bfd4df276 6d073874919b43dd8e16cfc28c6a7fff - - default default] 10.0.0.1 "GET /v2.0/security-groups?name=tempest-securitygroup--1811605149&fields=id&tenant_id=6d073874919b43dd8e16cfc28c6a7fff HTTP/1.1" status: 200 len: 267 time: 0.0638061
2026-05-12 12:34:15.026 9 INFO neutron.wsgi [req-02163679-b0c3-4727-bf2b-c1e87b5c6b88 req-74596bf8-2ac0-43bc-a228-02170f06e336 2fd3fec1df4d484eb413dee8fbb53e2b 9b5a54f26303430885f9f2b69292e723 - - a207f7a3574a4184a487d9be974e9da4 a207f7a3574a4184a487d9be974e9da4] 199.19.213.244 "GET /v2.0/networks?id=eb6cd996-d132-4230-9c7c-b3c36ee7dc92 HTTP/1.1" status: 200 len: 982 time: 0.1091003
2026-05-12 12:34:15.032 9 INFO neutron.services.segments.plugin [-] Segment 7813dd11-8f68-4ca9-95ef-bca3397b5339 resource provider aggregate not found
2026-05-12 12:34:15.036 9 INFO neutron.services.segments.plugin [-] Segment 7813dd11-8f68-4ca9-95ef-bca3397b5339 resource provider aggregate not found
2026-05-12 12:34:15.051 9 INFO neutron.services.segments.plugin [-] Segment 7813dd11-8f68-4ca9-95ef-bca3397b5339 resource provider not found; error: Placement Client Error (4xx): {"errors": [{"status": 404, "title": "Not Found", "detail": "The resource could not be found.\n\n No resource provider with uuid 7813dd11-8f68-4ca9-95ef-bca3397b5339 found for delete ", "request_id": "req-c635d122-0b8e-478e-ab63-a2ac18652656"}]}
2026-05-12 12:34:15.065 9 INFO neutron.services.segments.plugin [-] Segment 7813dd11-8f68-4ca9-95ef-bca3397b5339 resource provider not found; error: Placement Client Error (4xx): {"errors": [{"status": 404, "title": "Not Found", "detail": "The resource could not be found.\n\n No resource provider with uuid 7813dd11-8f68-4ca9-95ef-bca3397b5339 found for delete ", "request_id": "req-bea84589-eba7-4b97-8c95-225070711416"}]}
2026-05-12 12:34:15.094 9 INFO neutron.wsgi [req-7ec0760a-4de7-4cd9-b022-f41957933cce req-eab239fb-36b3-4d86-b3ff-106ac9e2a5d4 d7ee321ecf96417c80008e6bfd4df276 6d073874919b43dd8e16cfc28c6a7fff - - default default] 10.0.0.1 "GET /v2.0/networks?id=1c10d923-854c-4596-b92a-954aae598027 HTTP/1.1" status: 200 len: 874 time: 0.1317489
2026-05-12 12:34:15.096 9 INFO neutron.wsgi [req-02163679-b0c3-4727-bf2b-c1e87b5c6b88 req-84893130-4ad2-4e42-9edd-d75f6b6688d2 2fd3fec1df4d484eb413dee8fbb53e2b 9b5a54f26303430885f9f2b69292e723 - - a207f7a3574a4184a487d9be974e9da4 a207f7a3574a4184a487d9be974e9da4] 199.19.213.244 "GET /v2.0/floatingips?fixed_ip_address=10.100.0.12&port_id=9bef803b-cadf-43fa-99c6-b7d754bae797 HTTP/1.1" status: 200 len: 1060 time: 0.0607340
2026-05-12 12:34:15.125 9 INFO neutron.wsgi [req-7ec0760a-4de7-4cd9-b022-f41957933cce req-b60e909c-5452-49c6-9b9d-7c9360967769 d7ee321ecf96417c80008e6bfd4df276 6d073874919b43dd8e16cfc28c6a7fff - - default default] 10.0.0.1 "GET /v2.0/quotas/6d073874919b43dd8e16cfc28c6a7fff HTTP/1.1" status: 200 len: 491 time: 0.0241904
2026-05-12 12:34:15.152 10 INFO neutron.wsgi [None req-b631854b-8d63-49a4-835c-97b256a6c855 3b0a0edda41f435d88d6ba8a74cace51 1888e6ea4bec4394803d2be1d04a8e95 - - default default] 10.0.0.120 "DELETE /v2.0/security-groups/58a508a2-00fd-42f2-8b6a-5d36b93e86d7 HTTP/1.1" status: 204 len: 168 time: 0.2501566
2026-05-12 12:34:15.153 9 INFO neutron.wsgi [req-02163679-b0c3-4727-bf2b-c1e87b5c6b88 req-03c526c5-666b-48c0-be65-76f237e6af73 2fd3fec1df4d484eb413dee8fbb53e2b 9b5a54f26303430885f9f2b69292e723 - - a207f7a3574a4184a487d9be974e9da4 a207f7a3574a4184a487d9be974e9da4] 199.19.213.244 "GET /v2.0/subnets?id=3076540c-ab3e-4911-a4f5-ef231f573f88 HTTP/1.1" status: 200 len: 877 time: 0.0514107
2026-05-12 12:34:15.183 9 INFO neutron.wsgi [req-02163679-b0c3-4727-bf2b-c1e87b5c6b88 req-0a76f069-2ca8-41ed-ab42-905a13c0e75e 2fd3fec1df4d484eb413dee8fbb53e2b 9b5a54f26303430885f9f2b69292e723 - - a207f7a3574a4184a487d9be974e9da4 a207f7a3574a4184a487d9be974e9da4] 199.19.213.244 "GET /v2.0/ports?network_id=eb6cd996-d132-4230-9c7c-b3c36ee7dc92&device_owner=network%3Adhcp HTTP/1.1" status: 200 len: 210 time: 0.0213149
2026-05-12 12:34:15.267 9 INFO neutron.wsgi [req-02163679-b0c3-4727-bf2b-c1e87b5c6b88 req-fa2d2898-61f6-48c8-9fcb-b13a0a160e0e 2fd3fec1df4d484eb413dee8fbb53e2b 9b5a54f26303430885f9f2b69292e723 - - a207f7a3574a4184a487d9be974e9da4 a207f7a3574a4184a487d9be974e9da4] 199.19.213.244 "GET /v2.0/networks/eb6cd996-d132-4230-9c7c-b3c36ee7dc92?fields=segments HTTP/1.1" status: 200 len: 212 time: 0.0793931
2026-05-12 12:34:15.272 9 INFO neutron.wsgi [req-7ec0760a-4de7-4cd9-b022-f41957933cce req-72e6b54b-f562-44db-8a44-6b649bc2994a d7ee321ecf96417c80008e6bfd4df276 6d073874919b43dd8e16cfc28c6a7fff - - default default] 10.0.0.1 "GET /v2.0/ports?tenant_id=6d073874919b43dd8e16cfc28c6a7fff&fields=id HTTP/1.1" status: 200 len: 302 time: 0.1391158
2026-05-12 12:34:15.359 9 INFO neutron.wsgi [req-7ec0760a-4de7-4cd9-b022-f41957933cce req-7c6d317c-7616-4cd1-90f4-4b46a0745d3b 2fd3fec1df4d484eb413dee8fbb53e2b 9b5a54f26303430885f9f2b69292e723 - - a207f7a3574a4184a487d9be974e9da4 a207f7a3574a4184a487d9be974e9da4] 10.0.0.1 "GET /v2.0/networks/1c10d923-854c-4596-b92a-954aae598027?fields=segments HTTP/1.1" status: 200 len: 212 time: 0.0723391
2026-05-12 12:34:15.361 9 INFO neutron.wsgi [req-02163679-b0c3-4727-bf2b-c1e87b5c6b88 req-6734202f-9eec-4103-857b-a2736a4423e1 2fd3fec1df4d484eb413dee8fbb53e2b 9b5a54f26303430885f9f2b69292e723 - - a207f7a3574a4184a487d9be974e9da4 a207f7a3574a4184a487d9be974e9da4] 199.19.213.244 "GET /v2.0/networks/eb6cd996-d132-4230-9c7c-b3c36ee7dc92?fields=provider%3Aphysical_network&fields=provider%3Anetwork_type HTTP/1.1" status: 200 len: 277 time: 0.0861065
2026-05-12 12:34:15.430 9 INFO neutron.wsgi [req-7ec0760a-4de7-4cd9-b022-f41957933cce req-6a7e0e4d-c566-4c80-a7f7-6adae0211a8d 2fd3fec1df4d484eb413dee8fbb53e2b 9b5a54f26303430885f9f2b69292e723 - - a207f7a3574a4184a487d9be974e9da4 a207f7a3574a4184a487d9be974e9da4] 10.0.0.1 "GET /v2.0/networks/1c10d923-854c-4596-b92a-954aae598027?fields=provider%3Aphysical_network&fields=provider%3Anetwork_type HTTP/1.1" status: 200 len: 277 time: 0.0609989
2026-05-12 12:34:15.618 9 INFO neutron.wsgi [req-5ce4c964-6621-4169-b443-ea8fe705807c req-c5b6645b-b3f5-4f9a-8f82-08b0d3e354cf d7ee321ecf96417c80008e6bfd4df276 6d073874919b43dd8e16cfc28c6a7fff - - default default] 10.0.0.1 "GET /v2.0/ports?device_id=b5bee028-1598-489d-af3c-60000d015091 HTTP/1.1" status: 200 len: 210 time: 0.0216148
2026-05-12 12:34:15.638 10 INFO neutron.plugins.ml2.drivers.ovn.mech_driver.mech_driver [None req-6965b009-2ce0-43fd-adff-4ceaae18830f - - - - - -] OVN reports status down for port: 9bef803b-cadf-43fa-99c6-b7d754bae797
2026-05-12 12:34:15.715 10 INFO neutron.wsgi [req-8c6081c0-f4cd-437e-8836-b650a33c9ece req-ab8b2400-5078-4461-aafd-2bd8e7a5bdd3 53bc58885f7a4bb4b2d1622e876bac32 cd76aef5a7e449efa94d3a30f4b567a8 - - default default] 10.0.0.1 "GET /v2.0/ports?device_id=9917c5f1-5b0f-4a82-943a-4bb9c2bae295 HTTP/1.1" status: 200 len: 1174 time: 0.1251993
2026-05-12 12:34:15.773 10 INFO neutron.wsgi [req-8c6081c0-f4cd-437e-8836-b650a33c9ece req-60db4be1-b38d-433b-b080-cdf0a9110d0d 53bc58885f7a4bb4b2d1622e876bac32 cd76aef5a7e449efa94d3a30f4b567a8 - - default default] 10.0.0.1 "GET /v2.0/security-groups?id=6c38b92c-11c5-403f-afa4-8a25cbef0781&fields=id&fields=name HTTP/1.1" status: 200 len: 312 time: 0.0453291
2026-05-12 12:34:15.853 10 INFO neutron.notifiers.nova [-] Nova event matching ['req-b868f05b-634b-4f17-887a-3d1e663b864a'] response: {'server_uuid': '9917c5f1-5b0f-4a82-943a-4bb9c2bae295', 'name': 'network-vif-unplugged', 'status': 'completed', 'tag': '9bef803b-cadf-43fa-99c6-b7d754bae797', 'code': 200}
2026-05-12 12:34:15.996 10 INFO neutron.db.ovn_revision_numbers_db [None req-6965b009-2ce0-43fd-adff-4ceaae18830f - - - - - -] Successfully bumped revision number for resource 9bef803b-cadf-43fa-99c6-b7d754bae797 (type: ports) to 7
2026-05-12 12:34:16.044 9 INFO neutron.wsgi [req-e990a3e5-31d6-4542-a0ea-f68e49608e6e req-61cbe23e-ae36-4a60-b974-e4357642c7b4 53bc58885f7a4bb4b2d1622e876bac32 cd76aef5a7e449efa94d3a30f4b567a8 - - default default] 199.19.213.244 "GET /v2.0/ports?device_id=9917c5f1-5b0f-4a82-943a-4bb9c2bae295 HTTP/1.1" status: 200 len: 1172 time: 0.1185081 /var/lib/openstack/lib/python3.10/site-packages/pycadf/identifier.py:71: UserWarning: Invalid uuid: neutron. To ensure interoperability, identifiers should be a valid uuid. warnings.warn(('Invalid uuid: %s. To ensure interoperability, '
2026-05-12 12:34:16.564 10 WARNING neutron_lib.context [None req-c3dbdbc8-16f6-4937-9088-0f3b0009ee6a 42e53ac2e16849fe9d0f32d3c1f4d2e2 2477ae3138af43b2a0beb09289d0fcda - - default default] Method 'is_advsvc' is deprecated since 2023.2 release (neutron-lib 3.8.0) and will be removed once support for the old RBAC API policies will be removed from Neutron. Please use method 'is_service_role' instead.
2026-05-12 12:34:16.723 10 INFO neutron.wsgi [req-08adfaea-0c76-4be4-9bde-c3657e2d6490 req-8a3be02c-e0e9-4e3d-af05-877dd22be714 d7ee321ecf96417c80008e6bfd4df276 6d073874919b43dd8e16cfc28c6a7fff - - default default] 10.0.0.1 "GET /v2.0/ports?device_id=b5bee028-1598-489d-af3c-60000d015091 HTTP/1.1" status: 200 len: 210 time: 0.0271094
2026-05-12 12:34:16.736 10 INFO neutron.db.ovn_revision_numbers_db [None req-c3dbdbc8-16f6-4937-9088-0f3b0009ee6a 42e53ac2e16849fe9d0f32d3c1f4d2e2 2477ae3138af43b2a0beb09289d0fcda - - default default] Successfully bumped revision number for resource 75fa66f0-79ef-49f0-b113-9591dda6a764 (type: security_groups) to 1
2026-05-12 12:34:16.766 9 INFO neutron.wsgi [req-7ec0760a-4de7-4cd9-b022-f41957933cce req-e84b02d3-e041-4c5c-abd8-1a2ec1327b77 d7ee321ecf96417c80008e6bfd4df276 6d073874919b43dd8e16cfc28c6a7fff - - default default] 199.19.213.244 "GET /v2.0/networks?id=1c10d923-854c-4596-b92a-954aae598027 HTTP/1.1" status: 200 len: 874 time: 0.3107686
2026-05-12 12:34:16.789 10 INFO neutron.db.ovn_revision_numbers_db [None req-c3dbdbc8-16f6-4937-9088-0f3b0009ee6a 42e53ac2e16849fe9d0f32d3c1f4d2e2 2477ae3138af43b2a0beb09289d0fcda - - default default] Successfully bumped revision number for resource 07e1947c-909b-4c31-a0cf-0fcb8ae0bf6d (type: security_group_rules) to 0
2026-05-12 12:34:16.802 10 INFO neutron.db.ovn_revision_numbers_db [None req-c3dbdbc8-16f6-4937-9088-0f3b0009ee6a 42e53ac2e16849fe9d0f32d3c1f4d2e2 2477ae3138af43b2a0beb09289d0fcda - - default default] Successfully bumped revision number for resource 17963004-99c6-428e-9d98-9f18c29f035b (type: security_group_rules) to 0
2026-05-12 12:34:16.814 10 INFO neutron.db.ovn_revision_numbers_db [None req-c3dbdbc8-16f6-4937-9088-0f3b0009ee6a 42e53ac2e16849fe9d0f32d3c1f4d2e2 2477ae3138af43b2a0beb09289d0fcda - - default default] Successfully bumped revision number for resource 9554c46e-e555-4995-b58e-0d44642f4931 (type: security_group_rules) to 0
2026-05-12 12:34:16.828 10 INFO neutron.db.ovn_revision_numbers_db [None req-c3dbdbc8-16f6-4937-9088-0f3b0009ee6a 42e53ac2e16849fe9d0f32d3c1f4d2e2 2477ae3138af43b2a0beb09289d0fcda - - default default] Successfully bumped revision number for resource d939ffc7-7ac8-4369-b802-1cc9259699f0 (type: security_group_rules) to 0
2026-05-12 12:34:16.834 9 INFO neutron.db.l3_db [req-e990a3e5-31d6-4542-a0ea-f68e49608e6e req-c16c80e2-78d9-48e6-b7b8-57678d5912db 53bc58885f7a4bb4b2d1622e876bac32 cd76aef5a7e449efa94d3a30f4b567a8 - - default default] Floating IP e886e431-bca6-4c71-8b25-2f9315702f10 disassociated. External IP: 10.96.250.214, port: 9bef803b-cadf-43fa-99c6-b7d754bae797.
2026-05-12 12:34:16.887 10 INFO neutron.db.segments_db [None req-c3dbdbc8-16f6-4937-9088-0f3b0009ee6a 42e53ac2e16849fe9d0f32d3c1f4d2e2 2477ae3138af43b2a0beb09289d0fcda - - default default] Added segment 1a805448-6423-4257-a73f-5325da77d1f5 of type geneve for network 483842f8-e5b3-4801-b9cc-52976a0dd160
2026-05-12 12:34:16.890 9 INFO neutron.wsgi [req-7ec0760a-4de7-4cd9-b022-f41957933cce req-3b91e154-50bb-4f07-9d9a-f2cfeb7b7e22 d7ee321ecf96417c80008e6bfd4df276 6d073874919b43dd8e16cfc28c6a7fff - - default default] 199.19.213.244 "GET /v2.0/security-groups?fields=id&fields=name&tenant_id=6d073874919b43dd8e16cfc28c6a7fff HTTP/1.1" status: 200 len: 380 time: 0.1042225
