2026-05-12 12:36:01.741 10 WARNING neutron.api.rpc.agentnotifiers.dhcp_rpc_agent_api [None req-94e7766a-89fe-4f8e-b646-dc363d7010e7 601ef384b38d49fc86309d8f5a6db6a1 b02b78cc41f84ffaa8a45e30a1d5293f - - default default] Unable to schedule network a6cccafc-0947-4521-b294-e1d7016543fa: no agents available; will retry on subsequent port and subnet creation events. /var/lib/openstack/lib/python3.10/site-packages/pycadf/identifier.py:71: UserWarning: Invalid uuid: neutron. To ensure interoperability, identifiers should be a valid uuid. warnings.warn(('Invalid uuid: %s. To ensure interoperability, '
2026-05-12 12:36:01.819 10 INFO neutron.wsgi [req-bbdc7105-21cb-405b-87f7-597a71fa8004 req-f883d4bc-ace9-4a64-a549-8bc38d43dfeb 2fd3fec1df4d484eb413dee8fbb53e2b 9b5a54f26303430885f9f2b69292e723 - - a207f7a3574a4184a487d9be974e9da4 a207f7a3574a4184a487d9be974e9da4] 10.0.0.68 "GET /v2.0/ports?device_id=98abc735-44a2-4cf2-85d0-5d509a57dcc5 HTTP/1.1" status: 200 len: 1409 time: 0.0598509
2026-05-12 12:36:01.873 10 INFO neutron.db.ovn_revision_numbers_db [None req-94e7766a-89fe-4f8e-b646-dc363d7010e7 601ef384b38d49fc86309d8f5a6db6a1 b02b78cc41f84ffaa8a45e30a1d5293f - - default default] Successfully bumped revision number for resource 1021c870-88b7-43e6-96f1-99023b1a5a7c (type: ports) to 1
2026-05-12 12:36:01.881 10 INFO neutron.wsgi [req-bbdc7105-21cb-405b-87f7-597a71fa8004 req-db289591-1f74-4b69-a93b-83380cba5f5a 2fd3fec1df4d484eb413dee8fbb53e2b 9b5a54f26303430885f9f2b69292e723 - - a207f7a3574a4184a487d9be974e9da4 a207f7a3574a4184a487d9be974e9da4] 10.0.0.68 "GET /v2.0/security-groups?id=43d07169-2395-4118-9b3b-f0f79ae430e4&fields=id&fields=name HTTP/1.1" status: 200 len: 313 time: 0.0519090
2026-05-12 12:36:01.911 10 INFO neutron.wsgi [None req-94e7766a-89fe-4f8e-b646-dc363d7010e7 601ef384b38d49fc86309d8f5a6db6a1 b02b78cc41f84ffaa8a45e30a1d5293f - - default default] 10.0.0.120 "POST /v2.0/ports HTTP/1.1" status: 201 len: 942 time: 0.4407513
2026-05-12 12:36:01.984 10 INFO neutron.wsgi [None req-75c33ead-9d3b-4538-abf3-aa91db6c95f3 601ef384b38d49fc86309d8f5a6db6a1 b02b78cc41f84ffaa8a45e30a1d5293f - - default default] 10.0.0.120 "PUT /v2.0/ports/1021c870-88b7-43e6-96f1-99023b1a5a7c/tags HTTP/1.1" status: 200 len: 218 time: 0.0681567
2026-05-12 12:36:02.022 10 INFO neutron.wsgi [None req-921863a1-45cb-4feb-9141-dc0543e49574 601ef384b38d49fc86309d8f5a6db6a1 b02b78cc41f84ffaa8a45e30a1d5293f - - default default] 10.0.0.120 "GET /v2.0/ports/1021c870-88b7-43e6-96f1-99023b1a5a7c/tags HTTP/1.1" status: 200 len: 218 time: 0.0327647
2026-05-12 12:36:02.075 10 INFO neutron.wsgi [None req-91916a4e-3f49-4080-9bfd-fb49dc192ee9 601ef384b38d49fc86309d8f5a6db6a1 b02b78cc41f84ffaa8a45e30a1d5293f - - default default] 10.0.0.120 "PUT /v2.0/ports/1021c870-88b7-43e6-96f1-99023b1a5a7c/tags/green HTTP/1.1" status: 201 len: 201 time: 0.0487196
2026-05-12 12:36:02.132 10 INFO neutron.wsgi [None req-71124847-c4b4-4109-9917-0a2bd22752e1 601ef384b38d49fc86309d8f5a6db6a1 b02b78cc41f84ffaa8a45e30a1d5293f - - default default] 10.0.0.120 "GET /v2.0/ports/1021c870-88b7-43e6-96f1-99023b1a5a7c/tags HTTP/1.1" status: 200 len: 227 time: 0.0494001
2026-05-12 12:36:02.186 10 INFO neutron.wsgi [None req-c097035c-9eef-44b8-914d-fa22f6c8984a 601ef384b38d49fc86309d8f5a6db6a1 b02b78cc41f84ffaa8a45e30a1d5293f - - default default] 10.0.0.120 "PUT /v2.0/ports/1021c870-88b7-43e6-96f1-99023b1a5a7c/tags/red HTTP/1.1" status: 201 len: 201 time: 0.0501440
2026-05-12 12:36:02.222 10 INFO neutron.wsgi [None req-12b4c8d7-8056-4e21-a78b-37eede88a546 601ef384b38d49fc86309d8f5a6db6a1 b02b78cc41f84ffaa8a45e30a1d5293f - - default default] 10.0.0.120 "GET /v2.0/ports/1021c870-88b7-43e6-96f1-99023b1a5a7c/tags HTTP/1.1" status: 200 len: 227 time: 0.0323122
2026-05-12 12:36:02.272 10 INFO neutron.wsgi [None req-880fd281-3605-4ca4-8999-53679fa743ec 601ef384b38d49fc86309d8f5a6db6a1 b02b78cc41f84ffaa8a45e30a1d5293f - - default default] 10.0.0.120 "PUT /v2.0/ports/1021c870-88b7-43e6-96f1-99023b1a5a7c/tags/black.or.white HTTP/1.1" status: 201 len: 201 time: 0.0465970
2026-05-12 12:36:02.313 10 INFO neutron.wsgi [None req-7e9593c3-7ee4-425c-b291-8c2a82908d42 601ef384b38d49fc86309d8f5a6db6a1 b02b78cc41f84ffaa8a45e30a1d5293f - - default default] 10.0.0.120 "GET /v2.0/ports/1021c870-88b7-43e6-96f1-99023b1a5a7c/tags HTTP/1.1" status: 200 len: 245 time: 0.0355968
2026-05-12 12:36:02.372 10 INFO neutron.wsgi [None req-b858f197-4f92-4610-afa6-ef28adeb48da 601ef384b38d49fc86309d8f5a6db6a1 b02b78cc41f84ffaa8a45e30a1d5293f - - default default] 10.0.0.120 "PUT /v2.0/ports/1021c870-88b7-43e6-96f1-99023b1a5a7c/tags HTTP/1.1" status: 200 len: 230 time: 0.0539551
2026-05-12 12:36:02.419 10 INFO neutron.wsgi [None req-35528df1-312d-444d-b661-cf301905c0e3 601ef384b38d49fc86309d8f5a6db6a1 b02b78cc41f84ffaa8a45e30a1d5293f - - default default] 10.0.0.120 "GET /v2.0/ports/1021c870-88b7-43e6-96f1-99023b1a5a7c/tags HTTP/1.1" status: 200 len: 230 time: 0.0415745
2026-05-12 12:36:02.468 9 INFO neutron.wsgi [None req-863b57dc-018d-4aec-9238-adf3778c1e76 601ef384b38d49fc86309d8f5a6db6a1 b02b78cc41f84ffaa8a45e30a1d5293f - - default default] 10.0.0.120 "GET /v2.0/ports/1021c870-88b7-43e6-96f1-99023b1a5a7c/tags/red HTTP/1.1" status: 204 len: 168 time: 0.0374238
2026-05-12 12:36:02.505 9 INFO neutron.api.v2.resource [None req-9d06fda4-6616-41fd-9518-420fe506664e 601ef384b38d49fc86309d8f5a6db6a1 b02b78cc41f84ffaa8a45e30a1d5293f - - default default] show failed (client error): The resource could not be found.
2026-05-12 12:36:02.506 9 INFO neutron.wsgi [None req-9d06fda4-6616-41fd-9518-420fe506664e 601ef384b38d49fc86309d8f5a6db6a1 b02b78cc41f84ffaa8a45e30a1d5293f - - default default] 10.0.0.120 "GET /v2.0/ports/1021c870-88b7-43e6-96f1-99023b1a5a7c/tags/green HTTP/1.1" status: 404 len: 299 time: 0.0327702
2026-05-12 12:36:02.593 9 INFO neutron.wsgi [None req-5d1aa4d7-6733-4d33-a6fc-1f88b0966e41 601ef384b38d49fc86309d8f5a6db6a1 b02b78cc41f84ffaa8a45e30a1d5293f - - default default] 10.0.0.120 "DELETE /v2.0/ports/1021c870-88b7-43e6-96f1-99023b1a5a7c/tags/red HTTP/1.1" status: 204 len: 168 time: 0.0820770
2026-05-12 12:36:02.643 9 INFO neutron.wsgi [None req-c2557f3d-de80-4ae2-b900-c89dc684f37a 601ef384b38d49fc86309d8f5a6db6a1 b02b78cc41f84ffaa8a45e30a1d5293f - - default default] 10.0.0.120 "GET /v2.0/ports/1021c870-88b7-43e6-96f1-99023b1a5a7c/tags HTTP/1.1" status: 200 len: 223 time: 0.0447912
2026-05-12 12:36:02.690 9 INFO neutron.api.v2.resource [None req-27c6d764-6bb3-498a-acee-c6568ecc53e9 601ef384b38d49fc86309d8f5a6db6a1 b02b78cc41f84ffaa8a45e30a1d5293f - - default default] delete failed (client error): The resource could not be found.
2026-05-12 12:36:02.691 9 INFO neutron.wsgi [None req-27c6d764-6bb3-498a-acee-c6568ecc53e9 601ef384b38d49fc86309d8f5a6db6a1 b02b78cc41f84ffaa8a45e30a1d5293f - - default default] 10.0.0.120 "DELETE /v2.0/ports/1021c870-88b7-43e6-96f1-99023b1a5a7c/tags/green HTTP/1.1" status: 404 len: 299 time: 0.0392616
2026-05-12 12:36:02.750 9 INFO neutron.wsgi [None req-d88d03cf-cc94-4abf-b574-6b38c439b0fa 601ef384b38d49fc86309d8f5a6db6a1 b02b78cc41f84ffaa8a45e30a1d5293f - - default default] 10.0.0.120 "DELETE /v2.0/ports/1021c870-88b7-43e6-96f1-99023b1a5a7c/tags HTTP/1.1" status: 204 len: 168 time: 0.0537317
2026-05-12 12:36:02.811 9 INFO neutron.wsgi [None req-b193a0f2-bcf8-4de8-9f29-b6f0de89764b 601ef384b38d49fc86309d8f5a6db6a1 b02b78cc41f84ffaa8a45e30a1d5293f - - default default] 10.0.0.120 "GET /v2.0/ports/1021c870-88b7-43e6-96f1-99023b1a5a7c/tags HTTP/1.1" status: 200 len: 205 time: 0.0563419
2026-05-12 12:36:03.141 9 INFO neutron.wsgi [None req-1961140c-934e-4041-a56d-1394813f3a99 601ef384b38d49fc86309d8f5a6db6a1 b02b78cc41f84ffaa8a45e30a1d5293f - - default default] 10.0.0.120 "DELETE /v2.0/ports/1021c870-88b7-43e6-96f1-99023b1a5a7c HTTP/1.1" status: 204 len: 168 time: 0.3194752
2026-05-12 12:36:03.364 10 INFO neutron.wsgi [None req-21eaa48c-2358-4ed1-8128-a510eccc5103 70eb9a669fd64704badff0cb7edfc3bf afec66673f5f4e4cb262e419c1d7919d - - default default] 10.0.0.120 "GET /v2.0/ports?project_id=80d8c6a1ac194a2eb982be531c453713&network_id=c8da693b-0027-4036-a65a-e16dc9f8da1c HTTP/1.1" status: 200 len: 3510 time: 0.0793500
2026-05-12 12:36:03.486 9 INFO neutron.services.segments.plugin [-] Segment 12a87e57-54f5-4fc6-8fa3-317d5f2c6081 resource provider aggregate not found
2026-05-12 12:36:03.490 9 INFO neutron.services.segments.plugin [-] Segment 12a87e57-54f5-4fc6-8fa3-317d5f2c6081 resource provider aggregate not found
2026-05-12 12:36:03.506 9 INFO neutron.services.segments.plugin [-] Segment 12a87e57-54f5-4fc6-8fa3-317d5f2c6081 resource provider not found; error: Placement Client Error (4xx): {"errors": [{"status": 404, "title": "Not Found", "detail": "The resource could not be found.\n\n No resource provider with uuid 12a87e57-54f5-4fc6-8fa3-317d5f2c6081 found for delete ", "request_id": "req-2c2a6a9f-74a9-42d1-a4ac-7f45c33a490b"}]}
2026-05-12 12:36:03.511 9 INFO neutron.services.segments.plugin [-] Segment 12a87e57-54f5-4fc6-8fa3-317d5f2c6081 resource provider not found; error: Placement Client Error (4xx): {"errors": [{"status": 404, "title": "Not Found", "detail": "The resource could not be found.\n\n No resource provider with uuid 12a87e57-54f5-4fc6-8fa3-317d5f2c6081 found for delete ", "request_id": "req-659b1a0e-32db-4432-8c8d-cb037decc127"}]}
2026-05-12 12:36:03.531 9 INFO neutron.wsgi [None req-7881a3b8-deae-46f3-83f4-f58ca093371d 601ef384b38d49fc86309d8f5a6db6a1 b02b78cc41f84ffaa8a45e30a1d5293f - - default default] 10.0.0.120 "DELETE /v2.0/networks/a6cccafc-0947-4521-b294-e1d7016543fa HTTP/1.1" status: 204 len: 168 time: 0.3858349
2026-05-12 12:36:03.659 9 INFO neutron.wsgi [None req-9958ae77-1a7b-48f2-a3b1-30ec82b518c0 70eb9a669fd64704badff0cb7edfc3bf afec66673f5f4e4cb262e419c1d7919d - - default default] 10.0.0.120 "GET /v2.0/subnets?network_id=110dc62a-4dd9-4f3d-b334-a5f1ef86a5c0 HTTP/1.1" status: 200 len: 838 time: 0.0496244
2026-05-12 12:36:03.760 9 INFO neutron.db.ovn_revision_numbers_db [None req-1fd4ad65-f851-43dd-a655-d5d2928001e3 3b0a0edda41f435d88d6ba8a74cace51 1888e6ea4bec4394803d2be1d04a8e95 - - default default] Successfully bumped revision number for resource 576db600-f8ea-4114-98e9-b7f9ee37fea8 (type: security_groups) to 1
2026-05-12 12:36:03.771 9 INFO neutron.db.ovn_revision_numbers_db [None req-1fd4ad65-f851-43dd-a655-d5d2928001e3 3b0a0edda41f435d88d6ba8a74cace51 1888e6ea4bec4394803d2be1d04a8e95 - - default default] Successfully bumped revision number for resource 164291e0-6f52-41b2-84bf-cfd03e42c21f (type: security_group_rules) to 0
2026-05-12 12:36:03.784 9 INFO neutron.db.ovn_revision_numbers_db [None req-1fd4ad65-f851-43dd-a655-d5d2928001e3 3b0a0edda41f435d88d6ba8a74cace51 1888e6ea4bec4394803d2be1d04a8e95 - - default default] Successfully bumped revision number for resource 74ace4e4-a5eb-4b6d-8ea9-e83b57e1a456 (type: security_group_rules) to 0
2026-05-12 12:36:03.799 9 INFO neutron.db.ovn_revision_numbers_db [None req-1fd4ad65-f851-43dd-a655-d5d2928001e3 3b0a0edda41f435d88d6ba8a74cace51 1888e6ea4bec4394803d2be1d04a8e95 - - default default] Successfully bumped revision number for resource a0bb5957-fe35-478c-af39-97bc7e9653b8 (type: security_group_rules) to 0
2026-05-12 12:36:03.813 9 INFO neutron.db.ovn_revision_numbers_db [None req-1fd4ad65-f851-43dd-a655-d5d2928001e3 3b0a0edda41f435d88d6ba8a74cace51 1888e6ea4bec4394803d2be1d04a8e95 - - default default] Successfully bumped revision number for resource ebf0c46d-b1a7-40db-915c-9b40f19b5e00 (type: security_group_rules) to 0
2026-05-12 12:36:03.835 9 INFO neutron.wsgi [None req-1fd4ad65-f851-43dd-a655-d5d2928001e3 3b0a0edda41f435d88d6ba8a74cace51 1888e6ea4bec4394803d2be1d04a8e95 - - default default] 10.0.0.120 "GET /v2.0/security-groups?tenant_id=8dd2fcc6e04846b78adea63816e55919&name=default HTTP/1.1" status: 200 len: 3120 time: 0.4109542
2026-05-12 12:36:04.064 10 INFO neutron.db.ovn_revision_numbers_db [None req-80e2ecce-799c-483a-b7e9-85e05ca87d4c 2739fc7d8a5b4a768789e0c6fdff9def 80d8c6a1ac194a2eb982be531c453713 - - default default] Successfully bumped revision number for resource 86534a4f-8f32-4557-b0eb-0a2ef59d3a3f (type: floatingips) to 2
2026-05-12 12:36:04.125 10 INFO neutron.db.l3_db [None req-80e2ecce-799c-483a-b7e9-85e05ca87d4c 2739fc7d8a5b4a768789e0c6fdff9def 80d8c6a1ac194a2eb982be531c453713 - - default default] Floating IP 86534a4f-8f32-4557-b0eb-0a2ef59d3a3f disassociated. External IP: 10.96.250.211, port: edb04c3d-842d-48d5-9ca4-0307578fc96d.
2026-05-12 12:36:04.156 10 INFO neutron.wsgi [None req-80e2ecce-799c-483a-b7e9-85e05ca87d4c 2739fc7d8a5b4a768789e0c6fdff9def 80d8c6a1ac194a2eb982be531c453713 - - default default] 10.0.0.120 "PUT /v2.0/floatingips/86534a4f-8f32-4557-b0eb-0a2ef59d3a3f HTTP/1.1" status: 200 len: 748 time: 0.3160100 /var/lib/openstack/lib/python3.10/site-packages/pycadf/identifier.py:71: UserWarning: Invalid uuid: neutron. To ensure interoperability, identifiers should be a valid uuid. warnings.warn(('Invalid uuid: %s. To ensure interoperability, '
2026-05-12 12:36:04.168 10 INFO neutron.wsgi [None req-4efd17c3-a137-4749-8389-a7bf96b03810 3b0a0edda41f435d88d6ba8a74cace51 1888e6ea4bec4394803d2be1d04a8e95 - - default default] 10.0.0.120 "DELETE /v2.0/security-groups/576db600-f8ea-4114-98e9-b7f9ee37fea8 HTTP/1.1" status: 204 len: 168 time: 0.3286474
2026-05-12 12:36:04.194 10 INFO neutron.notifiers.nova [-] Nova event matching ['req-2f875d35-be07-4ff4-80b7-1fe8980ab00c'] response: {'name': 'network-changed', 'server_uuid': '98abc735-44a2-4cf2-85d0-5d509a57dcc5', 'tag': 'edb04c3d-842d-48d5-9ca4-0307578fc96d', 'status': 'completed', 'code': 200}
2026-05-12 12:36:04.204 9 INFO neutron.wsgi [None req-0942232c-4730-49fa-82b0-df941153f08b 2739fc7d8a5b4a768789e0c6fdff9def 80d8c6a1ac194a2eb982be531c453713 - - default default] 10.0.0.120 "GET /v2.0/floatingips/86534a4f-8f32-4557-b0eb-0a2ef59d3a3f HTTP/1.1" status: 200 len: 746 time: 0.0412731
2026-05-12 12:36:04.260 9 INFO neutron.wsgi [req-65930972-f38f-404b-944f-e1247029e88f req-3d35dbb4-c141-4781-8e0a-d86376ea1e25 2fd3fec1df4d484eb413dee8fbb53e2b 9b5a54f26303430885f9f2b69292e723 - - a207f7a3574a4184a487d9be974e9da4 a207f7a3574a4184a487d9be974e9da4] 199.19.213.244 "GET /v2.0/ports?tenant_id=80d8c6a1ac194a2eb982be531c453713&device_id=98abc735-44a2-4cf2-85d0-5d509a57dcc5 HTTP/1.1" status: 200 len: 1409 time: 0.0465558
2026-05-12 12:36:04.326 9 INFO neutron.wsgi [req-65930972-f38f-404b-944f-e1247029e88f req-fd41f019-2bdf-4fc0-b66c-e5a3190c8ddc 2fd3fec1df4d484eb413dee8fbb53e2b 9b5a54f26303430885f9f2b69292e723 - - a207f7a3574a4184a487d9be974e9da4 a207f7a3574a4184a487d9be974e9da4] 199.19.213.244 "GET /v2.0/networks?id=c8da693b-0027-4036-a65a-e16dc9f8da1c HTTP/1.1" status: 200 len: 959 time: 0.0586274
2026-05-12 12:36:04.356 9 INFO neutron.wsgi [req-65930972-f38f-404b-944f-e1247029e88f req-24bf7192-77c2-442b-b59b-efc14d272c30 2fd3fec1df4d484eb413dee8fbb53e2b 9b5a54f26303430885f9f2b69292e723 - - a207f7a3574a4184a487d9be974e9da4 a207f7a3574a4184a487d9be974e9da4] 199.19.213.244 "GET /v2.0/floatingips?fixed_ip_address=10.100.0.5&port_id=edb04c3d-842d-48d5-9ca4-0307578fc96d HTTP/1.1" status: 200 len: 217 time: 0.0246565
2026-05-12 12:36:04.405 9 INFO neutron.wsgi [req-65930972-f38f-404b-944f-e1247029e88f req-ebd6cf9d-3db3-4c5f-8242-ecb3dc8d7297 2fd3fec1df4d484eb413dee8fbb53e2b 9b5a54f26303430885f9f2b69292e723 - - a207f7a3574a4184a487d9be974e9da4 a207f7a3574a4184a487d9be974e9da4] 199.19.213.244 "GET /v2.0/subnets?id=22c66ecf-5354-4110-9b62-04caf84a010a HTTP/1.1" status: 200 len: 853 time: 0.0429373
2026-05-12 12:36:04.436 9 INFO neutron.wsgi [req-65930972-f38f-404b-944f-e1247029e88f req-16d1498d-b951-48a4-b247-1a8f3774cacf 2fd3fec1df4d484eb413dee8fbb53e2b 9b5a54f26303430885f9f2b69292e723 - - a207f7a3574a4184a487d9be974e9da4 a207f7a3574a4184a487d9be974e9da4] 199.19.213.244 "GET /v2.0/ports?network_id=c8da693b-0027-4036-a65a-e16dc9f8da1c&device_owner=network%3Adhcp HTTP/1.1" status: 200 len: 210 time: 0.0254710
2026-05-12 12:36:04.508 10 INFO neutron.wsgi [None req-01be8f99-74cf-4616-a0a1-1b9febf1352d 3b0a0edda41f435d88d6ba8a74cace51 1888e6ea4bec4394803d2be1d04a8e95 - - default default] 10.0.0.120 "GET /v2.0/security-groups?tenant_id=b02b78cc41f84ffaa8a45e30a1d5293f&name=default HTTP/1.1" status: 200 len: 3120 time: 0.3231881
2026-05-12 12:36:04.511 9 INFO neutron.wsgi [req-65930972-f38f-404b-944f-e1247029e88f req-b6cf3c60-91bd-46a5-98fa-82a091a8b671 2fd3fec1df4d484eb413dee8fbb53e2b 9b5a54f26303430885f9f2b69292e723 - - a207f7a3574a4184a487d9be974e9da4 a207f7a3574a4184a487d9be974e9da4] 199.19.213.244 "GET /v2.0/networks/c8da693b-0027-4036-a65a-e16dc9f8da1c?fields=segments HTTP/1.1" status: 200 len: 212 time: 0.0697320
2026-05-12 12:36:04.597 9 INFO neutron.wsgi [req-65930972-f38f-404b-944f-e1247029e88f req-51518583-d311-4e08-a952-400d829b90f4 2fd3fec1df4d484eb413dee8fbb53e2b 9b5a54f26303430885f9f2b69292e723 - - a207f7a3574a4184a487d9be974e9da4 a207f7a3574a4184a487d9be974e9da4] 199.19.213.244 "GET /v2.0/networks/c8da693b-0027-4036-a65a-e16dc9f8da1c?fields=provider%3Aphysical_network&fields=provider%3Anetwork_type HTTP/1.1" status: 200 len: 277 time: 0.0805717
2026-05-12 12:36:04.743 10 INFO neutron.wsgi [None req-a0b0a633-ce14-478f-ad45-4a6c4e70e70d 3b0a0edda41f435d88d6ba8a74cace51 1888e6ea4bec4394803d2be1d04a8e95 - - default default] 10.0.0.120 "DELETE /v2.0/security-groups/88098f00-64e8-4151-9040-21a076d45457 HTTP/1.1" status: 204 len: 168 time: 0.2271187
2026-05-12 12:36:05.108 10 INFO neutron.db.ovn_revision_numbers_db [None req-1813bd87-6482-4f4d-a90d-534b2bfecec5 3b0a0edda41f435d88d6ba8a74cace51 1888e6ea4bec4394803d2be1d04a8e95 - - default default] Successfully bumped revision number for resource 92e7f410-ef8e-4ee7-8f8f-2ead5d0bbfb9 (type: security_groups) to 1
2026-05-12 12:36:05.125 10 INFO neutron.db.ovn_revision_numbers_db [None req-1813bd87-6482-4f4d-a90d-534b2bfecec5 3b0a0edda41f435d88d6ba8a74cace51 1888e6ea4bec4394803d2be1d04a8e95 - - default default] Successfully bumped revision number for resource 4fedeeba-f1f9-4268-bec7-e7bbb96c2ddb (type: security_group_rules) to 0
2026-05-12 12:36:05.140 10 INFO neutron.db.ovn_revision_numbers_db [None req-1813bd87-6482-4f4d-a90d-534b2bfecec5 3b0a0edda41f435d88d6ba8a74cace51 1888e6ea4bec4394803d2be1d04a8e95 - - default default] Successfully bumped revision number for resource 73f1ab2b-8210-4623-a4c9-cd1f946dcaec (type: security_group_rules) to 0
2026-05-12 12:36:05.154 10 INFO neutron.db.ovn_revision_numbers_db [None req-1813bd87-6482-4f4d-a90d-534b2bfecec5 3b0a0edda41f435d88d6ba8a74cace51 1888e6ea4bec4394803d2be1d04a8e95 - - default default] Successfully bumped revision number for resource 7d1b4d9d-8e5d-4795-b687-bd45596d3af9 (type: security_group_rules) to 0
2026-05-12 12:36:05.171 10 INFO neutron.db.ovn_revision_numbers_db [None req-1813bd87-6482-4f4d-a90d-534b2bfecec5 3b0a0edda41f435d88d6ba8a74cace51 1888e6ea4bec4394803d2be1d04a8e95 - - default default] Successfully bumped revision number for resource 84c4bf7c-ac18-44ee-80d0-d11de5a8cb7a (type: security_group_rules) to 0
2026-05-12 12:36:05.193 10 INFO neutron.wsgi [None req-1813bd87-6482-4f4d-a90d-534b2bfecec5 3b0a0edda41f435d88d6ba8a74cace51 1888e6ea4bec4394803d2be1d04a8e95 - - default default] 10.0.0.120 "GET /v2.0/security-groups?tenant_id=9a25eae095184ca892b86c1ec9ce985b&name=default HTTP/1.1" status: 200 len: 3120 time: 0.2206504
2026-05-12 12:36:05.274 9 WARNING neutron_lib.context [None req-eafac04c-1794-4389-9c3f-426ce2735a91 2739fc7d8a5b4a768789e0c6fdff9def 80d8c6a1ac194a2eb982be531c453713 - - default default] Method 'is_advsvc' is deprecated since 2023.2 release (neutron-lib 3.8.0) and will be removed once support for the old RBAC API policies will be removed from Neutron. Please use method 'is_service_role' instead.
2026-05-12 12:36:05.413 9 INFO neutron.db.ovn_revision_numbers_db [None req-eafac04c-1794-4389-9c3f-426ce2735a91 2739fc7d8a5b4a768789e0c6fdff9def 80d8c6a1ac194a2eb982be531c453713 - - default default] Successfully bumped revision number for resource 96879692-4d14-46d9-bf27-c94706f7c65f (type: security_groups) to 1
2026-05-12 12:36:05.442 9 INFO neutron.db.ovn_revision_numbers_db [None req-eafac04c-1794-4389-9c3f-426ce2735a91 2739fc7d8a5b4a768789e0c6fdff9def 80d8c6a1ac194a2eb982be531c453713 - - default default] Successfully bumped revision number for resource 4acb0679-d3ae-44eb-adbe-9b57332e56a5 (type: security_group_rules) to 0
2026-05-12 12:36:05.463 9 INFO neutron.db.ovn_revision_numbers_db [None req-eafac04c-1794-4389-9c3f-426ce2735a91 2739fc7d8a5b4a768789e0c6fdff9def 80d8c6a1ac194a2eb982be531c453713 - - default default] Successfully bumped revision number for resource 8251aae1-5599-45b9-a348-1463b998fd2b (type: security_group_rules) to 0
2026-05-12 12:36:05.473 9 INFO neutron.wsgi [None req-741bc207-527b-4df5-8aee-ec1342134887 3b0a0edda41f435d88d6ba8a74cace51 1888e6ea4bec4394803d2be1d04a8e95 - - default default] 10.0.0.120 "DELETE /v2.0/security-groups/92e7f410-ef8e-4ee7-8f8f-2ead5d0bbfb9 HTTP/1.1" status: 204 len: 168 time: 0.2744236
2026-05-12 12:36:05.486 9 INFO neutron.wsgi [None req-eafac04c-1794-4389-9c3f-426ce2735a91 2739fc7d8a5b4a768789e0c6fdff9def 80d8c6a1ac194a2eb982be531c453713 - - default default] 10.0.0.120 "POST /v2.0/security-groups HTTP/1.1" status: 201 len: 1875 time: 0.2182918
2026-05-12 12:36:05.495 10 WARNING neutron_lib.context [None req-2912b5a8-fe29-42a0-9e31-21b6368dff8f 2739fc7d8a5b4a768789e0c6fdff9def 80d8c6a1ac194a2eb982be531c453713 - - default default] Method 'is_advsvc' is deprecated since 2023.2 release (neutron-lib 3.8.0) and will be removed once support for the old RBAC API policies will be removed from Neutron. Please use method 'is_service_role' instead.
2026-05-12 12:36:05.630 10 INFO neutron.db.ovn_revision_numbers_db [None req-2912b5a8-fe29-42a0-9e31-21b6368dff8f 2739fc7d8a5b4a768789e0c6fdff9def 80d8c6a1ac194a2eb982be531c453713 - - default default] Successfully bumped revision number for resource d935c0df-8041-4ae8-afd7-7a964a664feb (type: security_group_rules) to 0
2026-05-12 12:36:05.654 10 INFO neutron.wsgi [None req-2912b5a8-fe29-42a0-9e31-21b6368dff8f 2739fc7d8a5b4a768789e0c6fdff9def 80d8c6a1ac194a2eb982be531c453713 - - default default] 10.0.0.120 "POST /v2.0/security-group-rules HTTP/1.1" status: 201 len: 796 time: 0.1637383
2026-05-12 12:36:05.666 9 WARNING neutron_lib.context [None req-1742594d-910c-4241-b68f-4df380cbf4b9 2739fc7d8a5b4a768789e0c6fdff9def 80d8c6a1ac194a2eb982be531c453713 - - default default] Method 'is_advsvc' is deprecated since 2023.2 release (neutron-lib 3.8.0) and will be removed once support for the old RBAC API policies will be removed from Neutron. Please use method 'is_service_role' instead.
2026-05-12 12:36:05.799 9 INFO neutron.db.ovn_revision_numbers_db [None req-1742594d-910c-4241-b68f-4df380cbf4b9 2739fc7d8a5b4a768789e0c6fdff9def 80d8c6a1ac194a2eb982be531c453713 - - default default] Successfully bumped revision number for resource 70a8d746-c614-4249-9cf8-1b12757f0edc (type: security_group_rules) to 0
2026-05-12 12:36:05.823 9 INFO neutron.wsgi [None req-1742594d-910c-4241-b68f-4df380cbf4b9 2739fc7d8a5b4a768789e0c6fdff9def 80d8c6a1ac194a2eb982be531c453713 - - default default] 10.0.0.120 "POST /v2.0/security-group-rules HTTP/1.1" status: 201 len: 795 time: 0.1649024
2026-05-12 12:36:05.832 9 WARNING neutron_lib.context [None req-b450d117-7a0b-4038-8cd5-ae62a9bc502b 2739fc7d8a5b4a768789e0c6fdff9def 80d8c6a1ac194a2eb982be531c453713 - - default default] Method 'is_advsvc' is deprecated since 2023.2 release (neutron-lib 3.8.0) and will be removed once support for the old RBAC API policies will be removed from Neutron. Please use method 'is_service_role' instead.
2026-05-12 12:36:05.967 9 INFO neutron.db.ovn_revision_numbers_db [None req-b450d117-7a0b-4038-8cd5-ae62a9bc502b 2739fc7d8a5b4a768789e0c6fdff9def 80d8c6a1ac194a2eb982be531c453713 - - default default] Successfully bumped revision number for resource d2157ec5-2299-4e63-9155-9e4a9cc09df2 (type: security_group_rules) to 0
2026-05-12 12:36:05.992 9 INFO neutron.wsgi [None req-b450d117-7a0b-4038-8cd5-ae62a9bc502b 2739fc7d8a5b4a768789e0c6fdff9def 80d8c6a1ac194a2eb982be531c453713 - - default default] 10.0.0.120 "POST /v2.0/security-group-rules HTTP/1.1" status: 201 len: 801 time: 0.1650317
2026-05-12 12:36:06.002 9 WARNING neutron_lib.context [None req-bef6fa00-4287-4496-8ee9-4f9f71bb5552 2739fc7d8a5b4a768789e0c6fdff9def 80d8c6a1ac194a2eb982be531c453713 - - default default] Method 'is_advsvc' is deprecated since 2023.2 release (neutron-lib 3.8.0) and will be removed once support for the old RBAC API policies will be removed from Neutron. Please use method 'is_service_role' instead.
2026-05-12 12:36:06.158 9 INFO neutron.db.ovn_revision_numbers_db [None req-bef6fa00-4287-4496-8ee9-4f9f71bb5552 2739fc7d8a5b4a768789e0c6fdff9def 80d8c6a1ac194a2eb982be531c453713 - - default default] Successfully bumped revision number for resource daa430f9-9676-4819-bbba-c21e2dcc3a44 (type: security_group_rules) to 0
2026-05-12 12:36:06.188 9 INFO neutron.wsgi [None req-bef6fa00-4287-4496-8ee9-4f9f71bb5552 2739fc7d8a5b4a768789e0c6fdff9def 80d8c6a1ac194a2eb982be531c453713 - - default default] 10.0.0.120 "POST /v2.0/security-group-rules HTTP/1.1" status: 201 len: 800 time: 0.1907635
2026-05-12 12:36:06.197 9 WARNING neutron_lib.context [None req-27fe9dac-2c1c-4f3c-a072-842d853f7038 2739fc7d8a5b4a768789e0c6fdff9def 80d8c6a1ac194a2eb982be531c453713 - - default default] Method 'is_advsvc' is deprecated since 2023.2 release (neutron-lib 3.8.0) and will be removed once support for the old RBAC API policies will be removed from Neutron. Please use method 'is_service_role' instead.
2026-05-12 12:36:06.256 9 INFO neutron.db.securitygroups_db [None req-27fe9dac-2c1c-4f3c-a072-842d853f7038 2739fc7d8a5b4a768789e0c6fdff9def 80d8c6a1ac194a2eb982be531c453713 - - default default] Project 80d8c6a1ac194a2eb982be531c453713 added a security group rule with legacy IPv6 ICMP protocol name icmp, ipv6-icmp should be used instead. It was automatically converted.
2026-05-12 12:36:06.292 9 INFO neutron.db.ovn_revision_numbers_db [None req-c8ba88f3-52b8-4588-8dbd-256462bc8689 3b0a0edda41f435d88d6ba8a74cace51 1888e6ea4bec4394803d2be1d04a8e95 - - default default] Successfully bumped revision number for resource 298f91c4-88e0-4daa-9006-c32d0297c3dc (type: security_groups) to 1
2026-05-12 12:36:06.313 9 INFO neutron.db.ovn_revision_numbers_db [None req-c8ba88f3-52b8-4588-8dbd-256462bc8689 3b0a0edda41f435d88d6ba8a74cace51 1888e6ea4bec4394803d2be1d04a8e95 - - default default] Successfully bumped revision number for resource 3399221e-8771-451d-8ee4-91c5da61f2bc (type: security_group_rules) to 0
2026-05-12 12:36:06.331 9 INFO neutron.db.ovn_revision_numbers_db [None req-c8ba88f3-52b8-4588-8dbd-256462bc8689 3b0a0edda41f435d88d6ba8a74cace51 1888e6ea4bec4394803d2be1d04a8e95 - - default default] Successfully bumped revision number for resource 7d09bfe6-4c8b-40c7-bc53-dae388e25a47 (type: security_group_rules) to 0
2026-05-12 12:36:06.353 9 INFO neutron.db.ovn_revision_numbers_db [None req-c8ba88f3-52b8-4588-8dbd-256462bc8689 3b0a0edda41f435d88d6ba8a74cace51 1888e6ea4bec4394803d2be1d04a8e95 - - default default] Successfully bumped revision number for resource a15c5bf2-587e-4cfb-a2e4-652b1f900b93 (type: security_group_rules) to 0
2026-05-12 12:36:06.376 9 INFO neutron.db.ovn_revision_numbers_db [None req-c8ba88f3-52b8-4588-8dbd-256462bc8689 3b0a0edda41f435d88d6ba8a74cace51 1888e6ea4bec4394803d2be1d04a8e95 - - default default] Successfully bumped revision number for resource b5b4497b-16ec-4f02-afed-f0e4b434b1a2 (type: security_group_rules) to 0
2026-05-12 12:36:06.394 9 INFO neutron.db.ovn_revision_numbers_db [None req-27fe9dac-2c1c-4f3c-a072-842d853f7038 2739fc7d8a5b4a768789e0c6fdff9def 80d8c6a1ac194a2eb982be531c453713 - - default default] Successfully bumped revision number for resource 2eed31f6-06e1-414e-8776-3ff41f182eff (type: security_group_rules) to 0
2026-05-12 12:36:06.408 9 INFO neutron.wsgi [None req-c8ba88f3-52b8-4588-8dbd-256462bc8689 3b0a0edda41f435d88d6ba8a74cace51 1888e6ea4bec4394803d2be1d04a8e95 - - default default] 10.0.0.120 "GET /v2.0/security-groups?tenant_id=c10ed3e397ca4e89a4cb0db69c9e6bb4&name=default HTTP/1.1" status: 200 len: 3120 time: 0.4470897
2026-05-12 12:36:06.428 9 INFO neutron.wsgi [None req-27fe9dac-2c1c-4f3c-a072-842d853f7038 2739fc7d8a5b4a768789e0c6fdff9def 80d8c6a1ac194a2eb982be531c453713 - - default default] 10.0.0.120 "POST /v2.0/security-group-rules HTTP/1.1" status: 201 len: 806 time: 0.2360172
2026-05-12 12:36:06.436 9 WARNING neutron_lib.context [None req-72b82778-5c31-4aa9-96b4-d57e1ec09fd9 2739fc7d8a5b4a768789e0c6fdff9def 80d8c6a1ac194a2eb982be531c453713 - - default default] Method 'is_advsvc' is deprecated since 2023.2 release (neutron-lib 3.8.0) and will be removed once support for the old RBAC API policies will be removed from Neutron. Please use method 'is_service_role' instead.
2026-05-12 12:36:06.476 9 INFO neutron.db.securitygroups_db [None req-72b82778-5c31-4aa9-96b4-d57e1ec09fd9 2739fc7d8a5b4a768789e0c6fdff9def 80d8c6a1ac194a2eb982be531c453713 - - default default] Project 80d8c6a1ac194a2eb982be531c453713 added a security group rule with legacy IPv6 ICMP protocol name icmp, ipv6-icmp should be used instead. It was automatically converted.
2026-05-12 12:36:06.597 9 INFO neutron.db.ovn_revision_numbers_db [None req-72b82778-5c31-4aa9-96b4-d57e1ec09fd9 2739fc7d8a5b4a768789e0c6fdff9def 80d8c6a1ac194a2eb982be531c453713 - - default default] Successfully bumped revision number for resource 49f7e68b-462d-429a-8f27-3893b58f71e6 (type: security_group_rules) to 0
2026-05-12 12:36:06.622 9 INFO neutron.wsgi [None req-72b82778-5c31-4aa9-96b4-d57e1ec09fd9 2739fc7d8a5b4a768789e0c6fdff9def 80d8c6a1ac194a2eb982be531c453713 - - default default] 10.0.0.120 "POST /v2.0/security-group-rules HTTP/1.1" status: 201 len: 805 time: 0.1900358
2026-05-12 12:36:06.648 10 INFO neutron.wsgi [None req-8a0d338d-827f-437a-901f-933eb60e1a30 3b0a0edda41f435d88d6ba8a74cace51 1888e6ea4bec4394803d2be1d04a8e95 - - default default] 10.0.0.120 "DELETE /v2.0/security-groups/298f91c4-88e0-4daa-9006-c32d0297c3dc HTTP/1.1" status: 204 len: 168 time: 0.2338734
2026-05-12 12:36:06.965 10 INFO neutron.db.ovn_revision_numbers_db [None req-75c0d640-e293-4d8e-a6ed-59436ac7bb31 3b0a0edda41f435d88d6ba8a74cace51 1888e6ea4bec4394803d2be1d04a8e95 - - default default] Successfully bumped revision number for resource 6fc897a5-6822-441d-b824-954791e25def (type: security_groups) to 1
2026-05-12 12:36:06.981 10 INFO neutron.db.ovn_revision_numbers_db [None req-75c0d640-e293-4d8e-a6ed-59436ac7bb31 3b0a0edda41f435d88d6ba8a74cace51 1888e6ea4bec4394803d2be1d04a8e95 - - default default] Successfully bumped revision number for resource 423747f4-6cac-4e55-ab3f-ed799bc747cf (type: security_group_rules) to 0
2026-05-12 12:36:06.996 10 INFO neutron.db.ovn_revision_numbers_db [None req-75c0d640-e293-4d8e-a6ed-59436ac7bb31 3b0a0edda41f435d88d6ba8a74cace51 1888e6ea4bec4394803d2be1d04a8e95 - - default default] Successfully bumped revision number for resource 51cd3781-af2f-4c4c-a241-31b021482726 (type: security_group_rules) to 0
2026-05-12 12:36:07.012 10 INFO neutron.db.ovn_revision_numbers_db [None req-75c0d640-e293-4d8e-a6ed-59436ac7bb31 3b0a0edda41f435d88d6ba8a74cace51 1888e6ea4bec4394803d2be1d04a8e95 - - default default] Successfully bumped revision number for resource 7872f453-c512-4149-bcd1-728f7c579241 (type: security_group_rules) to 0
2026-05-12 12:36:07.027 10 INFO neutron.db.ovn_revision_numbers_db [None req-75c0d640-e293-4d8e-a6ed-59436ac7bb31 3b0a0edda41f435d88d6ba8a74cace51 1888e6ea4bec4394803d2be1d04a8e95 - - default default] Successfully bumped revision number for resource f29edb19-7805-4e40-8d05-6aa1b41df69c (type: security_group_rules) to 0
2026-05-12 12:36:07.048 10 INFO neutron.wsgi [None req-75c0d640-e293-4d8e-a6ed-59436ac7bb31 3b0a0edda41f435d88d6ba8a74cace51 1888e6ea4bec4394803d2be1d04a8e95 - - default default] 10.0.0.120 "GET /v2.0/security-groups?tenant_id=1abbbffa3c304aa9bfbe65720b5420f9&name=default HTTP/1.1" status: 200 len: 3120 time: 0.2482469
2026-05-12 12:36:07.270 9 INFO neutron.wsgi [None req-9b1df3e0-0a26-4e26-ba9b-a7a05515ed0b 2739fc7d8a5b4a768789e0c6fdff9def 80d8c6a1ac194a2eb982be531c453713 - - default default] 10.0.0.120 "GET /v2.0/networks HTTP/1.1" status: 200 len: 1493 time: 0.2956157
2026-05-12 12:36:07.276 10 INFO neutron.wsgi [None req-49f1d317-8727-4a6b-8ca9-06ccf1c08bca 3b0a0edda41f435d88d6ba8a74cace51 1888e6ea4bec4394803d2be1d04a8e95 - - default default] 10.0.0.120 "DELETE /v2.0/security-groups/6fc897a5-6822-441d-b824-954791e25def HTTP/1.1" status: 204 len: 168 time: 0.2216101
2026-05-12 12:36:07.400 9 INFO neutron.wsgi [req-782245bf-b5c2-4778-89f2-c0486840b1c6 req-49146311-d204-43a4-9e46-6003c68ca797 2739fc7d8a5b4a768789e0c6fdff9def 80d8c6a1ac194a2eb982be531c453713 - - default default] 10.0.0.1 "GET /v2.0/security-groups?name=tempest-secgroup-smoke-1397475735&fields=id&tenant_id=80d8c6a1ac194a2eb982be531c453713 HTTP/1.1" status: 200 len: 267 time: 0.0490198
2026-05-12 12:36:07.710 9 INFO neutron.wsgi [req-782245bf-b5c2-4778-89f2-c0486840b1c6 req-6ac7e57c-42ff-40ce-aaab-72b8bd13955f 2739fc7d8a5b4a768789e0c6fdff9def 80d8c6a1ac194a2eb982be531c453713 - - default default] 10.0.0.1 "GET /v2.0/networks?id=c8da693b-0027-4036-a65a-e16dc9f8da1c HTTP/1.1" status: 200 len: 860 time: 0.3016787
2026-05-12 12:36:07.725 9 INFO neutron.wsgi [req-782245bf-b5c2-4778-89f2-c0486840b1c6 req-4ae79990-e172-4c11-97f4-eca131df177a 2739fc7d8a5b4a768789e0c6fdff9def 80d8c6a1ac194a2eb982be531c453713 - - default default] 10.0.0.1 "GET /v2.0/quotas/80d8c6a1ac194a2eb982be531c453713 HTTP/1.1" status: 200 len: 491 time: 0.0069802
2026-05-12 12:36:07.845 9 INFO neutron.wsgi [req-782245bf-b5c2-4778-89f2-c0486840b1c6 req-82a55840-6fc6-441c-99ad-b30d2959c93c 2739fc7d8a5b4a768789e0c6fdff9def 80d8c6a1ac194a2eb982be531c453713 - - default default] 10.0.0.1 "GET /v2.0/ports?tenant_id=80d8c6a1ac194a2eb982be531c453713&fields=id HTTP/1.1" status: 200 len: 348 time: 0.1150734
2026-05-12 12:36:07.937 9 INFO neutron.wsgi [req-782245bf-b5c2-4778-89f2-c0486840b1c6 req-5adbe49a-df89-4164-ba54-c53bca09c2cf 2fd3fec1df4d484eb413dee8fbb53e2b 9b5a54f26303430885f9f2b69292e723 - - a207f7a3574a4184a487d9be974e9da4 a207f7a3574a4184a487d9be974e9da4] 10.0.0.1 "GET /v2.0/networks/c8da693b-0027-4036-a65a-e16dc9f8da1c?fields=segments HTTP/1.1" status: 200 len: 212 time: 0.0788112
2026-05-12 12:36:08.007 9 INFO neutron.wsgi [req-782245bf-b5c2-4778-89f2-c0486840b1c6 req-ca1c3aff-e44a-4292-aef0-eb75b720b79b 2fd3fec1df4d484eb413dee8fbb53e2b 9b5a54f26303430885f9f2b69292e723 - - a207f7a3574a4184a487d9be974e9da4 a207f7a3574a4184a487d9be974e9da4] 10.0.0.1 "GET /v2.0/networks/c8da693b-0027-4036-a65a-e16dc9f8da1c?fields=provider%3Aphysical_network&fields=provider%3Anetwork_type HTTP/1.1" status: 200 len: 277 time: 0.0589342
2026-05-12 12:36:08.195 10 INFO neutron.wsgi [req-713ea0d6-201d-45e5-81ec-8e2e3c41b8b4 req-90c8b2e9-4516-44f8-9dd7-544bcc9308ff 2739fc7d8a5b4a768789e0c6fdff9def 80d8c6a1ac194a2eb982be531c453713 - - default default] 10.0.0.1 "GET /v2.0/ports?device_id=470611a7-cb5b-47ba-8503-d88cc48ca0bf HTTP/1.1" status: 200 len: 210 time: 0.0320961
2026-05-12 12:36:08.653 9 WARNING neutron_lib.context [None req-f4f6bf52-7a64-4930-ae90-71e15eea577b e2046ce9de894b7cacd8f437cee5f9f2 2a437915bedc4abd8a03eb37605b449b - - default default] Method 'is_advsvc' is deprecated since 2023.2 release (neutron-lib 3.8.0) and will be removed once support for the old RBAC API policies will be removed from Neutron. Please use method 'is_service_role' instead.
2026-05-12 12:36:08.797 9 INFO neutron.db.ovn_revision_numbers_db [None req-f4f6bf52-7a64-4930-ae90-71e15eea577b e2046ce9de894b7cacd8f437cee5f9f2 2a437915bedc4abd8a03eb37605b449b - - default default] Successfully bumped revision number for resource 3a053a0a-e896-48ea-9582-8ba46a3e477f (type: security_groups) to 1
2026-05-12 12:36:08.836 9 INFO neutron.db.ovn_revision_numbers_db [None req-f4f6bf52-7a64-4930-ae90-71e15eea577b e2046ce9de894b7cacd8f437cee5f9f2 2a437915bedc4abd8a03eb37605b449b - - default default] Successfully bumped revision number for resource 3eaf8743-41cb-4d58-a72f-06d6b356639d (type: security_group_rules) to 0
2026-05-12 12:36:08.857 9 INFO neutron.wsgi [req-782245bf-b5c2-4778-89f2-c0486840b1c6 req-5f1f960f-fa22-4ad5-9b86-f66f4cb50f97 2739fc7d8a5b4a768789e0c6fdff9def 80d8c6a1ac194a2eb982be531c453713 - - default default] 199.19.213.244 "GET /v2.0/networks?id=c8da693b-0027-4036-a65a-e16dc9f8da1c HTTP/1.1" status: 200 len: 860 time: 0.0693579
2026-05-12 12:36:08.858 9 INFO neutron.db.ovn_revision_numbers_db [None req-f4f6bf52-7a64-4930-ae90-71e15eea577b e2046ce9de894b7cacd8f437cee5f9f2 2a437915bedc4abd8a03eb37605b449b - - default default] Successfully bumped revision number for resource 8d99313f-dea8-4263-983f-3c549b50df51 (type: security_group_rules) to 0
2026-05-12 12:36:08.877 10 WARNING neutron_lib.context [None req-f61371a3-89fa-45db-be3d-13a146e3b605 96cf1a4bce58413d8d7b91545e77b5a6 4cfdf1adf16541528d64275e59de07c2 - - default default] Method 'is_advsvc' is deprecated since 2023.2 release (neutron-lib 3.8.0) and will be removed once support for the old RBAC API policies will be removed from Neutron. Please use method 'is_service_role' instead.
2026-05-12 12:36:08.889 9 INFO neutron.db.ovn_revision_numbers_db [None req-f4f6bf52-7a64-4930-ae90-71e15eea577b e2046ce9de894b7cacd8f437cee5f9f2 2a437915bedc4abd8a03eb37605b449b - - default default] Successfully bumped revision number for resource c27ea49c-80d2-4f87-9891-800d7ffd2d05 (type: security_group_rules) to 0
2026-05-12 12:36:08.910 9 INFO neutron.db.ovn_revision_numbers_db [None req-f4f6bf52-7a64-4930-ae90-71e15eea577b e2046ce9de894b7cacd8f437cee5f9f2 2a437915bedc4abd8a03eb37605b449b - - default default] Successfully bumped revision number for resource f6b3d7a8-6949-4a7b-8cd6-9b67cd344201 (type: security_group_rules) to 0
2026-05-12 12:36:08.931 9 INFO neutron.wsgi [req-782245bf-b5c2-4778-89f2-c0486840b1c6 req-3c1aaf9e-ec7d-469b-bc99-d9144f59d6f7 2739fc7d8a5b4a768789e0c6fdff9def 80d8c6a1ac194a2eb982be531c453713 - - default default] 199.19.213.244 "GET /v2.0/security-groups?fields=id&fields=name&tenant_id=80d8c6a1ac194a2eb982be531c453713 HTTP/1.1" status: 200 len: 473 time: 0.0666826
2026-05-12 12:36:08.972 9 WARNING neutron_lib.context [req-782245bf-b5c2-4778-89f2-c0486840b1c6 req-1e4b424e-7100-4db5-8dba-f476466c5a3a 2739fc7d8a5b4a768789e0c6fdff9def 80d8c6a1ac194a2eb982be531c453713 - - default default] Method 'is_advsvc' is deprecated since 2023.2 release (neutron-lib 3.8.0) and will be removed once support for the old RBAC API policies will be removed from Neutron. Please use method 'is_service_role' instead.
2026-05-12 12:36:08.975 9 INFO neutron.db.segments_db [None req-f4f6bf52-7a64-4930-ae90-71e15eea577b e2046ce9de894b7cacd8f437cee5f9f2 2a437915bedc4abd8a03eb37605b449b - - default default] Added segment bd090b58-1645-4e81-a051-c6cd7d822ef5 of type geneve for network 352141ac-d4e9-4d13-ac4e-c3f595acca86
2026-05-12 12:36:09.025 10 INFO neutron.db.ovn_revision_numbers_db [None req-f61371a3-89fa-45db-be3d-13a146e3b605 96cf1a4bce58413d8d7b91545e77b5a6 4cfdf1adf16541528d64275e59de07c2 - - default default] Successfully bumped revision number for resource 80a0bcdc-8da3-4bdf-aa51-95faa08ab33c (type: routers) to 1
2026-05-12 12:36:09.038 10 INFO neutron.wsgi [None req-f61371a3-89fa-45db-be3d-13a146e3b605 96cf1a4bce58413d8d7b91545e77b5a6 4cfdf1adf16541528d64275e59de07c2 - - default default] 10.0.0.120 "POST /v2.0/routers HTTP/1.1" status: 201 len: 769 time: 0.3321064
2026-05-12 12:36:09.103 10 INFO neutron.wsgi [None req-18227735-26d2-48b1-8288-2e5270558e23 96cf1a4bce58413d8d7b91545e77b5a6 4cfdf1adf16541528d64275e59de07c2 - - default default] 10.0.0.120 "PUT /v2.0/routers/80a0bcdc-8da3-4bdf-aa51-95faa08ab33c/tags HTTP/1.1" status: 200 len: 218 time: 0.0587921
2026-05-12 12:36:09.155 10 INFO neutron.wsgi [None req-82b01eb4-430a-4650-acfc-64adad01a88d 96cf1a4bce58413d8d7b91545e77b5a6 4cfdf1adf16541528d64275e59de07c2 - - default default] 10.0.0.120 "GET /v2.0/routers/80a0bcdc-8da3-4bdf-aa51-95faa08ab33c/tags HTTP/1.1" status: 200 len: 218 time: 0.0475259
2026-05-12 12:36:09.196 9 INFO neutron.db.ovn_revision_numbers_db [None req-f4f6bf52-7a64-4930-ae90-71e15eea577b e2046ce9de894b7cacd8f437cee5f9f2 2a437915bedc4abd8a03eb37605b449b - - default default] Successfully bumped revision number for resource 352141ac-d4e9-4d13-ac4e-c3f595acca86 (type: networks) to 1
2026-05-12 12:36:09.215 10 INFO neutron.wsgi [None req-53322b1f-e2aa-46d3-8000-0015e87e9267 96cf1a4bce58413d8d7b91545e77b5a6 4cfdf1adf16541528d64275e59de07c2 - - default default] 10.0.0.120 "PUT /v2.0/routers/80a0bcdc-8da3-4bdf-aa51-95faa08ab33c/tags/green HTTP/1.1" status: 201 len: 201 time: 0.0532248
2026-05-12 12:36:09.273 10 INFO neutron.wsgi [None req-25dcfcbc-fdc0-4f7b-8663-2efe41ea7030 96cf1a4bce58413d8d7b91545e77b5a6 4cfdf1adf16541528d64275e59de07c2 - - default default] 10.0.0.120 "GET /v2.0/routers/80a0bcdc-8da3-4bdf-aa51-95faa08ab33c/tags HTTP/1.1" status: 200 len: 227 time: 0.0519559
2026-05-12 12:36:09.341 10 INFO neutron.wsgi [None req-4d49761c-9210-4b77-857f-57410eff03c6 96cf1a4bce58413d8d7b91545e77b5a6 4cfdf1adf16541528d64275e59de07c2 - - default default] 10.0.0.120 "PUT /v2.0/routers/80a0bcdc-8da3-4bdf-aa51-95faa08ab33c/tags/red HTTP/1.1" status: 201 len: 201 time: 0.0597119
2026-05-12 12:36:09.475 9 INFO neutron.wsgi [req-829b9a94-1f9f-4722-afa9-b2c8b7490c8d req-3294557b-81ff-4cd3-8ad5-e42962bedc72 2739fc7d8a5b4a768789e0c6fdff9def 80d8c6a1ac194a2eb982be531c453713 - - default default] 10.0.0.1 "GET /v2.0/ports?device_id=470611a7-cb5b-47ba-8503-d88cc48ca0bf HTTP/1.1" status: 200 len: 210 time: 0.0337188
2026-05-12 12:36:09.484 9 WARNING neutron.scheduler.dhcp_agent_scheduler [None req-f4f6bf52-7a64-4930-ae90-71e15eea577b e2046ce9de894b7cacd8f437cee5f9f2 2a437915bedc4abd8a03eb37605b449b - - default default] No more DHCP agents
2026-05-12 12:36:09.488 9 WARNING neutron.api.rpc.agentnotifiers.dhcp_rpc_agent_api [None req-f4f6bf52-7a64-4930-ae90-71e15eea577b e2046ce9de894b7cacd8f437cee5f9f2 2a437915bedc4abd8a03eb37605b449b - - default default] Unable to schedule network 352141ac-d4e9-4d13-ac4e-c3f595acca86: no agents available; will retry on subsequent port and subnet creation events.
2026-05-12 12:36:09.504 9 WARNING neutron.scheduler.dhcp_agent_scheduler [req-782245bf-b5c2-4778-89f2-c0486840b1c6 req-1e4b424e-7100-4db5-8dba-f476466c5a3a 2739fc7d8a5b4a768789e0c6fdff9def 80d8c6a1ac194a2eb982be531c453713 - - default default] No more DHCP agents
2026-05-12 12:36:09.520 9 WARNING neutron.api.rpc.agentnotifiers.dhcp_rpc_agent_api [req-782245bf-b5c2-4778-89f2-c0486840b1c6 req-1e4b424e-7100-4db5-8dba-f476466c5a3a 2739fc7d8a5b4a768789e0c6fdff9def 80d8c6a1ac194a2eb982be531c453713 - - default default] Unable to schedule network c8da693b-0027-4036-a65a-e16dc9f8da1c: no agents available; will retry on subsequent port and subnet creation events.
2026-05-12 12:36:09.606 9 INFO neutron.db.ovn_revision_numbers_db [None req-f4f6bf52-7a64-4930-ae90-71e15eea577b e2046ce9de894b7cacd8f437cee5f9f2 2a437915bedc4abd8a03eb37605b449b - - default default] Successfully bumped revision number for resource e3b4a73d-f6e2-4066-af46-3142a4c62ec4 (type: ports) to 1
2026-05-12 12:36:09.627 10 INFO neutron.wsgi [None req-916a48c8-f480-42d9-87c5-736c6aa5b0bb 96cf1a4bce58413d8d7b91545e77b5a6 4cfdf1adf16541528d64275e59de07c2 - - default default] 10.0.0.120 "GET /v2.0/routers/80a0bcdc-8da3-4bdf-aa51-95faa08ab33c/tags HTTP/1.1" status: 200 len: 227 time: 0.2809207
2026-05-12 12:36:09.640 9 INFO neutron.wsgi [None req-f4f6bf52-7a64-4930-ae90-71e15eea577b e2046ce9de894b7cacd8f437cee5f9f2 2a437915bedc4abd8a03eb37605b449b - - default default] 10.0.0.120 "POST /v2.0/networks HTTP/1.1" status: 201 len: 830 time: 1.1150446 /var/lib/openstack/lib/python3.10/site-packages/pycadf/identifier.py:71: UserWarning: Invalid uuid: neutron. To ensure interoperability, identifiers should be a valid uuid. warnings.warn(('Invalid uuid: %s. To ensure interoperability, '
2026-05-12 12:36:09.649 9 WARNING neutron_lib.context [None req-6788eccf-2d5a-4388-9566-1fee33cfbc8e e2046ce9de894b7cacd8f437cee5f9f2 2a437915bedc4abd8a03eb37605b449b - - default default] Method 'is_advsvc' is deprecated since 2023.2 release (neutron-lib 3.8.0) and will be removed once support for the old RBAC API policies will be removed from Neutron. Please use method 'is_service_role' instead.
2026-05-12 12:36:09.694 10 INFO neutron.wsgi [None req-9fb49b00-70ec-4ae2-b9e1-235871b2b434 96cf1a4bce58413d8d7b91545e77b5a6 4cfdf1adf16541528d64275e59de07c2 - - default default] 10.0.0.120 "PUT /v2.0/routers/80a0bcdc-8da3-4bdf-aa51-95faa08ab33c/tags/black.or.white HTTP/1.1" status: 201 len: 201 time: 0.0614836
2026-05-12 12:36:09.722 9 INFO neutron.db.ovn_revision_numbers_db [req-782245bf-b5c2-4778-89f2-c0486840b1c6 req-1e4b424e-7100-4db5-8dba-f476466c5a3a 2739fc7d8a5b4a768789e0c6fdff9def 80d8c6a1ac194a2eb982be531c453713 - - default default] Successfully bumped revision number for resource db16e41b-a875-44cf-b2e3-9425ecf050a7 (type: ports) to 1
2026-05-12 12:36:09.745 9 INFO neutron.wsgi [req-782245bf-b5c2-4778-89f2-c0486840b1c6 req-1e4b424e-7100-4db5-8dba-f476466c5a3a 2739fc7d8a5b4a768789e0c6fdff9def 80d8c6a1ac194a2eb982be531c453713 - - default default] 199.19.213.244 "POST /v2.0/ports HTTP/1.1" status: 201 len: 1158 time: 0.7808278
2026-05-12 12:36:09.750 10 INFO neutron.wsgi [None req-71ce0a14-9537-40c3-8e8e-d8831b139f97 96cf1a4bce58413d8d7b91545e77b5a6 4cfdf1adf16541528d64275e59de07c2 - - default default] 10.0.0.120 "GET /v2.0/routers/80a0bcdc-8da3-4bdf-aa51-95faa08ab33c/tags HTTP/1.1" status: 200 len: 245 time: 0.0487211
2026-05-12 12:36:09.822 10 INFO neutron.wsgi [None req-6fed01c2-1520-42d5-9857-67e270eff8a7 96cf1a4bce58413d8d7b91545e77b5a6 4cfdf1adf16541528d64275e59de07c2 - - default default] 10.0.0.120 "PUT /v2.0/routers/80a0bcdc-8da3-4bdf-aa51-95faa08ab33c/tags HTTP/1.1" status: 200 len: 230 time: 0.0672858
2026-05-12 12:36:09.881 10 INFO neutron.wsgi [None req-2d0a7e8d-7529-408e-81af-a838423847a7 96cf1a4bce58413d8d7b91545e77b5a6 4cfdf1adf16541528d64275e59de07c2 - - default default] 10.0.0.120 "GET /v2.0/routers/80a0bcdc-8da3-4bdf-aa51-95faa08ab33c/tags HTTP/1.1" status: 200 len: 230 time: 0.0546026
2026-05-12 12:36:09.933 10 INFO neutron.wsgi [None req-5734feb3-ecbe-425f-80de-3af7068aafea 96cf1a4bce58413d8d7b91545e77b5a6 4cfdf1adf16541528d64275e59de07c2 - - default default] 10.0.0.120 "GET /v2.0/routers/80a0bcdc-8da3-4bdf-aa51-95faa08ab33c/tags/red HTTP/1.1" status: 204 len: 168 time: 0.0476487
2026-05-12 12:36:09.969 9 WARNING neutron.scheduler.dhcp_agent_scheduler [None req-6788eccf-2d5a-4388-9566-1fee33cfbc8e e2046ce9de894b7cacd8f437cee5f9f2 2a437915bedc4abd8a03eb37605b449b - - default default] No more DHCP agents
2026-05-12 12:36:09.974 9 WARNING neutron.api.rpc.agentnotifiers.dhcp_rpc_agent_api [None req-6788eccf-2d5a-4388-9566-1fee33cfbc8e e2046ce9de894b7cacd8f437cee5f9f2 2a437915bedc4abd8a03eb37605b449b - - default default] Unable to schedule network 352141ac-d4e9-4d13-ac4e-c3f595acca86: no agents available; will retry on subsequent port and subnet creation events.
2026-05-12 12:36:09.983 10 INFO neutron.api.v2.resource [None req-f1aa2074-9cae-4e8b-96f5-166c958c0c97 96cf1a4bce58413d8d7b91545e77b5a6 4cfdf1adf16541528d64275e59de07c2 - - default default] show failed (client error): The resource could not be found.
2026-05-12 12:36:09.984 10 INFO neutron.wsgi [None req-f1aa2074-9cae-4e8b-96f5-166c958c0c97 96cf1a4bce58413d8d7b91545e77b5a6 4cfdf1adf16541528d64275e59de07c2 - - default default] 10.0.0.120 "GET /v2.0/routers/80a0bcdc-8da3-4bdf-aa51-95faa08ab33c/tags/green HTTP/1.1" status: 404 len: 299 time: 0.0467589
2026-05-12 12:36:10.053 10 INFO neutron.wsgi [None req-6e0602df-70aa-4850-88f7-a3890192a510 96cf1a4bce58413d8d7b91545e77b5a6 4cfdf1adf16541528d64275e59de07c2 - - default default] 10.0.0.120 "DELETE /v2.0/routers/80a0bcdc-8da3-4bdf-aa51-95faa08ab33c/tags/red HTTP/1.1" status: 204 len: 168 time: 0.0628586
2026-05-12 12:36:10.072 9 INFO neutron.db.ovn_revision_numbers_db [None req-6788eccf-2d5a-4388-9566-1fee33cfbc8e e2046ce9de894b7cacd8f437cee5f9f2 2a437915bedc4abd8a03eb37605b449b - - default default] Successfully bumped revision number for resource cfd237f8-695f-4cf9-90a8-09f66c45ff27 (type: ports) to 1
2026-05-12 12:36:10.110 10 INFO neutron.wsgi [None req-9903b50c-2592-44a1-8724-0949d626f881 96cf1a4bce58413d8d7b91545e77b5a6 4cfdf1adf16541528d64275e59de07c2 - - default default] 10.0.0.120 "GET /v2.0/routers/80a0bcdc-8da3-4bdf-aa51-95faa08ab33c/tags HTTP/1.1" status: 200 len: 223 time: 0.0523024
2026-05-12 12:36:10.113 9 INFO neutron.wsgi [None req-6788eccf-2d5a-4388-9566-1fee33cfbc8e e2046ce9de894b7cacd8f437cee5f9f2 2a437915bedc4abd8a03eb37605b449b - - default default] 10.0.0.120 "POST /v2.0/ports HTTP/1.1" status: 201 len: 942 time: 0.4681900
2026-05-12 12:36:10.126 10 WARNING neutron_lib.context [None req-352b36ae-a84b-433f-8d30-5dc00d4698c5 e2046ce9de894b7cacd8f437cee5f9f2 2a437915bedc4abd8a03eb37605b449b - - default default] Method 'is_advsvc' is deprecated since 2023.2 release (neutron-lib 3.8.0) and will be removed once support for the old RBAC API policies will be removed from Neutron. Please use method 'is_service_role' instead.
2026-05-12 12:36:10.196 10 INFO neutron.api.v2.resource [None req-686c3182-2822-40d9-9d3c-4d3ec682d737 96cf1a4bce58413d8d7b91545e77b5a6 4cfdf1adf16541528d64275e59de07c2 - - default default] delete failed (client error): The resource could not be found.
