2026-05-12 12:35:24.771 10 INFO neutron.wsgi [None req-397444c1-ea9f-4df0-9e35-480a479e5ecf 3b0a0edda41f435d88d6ba8a74cace51 1888e6ea4bec4394803d2be1d04a8e95 - - default default] 10.0.0.120 "GET /v2.0/security-groups?tenant_id=4b0beb2d74604019b024a4c0bbe2e4f2&name=default HTTP/1.1" status: 200 len: 3120 time: 0.3923171
2026-05-12 12:35:24.839 9 WARNING neutron.scheduler.dhcp_agent_scheduler [None req-4669b283-a526-49eb-8495-adeaef506f4c 9492f6e246f347148693be7c5e4eeeee dbd18853cad4413da6d98bcfd672eb3b - - default default] No more DHCP agents
2026-05-12 12:35:24.841 9 WARNING neutron.api.rpc.agentnotifiers.dhcp_rpc_agent_api [None req-4669b283-a526-49eb-8495-adeaef506f4c 9492f6e246f347148693be7c5e4eeeee dbd18853cad4413da6d98bcfd672eb3b - - default default] Unable to schedule network 4a13e337-7bc3-40f8-a088-71a65f81a3cb: no agents available; will retry on subsequent port and subnet creation events.
2026-05-12 12:35:24.995 10 INFO neutron.wsgi [None req-ad1163dc-41a1-4176-8612-0a819bc13b21 3b0a0edda41f435d88d6ba8a74cace51 1888e6ea4bec4394803d2be1d04a8e95 - - default default] 10.0.0.120 "DELETE /v2.0/security-groups/480d022b-e0b9-4b4f-87b4-d236cabca73a HTTP/1.1" status: 204 len: 168 time: 0.2192531
2026-05-12 12:35:25.330 10 INFO neutron.db.ovn_revision_numbers_db [None req-3289c2b9-8d5e-49b8-bb83-6d1ce9e17a02 3b0a0edda41f435d88d6ba8a74cace51 1888e6ea4bec4394803d2be1d04a8e95 - - default default] Successfully bumped revision number for resource 21cf25bc-e119-4742-b89d-58406a98c000 (type: security_groups) to 1
2026-05-12 12:35:25.351 10 INFO neutron.wsgi [None req-99e326ae-dcd2-490f-baef-bbc83c78405b 3b0a0edda41f435d88d6ba8a74cace51 1888e6ea4bec4394803d2be1d04a8e95 - - default default] 10.0.0.120 "GET /v2.0/security-groups?tenant_id=d71699458089415ba5c57c74af709b64&name=default HTTP/1.1" status: 200 len: 3120 time: 0.2364638
2026-05-12 12:35:25.352 10 INFO neutron.db.ovn_revision_numbers_db [None req-3289c2b9-8d5e-49b8-bb83-6d1ce9e17a02 3b0a0edda41f435d88d6ba8a74cace51 1888e6ea4bec4394803d2be1d04a8e95 - - default default] Successfully bumped revision number for resource 4645408f-a8da-461c-a400-87089134aaa8 (type: security_group_rules) to 0
2026-05-12 12:35:25.365 10 INFO neutron.db.ovn_revision_numbers_db [None req-3289c2b9-8d5e-49b8-bb83-6d1ce9e17a02 3b0a0edda41f435d88d6ba8a74cace51 1888e6ea4bec4394803d2be1d04a8e95 - - default default] Successfully bumped revision number for resource 488c4458-3376-4b2f-b4ca-70549ca3ef46 (type: security_group_rules) to 0
2026-05-12 12:35:25.379 10 INFO neutron.db.ovn_revision_numbers_db [None req-3289c2b9-8d5e-49b8-bb83-6d1ce9e17a02 3b0a0edda41f435d88d6ba8a74cace51 1888e6ea4bec4394803d2be1d04a8e95 - - default default] Successfully bumped revision number for resource 4f4aa0a5-f539-48bc-b36c-4d45f01c7928 (type: security_group_rules) to 0
2026-05-12 12:35:25.393 10 INFO neutron.db.ovn_revision_numbers_db [None req-3289c2b9-8d5e-49b8-bb83-6d1ce9e17a02 3b0a0edda41f435d88d6ba8a74cace51 1888e6ea4bec4394803d2be1d04a8e95 - - default default] Successfully bumped revision number for resource fa0ff024-f40f-4ffb-a8b9-87e4d392d1cf (type: security_group_rules) to 0
2026-05-12 12:35:25.420 10 INFO neutron.wsgi [None req-3289c2b9-8d5e-49b8-bb83-6d1ce9e17a02 3b0a0edda41f435d88d6ba8a74cace51 1888e6ea4bec4394803d2be1d04a8e95 - - default default] 10.0.0.120 "GET /v2.0/security-groups?tenant_id=db6f8636f6f24742b9a303e9ea0593be&name=default HTTP/1.1" status: 200 len: 3120 time: 0.2566791
2026-05-12 12:35:25.455 9 INFO neutron.db.ovn_revision_numbers_db [None req-4669b283-a526-49eb-8495-adeaef506f4c 9492f6e246f347148693be7c5e4eeeee dbd18853cad4413da6d98bcfd672eb3b - - default default] Successfully bumped revision number for resource 721cb496-4802-4458-b410-4813ed075576 (type: ports) to 2
2026-05-12 12:35:25.532 9 INFO neutron.db.ovn_revision_numbers_db [None req-4669b283-a526-49eb-8495-adeaef506f4c 9492f6e246f347148693be7c5e4eeeee dbd18853cad4413da6d98bcfd672eb3b - - default default] Successfully bumped revision number for resource 146ca971-f4f5-4e0e-8ed8-a38c476fb078 (type: subnets) to 0
2026-05-12 12:35:25.552 9 INFO neutron.wsgi [None req-4669b283-a526-49eb-8495-adeaef506f4c 9492f6e246f347148693be7c5e4eeeee dbd18853cad4413da6d98bcfd672eb3b - - default default] 10.0.0.120 "POST /v2.0/subnets HTTP/1.1" status: 201 len: 822 time: 0.9025750
2026-05-12 12:35:25.660 9 INFO neutron.wsgi [None req-4714f2f5-112e-46e9-bd95-a84cc171b5ec 3b0a0edda41f435d88d6ba8a74cace51 1888e6ea4bec4394803d2be1d04a8e95 - - default default] 10.0.0.120 "DELETE /v2.0/security-groups/a581f728-c834-4c54-ac62-85e2be711ae1 HTTP/1.1" status: 204 len: 168 time: 0.3047729
2026-05-12 12:35:25.689 9 INFO neutron.wsgi [None req-910547fe-fed9-47b6-8f72-3a88325be679 3b0a0edda41f435d88d6ba8a74cace51 1888e6ea4bec4394803d2be1d04a8e95 - - default default] 10.0.0.120 "DELETE /v2.0/security-groups/21cf25bc-e119-4742-b89d-58406a98c000 HTTP/1.1" status: 204 len: 168 time: 0.2637506
2026-05-12 12:35:25.863 10 INFO neutron.wsgi [None req-2ac88f5f-73f2-4a78-97b4-8936591f5b80 9492f6e246f347148693be7c5e4eeeee dbd18853cad4413da6d98bcfd672eb3b - - default default] 10.0.0.120 "POST /v2.0/rbac-policies HTTP/1.1" status: 201 len: 523 time: 0.3050077
2026-05-12 12:35:26.401 10 INFO neutron.wsgi [None req-a8228d0b-c1e8-40a3-aebb-25d3c2337db5 cc4c4a65eec8457d9fefbd2dc9b5dae3 1ce25abcc926468dba76256bcf027448 - - default default] 10.0.0.120 "GET /v2.0/networks/4a13e337-7bc3-40f8-a088-71a65f81a3cb HTTP/1.1" status: 200 len: 847 time: 0.1927280
2026-05-12 12:35:26.930 10 INFO neutron.pecan_wsgi.hooks.translation [None req-ff088c95-c084-437d-b8ff-20cc7c7afb23 63355b0534e545ed892ad378afd7ab59 606b85e9393c4c20963f7df97ecec75f - - default default] GET failed (client error): The resource could not be found.
2026-05-12 12:35:26.932 10 INFO neutron.wsgi [None req-ff088c95-c084-437d-b8ff-20cc7c7afb23 63355b0534e545ed892ad378afd7ab59 606b85e9393c4c20963f7df97ecec75f - - default default] 10.0.0.120 "GET /v2.0/networks/4a13e337-7bc3-40f8-a088-71a65f81a3cb HTTP/1.1" status: 404 len: 339 time: 0.1546040
2026-05-12 12:35:27.772 9 INFO neutron.services.segments.plugin [-] Segment 9d4939e5-e349-4589-bf96-2083f42b70f5 resource provider aggregate not found
2026-05-12 12:35:27.779 9 INFO neutron.services.segments.plugin [-] Segment 9d4939e5-e349-4589-bf96-2083f42b70f5 resource provider aggregate not found
2026-05-12 12:35:27.786 9 INFO neutron.services.segments.plugin [-] Segment 9d4939e5-e349-4589-bf96-2083f42b70f5 resource provider not found; error: Placement Client Error (4xx): {"errors": [{"status": 404, "title": "Not Found", "detail": "The resource could not be found.\n\n No resource provider with uuid 9d4939e5-e349-4589-bf96-2083f42b70f5 found for delete ", "request_id": "req-94bfb001-0b4e-4527-9246-64d395ec611d"}]}
2026-05-12 12:35:27.798 9 INFO neutron.services.segments.plugin [-] Segment 9d4939e5-e349-4589-bf96-2083f42b70f5 resource provider not found; error: Placement Client Error (4xx): {"errors": [{"status": 404, "title": "Not Found", "detail": "The resource could not be found.\n\n No resource provider with uuid 9d4939e5-e349-4589-bf96-2083f42b70f5 found for delete ", "request_id": "req-090fca2e-0ba7-4b86-a1b7-ead079ca5939"}]}
2026-05-12 12:35:27.810 9 INFO neutron.wsgi [None req-14fd4c37-6456-41bf-96ac-0f1a1a001942 9492f6e246f347148693be7c5e4eeeee dbd18853cad4413da6d98bcfd672eb3b - - default default] 10.0.0.120 "DELETE /v2.0/networks/4a13e337-7bc3-40f8-a088-71a65f81a3cb HTTP/1.1" status: 204 len: 168 time: 0.8725393
2026-05-12 12:35:27.846 10 INFO neutron.pecan_wsgi.hooks.translation [None req-84d0afc8-b25f-46cf-b60c-f8a632ac0188 9492f6e246f347148693be7c5e4eeeee dbd18853cad4413da6d98bcfd672eb3b - - default default] DELETE failed (client error): The resource could not be found.
2026-05-12 12:35:27.852 10 INFO neutron.wsgi [None req-84d0afc8-b25f-46cf-b60c-f8a632ac0188 9492f6e246f347148693be7c5e4eeeee dbd18853cad4413da6d98bcfd672eb3b - - default default] 10.0.0.120 "DELETE /v2.0/subnets/7a9bd299-72ca-4a3c-8d97-556166b94dcd HTTP/1.1" status: 404 len: 337 time: 0.0354657
2026-05-12 12:35:27.873 10 INFO neutron.pecan_wsgi.hooks.translation [None req-9ce3206b-3d1d-4535-ac46-0d1f059a862a 9492f6e246f347148693be7c5e4eeeee dbd18853cad4413da6d98bcfd672eb3b - - default default] DELETE failed (client error): The resource could not be found.
2026-05-12 12:35:27.876 10 INFO neutron.wsgi [None req-9ce3206b-3d1d-4535-ac46-0d1f059a862a 9492f6e246f347148693be7c5e4eeeee dbd18853cad4413da6d98bcfd672eb3b - - default default] 10.0.0.120 "DELETE /v2.0/subnets/7f2af03c-5c95-4cd1-b91c-4c91eca5de90 HTTP/1.1" status: 404 len: 337 time: 0.0189168
2026-05-12 12:35:27.899 10 INFO neutron.pecan_wsgi.hooks.translation [None req-0201a6d8-b97f-4317-b3b9-a95f5a719955 9492f6e246f347148693be7c5e4eeeee dbd18853cad4413da6d98bcfd672eb3b - - default default] DELETE failed (client error): The resource could not be found.
2026-05-12 12:35:27.902 10 INFO neutron.wsgi [None req-0201a6d8-b97f-4317-b3b9-a95f5a719955 9492f6e246f347148693be7c5e4eeeee dbd18853cad4413da6d98bcfd672eb3b - - default default] 10.0.0.120 "DELETE /v2.0/subnets/146ca971-f4f5-4e0e-8ed8-a38c476fb078 HTTP/1.1" status: 404 len: 337 time: 0.0206232
2026-05-12 12:35:28.538 9 INFO neutron.wsgi [-] 10.0.0.184 "GET / HTTP/1.1" status: 200 len: 247 time: 0.0019128
2026-05-12 12:35:28.539 10 INFO neutron.wsgi [-] 10.0.0.184 "GET / HTTP/1.1" status: 200 len: 247 time: 0.0025518
2026-05-12 12:35:29.085 10 INFO neutron.db.ovn_revision_numbers_db [None req-9d0c8c15-ab36-4e74-99e8-d559c5c12772 3b0a0edda41f435d88d6ba8a74cace51 1888e6ea4bec4394803d2be1d04a8e95 - - default default] Successfully bumped revision number for resource 52ab466e-0dd5-497a-9fda-afa9b6e7a1fb (type: security_groups) to 1
2026-05-12 12:35:29.098 10 INFO neutron.db.ovn_revision_numbers_db [None req-9d0c8c15-ab36-4e74-99e8-d559c5c12772 3b0a0edda41f435d88d6ba8a74cace51 1888e6ea4bec4394803d2be1d04a8e95 - - default default] Successfully bumped revision number for resource 6c956063-6088-459f-8b53-a597db50c631 (type: security_group_rules) to 0
2026-05-12 12:35:29.116 10 INFO neutron.db.ovn_revision_numbers_db [None req-9d0c8c15-ab36-4e74-99e8-d559c5c12772 3b0a0edda41f435d88d6ba8a74cace51 1888e6ea4bec4394803d2be1d04a8e95 - - default default] Successfully bumped revision number for resource 6defe389-a544-40d9-bea0-6339d38acbf9 (type: security_group_rules) to 0
2026-05-12 12:35:29.134 10 INFO neutron.db.ovn_revision_numbers_db [None req-9d0c8c15-ab36-4e74-99e8-d559c5c12772 3b0a0edda41f435d88d6ba8a74cace51 1888e6ea4bec4394803d2be1d04a8e95 - - default default] Successfully bumped revision number for resource 6ed40c74-b846-4189-84f8-35028f691120 (type: security_group_rules) to 0
2026-05-12 12:35:29.146 9 INFO neutron.db.ovn_revision_numbers_db [None req-4ddeec3a-8f59-4bc1-a84b-231ef26730dc 3b0a0edda41f435d88d6ba8a74cace51 1888e6ea4bec4394803d2be1d04a8e95 - - default default] Successfully bumped revision number for resource c825d0de-8305-4f3b-9fea-11684b2229db (type: security_groups) to 1
2026-05-12 12:35:29.149 10 INFO neutron.db.ovn_revision_numbers_db [None req-9d0c8c15-ab36-4e74-99e8-d559c5c12772 3b0a0edda41f435d88d6ba8a74cace51 1888e6ea4bec4394803d2be1d04a8e95 - - default default] Successfully bumped revision number for resource fb1f5416-1af2-44ef-829d-caa64cf80544 (type: security_group_rules) to 0
2026-05-12 12:35:29.163 9 INFO neutron.db.ovn_revision_numbers_db [None req-4ddeec3a-8f59-4bc1-a84b-231ef26730dc 3b0a0edda41f435d88d6ba8a74cace51 1888e6ea4bec4394803d2be1d04a8e95 - - default default] Successfully bumped revision number for resource 423ab188-115a-4072-932a-158aa81990d1 (type: security_group_rules) to 0
2026-05-12 12:35:29.175 10 INFO neutron.wsgi [None req-9d0c8c15-ab36-4e74-99e8-d559c5c12772 3b0a0edda41f435d88d6ba8a74cace51 1888e6ea4bec4394803d2be1d04a8e95 - - default default] 10.0.0.120 "GET /v2.0/security-groups?tenant_id=7ca8e25f7b0b4ef092713388a3b031bf&name=default HTTP/1.1" status: 200 len: 3120 time: 0.3098929
2026-05-12 12:35:29.181 9 INFO neutron.db.ovn_revision_numbers_db [None req-38807f66-c4f4-4797-a780-ace73a128876 3b0a0edda41f435d88d6ba8a74cace51 1888e6ea4bec4394803d2be1d04a8e95 - - default default] Successfully bumped revision number for resource 7c626921-05be-4ee8-8382-d15fb7779784 (type: security_groups) to 1
2026-05-12 12:35:29.182 9 INFO neutron.db.ovn_revision_numbers_db [None req-4ddeec3a-8f59-4bc1-a84b-231ef26730dc 3b0a0edda41f435d88d6ba8a74cace51 1888e6ea4bec4394803d2be1d04a8e95 - - default default] Successfully bumped revision number for resource 5b4e13d8-4d37-4e21-a220-d09478b49580 (type: security_group_rules) to 0
2026-05-12 12:35:29.200 9 INFO neutron.db.ovn_revision_numbers_db [None req-38807f66-c4f4-4797-a780-ace73a128876 3b0a0edda41f435d88d6ba8a74cace51 1888e6ea4bec4394803d2be1d04a8e95 - - default default] Successfully bumped revision number for resource 078f34e0-afb0-4de4-8230-f0023571ad79 (type: security_group_rules) to 0
2026-05-12 12:35:29.203 9 INFO neutron.db.ovn_revision_numbers_db [None req-4ddeec3a-8f59-4bc1-a84b-231ef26730dc 3b0a0edda41f435d88d6ba8a74cace51 1888e6ea4bec4394803d2be1d04a8e95 - - default default] Successfully bumped revision number for resource b6ce38b4-d6ff-4099-a6a8-1f686fba7103 (type: security_group_rules) to 0
2026-05-12 12:35:29.219 9 INFO neutron.db.ovn_revision_numbers_db [None req-38807f66-c4f4-4797-a780-ace73a128876 3b0a0edda41f435d88d6ba8a74cace51 1888e6ea4bec4394803d2be1d04a8e95 - - default default] Successfully bumped revision number for resource 22cccaba-8e94-4826-ad81-ddc2b98f41bd (type: security_group_rules) to 0
2026-05-12 12:35:29.222 9 INFO neutron.db.ovn_revision_numbers_db [None req-4ddeec3a-8f59-4bc1-a84b-231ef26730dc 3b0a0edda41f435d88d6ba8a74cace51 1888e6ea4bec4394803d2be1d04a8e95 - - default default] Successfully bumped revision number for resource e8fabc28-9554-4624-830c-330d1da011e5 (type: security_group_rules) to 0
2026-05-12 12:35:29.242 9 INFO neutron.db.ovn_revision_numbers_db [None req-38807f66-c4f4-4797-a780-ace73a128876 3b0a0edda41f435d88d6ba8a74cace51 1888e6ea4bec4394803d2be1d04a8e95 - - default default] Successfully bumped revision number for resource 38940c31-3d81-42d6-ba56-6bcbc7fa1f2e (type: security_group_rules) to 0
2026-05-12 12:35:29.252 9 INFO neutron.wsgi [None req-4ddeec3a-8f59-4bc1-a84b-231ef26730dc 3b0a0edda41f435d88d6ba8a74cace51 1888e6ea4bec4394803d2be1d04a8e95 - - default default] 10.0.0.120 "GET /v2.0/security-groups?tenant_id=4e4c6fe3602847e4a1257d8eeb913c9e&name=default HTTP/1.1" status: 200 len: 3120 time: 0.3056026
2026-05-12 12:35:29.264 9 INFO neutron.db.ovn_revision_numbers_db [None req-38807f66-c4f4-4797-a780-ace73a128876 3b0a0edda41f435d88d6ba8a74cace51 1888e6ea4bec4394803d2be1d04a8e95 - - default default] Successfully bumped revision number for resource dd9667c7-4542-4068-91ca-074d32ecf688 (type: security_group_rules) to 0
2026-05-12 12:35:29.284 9 INFO neutron.wsgi [None req-38807f66-c4f4-4797-a780-ace73a128876 3b0a0edda41f435d88d6ba8a74cace51 1888e6ea4bec4394803d2be1d04a8e95 - - default default] 10.0.0.120 "GET /v2.0/security-groups?tenant_id=606b85e9393c4c20963f7df97ecec75f&name=default HTTP/1.1" status: 200 len: 3120 time: 0.3916392
2026-05-12 12:35:29.430 10 INFO neutron.wsgi [None req-4a7024e7-04d3-4873-89ec-e74629e5fc68 3b0a0edda41f435d88d6ba8a74cace51 1888e6ea4bec4394803d2be1d04a8e95 - - default default] 10.0.0.120 "DELETE /v2.0/security-groups/52ab466e-0dd5-497a-9fda-afa9b6e7a1fb HTTP/1.1" status: 204 len: 168 time: 0.2453036
2026-05-12 12:35:29.484 10 INFO neutron.wsgi [None req-7a08df9f-db18-442f-9e4a-2baea49e0042 3b0a0edda41f435d88d6ba8a74cace51 1888e6ea4bec4394803d2be1d04a8e95 - - default default] 10.0.0.120 "DELETE /v2.0/security-groups/c825d0de-8305-4f3b-9fea-11684b2229db HTTP/1.1" status: 204 len: 168 time: 0.2282205
2026-05-12 12:35:29.508 9 INFO neutron.wsgi [None req-1ecc3723-4241-4619-b25a-a90c167c6bab 3b0a0edda41f435d88d6ba8a74cace51 1888e6ea4bec4394803d2be1d04a8e95 - - default default] 10.0.0.120 "DELETE /v2.0/security-groups/7c626921-05be-4ee8-8382-d15fb7779784 HTTP/1.1" status: 204 len: 168 time: 0.2186093
2026-05-12 12:35:29.764 10 INFO neutron.db.ovn_revision_numbers_db [None req-7f25b9b9-d0b2-4b75-a3f8-a4612c31bc46 3b0a0edda41f435d88d6ba8a74cace51 1888e6ea4bec4394803d2be1d04a8e95 - - default default] Successfully bumped revision number for resource 7add0917-8bec-400a-bd1e-00ebd7dbfdb4 (type: security_groups) to 1
2026-05-12 12:35:29.779 10 INFO neutron.db.ovn_revision_numbers_db [None req-7f25b9b9-d0b2-4b75-a3f8-a4612c31bc46 3b0a0edda41f435d88d6ba8a74cace51 1888e6ea4bec4394803d2be1d04a8e95 - - default default] Successfully bumped revision number for resource 16e0b731-ad30-4ebf-9f1b-3bd66cf0a90b (type: security_group_rules) to 0
2026-05-12 12:35:29.791 10 INFO neutron.db.ovn_revision_numbers_db [None req-7f25b9b9-d0b2-4b75-a3f8-a4612c31bc46 3b0a0edda41f435d88d6ba8a74cace51 1888e6ea4bec4394803d2be1d04a8e95 - - default default] Successfully bumped revision number for resource 1b7f55a1-bd7f-470f-b151-6aae4e995a60 (type: security_group_rules) to 0
2026-05-12 12:35:29.804 10 INFO neutron.db.ovn_revision_numbers_db [None req-7f25b9b9-d0b2-4b75-a3f8-a4612c31bc46 3b0a0edda41f435d88d6ba8a74cace51 1888e6ea4bec4394803d2be1d04a8e95 - - default default] Successfully bumped revision number for resource 4c820380-8b09-4606-90d2-3f11cd3edfaf (type: security_group_rules) to 0
2026-05-12 12:35:29.818 10 INFO neutron.db.ovn_revision_numbers_db [None req-7f25b9b9-d0b2-4b75-a3f8-a4612c31bc46 3b0a0edda41f435d88d6ba8a74cace51 1888e6ea4bec4394803d2be1d04a8e95 - - default default] Successfully bumped revision number for resource afa97eb2-6bd0-4149-8936-e237c2514fb1 (type: security_group_rules) to 0
2026-05-12 12:35:29.839 10 INFO neutron.wsgi [None req-7f25b9b9-d0b2-4b75-a3f8-a4612c31bc46 3b0a0edda41f435d88d6ba8a74cace51 1888e6ea4bec4394803d2be1d04a8e95 - - default default] 10.0.0.120 "GET /v2.0/security-groups?tenant_id=1ce25abcc926468dba76256bcf027448&name=default HTTP/1.1" status: 200 len: 3120 time: 0.1787570
2026-05-12 12:35:30.053 9 INFO neutron.wsgi [None req-5e13f319-be9c-47d2-b30b-ba76bb46f927 3b0a0edda41f435d88d6ba8a74cace51 1888e6ea4bec4394803d2be1d04a8e95 - - default default] 10.0.0.120 "DELETE /v2.0/security-groups/7add0917-8bec-400a-bd1e-00ebd7dbfdb4 HTTP/1.1" status: 204 len: 168 time: 0.2097359
2026-05-12 12:35:30.185 10 INFO neutron.wsgi [None req-de7fbb06-14f7-4f64-a215-27c17522c580 3b0a0edda41f435d88d6ba8a74cace51 1888e6ea4bec4394803d2be1d04a8e95 - - default default] 10.0.0.120 "GET /v2.0/security-groups?tenant_id=dbd18853cad4413da6d98bcfd672eb3b&name=default HTTP/1.1" status: 200 len: 3120 time: 0.0469935
2026-05-12 12:35:30.397 10 INFO neutron.wsgi [None req-3164448d-367c-4e89-a78b-c39b85c120f4 3b0a0edda41f435d88d6ba8a74cace51 1888e6ea4bec4394803d2be1d04a8e95 - - default default] 10.0.0.120 "DELETE /v2.0/security-groups/dc507bb1-d24d-4f18-93bc-073b388c2a5f HTTP/1.1" status: 204 len: 168 time: 0.2079580
2026-05-12 12:35:30.804 10 INFO neutron.wsgi [req-09c4059a-b48b-43ea-b8fe-f58c22ae8d2c req-3b0d5376-a0cb-47d6-879c-548fd2908f9c 2fd3fec1df4d484eb413dee8fbb53e2b 9b5a54f26303430885f9f2b69292e723 - - a207f7a3574a4184a487d9be974e9da4 a207f7a3574a4184a487d9be974e9da4] 10.0.0.68 "GET /v2.0/ports?device_id=8b37b09d-b6b7-43ed-8b19-b0c22c527227 HTTP/1.1" status: 200 len: 1409 time: 0.4340274
2026-05-12 12:35:30.856 10 INFO neutron.wsgi [req-09c4059a-b48b-43ea-b8fe-f58c22ae8d2c req-b5f274c5-6837-4e35-bc06-a002b7231acc 2fd3fec1df4d484eb413dee8fbb53e2b 9b5a54f26303430885f9f2b69292e723 - - a207f7a3574a4184a487d9be974e9da4 a207f7a3574a4184a487d9be974e9da4] 10.0.0.68 "GET /v2.0/security-groups?id=aa098118-df4b-48b6-8814-dd82b5a856a9&fields=id&fields=name HTTP/1.1" status: 200 len: 313 time: 0.0427656
2026-05-12 12:35:31.869 9 INFO neutron.db.ovn_revision_numbers_db [None req-a4c99405-3013-422f-ac21-c5d8eb64793e 3b0a0edda41f435d88d6ba8a74cace51 1888e6ea4bec4394803d2be1d04a8e95 - - default default] Successfully bumped revision number for resource 1c2b4cd8-b4dd-435c-9091-8b330e55a406 (type: security_groups) to 1
2026-05-12 12:35:31.886 9 INFO neutron.db.ovn_revision_numbers_db [None req-a4c99405-3013-422f-ac21-c5d8eb64793e 3b0a0edda41f435d88d6ba8a74cace51 1888e6ea4bec4394803d2be1d04a8e95 - - default default] Successfully bumped revision number for resource 3d8cc944-3105-4c26-a081-f7820fc2880c (type: security_group_rules) to 0
2026-05-12 12:35:31.903 9 INFO neutron.db.ovn_revision_numbers_db [None req-a4c99405-3013-422f-ac21-c5d8eb64793e 3b0a0edda41f435d88d6ba8a74cace51 1888e6ea4bec4394803d2be1d04a8e95 - - default default] Successfully bumped revision number for resource 83e62805-3473-4445-af43-d28f4f13efba (type: security_group_rules) to 0
2026-05-12 12:35:31.917 9 INFO neutron.db.ovn_revision_numbers_db [None req-a4c99405-3013-422f-ac21-c5d8eb64793e 3b0a0edda41f435d88d6ba8a74cace51 1888e6ea4bec4394803d2be1d04a8e95 - - default default] Successfully bumped revision number for resource f66fc487-0742-41e2-a087-09ed930278c1 (type: security_group_rules) to 0
2026-05-12 12:35:31.931 9 INFO neutron.db.ovn_revision_numbers_db [None req-a4c99405-3013-422f-ac21-c5d8eb64793e 3b0a0edda41f435d88d6ba8a74cace51 1888e6ea4bec4394803d2be1d04a8e95 - - default default] Successfully bumped revision number for resource ffd8eca3-5cbe-4892-80e4-892dafd9bad9 (type: security_group_rules) to 0
2026-05-12 12:35:31.952 9 INFO neutron.wsgi [None req-a4c99405-3013-422f-ac21-c5d8eb64793e 3b0a0edda41f435d88d6ba8a74cace51 1888e6ea4bec4394803d2be1d04a8e95 - - default default] 10.0.0.120 "GET /v2.0/security-groups?tenant_id=7256e0520aca44d6b7d0001213ea0876&name=default HTTP/1.1" status: 200 len: 3120 time: 0.3306465
2026-05-12 12:35:32.178 9 INFO neutron.wsgi [None req-e3412fbe-7f15-4cd6-89a2-a1898bb6aa2c 3b0a0edda41f435d88d6ba8a74cace51 1888e6ea4bec4394803d2be1d04a8e95 - - default default] 10.0.0.120 "DELETE /v2.0/security-groups/1c2b4cd8-b4dd-435c-9091-8b330e55a406 HTTP/1.1" status: 204 len: 168 time: 0.2212148
2026-05-12 12:35:34.812 9 INFO neutron.wsgi [None req-24bf5d20-3444-4f4b-acea-488ff0d7a0b0 3c87cfdfe8ce4cbeac07486207041dea 22643b53b7374b2a9b443a592a585e9d - - default default] 10.0.0.120 "POST /v2.0/qos/policies HTTP/1.1" status: 201 len: 558 time: 0.2924306
2026-05-12 12:35:34.867 9 INFO neutron.wsgi [None req-135ab842-60b9-4431-822e-f501de30b5a0 3c87cfdfe8ce4cbeac07486207041dea 22643b53b7374b2a9b443a592a585e9d - - default default] 10.0.0.120 "POST /v2.0/qos/policies HTTP/1.1" status: 201 len: 558 time: 0.0481930
2026-05-12 12:35:34.923 9 INFO neutron.wsgi [None req-0d1e774d-c803-4ddc-a225-397a36aec372 3c87cfdfe8ce4cbeac07486207041dea 22643b53b7374b2a9b443a592a585e9d - - default default] 10.0.0.120 "POST /v2.0/qos/policies HTTP/1.1" status: 201 len: 558 time: 0.0499160
2026-05-12 12:35:34.968 9 INFO neutron.wsgi [None req-54457cd8-bebb-45ce-aa89-bf92c942d89c 3c87cfdfe8ce4cbeac07486207041dea 22643b53b7374b2a9b443a592a585e9d - - default default] 10.0.0.120 "POST /v2.0/qos/policies HTTP/1.1" status: 201 len: 558 time: 0.0402927
2026-05-12 12:35:35.012 9 INFO neutron.wsgi [None req-abbecbfd-1575-4d89-af2c-dfa9e25b5b4f 3c87cfdfe8ce4cbeac07486207041dea 22643b53b7374b2a9b443a592a585e9d - - default default] 10.0.0.120 "POST /v2.0/qos/policies HTTP/1.1" status: 201 len: 558 time: 0.0399513
2026-05-12 12:35:35.045 9 INFO neutron.wsgi [None req-ec692332-1734-44d1-b9f2-cdc7e69e353b 3c87cfdfe8ce4cbeac07486207041dea 22643b53b7374b2a9b443a592a585e9d - - default default] 10.0.0.120 "PUT /v2.0/policies/db4dd69e-f127-4dfe-acbe-b0226dcc35ed/tags HTTP/1.1" status: 200 len: 210 time: 0.0282834
2026-05-12 12:35:35.079 9 INFO neutron.wsgi [None req-17b464f6-618f-4ca7-95b9-81bc26e29a07 3c87cfdfe8ce4cbeac07486207041dea 22643b53b7374b2a9b443a592a585e9d - - default default] 10.0.0.120 "PUT /v2.0/policies/cea94bb9-4140-4f7f-a452-354490d127e1/tags HTTP/1.1" status: 200 len: 218 time: 0.0290391
2026-05-12 12:35:35.120 9 INFO neutron.wsgi [None req-dade972b-d9f7-4f5a-b96f-cb7da540ed18 3c87cfdfe8ce4cbeac07486207041dea 22643b53b7374b2a9b443a592a585e9d - - default default] 10.0.0.120 "PUT /v2.0/policies/5e1048e1-b8f1-4978-98f6-a5dcfd85b3fa/tags HTTP/1.1" status: 200 len: 227 time: 0.0368202
2026-05-12 12:35:35.155 9 INFO neutron.wsgi [None req-de2c0bc7-bd9a-49f8-b1c6-2442317fcc69 3c87cfdfe8ce4cbeac07486207041dea 22643b53b7374b2a9b443a592a585e9d - - default default] 10.0.0.120 "PUT /v2.0/policies/5dd6ca58-78ed-4ec7-a56a-798cd61c1633/tags HTTP/1.1" status: 200 len: 212 time: 0.0299382
2026-05-12 12:35:35.257 10 WARNING neutron_lib.context [None req-9ad97c58-e36a-495d-a4c0-96ea797627b4 2739fc7d8a5b4a768789e0c6fdff9def 80d8c6a1ac194a2eb982be531c453713 - - default default] Method 'is_advsvc' is deprecated since 2023.2 release (neutron-lib 3.8.0) and will be removed once support for the old RBAC API policies will be removed from Neutron. Please use method 'is_service_role' instead.
2026-05-12 12:35:35.387 10 INFO neutron.db.ovn_revision_numbers_db [None req-9ad97c58-e36a-495d-a4c0-96ea797627b4 2739fc7d8a5b4a768789e0c6fdff9def 80d8c6a1ac194a2eb982be531c453713 - - default default] Successfully bumped revision number for resource fdc01767-b24b-4a4a-ab55-c1e014840850 (type: security_groups) to 1
2026-05-12 12:35:35.403 10 INFO neutron.db.ovn_revision_numbers_db [None req-9ad97c58-e36a-495d-a4c0-96ea797627b4 2739fc7d8a5b4a768789e0c6fdff9def 80d8c6a1ac194a2eb982be531c453713 - - default default] Successfully bumped revision number for resource 2f49046a-845e-42aa-b638-db6a355d561b (type: security_group_rules) to 0
2026-05-12 12:35:35.417 10 INFO neutron.db.ovn_revision_numbers_db [None req-9ad97c58-e36a-495d-a4c0-96ea797627b4 2739fc7d8a5b4a768789e0c6fdff9def 80d8c6a1ac194a2eb982be531c453713 - - default default] Successfully bumped revision number for resource 56f25b43-1a2c-465c-8764-9ec029e7389d (type: security_group_rules) to 0
2026-05-12 12:35:35.437 10 INFO neutron.db.ovn_revision_numbers_db [None req-9ad97c58-e36a-495d-a4c0-96ea797627b4 2739fc7d8a5b4a768789e0c6fdff9def 80d8c6a1ac194a2eb982be531c453713 - - default default] Successfully bumped revision number for resource 8b5a4a2a-a32e-4c7c-99a7-bbff362fd9db (type: security_group_rules) to 0
2026-05-12 12:35:35.452 10 INFO neutron.db.ovn_revision_numbers_db [None req-9ad97c58-e36a-495d-a4c0-96ea797627b4 2739fc7d8a5b4a768789e0c6fdff9def 80d8c6a1ac194a2eb982be531c453713 - - default default] Successfully bumped revision number for resource b5614efe-4526-4209-9c7e-1a1456c7c457 (type: security_group_rules) to 0
2026-05-12 12:35:35.510 10 INFO neutron.db.segments_db [None req-9ad97c58-e36a-495d-a4c0-96ea797627b4 2739fc7d8a5b4a768789e0c6fdff9def 80d8c6a1ac194a2eb982be531c453713 - - default default] Added segment 593f76f0-ca2c-4435-8eb0-7eba1f7e430f of type geneve for network c8da693b-0027-4036-a65a-e16dc9f8da1c
2026-05-12 12:35:35.646 9 INFO neutron.wsgi [None req-06f5c320-21e3-432b-b0a6-3cfc47aeb843 b579bc7b8e8241ccb2e030652690d597 28f97b56ff8c45c7a5e377d26bc318f1 - - default default] 10.0.0.120 "GET /v2.0/qos/policies?tags=red HTTP/1.1" status: 200 len: 1296 time: 0.1121764
2026-05-12 12:35:35.664 10 INFO neutron.db.ovn_revision_numbers_db [None req-9ad97c58-e36a-495d-a4c0-96ea797627b4 2739fc7d8a5b4a768789e0c6fdff9def 80d8c6a1ac194a2eb982be531c453713 - - default default] Successfully bumped revision number for resource c8da693b-0027-4036-a65a-e16dc9f8da1c (type: networks) to 1
2026-05-12 12:35:35.712 9 INFO neutron.wsgi [None req-d544ad50-99e9-40c9-a628-00985418879a b579bc7b8e8241ccb2e030652690d597 28f97b56ff8c45c7a5e377d26bc318f1 - - default default] 10.0.0.120 "GET /v2.0/qos/policies?tags=red%2Cblue HTTP/1.1" status: 200 len: 941 time: 0.0584350
2026-05-12 12:35:35.816 9 INFO neutron.wsgi [None req-b00480fa-b414-4f79-8f94-7ec96c2ed9d5 b579bc7b8e8241ccb2e030652690d597 28f97b56ff8c45c7a5e377d26bc318f1 - - default default] 10.0.0.120 "GET /v2.0/qos/policies?tags-any=blue HTTP/1.1" status: 200 len: 941 time: 0.1003857
2026-05-12 12:35:35.825 9 INFO neutron.wsgi [req-ff7e20d2-1b9d-44d6-9521-a1c354f1751d req-3707b469-b749-4105-a471-4ff3620a2723 0e7057beaa4d49c68fdc1d4f1c88bbaf 030e8ba78c7e4fc7957dd0800706d678 - - default default] 10.0.0.1 "GET /v2.0/ports?device_id=8b37b09d-b6b7-43ed-8b19-b0c22c527227 HTTP/1.1" status: 200 len: 1170 time: 0.1031134
2026-05-12 12:35:35.856 10 WARNING neutron.scheduler.dhcp_agent_scheduler [None req-9ad97c58-e36a-495d-a4c0-96ea797627b4 2739fc7d8a5b4a768789e0c6fdff9def 80d8c6a1ac194a2eb982be531c453713 - - default default] No more DHCP agents
2026-05-12 12:35:35.860 10 WARNING neutron.api.rpc.agentnotifiers.dhcp_rpc_agent_api [None req-9ad97c58-e36a-495d-a4c0-96ea797627b4 2739fc7d8a5b4a768789e0c6fdff9def 80d8c6a1ac194a2eb982be531c453713 - - default default] Unable to schedule network c8da693b-0027-4036-a65a-e16dc9f8da1c: no agents available; will retry on subsequent port and subnet creation events.
2026-05-12 12:35:35.886 9 INFO neutron.wsgi [req-ff7e20d2-1b9d-44d6-9521-a1c354f1751d req-1227a870-a7a3-4202-9460-42feb06c19d0 0e7057beaa4d49c68fdc1d4f1c88bbaf 030e8ba78c7e4fc7957dd0800706d678 - - default default] 10.0.0.1 "GET /v2.0/security-groups?id=aa098118-df4b-48b6-8814-dd82b5a856a9&fields=id&fields=name HTTP/1.1" status: 200 len: 313 time: 0.0531635
2026-05-12 12:35:35.954 10 INFO neutron.wsgi [None req-27a41e69-63a9-41c5-9caf-a967c996b354 b579bc7b8e8241ccb2e030652690d597 28f97b56ff8c45c7a5e377d26bc318f1 - - default default] 10.0.0.120 "GET /v2.0/qos/policies?tags-any=red%2Cblue HTTP/1.1" status: 200 len: 1296 time: 0.1229351
2026-05-12 12:35:35.962 10 INFO neutron.db.ovn_revision_numbers_db [None req-9ad97c58-e36a-495d-a4c0-96ea797627b4 2739fc7d8a5b4a768789e0c6fdff9def 80d8c6a1ac194a2eb982be531c453713 - - default default] Successfully bumped revision number for resource 8a5e41f3-d11a-4189-b5a9-ba7bed4b4eb9 (type: ports) to 1
2026-05-12 12:35:35.992 10 INFO neutron.wsgi [None req-9ad97c58-e36a-495d-a4c0-96ea797627b4 2739fc7d8a5b4a768789e0c6fdff9def 80d8c6a1ac194a2eb982be531c453713 - - default default] 10.0.0.120 "POST /v2.0/networks HTTP/1.1" status: 201 len: 832 time: 0.9024823
2026-05-12 12:35:36.003 9 WARNING neutron_lib.context [None req-5d536797-656c-42c7-9ff2-9844d891705f 2739fc7d8a5b4a768789e0c6fdff9def 80d8c6a1ac194a2eb982be531c453713 - - default default] Method 'is_advsvc' is deprecated since 2023.2 release (neutron-lib 3.8.0) and will be removed once support for the old RBAC API policies will be removed from Neutron. Please use method 'is_service_role' instead.
2026-05-12 12:35:36.034 9 INFO neutron.wsgi [None req-00892811-3d01-40da-ae4e-9174d1928a8e b579bc7b8e8241ccb2e030652690d597 28f97b56ff8c45c7a5e377d26bc318f1 - - default default] 10.0.0.120 "GET /v2.0/qos/policies?not-tags=red HTTP/1.1" status: 200 len: 913 time: 0.0750949
2026-05-12 12:35:36.050 10 INFO neutron.wsgi [req-14605bab-a374-45dc-bda5-2f89a7b2f066 req-a8ab9504-a9a2-4247-8e71-5637edb41274 0e7057beaa4d49c68fdc1d4f1c88bbaf 030e8ba78c7e4fc7957dd0800706d678 - - default default] 10.0.0.1 "GET /v2.0/ports?device_id=8b37b09d-b6b7-43ed-8b19-b0c22c527227 HTTP/1.1" status: 200 len: 1170 time: 0.0955923
2026-05-12 12:35:36.098 10 INFO neutron.wsgi [req-14605bab-a374-45dc-bda5-2f89a7b2f066 req-6ae773c4-a9b0-40fc-b755-df733cb36b4b 0e7057beaa4d49c68fdc1d4f1c88bbaf 030e8ba78c7e4fc7957dd0800706d678 - - default default] 10.0.0.1 "GET /v2.0/security-groups?id=aa098118-df4b-48b6-8814-dd82b5a856a9&fields=id&fields=name HTTP/1.1" status: 200 len: 313 time: 0.0419829
2026-05-12 12:35:36.134 10 INFO neutron.wsgi [None req-af6f6b54-956f-454b-aba0-15358628018f b579bc7b8e8241ccb2e030652690d597 28f97b56ff8c45c7a5e377d26bc318f1 - - default default] 10.0.0.120 "GET /v2.0/qos/policies?not-tags=red%2Cblue HTTP/1.1" status: 200 len: 1268 time: 0.0950046
2026-05-12 12:35:36.207 10 INFO neutron.wsgi [None req-9a9aa1e4-6365-47e0-92d3-ada5fd66889d b579bc7b8e8241ccb2e030652690d597 28f97b56ff8c45c7a5e377d26bc318f1 - - default default] 10.0.0.120 "GET /v2.0/qos/policies?not-tags-any=blue HTTP/1.1" status: 200 len: 1268 time: 0.0677335
2026-05-12 12:35:36.327 9 INFO neutron.wsgi [None req-1e3007a9-a3e8-4d0e-9621-46ca6739c372 b579bc7b8e8241ccb2e030652690d597 28f97b56ff8c45c7a5e377d26bc318f1 - - default default] 10.0.0.120 "GET /v2.0/qos/policies?not-tags-any=red%2Cblue HTTP/1.1" status: 200 len: 913 time: 0.1079774
2026-05-12 12:35:36.408 10 INFO neutron.wsgi [None req-fc854659-0e7c-4a59-9fae-1107237b894e 3c87cfdfe8ce4cbeac07486207041dea 22643b53b7374b2a9b443a592a585e9d - - default default] 10.0.0.120 "DELETE /v2.0/qos/policies/db4dd69e-f127-4dfe-acbe-b0226dcc35ed HTTP/1.1" status: 204 len: 168 time: 0.0747972
2026-05-12 12:35:36.484 10 INFO neutron.wsgi [None req-e20c831a-8714-4aea-ad26-6c1fb05d00fa 3c87cfdfe8ce4cbeac07486207041dea 22643b53b7374b2a9b443a592a585e9d - - default default] 10.0.0.120 "DELETE /v2.0/qos/policies/cea94bb9-4140-4f7f-a452-354490d127e1 HTTP/1.1" status: 204 len: 168 time: 0.0708516
2026-05-12 12:35:36.504 9 INFO neutron.wsgi [req-04469a56-13e2-4c55-82a7-911d2d5f67bf req-7023c8ce-1ff1-42e3-a9a4-05ce6785bd6e 0e7057beaa4d49c68fdc1d4f1c88bbaf 030e8ba78c7e4fc7957dd0800706d678 - - default default] 10.0.0.1 "GET /v2.0/ports?device_id=8b37b09d-b6b7-43ed-8b19-b0c22c527227 HTTP/1.1" status: 200 len: 1170 time: 0.0642986
2026-05-12 12:35:36.531 9 INFO neutron.wsgi [req-88a219bb-1242-452d-b6df-1d420152275c req-b4a5d030-cbd5-4f45-b6cb-c03a2c032bbe 2fd3fec1df4d484eb413dee8fbb53e2b 9b5a54f26303430885f9f2b69292e723 - - a207f7a3574a4184a487d9be974e9da4 a207f7a3574a4184a487d9be974e9da4] 199.19.213.244 "GET /v2.0/ports?tenant_id=030e8ba78c7e4fc7957dd0800706d678&device_id=8b37b09d-b6b7-43ed-8b19-b0c22c527227 HTTP/1.1" status: 200 len: 1409 time: 0.0566020
2026-05-12 12:35:36.545 10 INFO neutron.wsgi [None req-0959c666-cf8c-4182-ac40-89563f51a52d 3c87cfdfe8ce4cbeac07486207041dea 22643b53b7374b2a9b443a592a585e9d - - default default] 10.0.0.120 "DELETE /v2.0/qos/policies/5e1048e1-b8f1-4978-98f6-a5dcfd85b3fa HTTP/1.1" status: 204 len: 168 time: 0.0556617
2026-05-12 12:35:36.602 10 INFO neutron.wsgi [None req-5fe9d65b-a504-4f7a-9869-d6e8b3f166d9 3c87cfdfe8ce4cbeac07486207041dea 22643b53b7374b2a9b443a592a585e9d - - default default] 10.0.0.120 "DELETE /v2.0/qos/policies/5dd6ca58-78ed-4ec7-a56a-798cd61c1633 HTTP/1.1" status: 204 len: 168 time: 0.0525086
2026-05-12 12:35:36.626 9 INFO neutron.wsgi [req-04469a56-13e2-4c55-82a7-911d2d5f67bf req-ca140b47-c377-4305-9a59-4c79d415b914 0e7057beaa4d49c68fdc1d4f1c88bbaf 030e8ba78c7e4fc7957dd0800706d678 - - default default] 10.0.0.1 "GET /v2.0/security-groups?id=aa098118-df4b-48b6-8814-dd82b5a856a9&fields=id&fields=name HTTP/1.1" status: 200 len: 313 time: 0.1104708
2026-05-12 12:35:36.641 9 INFO neutron.wsgi [req-88a219bb-1242-452d-b6df-1d420152275c req-bd5c4f1a-c888-41b5-b42e-eb0a620c8a44 2fd3fec1df4d484eb413dee8fbb53e2b 9b5a54f26303430885f9f2b69292e723 - - a207f7a3574a4184a487d9be974e9da4 a207f7a3574a4184a487d9be974e9da4] 199.19.213.244 "GET /v2.0/networks?id=ed45861a-43af-46c1-8baf-66ec3ec7edb3 HTTP/1.1" status: 200 len: 973 time: 0.0960548
2026-05-12 12:35:36.664 10 INFO neutron.wsgi [None req-b68d328d-54bd-4f48-a96e-8eae7ec713a0 3c87cfdfe8ce4cbeac07486207041dea 22643b53b7374b2a9b443a592a585e9d - - default default] 10.0.0.120 "DELETE /v2.0/qos/policies/6da16051-aaa3-4186-b1b4-38c78e4b8902 HTTP/1.1" status: 204 len: 168 time: 0.0515950
2026-05-12 12:35:36.676 9 WARNING neutron.scheduler.dhcp_agent_scheduler [None req-5d536797-656c-42c7-9ff2-9844d891705f 2739fc7d8a5b4a768789e0c6fdff9def 80d8c6a1ac194a2eb982be531c453713 - - default default] No more DHCP agents
2026-05-12 12:35:36.680 9 WARNING neutron.api.rpc.agentnotifiers.dhcp_rpc_agent_api [None req-5d536797-656c-42c7-9ff2-9844d891705f 2739fc7d8a5b4a768789e0c6fdff9def 80d8c6a1ac194a2eb982be531c453713 - - default default] Unable to schedule network 110dc62a-4dd9-4f3d-b334-a5f1ef86a5c0: no agents available; will retry on subsequent port and subnet creation events.
2026-05-12 12:35:36.708 9 INFO neutron.wsgi [req-88a219bb-1242-452d-b6df-1d420152275c req-dc8d6c11-6289-4231-84d0-fe7c30279a84 2fd3fec1df4d484eb413dee8fbb53e2b 9b5a54f26303430885f9f2b69292e723 - - a207f7a3574a4184a487d9be974e9da4 a207f7a3574a4184a487d9be974e9da4] 199.19.213.244 "GET /v2.0/floatingips?fixed_ip_address=10.100.0.5&port_id=8cc47bcd-b884-4b36-aaca-fc9c10281f22 HTTP/1.1" status: 200 len: 1059 time: 0.0558128
2026-05-12 12:35:36.751 9 INFO neutron.wsgi [req-88a219bb-1242-452d-b6df-1d420152275c req-837bea1f-e6aa-4f91-b39c-12780a8c1d94 2fd3fec1df4d484eb413dee8fbb53e2b 9b5a54f26303430885f9f2b69292e723 - - a207f7a3574a4184a487d9be974e9da4 a207f7a3574a4184a487d9be974e9da4] 199.19.213.244 "GET /v2.0/subnets?id=0f08c8be-79ad-4cef-9235-15c682e7c7f9 HTTP/1.1" status: 200 len: 868 time: 0.0361817
2026-05-12 12:35:36.781 9 INFO neutron.wsgi [req-88a219bb-1242-452d-b6df-1d420152275c req-c94adef5-869d-442f-b95e-0be79b164861 2fd3fec1df4d484eb413dee8fbb53e2b 9b5a54f26303430885f9f2b69292e723 - - a207f7a3574a4184a487d9be974e9da4 a207f7a3574a4184a487d9be974e9da4] 199.19.213.244 "GET /v2.0/ports?network_id=ed45861a-43af-46c1-8baf-66ec3ec7edb3&device_owner=network%3Adhcp HTTP/1.1" status: 200 len: 210 time: 0.0218904
2026-05-12 12:35:36.848 9 INFO neutron.wsgi [req-88a219bb-1242-452d-b6df-1d420152275c req-b24a53a2-85f5-4f75-859b-760f0a0d4fdc 2fd3fec1df4d484eb413dee8fbb53e2b 9b5a54f26303430885f9f2b69292e723 - - a207f7a3574a4184a487d9be974e9da4 a207f7a3574a4184a487d9be974e9da4] 199.19.213.244 "GET /v2.0/networks/ed45861a-43af-46c1-8baf-66ec3ec7edb3?fields=segments HTTP/1.1" status: 200 len: 212 time: 0.0591331
2026-05-12 12:35:36.898 9 INFO neutron.db.ovn_revision_numbers_db [None req-5d536797-656c-42c7-9ff2-9844d891705f 2739fc7d8a5b4a768789e0c6fdff9def 80d8c6a1ac194a2eb982be531c453713 - - default default] Successfully bumped revision number for resource dcf5143f-d4e2-4233-bc0e-cae3db9974cc (type: ports) to 1
2026-05-12 12:35:36.950 9 INFO neutron.wsgi [req-88a219bb-1242-452d-b6df-1d420152275c req-ba7a5791-89d6-4ed9-9a15-f68194bac0c4 2fd3fec1df4d484eb413dee8fbb53e2b 9b5a54f26303430885f9f2b69292e723 - - a207f7a3574a4184a487d9be974e9da4 a207f7a3574a4184a487d9be974e9da4] 199.19.213.244 "GET /v2.0/networks/ed45861a-43af-46c1-8baf-66ec3ec7edb3?fields=provider%3Aphysical_network&fields=provider%3Anetwork_type HTTP/1.1" status: 200 len: 277 time: 0.0905704
2026-05-12 12:35:37.149 10 INFO neutron.plugins.ml2.drivers.ovn.mech_driver.mech_driver [None req-6965b009-2ce0-43fd-adff-4ceaae18830f - - - - - -] OVN reports status down for port: 8cc47bcd-b884-4b36-aaca-fc9c10281f22
2026-05-12 12:35:37.333 10 INFO neutron.notifiers.nova [-] Nova event matching ['req-d293a057-6c2c-4d8c-82d2-b06803e89949'] response: {'server_uuid': '8b37b09d-b6b7-43ed-8b19-b0c22c527227', 'name': 'network-vif-unplugged', 'status': 'completed', 'tag': '8cc47bcd-b884-4b36-aaca-fc9c10281f22', 'code': 200}
2026-05-12 12:35:37.517 10 INFO neutron.db.ovn_revision_numbers_db [None req-6965b009-2ce0-43fd-adff-4ceaae18830f - - - - - -] Successfully bumped revision number for resource 8cc47bcd-b884-4b36-aaca-fc9c10281f22 (type: ports) to 5
2026-05-12 12:35:37.679 9 INFO neutron.plugins.ml2.drivers.ovn.mech_driver.ovsdb.commands [None req-747e6601-49eb-474d-b2e4-4b96b95ddf3f - - - - - -] Schedule LRP lrp-dcf5143f-d4e2-4233-bc0e-cae3db9974cc on gateway 285a0ec1-a475-4b84-b59a-389344aebaca with priority 1
2026-05-12 12:35:37.692 10 INFO neutron.plugins.ml2.drivers.ovn.mech_driver.mech_driver [None req-6965b009-2ce0-43fd-adff-4ceaae18830f - - - - - -] OVN reports status up for port: dcf5143f-d4e2-4233-bc0e-cae3db9974cc
2026-05-12 12:35:37.709 10 INFO neutron.plugins.ml2.drivers.ovn.mech_driver.ovsdb.ovsdb_monitor [None req-2b35a80e-fe42-4820-bea2-82ea7a3dc8d9 - - - - - -] Router 33162a6f-1666-4cfc-8c7a-c70e095b9cc3 is bound to host instance
2026-05-12 12:35:37.720 10 INFO neutron.plugins.ml2.plugin [None req-6965b009-2ce0-43fd-adff-4ceaae18830f - - - - - -] Attempt 1 to provision port dcf5143f-d4e2-4233-bc0e-cae3db9974cc
2026-05-12 12:35:37.763 9 INFO neutron.wsgi [req-b09997ea-28bb-4acf-95bf-8bb555c8ba47 req-50c0d04b-0b25-4b61-a4e2-b4ff73731321 0e7057beaa4d49c68fdc1d4f1c88bbaf 030e8ba78c7e4fc7957dd0800706d678 - - default default] 10.0.0.1 "GET /v2.0/ports?device_id=8b37b09d-b6b7-43ed-8b19-b0c22c527227 HTTP/1.1" status: 200 len: 1168 time: 0.0748770
2026-05-12 12:35:37.770 9 INFO neutron.db.ovn_revision_numbers_db [None req-5d536797-656c-42c7-9ff2-9844d891705f 2739fc7d8a5b4a768789e0c6fdff9def 80d8c6a1ac194a2eb982be531c453713 - - default default] Successfully bumped revision number for resource dcf5143f-d4e2-4233-bc0e-cae3db9974cc (type: router_ports) to 1 /var/lib/openstack/lib/python3.10/site-packages/pycadf/identifier.py:71: UserWarning: Invalid uuid: neutron. To ensure interoperability, identifiers should be a valid uuid. warnings.warn(('Invalid uuid: %s. To ensure interoperability, '
2026-05-12 12:35:38.026 10 INFO neutron.db.ovn_revision_numbers_db [None req-f4e4c9a3-1e31-489a-88d2-74dbbc3c21ef 3b0a0edda41f435d88d6ba8a74cace51 1888e6ea4bec4394803d2be1d04a8e95 - - default default] Successfully bumped revision number for resource b2a502b6-bfa1-48bf-b1d7-a563cd85628b (type: security_groups) to 1
2026-05-12 12:35:38.051 10 INFO neutron.db.ovn_revision_numbers_db [None req-f4e4c9a3-1e31-489a-88d2-74dbbc3c21ef 3b0a0edda41f435d88d6ba8a74cace51 1888e6ea4bec4394803d2be1d04a8e95 - - default default] Successfully bumped revision number for resource 38b741eb-58a4-4eb1-9eec-09052661d8f3 (type: security_group_rules) to 0
2026-05-12 12:35:38.072 10 INFO neutron.db.ovn_revision_numbers_db [None req-f4e4c9a3-1e31-489a-88d2-74dbbc3c21ef 3b0a0edda41f435d88d6ba8a74cace51 1888e6ea4bec4394803d2be1d04a8e95 - - default default] Successfully bumped revision number for resource 38fbcae5-8f5b-4cd1-b777-84be59b800f7 (type: security_group_rules) to 0
2026-05-12 12:35:38.107 9 INFO neutron.wsgi [req-b09997ea-28bb-4acf-95bf-8bb555c8ba47 req-b4be92c4-ecbf-4f01-a1b8-ab90aa800835 0e7057beaa4d49c68fdc1d4f1c88bbaf 030e8ba78c7e4fc7957dd0800706d678 - - default default] 10.0.0.1 "GET /v2.0/security-groups?id=aa098118-df4b-48b6-8814-dd82b5a856a9&fields=id&fields=name HTTP/1.1" status: 200 len: 313 time: 0.3330400
2026-05-12 12:35:38.116 10 INFO neutron.db.ovn_revision_numbers_db [None req-f4e4c9a3-1e31-489a-88d2-74dbbc3c21ef 3b0a0edda41f435d88d6ba8a74cace51 1888e6ea4bec4394803d2be1d04a8e95 - - default default] Successfully bumped revision number for resource 67e46130-db3b-436a-85d6-9e1e574ed907 (type: security_group_rules) to 0
2026-05-12 12:35:38.128 9 INFO neutron.db.ovn_revision_numbers_db [None req-5d536797-656c-42c7-9ff2-9844d891705f 2739fc7d8a5b4a768789e0c6fdff9def 80d8c6a1ac194a2eb982be531c453713 - - default default] Successfully bumped revision number for resource 33162a6f-1666-4cfc-8c7a-c70e095b9cc3 (type: routers) to 2
2026-05-12 12:35:38.139 10 INFO neutron.db.ovn_revision_numbers_db [None req-f4e4c9a3-1e31-489a-88d2-74dbbc3c21ef 3b0a0edda41f435d88d6ba8a74cace51 1888e6ea4bec4394803d2be1d04a8e95 - - default default] Successfully bumped revision number for resource 95defc55-a24a-4c64-8706-b2a21254cbcc (type: security_group_rules) to 0
2026-05-12 12:35:38.149 9 INFO neutron.wsgi [None req-5d536797-656c-42c7-9ff2-9844d891705f 2739fc7d8a5b4a768789e0c6fdff9def 80d8c6a1ac194a2eb982be531c453713 - - default default] 10.0.0.120 "POST /v2.0/routers HTTP/1.1" status: 201 len: 1153 time: 2.1516860
2026-05-12 12:35:38.192 10 INFO neutron.wsgi [None req-f4e4c9a3-1e31-489a-88d2-74dbbc3c21ef 3b0a0edda41f435d88d6ba8a74cace51 1888e6ea4bec4394803d2be1d04a8e95 - - default default] 10.0.0.120 "GET /v2.0/security-groups?tenant_id=622244ba00e1463c9b195b6c4c7f14b2&name=default HTTP/1.1" status: 200 len: 3120 time: 0.6062131
2026-05-12 12:35:38.288 9 INFO neutron.wsgi [None req-b39811fb-8ebd-42e7-a619-f99c8b83ec3c 70eb9a669fd64704badff0cb7edfc3bf afec66673f5f4e4cb262e419c1d7919d - - default default] 10.0.0.120 "GET /v2.0/subnets?project_id=80d8c6a1ac194a2eb982be531c453713&cidr=10.100.0.0%2F28 HTTP/1.1" status: 200 len: 207 time: 0.1343236
2026-05-12 12:35:38.419 9 INFO neutron.wsgi [None req-ef329aab-ff0b-4aeb-a134-3f756f496479 70eb9a669fd64704badff0cb7edfc3bf afec66673f5f4e4cb262e419c1d7919d - - default default] 10.0.0.120 "GET /v2.0/networks?router%3Aexternal=True HTTP/1.1" status: 200 len: 947 time: 0.1243412
2026-05-12 12:35:38.462 9 INFO neutron.wsgi [None req-59691b65-6839-44ed-ac14-e80fae44fd42 70eb9a669fd64704badff0cb7edfc3bf afec66673f5f4e4cb262e419c1d7919d - - default default] 10.0.0.120 "GET /v2.0/subnets?network_id=110dc62a-4dd9-4f3d-b334-a5f1ef86a5c0&cidr=10.100.0.0%2F28 HTTP/1.1" status: 200 len: 207 time: 0.0291386
2026-05-12 12:35:38.481 9 WARNING neutron_lib.context [None req-c70763cd-0755-4c7d-b207-5b5490e76e53 2739fc7d8a5b4a768789e0c6fdff9def 80d8c6a1ac194a2eb982be531c453713 - - default default] Method 'is_advsvc' is deprecated since 2023.2 release (neutron-lib 3.8.0) and will be removed once support for the old RBAC API policies will be removed from Neutron. Please use method 'is_service_role' instead.
2026-05-12 12:35:38.649 9 INFO neutron.wsgi [None req-7a43f736-aa50-44ae-b477-bf28f1539e66 3b0a0edda41f435d88d6ba8a74cace51 1888e6ea4bec4394803d2be1d04a8e95 - - default default] 10.0.0.41 "GET /v2.0/routers HTTP/1.1" status: 200 len: 2115 time: 0.2521117
2026-05-12 12:35:38.685 9 INFO neutron.wsgi [None req-6239e99e-0016-4a99-b5f3-f873f338677b 3b0a0edda41f435d88d6ba8a74cace51 1888e6ea4bec4394803d2be1d04a8e95 - - default default] 10.0.0.41 "GET /v2.0/agents?binary=ovn-controller HTTP/1.1" status: 200 len: 591 time: 0.0162523
2026-05-12 12:35:38.724 9 INFO neutron.wsgi [None req-5c8de6ce-bf6c-4e35-bc55-d0e65cc4dbff 3b0a0edda41f435d88d6ba8a74cace51 1888e6ea4bec4394803d2be1d04a8e95 - - default default] 10.0.0.41 "GET /v2.0/agents HTTP/1.1" status: 200 len: 1390 time: 0.0366025
2026-05-12 12:35:38.731 9 INFO neutron.wsgi [None req-437cf20e-1f69-406a-937b-c023fc447acf 3b0a0edda41f435d88d6ba8a74cace51 1888e6ea4bec4394803d2be1d04a8e95 - - default default] 10.0.0.120 "DELETE /v2.0/security-groups/b2a502b6-bfa1-48bf-b1d7-a563cd85628b HTTP/1.1" status: 204 len: 168 time: 0.5293500
2026-05-12 12:35:38.791 9 INFO neutron.wsgi [None req-3c13a5c1-3849-4e52-94ca-429286a9ab0b 3b0a0edda41f435d88d6ba8a74cace51 1888e6ea4bec4394803d2be1d04a8e95 - - default default] 10.0.0.41 "GET /v2.0/subnets HTTP/1.1" status: 200 len: 2093 time: 0.0640161
2026-05-12 12:35:38.807 9 INFO neutron.wsgi [None req-51c68af1-e8b1-4eea-a81a-4b724d7f2889 3b0a0edda41f435d88d6ba8a74cace51 1888e6ea4bec4394803d2be1d04a8e95 - - default default] 10.0.0.41 "GET /v2.0/subnetpools HTTP/1.1" status: 200 len: 193 time: 0.0150781
2026-05-12 12:35:38.835 10 INFO neutron.db.ovn_revision_numbers_db [None req-2b35a80e-fe42-4820-bea2-82ea7a3dc8d9 - - - - - -] Successfully bumped revision number for resource dcf5143f-d4e2-4233-bc0e-cae3db9974cc (type: ports) to 1
2026-05-12 12:35:38.884 9 INFO neutron.wsgi [None req-d9b12135-7893-433c-8b96-62efa1660a7b 3b0a0edda41f435d88d6ba8a74cace51 1888e6ea4bec4394803d2be1d04a8e95 - - default default] 10.0.0.41 "GET /v2.0/floatingips HTTP/1.1" status: 200 len: 1033 time: 0.0758274
2026-05-12 12:35:38.972 9 INFO neutron.wsgi [None req-cd28c9d0-b14e-4f4b-ab5b-7a1afa5b08c9 3b0a0edda41f435d88d6ba8a74cace51 1888e6ea4bec4394803d2be1d04a8e95 - - default default] 10.0.0.41 "GET /v2.0/security-groups HTTP/1.1" status: 200 len: 26247 time: 0.0842550
2026-05-12 12:35:39.011 9 INFO neutron.wsgi [None req-19a55c2d-9053-45ca-bc86-b294723bb451 3b0a0edda41f435d88d6ba8a74cace51 1888e6ea4bec4394803d2be1d04a8e95 - - default default] 10.0.0.41 "GET /v2.0/network-ip-availabilities HTTP/1.1" status: 200 len: 2203 time: 0.0291619
2026-05-12 12:35:39.029 9 WARNING neutron.scheduler.dhcp_agent_scheduler [None req-c70763cd-0755-4c7d-b207-5b5490e76e53 2739fc7d8a5b4a768789e0c6fdff9def 80d8c6a1ac194a2eb982be531c453713 - - default default] No more DHCP agents
2026-05-12 12:35:39.042 9 WARNING neutron.api.rpc.agentnotifiers.dhcp_rpc_agent_api [None req-c70763cd-0755-4c7d-b207-5b5490e76e53 2739fc7d8a5b4a768789e0c6fdff9def 80d8c6a1ac194a2eb982be531c453713 - - default default] Unable to schedule network c8da693b-0027-4036-a65a-e16dc9f8da1c: no agents available; will retry on subsequent port and subnet creation events.
2026-05-12 12:35:39.067 10 INFO neutron.db.ovn_revision_numbers_db [None req-2af4f7fd-7dbf-47ec-bf80-51bbe156c3da 3b0a0edda41f435d88d6ba8a74cace51 1888e6ea4bec4394803d2be1d04a8e95 - - default default] Successfully bumped revision number for resource 4f9e3df1-c6bd-41c0-9eb6-501d5eda4811 (type: security_groups) to 1
2026-05-12 12:35:39.089 10 INFO neutron.db.ovn_revision_numbers_db [None req-2af4f7fd-7dbf-47ec-bf80-51bbe156c3da 3b0a0edda41f435d88d6ba8a74cace51 1888e6ea4bec4394803d2be1d04a8e95 - - default default] Successfully bumped revision number for resource 7bd95efb-49b6-4e5e-80bb-533f531cb3e1 (type: security_group_rules) to 0
2026-05-12 12:35:39.105 10 INFO neutron.db.ovn_revision_numbers_db [None req-2af4f7fd-7dbf-47ec-bf80-51bbe156c3da 3b0a0edda41f435d88d6ba8a74cace51 1888e6ea4bec4394803d2be1d04a8e95 - - default default] Successfully bumped revision number for resource 9c62ea08-d2d5-4d0f-a4bc-a3e80ea97892 (type: security_group_rules) to 0
2026-05-12 12:35:39.128 10 INFO neutron.db.ovn_revision_numbers_db [None req-2af4f7fd-7dbf-47ec-bf80-51bbe156c3da 3b0a0edda41f435d88d6ba8a74cace51 1888e6ea4bec4394803d2be1d04a8e95 - - default default] Successfully bumped revision number for resource b1078b3c-b81e-4928-8855-4123248343ee (type: security_group_rules) to 0
2026-05-12 12:35:39.158 10 INFO neutron.db.ovn_revision_numbers_db [None req-2af4f7fd-7dbf-47ec-bf80-51bbe156c3da 3b0a0edda41f435d88d6ba8a74cace51 1888e6ea4bec4394803d2be1d04a8e95 - - default default] Successfully bumped revision number for resource ec7752cd-b668-4e88-9aa2-68cab3e1c646 (type: security_group_rules) to 0
2026-05-12 12:35:39.171 9 INFO neutron.wsgi [None req-c96e4333-0d9a-45eb-a37f-eb991118fd99 3b0a0edda41f435d88d6ba8a74cace51 1888e6ea4bec4394803d2be1d04a8e95 - - default default] 10.0.0.41 "GET /v2.0/networks HTTP/1.1" status: 200 len: 3856 time: 0.1555352
