2026-05-12 12:37:01.824 9 INFO neutron.wsgi [None req-0d1b8e45-fb36-4521-8990-aab091909046 037e060e79fc4578a445abb6848ebe0f b7c1bb8360b94463b5d42737aa8e9316 - - default default] 10.0.0.120 "GET /v2.0/ports/ada9d390-d7b5-43f3-8384-95574cb7f50d HTTP/1.1" status: 200 len: 1020 time: 0.0978389
2026-05-12 12:37:01.916 9 INFO neutron.wsgi [None req-1b656be1-ca51-4cb8-b6b9-1b3a6b750957 037e060e79fc4578a445abb6848ebe0f b7c1bb8360b94463b5d42737aa8e9316 - - default default] 10.0.0.120 "DELETE /v2.0/trunks/79c24e44-1585-4d1d-bd15-887442b960af HTTP/1.1" status: 204 len: 168 time: 0.0815105
2026-05-12 12:37:01.939 10 WARNING neutron.scheduler.dhcp_agent_scheduler [None req-e6943784-46f2-4caa-b7ff-a1dec4010352 7ea79354972f47ef87f80be3a2fadbb3 e4a431c796be4a4e86208a950e1b87f5 - - default default] No more DHCP agents
2026-05-12 12:37:01.940 9 INFO neutron.wsgi [None req-af1e5923-6046-400a-a731-111f77d28592 037e060e79fc4578a445abb6848ebe0f b7c1bb8360b94463b5d42737aa8e9316 - - default default] 10.0.0.120 "GET /v2.0/trunks/cd1db641-5442-40f9-a465-cd9553bd2cd8 HTTP/1.1" status: 200 len: 610 time: 0.0193460
2026-05-12 12:37:01.942 10 WARNING neutron.api.rpc.agentnotifiers.dhcp_rpc_agent_api [None req-e6943784-46f2-4caa-b7ff-a1dec4010352 7ea79354972f47ef87f80be3a2fadbb3 e4a431c796be4a4e86208a950e1b87f5 - - default default] Unable to schedule network 00e784a9-a6b8-484a-bd77-37acd25fd8e9: no agents available; will retry on subsequent port and subnet creation events.
2026-05-12 12:37:02.047 10 INFO neutron.db.ovn_revision_numbers_db [None req-e6943784-46f2-4caa-b7ff-a1dec4010352 7ea79354972f47ef87f80be3a2fadbb3 e4a431c796be4a4e86208a950e1b87f5 - - default default] Successfully bumped revision number for resource fae1b7db-1b73-43ef-8000-7a4c91d03df4 (type: ports) to 1
2026-05-12 12:37:02.051 9 INFO neutron.wsgi [None req-9dc58dc6-81e5-4f8c-a0c7-03674fba17e4 037e060e79fc4578a445abb6848ebe0f b7c1bb8360b94463b5d42737aa8e9316 - - default default] 10.0.0.120 "GET /v2.0/ports/27e242a2-55ba-405f-b09d-26fabba0e5ea HTTP/1.1" status: 200 len: 1020 time: 0.1067696
2026-05-12 12:37:02.076 10 INFO neutron.wsgi [None req-e6943784-46f2-4caa-b7ff-a1dec4010352 7ea79354972f47ef87f80be3a2fadbb3 e4a431c796be4a4e86208a950e1b87f5 - - default default] 10.0.0.120 "POST /v2.0/networks HTTP/1.1" status: 201 len: 835 time: 0.8102124
2026-05-12 12:37:02.085 10 WARNING neutron_lib.context [None req-dfbe88be-2296-4597-868b-f0d3345cbb2c 7ea79354972f47ef87f80be3a2fadbb3 e4a431c796be4a4e86208a950e1b87f5 - - default default] Method 'is_advsvc' is deprecated since 2023.2 release (neutron-lib 3.8.0) and will be removed once support for the old RBAC API policies will be removed from Neutron. Please use method 'is_service_role' instead.
2026-05-12 12:37:02.136 9 INFO neutron.wsgi [None req-2bbb63aa-b49b-44be-aef2-50f2505aacd9 037e060e79fc4578a445abb6848ebe0f b7c1bb8360b94463b5d42737aa8e9316 - - default default] 10.0.0.120 "DELETE /v2.0/trunks/cd1db641-5442-40f9-a465-cd9553bd2cd8 HTTP/1.1" status: 204 len: 168 time: 0.0807803
2026-05-12 12:37:02.161 9 INFO neutron.wsgi [None req-b246d0fd-7b34-4bfe-ab09-1656b0ec96ca 037e060e79fc4578a445abb6848ebe0f b7c1bb8360b94463b5d42737aa8e9316 - - default default] 10.0.0.120 "GET /v2.0/trunks/1e6f006a-a831-497a-aaf7-bf3bebaf98df HTTP/1.1" status: 200 len: 603 time: 0.0217969
2026-05-12 12:37:02.265 9 INFO neutron.wsgi [None req-0ffbef87-c23d-4e08-bf7d-182bbff24e92 037e060e79fc4578a445abb6848ebe0f b7c1bb8360b94463b5d42737aa8e9316 - - default default] 10.0.0.120 "GET /v2.0/ports/cf1df98d-6c1b-4094-9168-67e95e843b85 HTTP/1.1" status: 200 len: 1020 time: 0.0992224
2026-05-12 12:37:02.314 10 WARNING neutron.scheduler.dhcp_agent_scheduler [None req-dfbe88be-2296-4597-868b-f0d3345cbb2c 7ea79354972f47ef87f80be3a2fadbb3 e4a431c796be4a4e86208a950e1b87f5 - - default default] No more DHCP agents
2026-05-12 12:37:02.316 10 WARNING neutron.api.rpc.agentnotifiers.dhcp_rpc_agent_api [None req-dfbe88be-2296-4597-868b-f0d3345cbb2c 7ea79354972f47ef87f80be3a2fadbb3 e4a431c796be4a4e86208a950e1b87f5 - - default default] Unable to schedule network 00e784a9-a6b8-484a-bd77-37acd25fd8e9: no agents available; will retry on subsequent port and subnet creation events.
2026-05-12 12:37:02.354 10 INFO neutron.db.ovn_revision_numbers_db [None req-dfbe88be-2296-4597-868b-f0d3345cbb2c 7ea79354972f47ef87f80be3a2fadbb3 e4a431c796be4a4e86208a950e1b87f5 - - default default] Successfully bumped revision number for resource f44b4e90-1be0-41f7-83ab-a62fc34657e7 (type: subnets) to 0
2026-05-12 12:37:02.356 9 INFO neutron.wsgi [None req-8c4a9c91-ee3b-4342-9bae-05eab902ceb7 037e060e79fc4578a445abb6848ebe0f b7c1bb8360b94463b5d42737aa8e9316 - - default default] 10.0.0.120 "DELETE /v2.0/trunks/1e6f006a-a831-497a-aaf7-bf3bebaf98df HTTP/1.1" status: 204 len: 168 time: 0.0858243
2026-05-12 12:37:02.370 10 INFO neutron.wsgi [None req-dfbe88be-2296-4597-868b-f0d3345cbb2c 7ea79354972f47ef87f80be3a2fadbb3 e4a431c796be4a4e86208a950e1b87f5 - - default default] 10.0.0.120 "POST /v2.0/subnets HTTP/1.1" status: 201 len: 821 time: 0.2894738
2026-05-12 12:37:02.380 10 WARNING neutron_lib.context [None req-584ce622-34de-4326-966f-97c5a909d026 7ea79354972f47ef87f80be3a2fadbb3 e4a431c796be4a4e86208a950e1b87f5 - - default default] Method 'is_advsvc' is deprecated since 2023.2 release (neutron-lib 3.8.0) and will be removed once support for the old RBAC API policies will be removed from Neutron. Please use method 'is_service_role' instead.
2026-05-12 12:37:02.644 9 INFO neutron.wsgi [None req-78b1e3b1-7045-4acc-bad6-56b3aed275a2 037e060e79fc4578a445abb6848ebe0f b7c1bb8360b94463b5d42737aa8e9316 - - default default] 10.0.0.120 "DELETE /v2.0/ports/40b0a0b6-1b42-4df0-b887-c6a5c641abcf HTTP/1.1" status: 204 len: 168 time: 0.2825847
2026-05-12 12:37:02.792 10 WARNING neutron.scheduler.dhcp_agent_scheduler [None req-584ce622-34de-4326-966f-97c5a909d026 7ea79354972f47ef87f80be3a2fadbb3 e4a431c796be4a4e86208a950e1b87f5 - - default default] No more DHCP agents
2026-05-12 12:37:02.795 10 WARNING neutron.api.rpc.agentnotifiers.dhcp_rpc_agent_api [None req-584ce622-34de-4326-966f-97c5a909d026 7ea79354972f47ef87f80be3a2fadbb3 e4a431c796be4a4e86208a950e1b87f5 - - default default] Unable to schedule network 00e784a9-a6b8-484a-bd77-37acd25fd8e9: no agents available; will retry on subsequent port and subnet creation events.
2026-05-12 12:37:02.911 10 INFO neutron.db.ovn_revision_numbers_db [None req-584ce622-34de-4326-966f-97c5a909d026 7ea79354972f47ef87f80be3a2fadbb3 e4a431c796be4a4e86208a950e1b87f5 - - default default] Successfully bumped revision number for resource df867545-509e-47f4-b35f-ae3dbb9d7da5 (type: ports) to 1
2026-05-12 12:37:02.942 10 INFO neutron.wsgi [None req-584ce622-34de-4326-966f-97c5a909d026 7ea79354972f47ef87f80be3a2fadbb3 e4a431c796be4a4e86208a950e1b87f5 - - default default] 10.0.0.120 "POST /v2.0/ports HTTP/1.1" status: 201 len: 1123 time: 0.5658312
2026-05-12 12:37:02.943 9 INFO neutron.wsgi [None req-c3d5b3e6-3caf-4228-abf4-a5bc5d613dc6 037e060e79fc4578a445abb6848ebe0f b7c1bb8360b94463b5d42737aa8e9316 - - default default] 10.0.0.120 "DELETE /v2.0/ports/e4790cda-2f1c-4ddc-b1f3-c584d04aaf49 HTTP/1.1" status: 204 len: 168 time: 0.2925053
2026-05-12 12:37:03.249 10 INFO neutron.wsgi [None req-9ac3ea6c-c37e-4110-b5f0-52382abb2854 037e060e79fc4578a445abb6848ebe0f b7c1bb8360b94463b5d42737aa8e9316 - - default default] 10.0.0.120 "DELETE /v2.0/ports/ada9d390-d7b5-43f3-8384-95574cb7f50d HTTP/1.1" status: 204 len: 168 time: 0.3011899
2026-05-12 12:37:03.321 9 INFO neutron.wsgi [None req-83468c9e-0731-4a97-91d8-7630e92fc270 7ea79354972f47ef87f80be3a2fadbb3 e4a431c796be4a4e86208a950e1b87f5 - - default default] 10.0.0.120 "DELETE /v2.0/ports/df867545-509e-47f4-b35f-ae3dbb9d7da5 HTTP/1.1" status: 204 len: 168 time: 0.3714263
2026-05-12 12:37:03.351 10 INFO neutron.pecan_wsgi.hooks.translation [None req-d86da430-cf02-4d0c-8179-cea3d58d730e 7ea79354972f47ef87f80be3a2fadbb3 e4a431c796be4a4e86208a950e1b87f5 - - default default] GET failed (client error): The resource could not be found.
2026-05-12 12:37:03.353 10 INFO neutron.wsgi [None req-d86da430-cf02-4d0c-8179-cea3d58d730e 7ea79354972f47ef87f80be3a2fadbb3 e4a431c796be4a4e86208a950e1b87f5 - - default default] 10.0.0.120 "GET /v2.0/ports/df867545-509e-47f4-b35f-ae3dbb9d7da5 HTTP/1.1" status: 404 len: 333 time: 0.0278614
2026-05-12 12:37:03.584 10 INFO neutron.wsgi [None req-c56f91af-409e-4a19-9e82-626ece946406 7ea79354972f47ef87f80be3a2fadbb3 e4a431c796be4a4e86208a950e1b87f5 - - default default] 10.0.0.120 "DELETE /v2.0/subnets/f44b4e90-1be0-41f7-83ab-a62fc34657e7 HTTP/1.1" status: 204 len: 168 time: 0.2239635
2026-05-12 12:37:03.633 10 INFO neutron.wsgi [None req-0f5c1a5c-ee06-487c-9422-3d41801d8407 037e060e79fc4578a445abb6848ebe0f b7c1bb8360b94463b5d42737aa8e9316 - - default default] 10.0.0.120 "DELETE /v2.0/ports/27e242a2-55ba-405f-b09d-26fabba0e5ea HTTP/1.1" status: 204 len: 168 time: 0.3800707
2026-05-12 12:37:03.925 10 INFO neutron.wsgi [None req-302e377a-bd17-442d-9009-eb20e1844e76 037e060e79fc4578a445abb6848ebe0f b7c1bb8360b94463b5d42737aa8e9316 - - default default] 10.0.0.120 "DELETE /v2.0/ports/cf1df98d-6c1b-4094-9168-67e95e843b85 HTTP/1.1" status: 204 len: 168 time: 0.2865436
2026-05-12 12:37:03.957 9 INFO neutron.services.segments.plugin [-] Segment abee052f-d684-4063-b359-0854f8502b82 resource provider aggregate not found
2026-05-12 12:37:03.964 9 INFO neutron.services.segments.plugin [-] Segment abee052f-d684-4063-b359-0854f8502b82 resource provider aggregate not found
2026-05-12 12:37:03.974 9 INFO neutron.services.segments.plugin [-] Segment abee052f-d684-4063-b359-0854f8502b82 resource provider not found; error: Placement Client Error (4xx): {"errors": [{"status": 404, "title": "Not Found", "detail": "The resource could not be found.\n\n No resource provider with uuid abee052f-d684-4063-b359-0854f8502b82 found for delete ", "request_id": "req-66c93ad6-cefb-47bb-a98d-b3d03c2af902"}]}
2026-05-12 12:37:03.984 9 INFO neutron.services.segments.plugin [-] Segment abee052f-d684-4063-b359-0854f8502b82 resource provider not found; error: Placement Client Error (4xx): {"errors": [{"status": 404, "title": "Not Found", "detail": "The resource could not be found.\n\n No resource provider with uuid abee052f-d684-4063-b359-0854f8502b82 found for delete ", "request_id": "req-95f7ef38-53b3-4280-9f82-da6afe3a2c92"}]}
2026-05-12 12:37:03.994 9 INFO neutron.wsgi [None req-7aa19777-b57b-45be-b1d3-92121f9f60ea 7ea79354972f47ef87f80be3a2fadbb3 e4a431c796be4a4e86208a950e1b87f5 - - default default] 10.0.0.120 "DELETE /v2.0/networks/00e784a9-a6b8-484a-bd77-37acd25fd8e9 HTTP/1.1" status: 204 len: 168 time: 0.4008496
2026-05-12 12:37:04.006 9 WARNING neutron_lib.context [None req-c438af68-2441-4f6b-9f29-6b3dd8f4ce4e 7ea79354972f47ef87f80be3a2fadbb3 e4a431c796be4a4e86208a950e1b87f5 - - default default] Method 'is_advsvc' is deprecated since 2023.2 release (neutron-lib 3.8.0) and will be removed once support for the old RBAC API policies will be removed from Neutron. Please use method 'is_service_role' instead.
2026-05-12 12:37:04.283 9 WARNING neutron.scheduler.dhcp_agent_scheduler [None req-c438af68-2441-4f6b-9f29-6b3dd8f4ce4e 7ea79354972f47ef87f80be3a2fadbb3 e4a431c796be4a4e86208a950e1b87f5 - - default default] No more DHCP agents
2026-05-12 12:37:04.285 9 WARNING neutron.api.rpc.agentnotifiers.dhcp_rpc_agent_api [None req-c438af68-2441-4f6b-9f29-6b3dd8f4ce4e 7ea79354972f47ef87f80be3a2fadbb3 e4a431c796be4a4e86208a950e1b87f5 - - default default] Unable to schedule network 948df115-2440-4c7e-89e6-4b606bdebf8c: no agents available; will retry on subsequent port and subnet creation events.
2026-05-12 12:37:04.320 10 INFO neutron.services.segments.plugin [-] Segment 316f4ca6-7601-44ee-93e0-ddc0f203eb22 resource provider aggregate not found
2026-05-12 12:37:04.326 10 INFO neutron.services.segments.plugin [-] Segment 316f4ca6-7601-44ee-93e0-ddc0f203eb22 resource provider aggregate not found
2026-05-12 12:37:04.335 10 INFO neutron.services.segments.plugin [-] Segment 316f4ca6-7601-44ee-93e0-ddc0f203eb22 resource provider not found; error: Placement Client Error (4xx): {"errors": [{"status": 404, "title": "Not Found", "detail": "The resource could not be found.\n\n No resource provider with uuid 316f4ca6-7601-44ee-93e0-ddc0f203eb22 found for delete ", "request_id": "req-ba249a07-12c6-4e1d-9112-80dfd058bd34"}]}
2026-05-12 12:37:04.344 10 INFO neutron.services.segments.plugin [-] Segment 316f4ca6-7601-44ee-93e0-ddc0f203eb22 resource provider not found; error: Placement Client Error (4xx): {"errors": [{"status": 404, "title": "Not Found", "detail": "The resource could not be found.\n\n No resource provider with uuid 316f4ca6-7601-44ee-93e0-ddc0f203eb22 found for delete ", "request_id": "req-2c7c0f0b-2ed5-4374-8213-ae3ef6f757ff"}]}
2026-05-12 12:37:04.355 10 INFO neutron.wsgi [None req-09f2f56b-0532-42de-afc1-a1f4f0b431eb 037e060e79fc4578a445abb6848ebe0f b7c1bb8360b94463b5d42737aa8e9316 - - default default] 10.0.0.120 "DELETE /v2.0/networks/1e715437-554d-46a7-af56-29bf176f453e HTTP/1.1" status: 204 len: 168 time: 0.4244230
2026-05-12 12:37:04.406 9 INFO neutron.db.ovn_revision_numbers_db [None req-c438af68-2441-4f6b-9f29-6b3dd8f4ce4e 7ea79354972f47ef87f80be3a2fadbb3 e4a431c796be4a4e86208a950e1b87f5 - - default default] Successfully bumped revision number for resource 09afa0ca-aa12-4dd9-870a-327cbf28464e (type: ports) to 1
2026-05-12 12:37:04.434 9 INFO neutron.wsgi [None req-c438af68-2441-4f6b-9f29-6b3dd8f4ce4e 7ea79354972f47ef87f80be3a2fadbb3 e4a431c796be4a4e86208a950e1b87f5 - - default default] 10.0.0.120 "POST /v2.0/ports HTTP/1.1" status: 201 len: 978 time: 0.4322398 /var/lib/openstack/lib/python3.10/site-packages/pycadf/identifier.py:71: UserWarning: Invalid uuid: neutron. To ensure interoperability, identifiers should be a valid uuid. warnings.warn(('Invalid uuid: %s. To ensure interoperability, '
2026-05-12 12:37:04.689 10 INFO neutron.plugins.ml2.drivers.ovn.mech_driver.mech_driver [None req-6965b009-2ce0-43fd-adff-4ceaae18830f - - - - - -] OVN reports status down for port: 09afa0ca-aa12-4dd9-870a-327cbf28464e
2026-05-12 12:37:04.721 9 INFO neutron.db.ovn_revision_numbers_db [None req-9682eb04-8f68-4977-b9f0-3c99500ece9c 7ea79354972f47ef87f80be3a2fadbb3 e4a431c796be4a4e86208a950e1b87f5 - - default default] Successfully bumped revision number for resource 09afa0ca-aa12-4dd9-870a-327cbf28464e (type: ports) to 2
2026-05-12 12:37:04.734 9 INFO neutron.wsgi [None req-9682eb04-8f68-4977-b9f0-3c99500ece9c 7ea79354972f47ef87f80be3a2fadbb3 e4a431c796be4a4e86208a950e1b87f5 - - default default] 10.0.0.120 "PUT /v2.0/ports/09afa0ca-aa12-4dd9-870a-327cbf28464e HTTP/1.1" status: 200 len: 946 time: 0.2945838 /var/lib/openstack/lib/python3.10/site-packages/pycadf/identifier.py:71: UserWarning: Invalid uuid: neutron. To ensure interoperability, identifiers should be a valid uuid. warnings.warn(('Invalid uuid: %s. To ensure interoperability, '
2026-05-12 12:37:04.763 10 WARNING neutron_lib.context [None req-cff08cbf-ab98-45ea-a98a-ac907400e8fc c77aa06b0635498f82a5ceee67eb4bed d77078083732434bbe52fab3bebeb961 - - default default] Method 'is_advsvc' is deprecated since 2023.2 release (neutron-lib 3.8.0) and will be removed once support for the old RBAC API policies will be removed from Neutron. Please use method 'is_service_role' instead.
2026-05-12 12:37:04.816 10 INFO neutron.wsgi [None req-c108bb3e-f1df-40e1-ae07-5a6885be0c7d 037e060e79fc4578a445abb6848ebe0f b7c1bb8360b94463b5d42737aa8e9316 - - default default] 10.0.0.120 "DELETE /v2.0/networks/7caef7e2-1c3e-447d-a509-075192a16e99 HTTP/1.1" status: 204 len: 168 time: 0.4456351
2026-05-12 12:37:04.963 10 INFO neutron.db.ovn_revision_numbers_db [None req-cff08cbf-ab98-45ea-a98a-ac907400e8fc c77aa06b0635498f82a5ceee67eb4bed d77078083732434bbe52fab3bebeb961 - - default default] Successfully bumped revision number for resource 07939040-9661-4cea-8687-ff42520da73e (type: security_groups) to 1
2026-05-12 12:37:04.989 10 INFO neutron.db.ovn_revision_numbers_db [None req-cff08cbf-ab98-45ea-a98a-ac907400e8fc c77aa06b0635498f82a5ceee67eb4bed d77078083732434bbe52fab3bebeb961 - - default default] Successfully bumped revision number for resource 253db57b-143d-43c5-a7ec-054597a072ef (type: security_group_rules) to 0
2026-05-12 12:37:05.008 10 INFO neutron.db.ovn_revision_numbers_db [None req-cff08cbf-ab98-45ea-a98a-ac907400e8fc c77aa06b0635498f82a5ceee67eb4bed d77078083732434bbe52fab3bebeb961 - - default default] Successfully bumped revision number for resource 63ded32b-a517-4683-b702-35ac204f1234 (type: security_group_rules) to 0
2026-05-12 12:37:05.030 10 INFO neutron.db.ovn_revision_numbers_db [None req-cff08cbf-ab98-45ea-a98a-ac907400e8fc c77aa06b0635498f82a5ceee67eb4bed d77078083732434bbe52fab3bebeb961 - - default default] Successfully bumped revision number for resource 7e0bd894-2bbc-4a9a-b47c-f26c6e70b8f1 (type: security_group_rules) to 0
2026-05-12 12:37:05.047 10 INFO neutron.db.ovn_revision_numbers_db [None req-cff08cbf-ab98-45ea-a98a-ac907400e8fc c77aa06b0635498f82a5ceee67eb4bed d77078083732434bbe52fab3bebeb961 - - default default] Successfully bumped revision number for resource eb35c055-4170-478d-9974-c7218f2e9070 (type: security_group_rules) to 0
2026-05-12 12:37:05.102 10 INFO neutron.db.segments_db [None req-cff08cbf-ab98-45ea-a98a-ac907400e8fc c77aa06b0635498f82a5ceee67eb4bed d77078083732434bbe52fab3bebeb961 - - default default] Added segment 0c74273e-12e4-41f2-be2b-cc4fde951c51 of type geneve for network ed6fcf89-5c63-437c-9594-ed658b2e7556
2026-05-12 12:37:05.257 9 INFO neutron.wsgi [None req-913688b3-dbc8-487e-83ac-bada343ae476 7ea79354972f47ef87f80be3a2fadbb3 e4a431c796be4a4e86208a950e1b87f5 - - default default] 10.0.0.120 "DELETE /v2.0/ports/09afa0ca-aa12-4dd9-870a-327cbf28464e HTTP/1.1" status: 204 len: 168 time: 0.5164766
2026-05-12 12:37:05.312 9 INFO neutron.wsgi [None req-ee440073-9389-4786-b0b0-e40dba0957e5 7ea79354972f47ef87f80be3a2fadbb3 e4a431c796be4a4e86208a950e1b87f5 - - default default] 10.0.0.120 "GET /v2.0/ports HTTP/1.1" status: 200 len: 1732 time: 0.0456381
2026-05-12 12:37:05.335 9 INFO neutron.pecan_wsgi.hooks.translation [None req-56a08e0f-63fb-419e-804d-de0328d59dad 7ea79354972f47ef87f80be3a2fadbb3 e4a431c796be4a4e86208a950e1b87f5 - - default default] GET failed (client error): The resource could not be found.
2026-05-12 12:37:05.337 9 INFO neutron.wsgi [None req-56a08e0f-63fb-419e-804d-de0328d59dad 7ea79354972f47ef87f80be3a2fadbb3 e4a431c796be4a4e86208a950e1b87f5 - - default default] 10.0.0.120 "GET /v2.0/ports/09afa0ca-aa12-4dd9-870a-327cbf28464e HTTP/1.1" status: 404 len: 333 time: 0.0189621
2026-05-12 12:37:05.389 9 INFO neutron.wsgi [None req-f4fd819c-b294-4fac-9176-eddd037e461f 7ea79354972f47ef87f80be3a2fadbb3 e4a431c796be4a4e86208a950e1b87f5 - - default default] 10.0.0.120 "GET /v2.0/ports HTTP/1.1" status: 200 len: 1732 time: 0.0462801
2026-05-12 12:37:05.437 9 INFO neutron.wsgi [None req-3749b2b8-4b5e-4d53-bf27-9cc60c32366c 7ea79354972f47ef87f80be3a2fadbb3 e4a431c796be4a4e86208a950e1b87f5 - - default default] 10.0.0.120 "GET /v2.0/ports/71e3a6ba-ce01-4d14-b323-8dac70f3ec4d HTTP/1.1" status: 200 len: 972 time: 0.0397837
2026-05-12 12:37:05.482 9 INFO neutron.pecan_wsgi.hooks.translation [None req-ffdf5011-eb9e-488a-b8c4-6350151f1696 7ea79354972f47ef87f80be3a2fadbb3 e4a431c796be4a4e86208a950e1b87f5 - - default default] DELETE failed (client error): The resource could not be found.
2026-05-12 12:37:05.485 9 INFO neutron.wsgi [None req-ffdf5011-eb9e-488a-b8c4-6350151f1696 7ea79354972f47ef87f80be3a2fadbb3 e4a431c796be4a4e86208a950e1b87f5 - - default default] 10.0.0.120 "DELETE /v2.0/ports/df867545-509e-47f4-b35f-ae3dbb9d7da5 HTTP/1.1" status: 404 len: 333 time: 0.0412474
2026-05-12 12:37:05.507 9 INFO neutron.pecan_wsgi.hooks.translation [None req-656ceddb-9082-4d4a-8dd9-fb74c3d0c029 7ea79354972f47ef87f80be3a2fadbb3 e4a431c796be4a4e86208a950e1b87f5 - - default default] DELETE failed (client error): The resource could not be found.
2026-05-12 12:37:05.510 9 INFO neutron.wsgi [None req-656ceddb-9082-4d4a-8dd9-fb74c3d0c029 7ea79354972f47ef87f80be3a2fadbb3 e4a431c796be4a4e86208a950e1b87f5 - - default default] 10.0.0.120 "DELETE /v2.0/subnets/f44b4e90-1be0-41f7-83ab-a62fc34657e7 HTTP/1.1" status: 404 len: 337 time: 0.0195477
2026-05-12 12:37:05.527 9 INFO neutron.pecan_wsgi.hooks.translation [None req-d3f51c9d-d024-449d-98d1-1f978c38fe56 7ea79354972f47ef87f80be3a2fadbb3 e4a431c796be4a4e86208a950e1b87f5 - - default default] DELETE failed (client error): The resource could not be found.
2026-05-12 12:37:05.527 10 INFO neutron.wsgi [None req-853ef941-fae2-4165-a3ae-e526c136e6d6 037e060e79fc4578a445abb6848ebe0f b7c1bb8360b94463b5d42737aa8e9316 - - default default] 10.0.0.120 "DELETE /v2.0/networks/86b99f2b-15b5-4f30-9f0f-57ab75c35481 HTTP/1.1" status: 204 len: 168 time: 0.7020838
2026-05-12 12:37:05.529 10 INFO neutron.db.ovn_revision_numbers_db [None req-cff08cbf-ab98-45ea-a98a-ac907400e8fc c77aa06b0635498f82a5ceee67eb4bed d77078083732434bbe52fab3bebeb961 - - default default] Successfully bumped revision number for resource ed6fcf89-5c63-437c-9594-ed658b2e7556 (type: networks) to 1
2026-05-12 12:37:05.529 9 INFO neutron.wsgi [None req-d3f51c9d-d024-449d-98d1-1f978c38fe56 7ea79354972f47ef87f80be3a2fadbb3 e4a431c796be4a4e86208a950e1b87f5 - - default default] 10.0.0.120 "DELETE /v2.0/subnets/1da040af-20c3-4ca3-9723-d6c486559e8b HTTP/1.1" status: 404 len: 337 time: 0.0154965
2026-05-12 12:37:05.761 10 WARNING neutron.scheduler.dhcp_agent_scheduler [None req-cff08cbf-ab98-45ea-a98a-ac907400e8fc c77aa06b0635498f82a5ceee67eb4bed d77078083732434bbe52fab3bebeb961 - - default default] No more DHCP agents
2026-05-12 12:37:05.765 10 WARNING neutron.api.rpc.agentnotifiers.dhcp_rpc_agent_api [None req-cff08cbf-ab98-45ea-a98a-ac907400e8fc c77aa06b0635498f82a5ceee67eb4bed d77078083732434bbe52fab3bebeb961 - - default default] Unable to schedule network ed6fcf89-5c63-437c-9594-ed658b2e7556: no agents available; will retry on subsequent port and subnet creation events.
2026-05-12 12:37:05.870 10 INFO neutron.db.ovn_revision_numbers_db [None req-cff08cbf-ab98-45ea-a98a-ac907400e8fc c77aa06b0635498f82a5ceee67eb4bed d77078083732434bbe52fab3bebeb961 - - default default] Successfully bumped revision number for resource 774e8d00-0219-4d7f-a12a-6182c82cbede (type: ports) to 1
2026-05-12 12:37:05.902 10 INFO neutron.wsgi [None req-cff08cbf-ab98-45ea-a98a-ac907400e8fc c77aa06b0635498f82a5ceee67eb4bed d77078083732434bbe52fab3bebeb961 - - default default] 10.0.0.120 "POST /v2.0/networks HTTP/1.1" status: 201 len: 826 time: 1.3414359
2026-05-12 12:37:05.913 10 WARNING neutron_lib.context [None req-9d05c5da-3ccd-4693-8638-a614a09fb308 c77aa06b0635498f82a5ceee67eb4bed d77078083732434bbe52fab3bebeb961 - - default default] Method 'is_advsvc' is deprecated since 2023.2 release (neutron-lib 3.8.0) and will be removed once support for the old RBAC API policies will be removed from Neutron. Please use method 'is_service_role' instead.
2026-05-12 12:37:05.920 10 INFO neutron.wsgi [None req-6d700569-03cd-4310-9517-0188c1ebeea0 7ea79354972f47ef87f80be3a2fadbb3 e4a431c796be4a4e86208a950e1b87f5 - - default default] 10.0.0.120 "DELETE /v2.0/ports/71e3a6ba-ce01-4d14-b323-8dac70f3ec4d HTTP/1.1" status: 204 len: 168 time: 0.3846934
2026-05-12 12:37:05.951 9 INFO neutron.wsgi [None req-92acf9de-6e5d-4634-bd33-2271c151868e 037e060e79fc4578a445abb6848ebe0f b7c1bb8360b94463b5d42737aa8e9316 - - default default] 10.0.0.120 "DELETE /v2.0/networks/cdeba0ab-905f-43c2-8e4b-282f8704e9c9 HTTP/1.1" status: 204 len: 168 time: 0.4158058
2026-05-12 12:37:06.000 9 INFO neutron.services.segments.plugin [-] Segment cb627d14-4894-42ca-a516-02e4b6cf3d6d resource provider aggregate not found
2026-05-12 12:37:06.006 9 INFO neutron.services.segments.plugin [-] Segment cb627d14-4894-42ca-a516-02e4b6cf3d6d resource provider aggregate not found
2026-05-12 12:37:06.024 9 INFO neutron.services.segments.plugin [-] Segment cb627d14-4894-42ca-a516-02e4b6cf3d6d resource provider not found; error: Placement Client Error (4xx): {"errors": [{"status": 404, "title": "Not Found", "detail": "The resource could not be found.\n\n No resource provider with uuid cb627d14-4894-42ca-a516-02e4b6cf3d6d found for delete ", "request_id": "req-ec66daa5-003e-4bab-bb06-b652f7ed6628"}]}
2026-05-12 12:37:06.025 9 INFO neutron.services.segments.plugin [-] Segment cb627d14-4894-42ca-a516-02e4b6cf3d6d resource provider not found; error: Placement Client Error (4xx): {"errors": [{"status": 404, "title": "Not Found", "detail": "The resource could not be found.\n\n No resource provider with uuid cb627d14-4894-42ca-a516-02e4b6cf3d6d found for delete ", "request_id": "req-6556faf3-4a4c-4fcd-a7c4-dd05e8b156fe"}]}
2026-05-12 12:37:06.196 10 WARNING neutron.scheduler.dhcp_agent_scheduler [None req-9d05c5da-3ccd-4693-8638-a614a09fb308 c77aa06b0635498f82a5ceee67eb4bed d77078083732434bbe52fab3bebeb961 - - default default] No more DHCP agents
2026-05-12 12:37:06.200 10 WARNING neutron.api.rpc.agentnotifiers.dhcp_rpc_agent_api [None req-9d05c5da-3ccd-4693-8638-a614a09fb308 c77aa06b0635498f82a5ceee67eb4bed d77078083732434bbe52fab3bebeb961 - - default default] Unable to schedule network ed6fcf89-5c63-437c-9594-ed658b2e7556: no agents available; will retry on subsequent port and subnet creation events.
2026-05-12 12:37:06.348 10 INFO neutron.services.segments.plugin [-] Segment e46cb25b-2235-4ae7-8df6-89d678dd28e1 resource provider aggregate not found
2026-05-12 12:37:06.353 9 INFO neutron.wsgi [None req-3f5fd587-af92-452b-94ca-ee16597bcd2e 7ea79354972f47ef87f80be3a2fadbb3 e4a431c796be4a4e86208a950e1b87f5 - - default default] 10.0.0.120 "DELETE /v2.0/networks/948df115-2440-4c7e-89e6-4b606bdebf8c HTTP/1.1" status: 204 len: 168 time: 0.4276419
2026-05-12 12:37:06.363 10 INFO neutron.services.segments.plugin [-] Segment e46cb25b-2235-4ae7-8df6-89d678dd28e1 resource provider not found; error: Placement Client Error (4xx): {"errors": [{"status": 404, "title": "Not Found", "detail": "The resource could not be found.\n\n No resource provider with uuid e46cb25b-2235-4ae7-8df6-89d678dd28e1 found for delete ", "request_id": "req-c2165d58-1f28-46b7-aa88-fcaff295f66c"}]}
2026-05-12 12:37:06.369 10 INFO neutron.services.segments.plugin [-] Segment e46cb25b-2235-4ae7-8df6-89d678dd28e1 resource provider aggregate not found
2026-05-12 12:37:06.380 10 INFO neutron.services.segments.plugin [-] Segment d69c0d46-3de3-4835-bf07-8196dc15a4c5 resource provider aggregate not found
2026-05-12 12:37:06.396 10 INFO neutron.services.segments.plugin [-] Segment e46cb25b-2235-4ae7-8df6-89d678dd28e1 resource provider not found; error: Placement Client Error (4xx): {"errors": [{"status": 404, "title": "Not Found", "detail": "The resource could not be found.\n\n No resource provider with uuid e46cb25b-2235-4ae7-8df6-89d678dd28e1 found for delete ", "request_id": "req-928b4140-f4ac-4811-95dd-6239ca53d8ef"}]}
2026-05-12 12:37:06.407 10 INFO neutron.services.segments.plugin [-] Segment d69c0d46-3de3-4835-bf07-8196dc15a4c5 resource provider not found; error: Placement Client Error (4xx): {"errors": [{"status": 404, "title": "Not Found", "detail": "The resource could not be found.\n\n No resource provider with uuid d69c0d46-3de3-4835-bf07-8196dc15a4c5 found for delete ", "request_id": "req-56002208-db36-4311-b4f1-b7fb1e16604e"}]}
2026-05-12 12:37:06.413 10 INFO neutron.services.segments.plugin [-] Segment d69c0d46-3de3-4835-bf07-8196dc15a4c5 resource provider aggregate not found
2026-05-12 12:37:06.430 10 INFO neutron.services.segments.plugin [-] Segment d69c0d46-3de3-4835-bf07-8196dc15a4c5 resource provider not found; error: Placement Client Error (4xx): {"errors": [{"status": 404, "title": "Not Found", "detail": "The resource could not be found.\n\n No resource provider with uuid d69c0d46-3de3-4835-bf07-8196dc15a4c5 found for delete ", "request_id": "req-e1d12302-d070-499e-a6b7-930ede10e29c"}]}
2026-05-12 12:37:06.469 10 INFO neutron.wsgi [None req-39bd0ab2-61a0-4351-80ff-05ae29427da9 037e060e79fc4578a445abb6848ebe0f b7c1bb8360b94463b5d42737aa8e9316 - - default default] 10.0.0.120 "DELETE /v2.0/networks/9d9e0478-86fb-473e-9275-846a633ae461 HTTP/1.1" status: 204 len: 168 time: 0.5143883
2026-05-12 12:37:06.762 10 INFO neutron.db.ovn_revision_numbers_db [None req-9d05c5da-3ccd-4693-8638-a614a09fb308 c77aa06b0635498f82a5ceee67eb4bed d77078083732434bbe52fab3bebeb961 - - default default] Successfully bumped revision number for resource 774e8d00-0219-4d7f-a12a-6182c82cbede (type: ports) to 2
2026-05-12 12:37:06.803 10 INFO neutron.db.ovn_revision_numbers_db [None req-9d05c5da-3ccd-4693-8638-a614a09fb308 c77aa06b0635498f82a5ceee67eb4bed d77078083732434bbe52fab3bebeb961 - - default default] Successfully bumped revision number for resource 792efb81-9d76-4dc3-8668-61662c8576dd (type: subnets) to 0
2026-05-12 12:37:06.818 10 INFO neutron.wsgi [None req-9d05c5da-3ccd-4693-8638-a614a09fb308 c77aa06b0635498f82a5ceee67eb4bed d77078083732434bbe52fab3bebeb961 - - default default] 10.0.0.120 "POST /v2.0/subnets HTTP/1.1" status: 201 len: 801 time: 0.9104939
2026-05-12 12:37:06.835 10 WARNING neutron_lib.context [None req-620be672-c976-474e-ab74-113bcd19cf9e c77aa06b0635498f82a5ceee67eb4bed d77078083732434bbe52fab3bebeb961 - - default default] Method 'is_advsvc' is deprecated since 2023.2 release (neutron-lib 3.8.0) and will be removed once support for the old RBAC API policies will be removed from Neutron. Please use method 'is_service_role' instead.
2026-05-12 12:37:07.160 9 INFO neutron.wsgi [None req-787476bb-e715-4238-b7a0-2d5a720c5825 3b0a0edda41f435d88d6ba8a74cace51 1888e6ea4bec4394803d2be1d04a8e95 - - default default] 10.0.0.120 "GET /v2.0/security-groups?tenant_id=e4a431c796be4a4e86208a950e1b87f5&name=default HTTP/1.1" status: 200 len: 3120 time: 0.2472112
2026-05-12 12:37:07.412 9 INFO neutron.wsgi [None req-481721bf-6446-4912-9045-a75d9383a49b 3b0a0edda41f435d88d6ba8a74cace51 1888e6ea4bec4394803d2be1d04a8e95 - - default default] 10.0.0.120 "DELETE /v2.0/security-groups/ddb243bf-3ea4-465e-9278-1ad579a6fc99 HTTP/1.1" status: 204 len: 168 time: 0.2465119
2026-05-12 12:37:07.414 10 WARNING neutron.scheduler.dhcp_agent_scheduler [None req-620be672-c976-474e-ab74-113bcd19cf9e c77aa06b0635498f82a5ceee67eb4bed d77078083732434bbe52fab3bebeb961 - - default default] No more DHCP agents
2026-05-12 12:37:07.417 10 WARNING neutron.api.rpc.agentnotifiers.dhcp_rpc_agent_api [None req-620be672-c976-474e-ab74-113bcd19cf9e c77aa06b0635498f82a5ceee67eb4bed d77078083732434bbe52fab3bebeb961 - - default default] Unable to schedule network 110dc62a-4dd9-4f3d-b334-a5f1ef86a5c0: no agents available; will retry on subsequent port and subnet creation events.
2026-05-12 12:37:07.435 10 INFO neutron.wsgi [None req-4aed839d-11a5-4ff2-884d-8ef7c0b5b15e 3b0a0edda41f435d88d6ba8a74cace51 1888e6ea4bec4394803d2be1d04a8e95 - - default default] 10.0.0.120 "GET /v2.0/security-groups?tenant_id=b7c1bb8360b94463b5d42737aa8e9316&name=default HTTP/1.1" status: 200 len: 3120 time: 0.1652706
2026-05-12 12:37:07.570 10 INFO neutron.db.ovn_revision_numbers_db [None req-620be672-c976-474e-ab74-113bcd19cf9e c77aa06b0635498f82a5ceee67eb4bed d77078083732434bbe52fab3bebeb961 - - default default] Successfully bumped revision number for resource a05d781e-8102-433d-943b-ea02781c0fce (type: ports) to 1
2026-05-12 12:37:07.683 9 INFO neutron.wsgi [None req-db9c3570-fa53-45dc-b6fb-076a6d07849d 3b0a0edda41f435d88d6ba8a74cace51 1888e6ea4bec4394803d2be1d04a8e95 - - default default] 10.0.0.120 "DELETE /v2.0/security-groups/4e1e7715-26cc-4aa8-ba7d-0fe80c616af8 HTTP/1.1" status: 204 len: 168 time: 0.2421205
2026-05-12 12:37:08.046 9 INFO neutron.db.ovn_revision_numbers_db [None req-82b6693c-3e71-4894-96f3-7bf5aaec8d3a 3b0a0edda41f435d88d6ba8a74cace51 1888e6ea4bec4394803d2be1d04a8e95 - - default default] Successfully bumped revision number for resource 743e65e2-d21f-49bc-b75f-beef2934880d (type: security_groups) to 1
2026-05-12 12:37:08.056 9 INFO neutron.services.segments.plugin [-] Segment da88c7b9-cd72-4e1e-b480-9c0b737f9d6f resource provider aggregate not found
2026-05-12 12:37:08.063 9 INFO neutron.services.segments.plugin [-] Segment da88c7b9-cd72-4e1e-b480-9c0b737f9d6f resource provider aggregate not found
2026-05-12 12:37:08.079 9 INFO neutron.services.segments.plugin [-] Segment da88c7b9-cd72-4e1e-b480-9c0b737f9d6f resource provider not found; error: Placement Client Error (4xx): {"errors": [{"status": 404, "title": "Not Found", "detail": "The resource could not be found.\n\n No resource provider with uuid da88c7b9-cd72-4e1e-b480-9c0b737f9d6f found for delete ", "request_id": "req-0b054c29-c610-43df-abda-e74cd0a2e447"}]}
2026-05-12 12:37:08.081 9 INFO neutron.db.ovn_revision_numbers_db [None req-82b6693c-3e71-4894-96f3-7bf5aaec8d3a 3b0a0edda41f435d88d6ba8a74cace51 1888e6ea4bec4394803d2be1d04a8e95 - - default default] Successfully bumped revision number for resource 059eab60-8762-4270-8196-409703d9ebd9 (type: security_group_rules) to 0
2026-05-12 12:37:08.084 9 INFO neutron.services.segments.plugin [-] Segment da88c7b9-cd72-4e1e-b480-9c0b737f9d6f resource provider not found; error: Placement Client Error (4xx): {"errors": [{"status": 404, "title": "Not Found", "detail": "The resource could not be found.\n\n No resource provider with uuid da88c7b9-cd72-4e1e-b480-9c0b737f9d6f found for delete ", "request_id": "req-018d2553-6c31-4b9f-89ea-4830143035c9"}]}
2026-05-12 12:37:08.114 9 INFO neutron.db.ovn_revision_numbers_db [None req-82b6693c-3e71-4894-96f3-7bf5aaec8d3a 3b0a0edda41f435d88d6ba8a74cace51 1888e6ea4bec4394803d2be1d04a8e95 - - default default] Successfully bumped revision number for resource 66a5793c-6b4f-444a-ba36-9f3af45506ca (type: security_group_rules) to 0
2026-05-12 12:37:08.152 9 INFO neutron.db.ovn_revision_numbers_db [None req-82b6693c-3e71-4894-96f3-7bf5aaec8d3a 3b0a0edda41f435d88d6ba8a74cace51 1888e6ea4bec4394803d2be1d04a8e95 - - default default] Successfully bumped revision number for resource 66a6bae9-3a43-47f7-9c14-67d44678c587 (type: security_group_rules) to 0
2026-05-12 12:37:08.166 9 INFO neutron.db.ovn_revision_numbers_db [None req-82b6693c-3e71-4894-96f3-7bf5aaec8d3a 3b0a0edda41f435d88d6ba8a74cace51 1888e6ea4bec4394803d2be1d04a8e95 - - default default] Successfully bumped revision number for resource df85dee1-97f1-4edc-b6d6-27fa02b21be4 (type: security_group_rules) to 0
2026-05-12 12:37:08.190 9 INFO neutron.wsgi [None req-82b6693c-3e71-4894-96f3-7bf5aaec8d3a 3b0a0edda41f435d88d6ba8a74cace51 1888e6ea4bec4394803d2be1d04a8e95 - - default default] 10.0.0.120 "GET /v2.0/security-groups?tenant_id=b4d6a3a202144d25993563cd2cbb44a7&name=default HTTP/1.1" status: 200 len: 3120 time: 0.3022685
2026-05-12 12:37:08.450 10 INFO neutron.services.segments.plugin [-] Segment f8408369-d230-4406-93e1-ec8a5d50f13a resource provider aggregate not found
2026-05-12 12:37:08.472 10 INFO neutron.services.segments.plugin [-] Segment f8408369-d230-4406-93e1-ec8a5d50f13a resource provider aggregate not found
2026-05-12 12:37:08.481 10 INFO neutron.services.segments.plugin [-] Segment f8408369-d230-4406-93e1-ec8a5d50f13a resource provider not found; error: Placement Client Error (4xx): {"errors": [{"status": 404, "title": "Not Found", "detail": "The resource could not be found.\n\n No resource provider with uuid f8408369-d230-4406-93e1-ec8a5d50f13a found for delete ", "request_id": "req-2a0f484f-17f7-424a-be00-770c31353b04"}]}
2026-05-12 12:37:08.502 10 INFO neutron.services.segments.plugin [-] Segment f8408369-d230-4406-93e1-ec8a5d50f13a resource provider not found; error: Placement Client Error (4xx): {"errors": [{"status": 404, "title": "Not Found", "detail": "The resource could not be found.\n\n No resource provider with uuid f8408369-d230-4406-93e1-ec8a5d50f13a found for delete ", "request_id": "req-e17ee2fd-f311-423f-867c-9f3bc1e8baea"}]}
2026-05-12 12:37:08.572 9 INFO neutron.wsgi [None req-1450049f-20fb-4cef-909e-bbf2a1a7a0ed 3b0a0edda41f435d88d6ba8a74cace51 1888e6ea4bec4394803d2be1d04a8e95 - - default default] 10.0.0.120 "DELETE /v2.0/security-groups/743e65e2-d21f-49bc-b75f-beef2934880d HTTP/1.1" status: 204 len: 168 time: 0.3739364
2026-05-12 12:37:08.663 10 INFO neutron.plugins.ml2.drivers.ovn.mech_driver.ovsdb.commands [None req-aa9d4878-0834-40ee-9a5a-6f17f470c5dd - - - - - -] Schedule LRP lrp-a05d781e-8102-433d-943b-ea02781c0fce on gateway 285a0ec1-a475-4b84-b59a-389344aebaca with priority 1
2026-05-12 12:37:08.681 9 INFO neutron.plugins.ml2.drivers.ovn.mech_driver.mech_driver [None req-ca27ef9f-9455-4702-a107-3bdae08ab7dd - - - - - -] OVN reports status up for port: a05d781e-8102-433d-943b-ea02781c0fce
2026-05-12 12:37:08.692 9 INFO neutron.plugins.ml2.plugin [None req-ca27ef9f-9455-4702-a107-3bdae08ab7dd - - - - - -] Attempt 1 to provision port a05d781e-8102-433d-943b-ea02781c0fce
2026-05-12 12:37:08.707 10 INFO neutron.db.ovn_revision_numbers_db [None req-620be672-c976-474e-ab74-113bcd19cf9e c77aa06b0635498f82a5ceee67eb4bed d77078083732434bbe52fab3bebeb961 - - default default] Successfully bumped revision number for resource a05d781e-8102-433d-943b-ea02781c0fce (type: router_ports) to 1
2026-05-12 12:37:08.791 10 INFO neutron.db.ovn_revision_numbers_db [None req-620be672-c976-474e-ab74-113bcd19cf9e c77aa06b0635498f82a5ceee67eb4bed d77078083732434bbe52fab3bebeb961 - - default default] Successfully bumped revision number for resource a5f12860-3bb0-43e8-8479-cf27b5101e69 (type: routers) to 2
2026-05-12 12:37:08.811 10 INFO neutron.wsgi [None req-620be672-c976-474e-ab74-113bcd19cf9e c77aa06b0635498f82a5ceee67eb4bed d77078083732434bbe52fab3bebeb961 - - default default] 10.0.0.120 "POST /v2.0/routers HTTP/1.1" status: 201 len: 1134 time: 1.9826400
2026-05-12 12:37:08.862 10 INFO neutron.db.ovn_revision_numbers_db [None req-25ebf999-585c-4e80-b19f-ed18e469d846 3b0a0edda41f435d88d6ba8a74cace51 1888e6ea4bec4394803d2be1d04a8e95 - - default default] Successfully bumped revision number for resource fd024df5-758c-45c8-bc91-ce196249dc43 (type: security_groups) to 1
2026-05-12 12:37:08.890 10 INFO neutron.db.ovn_revision_numbers_db [None req-25ebf999-585c-4e80-b19f-ed18e469d846 3b0a0edda41f435d88d6ba8a74cace51 1888e6ea4bec4394803d2be1d04a8e95 - - default default] Successfully bumped revision number for resource 5bf379e5-7b0c-4c06-bffd-4a4728e92599 (type: security_group_rules) to 0
2026-05-12 12:37:08.909 10 INFO neutron.db.ovn_revision_numbers_db [None req-25ebf999-585c-4e80-b19f-ed18e469d846 3b0a0edda41f435d88d6ba8a74cace51 1888e6ea4bec4394803d2be1d04a8e95 - - default default] Successfully bumped revision number for resource 772ef4b8-e4bc-411b-933c-2b6b00585665 (type: security_group_rules) to 0
2026-05-12 12:37:08.937 10 INFO neutron.db.ovn_revision_numbers_db [None req-25ebf999-585c-4e80-b19f-ed18e469d846 3b0a0edda41f435d88d6ba8a74cace51 1888e6ea4bec4394803d2be1d04a8e95 - - default default] Successfully bumped revision number for resource dcaa7bda-b8dd-47f9-8547-3cf22e7b18c4 (type: security_group_rules) to 0
2026-05-12 12:37:08.962 10 INFO neutron.db.ovn_revision_numbers_db [None req-25ebf999-585c-4e80-b19f-ed18e469d846 3b0a0edda41f435d88d6ba8a74cace51 1888e6ea4bec4394803d2be1d04a8e95 - - default default] Successfully bumped revision number for resource feff1bc1-b2c7-4a54-acc9-545ededc18a5 (type: security_group_rules) to 0
2026-05-12 12:37:08.991 10 INFO neutron.wsgi [None req-25ebf999-585c-4e80-b19f-ed18e469d846 3b0a0edda41f435d88d6ba8a74cace51 1888e6ea4bec4394803d2be1d04a8e95 - - default default] 10.0.0.120 "GET /v2.0/security-groups?tenant_id=92211a80222c4a699af231aa2fe1fee4&name=default HTTP/1.1" status: 200 len: 3120 time: 0.3191168
2026-05-12 12:37:09.322 10 INFO neutron.wsgi [None req-f15ba2a0-dbb2-4c66-b892-78084aed3678 3b0a0edda41f435d88d6ba8a74cace51 1888e6ea4bec4394803d2be1d04a8e95 - - default default] 10.0.0.120 "DELETE /v2.0/security-groups/fd024df5-758c-45c8-bc91-ce196249dc43 HTTP/1.1" status: 204 len: 168 time: 0.3264229
2026-05-12 12:37:09.483 10 WARNING neutron_lib.context [None req-6a9de15d-f1a2-46ba-aea6-eddab40ba96c 4c77699dc37240f992d9c223c7fa0709 4eaeb899493f44f0840488e72a0a16ee - - default default] Method 'is_advsvc' is deprecated since 2023.2 release (neutron-lib 3.8.0) and will be removed once support for the old RBAC API policies will be removed from Neutron. Please use method 'is_service_role' instead.
2026-05-12 12:37:10.024 10 INFO neutron.wsgi [None req-6a9de15d-f1a2-46ba-aea6-eddab40ba96c 4c77699dc37240f992d9c223c7fa0709 4eaeb899493f44f0840488e72a0a16ee - - default default] 10.0.0.120 "POST /v2.0/subnetpools HTTP/1.1" status: 201 len: 747 time: 0.6838818
2026-05-12 12:37:10.039 10 WARNING neutron.scheduler.dhcp_agent_scheduler [None req-8375bac3-9c9c-4876-94b6-9511a43805d8 c77aa06b0635498f82a5ceee67eb4bed d77078083732434bbe52fab3bebeb961 - - default default] No more DHCP agents
2026-05-12 12:37:10.044 10 WARNING neutron.api.rpc.agentnotifiers.dhcp_rpc_agent_api [None req-8375bac3-9c9c-4876-94b6-9511a43805d8 c77aa06b0635498f82a5ceee67eb4bed d77078083732434bbe52fab3bebeb961 - - default default] Unable to schedule network ed6fcf89-5c63-437c-9594-ed658b2e7556: no agents available; will retry on subsequent port and subnet creation events.
2026-05-12 12:37:10.056 9 INFO neutron.wsgi [None req-8f13811c-563f-42ea-a375-3e75820022e1 4c77699dc37240f992d9c223c7fa0709 4eaeb899493f44f0840488e72a0a16ee - - default default] 10.0.0.120 "GET /v2.0/subnetpools/f2882c07-9628-4e47-aad1-6ff4514db1ba HTTP/1.1" status: 200 len: 742 time: 0.0263202
2026-05-12 12:37:10.123 9 INFO neutron.wsgi [None req-24a40b48-d8bb-4347-b629-4f47cc729507 4c77699dc37240f992d9c223c7fa0709 4eaeb899493f44f0840488e72a0a16ee - - default default] 10.0.0.120 "PUT /v2.0/subnetpools/f2882c07-9628-4e47-aad1-6ff4514db1ba HTTP/1.1" status: 200 len: 695 time: 0.0608397
2026-05-12 12:37:10.194 9 INFO neutron.wsgi [None req-587983e3-4d2c-42fc-9bf7-23e295f9492f 4c77699dc37240f992d9c223c7fa0709 4eaeb899493f44f0840488e72a0a16ee - - default default] 10.0.0.120 "DELETE /v2.0/subnetpools/f2882c07-9628-4e47-aad1-6ff4514db1ba HTTP/1.1" status: 204 len: 168 time: 0.0662692
2026-05-12 12:37:10.195 10 INFO neutron.db.ovn_revision_numbers_db [None req-8375bac3-9c9c-4876-94b6-9511a43805d8 c77aa06b0635498f82a5ceee67eb4bed d77078083732434bbe52fab3bebeb961 - - default default] Successfully bumped revision number for resource 0a683d20-51db-4531-b4d2-1a2ec625f719 (type: ports) to 1
2026-05-12 12:37:10.211 9 INFO neutron.api.v2.resource [None req-361eeb16-2cda-48fd-888d-c7108e42a883 4c77699dc37240f992d9c223c7fa0709 4eaeb899493f44f0840488e72a0a16ee - - default default] show failed (client error): The resource could not be found.
2026-05-12 12:37:10.213 9 INFO neutron.wsgi [None req-361eeb16-2cda-48fd-888d-c7108e42a883 4c77699dc37240f992d9c223c7fa0709 4eaeb899493f44f0840488e72a0a16ee - - default default] 10.0.0.120 "GET /v2.0/subnetpools/f2882c07-9628-4e47-aad1-6ff4514db1ba HTTP/1.1" status: 404 len: 346 time: 0.0142081
2026-05-12 12:37:10.230 9 INFO neutron.api.v2.resource [None req-119960dc-57df-4eea-b626-e7ce18dda0b3 4c77699dc37240f992d9c223c7fa0709 4eaeb899493f44f0840488e72a0a16ee - - default default] delete failed (client error): The resource could not be found.
2026-05-12 12:37:10.231 9 INFO neutron.wsgi [None req-119960dc-57df-4eea-b626-e7ce18dda0b3 4c77699dc37240f992d9c223c7fa0709 4eaeb899493f44f0840488e72a0a16ee - - default default] 10.0.0.120 "DELETE /v2.0/subnetpools/f2882c07-9628-4e47-aad1-6ff4514db1ba HTTP/1.1" status: 404 len: 346 time: 0.0130856
2026-05-12 12:37:10.796 10 ERROR ovsdbapp.backend.ovs_idl.command [None req-8375bac3-9c9c-4876-94b6-9511a43805d8 c77aa06b0635498f82a5ceee67eb4bed d77078083732434bbe52fab3bebeb961 - - default default] Error executing command (DbGetCommand): ovsdbapp.backend.ovs_idl.idlutils.RowNotFound: Cannot find Logical_Router_Port with name=lrp-0a683d20-51db-4531-b4d2-1a2ec625f719
2026-05-12 12:37:10.796 10 ERROR ovsdbapp.backend.ovs_idl.command
Traceback (most recent call last):
2026-05-12 12:37:10.796 10 ERROR ovsdbapp.backend.ovs_idl.command
File "/var/lib/openstack/lib/python3.10/site-packages/ovsdbapp/backend/ovs_idl/command.py", line 47, in execute
2026-05-12 12:37:10.796 10 ERROR ovsdbapp.backend.ovs_idl.command self.run_idl(None)
2026-05-12 12:37:10.796 10 ERROR ovsdbapp.backend.ovs_idl.command
File "/var/lib/openstack/lib/python3.10/site-packages/ovsdbapp/backend/ovs_idl/command.py", line 235, in run_idl
2026-05-12 12:37:10.796 10 ERROR ovsdbapp.backend.ovs_idl.command record = self.api.lookup(self.table, self.record)
2026-05-12 12:37:10.796 10 ERROR ovsdbapp.backend.ovs_idl.command
File "/var/lib/openstack/lib/python3.10/site-packages/ovsdbapp/backend/ovs_idl/__init__.py", line 184, in lookup
2026-05-12 12:37:10.796 10 ERROR ovsdbapp.backend.ovs_idl.command return self._lookup(table, record)
2026-05-12 12:37:10.796 10 ERROR ovsdbapp.backend.ovs_idl.command
File "/var/lib/openstack/lib/python3.10/site-packages/ovsdbapp/backend/ovs_idl/__init__.py", line 235, in _lookup
2026-05-12 12:37:10.796 10 ERROR ovsdbapp.backend.ovs_idl.command row = idlutils.row_by_value(self, rl.table, rl.column, record)
2026-05-12 12:37:10.796 10 ERROR ovsdbapp.backend.ovs_idl.command
File "/var/lib/openstack/lib/python3.10/site-packages/ovsdbapp/backend/ovs_idl/idlutils.py", line 114, in row_by_value
2026-05-12 12:37:10.796 10 ERROR ovsdbapp.backend.ovs_idl.command raise RowNotFound(table=table, col=column, match=match)
2026-05-12 12:37:10.796 10 ERROR ovsdbapp.backend.ovs_idl.command ovsdbapp.backend.ovs_idl.idlutils.RowNotFound: Cannot find Logical_Router_Port with name=lrp-0a683d20-51db-4531-b4d2-1a2ec625f719
2026-05-12 12:37:10.796 10 ERROR ovsdbapp.backend.ovs_idl.command 
2026-05-12 12:37:10.797 10 ERROR neutron_lib.callbacks.manager [None req-8375bac3-9c9c-4876-94b6-9511a43805d8 c77aa06b0635498f82a5ceee67eb4bed d77078083732434bbe52fab3bebeb961 - - default default] Error during notification for neutron.services.ovn_l3.plugin.OVNL3RouterPlugin._port_update-8770818979567 port, after_update: ovsdbapp.backend.ovs_idl.idlutils.RowNotFound: Cannot find Logical_Router_Port with name=lrp-0a683d20-51db-4531-b4d2-1a2ec625f719
2026-05-12 12:37:10.797 10 ERROR neutron_lib.callbacks.manager
Traceback (most recent call last):
2026-05-12 12:37:10.797 10 ERROR neutron_lib.callbacks.manager
File "/var/lib/openstack/lib/python3.10/site-packages/neutron_lib/callbacks/manager.py", line 189, in _notify_loop
2026-05-12 12:37:10.797 10 ERROR neutron_lib.callbacks.manager callback.method(resource, event, trigger, payload=payload)
2026-05-12 12:37:10.797 10 ERROR neutron_lib.callbacks.manager
File "/var/lib/openstack/lib/python3.10/site-packages/neutron/services/ovn_l3/plugin.py", line 391, in _port_update
2026-05-12 12:37:10.797 10 ERROR neutron_lib.callbacks.manager l3plugin._ovn_client.update_router_port(context,
2026-05-12 12:37:10.797 10 ERROR neutron_lib.callbacks.manager
File "/var/lib/openstack/lib/python3.10/site-packages/neutron/plugins/ml2/drivers/ovn/mech_driver/ovsdb/ovn_client.py", line 1878, in update_router_port
2026-05-12 12:37:10.797 10 ERROR neutron_lib.callbacks.manager self._update_lrouter_port(context, port, if_exists=if_exists,
2026-05-12 12:37:10.797 10 ERROR neutron_lib.callbacks.manager
File "/var/lib/openstack/lib/python3.10/site-packages/neutron/plugins/ml2/drivers/ovn/mech_driver/ovsdb/ovn_client.py", line 1855, in _update_lrouter_port
2026-05-12 12:37:10.797 10 ERROR neutron_lib.callbacks.manager external_ids = self._nb_idl.db_get(
2026-05-12 12:37:10.797 10 ERROR neutron_lib.callbacks.manager
File "/var/lib/openstack/lib/python3.10/site-packages/ovsdbapp/backend/ovs_idl/command.py", line 47, in execute
2026-05-12 12:37:10.797 10 ERROR neutron_lib.callbacks.manager self.run_idl(None)
2026-05-12 12:37:10.797 10 ERROR neutron_lib.callbacks.manager
File "/var/lib/openstack/lib/python3.10/site-packages/ovsdbapp/backend/ovs_idl/command.py", line 235, in run_idl
2026-05-12 12:37:10.797 10 ERROR neutron_lib.callbacks.manager record = self.api.lookup(self.table, self.record)
2026-05-12 12:37:10.797 10 ERROR neutron_lib.callbacks.manager
File "/var/lib/openstack/lib/python3.10/site-packages/ovsdbapp/backend/ovs_idl/__init__.py", line 184, in lookup
2026-05-12 12:37:10.797 10 ERROR neutron_lib.callbacks.manager return self._lookup(table, record)
2026-05-12 12:37:10.797 10 ERROR neutron_lib.callbacks.manager
File "/var/lib/openstack/lib/python3.10/site-packages/ovsdbapp/backend/ovs_idl/__init__.py", line 235, in _lookup
2026-05-12 12:37:10.797 10 ERROR neutron_lib.callbacks.manager row = idlutils.row_by_value(self, rl.table, rl.column, record)
2026-05-12 12:37:10.797 10 ERROR neutron_lib.callbacks.manager
File "/var/lib/openstack/lib/python3.10/site-packages/ovsdbapp/backend/ovs_idl/idlutils.py", line 114, in row_by_value
2026-05-12 12:37:10.797 10 ERROR neutron_lib.callbacks.manager raise RowNotFound(table=table, col=column, match=match)
2026-05-12 12:37:10.797 10 ERROR neutron_lib.callbacks.manager ovsdbapp.backend.ovs_idl.idlutils.RowNotFound: Cannot find Logical_Router_Port with name=lrp-0a683d20-51db-4531-b4d2-1a2ec625f719
2026-05-12 12:37:10.797 10 ERROR neutron_lib.callbacks.manager 
2026-05-12 12:37:11.067 10 INFO neutron.db.ovn_revision_numbers_db [None req-8375bac3-9c9c-4876-94b6-9511a43805d8 c77aa06b0635498f82a5ceee67eb4bed d77078083732434bbe52fab3bebeb961 - - default default] Successfully bumped revision number for resource 0a683d20-51db-4531-b4d2-1a2ec625f719 (type: ports) to 1
2026-05-12 12:37:11.157 10 WARNING neutron.scheduler.dhcp_agent_scheduler [None req-8375bac3-9c9c-4876-94b6-9511a43805d8 c77aa06b0635498f82a5ceee67eb4bed d77078083732434bbe52fab3bebeb961 - - default default] No more DHCP agents
