2026-05-12 12:34:31.773 10 INFO neutron.wsgi [None req-f640552f-162c-4757-96de-c04938c374be 43f0ff07974e4b1c84a91b688ef97bca e810788af4cb4df49ce5e58199985f32 - - default default] 10.0.0.120 "DELETE /v2.0/subnets/6e90d464-aec8-4aaa-a935-e754df6dd001 HTTP/1.1" status: 404 len: 337 time: 0.1982207
2026-05-12 12:34:31.799 10 INFO neutron.pecan_wsgi.hooks.translation [None req-50e7d7a1-e045-4d95-97c5-9185dc9a6a53 43f0ff07974e4b1c84a91b688ef97bca e810788af4cb4df49ce5e58199985f32 - - default default] DELETE failed (client error): The resource could not be found.
2026-05-12 12:34:31.802 10 INFO neutron.wsgi [None req-50e7d7a1-e045-4d95-97c5-9185dc9a6a53 43f0ff07974e4b1c84a91b688ef97bca e810788af4cb4df49ce5e58199985f32 - - default default] 10.0.0.120 "DELETE /v2.0/subnets/6d6aa120-6e34-4332-959e-46f2e98a2d8f HTTP/1.1" status: 404 len: 337 time: 0.0226483
2026-05-12 12:34:31.832 10 INFO neutron.wsgi [None req-a302ebe3-590f-44ad-9c0b-4587749311c8 42e53ac2e16849fe9d0f32d3c1f4d2e2 2477ae3138af43b2a0beb09289d0fcda - - default default] 10.0.0.120 "DELETE /v2.0/subnets/cb650ca2-7304-442a-97c1-b4d9df3dba9b HTTP/1.1" status: 204 len: 168 time: 0.4568188
2026-05-12 12:34:31.863 10 INFO neutron.wsgi [None req-3ba2dc8b-ef34-4ea5-8de8-9a0afd561f71 3b0a0edda41f435d88d6ba8a74cace51 1888e6ea4bec4394803d2be1d04a8e95 - - default default] 10.0.0.120 "DELETE /v2.0/security-groups/b4f35715-a5b3-40ae-973e-5a3864830936 HTTP/1.1" status: 204 len: 168 time: 0.5244939
2026-05-12 12:34:32.063 10 INFO neutron.wsgi [None req-92337288-048f-4204-89b5-5ee0be2da9ac 42e53ac2e16849fe9d0f32d3c1f4d2e2 2477ae3138af43b2a0beb09289d0fcda - - default default] 10.0.0.120 "DELETE /v2.0/subnets/8fff38cd-a673-48da-840f-cef61a11fb90 HTTP/1.1" status: 204 len: 168 time: 0.2263761
2026-05-12 12:34:32.162 9 INFO neutron.db.ovn_revision_numbers_db [None req-57fd5852-213c-45a8-a2e5-c655ddeb64ab - - - - - -] Successfully bumped revision number for resource 12d33ca7-add5-4069-b369-19503ce54de2 (type: router_ports) to 3
2026-05-12 12:34:32.274 9 INFO neutron.wsgi [None req-db34707b-3368-4eb1-9490-3579634faff3 43f0ff07974e4b1c84a91b688ef97bca e810788af4cb4df49ce5e58199985f32 - - default default] 10.0.0.120 "DELETE /v2.0/ports/bc81b9f3-f1c2-4611-9cd3-c594717c84af HTTP/1.1" status: 204 len: 168 time: 0.4654424
2026-05-12 12:34:32.509 10 INFO neutron.wsgi [None req-5eb30d9f-3233-4895-b1a9-cf1d40de0777 42e53ac2e16849fe9d0f32d3c1f4d2e2 2477ae3138af43b2a0beb09289d0fcda - - default default] 10.0.0.120 "DELETE /v2.0/networks/8cb3c1e2-dbcb-4806-aa20-7488db14633a HTTP/1.1" status: 204 len: 168 time: 0.4422462
2026-05-12 12:34:32.775 9 INFO neutron.db.ovn_revision_numbers_db [None req-57fd5852-213c-45a8-a2e5-c655ddeb64ab - - - - - -] Successfully bumped revision number for resource 12d33ca7-add5-4069-b369-19503ce54de2 (type: ports) to 2
2026-05-12 12:34:32.780 10 INFO neutron.wsgi [None req-6780103c-acaa-497b-b23a-be7c8e6c438f 43f0ff07974e4b1c84a91b688ef97bca e810788af4cb4df49ce5e58199985f32 - - default default] 10.0.0.120 "DELETE /v2.0/networks/cc858d1c-a3d0-42dc-b79b-6bf5bd815d3d HTTP/1.1" status: 204 len: 168 time: 0.4996598
2026-05-12 12:34:32.787 9 ERROR ovsdbapp.backend.ovs_idl.command [None req-fc965255-2bf1-46ee-a53a-7e71f327eb3b 3b0a0edda41f435d88d6ba8a74cace51 1888e6ea4bec4394803d2be1d04a8e95 - - default default] Error executing command (DbGetCommand): ovsdbapp.backend.ovs_idl.idlutils.RowNotFound: Cannot find Logical_Router_Port with name=lrp-47ca5c6d-f2ac-4800-95d9-a3dd77b34b80
2026-05-12 12:34:32.787 9 ERROR ovsdbapp.backend.ovs_idl.command
Traceback (most recent call last):
2026-05-12 12:34:32.787 9 ERROR ovsdbapp.backend.ovs_idl.command
File "/var/lib/openstack/lib/python3.10/site-packages/ovsdbapp/backend/ovs_idl/command.py", line 47, in execute
2026-05-12 12:34:32.787 9 ERROR ovsdbapp.backend.ovs_idl.command self.run_idl(None)
2026-05-12 12:34:32.787 9 ERROR ovsdbapp.backend.ovs_idl.command
File "/var/lib/openstack/lib/python3.10/site-packages/ovsdbapp/backend/ovs_idl/command.py", line 235, in run_idl
2026-05-12 12:34:32.787 9 ERROR ovsdbapp.backend.ovs_idl.command record = self.api.lookup(self.table, self.record)
2026-05-12 12:34:32.787 9 ERROR ovsdbapp.backend.ovs_idl.command
File "/var/lib/openstack/lib/python3.10/site-packages/ovsdbapp/backend/ovs_idl/__init__.py", line 184, in lookup
2026-05-12 12:34:32.787 9 ERROR ovsdbapp.backend.ovs_idl.command return self._lookup(table, record)
2026-05-12 12:34:32.787 9 ERROR ovsdbapp.backend.ovs_idl.command
File "/var/lib/openstack/lib/python3.10/site-packages/ovsdbapp/backend/ovs_idl/__init__.py", line 235, in _lookup
2026-05-12 12:34:32.787 9 ERROR ovsdbapp.backend.ovs_idl.command row = idlutils.row_by_value(self, rl.table, rl.column, record)
2026-05-12 12:34:32.787 9 ERROR ovsdbapp.backend.ovs_idl.command
File "/var/lib/openstack/lib/python3.10/site-packages/ovsdbapp/backend/ovs_idl/idlutils.py", line 114, in row_by_value
2026-05-12 12:34:32.787 9 ERROR ovsdbapp.backend.ovs_idl.command raise RowNotFound(table=table, col=column, match=match)
2026-05-12 12:34:32.787 9 ERROR ovsdbapp.backend.ovs_idl.command ovsdbapp.backend.ovs_idl.idlutils.RowNotFound: Cannot find Logical_Router_Port with name=lrp-47ca5c6d-f2ac-4800-95d9-a3dd77b34b80
2026-05-12 12:34:32.787 9 ERROR ovsdbapp.backend.ovs_idl.command 
2026-05-12 12:34:32.788 9 ERROR neutron_lib.callbacks.manager [None req-fc965255-2bf1-46ee-a53a-7e71f327eb3b 3b0a0edda41f435d88d6ba8a74cace51 1888e6ea4bec4394803d2be1d04a8e95 - - default default] Error during notification for neutron.services.ovn_l3.plugin.OVNL3RouterPlugin._port_update-8770818979567 port, after_update: ovsdbapp.backend.ovs_idl.idlutils.RowNotFound: Cannot find Logical_Router_Port with name=lrp-47ca5c6d-f2ac-4800-95d9-a3dd77b34b80
2026-05-12 12:34:32.788 9 ERROR neutron_lib.callbacks.manager
Traceback (most recent call last):
2026-05-12 12:34:32.788 9 ERROR neutron_lib.callbacks.manager
File "/var/lib/openstack/lib/python3.10/site-packages/neutron_lib/callbacks/manager.py", line 189, in _notify_loop
2026-05-12 12:34:32.788 9 ERROR neutron_lib.callbacks.manager callback.method(resource, event, trigger, payload=payload)
2026-05-12 12:34:32.788 9 ERROR neutron_lib.callbacks.manager
File "/var/lib/openstack/lib/python3.10/site-packages/neutron/services/ovn_l3/plugin.py", line 391, in _port_update
2026-05-12 12:34:32.788 9 ERROR neutron_lib.callbacks.manager l3plugin._ovn_client.update_router_port(context,
2026-05-12 12:34:32.788 9 ERROR neutron_lib.callbacks.manager
File "/var/lib/openstack/lib/python3.10/site-packages/neutron/plugins/ml2/drivers/ovn/mech_driver/ovsdb/ovn_client.py", line 1878, in update_router_port
2026-05-12 12:34:32.788 9 ERROR neutron_lib.callbacks.manager self._update_lrouter_port(context, port, if_exists=if_exists,
2026-05-12 12:34:32.788 9 ERROR neutron_lib.callbacks.manager
File "/var/lib/openstack/lib/python3.10/site-packages/neutron/plugins/ml2/drivers/ovn/mech_driver/ovsdb/ovn_client.py", line 1855, in _update_lrouter_port
2026-05-12 12:34:32.788 9 ERROR neutron_lib.callbacks.manager external_ids = self._nb_idl.db_get(
2026-05-12 12:34:32.788 9 ERROR neutron_lib.callbacks.manager
File "/var/lib/openstack/lib/python3.10/site-packages/ovsdbapp/backend/ovs_idl/command.py", line 47, in execute
2026-05-12 12:34:32.788 9 ERROR neutron_lib.callbacks.manager self.run_idl(None)
2026-05-12 12:34:32.788 9 ERROR neutron_lib.callbacks.manager
File "/var/lib/openstack/lib/python3.10/site-packages/ovsdbapp/backend/ovs_idl/command.py", line 235, in run_idl
2026-05-12 12:34:32.788 9 ERROR neutron_lib.callbacks.manager record = self.api.lookup(self.table, self.record)
2026-05-12 12:34:32.788 9 ERROR neutron_lib.callbacks.manager
File "/var/lib/openstack/lib/python3.10/site-packages/ovsdbapp/backend/ovs_idl/__init__.py", line 184, in lookup
2026-05-12 12:34:32.788 9 ERROR neutron_lib.callbacks.manager return self._lookup(table, record)
2026-05-12 12:34:32.788 9 ERROR neutron_lib.callbacks.manager
File "/var/lib/openstack/lib/python3.10/site-packages/ovsdbapp/backend/ovs_idl/__init__.py", line 235, in _lookup
2026-05-12 12:34:32.788 9 ERROR neutron_lib.callbacks.manager row = idlutils.row_by_value(self, rl.table, rl.column, record)
2026-05-12 12:34:32.788 9 ERROR neutron_lib.callbacks.manager
File "/var/lib/openstack/lib/python3.10/site-packages/ovsdbapp/backend/ovs_idl/idlutils.py", line 114, in row_by_value
2026-05-12 12:34:32.788 9 ERROR neutron_lib.callbacks.manager raise RowNotFound(table=table, col=column, match=match)
2026-05-12 12:34:32.788 9 ERROR neutron_lib.callbacks.manager ovsdbapp.backend.ovs_idl.idlutils.RowNotFound: Cannot find Logical_Router_Port with name=lrp-47ca5c6d-f2ac-4800-95d9-a3dd77b34b80
2026-05-12 12:34:32.788 9 ERROR neutron_lib.callbacks.manager 
2026-05-12 12:34:32.981 10 INFO neutron.wsgi [None req-2e4d6b92-2772-4b61-b054-01f92a7495fe 42e53ac2e16849fe9d0f32d3c1f4d2e2 2477ae3138af43b2a0beb09289d0fcda - - default default] 10.0.0.120 "DELETE /v2.0/networks/483842f8-e5b3-4801-b9cc-52976a0dd160 HTTP/1.1" status: 204 len: 168 time: 0.4654179
2026-05-12 12:34:32.993 10 WARNING neutron_lib.context [None req-22c006d9-e5e8-4da1-a7a0-e7c3d7122972 42e53ac2e16849fe9d0f32d3c1f4d2e2 2477ae3138af43b2a0beb09289d0fcda - - default default] Method 'is_advsvc' is deprecated since 2023.2 release (neutron-lib 3.8.0) and will be removed once support for the old RBAC API policies will be removed from Neutron. Please use method 'is_service_role' instead.
2026-05-12 12:34:33.074 10 INFO neutron.db.segments_db [None req-22c006d9-e5e8-4da1-a7a0-e7c3d7122972 42e53ac2e16849fe9d0f32d3c1f4d2e2 2477ae3138af43b2a0beb09289d0fcda - - default default] Added segment 4c4094c6-ca81-490a-be10-43b2003c0f01 of type geneve for network cfa070ff-a50e-4e86-a1a3-60faea75d053
2026-05-12 12:34:33.083 10 INFO neutron.plugins.ml2.drivers.ovn.mech_driver.mech_driver [None req-6965b009-2ce0-43fd-adff-4ceaae18830f - - - - - -] OVN reports status up for port: 47ca5c6d-f2ac-4800-95d9-a3dd77b34b80
2026-05-12 12:34:33.101 10 INFO neutron.plugins.ml2.plugin [None req-6965b009-2ce0-43fd-adff-4ceaae18830f - - - - - -] Attempt 1 to provision port 47ca5c6d-f2ac-4800-95d9-a3dd77b34b80
2026-05-12 12:34:33.126 9 INFO neutron.db.ovn_revision_numbers_db [None req-fc965255-2bf1-46ee-a53a-7e71f327eb3b 3b0a0edda41f435d88d6ba8a74cace51 1888e6ea4bec4394803d2be1d04a8e95 - - default default] Successfully bumped revision number for resource 47ca5c6d-f2ac-4800-95d9-a3dd77b34b80 (type: ports) to 1
2026-05-12 12:34:33.231 9 WARNING neutron.scheduler.dhcp_agent_scheduler [None req-fc965255-2bf1-46ee-a53a-7e71f327eb3b 3b0a0edda41f435d88d6ba8a74cace51 1888e6ea4bec4394803d2be1d04a8e95 - - default default] No more DHCP agents
2026-05-12 12:34:33.241 10 INFO neutron.services.segments.plugin [-] Segment c3621793-be0b-4d74-a73e-8ce78f9a889a resource provider aggregate not found
2026-05-12 12:34:33.248 10 INFO neutron.services.segments.plugin [-] Segment c3621793-be0b-4d74-a73e-8ce78f9a889a resource provider aggregate not found
2026-05-12 12:34:33.258 9 WARNING neutron.api.rpc.agentnotifiers.dhcp_rpc_agent_api [None req-fc965255-2bf1-46ee-a53a-7e71f327eb3b 3b0a0edda41f435d88d6ba8a74cace51 1888e6ea4bec4394803d2be1d04a8e95 - - default default] Unable to schedule network e8612c62-df83-4fef-bd03-276ae34f06ce: no agents available; will retry on subsequent port and subnet creation events.
2026-05-12 12:34:33.263 10 INFO neutron.services.segments.plugin [-] Segment c3621793-be0b-4d74-a73e-8ce78f9a889a resource provider not found; error: Placement Client Error (4xx): {"errors": [{"status": 404, "title": "Not Found", "detail": "The resource could not be found.\n\n No resource provider with uuid c3621793-be0b-4d74-a73e-8ce78f9a889a found for delete ", "request_id": "req-c7562e25-2e35-4293-99d4-32ae8de0c95a"}]}
2026-05-12 12:34:33.271 10 INFO neutron.services.segments.plugin [-] Segment c3621793-be0b-4d74-a73e-8ce78f9a889a resource provider not found; error: Placement Client Error (4xx): {"errors": [{"status": 404, "title": "Not Found", "detail": "The resource could not be found.\n\n No resource provider with uuid c3621793-be0b-4d74-a73e-8ce78f9a889a found for delete ", "request_id": "req-6cba6608-8ca9-401e-957a-2c55132382e9"}]}
2026-05-12 12:34:33.279 10 INFO neutron.db.ovn_revision_numbers_db [None req-22c006d9-e5e8-4da1-a7a0-e7c3d7122972 42e53ac2e16849fe9d0f32d3c1f4d2e2 2477ae3138af43b2a0beb09289d0fcda - - default default] Successfully bumped revision number for resource cfa070ff-a50e-4e86-a1a3-60faea75d053 (type: networks) to 1
2026-05-12 12:34:33.283 10 INFO neutron.services.segments.plugin [-] Segment 1ebbc71d-f855-4aad-8c01-6088a94c62a2 resource provider aggregate not found
2026-05-12 12:34:33.289 10 INFO neutron.services.segments.plugin [-] Segment 1ebbc71d-f855-4aad-8c01-6088a94c62a2 resource provider aggregate not found
2026-05-12 12:34:33.298 10 INFO neutron.services.segments.plugin [-] Segment 1ebbc71d-f855-4aad-8c01-6088a94c62a2 resource provider not found; error: Placement Client Error (4xx): {"errors": [{"status": 404, "title": "Not Found", "detail": "The resource could not be found.\n\n No resource provider with uuid 1ebbc71d-f855-4aad-8c01-6088a94c62a2 found for delete ", "request_id": "req-a0b0ff69-5bca-42d7-ad9d-34f593a8ecfb"}]}
2026-05-12 12:34:33.309 10 INFO neutron.services.segments.plugin [-] Segment 1ebbc71d-f855-4aad-8c01-6088a94c62a2 resource provider not found; error: Placement Client Error (4xx): {"errors": [{"status": 404, "title": "Not Found", "detail": "The resource could not be found.\n\n No resource provider with uuid 1ebbc71d-f855-4aad-8c01-6088a94c62a2 found for delete ", "request_id": "req-e03ee5b2-c6b6-429a-ae0b-df73918be9f6"}]}
2026-05-12 12:34:33.318 10 INFO neutron.services.segments.plugin [-] Segment 1a805448-6423-4257-a73f-5325da77d1f5 resource provider aggregate not found
2026-05-12 12:34:33.337 10 INFO neutron.services.segments.plugin [-] Segment 1a805448-6423-4257-a73f-5325da77d1f5 resource provider not found; error: Placement Client Error (4xx): {"errors": [{"status": 404, "title": "Not Found", "detail": "The resource could not be found.\n\n No resource provider with uuid 1a805448-6423-4257-a73f-5325da77d1f5 found for delete ", "request_id": "req-047f30f5-be58-469c-a92e-3df23740ddb4"}]}
2026-05-12 12:34:33.338 10 INFO neutron.services.segments.plugin [-] Segment 1a805448-6423-4257-a73f-5325da77d1f5 resource provider aggregate not found
2026-05-12 12:34:33.354 10 INFO neutron.services.segments.plugin [-] Segment 1a805448-6423-4257-a73f-5325da77d1f5 resource provider not found; error: Placement Client Error (4xx): {"errors": [{"status": 404, "title": "Not Found", "detail": "The resource could not be found.\n\n No resource provider with uuid 1a805448-6423-4257-a73f-5325da77d1f5 found for delete ", "request_id": "req-e7eeb0d3-ba05-4240-b307-d9cfda7d1623"}]}
2026-05-12 12:34:33.355 9 INFO neutron.db.ovn_revision_numbers_db [None req-57fd5852-213c-45a8-a2e5-c655ddeb64ab - - - - - -] Successfully bumped revision number for resource 12d33ca7-add5-4069-b369-19503ce54de2 (type: ports) to 4
2026-05-12 12:34:33.545 10 WARNING neutron.scheduler.dhcp_agent_scheduler [None req-22c006d9-e5e8-4da1-a7a0-e7c3d7122972 42e53ac2e16849fe9d0f32d3c1f4d2e2 2477ae3138af43b2a0beb09289d0fcda - - default default] No more DHCP agents
2026-05-12 12:34:33.556 10 WARNING neutron.api.rpc.agentnotifiers.dhcp_rpc_agent_api [None req-22c006d9-e5e8-4da1-a7a0-e7c3d7122972 42e53ac2e16849fe9d0f32d3c1f4d2e2 2477ae3138af43b2a0beb09289d0fcda - - default default] Unable to schedule network cfa070ff-a50e-4e86-a1a3-60faea75d053: no agents available; will retry on subsequent port and subnet creation events.
2026-05-12 12:34:33.627 9 INFO neutron.wsgi [None req-81deab5c-b2d7-4e47-8d9e-1bcaa0d1638f 3b0a0edda41f435d88d6ba8a74cace51 1888e6ea4bec4394803d2be1d04a8e95 - - default default] 10.0.0.120 "GET /v2.0/security-groups?tenant_id=e810788af4cb4df49ce5e58199985f32&name=default HTTP/1.1" status: 200 len: 3120 time: 0.3751178
2026-05-12 12:34:33.674 10 INFO neutron.db.ovn_revision_numbers_db [None req-22c006d9-e5e8-4da1-a7a0-e7c3d7122972 42e53ac2e16849fe9d0f32d3c1f4d2e2 2477ae3138af43b2a0beb09289d0fcda - - default default] Successfully bumped revision number for resource ecbe993c-06f7-4196-997f-b2d4950f4d11 (type: ports) to 1
2026-05-12 12:34:33.710 10 INFO neutron.wsgi [None req-22c006d9-e5e8-4da1-a7a0-e7c3d7122972 42e53ac2e16849fe9d0f32d3c1f4d2e2 2477ae3138af43b2a0beb09289d0fcda - - default default] 10.0.0.120 "POST /v2.0/networks HTTP/1.1" status: 201 len: 828 time: 0.7197354
2026-05-12 12:34:33.718 10 WARNING neutron_lib.context [None req-dd3d9acc-0983-42ef-8b45-e69a78066566 42e53ac2e16849fe9d0f32d3c1f4d2e2 2477ae3138af43b2a0beb09289d0fcda - - default default] Method 'is_advsvc' is deprecated since 2023.2 release (neutron-lib 3.8.0) and will be removed once support for the old RBAC API policies will be removed from Neutron. Please use method 'is_service_role' instead.
2026-05-12 12:34:33.730 9 WARNING neutron.plugins.ml2.drivers.ovn.mech_driver.ovsdb.ovn_client [None req-ca27ef9f-9455-4702-a107-3bdae08ab7dd - - - - - -] No port found with ID 802cd02e-38c9-4c3d-a773-01ebdb5fc86a: RuntimeError: No port found with ID 802cd02e-38c9-4c3d-a773-01ebdb5fc86a
2026-05-12 12:34:33.780 10 INFO neutron.db.ovn_revision_numbers_db [None req-6965b009-2ce0-43fd-adff-4ceaae18830f - - - - - -] Successfully bumped revision number for resource 47ca5c6d-f2ac-4800-95d9-a3dd77b34b80 (type: ports) to 2
2026-05-12 12:34:33.886 9 INFO neutron.db.ovn_revision_numbers_db [None req-57fd5852-213c-45a8-a2e5-c655ddeb64ab - - - - - -] Successfully bumped revision number for resource 12d33ca7-add5-4069-b369-19503ce54de2 (type: router_ports) to 4
2026-05-12 12:34:33.927 10 ERROR ovsdbapp.backend.ovs_idl.command [None req-6965b009-2ce0-43fd-adff-4ceaae18830f - - - - - -] Error executing command (DbGetCommand): ovsdbapp.backend.ovs_idl.idlutils.RowNotFound: Cannot find Logical_Router_Port with name=lrp-47ca5c6d-f2ac-4800-95d9-a3dd77b34b80
2026-05-12 12:34:33.927 10 ERROR ovsdbapp.backend.ovs_idl.command
Traceback (most recent call last):
2026-05-12 12:34:33.927 10 ERROR ovsdbapp.backend.ovs_idl.command
File "/var/lib/openstack/lib/python3.10/site-packages/ovsdbapp/backend/ovs_idl/command.py", line 47, in execute
2026-05-12 12:34:33.927 10 ERROR ovsdbapp.backend.ovs_idl.command self.run_idl(None)
2026-05-12 12:34:33.927 10 ERROR ovsdbapp.backend.ovs_idl.command
File "/var/lib/openstack/lib/python3.10/site-packages/ovsdbapp/backend/ovs_idl/command.py", line 235, in run_idl
2026-05-12 12:34:33.927 10 ERROR ovsdbapp.backend.ovs_idl.command record = self.api.lookup(self.table, self.record)
2026-05-12 12:34:33.927 10 ERROR ovsdbapp.backend.ovs_idl.command
File "/var/lib/openstack/lib/python3.10/site-packages/ovsdbapp/backend/ovs_idl/__init__.py", line 184, in lookup
2026-05-12 12:34:33.927 10 ERROR ovsdbapp.backend.ovs_idl.command return self._lookup(table, record)
2026-05-12 12:34:33.927 10 ERROR ovsdbapp.backend.ovs_idl.command
File "/var/lib/openstack/lib/python3.10/site-packages/ovsdbapp/backend/ovs_idl/__init__.py", line 235, in _lookup
2026-05-12 12:34:33.927 10 ERROR ovsdbapp.backend.ovs_idl.command row = idlutils.row_by_value(self, rl.table, rl.column, record)
2026-05-12 12:34:33.927 10 ERROR ovsdbapp.backend.ovs_idl.command
File "/var/lib/openstack/lib/python3.10/site-packages/ovsdbapp/backend/ovs_idl/idlutils.py", line 114, in row_by_value
2026-05-12 12:34:33.927 10 ERROR ovsdbapp.backend.ovs_idl.command raise RowNotFound(table=table, col=column, match=match)
2026-05-12 12:34:33.927 10 ERROR ovsdbapp.backend.ovs_idl.command ovsdbapp.backend.ovs_idl.idlutils.RowNotFound: Cannot find Logical_Router_Port with name=lrp-47ca5c6d-f2ac-4800-95d9-a3dd77b34b80
2026-05-12 12:34:33.927 10 ERROR ovsdbapp.backend.ovs_idl.command 
2026-05-12 12:34:33.927 10 ERROR neutron_lib.callbacks.manager [None req-6965b009-2ce0-43fd-adff-4ceaae18830f - - - - - -] Error during notification for neutron.services.ovn_l3.plugin.OVNL3RouterPlugin._port_update-8770818979567 port, after_update: ovsdbapp.backend.ovs_idl.idlutils.RowNotFound: Cannot find Logical_Router_Port with name=lrp-47ca5c6d-f2ac-4800-95d9-a3dd77b34b80
2026-05-12 12:34:33.927 10 ERROR neutron_lib.callbacks.manager
Traceback (most recent call last):
2026-05-12 12:34:33.927 10 ERROR neutron_lib.callbacks.manager
File "/var/lib/openstack/lib/python3.10/site-packages/neutron_lib/callbacks/manager.py", line 189, in _notify_loop
2026-05-12 12:34:33.927 10 ERROR neutron_lib.callbacks.manager callback.method(resource, event, trigger, payload=payload)
2026-05-12 12:34:33.927 10 ERROR neutron_lib.callbacks.manager
File "/var/lib/openstack/lib/python3.10/site-packages/neutron/services/ovn_l3/plugin.py", line 391, in _port_update
2026-05-12 12:34:33.927 10 ERROR neutron_lib.callbacks.manager l3plugin._ovn_client.update_router_port(context,
2026-05-12 12:34:33.927 10 ERROR neutron_lib.callbacks.manager
File "/var/lib/openstack/lib/python3.10/site-packages/neutron/plugins/ml2/drivers/ovn/mech_driver/ovsdb/ovn_client.py", line 1878, in update_router_port
2026-05-12 12:34:33.927 10 ERROR neutron_lib.callbacks.manager self._update_lrouter_port(context, port, if_exists=if_exists,
2026-05-12 12:34:33.927 10 ERROR neutron_lib.callbacks.manager
File "/var/lib/openstack/lib/python3.10/site-packages/neutron/plugins/ml2/drivers/ovn/mech_driver/ovsdb/ovn_client.py", line 1855, in _update_lrouter_port
2026-05-12 12:34:33.927 10 ERROR neutron_lib.callbacks.manager external_ids = self._nb_idl.db_get(
2026-05-12 12:34:33.927 10 ERROR neutron_lib.callbacks.manager
File "/var/lib/openstack/lib/python3.10/site-packages/ovsdbapp/backend/ovs_idl/command.py", line 47, in execute
2026-05-12 12:34:33.927 10 ERROR neutron_lib.callbacks.manager self.run_idl(None)
2026-05-12 12:34:33.927 10 ERROR neutron_lib.callbacks.manager
File "/var/lib/openstack/lib/python3.10/site-packages/ovsdbapp/backend/ovs_idl/command.py", line 235, in run_idl
2026-05-12 12:34:33.927 10 ERROR neutron_lib.callbacks.manager record = self.api.lookup(self.table, self.record)
2026-05-12 12:34:33.927 10 ERROR neutron_lib.callbacks.manager
File "/var/lib/openstack/lib/python3.10/site-packages/ovsdbapp/backend/ovs_idl/__init__.py", line 184, in lookup
2026-05-12 12:34:33.927 10 ERROR neutron_lib.callbacks.manager return self._lookup(table, record)
2026-05-12 12:34:33.927 10 ERROR neutron_lib.callbacks.manager
File "/var/lib/openstack/lib/python3.10/site-packages/ovsdbapp/backend/ovs_idl/__init__.py", line 235, in _lookup
2026-05-12 12:34:33.927 10 ERROR neutron_lib.callbacks.manager row = idlutils.row_by_value(self, rl.table, rl.column, record)
2026-05-12 12:34:33.927 10 ERROR neutron_lib.callbacks.manager
File "/var/lib/openstack/lib/python3.10/site-packages/ovsdbapp/backend/ovs_idl/idlutils.py", line 114, in row_by_value
2026-05-12 12:34:33.927 10 ERROR neutron_lib.callbacks.manager raise RowNotFound(table=table, col=column, match=match)
2026-05-12 12:34:33.927 10 ERROR neutron_lib.callbacks.manager ovsdbapp.backend.ovs_idl.idlutils.RowNotFound: Cannot find Logical_Router_Port with name=lrp-47ca5c6d-f2ac-4800-95d9-a3dd77b34b80
2026-05-12 12:34:33.927 10 ERROR neutron_lib.callbacks.manager 
2026-05-12 12:34:34.033 10 WARNING neutron.scheduler.dhcp_agent_scheduler [None req-dd3d9acc-0983-42ef-8b45-e69a78066566 42e53ac2e16849fe9d0f32d3c1f4d2e2 2477ae3138af43b2a0beb09289d0fcda - - default default] No more DHCP agents
2026-05-12 12:34:34.034 10 WARNING neutron.api.rpc.agentnotifiers.dhcp_rpc_agent_api [None req-dd3d9acc-0983-42ef-8b45-e69a78066566 42e53ac2e16849fe9d0f32d3c1f4d2e2 2477ae3138af43b2a0beb09289d0fcda - - default default] Unable to schedule network cfa070ff-a50e-4e86-a1a3-60faea75d053: no agents available; will retry on subsequent port and subnet creation events.
2026-05-12 12:34:34.035 9 INFO neutron.db.ovn_revision_numbers_db [None req-58b2f185-57fd-4bfa-adba-673328d257f5 3b0a0edda41f435d88d6ba8a74cace51 1888e6ea4bec4394803d2be1d04a8e95 - - default default] Successfully bumped revision number for resource c43d59da-f7ce-4a8b-a287-0bcb84934e74 (type: security_groups) to 1
2026-05-12 12:34:34.052 9 INFO neutron.db.ovn_revision_numbers_db [None req-fc965255-2bf1-46ee-a53a-7e71f327eb3b 3b0a0edda41f435d88d6ba8a74cace51 1888e6ea4bec4394803d2be1d04a8e95 - - default default] Successfully bumped revision number for resource 47ca5c6d-f2ac-4800-95d9-a3dd77b34b80 (type: router_ports) to 1
2026-05-12 12:34:34.058 9 INFO neutron.wsgi [None req-fc965255-2bf1-46ee-a53a-7e71f327eb3b 3b0a0edda41f435d88d6ba8a74cace51 1888e6ea4bec4394803d2be1d04a8e95 - - default default] 10.0.0.120 "PUT /v2.0/routers/9b0b5e22-46ce-4f59-8110-e3e9b71338b3/add_router_interface HTTP/1.1" status: 200 len: 503 time: 4.0468636
2026-05-12 12:34:34.061 9 INFO neutron.db.ovn_revision_numbers_db [None req-58b2f185-57fd-4bfa-adba-673328d257f5 3b0a0edda41f435d88d6ba8a74cace51 1888e6ea4bec4394803d2be1d04a8e95 - - default default] Successfully bumped revision number for resource 172069ac-8d62-42eb-b924-9a00d0704667 (type: security_group_rules) to 0
2026-05-12 12:34:34.082 9 INFO neutron.db.ovn_revision_numbers_db [None req-58b2f185-57fd-4bfa-adba-673328d257f5 3b0a0edda41f435d88d6ba8a74cace51 1888e6ea4bec4394803d2be1d04a8e95 - - default default] Successfully bumped revision number for resource 3a8d1820-6290-4644-bbe0-8fb67f54e406 (type: security_group_rules) to 0
2026-05-12 12:34:34.107 9 INFO neutron.db.ovn_revision_numbers_db [None req-58b2f185-57fd-4bfa-adba-673328d257f5 3b0a0edda41f435d88d6ba8a74cace51 1888e6ea4bec4394803d2be1d04a8e95 - - default default] Successfully bumped revision number for resource 578a964d-e168-4ba4-94f1-d4cd0244b76e (type: security_group_rules) to 0
2026-05-12 12:34:34.113 9 INFO neutron.wsgi [None req-fa9e54b4-b186-4634-89d5-ff3ecab62109 3b0a0edda41f435d88d6ba8a74cace51 1888e6ea4bec4394803d2be1d04a8e95 - - default default] 10.0.0.120 "DELETE /v2.0/security-groups/2d307b10-fa8f-428d-8385-7dba5a63b015 HTTP/1.1" status: 204 len: 168 time: 0.4763069
2026-05-12 12:34:34.125 9 INFO neutron.db.ovn_revision_numbers_db [None req-58b2f185-57fd-4bfa-adba-673328d257f5 3b0a0edda41f435d88d6ba8a74cace51 1888e6ea4bec4394803d2be1d04a8e95 - - default default] Successfully bumped revision number for resource edd19808-e9d2-4c32-a5cf-36c117d085dc (type: security_group_rules) to 0
2026-05-12 12:34:34.174 9 INFO neutron.db.segments_db [None req-58b2f185-57fd-4bfa-adba-673328d257f5 3b0a0edda41f435d88d6ba8a74cace51 1888e6ea4bec4394803d2be1d04a8e95 - - default default] Added segment 1ee5b286-3ffc-4190-8a92-c16630a27b92 of type geneve for network 686a161c-5d7e-4858-ac17-e22b125c7189
2026-05-12 12:34:34.314 9 INFO neutron.db.ovn_revision_numbers_db [None req-58b2f185-57fd-4bfa-adba-673328d257f5 3b0a0edda41f435d88d6ba8a74cace51 1888e6ea4bec4394803d2be1d04a8e95 - - default default] Successfully bumped revision number for resource 686a161c-5d7e-4858-ac17-e22b125c7189 (type: networks) to 1
2026-05-12 12:34:34.621 10 INFO neutron.db.ovn_revision_numbers_db [None req-dd3d9acc-0983-42ef-8b45-e69a78066566 42e53ac2e16849fe9d0f32d3c1f4d2e2 2477ae3138af43b2a0beb09289d0fcda - - default default] Successfully bumped revision number for resource ecbe993c-06f7-4196-997f-b2d4950f4d11 (type: ports) to 2
2026-05-12 12:34:34.657 10 INFO neutron.db.ovn_revision_numbers_db [None req-dd3d9acc-0983-42ef-8b45-e69a78066566 42e53ac2e16849fe9d0f32d3c1f4d2e2 2477ae3138af43b2a0beb09289d0fcda - - default default] Successfully bumped revision number for resource cae27bca-99f1-4309-9d8b-56fd49fe4b97 (type: subnets) to 0
2026-05-12 12:34:34.675 10 INFO neutron.wsgi [None req-dd3d9acc-0983-42ef-8b45-e69a78066566 42e53ac2e16849fe9d0f32d3c1f4d2e2 2477ae3138af43b2a0beb09289d0fcda - - default default] 10.0.0.120 "POST /v2.0/subnets HTTP/1.1" status: 201 len: 801 time: 0.9607792
2026-05-12 12:34:34.682 10 WARNING neutron_lib.context [None req-25417341-7a58-440b-9bec-6502d571204d aef6e4625c654cc0af9bd5794e3191da 30fa0813d6d34021a6071d27514d34a0 - - default default] Method 'is_advsvc' is deprecated since 2023.2 release (neutron-lib 3.8.0) and will be removed once support for the old RBAC API policies will be removed from Neutron. Please use method 'is_service_role' instead.
2026-05-12 12:34:34.689 10 WARNING neutron_lib.context [None req-565d8b9c-a45f-4c13-b817-14ce8d555403 42e53ac2e16849fe9d0f32d3c1f4d2e2 2477ae3138af43b2a0beb09289d0fcda - - default default] Method 'is_advsvc' is deprecated since 2023.2 release (neutron-lib 3.8.0) and will be removed once support for the old RBAC API policies will be removed from Neutron. Please use method 'is_service_role' instead.
2026-05-12 12:34:34.811 9 WARNING neutron.scheduler.dhcp_agent_scheduler [None req-58b2f185-57fd-4bfa-adba-673328d257f5 3b0a0edda41f435d88d6ba8a74cace51 1888e6ea4bec4394803d2be1d04a8e95 - - default default] No more DHCP agents
2026-05-12 12:34:34.815 9 WARNING neutron.api.rpc.agentnotifiers.dhcp_rpc_agent_api [None req-58b2f185-57fd-4bfa-adba-673328d257f5 3b0a0edda41f435d88d6ba8a74cace51 1888e6ea4bec4394803d2be1d04a8e95 - - default default] Unable to schedule network 686a161c-5d7e-4858-ac17-e22b125c7189: no agents available; will retry on subsequent port and subnet creation events.
2026-05-12 12:34:34.847 10 INFO neutron.db.ovn_revision_numbers_db [None req-565d8b9c-a45f-4c13-b817-14ce8d555403 42e53ac2e16849fe9d0f32d3c1f4d2e2 2477ae3138af43b2a0beb09289d0fcda - - default default] Successfully bumped revision number for resource 4d03a5eb-7afb-43e8-a92e-75f2b7b73977 (type: routers) to 1
2026-05-12 12:34:34.871 10 INFO neutron.wsgi [None req-565d8b9c-a45f-4c13-b817-14ce8d555403 42e53ac2e16849fe9d0f32d3c1f4d2e2 2477ae3138af43b2a0beb09289d0fcda - - default default] 10.0.0.120 "POST /v2.0/routers HTTP/1.1" status: 201 len: 802 time: 0.1861815
2026-05-12 12:34:34.884 9 WARNING neutron_lib.context [None req-c0fe9ae1-93fb-417b-88ef-6c85dbb220ba 42e53ac2e16849fe9d0f32d3c1f4d2e2 2477ae3138af43b2a0beb09289d0fcda - - default default] Method 'is_advsvc' is deprecated since 2023.2 release (neutron-lib 3.8.0) and will be removed once support for the old RBAC API policies will be removed from Neutron. Please use method 'is_service_role' instead.
2026-05-12 12:34:34.887 10 INFO neutron.db.ovn_revision_numbers_db [None req-25417341-7a58-440b-9bec-6502d571204d aef6e4625c654cc0af9bd5794e3191da 30fa0813d6d34021a6071d27514d34a0 - - default default] Successfully bumped revision number for resource 6905398a-2f56-43ae-8acd-9895402116b0 (type: security_groups) to 1
2026-05-12 12:34:34.903 10 INFO neutron.db.ovn_revision_numbers_db [None req-25417341-7a58-440b-9bec-6502d571204d aef6e4625c654cc0af9bd5794e3191da 30fa0813d6d34021a6071d27514d34a0 - - default default] Successfully bumped revision number for resource 8ea94ef3-937f-4a42-859a-93f5c91d9304 (type: security_group_rules) to 0
2026-05-12 12:34:34.920 10 INFO neutron.db.ovn_revision_numbers_db [None req-25417341-7a58-440b-9bec-6502d571204d aef6e4625c654cc0af9bd5794e3191da 30fa0813d6d34021a6071d27514d34a0 - - default default] Successfully bumped revision number for resource a7d5a650-6a9e-4cf0-b589-24c619b7f169 (type: security_group_rules) to 0
2026-05-12 12:34:34.941 9 INFO neutron.db.ovn_revision_numbers_db [None req-58b2f185-57fd-4bfa-adba-673328d257f5 3b0a0edda41f435d88d6ba8a74cace51 1888e6ea4bec4394803d2be1d04a8e95 - - default default] Successfully bumped revision number for resource 52350f51-19aa-4934-9c88-7c2f1021bab1 (type: ports) to 1
2026-05-12 12:34:34.943 10 INFO neutron.wsgi [None req-25417341-7a58-440b-9bec-6502d571204d aef6e4625c654cc0af9bd5794e3191da 30fa0813d6d34021a6071d27514d34a0 - - default default] 10.0.0.120 "POST /v2.0/security-groups HTTP/1.1" status: 201 len: 1861 time: 0.2666197
2026-05-12 12:34:34.954 9 WARNING neutron_lib.context [None req-e3bc7fde-5a3d-4809-ac94-c2987d9a69eb aef6e4625c654cc0af9bd5794e3191da 30fa0813d6d34021a6071d27514d34a0 - - default default] Method 'is_advsvc' is deprecated since 2023.2 release (neutron-lib 3.8.0) and will be removed once support for the old RBAC API policies will be removed from Neutron. Please use method 'is_service_role' instead.
2026-05-12 12:34:34.980 9 INFO neutron.wsgi [None req-58b2f185-57fd-4bfa-adba-673328d257f5 3b0a0edda41f435d88d6ba8a74cace51 1888e6ea4bec4394803d2be1d04a8e95 - - default default] 10.0.0.120 "POST /v2.0/networks HTTP/1.1" status: 201 len: 948 time: 1.3171675
2026-05-12 12:34:35.146 9 INFO neutron.db.ovn_revision_numbers_db [None req-e3bc7fde-5a3d-4809-ac94-c2987d9a69eb aef6e4625c654cc0af9bd5794e3191da 30fa0813d6d34021a6071d27514d34a0 - - default default] Successfully bumped revision number for resource 06c9d6fc-aa33-45bc-a15a-96a91f1be5ea (type: security_group_rules) to 0
2026-05-12 12:34:35.177 10 WARNING neutron.scheduler.dhcp_agent_scheduler [None req-127364d5-c760-41fe-bf17-adc838150227 3b0a0edda41f435d88d6ba8a74cace51 1888e6ea4bec4394803d2be1d04a8e95 - - default default] No more DHCP agents
2026-05-12 12:34:35.178 10 WARNING neutron.api.rpc.agentnotifiers.dhcp_rpc_agent_api [None req-127364d5-c760-41fe-bf17-adc838150227 3b0a0edda41f435d88d6ba8a74cace51 1888e6ea4bec4394803d2be1d04a8e95 - - default default] Unable to schedule network 686a161c-5d7e-4858-ac17-e22b125c7189: no agents available; will retry on subsequent port and subnet creation events.
2026-05-12 12:34:35.194 9 INFO neutron.wsgi [None req-e3bc7fde-5a3d-4809-ac94-c2987d9a69eb aef6e4625c654cc0af9bd5794e3191da 30fa0813d6d34021a6071d27514d34a0 - - default default] 10.0.0.120 "POST /v2.0/security-group-rules HTTP/1.1" status: 201 len: 796 time: 0.2449455
2026-05-12 12:34:35.302 9 WARNING neutron.scheduler.dhcp_agent_scheduler [None req-c0fe9ae1-93fb-417b-88ef-6c85dbb220ba 42e53ac2e16849fe9d0f32d3c1f4d2e2 2477ae3138af43b2a0beb09289d0fcda - - default default] No more DHCP agents
2026-05-12 12:34:35.304 9 WARNING neutron.api.rpc.agentnotifiers.dhcp_rpc_agent_api [None req-c0fe9ae1-93fb-417b-88ef-6c85dbb220ba 42e53ac2e16849fe9d0f32d3c1f4d2e2 2477ae3138af43b2a0beb09289d0fcda - - default default] Unable to schedule network cfa070ff-a50e-4e86-a1a3-60faea75d053: no agents available; will retry on subsequent port and subnet creation events.
2026-05-12 12:34:35.393 10 WARNING neutron_lib.context [None req-2dbd0170-039c-45cc-89dc-7ad8acf1d292 aef6e4625c654cc0af9bd5794e3191da 30fa0813d6d34021a6071d27514d34a0 - - default default] Method 'is_advsvc' is deprecated since 2023.2 release (neutron-lib 3.8.0) and will be removed once support for the old RBAC API policies will be removed from Neutron. Please use method 'is_service_role' instead.
2026-05-12 12:34:35.467 9 INFO neutron.db.ovn_revision_numbers_db [None req-c0fe9ae1-93fb-417b-88ef-6c85dbb220ba 42e53ac2e16849fe9d0f32d3c1f4d2e2 2477ae3138af43b2a0beb09289d0fcda - - default default] Successfully bumped revision number for resource 919603e9-fd07-4e13-872b-df670d5d5ff1 (type: ports) to 1
2026-05-12 12:34:35.495 9 INFO neutron.wsgi [None req-c0fe9ae1-93fb-417b-88ef-6c85dbb220ba 42e53ac2e16849fe9d0f32d3c1f4d2e2 2477ae3138af43b2a0beb09289d0fcda - - default default] 10.0.0.120 "POST /v2.0/ports HTTP/1.1" status: 201 len: 1150 time: 0.6155992 /var/lib/openstack/lib/python3.10/site-packages/pycadf/identifier.py:71: UserWarning: Invalid uuid: neutron. To ensure interoperability, identifiers should be a valid uuid. warnings.warn(('Invalid uuid: %s. To ensure interoperability, '
2026-05-12 12:34:35.602 10 INFO neutron.db.ovn_revision_numbers_db [None req-2dbd0170-039c-45cc-89dc-7ad8acf1d292 aef6e4625c654cc0af9bd5794e3191da 30fa0813d6d34021a6071d27514d34a0 - - default default] Successfully bumped revision number for resource 39a87270-1d46-4336-a117-c5cba79af292 (type: security_group_rules) to 0
2026-05-12 12:34:35.643 10 INFO neutron.wsgi [None req-2dbd0170-039c-45cc-89dc-7ad8acf1d292 aef6e4625c654cc0af9bd5794e3191da 30fa0813d6d34021a6071d27514d34a0 - - default default] 10.0.0.120 "POST /v2.0/security-group-rules HTTP/1.1" status: 201 len: 801 time: 0.4426270
2026-05-12 12:34:35.653 10 WARNING neutron_lib.context [None req-bb7f4b22-75bf-4d3a-ad85-1ef250d1e85f aef6e4625c654cc0af9bd5794e3191da 30fa0813d6d34021a6071d27514d34a0 - - default default] Method 'is_advsvc' is deprecated since 2023.2 release (neutron-lib 3.8.0) and will be removed once support for the old RBAC API policies will be removed from Neutron. Please use method 'is_service_role' instead.
2026-05-12 12:34:35.923 9 WARNING neutron_lib.context [None req-87e69563-ecde-4ea6-9ea7-9a08b8eebf87 64bde5b448244715be3e08d5750bddb4 907e35f0d3eb4cecbaf4a3d88d7b79b3 - - default default] Method 'is_advsvc' is deprecated since 2023.2 release (neutron-lib 3.8.0) and will be removed once support for the old RBAC API policies will be removed from Neutron. Please use method 'is_service_role' instead.
2026-05-12 12:34:35.984 9 ERROR ovsdbapp.backend.ovs_idl.command [None req-53d6b445-a76b-4a5d-aabf-1cab4553bc45 42e53ac2e16849fe9d0f32d3c1f4d2e2 2477ae3138af43b2a0beb09289d0fcda - - default default] Error executing command (DbGetCommand): ovsdbapp.backend.ovs_idl.idlutils.RowNotFound: Cannot find Logical_Router_Port with name=lrp-919603e9-fd07-4e13-872b-df670d5d5ff1
2026-05-12 12:34:35.984 9 ERROR ovsdbapp.backend.ovs_idl.command
Traceback (most recent call last):
2026-05-12 12:34:35.984 9 ERROR ovsdbapp.backend.ovs_idl.command
File "/var/lib/openstack/lib/python3.10/site-packages/ovsdbapp/backend/ovs_idl/command.py", line 47, in execute
2026-05-12 12:34:35.984 9 ERROR ovsdbapp.backend.ovs_idl.command self.run_idl(None)
2026-05-12 12:34:35.984 9 ERROR ovsdbapp.backend.ovs_idl.command
File "/var/lib/openstack/lib/python3.10/site-packages/ovsdbapp/backend/ovs_idl/command.py", line 235, in run_idl
2026-05-12 12:34:35.984 9 ERROR ovsdbapp.backend.ovs_idl.command record = self.api.lookup(self.table, self.record)
2026-05-12 12:34:35.984 9 ERROR ovsdbapp.backend.ovs_idl.command
File "/var/lib/openstack/lib/python3.10/site-packages/ovsdbapp/backend/ovs_idl/__init__.py", line 184, in lookup
2026-05-12 12:34:35.984 9 ERROR ovsdbapp.backend.ovs_idl.command return self._lookup(table, record)
2026-05-12 12:34:35.984 9 ERROR ovsdbapp.backend.ovs_idl.command
File "/var/lib/openstack/lib/python3.10/site-packages/ovsdbapp/backend/ovs_idl/__init__.py", line 235, in _lookup
2026-05-12 12:34:35.984 9 ERROR ovsdbapp.backend.ovs_idl.command row = idlutils.row_by_value(self, rl.table, rl.column, record)
2026-05-12 12:34:35.984 9 ERROR ovsdbapp.backend.ovs_idl.command
File "/var/lib/openstack/lib/python3.10/site-packages/ovsdbapp/backend/ovs_idl/idlutils.py", line 114, in row_by_value
2026-05-12 12:34:35.984 9 ERROR ovsdbapp.backend.ovs_idl.command raise RowNotFound(table=table, col=column, match=match)
2026-05-12 12:34:35.984 9 ERROR ovsdbapp.backend.ovs_idl.command ovsdbapp.backend.ovs_idl.idlutils.RowNotFound: Cannot find Logical_Router_Port with name=lrp-919603e9-fd07-4e13-872b-df670d5d5ff1
2026-05-12 12:34:35.984 9 ERROR ovsdbapp.backend.ovs_idl.command 
2026-05-12 12:34:35.984 9 ERROR neutron_lib.callbacks.manager [None req-53d6b445-a76b-4a5d-aabf-1cab4553bc45 42e53ac2e16849fe9d0f32d3c1f4d2e2 2477ae3138af43b2a0beb09289d0fcda - - default default] Error during notification for neutron.services.ovn_l3.plugin.OVNL3RouterPlugin._port_update-8770818979567 port, after_update: ovsdbapp.backend.ovs_idl.idlutils.RowNotFound: Cannot find Logical_Router_Port with name=lrp-919603e9-fd07-4e13-872b-df670d5d5ff1
2026-05-12 12:34:35.984 9 ERROR neutron_lib.callbacks.manager
Traceback (most recent call last):
2026-05-12 12:34:35.984 9 ERROR neutron_lib.callbacks.manager
File "/var/lib/openstack/lib/python3.10/site-packages/neutron_lib/callbacks/manager.py", line 189, in _notify_loop
2026-05-12 12:34:35.984 9 ERROR neutron_lib.callbacks.manager callback.method(resource, event, trigger, payload=payload)
2026-05-12 12:34:35.984 9 ERROR neutron_lib.callbacks.manager
File "/var/lib/openstack/lib/python3.10/site-packages/neutron/services/ovn_l3/plugin.py", line 391, in _port_update
2026-05-12 12:34:35.984 9 ERROR neutron_lib.callbacks.manager l3plugin._ovn_client.update_router_port(context,
2026-05-12 12:34:35.984 9 ERROR neutron_lib.callbacks.manager
File "/var/lib/openstack/lib/python3.10/site-packages/neutron/plugins/ml2/drivers/ovn/mech_driver/ovsdb/ovn_client.py", line 1878, in update_router_port
2026-05-12 12:34:35.984 9 ERROR neutron_lib.callbacks.manager self._update_lrouter_port(context, port, if_exists=if_exists,
2026-05-12 12:34:35.984 9 ERROR neutron_lib.callbacks.manager
File "/var/lib/openstack/lib/python3.10/site-packages/neutron/plugins/ml2/drivers/ovn/mech_driver/ovsdb/ovn_client.py", line 1855, in _update_lrouter_port
2026-05-12 12:34:35.984 9 ERROR neutron_lib.callbacks.manager external_ids = self._nb_idl.db_get(
2026-05-12 12:34:35.984 9 ERROR neutron_lib.callbacks.manager
File "/var/lib/openstack/lib/python3.10/site-packages/ovsdbapp/backend/ovs_idl/command.py", line 47, in execute
2026-05-12 12:34:35.984 9 ERROR neutron_lib.callbacks.manager self.run_idl(None)
2026-05-12 12:34:35.984 9 ERROR neutron_lib.callbacks.manager
File "/var/lib/openstack/lib/python3.10/site-packages/ovsdbapp/backend/ovs_idl/command.py", line 235, in run_idl
2026-05-12 12:34:35.984 9 ERROR neutron_lib.callbacks.manager record = self.api.lookup(self.table, self.record)
2026-05-12 12:34:35.984 9 ERROR neutron_lib.callbacks.manager
File "/var/lib/openstack/lib/python3.10/site-packages/ovsdbapp/backend/ovs_idl/__init__.py", line 184, in lookup
2026-05-12 12:34:35.984 9 ERROR neutron_lib.callbacks.manager return self._lookup(table, record)
2026-05-12 12:34:35.984 9 ERROR neutron_lib.callbacks.manager
File "/var/lib/openstack/lib/python3.10/site-packages/ovsdbapp/backend/ovs_idl/__init__.py", line 235, in _lookup
2026-05-12 12:34:35.984 9 ERROR neutron_lib.callbacks.manager row = idlutils.row_by_value(self, rl.table, rl.column, record)
2026-05-12 12:34:35.984 9 ERROR neutron_lib.callbacks.manager
File "/var/lib/openstack/lib/python3.10/site-packages/ovsdbapp/backend/ovs_idl/idlutils.py", line 114, in row_by_value
2026-05-12 12:34:35.984 9 ERROR neutron_lib.callbacks.manager raise RowNotFound(table=table, col=column, match=match)
2026-05-12 12:34:35.984 9 ERROR neutron_lib.callbacks.manager ovsdbapp.backend.ovs_idl.idlutils.RowNotFound: Cannot find Logical_Router_Port with name=lrp-919603e9-fd07-4e13-872b-df670d5d5ff1
2026-05-12 12:34:35.984 9 ERROR neutron_lib.callbacks.manager 
2026-05-12 12:34:36.010 10 WARNING neutron.scheduler.dhcp_agent_scheduler [None req-bb7f4b22-75bf-4d3a-ad85-1ef250d1e85f aef6e4625c654cc0af9bd5794e3191da 30fa0813d6d34021a6071d27514d34a0 - - default default] No more DHCP agents
2026-05-12 12:34:36.020 10 WARNING neutron.api.rpc.agentnotifiers.dhcp_rpc_agent_api [None req-bb7f4b22-75bf-4d3a-ad85-1ef250d1e85f aef6e4625c654cc0af9bd5794e3191da 30fa0813d6d34021a6071d27514d34a0 - - default default] Unable to schedule network 110dc62a-4dd9-4f3d-b334-a5f1ef86a5c0: no agents available; will retry on subsequent port and subnet creation events.
2026-05-12 12:34:36.046 10 INFO neutron.db.ovn_revision_numbers_db [None req-127364d5-c760-41fe-bf17-adc838150227 3b0a0edda41f435d88d6ba8a74cace51 1888e6ea4bec4394803d2be1d04a8e95 - - default default] Successfully bumped revision number for resource 52350f51-19aa-4934-9c88-7c2f1021bab1 (type: ports) to 2
2026-05-12 12:34:36.107 10 INFO neutron.db.ovn_revision_numbers_db [None req-127364d5-c760-41fe-bf17-adc838150227 3b0a0edda41f435d88d6ba8a74cace51 1888e6ea4bec4394803d2be1d04a8e95 - - default default] Successfully bumped revision number for resource f5c15954-83ed-490b-aa49-c31b88174629 (type: subnets) to 0
2026-05-12 12:34:36.108 9 INFO neutron.db.ovn_revision_numbers_db [None req-87e69563-ecde-4ea6-9ea7-9a08b8eebf87 64bde5b448244715be3e08d5750bddb4 907e35f0d3eb4cecbaf4a3d88d7b79b3 - - default default] Successfully bumped revision number for resource df3d4f2d-efeb-4fe8-b0c6-090f88e43955 (type: security_groups) to 1
2026-05-12 12:34:36.139 10 INFO neutron.wsgi [None req-127364d5-c760-41fe-bf17-adc838150227 3b0a0edda41f435d88d6ba8a74cace51 1888e6ea4bec4394803d2be1d04a8e95 - - default default] 10.0.0.120 "POST /v2.0/subnets HTTP/1.1" status: 201 len: 868 time: 1.1533477
2026-05-12 12:34:36.144 9 INFO neutron.db.ovn_revision_numbers_db [None req-87e69563-ecde-4ea6-9ea7-9a08b8eebf87 64bde5b448244715be3e08d5750bddb4 907e35f0d3eb4cecbaf4a3d88d7b79b3 - - default default] Successfully bumped revision number for resource 43759e4f-8a90-4541-86c8-e4d8558cda99 (type: security_group_rules) to 0
2026-05-12 12:34:36.167 9 INFO neutron.db.ovn_revision_numbers_db [None req-87e69563-ecde-4ea6-9ea7-9a08b8eebf87 64bde5b448244715be3e08d5750bddb4 907e35f0d3eb4cecbaf4a3d88d7b79b3 - - default default] Successfully bumped revision number for resource 5acb0dc5-03bc-4932-ba71-45a256898825 (type: security_group_rules) to 0
2026-05-12 12:34:36.181 9 INFO neutron.db.ovn_revision_numbers_db [None req-87e69563-ecde-4ea6-9ea7-9a08b8eebf87 64bde5b448244715be3e08d5750bddb4 907e35f0d3eb4cecbaf4a3d88d7b79b3 - - default default] Successfully bumped revision number for resource b1853589-d669-4c99-8798-bdef85304650 (type: security_group_rules) to 0
2026-05-12 12:34:36.188 9 INFO neutron.db.ovn_revision_numbers_db [None req-53d6b445-a76b-4a5d-aabf-1cab4553bc45 42e53ac2e16849fe9d0f32d3c1f4d2e2 2477ae3138af43b2a0beb09289d0fcda - - default default] Successfully bumped revision number for resource 919603e9-fd07-4e13-872b-df670d5d5ff1 (type: ports) to 2
2026-05-12 12:34:36.199 9 INFO neutron.db.ovn_revision_numbers_db [None req-87e69563-ecde-4ea6-9ea7-9a08b8eebf87 64bde5b448244715be3e08d5750bddb4 907e35f0d3eb4cecbaf4a3d88d7b79b3 - - default default] Successfully bumped revision number for resource fb2121ff-29aa-42b8-9707-0eadce74d374 (type: security_group_rules) to 0
2026-05-12 12:34:36.269 9 INFO neutron.db.segments_db [None req-87e69563-ecde-4ea6-9ea7-9a08b8eebf87 64bde5b448244715be3e08d5750bddb4 907e35f0d3eb4cecbaf4a3d88d7b79b3 - - default default] Added segment 42c1d7be-bddd-47ba-87cb-f1066577e8f0 of type geneve for network 01d51b7e-415b-4d65-bb81-eca134815a92
2026-05-12 12:34:36.443 9 INFO neutron.db.ovn_revision_numbers_db [None req-87e69563-ecde-4ea6-9ea7-9a08b8eebf87 64bde5b448244715be3e08d5750bddb4 907e35f0d3eb4cecbaf4a3d88d7b79b3 - - default default] Successfully bumped revision number for resource 01d51b7e-415b-4d65-bb81-eca134815a92 (type: networks) to 1
2026-05-12 12:34:36.560 10 INFO neutron.wsgi [None req-bb7f4b22-75bf-4d3a-ad85-1ef250d1e85f aef6e4625c654cc0af9bd5794e3191da 30fa0813d6d34021a6071d27514d34a0 - - default default] 10.0.0.120 "POST /v2.0/floatingips HTTP/1.1" status: 201 len: 751 time: 0.9121742
2026-05-12 12:34:36.703 9 WARNING neutron.scheduler.dhcp_agent_scheduler [None req-87e69563-ecde-4ea6-9ea7-9a08b8eebf87 64bde5b448244715be3e08d5750bddb4 907e35f0d3eb4cecbaf4a3d88d7b79b3 - - default default] No more DHCP agents
2026-05-12 12:34:36.721 9 WARNING neutron.api.rpc.agentnotifiers.dhcp_rpc_agent_api [None req-87e69563-ecde-4ea6-9ea7-9a08b8eebf87 64bde5b448244715be3e08d5750bddb4 907e35f0d3eb4cecbaf4a3d88d7b79b3 - - default default] Unable to schedule network 01d51b7e-415b-4d65-bb81-eca134815a92: no agents available; will retry on subsequent port and subnet creation events.
2026-05-12 12:34:36.751 10 WARNING neutron.scheduler.dhcp_agent_scheduler [None req-9f30cf68-cabd-4edc-ae38-b258e7de7270 3b0a0edda41f435d88d6ba8a74cace51 1888e6ea4bec4394803d2be1d04a8e95 - - default default] No more DHCP agents
2026-05-12 12:34:36.753 10 WARNING neutron.api.rpc.agentnotifiers.dhcp_rpc_agent_api [None req-9f30cf68-cabd-4edc-ae38-b258e7de7270 3b0a0edda41f435d88d6ba8a74cace51 1888e6ea4bec4394803d2be1d04a8e95 - - default default] Unable to schedule network 110dc62a-4dd9-4f3d-b334-a5f1ef86a5c0: no agents available; will retry on subsequent port and subnet creation events.
2026-05-12 12:34:36.867 9 INFO neutron.db.ovn_revision_numbers_db [None req-87e69563-ecde-4ea6-9ea7-9a08b8eebf87 64bde5b448244715be3e08d5750bddb4 907e35f0d3eb4cecbaf4a3d88d7b79b3 - - default default] Successfully bumped revision number for resource 98d151e7-b271-437c-9db5-27382c1a3d0f (type: ports) to 1
2026-05-12 12:34:36.890 9 ERROR ovsdbapp.backend.ovs_idl.command [None req-53d6b445-a76b-4a5d-aabf-1cab4553bc45 42e53ac2e16849fe9d0f32d3c1f4d2e2 2477ae3138af43b2a0beb09289d0fcda - - default default] Error executing command (DbGetCommand): ovsdbapp.backend.ovs_idl.idlutils.RowNotFound: Cannot find Logical_Router_Port with name=lrp-919603e9-fd07-4e13-872b-df670d5d5ff1
2026-05-12 12:34:36.890 9 ERROR ovsdbapp.backend.ovs_idl.command
Traceback (most recent call last):
2026-05-12 12:34:36.890 9 ERROR ovsdbapp.backend.ovs_idl.command
File "/var/lib/openstack/lib/python3.10/site-packages/ovsdbapp/backend/ovs_idl/command.py", line 47, in execute
2026-05-12 12:34:36.890 9 ERROR ovsdbapp.backend.ovs_idl.command self.run_idl(None)
2026-05-12 12:34:36.890 9 ERROR ovsdbapp.backend.ovs_idl.command
File "/var/lib/openstack/lib/python3.10/site-packages/ovsdbapp/backend/ovs_idl/command.py", line 235, in run_idl
2026-05-12 12:34:36.890 9 ERROR ovsdbapp.backend.ovs_idl.command record = self.api.lookup(self.table, self.record)
2026-05-12 12:34:36.890 9 ERROR ovsdbapp.backend.ovs_idl.command
File "/var/lib/openstack/lib/python3.10/site-packages/ovsdbapp/backend/ovs_idl/__init__.py", line 184, in lookup
2026-05-12 12:34:36.890 9 ERROR ovsdbapp.backend.ovs_idl.command return self._lookup(table, record)
2026-05-12 12:34:36.890 9 ERROR ovsdbapp.backend.ovs_idl.command
File "/var/lib/openstack/lib/python3.10/site-packages/ovsdbapp/backend/ovs_idl/__init__.py", line 235, in _lookup
2026-05-12 12:34:36.890 9 ERROR ovsdbapp.backend.ovs_idl.command row = idlutils.row_by_value(self, rl.table, rl.column, record)
2026-05-12 12:34:36.890 9 ERROR ovsdbapp.backend.ovs_idl.command
File "/var/lib/openstack/lib/python3.10/site-packages/ovsdbapp/backend/ovs_idl/idlutils.py", line 114, in row_by_value
2026-05-12 12:34:36.890 9 ERROR ovsdbapp.backend.ovs_idl.command raise RowNotFound(table=table, col=column, match=match)
