2026-05-12 12:37:20.505 9 INFO neutron.wsgi [None req-45e52d9f-8f77-4d10-96cd-e3fcf339b3f3 d6632b44fd2d47b59274af2cfd7998c1 d71db5d1960a4eefb817712c59e4dc99 - - default default] 10.0.0.120 "PUT /v2.0/security-groups/caae00eb-0de6-4bbe-91fe-98d566b7d9ba/tags HTTP/1.1" status: 200 len: 218 time: 0.0637424
2026-05-12 12:37:20.559 10 INFO neutron.wsgi [None req-b5fda9c4-1612-48c0-9e3a-73623dd44b0f d6632b44fd2d47b59274af2cfd7998c1 d71db5d1960a4eefb817712c59e4dc99 - - default default] 10.0.0.120 "GET /v2.0/security-groups/caae00eb-0de6-4bbe-91fe-98d566b7d9ba/tags HTTP/1.1" status: 200 len: 218 time: 0.0465271
2026-05-12 12:37:20.655 10 INFO neutron.wsgi [None req-af621fea-f60d-42b6-b34e-879204bc1882 d6632b44fd2d47b59274af2cfd7998c1 d71db5d1960a4eefb817712c59e4dc99 - - default default] 10.0.0.120 "PUT /v2.0/security-groups/caae00eb-0de6-4bbe-91fe-98d566b7d9ba/tags/green HTTP/1.1" status: 201 len: 201 time: 0.0896194
2026-05-12 12:37:20.689 9 INFO neutron.wsgi [None req-63b2b75b-dec3-415f-b286-567d2c6537fb d6632b44fd2d47b59274af2cfd7998c1 d71db5d1960a4eefb817712c59e4dc99 - - default default] 10.0.0.120 "GET /v2.0/security-groups/caae00eb-0de6-4bbe-91fe-98d566b7d9ba/tags HTTP/1.1" status: 200 len: 227 time: 0.0271783
2026-05-12 12:37:20.720 9 INFO neutron.wsgi [None req-d14cf852-a076-41fd-87e3-034de2b0b8ca d6632b44fd2d47b59274af2cfd7998c1 d71db5d1960a4eefb817712c59e4dc99 - - default default] 10.0.0.120 "PUT /v2.0/security-groups/caae00eb-0de6-4bbe-91fe-98d566b7d9ba/tags/red HTTP/1.1" status: 201 len: 201 time: 0.0278275
2026-05-12 12:37:20.744 9 INFO neutron.wsgi [None req-d537a42d-5961-4ed0-bfc5-cb94d1f14d62 d6632b44fd2d47b59274af2cfd7998c1 d71db5d1960a4eefb817712c59e4dc99 - - default default] 10.0.0.120 "GET /v2.0/security-groups/caae00eb-0de6-4bbe-91fe-98d566b7d9ba/tags HTTP/1.1" status: 200 len: 227 time: 0.0207412
2026-05-12 12:37:20.745 9 INFO neutron.db.ovn_revision_numbers_db [None req-57fd5852-213c-45a8-a2e5-c655ddeb64ab - - - - - -] Successfully bumped revision number for resource 0b407935-3c24-4318-b32a-a59b918561e6 (type: router_ports) to 4
2026-05-12 12:37:20.792 9 INFO neutron.wsgi [None req-6a7e1ca9-fe5e-4550-93af-09bfd4cbca94 d6632b44fd2d47b59274af2cfd7998c1 d71db5d1960a4eefb817712c59e4dc99 - - default default] 10.0.0.120 "PUT /v2.0/security-groups/caae00eb-0de6-4bbe-91fe-98d566b7d9ba/tags/black.or.white HTTP/1.1" status: 201 len: 201 time: 0.0396378
2026-05-12 12:37:20.822 9 INFO neutron.wsgi [None req-c66be243-2bb3-4fad-98e0-ca41c0b28de6 d6632b44fd2d47b59274af2cfd7998c1 d71db5d1960a4eefb817712c59e4dc99 - - default default] 10.0.0.120 "GET /v2.0/security-groups/caae00eb-0de6-4bbe-91fe-98d566b7d9ba/tags HTTP/1.1" status: 200 len: 245 time: 0.0235937
2026-05-12 12:37:20.865 9 INFO neutron.wsgi [None req-4665e508-1e61-4cd0-a4d2-26078b42514e d6632b44fd2d47b59274af2cfd7998c1 d71db5d1960a4eefb817712c59e4dc99 - - default default] 10.0.0.120 "PUT /v2.0/security-groups/caae00eb-0de6-4bbe-91fe-98d566b7d9ba/tags HTTP/1.1" status: 200 len: 230 time: 0.0376596
2026-05-12 12:37:20.891 9 INFO neutron.wsgi [None req-f1abe3cd-b585-4727-9652-975432e57960 d6632b44fd2d47b59274af2cfd7998c1 d71db5d1960a4eefb817712c59e4dc99 - - default default] 10.0.0.120 "GET /v2.0/security-groups/caae00eb-0de6-4bbe-91fe-98d566b7d9ba/tags HTTP/1.1" status: 200 len: 230 time: 0.0209618
2026-05-12 12:37:20.919 9 INFO neutron.wsgi [None req-fc47d097-a7e3-47e2-bc0c-c6f4bd452545 d6632b44fd2d47b59274af2cfd7998c1 d71db5d1960a4eefb817712c59e4dc99 - - default default] 10.0.0.120 "GET /v2.0/security-groups/caae00eb-0de6-4bbe-91fe-98d566b7d9ba/tags/red HTTP/1.1" status: 204 len: 168 time: 0.0230696
2026-05-12 12:37:20.925 10 INFO neutron.db.ovn_revision_numbers_db [None req-00404423-2b86-4f09-81bc-f1242ee05009 c77aa06b0635498f82a5ceee67eb4bed d77078083732434bbe52fab3bebeb961 - - default default] Successfully bumped revision number for resource a5f12860-3bb0-43e8-8479-cf27b5101e69 (type: routers) to 5
2026-05-12 12:37:20.961 10 INFO neutron.api.v2.resource [None req-470b2da3-3944-45d6-836a-808f1a8b1b86 d6632b44fd2d47b59274af2cfd7998c1 d71db5d1960a4eefb817712c59e4dc99 - - default default] show failed (client error): The resource could not be found.
2026-05-12 12:37:20.962 10 INFO neutron.wsgi [None req-470b2da3-3944-45d6-836a-808f1a8b1b86 d6632b44fd2d47b59274af2cfd7998c1 d71db5d1960a4eefb817712c59e4dc99 - - default default] 10.0.0.120 "GET /v2.0/security-groups/caae00eb-0de6-4bbe-91fe-98d566b7d9ba/tags/green HTTP/1.1" status: 404 len: 299 time: 0.0376854
2026-05-12 12:37:20.964 10 INFO neutron.db.ovn_revision_numbers_db [None req-096d3df0-83a5-43a5-982e-f66c79ed3ce3 3b0a0edda41f435d88d6ba8a74cace51 1888e6ea4bec4394803d2be1d04a8e95 - - default default] Successfully bumped revision number for resource 60a13a07-67f3-40be-99ae-7e924ee81b6f (type: ports) to 1
2026-05-12 12:37:20.981 10 INFO neutron.wsgi [None req-00404423-2b86-4f09-81bc-f1242ee05009 c77aa06b0635498f82a5ceee67eb4bed d77078083732434bbe52fab3bebeb961 - - default default] 10.0.0.120 "POST /v2.0/vpn/ipsec-site-connections HTTP/1.1" status: 201 len: 1000 time: 1.6555507
2026-05-12 12:37:21.001 10 WARNING neutron_lib.context [None req-78bc8339-8bc4-4875-aaac-bcbd84ca94e0 c77aa06b0635498f82a5ceee67eb4bed d77078083732434bbe52fab3bebeb961 - - default default] Method 'is_advsvc' is deprecated since 2023.2 release (neutron-lib 3.8.0) and will be removed once support for the old RBAC API policies will be removed from Neutron. Please use method 'is_service_role' instead.
2026-05-12 12:37:21.013 9 WARNING neutron.plugins.ml2.drivers.ovn.mech_driver.ovsdb.ovn_client [None req-ca27ef9f-9455-4702-a107-3bdae08ab7dd - - - - - -] No hosting information found for port 0a683d20-51db-4531-b4d2-1a2ec625f719: RuntimeError: No hosting information found for port 0a683d20-51db-4531-b4d2-1a2ec625f719
2026-05-12 12:37:21.014 9 INFO neutron.plugins.ml2.drivers.ovn.mech_driver.mech_driver [None req-ca27ef9f-9455-4702-a107-3bdae08ab7dd - - - - - -] OVN reports status up for port: df5a21fe-23cc-4ef2-900d-48bf45a025fc
2026-05-12 12:37:21.019 9 INFO neutron.wsgi [None req-1d3e29a6-8deb-4a4f-99a2-5cb6d3a5c9c5 d6632b44fd2d47b59274af2cfd7998c1 d71db5d1960a4eefb817712c59e4dc99 - - default default] 10.0.0.120 "DELETE /v2.0/security-groups/caae00eb-0de6-4bbe-91fe-98d566b7d9ba/tags/red HTTP/1.1" status: 204 len: 168 time: 0.0520179
2026-05-12 12:37:21.024 9 INFO neutron.plugins.ml2.plugin [None req-ca27ef9f-9455-4702-a107-3bdae08ab7dd - - - - - -] Attempt 1 to provision port df5a21fe-23cc-4ef2-900d-48bf45a025fc
2026-05-12 12:37:21.045 10 WARNING neutron.scheduler.dhcp_agent_scheduler [None req-096d3df0-83a5-43a5-982e-f66c79ed3ce3 3b0a0edda41f435d88d6ba8a74cace51 1888e6ea4bec4394803d2be1d04a8e95 - - default default] No more DHCP agents
2026-05-12 12:37:21.046 10 WARNING neutron.api.rpc.agentnotifiers.dhcp_rpc_agent_api [None req-096d3df0-83a5-43a5-982e-f66c79ed3ce3 3b0a0edda41f435d88d6ba8a74cace51 1888e6ea4bec4394803d2be1d04a8e95 - - default default] Unable to schedule network a83c7a48-8137-4360-adeb-42d1a99b733f: no agents available; will retry on subsequent port and subnet creation events.
2026-05-12 12:37:21.049 10 INFO neutron.wsgi [None req-78bc8339-8bc4-4875-aaac-bcbd84ca94e0 c77aa06b0635498f82a5ceee67eb4bed d77078083732434bbe52fab3bebeb961 - - default default] 10.0.0.120 "POST /v2.0/vpn/endpoint-groups HTTP/1.1" status: 201 len: 489 time: 0.0619118
2026-05-12 12:37:21.062 9 INFO neutron.wsgi [None req-aff635cf-e764-4125-8b2f-c401dc45e044 d6632b44fd2d47b59274af2cfd7998c1 d71db5d1960a4eefb817712c59e4dc99 - - default default] 10.0.0.120 "GET /v2.0/security-groups/caae00eb-0de6-4bbe-91fe-98d566b7d9ba/tags HTTP/1.1" status: 200 len: 223 time: 0.0361228
2026-05-12 12:37:21.094 9 INFO neutron.wsgi [None req-9af56613-35c0-4159-8f02-9749e92a13c0 c77aa06b0635498f82a5ceee67eb4bed d77078083732434bbe52fab3bebeb961 - - default default] 10.0.0.120 "DELETE /v2.0/vpn/endpoint-groups/59a17980-1823-48d3-bb9d-2d9cb702aec1 HTTP/1.1" status: 204 len: 168 time: 0.0383761
2026-05-12 12:37:21.111 10 INFO neutron.api.v2.resource [None req-fa32677a-6ee3-4d9d-8026-932053f4a8df d6632b44fd2d47b59274af2cfd7998c1 d71db5d1960a4eefb817712c59e4dc99 - - default default] delete failed (client error): The resource could not be found.
2026-05-12 12:37:21.112 10 INFO neutron.wsgi [None req-fa32677a-6ee3-4d9d-8026-932053f4a8df d6632b44fd2d47b59274af2cfd7998c1 d71db5d1960a4eefb817712c59e4dc99 - - default default] 10.0.0.120 "DELETE /v2.0/security-groups/caae00eb-0de6-4bbe-91fe-98d566b7d9ba/tags/green HTTP/1.1" status: 404 len: 299 time: 0.0440903
2026-05-12 12:37:21.116 9 INFO neutron.wsgi [None req-6e26a741-6a5d-48d3-84f5-68d579d2fc10 c77aa06b0635498f82a5ceee67eb4bed d77078083732434bbe52fab3bebeb961 - - default default] 10.0.0.120 "GET /v2.0/vpn/endpoint-groups HTTP/1.1" status: 200 len: 825 time: 0.0174468
2026-05-12 12:37:21.137 9 INFO neutron.wsgi [None req-cd20810e-14ad-4ed0-aecd-483ecae2f279 c77aa06b0635498f82a5ceee67eb4bed d77078083732434bbe52fab3bebeb961 - - default default] 10.0.0.120 "GET /v2.0/vpn/endpoint-groups HTTP/1.1" status: 200 len: 825 time: 0.0137753
2026-05-12 12:37:21.166 9 INFO neutron.wsgi [None req-34a22f68-780e-4701-b562-42851b43c339 d6632b44fd2d47b59274af2cfd7998c1 d71db5d1960a4eefb817712c59e4dc99 - - default default] 10.0.0.120 "DELETE /v2.0/security-groups/caae00eb-0de6-4bbe-91fe-98d566b7d9ba/tags HTTP/1.1" status: 204 len: 168 time: 0.0479546
2026-05-12 12:37:21.206 10 INFO neutron.wsgi [None req-4befd466-73a1-4f31-b9ec-9881be63a735 d6632b44fd2d47b59274af2cfd7998c1 d71db5d1960a4eefb817712c59e4dc99 - - default default] 10.0.0.120 "GET /v2.0/security-groups/caae00eb-0de6-4bbe-91fe-98d566b7d9ba/tags HTTP/1.1" status: 200 len: 205 time: 0.0325935
2026-05-12 12:37:21.378 9 INFO neutron.wsgi [None req-084e7542-33f3-4c09-83b1-d57c0bda6b04 d6632b44fd2d47b59274af2cfd7998c1 d71db5d1960a4eefb817712c59e4dc99 - - default default] 10.0.0.120 "DELETE /v2.0/security-groups/caae00eb-0de6-4bbe-91fe-98d566b7d9ba HTTP/1.1" status: 204 len: 168 time: 0.1567969
2026-05-12 12:37:21.548 9 INFO neutron.db.ovn_revision_numbers_db [None req-ca27ef9f-9455-4702-a107-3bdae08ab7dd - - - - - -] Successfully bumped revision number for resource df5a21fe-23cc-4ef2-900d-48bf45a025fc (type: ports) to 2
2026-05-12 12:37:21.596 10 INFO neutron.wsgi [None req-d66c8705-3972-4a79-9166-caa340feb0ad 1f8996410010404cae018f745e0fcb30 bb481fe4acce44339b78d9db76ad36c1 - - default default] 10.0.0.120 "POST /v2.0/vpn/ikepolicies HTTP/1.1" status: 201 len: 602 time: 0.0893905
2026-05-12 12:37:21.618 10 INFO neutron.wsgi [None req-87406eb9-800a-4463-94cf-dd34b4770c02 c77aa06b0635498f82a5ceee67eb4bed d77078083732434bbe52fab3bebeb961 - - default default] 10.0.0.120 "GET /v2.0/vpn/ikepolicies HTTP/1.1" status: 200 len: 992 time: 0.0169086
2026-05-12 12:37:21.667 10 INFO neutron.wsgi [None req-695de8f3-03df-42ac-81f1-a86e2f93ec9a 1f8996410010404cae018f745e0fcb30 bb481fe4acce44339b78d9db76ad36c1 - - default default] 10.0.0.120 "DELETE /v2.0/vpn/ikepolicies/c2e3b1cc-b4a5-4f74-9679-434c88093707 HTTP/1.1" status: 204 len: 168 time: 0.0444272
2026-05-12 12:37:21.685 10 INFO neutron.db.ovn_revision_numbers_db [None req-096d3df0-83a5-43a5-982e-f66c79ed3ce3 3b0a0edda41f435d88d6ba8a74cace51 1888e6ea4bec4394803d2be1d04a8e95 - - default default] Successfully bumped revision number for resource 60a13a07-67f3-40be-99ae-7e924ee81b6f (type: router_ports) to 1
2026-05-12 12:37:21.691 10 INFO neutron.wsgi [None req-096d3df0-83a5-43a5-982e-f66c79ed3ce3 3b0a0edda41f435d88d6ba8a74cace51 1888e6ea4bec4394803d2be1d04a8e95 - - default default] 10.0.0.120 "PUT /v2.0/routers/53a078f8-3e47-4b49-b882-62aaafbc7531/add_router_interface HTTP/1.1" status: 200 len: 503 time: 3.2952902
2026-05-12 12:37:21.709 9 INFO neutron.db.ovn_revision_numbers_db [None req-ca27ef9f-9455-4702-a107-3bdae08ab7dd - - - - - -] Successfully bumped revision number for resource df5a21fe-23cc-4ef2-900d-48bf45a025fc (type: router_ports) to 2
2026-05-12 12:37:21.720 10 INFO neutron.wsgi [None req-6aa4098d-0a7e-4a2b-b8f1-0523d8d67377 1f8996410010404cae018f745e0fcb30 bb481fe4acce44339b78d9db76ad36c1 - - default default] 10.0.0.120 "POST /v2.0/vpn/ipsecpolicies HTTP/1.1" status: 201 len: 611 time: 0.0424378
2026-05-12 12:37:21.740 10 INFO neutron.wsgi [None req-a957f0f2-9c97-4388-929a-44673fe18d9a c77aa06b0635498f82a5ceee67eb4bed d77078083732434bbe52fab3bebeb961 - - default default] 10.0.0.120 "GET /v2.0/vpn/ipsecpolicies HTTP/1.1" status: 200 len: 1007 time: 0.0138094
2026-05-12 12:37:21.779 10 INFO neutron.wsgi [None req-8893adec-e1ee-4d83-8ce9-e87efa56df7a 1f8996410010404cae018f745e0fcb30 bb481fe4acce44339b78d9db76ad36c1 - - default default] 10.0.0.120 "DELETE /v2.0/vpn/ipsecpolicies/9d8a54fa-08d2-48c2-bfbe-698c2142606d HTTP/1.1" status: 204 len: 168 time: 0.0316672
2026-05-12 12:37:21.790 10 WARNING neutron_lib.context [None req-5cdf7040-f01c-4b7c-adf4-8b62bc306a4f c77aa06b0635498f82a5ceee67eb4bed d77078083732434bbe52fab3bebeb961 - - default default] Method 'is_advsvc' is deprecated since 2023.2 release (neutron-lib 3.8.0) and will be removed once support for the old RBAC API policies will be removed from Neutron. Please use method 'is_service_role' instead.
2026-05-12 12:37:21.871 10 INFO neutron.db.segments_db [None req-5cdf7040-f01c-4b7c-adf4-8b62bc306a4f c77aa06b0635498f82a5ceee67eb4bed d77078083732434bbe52fab3bebeb961 - - default default] Added segment 85f66a55-4f67-46b4-a6cd-f674ae14bdb6 of type geneve for network 94d8860c-fbf9-43bc-af47-cd44ec3b3d33
2026-05-12 12:37:22.036 10 INFO neutron.db.ovn_revision_numbers_db [None req-5cdf7040-f01c-4b7c-adf4-8b62bc306a4f c77aa06b0635498f82a5ceee67eb4bed d77078083732434bbe52fab3bebeb961 - - default default] Successfully bumped revision number for resource 94d8860c-fbf9-43bc-af47-cd44ec3b3d33 (type: networks) to 1
2026-05-12 12:37:22.268 10 WARNING neutron.scheduler.dhcp_agent_scheduler [None req-5cdf7040-f01c-4b7c-adf4-8b62bc306a4f c77aa06b0635498f82a5ceee67eb4bed d77078083732434bbe52fab3bebeb961 - - default default] No more DHCP agents
2026-05-12 12:37:22.270 10 WARNING neutron.api.rpc.agentnotifiers.dhcp_rpc_agent_api [None req-5cdf7040-f01c-4b7c-adf4-8b62bc306a4f c77aa06b0635498f82a5ceee67eb4bed d77078083732434bbe52fab3bebeb961 - - default default] Unable to schedule network 94d8860c-fbf9-43bc-af47-cd44ec3b3d33: no agents available; will retry on subsequent port and subnet creation events.
2026-05-12 12:37:22.362 9 INFO neutron.db.ovn_revision_numbers_db [None req-33bb4017-5a0a-4fc9-86ee-7cdbd1cd535a 3b0a0edda41f435d88d6ba8a74cace51 1888e6ea4bec4394803d2be1d04a8e95 - - default default] Successfully bumped revision number for resource 1ce15d1f-d9fe-4687-8c4f-396692b9e2a5 (type: security_groups) to 1
2026-05-12 12:37:22.378 10 INFO neutron.db.ovn_revision_numbers_db [None req-5cdf7040-f01c-4b7c-adf4-8b62bc306a4f c77aa06b0635498f82a5ceee67eb4bed d77078083732434bbe52fab3bebeb961 - - default default] Successfully bumped revision number for resource b7df90ec-0566-45d2-b765-0f7bb1ef8953 (type: ports) to 1
2026-05-12 12:37:22.379 9 INFO neutron.db.ovn_revision_numbers_db [None req-33bb4017-5a0a-4fc9-86ee-7cdbd1cd535a 3b0a0edda41f435d88d6ba8a74cace51 1888e6ea4bec4394803d2be1d04a8e95 - - default default] Successfully bumped revision number for resource 0f5e2f59-b441-46a4-9e52-7a4bf0368bdb (type: security_group_rules) to 0
2026-05-12 12:37:22.394 9 INFO neutron.db.ovn_revision_numbers_db [None req-33bb4017-5a0a-4fc9-86ee-7cdbd1cd535a 3b0a0edda41f435d88d6ba8a74cace51 1888e6ea4bec4394803d2be1d04a8e95 - - default default] Successfully bumped revision number for resource aecf898f-6f96-49a5-b67b-b44ba0c833db (type: security_group_rules) to 0
2026-05-12 12:37:22.406 10 INFO neutron.wsgi [None req-5cdf7040-f01c-4b7c-adf4-8b62bc306a4f c77aa06b0635498f82a5ceee67eb4bed d77078083732434bbe52fab3bebeb961 - - default default] 10.0.0.120 "POST /v2.0/networks HTTP/1.1" status: 201 len: 831 time: 0.6196907
2026-05-12 12:37:22.419 9 INFO neutron.db.ovn_revision_numbers_db [None req-33bb4017-5a0a-4fc9-86ee-7cdbd1cd535a 3b0a0edda41f435d88d6ba8a74cace51 1888e6ea4bec4394803d2be1d04a8e95 - - default default] Successfully bumped revision number for resource b83934bc-0a03-4f76-a9b5-d54b74dcc27d (type: security_group_rules) to 0
2026-05-12 12:37:22.419 10 WARNING neutron_lib.context [None req-62964930-d30d-42cc-84f3-27eaa7f5248f c77aa06b0635498f82a5ceee67eb4bed d77078083732434bbe52fab3bebeb961 - - default default] Method 'is_advsvc' is deprecated since 2023.2 release (neutron-lib 3.8.0) and will be removed once support for the old RBAC API policies will be removed from Neutron. Please use method 'is_service_role' instead.
2026-05-12 12:37:22.458 9 INFO neutron.db.ovn_revision_numbers_db [None req-33bb4017-5a0a-4fc9-86ee-7cdbd1cd535a 3b0a0edda41f435d88d6ba8a74cace51 1888e6ea4bec4394803d2be1d04a8e95 - - default default] Successfully bumped revision number for resource fce3428f-c1f1-499a-a158-6363ccf5b4d0 (type: security_group_rules) to 0
2026-05-12 12:37:22.489 9 INFO neutron.wsgi [None req-33bb4017-5a0a-4fc9-86ee-7cdbd1cd535a 3b0a0edda41f435d88d6ba8a74cace51 1888e6ea4bec4394803d2be1d04a8e95 - - default default] 10.0.0.120 "GET /v2.0/security-groups?tenant_id=df28a3bf65624bfcb4c821fd2858a61c&name=default HTTP/1.1" status: 200 len: 3124 time: 0.3761480
2026-05-12 12:37:22.741 10 WARNING neutron.scheduler.dhcp_agent_scheduler [None req-62964930-d30d-42cc-84f3-27eaa7f5248f c77aa06b0635498f82a5ceee67eb4bed d77078083732434bbe52fab3bebeb961 - - default default] No more DHCP agents
2026-05-12 12:37:22.743 10 WARNING neutron.api.rpc.agentnotifiers.dhcp_rpc_agent_api [None req-62964930-d30d-42cc-84f3-27eaa7f5248f c77aa06b0635498f82a5ceee67eb4bed d77078083732434bbe52fab3bebeb961 - - default default] Unable to schedule network 94d8860c-fbf9-43bc-af47-cd44ec3b3d33: no agents available; will retry on subsequent port and subnet creation events.
2026-05-12 12:37:22.812 10 INFO neutron.wsgi [None req-324d1e12-9410-4f86-ac16-7a38f7855e63 3b0a0edda41f435d88d6ba8a74cace51 1888e6ea4bec4394803d2be1d04a8e95 - - default default] 10.0.0.120 "DELETE /v2.0/security-groups/1ce15d1f-d9fe-4687-8c4f-396692b9e2a5 HTTP/1.1" status: 204 len: 168 time: 0.3171499
2026-05-12 12:37:22.977 9 INFO neutron.wsgi [None req-196f518c-00ca-4b7d-946c-b870714aeb60 3b0a0edda41f435d88d6ba8a74cace51 1888e6ea4bec4394803d2be1d04a8e95 - - default default] 10.0.0.120 "GET /v2.0/security-groups?tenant_id=d71db5d1960a4eefb817712c59e4dc99&name=default HTTP/1.1" status: 200 len: 3124 time: 0.0496874
2026-05-12 12:37:23.240 9 INFO neutron.wsgi [None req-1fb62c1c-eb4f-4661-a81b-6d4b60eaaf85 3b0a0edda41f435d88d6ba8a74cace51 1888e6ea4bec4394803d2be1d04a8e95 - - default default] 10.0.0.120 "DELETE /v2.0/security-groups/5874f7e2-49c1-4c89-95e3-ce0c8f051cc6 HTTP/1.1" status: 204 len: 168 time: 0.2581835
2026-05-12 12:37:23.387 10 INFO neutron.db.ovn_revision_numbers_db [None req-62964930-d30d-42cc-84f3-27eaa7f5248f c77aa06b0635498f82a5ceee67eb4bed d77078083732434bbe52fab3bebeb961 - - default default] Successfully bumped revision number for resource b7df90ec-0566-45d2-b765-0f7bb1ef8953 (type: ports) to 2
2026-05-12 12:37:23.420 10 INFO neutron.db.ovn_revision_numbers_db [None req-62964930-d30d-42cc-84f3-27eaa7f5248f c77aa06b0635498f82a5ceee67eb4bed d77078083732434bbe52fab3bebeb961 - - default default] Successfully bumped revision number for resource b95d1948-b4f5-4233-ae34-42bade62de78 (type: subnets) to 0
2026-05-12 12:37:23.438 10 INFO neutron.wsgi [None req-62964930-d30d-42cc-84f3-27eaa7f5248f c77aa06b0635498f82a5ceee67eb4bed d77078083732434bbe52fab3bebeb961 - - default default] 10.0.0.120 "POST /v2.0/subnets HTTP/1.1" status: 201 len: 804 time: 1.0241375
2026-05-12 12:37:23.464 10 WARNING neutron_lib.context [None req-ddba1337-65db-459d-b08d-608da0bf5a8f c77aa06b0635498f82a5ceee67eb4bed d77078083732434bbe52fab3bebeb961 - - default default] Method 'is_advsvc' is deprecated since 2023.2 release (neutron-lib 3.8.0) and will be removed once support for the old RBAC API policies will be removed from Neutron. Please use method 'is_service_role' instead.
2026-05-12 12:37:23.941 10 WARNING neutron.scheduler.dhcp_agent_scheduler [None req-ddba1337-65db-459d-b08d-608da0bf5a8f c77aa06b0635498f82a5ceee67eb4bed d77078083732434bbe52fab3bebeb961 - - default default] No more DHCP agents
2026-05-12 12:37:23.943 10 WARNING neutron.api.rpc.agentnotifiers.dhcp_rpc_agent_api [None req-ddba1337-65db-459d-b08d-608da0bf5a8f c77aa06b0635498f82a5ceee67eb4bed d77078083732434bbe52fab3bebeb961 - - default default] Unable to schedule network 110dc62a-4dd9-4f3d-b334-a5f1ef86a5c0: no agents available; will retry on subsequent port and subnet creation events.
2026-05-12 12:37:24.124 10 INFO neutron.db.ovn_revision_numbers_db [None req-ddba1337-65db-459d-b08d-608da0bf5a8f c77aa06b0635498f82a5ceee67eb4bed d77078083732434bbe52fab3bebeb961 - - default default] Successfully bumped revision number for resource 2c0cf10a-e1f3-4eea-8c72-0bb3a114e59f (type: ports) to 1
2026-05-12 12:37:24.414 10 INFO neutron.wsgi [req-1db9801e-587d-43c5-979c-26c949ecc37d req-29d5eccf-af33-4a10-b0a6-68ffef19a05a 78192d89d84f47b2a6342baa3022270f a07e27f808c64688963d5f4003bb4121 - - default default] 10.0.0.1 "GET /v2.0/networks?id=a83c7a48-8137-4360-adeb-42d1a99b733f HTTP/1.1" status: 200 len: 871 time: 0.3301485
2026-05-12 12:37:24.442 10 INFO neutron.wsgi [req-1db9801e-587d-43c5-979c-26c949ecc37d req-377e9003-bc28-4719-90c7-7d8935ec9525 78192d89d84f47b2a6342baa3022270f a07e27f808c64688963d5f4003bb4121 - - default default] 10.0.0.1 "GET /v2.0/quotas/a07e27f808c64688963d5f4003bb4121 HTTP/1.1" status: 200 len: 491 time: 0.0099168
2026-05-12 12:37:24.587 10 INFO neutron.wsgi [req-1db9801e-587d-43c5-979c-26c949ecc37d req-938912d6-3dae-45a6-8140-c7dafe586077 78192d89d84f47b2a6342baa3022270f a07e27f808c64688963d5f4003bb4121 - - default default] 10.0.0.1 "GET /v2.0/ports?tenant_id=a07e27f808c64688963d5f4003bb4121&fields=id HTTP/1.1" status: 200 len: 302 time: 0.1358035
2026-05-12 12:37:24.697 10 INFO neutron.wsgi [req-1db9801e-587d-43c5-979c-26c949ecc37d req-e2389d0d-bff5-4021-8af1-ce9e998ad4df 2fd3fec1df4d484eb413dee8fbb53e2b 9b5a54f26303430885f9f2b69292e723 - - a207f7a3574a4184a487d9be974e9da4 a207f7a3574a4184a487d9be974e9da4] 10.0.0.1 "GET /v2.0/networks/a83c7a48-8137-4360-adeb-42d1a99b733f?fields=segments HTTP/1.1" status: 200 len: 212 time: 0.1023648
2026-05-12 12:37:24.799 10 INFO neutron.wsgi [req-1db9801e-587d-43c5-979c-26c949ecc37d req-eda10e4f-23fe-47ba-a55b-871e7efe705a 2fd3fec1df4d484eb413dee8fbb53e2b 9b5a54f26303430885f9f2b69292e723 - - a207f7a3574a4184a487d9be974e9da4 a207f7a3574a4184a487d9be974e9da4] 10.0.0.1 "GET /v2.0/networks/a83c7a48-8137-4360-adeb-42d1a99b733f?fields=provider%3Aphysical_network&fields=provider%3Anetwork_type HTTP/1.1" status: 200 len: 277 time: 0.0863605
2026-05-12 12:37:24.946 9 INFO neutron.wsgi [req-bf2eb591-8eb6-4374-93c1-91501ca9a0ed req-60418780-b468-465a-8919-4d1c0ce77117 78192d89d84f47b2a6342baa3022270f a07e27f808c64688963d5f4003bb4121 - - default default] 10.0.0.1 "GET /v2.0/ports?device_id=f3a08ab8-ae1c-4181-a423-5d35e7f913af HTTP/1.1" status: 200 len: 210 time: 0.0281012
2026-05-12 12:37:25.219 10 INFO neutron.plugins.ml2.drivers.ovn.mech_driver.ovsdb.commands [None req-aa9d4878-0834-40ee-9a5a-6f17f470c5dd - - - - - -] Schedule LRP lrp-2c0cf10a-e1f3-4eea-8c72-0bb3a114e59f on gateway 285a0ec1-a475-4b84-b59a-389344aebaca with priority 1
2026-05-12 12:37:25.283 10 INFO neutron.db.ovn_revision_numbers_db [None req-ddba1337-65db-459d-b08d-608da0bf5a8f c77aa06b0635498f82a5ceee67eb4bed d77078083732434bbe52fab3bebeb961 - - default default] Successfully bumped revision number for resource 2c0cf10a-e1f3-4eea-8c72-0bb3a114e59f (type: router_ports) to 1
2026-05-12 12:37:25.354 10 INFO neutron.db.ovn_revision_numbers_db [None req-ddba1337-65db-459d-b08d-608da0bf5a8f c77aa06b0635498f82a5ceee67eb4bed d77078083732434bbe52fab3bebeb961 - - default default] Successfully bumped revision number for resource e0356dfb-b73d-424e-8bb4-42a68d811de4 (type: routers) to 2
2026-05-12 12:37:25.367 10 INFO neutron.wsgi [None req-ddba1337-65db-459d-b08d-608da0bf5a8f c77aa06b0635498f82a5ceee67eb4bed d77078083732434bbe52fab3bebeb961 - - default default] 10.0.0.120 "POST /v2.0/routers HTTP/1.1" status: 201 len: 1136 time: 1.9108653
2026-05-12 12:37:25.710 9 INFO neutron.wsgi [req-1db9801e-587d-43c5-979c-26c949ecc37d req-00a07610-b453-4323-8112-2ad274481250 78192d89d84f47b2a6342baa3022270f a07e27f808c64688963d5f4003bb4121 - - default default] 199.19.213.244 "GET /v2.0/networks?id=a83c7a48-8137-4360-adeb-42d1a99b733f HTTP/1.1" status: 200 len: 871 time: 0.1114781
2026-05-12 12:37:25.722 9 WARNING neutron_lib.context [req-1db9801e-587d-43c5-979c-26c949ecc37d req-5f85ec6b-a347-45cc-8074-8185f94f5ac2 78192d89d84f47b2a6342baa3022270f a07e27f808c64688963d5f4003bb4121 - - default default] Method 'is_advsvc' is deprecated since 2023.2 release (neutron-lib 3.8.0) and will be removed once support for the old RBAC API policies will be removed from Neutron. Please use method 'is_service_role' instead.
2026-05-12 12:37:26.052 10 INFO neutron.wsgi [req-68a4479d-ecec-42ee-866b-d45f963af97f req-c5efa95f-47cb-49cd-ac8e-3fe3b4766829 78192d89d84f47b2a6342baa3022270f a07e27f808c64688963d5f4003bb4121 - - default default] 10.0.0.1 "GET /v2.0/ports?device_id=f3a08ab8-ae1c-4181-a423-5d35e7f913af HTTP/1.1" status: 200 len: 210 time: 0.0453405
2026-05-12 12:37:26.055 10 WARNING neutron.scheduler.dhcp_agent_scheduler [None req-87ee3511-f113-4cf1-87e6-ab9c74cb427d c77aa06b0635498f82a5ceee67eb4bed d77078083732434bbe52fab3bebeb961 - - default default] No more DHCP agents
2026-05-12 12:37:26.059 10 WARNING neutron.api.rpc.agentnotifiers.dhcp_rpc_agent_api [None req-87ee3511-f113-4cf1-87e6-ab9c74cb427d c77aa06b0635498f82a5ceee67eb4bed d77078083732434bbe52fab3bebeb961 - - default default] Unable to schedule network 94d8860c-fbf9-43bc-af47-cd44ec3b3d33: no agents available; will retry on subsequent port and subnet creation events.
2026-05-12 12:37:26.087 9 WARNING neutron.scheduler.dhcp_agent_scheduler [req-1db9801e-587d-43c5-979c-26c949ecc37d req-5f85ec6b-a347-45cc-8074-8185f94f5ac2 78192d89d84f47b2a6342baa3022270f a07e27f808c64688963d5f4003bb4121 - - default default] No more DHCP agents
2026-05-12 12:37:26.090 9 WARNING neutron.api.rpc.agentnotifiers.dhcp_rpc_agent_api [req-1db9801e-587d-43c5-979c-26c949ecc37d req-5f85ec6b-a347-45cc-8074-8185f94f5ac2 78192d89d84f47b2a6342baa3022270f a07e27f808c64688963d5f4003bb4121 - - default default] Unable to schedule network a83c7a48-8137-4360-adeb-42d1a99b733f: no agents available; will retry on subsequent port and subnet creation events.
2026-05-12 12:37:26.231 10 INFO neutron.db.ovn_revision_numbers_db [None req-87ee3511-f113-4cf1-87e6-ab9c74cb427d c77aa06b0635498f82a5ceee67eb4bed d77078083732434bbe52fab3bebeb961 - - default default] Successfully bumped revision number for resource 40b6173e-2b4b-4d27-97d7-157c710764d1 (type: ports) to 1
2026-05-12 12:37:26.532 9 INFO neutron.db.ovn_revision_numbers_db [req-1db9801e-587d-43c5-979c-26c949ecc37d req-5f85ec6b-a347-45cc-8074-8185f94f5ac2 78192d89d84f47b2a6342baa3022270f a07e27f808c64688963d5f4003bb4121 - - default default] Successfully bumped revision number for resource b11920ea-af10-4ff0-b439-60ba68f8466b (type: ports) to 1
2026-05-12 12:37:26.603 9 INFO neutron.wsgi [req-1db9801e-587d-43c5-979c-26c949ecc37d req-5f85ec6b-a347-45cc-8074-8185f94f5ac2 78192d89d84f47b2a6342baa3022270f a07e27f808c64688963d5f4003bb4121 - - default default] 199.19.213.244 "POST /v2.0/ports HTTP/1.1" status: 201 len: 1158 time: 0.8857765 /var/lib/openstack/lib/python3.10/site-packages/pycadf/identifier.py:71: UserWarning: Invalid uuid: neutron. To ensure interoperability, identifiers should be a valid uuid. warnings.warn(('Invalid uuid: %s. To ensure interoperability, '
2026-05-12 12:37:26.955 9 WARNING neutron.plugins.ml2.drivers.ovn.mech_driver.ovsdb.ovn_client [None req-ca27ef9f-9455-4702-a107-3bdae08ab7dd - - - - - -] No hosting information found for port df5a21fe-23cc-4ef2-900d-48bf45a025fc: RuntimeError: No hosting information found for port df5a21fe-23cc-4ef2-900d-48bf45a025fc
2026-05-12 12:37:26.956 9 INFO neutron.plugins.ml2.drivers.ovn.mech_driver.mech_driver [None req-ca27ef9f-9455-4702-a107-3bdae08ab7dd - - - - - -] OVN reports status up for port: 0b407935-3c24-4318-b32a-a59b918561e6
2026-05-12 12:37:26.978 9 INFO neutron.plugins.ml2.plugin [None req-ca27ef9f-9455-4702-a107-3bdae08ab7dd - - - - - -] Attempt 1 to provision port 0b407935-3c24-4318-b32a-a59b918561e6
2026-05-12 12:37:27.034 9 INFO neutron.db.ovn_revision_numbers_db [req-1db9801e-587d-43c5-979c-26c949ecc37d req-6b92d367-0ca5-408a-8967-2dd94905320e 2fd3fec1df4d484eb413dee8fbb53e2b 9b5a54f26303430885f9f2b69292e723 - - a207f7a3574a4184a487d9be974e9da4 a207f7a3574a4184a487d9be974e9da4] Successfully bumped revision number for resource b11920ea-af10-4ff0-b439-60ba68f8466b (type: ports) to 2
2026-05-12 12:37:27.071 9 INFO neutron.plugins.ml2.drivers.ovn.mech_driver.mech_driver [None req-ca27ef9f-9455-4702-a107-3bdae08ab7dd - - - - - -] OVN reports status up for port: 60a13a07-67f3-40be-99ae-7e924ee81b6f
2026-05-12 12:37:27.081 9 INFO neutron.plugins.ml2.plugin [None req-ca27ef9f-9455-4702-a107-3bdae08ab7dd - - - - - -] Attempt 1 to provision port 60a13a07-67f3-40be-99ae-7e924ee81b6f /var/lib/openstack/lib/python3.10/site-packages/pycadf/identifier.py:71: UserWarning: Invalid uuid: neutron. To ensure interoperability, identifiers should be a valid uuid. warnings.warn(('Invalid uuid: %s. To ensure interoperability, '
2026-05-12 12:37:27.303 9 INFO neutron.wsgi [req-fd3e4cd5-7fb0-44fc-941a-e5eafe7e6049 req-19037b40-a937-4538-aff2-bc169e0e3222 78192d89d84f47b2a6342baa3022270f a07e27f808c64688963d5f4003bb4121 - - default default] 10.0.0.1 "GET /v2.0/ports?device_id=f3a08ab8-ae1c-4181-a423-5d35e7f913af HTTP/1.1" status: 200 len: 1168 time: 0.1909606 /var/lib/openstack/lib/python3.10/site-packages/pycadf/identifier.py:71: UserWarning: Invalid uuid: neutron. To ensure interoperability, identifiers should be a valid uuid. warnings.warn(('Invalid uuid: %s. To ensure interoperability, '
2026-05-12 12:37:27.357 10 ERROR ovsdbapp.backend.ovs_idl.command [None req-87ee3511-f113-4cf1-87e6-ab9c74cb427d c77aa06b0635498f82a5ceee67eb4bed d77078083732434bbe52fab3bebeb961 - - default default] Error executing command (DbGetCommand): ovsdbapp.backend.ovs_idl.idlutils.RowNotFound: Cannot find Logical_Router_Port with name=lrp-40b6173e-2b4b-4d27-97d7-157c710764d1
2026-05-12 12:37:27.357 10 ERROR ovsdbapp.backend.ovs_idl.command
Traceback (most recent call last):
2026-05-12 12:37:27.357 10 ERROR ovsdbapp.backend.ovs_idl.command
File "/var/lib/openstack/lib/python3.10/site-packages/ovsdbapp/backend/ovs_idl/command.py", line 47, in execute
2026-05-12 12:37:27.357 10 ERROR ovsdbapp.backend.ovs_idl.command self.run_idl(None)
2026-05-12 12:37:27.357 10 ERROR ovsdbapp.backend.ovs_idl.command
File "/var/lib/openstack/lib/python3.10/site-packages/ovsdbapp/backend/ovs_idl/command.py", line 235, in run_idl
2026-05-12 12:37:27.357 10 ERROR ovsdbapp.backend.ovs_idl.command record = self.api.lookup(self.table, self.record)
2026-05-12 12:37:27.357 10 ERROR ovsdbapp.backend.ovs_idl.command
File "/var/lib/openstack/lib/python3.10/site-packages/ovsdbapp/backend/ovs_idl/__init__.py", line 184, in lookup
2026-05-12 12:37:27.357 10 ERROR ovsdbapp.backend.ovs_idl.command return self._lookup(table, record)
2026-05-12 12:37:27.357 10 ERROR ovsdbapp.backend.ovs_idl.command
File "/var/lib/openstack/lib/python3.10/site-packages/ovsdbapp/backend/ovs_idl/__init__.py", line 235, in _lookup
2026-05-12 12:37:27.357 10 ERROR ovsdbapp.backend.ovs_idl.command row = idlutils.row_by_value(self, rl.table, rl.column, record)
2026-05-12 12:37:27.357 10 ERROR ovsdbapp.backend.ovs_idl.command
File "/var/lib/openstack/lib/python3.10/site-packages/ovsdbapp/backend/ovs_idl/idlutils.py", line 114, in row_by_value
2026-05-12 12:37:27.357 10 ERROR ovsdbapp.backend.ovs_idl.command raise RowNotFound(table=table, col=column, match=match)
2026-05-12 12:37:27.357 10 ERROR ovsdbapp.backend.ovs_idl.command ovsdbapp.backend.ovs_idl.idlutils.RowNotFound: Cannot find Logical_Router_Port with name=lrp-40b6173e-2b4b-4d27-97d7-157c710764d1
2026-05-12 12:37:27.357 10 ERROR ovsdbapp.backend.ovs_idl.command 
2026-05-12 12:37:27.358 10 ERROR neutron_lib.callbacks.manager [None req-87ee3511-f113-4cf1-87e6-ab9c74cb427d c77aa06b0635498f82a5ceee67eb4bed d77078083732434bbe52fab3bebeb961 - - default default] Error during notification for neutron.services.ovn_l3.plugin.OVNL3RouterPlugin._port_update-8770818979567 port, after_update: ovsdbapp.backend.ovs_idl.idlutils.RowNotFound: Cannot find Logical_Router_Port with name=lrp-40b6173e-2b4b-4d27-97d7-157c710764d1
2026-05-12 12:37:27.358 10 ERROR neutron_lib.callbacks.manager
Traceback (most recent call last):
2026-05-12 12:37:27.358 10 ERROR neutron_lib.callbacks.manager
File "/var/lib/openstack/lib/python3.10/site-packages/neutron_lib/callbacks/manager.py", line 189, in _notify_loop
2026-05-12 12:37:27.358 10 ERROR neutron_lib.callbacks.manager callback.method(resource, event, trigger, payload=payload)
2026-05-12 12:37:27.358 10 ERROR neutron_lib.callbacks.manager
File "/var/lib/openstack/lib/python3.10/site-packages/neutron/services/ovn_l3/plugin.py", line 391, in _port_update
2026-05-12 12:37:27.358 10 ERROR neutron_lib.callbacks.manager l3plugin._ovn_client.update_router_port(context,
2026-05-12 12:37:27.358 10 ERROR neutron_lib.callbacks.manager
File "/var/lib/openstack/lib/python3.10/site-packages/neutron/plugins/ml2/drivers/ovn/mech_driver/ovsdb/ovn_client.py", line 1878, in update_router_port
2026-05-12 12:37:27.358 10 ERROR neutron_lib.callbacks.manager self._update_lrouter_port(context, port, if_exists=if_exists,
2026-05-12 12:37:27.358 10 ERROR neutron_lib.callbacks.manager
File "/var/lib/openstack/lib/python3.10/site-packages/neutron/plugins/ml2/drivers/ovn/mech_driver/ovsdb/ovn_client.py", line 1855, in _update_lrouter_port
2026-05-12 12:37:27.358 10 ERROR neutron_lib.callbacks.manager external_ids = self._nb_idl.db_get(
2026-05-12 12:37:27.358 10 ERROR neutron_lib.callbacks.manager
File "/var/lib/openstack/lib/python3.10/site-packages/ovsdbapp/backend/ovs_idl/command.py", line 47, in execute
2026-05-12 12:37:27.358 10 ERROR neutron_lib.callbacks.manager self.run_idl(None)
2026-05-12 12:37:27.358 10 ERROR neutron_lib.callbacks.manager
File "/var/lib/openstack/lib/python3.10/site-packages/ovsdbapp/backend/ovs_idl/command.py", line 235, in run_idl
2026-05-12 12:37:27.358 10 ERROR neutron_lib.callbacks.manager record = self.api.lookup(self.table, self.record)
2026-05-12 12:37:27.358 10 ERROR neutron_lib.callbacks.manager
File "/var/lib/openstack/lib/python3.10/site-packages/ovsdbapp/backend/ovs_idl/__init__.py", line 184, in lookup
2026-05-12 12:37:27.358 10 ERROR neutron_lib.callbacks.manager return self._lookup(table, record)
2026-05-12 12:37:27.358 10 ERROR neutron_lib.callbacks.manager
File "/var/lib/openstack/lib/python3.10/site-packages/ovsdbapp/backend/ovs_idl/__init__.py", line 235, in _lookup
2026-05-12 12:37:27.358 10 ERROR neutron_lib.callbacks.manager row = idlutils.row_by_value(self, rl.table, rl.column, record)
2026-05-12 12:37:27.358 10 ERROR neutron_lib.callbacks.manager
File "/var/lib/openstack/lib/python3.10/site-packages/ovsdbapp/backend/ovs_idl/idlutils.py", line 114, in row_by_value
2026-05-12 12:37:27.358 10 ERROR neutron_lib.callbacks.manager raise RowNotFound(table=table, col=column, match=match)
2026-05-12 12:37:27.358 10 ERROR neutron_lib.callbacks.manager ovsdbapp.backend.ovs_idl.idlutils.RowNotFound: Cannot find Logical_Router_Port with name=lrp-40b6173e-2b4b-4d27-97d7-157c710764d1
2026-05-12 12:37:27.358 10 ERROR neutron_lib.callbacks.manager 
2026-05-12 12:37:27.400 9 INFO neutron.wsgi [req-fd3e4cd5-7fb0-44fc-941a-e5eafe7e6049 req-c3bd3c7c-f2a6-4551-a6d6-ebde3d0e6be3 78192d89d84f47b2a6342baa3022270f a07e27f808c64688963d5f4003bb4121 - - default default] 10.0.0.1 "GET /v2.0/security-groups?id=742b837e-139b-43f6-afdc-42ff18eb8de8&fields=id&fields=name HTTP/1.1" status: 200 len: 286 time: 0.0672388
2026-05-12 12:37:27.411 9 INFO neutron.db.ovn_revision_numbers_db [req-1db9801e-587d-43c5-979c-26c949ecc37d req-6b92d367-0ca5-408a-8967-2dd94905320e 2fd3fec1df4d484eb413dee8fbb53e2b 9b5a54f26303430885f9f2b69292e723 - - a207f7a3574a4184a487d9be974e9da4 a207f7a3574a4184a487d9be974e9da4] Successfully bumped revision number for resource b11920ea-af10-4ff0-b439-60ba68f8466b (type: ports) to 2
2026-05-12 12:37:27.440 9 INFO neutron.wsgi [req-1db9801e-587d-43c5-979c-26c949ecc37d req-6b92d367-0ca5-408a-8967-2dd94905320e 2fd3fec1df4d484eb413dee8fbb53e2b 9b5a54f26303430885f9f2b69292e723 - - a207f7a3574a4184a487d9be974e9da4 a207f7a3574a4184a487d9be974e9da4] 199.19.213.244 "PUT /v2.0/ports/b11920ea-af10-4ff0-b439-60ba68f8466b HTTP/1.1" status: 200 len: 1376 time: 0.8318934
2026-05-12 12:37:27.491 9 INFO neutron.notifiers.nova [-] Nova event matching ['req-328b8744-eb5f-429f-8091-571b13c411eb'] response: {'name': 'network-changed', 'server_uuid': 'f3a08ab8-ae1c-4181-a423-5d35e7f913af', 'tag': 'b11920ea-af10-4ff0-b439-60ba68f8466b', 'status': 'completed', 'code': 200}
2026-05-12 12:37:27.553 9 INFO neutron.wsgi [req-1db9801e-587d-43c5-979c-26c949ecc37d req-46c17888-d51e-4107-b102-557109527415 2fd3fec1df4d484eb413dee8fbb53e2b 9b5a54f26303430885f9f2b69292e723 - - a207f7a3574a4184a487d9be974e9da4 a207f7a3574a4184a487d9be974e9da4] 199.19.213.244 "GET /v2.0/ports?tenant_id=a07e27f808c64688963d5f4003bb4121&device_id=f3a08ab8-ae1c-4181-a423-5d35e7f913af HTTP/1.1" status: 200 len: 1407 time: 0.0685449
2026-05-12 12:37:27.601 9 INFO neutron.wsgi [req-1db9801e-587d-43c5-979c-26c949ecc37d req-73a4e325-9e33-4f34-9838-03dfe0867d0a 2fd3fec1df4d484eb413dee8fbb53e2b 9b5a54f26303430885f9f2b69292e723 - - a207f7a3574a4184a487d9be974e9da4 a207f7a3574a4184a487d9be974e9da4] 199.19.213.244 "GET /v2.0/floatingips?fixed_ip_address=10.100.0.6&port_id=b11920ea-af10-4ff0-b439-60ba68f8466b HTTP/1.1" status: 200 len: 217 time: 0.0309310
2026-05-12 12:37:27.606 10 INFO neutron.db.ovn_revision_numbers_db [None req-87ee3511-f113-4cf1-87e6-ab9c74cb427d c77aa06b0635498f82a5ceee67eb4bed d77078083732434bbe52fab3bebeb961 - - default default] Successfully bumped revision number for resource 40b6173e-2b4b-4d27-97d7-157c710764d1 (type: ports) to 1
2026-05-12 12:37:27.665 9 INFO neutron.wsgi [req-1db9801e-587d-43c5-979c-26c949ecc37d req-63bfe2b1-5073-44fe-9b61-f94f1a03b37b 2fd3fec1df4d484eb413dee8fbb53e2b 9b5a54f26303430885f9f2b69292e723 - - a207f7a3574a4184a487d9be974e9da4 a207f7a3574a4184a487d9be974e9da4] 199.19.213.244 "GET /v2.0/subnets?id=40e7fbea-940f-40e9-9a5c-359be4106be1 HTTP/1.1" status: 200 len: 865 time: 0.0555105
2026-05-12 12:37:27.666 10 WARNING neutron.scheduler.dhcp_agent_scheduler [None req-87ee3511-f113-4cf1-87e6-ab9c74cb427d c77aa06b0635498f82a5ceee67eb4bed d77078083732434bbe52fab3bebeb961 - - default default] No more DHCP agents
2026-05-12 12:37:27.667 10 WARNING neutron.api.rpc.agentnotifiers.dhcp_rpc_agent_api [None req-87ee3511-f113-4cf1-87e6-ab9c74cb427d c77aa06b0635498f82a5ceee67eb4bed d77078083732434bbe52fab3bebeb961 - - default default] Unable to schedule network 94d8860c-fbf9-43bc-af47-cd44ec3b3d33: no agents available; will retry on subsequent port and subnet creation events.
2026-05-12 12:37:27.709 9 INFO neutron.wsgi [req-1db9801e-587d-43c5-979c-26c949ecc37d req-fd40f8f5-ff77-49b5-843e-7ed44e22650a 2fd3fec1df4d484eb413dee8fbb53e2b 9b5a54f26303430885f9f2b69292e723 - - a207f7a3574a4184a487d9be974e9da4 a207f7a3574a4184a487d9be974e9da4] 199.19.213.244 "GET /v2.0/ports?network_id=a83c7a48-8137-4360-adeb-42d1a99b733f&device_owner=network%3Adhcp HTTP/1.1" status: 200 len: 210 time: 0.0368416
2026-05-12 12:37:27.794 9 INFO neutron.wsgi [req-1db9801e-587d-43c5-979c-26c949ecc37d req-4288215f-b240-4d85-893a-dec39ae750e1 2fd3fec1df4d484eb413dee8fbb53e2b 9b5a54f26303430885f9f2b69292e723 - - a207f7a3574a4184a487d9be974e9da4 a207f7a3574a4184a487d9be974e9da4] 199.19.213.244 "GET /v2.0/networks/a83c7a48-8137-4360-adeb-42d1a99b733f?fields=segments HTTP/1.1" status: 200 len: 212 time: 0.0760729
2026-05-12 12:37:27.794 9 INFO neutron.db.ovn_revision_numbers_db [None req-ca27ef9f-9455-4702-a107-3bdae08ab7dd - - - - - -] Successfully bumped revision number for resource 60a13a07-67f3-40be-99ae-7e924ee81b6f (type: ports) to 2
2026-05-12 12:37:27.894 9 INFO neutron.wsgi [req-1db9801e-587d-43c5-979c-26c949ecc37d req-99bc78ff-5f6f-4efc-a04c-c24f0fc0f38b 2fd3fec1df4d484eb413dee8fbb53e2b 9b5a54f26303430885f9f2b69292e723 - - a207f7a3574a4184a487d9be974e9da4 a207f7a3574a4184a487d9be974e9da4] 199.19.213.244 "GET /v2.0/networks/a83c7a48-8137-4360-adeb-42d1a99b733f?fields=provider%3Aphysical_network&fields=provider%3Anetwork_type HTTP/1.1" status: 200 len: 277 time: 0.0925357
2026-05-12 12:37:27.990 9 INFO neutron.wsgi [req-50effa99-7f03-43f7-bcfb-bd465816c82b req-2a64e711-6372-4099-9143-8bba4b83e818 2fd3fec1df4d484eb413dee8fbb53e2b 9b5a54f26303430885f9f2b69292e723 - - a207f7a3574a4184a487d9be974e9da4 a207f7a3574a4184a487d9be974e9da4] 199.19.213.244 "GET /v2.0/ports?tenant_id=a07e27f808c64688963d5f4003bb4121&device_id=f3a08ab8-ae1c-4181-a423-5d35e7f913af HTTP/1.1" status: 200 len: 1407 time: 0.0526135
2026-05-12 12:37:27.998 9 INFO neutron.db.ovn_revision_numbers_db [None req-ca27ef9f-9455-4702-a107-3bdae08ab7dd - - - - - -] Successfully bumped revision number for resource 60a13a07-67f3-40be-99ae-7e924ee81b6f (type: router_ports) to 2
2026-05-12 12:37:28.007 10 INFO neutron.db.ovn_revision_numbers_db [None req-87ee3511-f113-4cf1-87e6-ab9c74cb427d c77aa06b0635498f82a5ceee67eb4bed d77078083732434bbe52fab3bebeb961 - - default default] Successfully bumped revision number for resource 40b6173e-2b4b-4d27-97d7-157c710764d1 (type: router_ports) to 1
2026-05-12 12:37:28.013 10 INFO neutron.wsgi [None req-87ee3511-f113-4cf1-87e6-ab9c74cb427d c77aa06b0635498f82a5ceee67eb4bed d77078083732434bbe52fab3bebeb961 - - default default] 10.0.0.120 "PUT /v2.0/routers/e0356dfb-b73d-424e-8bb4-42a68d811de4/add_router_interface HTTP/1.1" status: 200 len: 503 time: 2.6304529
2026-05-12 12:37:28.077 9 INFO neutron.wsgi [req-50effa99-7f03-43f7-bcfb-bd465816c82b req-ff4119bf-7bf3-4570-a63b-2cb6682a8a45 2fd3fec1df4d484eb413dee8fbb53e2b 9b5a54f26303430885f9f2b69292e723 - - a207f7a3574a4184a487d9be974e9da4 a207f7a3574a4184a487d9be974e9da4] 199.19.213.244 "GET /v2.0/networks?id=a83c7a48-8137-4360-adeb-42d1a99b733f HTTP/1.1" status: 200 len: 970 time: 0.0791430
2026-05-12 12:37:28.111 10 INFO neutron.plugins.ml2.drivers.ovn.mech_driver.mech_driver [None req-6965b009-2ce0-43fd-adff-4ceaae18830f - - - - - -] OVN reports status up for port: b11920ea-af10-4ff0-b439-60ba68f8466b
2026-05-12 12:37:28.129 9 INFO neutron.wsgi [req-50effa99-7f03-43f7-bcfb-bd465816c82b req-2da48843-0c62-44b1-ae66-633ee463a61e 2fd3fec1df4d484eb413dee8fbb53e2b 9b5a54f26303430885f9f2b69292e723 - - a207f7a3574a4184a487d9be974e9da4 a207f7a3574a4184a487d9be974e9da4] 199.19.213.244 "GET /v2.0/floatingips?fixed_ip_address=10.100.0.6&port_id=b11920ea-af10-4ff0-b439-60ba68f8466b HTTP/1.1" status: 200 len: 217 time: 0.0443027
2026-05-12 12:37:28.164 10 INFO neutron.plugins.ml2.plugin [None req-6965b009-2ce0-43fd-adff-4ceaae18830f - - - - - -] Attempt 1 to provision port b11920ea-af10-4ff0-b439-60ba68f8466b
2026-05-12 12:37:28.165 9 INFO neutron.wsgi [req-50effa99-7f03-43f7-bcfb-bd465816c82b req-7c6c5712-6f21-4ddf-960f-4712e4dcad0d 2fd3fec1df4d484eb413dee8fbb53e2b 9b5a54f26303430885f9f2b69292e723 - - a207f7a3574a4184a487d9be974e9da4 a207f7a3574a4184a487d9be974e9da4] 199.19.213.244 "GET /v2.0/subnets?id=40e7fbea-940f-40e9-9a5c-359be4106be1 HTTP/1.1" status: 200 len: 865 time: 0.0305927
2026-05-12 12:37:28.199 9 INFO neutron.wsgi [req-50effa99-7f03-43f7-bcfb-bd465816c82b req-3274ba95-5cca-4b8e-a654-7ddfae30c6fc 2fd3fec1df4d484eb413dee8fbb53e2b 9b5a54f26303430885f9f2b69292e723 - - a207f7a3574a4184a487d9be974e9da4 a207f7a3574a4184a487d9be974e9da4] 199.19.213.244 "GET /v2.0/ports?network_id=a83c7a48-8137-4360-adeb-42d1a99b733f&device_owner=network%3Adhcp HTTP/1.1" status: 200 len: 210 time: 0.0227048
2026-05-12 12:37:28.275 9 INFO neutron.wsgi [req-50effa99-7f03-43f7-bcfb-bd465816c82b req-753d75fe-27d7-4af9-a89f-59df032f98c7 2fd3fec1df4d484eb413dee8fbb53e2b 9b5a54f26303430885f9f2b69292e723 - - a207f7a3574a4184a487d9be974e9da4 a207f7a3574a4184a487d9be974e9da4] 199.19.213.244 "GET /v2.0/networks/a83c7a48-8137-4360-adeb-42d1a99b733f?fields=segments HTTP/1.1" status: 200 len: 212 time: 0.0705483
2026-05-12 12:37:28.343 9 INFO neutron.wsgi [req-50effa99-7f03-43f7-bcfb-bd465816c82b req-b8648c8a-0606-403b-9606-565852e37a34 2fd3fec1df4d484eb413dee8fbb53e2b 9b5a54f26303430885f9f2b69292e723 - - a207f7a3574a4184a487d9be974e9da4 a207f7a3574a4184a487d9be974e9da4] 199.19.213.244 "GET /v2.0/networks/a83c7a48-8137-4360-adeb-42d1a99b733f?fields=provider%3Aphysical_network&fields=provider%3Anetwork_type HTTP/1.1" status: 200 len: 277 time: 0.0577047
2026-05-12 12:37:28.409 10 INFO neutron.notifiers.nova [-] Nova event matching ['req-fdc395ab-0caa-46ef-912b-dbb39ff310e1'] response: {'server_uuid': 'f3a08ab8-ae1c-4181-a423-5d35e7f913af', 'name': 'network-vif-plugged', 'status': 'completed', 'tag': 'b11920ea-af10-4ff0-b439-60ba68f8466b', 'code': 200}
2026-05-12 12:37:28.523 10 INFO neutron.wsgi [req-87fc1c58-c6d8-4281-8cb5-e5b8c1dae8f7 req-2e83e8ac-93b8-433e-9779-084f0982a41f 78192d89d84f47b2a6342baa3022270f a07e27f808c64688963d5f4003bb4121 - - default default] 10.0.0.1 "GET /v2.0/ports?device_id=f3a08ab8-ae1c-4181-a423-5d35e7f913af HTTP/1.1" status: 200 len: 1170 time: 0.0514152
2026-05-12 12:37:28.538 9 INFO neutron.wsgi [-] 10.0.0.184 "GET / HTTP/1.1" status: 200 len: 247 time: 0.0026295
2026-05-12 12:37:28.541 9 INFO neutron.wsgi [-] 10.0.0.184 "GET / HTTP/1.1" status: 200 len: 247 time: 0.0020759
2026-05-12 12:37:28.617 10 INFO neutron.wsgi [req-87fc1c58-c6d8-4281-8cb5-e5b8c1dae8f7 req-7ceee1f7-bf37-4cff-8577-a943e0eead9a 78192d89d84f47b2a6342baa3022270f a07e27f808c64688963d5f4003bb4121 - - default default] 10.0.0.1 "GET /v2.0/security-groups?id=742b837e-139b-43f6-afdc-42ff18eb8de8&fields=id&fields=name HTTP/1.1" status: 200 len: 286 time: 0.0782943
2026-05-12 12:37:28.720 10 INFO neutron.db.ovn_revision_numbers_db [None req-6965b009-2ce0-43fd-adff-4ceaae18830f - - - - - -] Successfully bumped revision number for resource b11920ea-af10-4ff0-b439-60ba68f8466b (type: ports) to 4
2026-05-12 12:37:28.871 10 WARNING neutron.scheduler.dhcp_agent_scheduler [None req-913bd2f2-ff5c-419a-a397-d0bc38582341 1f8996410010404cae018f745e0fcb30 bb481fe4acce44339b78d9db76ad36c1 - - default default] No more DHCP agents
2026-05-12 12:37:28.873 10 WARNING neutron.api.rpc.agentnotifiers.dhcp_rpc_agent_api [None req-913bd2f2-ff5c-419a-a397-d0bc38582341 1f8996410010404cae018f745e0fcb30 bb481fe4acce44339b78d9db76ad36c1 - - default default] Unable to schedule network 110dc62a-4dd9-4f3d-b334-a5f1ef86a5c0: no agents available; will retry on subsequent port and subnet creation events.
2026-05-12 12:37:29.114 10 INFO neutron.db.ovn_revision_numbers_db [None req-913bd2f2-ff5c-419a-a397-d0bc38582341 1f8996410010404cae018f745e0fcb30 bb481fe4acce44339b78d9db76ad36c1 - - default default] Successfully bumped revision number for resource 5a18f1bb-9b97-428c-b977-7c6e849eed65 (type: ports) to 1
2026-05-12 12:37:29.360 10 INFO neutron.db.ovn_revision_numbers_db [None req-913bd2f2-ff5c-419a-a397-d0bc38582341 1f8996410010404cae018f745e0fcb30 bb481fe4acce44339b78d9db76ad36c1 - - default default] Successfully bumped revision number for resource 5a18f1bb-9b97-428c-b977-7c6e849eed65 (type: ports) to 1
2026-05-12 12:37:29.417 10 INFO neutron.db.segments_db [None req-913bd2f2-ff5c-419a-a397-d0bc38582341 1f8996410010404cae018f745e0fcb30 bb481fe4acce44339b78d9db76ad36c1 - - default default] Added segment 0baf77aa-9043-48ad-ace4-c206c1d4d928 of type geneve for network c2163423-29db-4118-b607-7337677b572f
2026-05-12 12:37:29.564 10 INFO neutron.db.ovn_revision_numbers_db [None req-913bd2f2-ff5c-419a-a397-d0bc38582341 1f8996410010404cae018f745e0fcb30 bb481fe4acce44339b78d9db76ad36c1 - - default default] Successfully bumped revision number for resource c2163423-29db-4118-b607-7337677b572f (type: networks) to 1
2026-05-12 12:37:29.708 10 WARNING neutron.scheduler.dhcp_agent_scheduler [None req-913bd2f2-ff5c-419a-a397-d0bc38582341 1f8996410010404cae018f745e0fcb30 bb481fe4acce44339b78d9db76ad36c1 - - default default] No more DHCP agents
2026-05-12 12:37:29.711 10 WARNING neutron.api.rpc.agentnotifiers.dhcp_rpc_agent_api [None req-913bd2f2-ff5c-419a-a397-d0bc38582341 1f8996410010404cae018f745e0fcb30 bb481fe4acce44339b78d9db76ad36c1 - - default default] Unable to schedule network c2163423-29db-4118-b607-7337677b572f: no agents available; will retry on subsequent port and subnet creation events.
2026-05-12 12:37:29.760 9 INFO neutron.wsgi [req-c3d172b4-564b-41dd-a12a-d948e0510305 req-b328d2b4-6371-498a-9d6b-fb464b392ea4 78192d89d84f47b2a6342baa3022270f a07e27f808c64688963d5f4003bb4121 - - default default] 10.0.0.1 "GET /v2.0/ports?device_id=f3a08ab8-ae1c-4181-a423-5d35e7f913af HTTP/1.1" status: 200 len: 1170 time: 0.0589371
2026-05-12 12:37:29.811 10 INFO neutron.db.ovn_revision_numbers_db [None req-913bd2f2-ff5c-419a-a397-d0bc38582341 1f8996410010404cae018f745e0fcb30 bb481fe4acce44339b78d9db76ad36c1 - - default default] Successfully bumped revision number for resource b8e9748a-58b2-44c8-ad5d-6fe1376c1cf9 (type: ports) to 1
2026-05-12 12:37:29.815 9 INFO neutron.wsgi [req-c3d172b4-564b-41dd-a12a-d948e0510305 req-56ef4e0b-1b10-47da-b344-2b858ee0a25c 78192d89d84f47b2a6342baa3022270f a07e27f808c64688963d5f4003bb4121 - - default default] 10.0.0.1 "GET /v2.0/security-groups?id=742b837e-139b-43f6-afdc-42ff18eb8de8&fields=id&fields=name HTTP/1.1" status: 200 len: 286 time: 0.0425208
