2026-05-12 12:37:30.009 10 WARNING neutron.scheduler.dhcp_agent_scheduler [None req-913bd2f2-ff5c-419a-a397-d0bc38582341 1f8996410010404cae018f745e0fcb30 bb481fe4acce44339b78d9db76ad36c1 - - default default] No more DHCP agents
2026-05-12 12:37:30.012 10 WARNING neutron.api.rpc.agentnotifiers.dhcp_rpc_agent_api [None req-913bd2f2-ff5c-419a-a397-d0bc38582341 1f8996410010404cae018f745e0fcb30 bb481fe4acce44339b78d9db76ad36c1 - - default default] Unable to schedule network c2163423-29db-4118-b607-7337677b572f: no agents available; will retry on subsequent port and subnet creation events.
2026-05-12 12:37:30.036 10 INFO neutron.db.ovn_revision_numbers_db [None req-913bd2f2-ff5c-419a-a397-d0bc38582341 1f8996410010404cae018f745e0fcb30 bb481fe4acce44339b78d9db76ad36c1 - - default default] Successfully bumped revision number for resource 6e376edf-44a6-4cf4-b8ad-319aac0aafdf (type: subnets) to 0
2026-05-12 12:37:30.408 9 INFO neutron.wsgi [req-628de204-6e36-4364-9542-b8e62ce71783 req-1797b183-7677-4385-a3c4-6f7f95ae7de3 78192d89d84f47b2a6342baa3022270f a07e27f808c64688963d5f4003bb4121 - - default default] 10.0.0.1 "GET /v2.0/ports?device_id=f3a08ab8-ae1c-4181-a423-5d35e7f913af HTTP/1.1" status: 200 len: 1170 time: 0.0717018
2026-05-12 12:37:30.483 9 INFO neutron.wsgi [req-628de204-6e36-4364-9542-b8e62ce71783 req-29dd7141-822c-42d6-a3e7-fe4d59e7c28f 78192d89d84f47b2a6342baa3022270f a07e27f808c64688963d5f4003bb4121 - - default default] 10.0.0.1 "GET /v2.0/security-groups?id=742b837e-139b-43f6-afdc-42ff18eb8de8&fields=id&fields=name HTTP/1.1" status: 200 len: 286 time: 0.0684128
2026-05-12 12:37:30.501 10 INFO neutron.plugins.ml2.drivers.ovn.mech_driver.mech_driver [None req-6965b009-2ce0-43fd-adff-4ceaae18830f - - - - - -] OVN reports status down for port: b11920ea-af10-4ff0-b439-60ba68f8466b
2026-05-12 12:37:30.552 10 INFO neutron.notifiers.nova [-] Nova event matching ['req-92efe0c9-155f-4c5f-bd37-5fc64af18152'] response: {'server_uuid': 'f3a08ab8-ae1c-4181-a423-5d35e7f913af', 'name': 'network-vif-plugged', 'status': 'completed', 'tag': 'b11920ea-af10-4ff0-b439-60ba68f8466b', 'code': 200}
2026-05-12 12:37:30.709 9 INFO neutron.wsgi [req-0a60cbf1-030f-4155-8b11-671b24ebc22b req-48185348-9f09-46f2-8f59-3a12f63822d5 78192d89d84f47b2a6342baa3022270f a07e27f808c64688963d5f4003bb4121 - - default default] 199.19.213.244 "GET /v2.0/ports?device_id=f3a08ab8-ae1c-4181-a423-5d35e7f913af HTTP/1.1" status: 200 len: 1168 time: 0.0427721
2026-05-12 12:37:30.834 10 WARNING neutron.scheduler.dhcp_agent_scheduler [None req-913bd2f2-ff5c-419a-a397-d0bc38582341 1f8996410010404cae018f745e0fcb30 bb481fe4acce44339b78d9db76ad36c1 - - default default] No more DHCP agents
2026-05-12 12:37:30.840 10 WARNING neutron.api.rpc.agentnotifiers.dhcp_rpc_agent_api [None req-913bd2f2-ff5c-419a-a397-d0bc38582341 1f8996410010404cae018f745e0fcb30 bb481fe4acce44339b78d9db76ad36c1 - - default default] Unable to schedule network c2163423-29db-4118-b607-7337677b572f: no agents available; will retry on subsequent port and subnet creation events.
2026-05-12 12:37:30.936 10 INFO neutron.db.ovn_revision_numbers_db [None req-6965b009-2ce0-43fd-adff-4ceaae18830f - - - - - -] Successfully bumped revision number for resource b11920ea-af10-4ff0-b439-60ba68f8466b (type: ports) to 5
2026-05-12 12:37:31.027 9 INFO neutron.wsgi [req-0a60cbf1-030f-4155-8b11-671b24ebc22b req-024441b6-a93d-4699-9689-5546d1c6c406 78192d89d84f47b2a6342baa3022270f a07e27f808c64688963d5f4003bb4121 - - default default] 199.19.213.244 "DELETE /v2.0/ports/b11920ea-af10-4ff0-b439-60ba68f8466b HTTP/1.1" status: 204 len: 173 time: 0.3131425
2026-05-12 12:37:31.036 10 INFO neutron.db.ovn_revision_numbers_db [None req-913bd2f2-ff5c-419a-a397-d0bc38582341 1f8996410010404cae018f745e0fcb30 bb481fe4acce44339b78d9db76ad36c1 - - default default] Successfully bumped revision number for resource 007d5609-6a81-41c6-ae62-b44f1f0be305 (type: ports) to 1
2026-05-12 12:37:31.072 9 INFO neutron.notifiers.nova [-] Nova event matching ['req-6e41150f-d8e8-4797-a000-4238844591cb'] response: {'server_uuid': 'f3a08ab8-ae1c-4181-a423-5d35e7f913af', 'name': 'network-vif-deleted', 'tag': 'b11920ea-af10-4ff0-b439-60ba68f8466b', 'status': 'completed', 'code': 200}
2026-05-12 12:37:31.560 10 ERROR ovsdbapp.backend.ovs_idl.command [None req-913bd2f2-ff5c-419a-a397-d0bc38582341 1f8996410010404cae018f745e0fcb30 bb481fe4acce44339b78d9db76ad36c1 - - default default] Error executing command (DbGetCommand): ovsdbapp.backend.ovs_idl.idlutils.RowNotFound: Cannot find Logical_Router_Port with name=lrp-007d5609-6a81-41c6-ae62-b44f1f0be305
2026-05-12 12:37:31.560 10 ERROR ovsdbapp.backend.ovs_idl.command
Traceback (most recent call last):
2026-05-12 12:37:31.560 10 ERROR ovsdbapp.backend.ovs_idl.command
File "/var/lib/openstack/lib/python3.10/site-packages/ovsdbapp/backend/ovs_idl/command.py", line 47, in execute
2026-05-12 12:37:31.560 10 ERROR ovsdbapp.backend.ovs_idl.command self.run_idl(None)
2026-05-12 12:37:31.560 10 ERROR ovsdbapp.backend.ovs_idl.command
File "/var/lib/openstack/lib/python3.10/site-packages/ovsdbapp/backend/ovs_idl/command.py", line 235, in run_idl
2026-05-12 12:37:31.560 10 ERROR ovsdbapp.backend.ovs_idl.command record = self.api.lookup(self.table, self.record)
2026-05-12 12:37:31.560 10 ERROR ovsdbapp.backend.ovs_idl.command
File "/var/lib/openstack/lib/python3.10/site-packages/ovsdbapp/backend/ovs_idl/__init__.py", line 184, in lookup
2026-05-12 12:37:31.560 10 ERROR ovsdbapp.backend.ovs_idl.command return self._lookup(table, record)
2026-05-12 12:37:31.560 10 ERROR ovsdbapp.backend.ovs_idl.command
File "/var/lib/openstack/lib/python3.10/site-packages/ovsdbapp/backend/ovs_idl/__init__.py", line 235, in _lookup
2026-05-12 12:37:31.560 10 ERROR ovsdbapp.backend.ovs_idl.command row = idlutils.row_by_value(self, rl.table, rl.column, record)
2026-05-12 12:37:31.560 10 ERROR ovsdbapp.backend.ovs_idl.command
File "/var/lib/openstack/lib/python3.10/site-packages/ovsdbapp/backend/ovs_idl/idlutils.py", line 114, in row_by_value
2026-05-12 12:37:31.560 10 ERROR ovsdbapp.backend.ovs_idl.command raise RowNotFound(table=table, col=column, match=match)
2026-05-12 12:37:31.560 10 ERROR ovsdbapp.backend.ovs_idl.command ovsdbapp.backend.ovs_idl.idlutils.RowNotFound: Cannot find Logical_Router_Port with name=lrp-007d5609-6a81-41c6-ae62-b44f1f0be305
2026-05-12 12:37:31.560 10 ERROR ovsdbapp.backend.ovs_idl.command 
2026-05-12 12:37:31.560 10 ERROR neutron_lib.callbacks.manager [None req-913bd2f2-ff5c-419a-a397-d0bc38582341 1f8996410010404cae018f745e0fcb30 bb481fe4acce44339b78d9db76ad36c1 - - default default] Error during notification for neutron.services.ovn_l3.plugin.OVNL3RouterPlugin._port_update-8770818979567 port, after_update: ovsdbapp.backend.ovs_idl.idlutils.RowNotFound: Cannot find Logical_Router_Port with name=lrp-007d5609-6a81-41c6-ae62-b44f1f0be305
2026-05-12 12:37:31.560 10 ERROR neutron_lib.callbacks.manager
Traceback (most recent call last):
2026-05-12 12:37:31.560 10 ERROR neutron_lib.callbacks.manager
File "/var/lib/openstack/lib/python3.10/site-packages/neutron_lib/callbacks/manager.py", line 189, in _notify_loop
2026-05-12 12:37:31.560 10 ERROR neutron_lib.callbacks.manager callback.method(resource, event, trigger, payload=payload)
2026-05-12 12:37:31.560 10 ERROR neutron_lib.callbacks.manager
File "/var/lib/openstack/lib/python3.10/site-packages/neutron/services/ovn_l3/plugin.py", line 391, in _port_update
2026-05-12 12:37:31.560 10 ERROR neutron_lib.callbacks.manager l3plugin._ovn_client.update_router_port(context,
2026-05-12 12:37:31.560 10 ERROR neutron_lib.callbacks.manager
File "/var/lib/openstack/lib/python3.10/site-packages/neutron/plugins/ml2/drivers/ovn/mech_driver/ovsdb/ovn_client.py", line 1878, in update_router_port
2026-05-12 12:37:31.560 10 ERROR neutron_lib.callbacks.manager self._update_lrouter_port(context, port, if_exists=if_exists,
2026-05-12 12:37:31.560 10 ERROR neutron_lib.callbacks.manager
File "/var/lib/openstack/lib/python3.10/site-packages/neutron/plugins/ml2/drivers/ovn/mech_driver/ovsdb/ovn_client.py", line 1855, in _update_lrouter_port
2026-05-12 12:37:31.560 10 ERROR neutron_lib.callbacks.manager external_ids = self._nb_idl.db_get(
2026-05-12 12:37:31.560 10 ERROR neutron_lib.callbacks.manager
File "/var/lib/openstack/lib/python3.10/site-packages/ovsdbapp/backend/ovs_idl/command.py", line 47, in execute
2026-05-12 12:37:31.560 10 ERROR neutron_lib.callbacks.manager self.run_idl(None)
2026-05-12 12:37:31.560 10 ERROR neutron_lib.callbacks.manager
File "/var/lib/openstack/lib/python3.10/site-packages/ovsdbapp/backend/ovs_idl/command.py", line 235, in run_idl
2026-05-12 12:37:31.560 10 ERROR neutron_lib.callbacks.manager record = self.api.lookup(self.table, self.record)
2026-05-12 12:37:31.560 10 ERROR neutron_lib.callbacks.manager
File "/var/lib/openstack/lib/python3.10/site-packages/ovsdbapp/backend/ovs_idl/__init__.py", line 184, in lookup
2026-05-12 12:37:31.560 10 ERROR neutron_lib.callbacks.manager return self._lookup(table, record)
2026-05-12 12:37:31.560 10 ERROR neutron_lib.callbacks.manager
File "/var/lib/openstack/lib/python3.10/site-packages/ovsdbapp/backend/ovs_idl/__init__.py", line 235, in _lookup
2026-05-12 12:37:31.560 10 ERROR neutron_lib.callbacks.manager row = idlutils.row_by_value(self, rl.table, rl.column, record)
2026-05-12 12:37:31.560 10 ERROR neutron_lib.callbacks.manager
File "/var/lib/openstack/lib/python3.10/site-packages/ovsdbapp/backend/ovs_idl/idlutils.py", line 114, in row_by_value
2026-05-12 12:37:31.560 10 ERROR neutron_lib.callbacks.manager raise RowNotFound(table=table, col=column, match=match)
2026-05-12 12:37:31.560 10 ERROR neutron_lib.callbacks.manager ovsdbapp.backend.ovs_idl.idlutils.RowNotFound: Cannot find Logical_Router_Port with name=lrp-007d5609-6a81-41c6-ae62-b44f1f0be305
2026-05-12 12:37:31.560 10 ERROR neutron_lib.callbacks.manager 
2026-05-12 12:37:31.750 10 INFO neutron.plugins.ml2.drivers.ovn.mech_driver.mech_driver [None req-6965b009-2ce0-43fd-adff-4ceaae18830f - - - - - -] OVN reports status up for port: 007d5609-6a81-41c6-ae62-b44f1f0be305
2026-05-12 12:37:31.763 10 INFO neutron.plugins.ml2.plugin [None req-6965b009-2ce0-43fd-adff-4ceaae18830f - - - - - -] Attempt 1 to provision port 007d5609-6a81-41c6-ae62-b44f1f0be305
2026-05-12 12:37:31.781 10 INFO neutron.db.ovn_revision_numbers_db [None req-913bd2f2-ff5c-419a-a397-d0bc38582341 1f8996410010404cae018f745e0fcb30 bb481fe4acce44339b78d9db76ad36c1 - - default default] Successfully bumped revision number for resource 007d5609-6a81-41c6-ae62-b44f1f0be305 (type: ports) to 1
2026-05-12 12:37:31.853 10 WARNING neutron.scheduler.dhcp_agent_scheduler [None req-913bd2f2-ff5c-419a-a397-d0bc38582341 1f8996410010404cae018f745e0fcb30 bb481fe4acce44339b78d9db76ad36c1 - - default default] No more DHCP agents
2026-05-12 12:37:31.855 10 WARNING neutron.api.rpc.agentnotifiers.dhcp_rpc_agent_api [None req-913bd2f2-ff5c-419a-a397-d0bc38582341 1f8996410010404cae018f745e0fcb30 bb481fe4acce44339b78d9db76ad36c1 - - default default] Unable to schedule network c2163423-29db-4118-b607-7337677b572f: no agents available; will retry on subsequent port and subnet creation events.
2026-05-12 12:37:32.306 10 INFO neutron.db.ovn_revision_numbers_db [None req-6965b009-2ce0-43fd-adff-4ceaae18830f - - - - - -] Successfully bumped revision number for resource 007d5609-6a81-41c6-ae62-b44f1f0be305 (type: ports) to 2
2026-05-12 12:37:32.671 10 INFO neutron.notifiers.nova [-] Nova event matching ['req-e1a5fc10-8507-40eb-87b8-9755e8b12077'] response: {'server_uuid': 'f3a08ab8-ae1c-4181-a423-5d35e7f913af', 'name': 'network-vif-unplugged', 'status': 'completed', 'tag': 'b11920ea-af10-4ff0-b439-60ba68f8466b', 'code': 200}
2026-05-12 12:37:32.672 10 INFO neutron.notifiers.nova [-] Nova event matching ['req-e1a5fc10-8507-40eb-87b8-9755e8b12077'] response: {'server_uuid': 'f3a08ab8-ae1c-4181-a423-5d35e7f913af', 'name': 'network-vif-unplugged', 'status': 'completed', 'tag': 'b11920ea-af10-4ff0-b439-60ba68f8466b', 'code': 200}
2026-05-12 12:37:32.721 10 ERROR ovsdbapp.backend.ovs_idl.command [None req-6965b009-2ce0-43fd-adff-4ceaae18830f - - - - - -] Error executing command (DbGetCommand): ovsdbapp.backend.ovs_idl.idlutils.RowNotFound: Cannot find Logical_Router_Port with name=lrp-007d5609-6a81-41c6-ae62-b44f1f0be305
2026-05-12 12:37:32.721 10 ERROR ovsdbapp.backend.ovs_idl.command
Traceback (most recent call last):
2026-05-12 12:37:32.721 10 ERROR ovsdbapp.backend.ovs_idl.command
File "/var/lib/openstack/lib/python3.10/site-packages/ovsdbapp/backend/ovs_idl/command.py", line 47, in execute
2026-05-12 12:37:32.721 10 ERROR ovsdbapp.backend.ovs_idl.command self.run_idl(None)
2026-05-12 12:37:32.721 10 ERROR ovsdbapp.backend.ovs_idl.command
File "/var/lib/openstack/lib/python3.10/site-packages/ovsdbapp/backend/ovs_idl/command.py", line 235, in run_idl
2026-05-12 12:37:32.721 10 ERROR ovsdbapp.backend.ovs_idl.command record = self.api.lookup(self.table, self.record)
2026-05-12 12:37:32.721 10 ERROR ovsdbapp.backend.ovs_idl.command
File "/var/lib/openstack/lib/python3.10/site-packages/ovsdbapp/backend/ovs_idl/__init__.py", line 184, in lookup
2026-05-12 12:37:32.721 10 ERROR ovsdbapp.backend.ovs_idl.command return self._lookup(table, record)
2026-05-12 12:37:32.721 10 ERROR ovsdbapp.backend.ovs_idl.command
File "/var/lib/openstack/lib/python3.10/site-packages/ovsdbapp/backend/ovs_idl/__init__.py", line 235, in _lookup
2026-05-12 12:37:32.721 10 ERROR ovsdbapp.backend.ovs_idl.command row = idlutils.row_by_value(self, rl.table, rl.column, record)
2026-05-12 12:37:32.721 10 ERROR ovsdbapp.backend.ovs_idl.command
File "/var/lib/openstack/lib/python3.10/site-packages/ovsdbapp/backend/ovs_idl/idlutils.py", line 114, in row_by_value
2026-05-12 12:37:32.721 10 ERROR ovsdbapp.backend.ovs_idl.command raise RowNotFound(table=table, col=column, match=match)
2026-05-12 12:37:32.721 10 ERROR ovsdbapp.backend.ovs_idl.command ovsdbapp.backend.ovs_idl.idlutils.RowNotFound: Cannot find Logical_Router_Port with name=lrp-007d5609-6a81-41c6-ae62-b44f1f0be305
2026-05-12 12:37:32.721 10 ERROR ovsdbapp.backend.ovs_idl.command 
2026-05-12 12:37:32.721 10 ERROR neutron_lib.callbacks.manager [None req-6965b009-2ce0-43fd-adff-4ceaae18830f - - - - - -] Error during notification for neutron.services.ovn_l3.plugin.OVNL3RouterPlugin._port_update-8770818979567 port, after_update: ovsdbapp.backend.ovs_idl.idlutils.RowNotFound: Cannot find Logical_Router_Port with name=lrp-007d5609-6a81-41c6-ae62-b44f1f0be305
2026-05-12 12:37:32.721 10 ERROR neutron_lib.callbacks.manager
Traceback (most recent call last):
2026-05-12 12:37:32.721 10 ERROR neutron_lib.callbacks.manager
File "/var/lib/openstack/lib/python3.10/site-packages/neutron_lib/callbacks/manager.py", line 189, in _notify_loop
2026-05-12 12:37:32.721 10 ERROR neutron_lib.callbacks.manager callback.method(resource, event, trigger, payload=payload)
2026-05-12 12:37:32.721 10 ERROR neutron_lib.callbacks.manager
File "/var/lib/openstack/lib/python3.10/site-packages/neutron/services/ovn_l3/plugin.py", line 391, in _port_update
2026-05-12 12:37:32.721 10 ERROR neutron_lib.callbacks.manager l3plugin._ovn_client.update_router_port(context,
2026-05-12 12:37:32.721 10 ERROR neutron_lib.callbacks.manager
File "/var/lib/openstack/lib/python3.10/site-packages/neutron/plugins/ml2/drivers/ovn/mech_driver/ovsdb/ovn_client.py", line 1878, in update_router_port
2026-05-12 12:37:32.721 10 ERROR neutron_lib.callbacks.manager self._update_lrouter_port(context, port, if_exists=if_exists,
2026-05-12 12:37:32.721 10 ERROR neutron_lib.callbacks.manager
File "/var/lib/openstack/lib/python3.10/site-packages/neutron/plugins/ml2/drivers/ovn/mech_driver/ovsdb/ovn_client.py", line 1855, in _update_lrouter_port
2026-05-12 12:37:32.721 10 ERROR neutron_lib.callbacks.manager external_ids = self._nb_idl.db_get(
2026-05-12 12:37:32.721 10 ERROR neutron_lib.callbacks.manager
File "/var/lib/openstack/lib/python3.10/site-packages/ovsdbapp/backend/ovs_idl/command.py", line 47, in execute
2026-05-12 12:37:32.721 10 ERROR neutron_lib.callbacks.manager self.run_idl(None)
2026-05-12 12:37:32.721 10 ERROR neutron_lib.callbacks.manager
File "/var/lib/openstack/lib/python3.10/site-packages/ovsdbapp/backend/ovs_idl/command.py", line 235, in run_idl
2026-05-12 12:37:32.721 10 ERROR neutron_lib.callbacks.manager record = self.api.lookup(self.table, self.record)
2026-05-12 12:37:32.721 10 ERROR neutron_lib.callbacks.manager
File "/var/lib/openstack/lib/python3.10/site-packages/ovsdbapp/backend/ovs_idl/__init__.py", line 184, in lookup
2026-05-12 12:37:32.721 10 ERROR neutron_lib.callbacks.manager return self._lookup(table, record)
2026-05-12 12:37:32.721 10 ERROR neutron_lib.callbacks.manager
File "/var/lib/openstack/lib/python3.10/site-packages/ovsdbapp/backend/ovs_idl/__init__.py", line 235, in _lookup
2026-05-12 12:37:32.721 10 ERROR neutron_lib.callbacks.manager row = idlutils.row_by_value(self, rl.table, rl.column, record)
2026-05-12 12:37:32.721 10 ERROR neutron_lib.callbacks.manager
File "/var/lib/openstack/lib/python3.10/site-packages/ovsdbapp/backend/ovs_idl/idlutils.py", line 114, in row_by_value
2026-05-12 12:37:32.721 10 ERROR neutron_lib.callbacks.manager raise RowNotFound(table=table, col=column, match=match)
2026-05-12 12:37:32.721 10 ERROR neutron_lib.callbacks.manager ovsdbapp.backend.ovs_idl.idlutils.RowNotFound: Cannot find Logical_Router_Port with name=lrp-007d5609-6a81-41c6-ae62-b44f1f0be305
2026-05-12 12:37:32.721 10 ERROR neutron_lib.callbacks.manager 
2026-05-12 12:37:32.987 10 INFO neutron.db.ovn_revision_numbers_db [None req-913bd2f2-ff5c-419a-a397-d0bc38582341 1f8996410010404cae018f745e0fcb30 bb481fe4acce44339b78d9db76ad36c1 - - default default] Successfully bumped revision number for resource 007d5609-6a81-41c6-ae62-b44f1f0be305 (type: router_ports) to 1
2026-05-12 12:37:33.237 10 WARNING neutron.scheduler.dhcp_agent_scheduler [None req-51c48986-15de-4531-89db-cf9179a0147d - - - - - -] No more DHCP agents
2026-05-12 12:37:33.239 10 WARNING neutron.api.rpc.agentnotifiers.dhcp_rpc_agent_api [None req-51c48986-15de-4531-89db-cf9179a0147d - - - - - -] Unable to schedule network c2163423-29db-4118-b607-7337677b572f: no agents available; will retry on subsequent port and subnet creation events.
2026-05-12 12:37:33.401 10 INFO neutron.db.ovn_revision_numbers_db [None req-51c48986-15de-4531-89db-cf9179a0147d - - - - - -] Successfully bumped revision number for resource c4234db7-7ae1-4fdc-9321-eccb29ed0d68 (type: ports) to 1
2026-05-12 12:37:33.585 9 WARNING neutron.plugins.ml2.drivers.ovn.mech_driver.ovsdb.ovn_client [None req-ca27ef9f-9455-4702-a107-3bdae08ab7dd - - - - - -] No hosting information found for port 60a13a07-67f3-40be-99ae-7e924ee81b6f: RuntimeError: No hosting information found for port 60a13a07-67f3-40be-99ae-7e924ee81b6f
2026-05-12 12:37:33.585 9 INFO neutron.plugins.ml2.drivers.ovn.mech_driver.mech_driver [None req-ca27ef9f-9455-4702-a107-3bdae08ab7dd - - - - - -] OVN reports status up for port: b462f2d9-61a5-4409-ad0c-bc77746033bc
2026-05-12 12:37:33.606 9 INFO neutron.plugins.ml2.plugin [None req-ca27ef9f-9455-4702-a107-3bdae08ab7dd - - - - - -] Attempt 1 to provision port b462f2d9-61a5-4409-ad0c-bc77746033bc
2026-05-12 12:37:33.666 10 INFO neutron.db.ovn_revision_numbers_db [None req-51c48986-15de-4531-89db-cf9179a0147d - - - - - -] Successfully bumped revision number for resource c4234db7-7ae1-4fdc-9321-eccb29ed0d68 (type: ports) to 1
2026-05-12 12:37:33.886 10 INFO neutron.wsgi [None req-913bd2f2-ff5c-419a-a397-d0bc38582341 1f8996410010404cae018f745e0fcb30 bb481fe4acce44339b78d9db76ad36c1 - - default default] 10.0.0.120 "POST /v2.0/vpn/vpnservices HTTP/1.1" status: 201 len: 657 time: 5.8647323 /var/lib/openstack/lib/python3.10/site-packages/pycadf/identifier.py:71: UserWarning: Invalid uuid: neutron. To ensure interoperability, identifiers should be a valid uuid. warnings.warn(('Invalid uuid: %s. To ensure interoperability, '
2026-05-12 12:37:33.905 10 INFO neutron.wsgi [None req-ae216f94-72c0-410c-aa9a-db58986aecd2 c77aa06b0635498f82a5ceee67eb4bed d77078083732434bbe52fab3bebeb961 - - default default] 10.0.0.120 "GET /v2.0/vpn/vpnservices HTTP/1.1" status: 200 len: 1500 time: 0.0125911
2026-05-12 12:37:33.938 9 INFO neutron.db.ovn_revision_numbers_db [None req-ca27ef9f-9455-4702-a107-3bdae08ab7dd - - - - - -] Successfully bumped revision number for resource b462f2d9-61a5-4409-ad0c-bc77746033bc (type: ports) to 3
2026-05-12 12:37:34.083 9 INFO neutron.plugins.ml2.drivers.ovn.mech_driver.mech_driver [None req-ca27ef9f-9455-4702-a107-3bdae08ab7dd - - - - - -] OVN reports status up for port: f15ccd52-2e1c-4734-9d99-06dc495ef940
2026-05-12 12:37:34.097 9 INFO neutron.plugins.ml2.plugin [None req-ca27ef9f-9455-4702-a107-3bdae08ab7dd - - - - - -] Attempt 1 to provision port f15ccd52-2e1c-4734-9d99-06dc495ef940
2026-05-12 12:37:34.437 9 INFO neutron.db.ovn_revision_numbers_db [None req-ca27ef9f-9455-4702-a107-3bdae08ab7dd - - - - - -] Successfully bumped revision number for resource f15ccd52-2e1c-4734-9d99-06dc495ef940 (type: ports) to 3
2026-05-12 12:37:34.784 9 INFO neutron.wsgi [None req-9de52bc3-2e7d-4f3f-85d2-f0c0f2ab8109 3b0a0edda41f435d88d6ba8a74cace51 1888e6ea4bec4394803d2be1d04a8e95 - - default default] 10.0.0.120 "PUT /v2.0/routers/53a078f8-3e47-4b49-b882-62aaafbc7531/remove_router_interface HTTP/1.1" status: 200 len: 503 time: 2.0651104
2026-05-12 12:37:34.787 9 INFO neutron.plugins.ml2.drivers.ovn.mech_driver.mech_driver [None req-ca27ef9f-9455-4702-a107-3bdae08ab7dd - - - - - -] OVN reports status up for port: 2c0cf10a-e1f3-4eea-8c72-0bb3a114e59f
2026-05-12 12:37:34.793 9 INFO neutron.plugins.ml2.plugin [None req-ca27ef9f-9455-4702-a107-3bdae08ab7dd - - - - - -] Attempt 1 to provision port 2c0cf10a-e1f3-4eea-8c72-0bb3a114e59f
2026-05-12 12:37:36.067 10 INFO neutron.wsgi [None req-064bddb5-7df3-4f74-b330-0a0cf9acbf16 3b0a0edda41f435d88d6ba8a74cace51 1888e6ea4bec4394803d2be1d04a8e95 - - default default] 10.0.0.120 "DELETE /v2.0/routers/53a078f8-3e47-4b49-b882-62aaafbc7531 HTTP/1.1" status: 204 len: 168 time: 1.2779636 /var/lib/openstack/lib/python3.10/site-packages/pycadf/identifier.py:71: UserWarning: Invalid uuid: neutron. To ensure interoperability, identifiers should be a valid uuid. warnings.warn(('Invalid uuid: %s. To ensure interoperability, '
2026-05-12 12:37:36.290 9 INFO neutron.wsgi [None req-0c6dfc21-df64-495b-a1c8-a5cec009dae8 3b0a0edda41f435d88d6ba8a74cace51 1888e6ea4bec4394803d2be1d04a8e95 - - default default] 10.0.0.120 "DELETE /v2.0/subnets/40e7fbea-940f-40e9-9a5c-359be4106be1 HTTP/1.1" status: 204 len: 168 time: 0.2182944
2026-05-12 12:37:36.810 10 INFO neutron.services.segments.plugin [-] Segment 9bc8106b-5693-4f93-9091-22d80a38cc3c resource provider aggregate not found
2026-05-12 12:37:36.814 10 INFO neutron.services.segments.plugin [-] Segment 9bc8106b-5693-4f93-9091-22d80a38cc3c resource provider aggregate not found
2026-05-12 12:37:36.827 10 INFO neutron.services.segments.plugin [-] Segment 9bc8106b-5693-4f93-9091-22d80a38cc3c resource provider not found; error: Placement Client Error (4xx): {"errors": [{"status": 404, "title": "Not Found", "detail": "The resource could not be found.\n\n No resource provider with uuid 9bc8106b-5693-4f93-9091-22d80a38cc3c found for delete ", "request_id": "req-112b25e3-7094-47e7-a0a1-1c37895e69a4"}]}
2026-05-12 12:37:36.828 10 INFO neutron.services.segments.plugin [-] Segment 9bc8106b-5693-4f93-9091-22d80a38cc3c resource provider not found; error: Placement Client Error (4xx): {"errors": [{"status": 404, "title": "Not Found", "detail": "The resource could not be found.\n\n No resource provider with uuid 9bc8106b-5693-4f93-9091-22d80a38cc3c found for delete ", "request_id": "req-50575db9-553d-4961-a6e6-4b9c45dd639a"}]}
2026-05-12 12:37:36.853 10 INFO neutron.wsgi [None req-045ccd66-b372-476d-b03f-8f554cdafde2 3b0a0edda41f435d88d6ba8a74cace51 1888e6ea4bec4394803d2be1d04a8e95 - - default default] 10.0.0.120 "DELETE /v2.0/networks/a83c7a48-8137-4360-adeb-42d1a99b733f HTTP/1.1" status: 204 len: 168 time: 0.5566080
2026-05-12 12:37:37.017 10 INFO neutron.wsgi [None req-cc2fe221-f0a7-4f3b-9e7a-1524fbd7337b 1f8996410010404cae018f745e0fcb30 bb481fe4acce44339b78d9db76ad36c1 - - default default] 10.0.0.120 "DELETE /v2.0/vpn/vpnservices/6c765fe3-0071-41db-a9bd-e6bccd14bb50 HTTP/1.1" status: 204 len: 168 time: 3.1077695 /var/lib/openstack/lib/python3.10/site-packages/pycadf/identifier.py:71: UserWarning: Invalid uuid: neutron. To ensure interoperability, identifiers should be a valid uuid. warnings.warn(('Invalid uuid: %s. To ensure interoperability, '
2026-05-12 12:37:37.034 10 WARNING neutron_lib.context [None req-a0e43b8b-354a-4f90-bd56-0835ab4243fd c77aa06b0635498f82a5ceee67eb4bed d77078083732434bbe52fab3bebeb961 - - default default] Method 'is_advsvc' is deprecated since 2023.2 release (neutron-lib 3.8.0) and will be removed once support for the old RBAC API policies will be removed from Neutron. Please use method 'is_service_role' instead.
2026-05-12 12:37:37.085 10 INFO neutron.wsgi [None req-b38cb3f1-c818-4fd6-80ec-fc6c9566fcf0 3b0a0edda41f435d88d6ba8a74cace51 1888e6ea4bec4394803d2be1d04a8e95 - - default default] 10.0.0.120 "GET /v2.0/security-groups?tenant_id=a07e27f808c64688963d5f4003bb4121&name=default HTTP/1.1" status: 200 len: 3120 time: 0.0419526
2026-05-12 12:37:37.112 10 INFO neutron.wsgi [None req-a0e43b8b-354a-4f90-bd56-0835ab4243fd c77aa06b0635498f82a5ceee67eb4bed d77078083732434bbe52fab3bebeb961 - - default default] 10.0.0.120 "POST /v2.0/vpn/endpoint-groups HTTP/1.1" status: 201 len: 501 time: 0.0854900
2026-05-12 12:37:37.123 10 WARNING neutron_lib.context [None req-99b976e3-90c0-4d3d-b010-272c689fc6ec c77aa06b0635498f82a5ceee67eb4bed d77078083732434bbe52fab3bebeb961 - - default default] Method 'is_advsvc' is deprecated since 2023.2 release (neutron-lib 3.8.0) and will be removed once support for the old RBAC API policies will be removed from Neutron. Please use method 'is_service_role' instead.
2026-05-12 12:37:37.175 10 INFO neutron.wsgi [None req-99b976e3-90c0-4d3d-b010-272c689fc6ec c77aa06b0635498f82a5ceee67eb4bed d77078083732434bbe52fab3bebeb961 - - default default] 10.0.0.120 "POST /v2.0/vpn/endpoint-groups HTTP/1.1" status: 201 len: 492 time: 0.0573165
2026-05-12 12:37:37.187 10 WARNING neutron.api.v2.base [None req-1c0cf6f0-d137-4807-a4f6-3ca66e8e5a97 c77aa06b0635498f82a5ceee67eb4bed d77078083732434bbe52fab3bebeb961 - - default default] An exception happened while processing the request body. The exception message is [Unrecognized attribute(s) 'peer_cidr'].: webob.exc.HTTPBadRequest: Unrecognized attribute(s) 'peer_cidr'
2026-05-12 12:37:37.188 10 INFO neutron.api.v2.resource [None req-1c0cf6f0-d137-4807-a4f6-3ca66e8e5a97 c77aa06b0635498f82a5ceee67eb4bed d77078083732434bbe52fab3bebeb961 - - default default] create failed (client error): Unrecognized attribute(s) 'peer_cidr'
2026-05-12 12:37:37.188 10 INFO neutron.wsgi [None req-1c0cf6f0-d137-4807-a4f6-3ca66e8e5a97 c77aa06b0635498f82a5ceee67eb4bed d77078083732434bbe52fab3bebeb961 - - default default] 10.0.0.120 "POST /v2.0/vpn/ipsec-site-connections HTTP/1.1" status: 400 len: 313 time: 0.0051262
2026-05-12 12:37:37.206 9 INFO neutron.wsgi [None req-5f0072ab-8bf3-4ec6-ba22-4ae49e2a1900 c77aa06b0635498f82a5ceee67eb4bed d77078083732434bbe52fab3bebeb961 - - default default] 10.0.0.120 "GET /v2.0/vpn/endpoint-groups HTTP/1.1" status: 200 len: 1385 time: 0.0117638
2026-05-12 12:37:37.235 9 INFO neutron.wsgi [None req-4a618bd8-a4b0-4a62-902b-f7f7a2d27bab c77aa06b0635498f82a5ceee67eb4bed d77078083732434bbe52fab3bebeb961 - - default default] 10.0.0.120 "DELETE /v2.0/vpn/endpoint-groups/ba040df0-077c-437e-acf7-a14fffd5d737 HTTP/1.1" status: 204 len: 168 time: 0.0259376
2026-05-12 12:37:37.259 10 INFO neutron.wsgi [None req-1110367c-9a9b-4436-97bc-8d7c88e3f712 c77aa06b0635498f82a5ceee67eb4bed d77078083732434bbe52fab3bebeb961 - - default default] 10.0.0.120 "GET /v2.0/vpn/endpoint-groups HTTP/1.1" status: 200 len: 1109 time: 0.0185258
2026-05-12 12:37:37.275 10 INFO neutron.wsgi [None req-c03c28ac-cd40-4db2-83e7-626c698f0f54 c77aa06b0635498f82a5ceee67eb4bed d77078083732434bbe52fab3bebeb961 - - default default] 10.0.0.120 "GET /v2.0/vpn/endpoint-groups HTTP/1.1" status: 200 len: 1109 time: 0.0113645
2026-05-12 12:37:37.301 9 INFO neutron.wsgi [None req-172f3da8-e54d-4d8f-bff0-b89703f92ba3 c77aa06b0635498f82a5ceee67eb4bed d77078083732434bbe52fab3bebeb961 - - default default] 10.0.0.120 "DELETE /v2.0/vpn/endpoint-groups/d9825ddb-8964-4337-bf3d-bcfcfce64706 HTTP/1.1" status: 204 len: 168 time: 0.0198894
2026-05-12 12:37:37.307 9 INFO neutron.wsgi [None req-bd3eeb31-25c5-482b-8a1b-baf7e576a389 3b0a0edda41f435d88d6ba8a74cace51 1888e6ea4bec4394803d2be1d04a8e95 - - default default] 10.0.0.120 "DELETE /v2.0/security-groups/742b837e-139b-43f6-afdc-42ff18eb8de8 HTTP/1.1" status: 204 len: 168 time: 0.2178128
2026-05-12 12:37:37.320 10 INFO neutron.wsgi [None req-80760521-671f-4d6c-9ec7-1ab98ae9f414 c77aa06b0635498f82a5ceee67eb4bed d77078083732434bbe52fab3bebeb961 - - default default] 10.0.0.120 "GET /v2.0/vpn/endpoint-groups HTTP/1.1" status: 200 len: 825 time: 0.0125144
2026-05-12 12:37:37.332 10 WARNING neutron_lib.context [None req-b4e2f31b-72bd-4dcf-87d6-08c929e090e5 c77aa06b0635498f82a5ceee67eb4bed d77078083732434bbe52fab3bebeb961 - - default default] Method 'is_advsvc' is deprecated since 2023.2 release (neutron-lib 3.8.0) and will be removed once support for the old RBAC API policies will be removed from Neutron. Please use method 'is_service_role' instead.
2026-05-12 12:37:37.396 10 INFO neutron.wsgi [None req-b4e2f31b-72bd-4dcf-87d6-08c929e090e5 c77aa06b0635498f82a5ceee67eb4bed d77078083732434bbe52fab3bebeb961 - - default default] 10.0.0.120 "POST /v2.0/vpn/endpoint-groups HTTP/1.1" status: 201 len: 501 time: 0.0698164
2026-05-12 12:37:37.405 10 WARNING neutron_lib.context [None req-51f7de8e-8906-4eb0-b52f-b10d59266d6d c77aa06b0635498f82a5ceee67eb4bed d77078083732434bbe52fab3bebeb961 - - default default] Method 'is_advsvc' is deprecated since 2023.2 release (neutron-lib 3.8.0) and will be removed once support for the old RBAC API policies will be removed from Neutron. Please use method 'is_service_role' instead.
2026-05-12 12:37:37.440 10 INFO neutron.wsgi [None req-51f7de8e-8906-4eb0-b52f-b10d59266d6d c77aa06b0635498f82a5ceee67eb4bed d77078083732434bbe52fab3bebeb961 - - default default] 10.0.0.120 "POST /v2.0/vpn/endpoint-groups HTTP/1.1" status: 201 len: 492 time: 0.0401397
2026-05-12 12:37:37.449 10 WARNING neutron_lib.context [None req-a30badb0-3d9a-44b5-9134-62abb32f2da1 c77aa06b0635498f82a5ceee67eb4bed d77078083732434bbe52fab3bebeb961 - - default default] Method 'is_advsvc' is deprecated since 2023.2 release (neutron-lib 3.8.0) and will be removed once support for the old RBAC API policies will be removed from Neutron. Please use method 'is_service_role' instead.
2026-05-12 12:37:37.502 10 INFO neutron.api.v2.resource [None req-a30badb0-3d9a-44b5-9134-62abb32f2da1 c77aa06b0635498f82a5ceee67eb4bed d77078083732434bbe52fab3bebeb961 - - default default] create failed (client error): The server could not comply with the request since it is either malformed or otherwise incorrect.
2026-05-12 12:37:37.503 10 INFO neutron.wsgi [None req-a30badb0-3d9a-44b5-9134-62abb32f2da1 c77aa06b0635498f82a5ceee67eb4bed d77078083732434bbe52fab3bebeb961 - - default default] 10.0.0.120 "POST /v2.0/vpn/ipsec-site-connections HTTP/1.1" status: 400 len: 373 time: 0.0584481
2026-05-12 12:37:37.534 10 INFO neutron.wsgi [None req-0c56f652-2177-4342-acd9-d1b6609d9c2f c77aa06b0635498f82a5ceee67eb4bed d77078083732434bbe52fab3bebeb961 - - default default] 10.0.0.120 "GET /v2.0/vpn/endpoint-groups HTTP/1.1" status: 200 len: 1385 time: 0.0255489
2026-05-12 12:37:37.583 10 INFO neutron.wsgi [None req-091fc2fc-0e0b-4526-ad0d-3cc731afb374 c77aa06b0635498f82a5ceee67eb4bed d77078083732434bbe52fab3bebeb961 - - default default] 10.0.0.120 "DELETE /v2.0/vpn/endpoint-groups/83448f75-5ad1-4350-bba3-66a6273b376f HTTP/1.1" status: 204 len: 168 time: 0.0462596
2026-05-12 12:37:37.598 10 INFO neutron.wsgi [None req-4b4bce2e-1445-49af-8293-46f15da6ad1e c77aa06b0635498f82a5ceee67eb4bed d77078083732434bbe52fab3bebeb961 - - default default] 10.0.0.120 "GET /v2.0/vpn/endpoint-groups HTTP/1.1" status: 200 len: 1109 time: 0.0106144
2026-05-12 12:37:37.614 10 INFO neutron.wsgi [None req-44e1594e-a1c9-4837-b44d-845a119e1945 c77aa06b0635498f82a5ceee67eb4bed d77078083732434bbe52fab3bebeb961 - - default default] 10.0.0.120 "GET /v2.0/vpn/endpoint-groups HTTP/1.1" status: 200 len: 1109 time: 0.0107136
2026-05-12 12:37:37.645 10 INFO neutron.wsgi [None req-d646bd9e-f3da-4495-9fe9-8d1aa68067bd c77aa06b0635498f82a5ceee67eb4bed d77078083732434bbe52fab3bebeb961 - - default default] 10.0.0.120 "DELETE /v2.0/vpn/endpoint-groups/34d175cd-b813-4708-b3dc-d9d97dd2578c HTTP/1.1" status: 204 len: 168 time: 0.0257511
2026-05-12 12:37:37.662 10 INFO neutron.wsgi [None req-87eb686f-7fe5-45b9-ad94-ca3508451f3e c77aa06b0635498f82a5ceee67eb4bed d77078083732434bbe52fab3bebeb961 - - default default] 10.0.0.120 "GET /v2.0/vpn/endpoint-groups HTTP/1.1" status: 200 len: 825 time: 0.0106788
2026-05-12 12:37:37.671 10 WARNING neutron_lib.context [None req-2f2b975f-2535-45ea-8fc4-4a04c3fa844f c77aa06b0635498f82a5ceee67eb4bed d77078083732434bbe52fab3bebeb961 - - default default] Method 'is_advsvc' is deprecated since 2023.2 release (neutron-lib 3.8.0) and will be removed once support for the old RBAC API policies will be removed from Neutron. Please use method 'is_service_role' instead.
2026-05-12 12:37:37.745 10 INFO neutron.wsgi [None req-2f2b975f-2535-45ea-8fc4-4a04c3fa844f c77aa06b0635498f82a5ceee67eb4bed d77078083732434bbe52fab3bebeb961 - - default default] 10.0.0.120 "POST /v2.0/vpn/endpoint-groups HTTP/1.1" status: 201 len: 500 time: 0.0768380
2026-05-12 12:37:37.756 9 WARNING neutron.api.v2.base [None req-750f67ae-54f8-4296-bfa6-995d01459439 c77aa06b0635498f82a5ceee67eb4bed d77078083732434bbe52fab3bebeb961 - - default default] An exception happened while processing the request body. The exception message is [Failed to parse request. Required attribute 'peer_id' not specified].: webob.exc.HTTPBadRequest: Failed to parse request. Required attribute 'peer_id' not specified
2026-05-12 12:37:37.756 9 INFO neutron.api.v2.resource [None req-750f67ae-54f8-4296-bfa6-995d01459439 c77aa06b0635498f82a5ceee67eb4bed d77078083732434bbe52fab3bebeb961 - - default default] create failed (client error): Failed to parse request. Required attribute 'peer_id' not specified
2026-05-12 12:37:37.758 9 INFO neutron.wsgi [None req-750f67ae-54f8-4296-bfa6-995d01459439 c77aa06b0635498f82a5ceee67eb4bed d77078083732434bbe52fab3bebeb961 - - default default] 10.0.0.120 "POST /v2.0/vpn/ipsec-site-connections HTTP/1.1" status: 400 len: 343 time: 0.0067761
2026-05-12 12:37:37.774 9 INFO neutron.wsgi [None req-e5382db0-307a-4d85-9486-3e6154a19b06 c77aa06b0635498f82a5ceee67eb4bed d77078083732434bbe52fab3bebeb961 - - default default] 10.0.0.120 "GET /v2.0/vpn/endpoint-groups HTTP/1.1" status: 200 len: 1108 time: 0.0120826
2026-05-12 12:37:37.800 9 INFO neutron.wsgi [None req-21c5a0ef-5cb5-44b2-863e-88cafeb12215 c77aa06b0635498f82a5ceee67eb4bed d77078083732434bbe52fab3bebeb961 - - default default] 10.0.0.120 "DELETE /v2.0/vpn/endpoint-groups/23868d57-515c-4762-8d70-591ad4f6dd71 HTTP/1.1" status: 204 len: 168 time: 0.0231044
2026-05-12 12:37:37.817 9 INFO neutron.wsgi [None req-6e90bb1e-10a8-4404-844a-a1795a02be9e c77aa06b0635498f82a5ceee67eb4bed d77078083732434bbe52fab3bebeb961 - - default default] 10.0.0.120 "GET /v2.0/vpn/endpoint-groups HTTP/1.1" status: 200 len: 825 time: 0.0108387
2026-05-12 12:37:37.833 9 WARNING neutron_lib.context [None req-4fcd4727-282c-44a4-bfb8-d0ede02bf323 c77aa06b0635498f82a5ceee67eb4bed d77078083732434bbe52fab3bebeb961 - - default default] Method 'is_advsvc' is deprecated since 2023.2 release (neutron-lib 3.8.0) and will be removed once support for the old RBAC API policies will be removed from Neutron. Please use method 'is_service_role' instead.
2026-05-12 12:37:37.873 9 INFO neutron.wsgi [None req-4fcd4727-282c-44a4-bfb8-d0ede02bf323 c77aa06b0635498f82a5ceee67eb4bed d77078083732434bbe52fab3bebeb961 - - default default] 10.0.0.120 "POST /v2.0/vpn/endpoint-groups HTTP/1.1" status: 201 len: 492 time: 0.0474668
2026-05-12 12:37:37.884 9 WARNING neutron.api.v2.base [None req-5fb257a8-dcac-498f-8744-15e744f040c7 c77aa06b0635498f82a5ceee67eb4bed d77078083732434bbe52fab3bebeb961 - - default default] An exception happened while processing the request body. The exception message is [Failed to parse request. Required attribute 'peer_id' not specified].: webob.exc.HTTPBadRequest: Failed to parse request. Required attribute 'peer_id' not specified
2026-05-12 12:37:37.884 9 INFO neutron.api.v2.resource [None req-5fb257a8-dcac-498f-8744-15e744f040c7 c77aa06b0635498f82a5ceee67eb4bed d77078083732434bbe52fab3bebeb961 - - default default] create failed (client error): Failed to parse request. Required attribute 'peer_id' not specified
2026-05-12 12:37:37.886 9 INFO neutron.wsgi [None req-5fb257a8-dcac-498f-8744-15e744f040c7 c77aa06b0635498f82a5ceee67eb4bed d77078083732434bbe52fab3bebeb961 - - default default] 10.0.0.120 "POST /v2.0/vpn/ipsec-site-connections HTTP/1.1" status: 400 len: 343 time: 0.0070457
2026-05-12 12:37:37.901 9 INFO neutron.wsgi [None req-f506fea0-d4a5-4d14-b4ab-ae14f11e3633 c77aa06b0635498f82a5ceee67eb4bed d77078083732434bbe52fab3bebeb961 - - default default] 10.0.0.120 "GET /v2.0/vpn/endpoint-groups HTTP/1.1" status: 200 len: 1100 time: 0.0114038
2026-05-12 12:37:37.930 9 INFO neutron.wsgi [None req-026c0677-c824-4fe5-833c-c9cda6602cae c77aa06b0635498f82a5ceee67eb4bed d77078083732434bbe52fab3bebeb961 - - default default] 10.0.0.120 "DELETE /v2.0/vpn/endpoint-groups/d370a303-eab6-4345-9edd-400afad4e698 HTTP/1.1" status: 204 len: 168 time: 0.0250759
2026-05-12 12:37:37.948 9 INFO neutron.wsgi [None req-11c4e391-b456-4c46-ac59-4755dab4bca8 c77aa06b0635498f82a5ceee67eb4bed d77078083732434bbe52fab3bebeb961 - - default default] 10.0.0.120 "GET /v2.0/vpn/endpoint-groups HTTP/1.1" status: 200 len: 825 time: 0.0116251
2026-05-12 12:37:37.949 10 WARNING neutron.plugins.ml2.drivers.ovn.mech_driver.ovsdb.ovn_client [None req-6965b009-2ce0-43fd-adff-4ceaae18830f - - - - - -] No port found with ID 007d5609-6a81-41c6-ae62-b44f1f0be305: RuntimeError: No port found with ID 007d5609-6a81-41c6-ae62-b44f1f0be305
2026-05-12 12:37:37.960 9 WARNING neutron_lib.context [None req-28bc9d70-90e0-4cbf-b927-d40951fbea24 c77aa06b0635498f82a5ceee67eb4bed d77078083732434bbe52fab3bebeb961 - - default default] Method 'is_advsvc' is deprecated since 2023.2 release (neutron-lib 3.8.0) and will be removed once support for the old RBAC API policies will be removed from Neutron. Please use method 'is_service_role' instead.
2026-05-12 12:37:37.998 9 INFO neutron.wsgi [None req-28bc9d70-90e0-4cbf-b927-d40951fbea24 c77aa06b0635498f82a5ceee67eb4bed d77078083732434bbe52fab3bebeb961 - - default default] 10.0.0.120 "POST /v2.0/vpn/endpoint-groups HTTP/1.1" status: 201 len: 489 time: 0.0444922
2026-05-12 12:37:38.010 9 WARNING neutron_lib.context [None req-21a56afd-ce1f-43fd-9652-d789f88cb959 c77aa06b0635498f82a5ceee67eb4bed d77078083732434bbe52fab3bebeb961 - - default default] Method 'is_advsvc' is deprecated since 2023.2 release (neutron-lib 3.8.0) and will be removed once support for the old RBAC API policies will be removed from Neutron. Please use method 'is_service_role' instead.
2026-05-12 12:37:38.093 9 INFO neutron.wsgi [None req-21a56afd-ce1f-43fd-9652-d789f88cb959 c77aa06b0635498f82a5ceee67eb4bed d77078083732434bbe52fab3bebeb961 - - default default] 10.0.0.120 "POST /v2.0/vpn/endpoint-groups HTTP/1.1" status: 201 len: 500 time: 0.0880015
2026-05-12 12:37:38.104 9 WARNING neutron_lib.context [None req-70f0a0fe-a88c-46bc-b5ca-f6bd6e79519f c77aa06b0635498f82a5ceee67eb4bed d77078083732434bbe52fab3bebeb961 - - default default] Method 'is_advsvc' is deprecated since 2023.2 release (neutron-lib 3.8.0) and will be removed once support for the old RBAC API policies will be removed from Neutron. Please use method 'is_service_role' instead.
2026-05-12 12:37:38.613 9 INFO neutron.wsgi [None req-db9c21ad-1ede-4160-a948-671562534ecb 3b0a0edda41f435d88d6ba8a74cace51 1888e6ea4bec4394803d2be1d04a8e95 - - default default] 10.0.0.41 "GET /v2.0/security-groups HTTP/1.1" status: 200 len: 20478 time: 0.2722638
2026-05-12 12:37:38.847 10 INFO neutron.services.segments.plugin [-] Segment 0baf77aa-9043-48ad-ace4-c206c1d4d928 resource provider aggregate not found
2026-05-12 12:37:38.854 10 INFO neutron.services.segments.plugin [-] Segment 0baf77aa-9043-48ad-ace4-c206c1d4d928 resource provider aggregate not found
2026-05-12 12:37:38.863 10 INFO neutron.services.segments.plugin [-] Segment 0baf77aa-9043-48ad-ace4-c206c1d4d928 resource provider not found; error: Placement Client Error (4xx): {"errors": [{"status": 404, "title": "Not Found", "detail": "The resource could not be found.\n\n No resource provider with uuid 0baf77aa-9043-48ad-ace4-c206c1d4d928 found for delete ", "request_id": "req-5aa2bd5e-f06a-466d-bf5e-7f8e30f88f0d"}]}
2026-05-12 12:37:38.873 10 INFO neutron.services.segments.plugin [-] Segment 0baf77aa-9043-48ad-ace4-c206c1d4d928 resource provider not found; error: Placement Client Error (4xx): {"errors": [{"status": 404, "title": "Not Found", "detail": "The resource could not be found.\n\n No resource provider with uuid 0baf77aa-9043-48ad-ace4-c206c1d4d928 found for delete ", "request_id": "req-ed57f010-0e3e-47a3-9df5-661974affbc7"}]}
2026-05-12 12:37:39.015 9 INFO neutron.wsgi [None req-20b5a2eb-5142-4bdb-a19e-1c45b45edfd5 3b0a0edda41f435d88d6ba8a74cace51 1888e6ea4bec4394803d2be1d04a8e95 - - default default] 10.0.0.41 "GET /v2.0/routers HTTP/1.1" status: 200 len: 2189 time: 0.3944066
2026-05-12 12:37:39.028 9 INFO neutron.wsgi [None req-a19cccae-ad56-45af-a215-8de75c8fa8c9 3b0a0edda41f435d88d6ba8a74cace51 1888e6ea4bec4394803d2be1d04a8e95 - - default default] 10.0.0.41 "GET /v2.0/agents?binary=ovn-controller HTTP/1.1" status: 200 len: 591 time: 0.0116935
2026-05-12 12:37:39.044 9 INFO neutron.wsgi [None req-46f23c2d-a07e-41f0-8f45-2729e80b04ca 3b0a0edda41f435d88d6ba8a74cace51 1888e6ea4bec4394803d2be1d04a8e95 - - default default] 10.0.0.41 "GET /v2.0/agents HTTP/1.1" status: 200 len: 1390 time: 0.0122964
2026-05-12 12:37:39.115 9 INFO neutron.wsgi [None req-f362b4c1-5cdd-4575-a7ce-e7ba40127bdf 3b0a0edda41f435d88d6ba8a74cace51 1888e6ea4bec4394803d2be1d04a8e95 - - default default] 10.0.0.41 "GET /v2.0/subnets HTTP/1.1" status: 200 len: 3330 time: 0.0600328
2026-05-12 12:37:39.138 9 INFO neutron.wsgi [None req-931175b4-3d0d-4586-b2d5-b3eb9da2a37b 3b0a0edda41f435d88d6ba8a74cace51 1888e6ea4bec4394803d2be1d04a8e95 - - default default] 10.0.0.41 "GET /v2.0/subnetpools HTTP/1.1" status: 200 len: 193 time: 0.0141563
2026-05-12 12:37:39.262 10 INFO neutron.db.ovn_revision_numbers_db [None req-74f37b94-52d9-4313-827c-f0f1f8b044d0 3b0a0edda41f435d88d6ba8a74cace51 1888e6ea4bec4394803d2be1d04a8e95 - - default default] Successfully bumped revision number for resource 62c02ed6-d328-4350-b166-685e17062c19 (type: security_groups) to 1
2026-05-12 12:37:39.270 9 INFO neutron.wsgi [None req-57af7bd9-a93b-4718-b16e-d908c1a27231 3b0a0edda41f435d88d6ba8a74cace51 1888e6ea4bec4394803d2be1d04a8e95 - - default default] 10.0.0.41 "GET /v2.0/networks HTTP/1.1" status: 200 len: 4540 time: 0.1299846
2026-05-12 12:37:39.276 10 INFO neutron.db.ovn_revision_numbers_db [None req-74f37b94-52d9-4313-827c-f0f1f8b044d0 3b0a0edda41f435d88d6ba8a74cace51 1888e6ea4bec4394803d2be1d04a8e95 - - default default] Successfully bumped revision number for resource 28239503-9cf1-402e-9de6-e10b225193eb (type: security_group_rules) to 0
2026-05-12 12:37:39.290 10 INFO neutron.db.ovn_revision_numbers_db [None req-74f37b94-52d9-4313-827c-f0f1f8b044d0 3b0a0edda41f435d88d6ba8a74cace51 1888e6ea4bec4394803d2be1d04a8e95 - - default default] Successfully bumped revision number for resource 4261f2a8-ec32-43d0-85ce-3545a2533f28 (type: security_group_rules) to 0
2026-05-12 12:37:39.304 10 INFO neutron.db.ovn_revision_numbers_db [None req-74f37b94-52d9-4313-827c-f0f1f8b044d0 3b0a0edda41f435d88d6ba8a74cace51 1888e6ea4bec4394803d2be1d04a8e95 - - default default] Successfully bumped revision number for resource 5eb6cae4-53e6-4c9b-a83d-2882ac4b2f49 (type: security_group_rules) to 0
2026-05-12 12:37:39.317 10 INFO neutron.db.ovn_revision_numbers_db [None req-74f37b94-52d9-4313-827c-f0f1f8b044d0 3b0a0edda41f435d88d6ba8a74cace51 1888e6ea4bec4394803d2be1d04a8e95 - - default default] Successfully bumped revision number for resource 71abcc4e-6acb-4768-b572-3ab203308f66 (type: security_group_rules) to 0
2026-05-12 12:37:39.322 9 WARNING neutron.plugins.ml2.drivers.ovn.mech_driver.ovsdb.ovn_client [None req-ca27ef9f-9455-4702-a107-3bdae08ab7dd - - - - - -] No hosting information found for port 2c0cf10a-e1f3-4eea-8c72-0bb3a114e59f: RuntimeError: No hosting information found for port 2c0cf10a-e1f3-4eea-8c72-0bb3a114e59f
2026-05-12 12:37:39.323 9 INFO neutron.plugins.ml2.drivers.ovn.mech_driver.mech_driver [None req-ca27ef9f-9455-4702-a107-3bdae08ab7dd - - - - - -] OVN reports status up for port: 40b6173e-2b4b-4d27-97d7-157c710764d1
2026-05-12 12:37:39.348 9 INFO neutron.plugins.ml2.plugin [None req-ca27ef9f-9455-4702-a107-3bdae08ab7dd - - - - - -] Attempt 1 to provision port 40b6173e-2b4b-4d27-97d7-157c710764d1
2026-05-12 12:37:39.363 10 INFO neutron.db.segments_db [None req-74f37b94-52d9-4313-827c-f0f1f8b044d0 3b0a0edda41f435d88d6ba8a74cace51 1888e6ea4bec4394803d2be1d04a8e95 - - default default] Added segment 07bfb4f7-98ff-4a04-b8a4-9cf69eb9682f of type geneve for network 83a2abf0-8bed-45d5-9963-66dd556aa262
2026-05-12 12:37:39.394 9 INFO neutron.wsgi [None req-73d13593-d696-4e78-8925-b50a8c8bb7c0 3b0a0edda41f435d88d6ba8a74cace51 1888e6ea4bec4394803d2be1d04a8e95 - - default default] 10.0.0.41 "GET /v2.0/ports HTTP/1.1" status: 200 len: 15754 time: 0.1204934
2026-05-12 12:37:39.461 9 INFO neutron.wsgi [None req-19443c69-c492-4b9b-b1b7-4f0d13fe9122 3b0a0edda41f435d88d6ba8a74cace51 1888e6ea4bec4394803d2be1d04a8e95 - - default default] 10.0.0.41 "GET /v2.0/floatingips HTTP/1.1" status: 200 len: 193 time: 0.0404468
2026-05-12 12:37:39.495 10 INFO neutron.db.ovn_revision_numbers_db [None req-74f37b94-52d9-4313-827c-f0f1f8b044d0 3b0a0edda41f435d88d6ba8a74cace51 1888e6ea4bec4394803d2be1d04a8e95 - - default default] Successfully bumped revision number for resource 83a2abf0-8bed-45d5-9963-66dd556aa262 (type: networks) to 1
2026-05-12 12:37:39.531 9 INFO neutron.wsgi [None req-dc31391e-cf0a-4a94-a1fb-41884095aa52 3b0a0edda41f435d88d6ba8a74cace51 1888e6ea4bec4394803d2be1d04a8e95 - - default default] 10.0.0.41 "GET /v2.0/subnets HTTP/1.1" status: 200 len: 3330 time: 0.0648749
2026-05-12 12:37:39.567 9 INFO neutron.wsgi [None req-ccdadb2a-79db-4e7b-bffa-130b2f8958a9 3b0a0edda41f435d88d6ba8a74cace51 1888e6ea4bec4394803d2be1d04a8e95 - - default default] 10.0.0.41 "GET /v2.0/network-ip-availabilities HTTP/1.1" status: 200 len: 2818 time: 0.0330250
2026-05-12 12:37:39.667 10 WARNING neutron.scheduler.dhcp_agent_scheduler [None req-74f37b94-52d9-4313-827c-f0f1f8b044d0 3b0a0edda41f435d88d6ba8a74cace51 1888e6ea4bec4394803d2be1d04a8e95 - - default default] No more DHCP agents
2026-05-12 12:37:39.669 10 WARNING neutron.api.rpc.agentnotifiers.dhcp_rpc_agent_api [None req-74f37b94-52d9-4313-827c-f0f1f8b044d0 3b0a0edda41f435d88d6ba8a74cace51 1888e6ea4bec4394803d2be1d04a8e95 - - default default] Unable to schedule network 83a2abf0-8bed-45d5-9963-66dd556aa262: no agents available; will retry on subsequent port and subnet creation events.
2026-05-12 12:37:39.754 10 INFO neutron.db.ovn_revision_numbers_db [None req-74f37b94-52d9-4313-827c-f0f1f8b044d0 3b0a0edda41f435d88d6ba8a74cace51 1888e6ea4bec4394803d2be1d04a8e95 - - default default] Successfully bumped revision number for resource 687d75d2-cda2-4f14-95ca-29174dd29f45 (type: ports) to 1
2026-05-12 12:37:39.774 10 INFO neutron.wsgi [None req-74f37b94-52d9-4313-827c-f0f1f8b044d0 3b0a0edda41f435d88d6ba8a74cace51 1888e6ea4bec4394803d2be1d04a8e95 - - default default] 10.0.0.120 "POST /v2.0/networks HTTP/1.1" status: 201 len: 943 time: 0.7546339
2026-05-12 12:37:39.806 9 INFO neutron.db.ovn_revision_numbers_db [None req-70f0a0fe-a88c-46bc-b5ca-f6bd6e79519f c77aa06b0635498f82a5ceee67eb4bed d77078083732434bbe52fab3bebeb961 - - default default] Successfully bumped revision number for resource a5f12860-3bb0-43e8-8479-cf27b5101e69 (type: routers) to 6
2026-05-12 12:37:39.857 9 INFO neutron.wsgi [None req-70f0a0fe-a88c-46bc-b5ca-f6bd6e79519f c77aa06b0635498f82a5ceee67eb4bed d77078083732434bbe52fab3bebeb961 - - default default] 10.0.0.120 "POST /v2.0/vpn/ipsec-site-connections HTTP/1.1" status: 201 len: 1043 time: 1.7579021
2026-05-12 12:37:39.909 10 WARNING neutron.scheduler.dhcp_agent_scheduler [None req-36d351c9-8cc4-45c6-9021-b51e8a250f01 3b0a0edda41f435d88d6ba8a74cace51 1888e6ea4bec4394803d2be1d04a8e95 - - default default] No more DHCP agents
2026-05-12 12:37:39.912 10 WARNING neutron.api.rpc.agentnotifiers.dhcp_rpc_agent_api [None req-36d351c9-8cc4-45c6-9021-b51e8a250f01 3b0a0edda41f435d88d6ba8a74cace51 1888e6ea4bec4394803d2be1d04a8e95 - - default default] Unable to schedule network 83a2abf0-8bed-45d5-9963-66dd556aa262: no agents available; will retry on subsequent port and subnet creation events.
2026-05-12 12:37:40.290 9 INFO neutron.db.ovn_revision_numbers_db [None req-ca27ef9f-9455-4702-a107-3bdae08ab7dd - - - - - -] Successfully bumped revision number for resource 40b6173e-2b4b-4d27-97d7-157c710764d1 (type: ports) to 2
