2026-05-12 12:36:55.624 9 WARNING neutron.api.rpc.agentnotifiers.dhcp_rpc_agent_api [None req-550856d8-a8d3-42f7-89d7-25960d4f67e6 037e060e79fc4578a445abb6848ebe0f b7c1bb8360b94463b5d42737aa8e9316 - - default default] Unable to schedule network 7caef7e2-1c3e-447d-a509-075192a16e99: no agents available; will retry on subsequent port and subnet creation events.
2026-05-12 12:36:55.698 9 INFO neutron.db.ovn_revision_numbers_db [None req-550856d8-a8d3-42f7-89d7-25960d4f67e6 037e060e79fc4578a445abb6848ebe0f b7c1bb8360b94463b5d42737aa8e9316 - - default default] Successfully bumped revision number for resource 8d2369f4-0e47-4dfc-adec-6fd973a6d862 (type: ports) to 1
2026-05-12 12:36:55.721 9 INFO neutron.wsgi [None req-550856d8-a8d3-42f7-89d7-25960d4f67e6 037e060e79fc4578a445abb6848ebe0f b7c1bb8360b94463b5d42737aa8e9316 - - default default] 10.0.0.120 "POST /v2.0/networks HTTP/1.1" status: 201 len: 830 time: 0.5398269
2026-05-12 12:36:55.735 10 WARNING neutron_lib.context [None req-3394a534-51aa-4d6a-b9aa-c52e5cf9d515 037e060e79fc4578a445abb6848ebe0f b7c1bb8360b94463b5d42737aa8e9316 - - default default] Method 'is_advsvc' is deprecated since 2023.2 release (neutron-lib 3.8.0) and will be removed once support for the old RBAC API policies will be removed from Neutron. Please use method 'is_service_role' instead.
2026-05-12 12:36:55.989 10 WARNING neutron.scheduler.dhcp_agent_scheduler [None req-3394a534-51aa-4d6a-b9aa-c52e5cf9d515 037e060e79fc4578a445abb6848ebe0f b7c1bb8360b94463b5d42737aa8e9316 - - default default] No more DHCP agents
2026-05-12 12:36:55.991 10 WARNING neutron.api.rpc.agentnotifiers.dhcp_rpc_agent_api [None req-3394a534-51aa-4d6a-b9aa-c52e5cf9d515 037e060e79fc4578a445abb6848ebe0f b7c1bb8360b94463b5d42737aa8e9316 - - default default] Unable to schedule network 7caef7e2-1c3e-447d-a509-075192a16e99: no agents available; will retry on subsequent port and subnet creation events.
2026-05-12 12:36:56.081 10 INFO neutron.db.ovn_revision_numbers_db [None req-3394a534-51aa-4d6a-b9aa-c52e5cf9d515 037e060e79fc4578a445abb6848ebe0f b7c1bb8360b94463b5d42737aa8e9316 - - default default] Successfully bumped revision number for resource e4790cda-2f1c-4ddc-b1f3-c584d04aaf49 (type: ports) to 1
2026-05-12 12:36:56.103 10 INFO neutron.wsgi [None req-3394a534-51aa-4d6a-b9aa-c52e5cf9d515 037e060e79fc4578a445abb6848ebe0f b7c1bb8360b94463b5d42737aa8e9316 - - default default] 10.0.0.120 "POST /v2.0/ports HTTP/1.1" status: 201 len: 942 time: 0.3759840 /var/lib/openstack/lib/python3.10/site-packages/pycadf/identifier.py:71: UserWarning: Invalid uuid: neutron. To ensure interoperability, identifiers should be a valid uuid. warnings.warn(('Invalid uuid: %s. To ensure interoperability, '
2026-05-12 12:36:56.112 10 WARNING neutron_lib.context [None req-bf2205da-553e-4b11-be1a-09298c46ca37 037e060e79fc4578a445abb6848ebe0f b7c1bb8360b94463b5d42737aa8e9316 - - default default] Method 'is_advsvc' is deprecated since 2023.2 release (neutron-lib 3.8.0) and will be removed once support for the old RBAC API policies will be removed from Neutron. Please use method 'is_service_role' instead.
2026-05-12 12:36:56.391 10 INFO neutron.wsgi [None req-bf2205da-553e-4b11-be1a-09298c46ca37 037e060e79fc4578a445abb6848ebe0f b7c1bb8360b94463b5d42737aa8e9316 - - default default] 10.0.0.120 "POST /v2.0/trunks HTTP/1.1" status: 201 len: 608 time: 0.2829876
2026-05-12 12:36:56.401 10 WARNING neutron_lib.context [None req-07db712a-6a7a-4bea-955c-88e7f992c3c6 037e060e79fc4578a445abb6848ebe0f b7c1bb8360b94463b5d42737aa8e9316 - - default default] Method 'is_advsvc' is deprecated since 2023.2 release (neutron-lib 3.8.0) and will be removed once support for the old RBAC API policies will be removed from Neutron. Please use method 'is_service_role' instead.
2026-05-12 12:36:56.501 10 INFO neutron.db.segments_db [None req-07db712a-6a7a-4bea-955c-88e7f992c3c6 037e060e79fc4578a445abb6848ebe0f b7c1bb8360b94463b5d42737aa8e9316 - - default default] Added segment d69c0d46-3de3-4835-bf07-8196dc15a4c5 of type geneve for network 86b99f2b-15b5-4f30-9f0f-57ab75c35481
2026-05-12 12:36:56.637 10 WARNING neutron_lib.context [None req-1742efa9-c4be-43ce-b51a-b38e2aef6d60 38107a7fea2d4ed5809bca0dacad2791 ee1366ea37bf4fcd8c5bb61a20f451aa - - default default] Method 'is_advsvc' is deprecated since 2023.2 release (neutron-lib 3.8.0) and will be removed once support for the old RBAC API policies will be removed from Neutron. Please use method 'is_service_role' instead.
2026-05-12 12:36:56.723 10 INFO neutron.db.ovn_revision_numbers_db [None req-07db712a-6a7a-4bea-955c-88e7f992c3c6 037e060e79fc4578a445abb6848ebe0f b7c1bb8360b94463b5d42737aa8e9316 - - default default] Successfully bumped revision number for resource 86b99f2b-15b5-4f30-9f0f-57ab75c35481 (type: networks) to 1
2026-05-12 12:36:56.951 10 WARNING neutron.scheduler.dhcp_agent_scheduler [None req-07db712a-6a7a-4bea-955c-88e7f992c3c6 037e060e79fc4578a445abb6848ebe0f b7c1bb8360b94463b5d42737aa8e9316 - - default default] No more DHCP agents
2026-05-12 12:36:56.960 10 WARNING neutron.api.rpc.agentnotifiers.dhcp_rpc_agent_api [None req-07db712a-6a7a-4bea-955c-88e7f992c3c6 037e060e79fc4578a445abb6848ebe0f b7c1bb8360b94463b5d42737aa8e9316 - - default default] Unable to schedule network 86b99f2b-15b5-4f30-9f0f-57ab75c35481: no agents available; will retry on subsequent port and subnet creation events.
2026-05-12 12:36:57.033 10 WARNING neutron.scheduler.dhcp_agent_scheduler [None req-1742efa9-c4be-43ce-b51a-b38e2aef6d60 38107a7fea2d4ed5809bca0dacad2791 ee1366ea37bf4fcd8c5bb61a20f451aa - - default default] No more DHCP agents
2026-05-12 12:36:57.035 10 WARNING neutron.api.rpc.agentnotifiers.dhcp_rpc_agent_api [None req-1742efa9-c4be-43ce-b51a-b38e2aef6d60 38107a7fea2d4ed5809bca0dacad2791 ee1366ea37bf4fcd8c5bb61a20f451aa - - default default] Unable to schedule network 110dc62a-4dd9-4f3d-b334-a5f1ef86a5c0: no agents available; will retry on subsequent port and subnet creation events.
2026-05-12 12:36:57.076 10 INFO neutron.db.ovn_revision_numbers_db [None req-07db712a-6a7a-4bea-955c-88e7f992c3c6 037e060e79fc4578a445abb6848ebe0f b7c1bb8360b94463b5d42737aa8e9316 - - default default] Successfully bumped revision number for resource 7ccd1fa4-1d1b-4332-aac0-31596a458e01 (type: ports) to 1
2026-05-12 12:36:57.085 9 WARNING neutron_lib.context [None req-f0d3f535-e366-4199-b996-f7314010229e 7ea79354972f47ef87f80be3a2fadbb3 e4a431c796be4a4e86208a950e1b87f5 - - default default] Method 'is_advsvc' is deprecated since 2023.2 release (neutron-lib 3.8.0) and will be removed once support for the old RBAC API policies will be removed from Neutron. Please use method 'is_service_role' instead.
2026-05-12 12:36:57.104 10 INFO neutron.wsgi [None req-07db712a-6a7a-4bea-955c-88e7f992c3c6 037e060e79fc4578a445abb6848ebe0f b7c1bb8360b94463b5d42737aa8e9316 - - default default] 10.0.0.120 "POST /v2.0/networks HTTP/1.1" status: 201 len: 830 time: 0.7082927
2026-05-12 12:36:57.114 10 WARNING neutron_lib.context [None req-e1aeb853-db79-4182-8485-0c721c53e420 037e060e79fc4578a445abb6848ebe0f b7c1bb8360b94463b5d42737aa8e9316 - - default default] Method 'is_advsvc' is deprecated since 2023.2 release (neutron-lib 3.8.0) and will be removed once support for the old RBAC API policies will be removed from Neutron. Please use method 'is_service_role' instead.
2026-05-12 12:36:57.280 9 INFO neutron.db.ovn_revision_numbers_db [None req-f0d3f535-e366-4199-b996-f7314010229e 7ea79354972f47ef87f80be3a2fadbb3 e4a431c796be4a4e86208a950e1b87f5 - - default default] Successfully bumped revision number for resource ddb243bf-3ea4-465e-9278-1ad579a6fc99 (type: security_groups) to 1
2026-05-12 12:36:57.298 9 INFO neutron.db.ovn_revision_numbers_db [None req-f0d3f535-e366-4199-b996-f7314010229e 7ea79354972f47ef87f80be3a2fadbb3 e4a431c796be4a4e86208a950e1b87f5 - - default default] Successfully bumped revision number for resource 4cdf04e8-c24f-4237-bf82-22e340841192 (type: security_group_rules) to 0
2026-05-12 12:36:57.315 9 INFO neutron.db.ovn_revision_numbers_db [None req-f0d3f535-e366-4199-b996-f7314010229e 7ea79354972f47ef87f80be3a2fadbb3 e4a431c796be4a4e86208a950e1b87f5 - - default default] Successfully bumped revision number for resource c43534fc-1089-4fea-a567-a3a4486121e5 (type: security_group_rules) to 0
2026-05-12 12:36:57.338 9 INFO neutron.db.ovn_revision_numbers_db [None req-f0d3f535-e366-4199-b996-f7314010229e 7ea79354972f47ef87f80be3a2fadbb3 e4a431c796be4a4e86208a950e1b87f5 - - default default] Successfully bumped revision number for resource dd084557-f731-4d9b-8bef-68f0aa41f597 (type: security_group_rules) to 0
2026-05-12 12:36:57.353 9 INFO neutron.db.ovn_revision_numbers_db [None req-f0d3f535-e366-4199-b996-f7314010229e 7ea79354972f47ef87f80be3a2fadbb3 e4a431c796be4a4e86208a950e1b87f5 - - default default] Successfully bumped revision number for resource f9eb2ecc-f7fd-476e-99a9-fffef82d8eb6 (type: security_group_rules) to 0
2026-05-12 12:36:57.407 9 INFO neutron.db.segments_db [None req-f0d3f535-e366-4199-b996-f7314010229e 7ea79354972f47ef87f80be3a2fadbb3 e4a431c796be4a4e86208a950e1b87f5 - - default default] Added segment da88c7b9-cd72-4e1e-b480-9c0b737f9d6f of type geneve for network 948df115-2440-4c7e-89e6-4b606bdebf8c
2026-05-12 12:36:57.470 10 WARNING neutron.scheduler.dhcp_agent_scheduler [None req-e1aeb853-db79-4182-8485-0c721c53e420 037e060e79fc4578a445abb6848ebe0f b7c1bb8360b94463b5d42737aa8e9316 - - default default] No more DHCP agents
2026-05-12 12:36:57.473 10 WARNING neutron.api.rpc.agentnotifiers.dhcp_rpc_agent_api [None req-e1aeb853-db79-4182-8485-0c721c53e420 037e060e79fc4578a445abb6848ebe0f b7c1bb8360b94463b5d42737aa8e9316 - - default default] Unable to schedule network 86b99f2b-15b5-4f30-9f0f-57ab75c35481: no agents available; will retry on subsequent port and subnet creation events.
2026-05-12 12:36:57.478 10 INFO neutron.wsgi [None req-1742efa9-c4be-43ce-b51a-b38e2aef6d60 38107a7fea2d4ed5809bca0dacad2791 ee1366ea37bf4fcd8c5bb61a20f451aa - - default default] 10.0.0.120 "POST /v2.0/floatingips HTTP/1.1" status: 201 len: 751 time: 1.0327222
2026-05-12 12:36:57.555 10 INFO neutron.db.ovn_revision_numbers_db [None req-e1aeb853-db79-4182-8485-0c721c53e420 037e060e79fc4578a445abb6848ebe0f b7c1bb8360b94463b5d42737aa8e9316 - - default default] Successfully bumped revision number for resource ada9d390-d7b5-43f3-8384-95574cb7f50d (type: ports) to 1
2026-05-12 12:36:57.556 9 INFO neutron.wsgi [None req-7af41beb-dbd5-47be-9af1-8556d1adbc8b 38107a7fea2d4ed5809bca0dacad2791 ee1366ea37bf4fcd8c5bb61a20f451aa - - default default] 10.0.0.120 "PUT /v2.0/floatingips/1e078096-5aed-401e-9380-22cb2b381867/tags HTTP/1.1" status: 200 len: 218 time: 0.0719850 /var/lib/openstack/lib/python3.10/site-packages/pycadf/identifier.py:71: UserWarning: Invalid uuid: neutron. To ensure interoperability, identifiers should be a valid uuid. warnings.warn(('Invalid uuid: %s. To ensure interoperability, '
2026-05-12 12:36:57.581 9 INFO neutron.db.ovn_revision_numbers_db [None req-f0d3f535-e366-4199-b996-f7314010229e 7ea79354972f47ef87f80be3a2fadbb3 e4a431c796be4a4e86208a950e1b87f5 - - default default] Successfully bumped revision number for resource 948df115-2440-4c7e-89e6-4b606bdebf8c (type: networks) to 1
2026-05-12 12:36:57.596 10 INFO neutron.wsgi [None req-e1aeb853-db79-4182-8485-0c721c53e420 037e060e79fc4578a445abb6848ebe0f b7c1bb8360b94463b5d42737aa8e9316 - - default default] 10.0.0.120 "POST /v2.0/ports HTTP/1.1" status: 201 len: 942 time: 0.4871635
2026-05-12 12:36:57.597 10 INFO neutron.wsgi [None req-33cf6bfc-d01d-4a48-9c25-3790ccc545d6 38107a7fea2d4ed5809bca0dacad2791 ee1366ea37bf4fcd8c5bb61a20f451aa - - default default] 10.0.0.120 "GET /v2.0/floatingips/1e078096-5aed-401e-9380-22cb2b381867/tags HTTP/1.1" status: 200 len: 218 time: 0.0355492
2026-05-12 12:36:57.604 10 WARNING neutron_lib.context [None req-19abe575-0559-4782-bef8-7702f416eaaa 037e060e79fc4578a445abb6848ebe0f b7c1bb8360b94463b5d42737aa8e9316 - - default default] Method 'is_advsvc' is deprecated since 2023.2 release (neutron-lib 3.8.0) and will be removed once support for the old RBAC API policies will be removed from Neutron. Please use method 'is_service_role' instead.
2026-05-12 12:36:57.680 9 INFO neutron.wsgi [None req-fb393cb0-063e-43c0-a565-d5c6c9328fc6 38107a7fea2d4ed5809bca0dacad2791 ee1366ea37bf4fcd8c5bb61a20f451aa - - default default] 10.0.0.120 "PUT /v2.0/floatingips/1e078096-5aed-401e-9380-22cb2b381867/tags/green HTTP/1.1" status: 201 len: 201 time: 0.0779405
2026-05-12 12:36:57.731 9 INFO neutron.wsgi [None req-10f6c854-3421-4909-afad-f7cbb4f2a63d 38107a7fea2d4ed5809bca0dacad2791 ee1366ea37bf4fcd8c5bb61a20f451aa - - default default] 10.0.0.120 "GET /v2.0/floatingips/1e078096-5aed-401e-9380-22cb2b381867/tags HTTP/1.1" status: 200 len: 227 time: 0.0420978
2026-05-12 12:36:57.776 9 INFO neutron.wsgi [None req-84e94254-cabc-435e-bf69-92f1518e6a2b 38107a7fea2d4ed5809bca0dacad2791 ee1366ea37bf4fcd8c5bb61a20f451aa - - default default] 10.0.0.120 "PUT /v2.0/floatingips/1e078096-5aed-401e-9380-22cb2b381867/tags/red HTTP/1.1" status: 201 len: 201 time: 0.0387132
2026-05-12 12:36:57.825 10 INFO neutron.wsgi [None req-19abe575-0559-4782-bef8-7702f416eaaa 037e060e79fc4578a445abb6848ebe0f b7c1bb8360b94463b5d42737aa8e9316 - - default default] 10.0.0.120 "POST /v2.0/trunks HTTP/1.1" status: 201 len: 608 time: 0.2236755
2026-05-12 12:36:57.826 10 INFO neutron.wsgi [None req-21c0d999-2ed4-4b96-8ad1-5946f3ed9499 38107a7fea2d4ed5809bca0dacad2791 ee1366ea37bf4fcd8c5bb61a20f451aa - - default default] 10.0.0.120 "GET /v2.0/floatingips/1e078096-5aed-401e-9380-22cb2b381867/tags HTTP/1.1" status: 200 len: 227 time: 0.0429440
2026-05-12 12:36:57.835 10 WARNING neutron_lib.context [None req-a0ee678d-4831-4d8c-8867-df229d3fdb58 037e060e79fc4578a445abb6848ebe0f b7c1bb8360b94463b5d42737aa8e9316 - - default default] Method 'is_advsvc' is deprecated since 2023.2 release (neutron-lib 3.8.0) and will be removed once support for the old RBAC API policies will be removed from Neutron. Please use method 'is_service_role' instead.
2026-05-12 12:36:57.840 9 WARNING neutron.scheduler.dhcp_agent_scheduler [None req-f0d3f535-e366-4199-b996-f7314010229e 7ea79354972f47ef87f80be3a2fadbb3 e4a431c796be4a4e86208a950e1b87f5 - - default default] No more DHCP agents
2026-05-12 12:36:57.845 9 WARNING neutron.api.rpc.agentnotifiers.dhcp_rpc_agent_api [None req-f0d3f535-e366-4199-b996-f7314010229e 7ea79354972f47ef87f80be3a2fadbb3 e4a431c796be4a4e86208a950e1b87f5 - - default default] Unable to schedule network 948df115-2440-4c7e-89e6-4b606bdebf8c: no agents available; will retry on subsequent port and subnet creation events.
2026-05-12 12:36:57.897 9 INFO neutron.wsgi [None req-c39352df-5d94-428b-b6b5-4c9adcce2058 38107a7fea2d4ed5809bca0dacad2791 ee1366ea37bf4fcd8c5bb61a20f451aa - - default default] 10.0.0.120 "PUT /v2.0/floatingips/1e078096-5aed-401e-9380-22cb2b381867/tags/black.or.white HTTP/1.1" status: 201 len: 201 time: 0.0652282
2026-05-12 12:36:57.925 10 INFO neutron.db.segments_db [None req-a0ee678d-4831-4d8c-8867-df229d3fdb58 037e060e79fc4578a445abb6848ebe0f b7c1bb8360b94463b5d42737aa8e9316 - - default default] Added segment cb627d14-4894-42ca-a516-02e4b6cf3d6d of type geneve for network cdeba0ab-905f-43c2-8e4b-282f8704e9c9
2026-05-12 12:36:57.943 9 INFO neutron.wsgi [None req-5d41c0b3-a6a6-4efc-b625-4e95adadef0f 38107a7fea2d4ed5809bca0dacad2791 ee1366ea37bf4fcd8c5bb61a20f451aa - - default default] 10.0.0.120 "GET /v2.0/floatingips/1e078096-5aed-401e-9380-22cb2b381867/tags HTTP/1.1" status: 200 len: 245 time: 0.0410955
2026-05-12 12:36:57.976 9 INFO neutron.db.ovn_revision_numbers_db [None req-f0d3f535-e366-4199-b996-f7314010229e 7ea79354972f47ef87f80be3a2fadbb3 e4a431c796be4a4e86208a950e1b87f5 - - default default] Successfully bumped revision number for resource 70d4710d-ef9b-4cda-9d0c-ddcb6dfc8c93 (type: ports) to 1
2026-05-12 12:36:58.003 9 INFO neutron.wsgi [None req-f0d3f535-e366-4199-b996-f7314010229e 7ea79354972f47ef87f80be3a2fadbb3 e4a431c796be4a4e86208a950e1b87f5 - - default default] 10.0.0.120 "POST /v2.0/networks HTTP/1.1" status: 201 len: 847 time: 1.0395436
2026-05-12 12:36:58.007 9 INFO neutron.wsgi [None req-22737ae9-4385-492e-9a08-db6edbdbe64b 38107a7fea2d4ed5809bca0dacad2791 ee1366ea37bf4fcd8c5bb61a20f451aa - - default default] 10.0.0.120 "PUT /v2.0/floatingips/1e078096-5aed-401e-9380-22cb2b381867/tags HTTP/1.1" status: 200 len: 230 time: 0.0575583
2026-05-12 12:36:58.014 9 WARNING neutron_lib.context [None req-ab785ec8-f73e-4be3-9ed3-5aa13b14f922 7ea79354972f47ef87f80be3a2fadbb3 e4a431c796be4a4e86208a950e1b87f5 - - default default] Method 'is_advsvc' is deprecated since 2023.2 release (neutron-lib 3.8.0) and will be removed once support for the old RBAC API policies will be removed from Neutron. Please use method 'is_service_role' instead.
2026-05-12 12:36:58.058 9 INFO neutron.wsgi [None req-2bda54d3-07d2-4b4e-a048-9f72d696a12a 38107a7fea2d4ed5809bca0dacad2791 ee1366ea37bf4fcd8c5bb61a20f451aa - - default default] 10.0.0.120 "GET /v2.0/floatingips/1e078096-5aed-401e-9380-22cb2b381867/tags HTTP/1.1" status: 200 len: 230 time: 0.0410762
2026-05-12 12:36:58.097 9 INFO neutron.wsgi [None req-10fa9105-5302-40b1-932c-f62cfcd5c0b2 38107a7fea2d4ed5809bca0dacad2791 ee1366ea37bf4fcd8c5bb61a20f451aa - - default default] 10.0.0.120 "GET /v2.0/floatingips/1e078096-5aed-401e-9380-22cb2b381867/tags/red HTTP/1.1" status: 204 len: 168 time: 0.0324681
2026-05-12 12:36:58.145 9 INFO neutron.api.v2.resource [None req-e7e535a7-f9cb-4b69-b0a3-f3efd71c44d6 38107a7fea2d4ed5809bca0dacad2791 ee1366ea37bf4fcd8c5bb61a20f451aa - - default default] show failed (client error): The resource could not be found.
2026-05-12 12:36:58.146 9 INFO neutron.wsgi [None req-e7e535a7-f9cb-4b69-b0a3-f3efd71c44d6 38107a7fea2d4ed5809bca0dacad2791 ee1366ea37bf4fcd8c5bb61a20f451aa - - default default] 10.0.0.120 "GET /v2.0/floatingips/1e078096-5aed-401e-9380-22cb2b381867/tags/green HTTP/1.1" status: 404 len: 299 time: 0.0430558
2026-05-12 12:36:58.205 9 INFO neutron.wsgi [None req-e78ceda0-d1a8-42b3-a4c5-7d9cc3ba3cf7 38107a7fea2d4ed5809bca0dacad2791 ee1366ea37bf4fcd8c5bb61a20f451aa - - default default] 10.0.0.120 "DELETE /v2.0/floatingips/1e078096-5aed-401e-9380-22cb2b381867/tags/red HTTP/1.1" status: 204 len: 168 time: 0.0500526
2026-05-12 12:36:58.276 9 INFO neutron.wsgi [None req-41627abf-722f-4c0a-bf4e-c5f601fab44a 38107a7fea2d4ed5809bca0dacad2791 ee1366ea37bf4fcd8c5bb61a20f451aa - - default default] 10.0.0.120 "GET /v2.0/floatingips/1e078096-5aed-401e-9380-22cb2b381867/tags HTTP/1.1" status: 200 len: 223 time: 0.0638814
2026-05-12 12:36:58.324 9 INFO neutron.api.v2.resource [None req-6b093845-019c-4334-acb7-6e6aae72be4a 38107a7fea2d4ed5809bca0dacad2791 ee1366ea37bf4fcd8c5bb61a20f451aa - - default default] delete failed (client error): The resource could not be found.
2026-05-12 12:36:58.326 9 INFO neutron.wsgi [None req-6b093845-019c-4334-acb7-6e6aae72be4a 38107a7fea2d4ed5809bca0dacad2791 ee1366ea37bf4fcd8c5bb61a20f451aa - - default default] 10.0.0.120 "DELETE /v2.0/floatingips/1e078096-5aed-401e-9380-22cb2b381867/tags/green HTTP/1.1" status: 404 len: 299 time: 0.0405622
2026-05-12 12:36:58.339 10 INFO neutron.db.ovn_revision_numbers_db [None req-a0ee678d-4831-4d8c-8867-df229d3fdb58 037e060e79fc4578a445abb6848ebe0f b7c1bb8360b94463b5d42737aa8e9316 - - default default] Successfully bumped revision number for resource cdeba0ab-905f-43c2-8e4b-282f8704e9c9 (type: networks) to 1
2026-05-12 12:36:58.363 9 WARNING neutron.scheduler.dhcp_agent_scheduler [None req-ab785ec8-f73e-4be3-9ed3-5aa13b14f922 7ea79354972f47ef87f80be3a2fadbb3 e4a431c796be4a4e86208a950e1b87f5 - - default default] No more DHCP agents
2026-05-12 12:36:58.367 9 WARNING neutron.api.rpc.agentnotifiers.dhcp_rpc_agent_api [None req-ab785ec8-f73e-4be3-9ed3-5aa13b14f922 7ea79354972f47ef87f80be3a2fadbb3 e4a431c796be4a4e86208a950e1b87f5 - - default default] Unable to schedule network 948df115-2440-4c7e-89e6-4b606bdebf8c: no agents available; will retry on subsequent port and subnet creation events.
2026-05-12 12:36:58.410 10 INFO neutron.wsgi [None req-ab58ac4b-1d69-4c2e-9625-ebf897e60233 38107a7fea2d4ed5809bca0dacad2791 ee1366ea37bf4fcd8c5bb61a20f451aa - - default default] 10.0.0.120 "DELETE /v2.0/floatingips/1e078096-5aed-401e-9380-22cb2b381867/tags HTTP/1.1" status: 204 len: 168 time: 0.0771351
2026-05-12 12:36:58.469 10 INFO neutron.wsgi [None req-eecd5061-a470-42e7-82cb-bd131caa7cc6 38107a7fea2d4ed5809bca0dacad2791 ee1366ea37bf4fcd8c5bb61a20f451aa - - default default] 10.0.0.120 "GET /v2.0/floatingips/1e078096-5aed-401e-9380-22cb2b381867/tags HTTP/1.1" status: 200 len: 205 time: 0.0517535
2026-05-12 12:36:58.543 10 INFO neutron.wsgi [-] 10.0.0.184 "GET / HTTP/1.1" status: 200 len: 247 time: 0.0013084
2026-05-12 12:36:58.545 10 INFO neutron.wsgi [-] 10.0.0.184 "GET / HTTP/1.1" status: 200 len: 247 time: 0.0012422
2026-05-12 12:36:58.640 10 WARNING neutron.scheduler.dhcp_agent_scheduler [None req-a0ee678d-4831-4d8c-8867-df229d3fdb58 037e060e79fc4578a445abb6848ebe0f b7c1bb8360b94463b5d42737aa8e9316 - - default default] No more DHCP agents
2026-05-12 12:36:58.644 10 WARNING neutron.api.rpc.agentnotifiers.dhcp_rpc_agent_api [None req-a0ee678d-4831-4d8c-8867-df229d3fdb58 037e060e79fc4578a445abb6848ebe0f b7c1bb8360b94463b5d42737aa8e9316 - - default default] Unable to schedule network cdeba0ab-905f-43c2-8e4b-282f8704e9c9: no agents available; will retry on subsequent port and subnet creation events.
2026-05-12 12:36:58.664 9 INFO neutron.db.ovn_revision_numbers_db [None req-ab785ec8-f73e-4be3-9ed3-5aa13b14f922 7ea79354972f47ef87f80be3a2fadbb3 e4a431c796be4a4e86208a950e1b87f5 - - default default] Successfully bumped revision number for resource 71e3a6ba-ce01-4d14-b323-8dac70f3ec4d (type: ports) to 1
2026-05-12 12:36:58.690 9 INFO neutron.wsgi [None req-ab785ec8-f73e-4be3-9ed3-5aa13b14f922 7ea79354972f47ef87f80be3a2fadbb3 e4a431c796be4a4e86208a950e1b87f5 - - default default] 10.0.0.120 "POST /v2.0/ports HTTP/1.1" status: 201 len: 977 time: 0.6805818 /var/lib/openstack/lib/python3.10/site-packages/pycadf/identifier.py:71: UserWarning: Invalid uuid: neutron. To ensure interoperability, identifiers should be a valid uuid. warnings.warn(('Invalid uuid: %s. To ensure interoperability, '
2026-05-12 12:36:58.703 9 WARNING neutron_lib.context [None req-82518ea2-7c26-49b7-a7ef-9c465836d735 7ea79354972f47ef87f80be3a2fadbb3 e4a431c796be4a4e86208a950e1b87f5 - - default default] Method 'is_advsvc' is deprecated since 2023.2 release (neutron-lib 3.8.0) and will be removed once support for the old RBAC API policies will be removed from Neutron. Please use method 'is_service_role' instead.
2026-05-12 12:36:58.763 10 INFO neutron.db.ovn_revision_numbers_db [None req-a0ee678d-4831-4d8c-8867-df229d3fdb58 037e060e79fc4578a445abb6848ebe0f b7c1bb8360b94463b5d42737aa8e9316 - - default default] Successfully bumped revision number for resource cb6dd90c-8a66-43bd-a435-d3c4c5435bb6 (type: ports) to 1
2026-05-12 12:36:58.790 10 INFO neutron.wsgi [None req-a0ee678d-4831-4d8c-8867-df229d3fdb58 037e060e79fc4578a445abb6848ebe0f b7c1bb8360b94463b5d42737aa8e9316 - - default default] 10.0.0.120 "POST /v2.0/networks HTTP/1.1" status: 201 len: 831 time: 0.9595323
2026-05-12 12:36:58.800 9 INFO neutron.db.segments_db [None req-82518ea2-7c26-49b7-a7ef-9c465836d735 7ea79354972f47ef87f80be3a2fadbb3 e4a431c796be4a4e86208a950e1b87f5 - - default default] Added segment 710bfa68-3b55-4335-9b38-417ef4650ec8 of type geneve for network 3cfee9f6-9afb-4fa7-bbbe-406b451a652e
2026-05-12 12:36:58.808 10 WARNING neutron_lib.context [None req-5c193a5a-0396-4ac4-88f0-ce1ab89e363c 037e060e79fc4578a445abb6848ebe0f b7c1bb8360b94463b5d42737aa8e9316 - - default default] Method 'is_advsvc' is deprecated since 2023.2 release (neutron-lib 3.8.0) and will be removed once support for the old RBAC API policies will be removed from Neutron. Please use method 'is_service_role' instead.
2026-05-12 12:36:58.953 9 INFO neutron.db.ovn_revision_numbers_db [None req-82518ea2-7c26-49b7-a7ef-9c465836d735 7ea79354972f47ef87f80be3a2fadbb3 e4a431c796be4a4e86208a950e1b87f5 - - default default] Successfully bumped revision number for resource 3cfee9f6-9afb-4fa7-bbbe-406b451a652e (type: networks) to 1
2026-05-12 12:36:59.001 10 INFO neutron.wsgi [None req-1ed1f26b-7548-4405-b6ae-dc299ad6aa8d 38107a7fea2d4ed5809bca0dacad2791 ee1366ea37bf4fcd8c5bb61a20f451aa - - default default] 10.0.0.120 "DELETE /v2.0/floatingips/1e078096-5aed-401e-9380-22cb2b381867 HTTP/1.1" status: 204 len: 168 time: 0.5185189
2026-05-12 12:36:59.136 9 WARNING neutron.scheduler.dhcp_agent_scheduler [None req-82518ea2-7c26-49b7-a7ef-9c465836d735 7ea79354972f47ef87f80be3a2fadbb3 e4a431c796be4a4e86208a950e1b87f5 - - default default] No more DHCP agents
2026-05-12 12:36:59.137 9 WARNING neutron.api.rpc.agentnotifiers.dhcp_rpc_agent_api [None req-82518ea2-7c26-49b7-a7ef-9c465836d735 7ea79354972f47ef87f80be3a2fadbb3 e4a431c796be4a4e86208a950e1b87f5 - - default default] Unable to schedule network 3cfee9f6-9afb-4fa7-bbbe-406b451a652e: no agents available; will retry on subsequent port and subnet creation events.
2026-05-12 12:36:59.139 10 WARNING neutron.scheduler.dhcp_agent_scheduler [None req-5c193a5a-0396-4ac4-88f0-ce1ab89e363c 037e060e79fc4578a445abb6848ebe0f b7c1bb8360b94463b5d42737aa8e9316 - - default default] No more DHCP agents
2026-05-12 12:36:59.141 10 WARNING neutron.api.rpc.agentnotifiers.dhcp_rpc_agent_api [None req-5c193a5a-0396-4ac4-88f0-ce1ab89e363c 037e060e79fc4578a445abb6848ebe0f b7c1bb8360b94463b5d42737aa8e9316 - - default default] Unable to schedule network cdeba0ab-905f-43c2-8e4b-282f8704e9c9: no agents available; will retry on subsequent port and subnet creation events.
2026-05-12 12:36:59.228 9 INFO neutron.db.ovn_revision_numbers_db [None req-82518ea2-7c26-49b7-a7ef-9c465836d735 7ea79354972f47ef87f80be3a2fadbb3 e4a431c796be4a4e86208a950e1b87f5 - - default default] Successfully bumped revision number for resource 011d3509-d0c9-4b73-8005-a944f92bd098 (type: ports) to 1
2026-05-12 12:36:59.231 10 INFO neutron.db.ovn_revision_numbers_db [None req-5c193a5a-0396-4ac4-88f0-ce1ab89e363c 037e060e79fc4578a445abb6848ebe0f b7c1bb8360b94463b5d42737aa8e9316 - - default default] Successfully bumped revision number for resource 27e242a2-55ba-405f-b09d-26fabba0e5ea (type: ports) to 1
2026-05-12 12:36:59.253 9 INFO neutron.wsgi [None req-82518ea2-7c26-49b7-a7ef-9c465836d735 7ea79354972f47ef87f80be3a2fadbb3 e4a431c796be4a4e86208a950e1b87f5 - - default default] 10.0.0.120 "POST /v2.0/networks HTTP/1.1" status: 201 len: 835 time: 0.5559158
2026-05-12 12:36:59.261 10 INFO neutron.wsgi [None req-5c193a5a-0396-4ac4-88f0-ce1ab89e363c 037e060e79fc4578a445abb6848ebe0f b7c1bb8360b94463b5d42737aa8e9316 - - default default] 10.0.0.120 "POST /v2.0/ports HTTP/1.1" status: 201 len: 942 time: 0.4650292
2026-05-12 12:36:59.265 9 WARNING neutron_lib.context [None req-2051be99-15d5-4545-9b9f-66cad70ed6fb 7ea79354972f47ef87f80be3a2fadbb3 e4a431c796be4a4e86208a950e1b87f5 - - default default] Method 'is_advsvc' is deprecated since 2023.2 release (neutron-lib 3.8.0) and will be removed once support for the old RBAC API policies will be removed from Neutron. Please use method 'is_service_role' instead. /var/lib/openstack/lib/python3.10/site-packages/pycadf/identifier.py:71: UserWarning: Invalid uuid: neutron. To ensure interoperability, identifiers should be a valid uuid. warnings.warn(('Invalid uuid: %s. To ensure interoperability, '
2026-05-12 12:36:59.272 10 WARNING neutron_lib.context [None req-b37aac7f-b784-447e-9301-ecff79a8408a 037e060e79fc4578a445abb6848ebe0f b7c1bb8360b94463b5d42737aa8e9316 - - default default] Method 'is_advsvc' is deprecated since 2023.2 release (neutron-lib 3.8.0) and will be removed once support for the old RBAC API policies will be removed from Neutron. Please use method 'is_service_role' instead.
2026-05-12 12:36:59.482 10 INFO neutron.wsgi [None req-b37aac7f-b784-447e-9301-ecff79a8408a 037e060e79fc4578a445abb6848ebe0f b7c1bb8360b94463b5d42737aa8e9316 - - default default] 10.0.0.120 "POST /v2.0/trunks HTTP/1.1" status: 201 len: 608 time: 0.2154965
2026-05-12 12:36:59.494 10 WARNING neutron_lib.context [None req-bbfc20c6-2332-4c2b-9aea-45d2a04d660d 037e060e79fc4578a445abb6848ebe0f b7c1bb8360b94463b5d42737aa8e9316 - - default default] Method 'is_advsvc' is deprecated since 2023.2 release (neutron-lib 3.8.0) and will be removed once support for the old RBAC API policies will be removed from Neutron. Please use method 'is_service_role' instead.
2026-05-12 12:36:59.530 9 WARNING neutron.scheduler.dhcp_agent_scheduler [None req-2051be99-15d5-4545-9b9f-66cad70ed6fb 7ea79354972f47ef87f80be3a2fadbb3 e4a431c796be4a4e86208a950e1b87f5 - - default default] No more DHCP agents
2026-05-12 12:36:59.533 9 WARNING neutron.api.rpc.agentnotifiers.dhcp_rpc_agent_api [None req-2051be99-15d5-4545-9b9f-66cad70ed6fb 7ea79354972f47ef87f80be3a2fadbb3 e4a431c796be4a4e86208a950e1b87f5 - - default default] Unable to schedule network 3cfee9f6-9afb-4fa7-bbbe-406b451a652e: no agents available; will retry on subsequent port and subnet creation events.
2026-05-12 12:36:59.565 9 INFO neutron.db.ovn_revision_numbers_db [None req-2051be99-15d5-4545-9b9f-66cad70ed6fb 7ea79354972f47ef87f80be3a2fadbb3 e4a431c796be4a4e86208a950e1b87f5 - - default default] Successfully bumped revision number for resource 1da040af-20c3-4ca3-9723-d6c486559e8b (type: subnets) to 0
2026-05-12 12:36:59.582 9 INFO neutron.wsgi [None req-2051be99-15d5-4545-9b9f-66cad70ed6fb 7ea79354972f47ef87f80be3a2fadbb3 e4a431c796be4a4e86208a950e1b87f5 - - default default] 10.0.0.120 "POST /v2.0/subnets HTTP/1.1" status: 201 len: 821 time: 0.3214962
2026-05-12 12:36:59.592 10 INFO neutron.db.segments_db [None req-bbfc20c6-2332-4c2b-9aea-45d2a04d660d 037e060e79fc4578a445abb6848ebe0f b7c1bb8360b94463b5d42737aa8e9316 - - default default] Added segment f8408369-d230-4406-93e1-ec8a5d50f13a of type geneve for network 9d9e0478-86fb-473e-9275-846a633ae461
2026-05-12 12:36:59.592 9 WARNING neutron_lib.context [None req-4595a33e-6779-4cd0-b23b-f3b947463d39 7ea79354972f47ef87f80be3a2fadbb3 e4a431c796be4a4e86208a950e1b87f5 - - default default] Method 'is_advsvc' is deprecated since 2023.2 release (neutron-lib 3.8.0) and will be removed once support for the old RBAC API policies will be removed from Neutron. Please use method 'is_service_role' instead.
2026-05-12 12:36:59.735 10 INFO neutron.db.ovn_revision_numbers_db [None req-bbfc20c6-2332-4c2b-9aea-45d2a04d660d 037e060e79fc4578a445abb6848ebe0f b7c1bb8360b94463b5d42737aa8e9316 - - default default] Successfully bumped revision number for resource 9d9e0478-86fb-473e-9275-846a633ae461 (type: networks) to 1
2026-05-12 12:36:59.931 10 WARNING neutron.scheduler.dhcp_agent_scheduler [None req-bbfc20c6-2332-4c2b-9aea-45d2a04d660d 037e060e79fc4578a445abb6848ebe0f b7c1bb8360b94463b5d42737aa8e9316 - - default default] No more DHCP agents
2026-05-12 12:36:59.935 10 WARNING neutron.api.rpc.agentnotifiers.dhcp_rpc_agent_api [None req-bbfc20c6-2332-4c2b-9aea-45d2a04d660d 037e060e79fc4578a445abb6848ebe0f b7c1bb8360b94463b5d42737aa8e9316 - - default default] Unable to schedule network 9d9e0478-86fb-473e-9275-846a633ae461: no agents available; will retry on subsequent port and subnet creation events.
2026-05-12 12:37:00.011 9 WARNING neutron.scheduler.dhcp_agent_scheduler [None req-4595a33e-6779-4cd0-b23b-f3b947463d39 7ea79354972f47ef87f80be3a2fadbb3 e4a431c796be4a4e86208a950e1b87f5 - - default default] No more DHCP agents
2026-05-12 12:37:00.015 10 INFO neutron.db.ovn_revision_numbers_db [None req-bbfc20c6-2332-4c2b-9aea-45d2a04d660d 037e060e79fc4578a445abb6848ebe0f b7c1bb8360b94463b5d42737aa8e9316 - - default default] Successfully bumped revision number for resource b36ece00-4839-4925-adde-80bcc9d45dca (type: ports) to 1
2026-05-12 12:37:00.016 9 WARNING neutron.api.rpc.agentnotifiers.dhcp_rpc_agent_api [None req-4595a33e-6779-4cd0-b23b-f3b947463d39 7ea79354972f47ef87f80be3a2fadbb3 e4a431c796be4a4e86208a950e1b87f5 - - default default] Unable to schedule network 3cfee9f6-9afb-4fa7-bbbe-406b451a652e: no agents available; will retry on subsequent port and subnet creation events.
2026-05-12 12:37:00.040 10 INFO neutron.wsgi [None req-bbfc20c6-2332-4c2b-9aea-45d2a04d660d 037e060e79fc4578a445abb6848ebe0f b7c1bb8360b94463b5d42737aa8e9316 - - default default] 10.0.0.120 "POST /v2.0/networks HTTP/1.1" status: 201 len: 830 time: 0.5520537
2026-05-12 12:37:00.051 10 WARNING neutron_lib.context [None req-eddf5249-bd95-4518-b213-52dc6b7f5c1d 037e060e79fc4578a445abb6848ebe0f b7c1bb8360b94463b5d42737aa8e9316 - - default default] Method 'is_advsvc' is deprecated since 2023.2 release (neutron-lib 3.8.0) and will be removed once support for the old RBAC API policies will be removed from Neutron. Please use method 'is_service_role' instead.
2026-05-12 12:37:00.066 9 INFO neutron.db.ovn_revision_numbers_db [None req-2de9992f-9a16-4d54-b0fe-556bad3ceeaf 3b0a0edda41f435d88d6ba8a74cace51 1888e6ea4bec4394803d2be1d04a8e95 - - default default] Successfully bumped revision number for resource 9c0e89ef-9371-41b4-82c0-517bf04efec3 (type: security_groups) to 1
2026-05-12 12:37:00.086 9 INFO neutron.db.ovn_revision_numbers_db [None req-2de9992f-9a16-4d54-b0fe-556bad3ceeaf 3b0a0edda41f435d88d6ba8a74cace51 1888e6ea4bec4394803d2be1d04a8e95 - - default default] Successfully bumped revision number for resource 7082c064-3d33-493f-8482-cbbda9ac9474 (type: security_group_rules) to 0
2026-05-12 12:37:00.107 9 INFO neutron.db.ovn_revision_numbers_db [None req-2de9992f-9a16-4d54-b0fe-556bad3ceeaf 3b0a0edda41f435d88d6ba8a74cace51 1888e6ea4bec4394803d2be1d04a8e95 - - default default] Successfully bumped revision number for resource ae6032e4-0e9f-403e-a764-2bf6d5c49a7d (type: security_group_rules) to 0
2026-05-12 12:37:00.133 9 INFO neutron.db.ovn_revision_numbers_db [None req-2de9992f-9a16-4d54-b0fe-556bad3ceeaf 3b0a0edda41f435d88d6ba8a74cace51 1888e6ea4bec4394803d2be1d04a8e95 - - default default] Successfully bumped revision number for resource b8ceb9f9-31f4-4016-a8c0-0f715eabf7ee (type: security_group_rules) to 0
2026-05-12 12:37:00.148 9 INFO neutron.db.ovn_revision_numbers_db [None req-2de9992f-9a16-4d54-b0fe-556bad3ceeaf 3b0a0edda41f435d88d6ba8a74cace51 1888e6ea4bec4394803d2be1d04a8e95 - - default default] Successfully bumped revision number for resource d100d61c-2ca4-4f7d-ba7b-d63f500fe15a (type: security_group_rules) to 0
2026-05-12 12:37:00.158 9 INFO neutron.db.ovn_revision_numbers_db [None req-4595a33e-6779-4cd0-b23b-f3b947463d39 7ea79354972f47ef87f80be3a2fadbb3 e4a431c796be4a4e86208a950e1b87f5 - - default default] Successfully bumped revision number for resource b5cab9c1-7e7e-4e3c-8f39-3b70d525b828 (type: ports) to 1
2026-05-12 12:37:00.173 9 INFO neutron.wsgi [None req-2de9992f-9a16-4d54-b0fe-556bad3ceeaf 3b0a0edda41f435d88d6ba8a74cace51 1888e6ea4bec4394803d2be1d04a8e95 - - default default] 10.0.0.120 "GET /v2.0/security-groups?tenant_id=b7f0a878edc844c4929ace191b127d02&name=default HTTP/1.1" status: 200 len: 3120 time: 0.4232965
2026-05-12 12:37:00.193 9 INFO neutron.wsgi [None req-4595a33e-6779-4cd0-b23b-f3b947463d39 7ea79354972f47ef87f80be3a2fadbb3 e4a431c796be4a4e86208a950e1b87f5 - - default default] 10.0.0.120 "POST /v2.0/ports HTTP/1.1" status: 201 len: 1162 time: 0.6063070 /var/lib/openstack/lib/python3.10/site-packages/pycadf/identifier.py:71: UserWarning: Invalid uuid: neutron. To ensure interoperability, identifiers should be a valid uuid. warnings.warn(('Invalid uuid: %s. To ensure interoperability, '
2026-05-12 12:37:00.345 10 WARNING neutron.scheduler.dhcp_agent_scheduler [None req-eddf5249-bd95-4518-b213-52dc6b7f5c1d 037e060e79fc4578a445abb6848ebe0f b7c1bb8360b94463b5d42737aa8e9316 - - default default] No more DHCP agents
2026-05-12 12:37:00.349 10 WARNING neutron.api.rpc.agentnotifiers.dhcp_rpc_agent_api [None req-eddf5249-bd95-4518-b213-52dc6b7f5c1d 037e060e79fc4578a445abb6848ebe0f b7c1bb8360b94463b5d42737aa8e9316 - - default default] Unable to schedule network 9d9e0478-86fb-473e-9275-846a633ae461: no agents available; will retry on subsequent port and subnet creation events.
2026-05-12 12:37:00.450 10 INFO neutron.db.ovn_revision_numbers_db [None req-eddf5249-bd95-4518-b213-52dc6b7f5c1d 037e060e79fc4578a445abb6848ebe0f b7c1bb8360b94463b5d42737aa8e9316 - - default default] Successfully bumped revision number for resource cf1df98d-6c1b-4094-9168-67e95e843b85 (type: ports) to 1
2026-05-12 12:37:00.477 10 INFO neutron.wsgi [None req-eddf5249-bd95-4518-b213-52dc6b7f5c1d 037e060e79fc4578a445abb6848ebe0f b7c1bb8360b94463b5d42737aa8e9316 - - default default] 10.0.0.120 "POST /v2.0/ports HTTP/1.1" status: 201 len: 942 time: 0.4310875 /var/lib/openstack/lib/python3.10/site-packages/pycadf/identifier.py:71: UserWarning: Invalid uuid: neutron. To ensure interoperability, identifiers should be a valid uuid. warnings.warn(('Invalid uuid: %s. To ensure interoperability, '
2026-05-12 12:37:00.492 10 WARNING neutron_lib.context [None req-1758a62c-984c-4e15-b9a7-785e15381c1a 037e060e79fc4578a445abb6848ebe0f b7c1bb8360b94463b5d42737aa8e9316 - - default default] Method 'is_advsvc' is deprecated since 2023.2 release (neutron-lib 3.8.0) and will be removed once support for the old RBAC API policies will be removed from Neutron. Please use method 'is_service_role' instead.
2026-05-12 12:37:00.502 10 INFO neutron.wsgi [None req-de1a91a5-02c8-4f7f-966f-4efeb9f938d5 3b0a0edda41f435d88d6ba8a74cace51 1888e6ea4bec4394803d2be1d04a8e95 - - default default] 10.0.0.120 "DELETE /v2.0/security-groups/9c0e89ef-9371-41b4-82c0-517bf04efec3 HTTP/1.1" status: 204 len: 168 time: 0.3219404
2026-05-12 12:37:00.506 9 INFO neutron.wsgi [None req-2874cea4-768f-49a3-96a7-d8905e7e016b 7ea79354972f47ef87f80be3a2fadbb3 e4a431c796be4a4e86208a950e1b87f5 - - default default] 10.0.0.120 "DELETE /v2.0/ports/b5cab9c1-7e7e-4e3c-8f39-3b70d525b828 HTTP/1.1" status: 204 len: 168 time: 0.3062248
2026-05-12 12:37:00.533 10 INFO neutron.pecan_wsgi.hooks.translation [None req-904179ff-f8f0-473b-b834-38d8e6bfdbe6 7ea79354972f47ef87f80be3a2fadbb3 e4a431c796be4a4e86208a950e1b87f5 - - default default] DELETE failed (client error): The resource could not be found.
2026-05-12 12:37:00.536 10 INFO neutron.wsgi [None req-904179ff-f8f0-473b-b834-38d8e6bfdbe6 7ea79354972f47ef87f80be3a2fadbb3 e4a431c796be4a4e86208a950e1b87f5 - - default default] 10.0.0.120 "DELETE /v2.0/ports/b5cab9c1-7e7e-4e3c-8f39-3b70d525b828 HTTP/1.1" status: 404 len: 333 time: 0.0233161
2026-05-12 12:37:00.571 10 INFO neutron.pecan_wsgi.hooks.translation [None req-1308c742-f0f1-4d17-961b-f180a4f57b0f 7ea79354972f47ef87f80be3a2fadbb3 e4a431c796be4a4e86208a950e1b87f5 - - default default] GET failed (client error): The resource could not be found.
2026-05-12 12:37:00.573 10 INFO neutron.wsgi [None req-1308c742-f0f1-4d17-961b-f180a4f57b0f 7ea79354972f47ef87f80be3a2fadbb3 e4a431c796be4a4e86208a950e1b87f5 - - default default] 10.0.0.120 "GET /v2.0/ports/b5cab9c1-7e7e-4e3c-8f39-3b70d525b828 HTTP/1.1" status: 404 len: 333 time: 0.0293272
2026-05-12 12:37:00.765 9 INFO neutron.wsgi [None req-c1e34cb7-5b6f-46ad-9152-cc8c136fe39f 7ea79354972f47ef87f80be3a2fadbb3 e4a431c796be4a4e86208a950e1b87f5 - - default default] 10.0.0.120 "DELETE /v2.0/subnets/1da040af-20c3-4ca3-9723-d6c486559e8b HTTP/1.1" status: 204 len: 168 time: 0.1833260
2026-05-12 12:37:00.798 10 INFO neutron.wsgi [None req-1758a62c-984c-4e15-b9a7-785e15381c1a 037e060e79fc4578a445abb6848ebe0f b7c1bb8360b94463b5d42737aa8e9316 - - default default] 10.0.0.120 "POST /v2.0/trunks HTTP/1.1" status: 201 len: 608 time: 0.3131232
2026-05-12 12:37:00.799 10 INFO neutron.db.ovn_revision_numbers_db [None req-f1e2ac4e-9732-4407-8a0e-063376170e0a 3b0a0edda41f435d88d6ba8a74cace51 1888e6ea4bec4394803d2be1d04a8e95 - - default default] Successfully bumped revision number for resource 7769c1d2-628e-4ec2-a0cb-a8c7dad8775e (type: security_groups) to 1
2026-05-12 12:37:00.821 10 INFO neutron.db.ovn_revision_numbers_db [None req-f1e2ac4e-9732-4407-8a0e-063376170e0a 3b0a0edda41f435d88d6ba8a74cace51 1888e6ea4bec4394803d2be1d04a8e95 - - default default] Successfully bumped revision number for resource 28d15a6b-f822-470b-9835-237251246d56 (type: security_group_rules) to 0
2026-05-12 12:37:00.838 10 INFO neutron.db.ovn_revision_numbers_db [None req-f1e2ac4e-9732-4407-8a0e-063376170e0a 3b0a0edda41f435d88d6ba8a74cace51 1888e6ea4bec4394803d2be1d04a8e95 - - default default] Successfully bumped revision number for resource 311f15aa-b4c5-49f4-980c-dbb42eb45764 (type: security_group_rules) to 0
2026-05-12 12:37:00.842 10 INFO neutron.wsgi [None req-44d22464-0515-4f81-81c2-94368a806517 037e060e79fc4578a445abb6848ebe0f b7c1bb8360b94463b5d42737aa8e9316 - - default default] 10.0.0.120 "PUT /v2.0/trunks/e7df16e4-59fb-42b6-8944-60a09177bd73/tags HTTP/1.1" status: 200 len: 210 time: 0.0347359
2026-05-12 12:37:00.855 10 INFO neutron.db.ovn_revision_numbers_db [None req-f1e2ac4e-9732-4407-8a0e-063376170e0a 3b0a0edda41f435d88d6ba8a74cace51 1888e6ea4bec4394803d2be1d04a8e95 - - default default] Successfully bumped revision number for resource a67a8e59-8dfd-4c2e-8311-199169987df1 (type: security_group_rules) to 0
2026-05-12 12:37:00.869 10 INFO neutron.db.ovn_revision_numbers_db [None req-f1e2ac4e-9732-4407-8a0e-063376170e0a 3b0a0edda41f435d88d6ba8a74cace51 1888e6ea4bec4394803d2be1d04a8e95 - - default default] Successfully bumped revision number for resource f7e853cf-84cd-4618-b09c-689dadf3f843 (type: security_group_rules) to 0
2026-05-12 12:37:00.888 9 INFO neutron.wsgi [None req-aa3242b8-4430-4956-aee2-df5d59d742af 037e060e79fc4578a445abb6848ebe0f b7c1bb8360b94463b5d42737aa8e9316 - - default default] 10.0.0.120 "PUT /v2.0/trunks/ba1e662e-0341-458f-8337-9446248be1ab/tags HTTP/1.1" status: 200 len: 218 time: 0.0401044
2026-05-12 12:37:00.895 10 INFO neutron.wsgi [None req-f1e2ac4e-9732-4407-8a0e-063376170e0a 3b0a0edda41f435d88d6ba8a74cace51 1888e6ea4bec4394803d2be1d04a8e95 - - default default] 10.0.0.120 "GET /v2.0/security-groups?tenant_id=ee1366ea37bf4fcd8c5bb61a20f451aa&name=default HTTP/1.1" status: 200 len: 3120 time: 0.2861667
2026-05-12 12:37:00.931 10 INFO neutron.wsgi [None req-4e9ee0b6-8168-4fc7-b027-26d9fdb9db01 037e060e79fc4578a445abb6848ebe0f b7c1bb8360b94463b5d42737aa8e9316 - - default default] 10.0.0.120 "PUT /v2.0/trunks/79c24e44-1585-4d1d-bd15-887442b960af/tags HTTP/1.1" status: 200 len: 227 time: 0.0330365
2026-05-12 12:37:00.966 10 INFO neutron.wsgi [None req-0f565ea0-2ed9-4c51-8904-7c9137a660c9 037e060e79fc4578a445abb6848ebe0f b7c1bb8360b94463b5d42737aa8e9316 - - default default] 10.0.0.120 "PUT /v2.0/trunks/cd1db641-5442-40f9-a465-cd9553bd2cd8/tags HTTP/1.1" status: 200 len: 212 time: 0.0301547
2026-05-12 12:37:00.997 10 INFO neutron.wsgi [None req-534dcd89-2df3-4cfa-81d4-a7994aa48187 037e060e79fc4578a445abb6848ebe0f b7c1bb8360b94463b5d42737aa8e9316 - - default default] 10.0.0.120 "GET /v2.0/trunks?tags=red HTTP/1.1" status: 200 len: 1447 time: 0.0245109
2026-05-12 12:37:01.026 10 INFO neutron.wsgi [None req-70c21ebb-f353-4f69-87d2-428f25632475 037e060e79fc4578a445abb6848ebe0f b7c1bb8360b94463b5d42737aa8e9316 - - default default] 10.0.0.120 "GET /v2.0/trunks?tags=red%2Cblue HTTP/1.1" status: 200 len: 1041 time: 0.0240428
2026-05-12 12:37:01.054 10 INFO neutron.wsgi [None req-af812bd1-3179-4359-8035-0264ef689f79 037e060e79fc4578a445abb6848ebe0f b7c1bb8360b94463b5d42737aa8e9316 - - default default] 10.0.0.120 "GET /v2.0/trunks?tags-any=blue HTTP/1.1" status: 200 len: 1041 time: 0.0224807
2026-05-12 12:37:01.080 10 INFO neutron.wsgi [None req-9be18f55-a27a-4416-92e2-b7b525b7cf7d 037e060e79fc4578a445abb6848ebe0f b7c1bb8360b94463b5d42737aa8e9316 - - default default] 10.0.0.120 "GET /v2.0/trunks?tags-any=red%2Cblue HTTP/1.1" status: 200 len: 1447 time: 0.0205724
2026-05-12 12:37:01.104 10 INFO neutron.wsgi [None req-25edb474-5857-4bec-b073-96bc06ff9640 037e060e79fc4578a445abb6848ebe0f b7c1bb8360b94463b5d42737aa8e9316 - - default default] 10.0.0.120 "GET /v2.0/trunks?not-tags=red HTTP/1.1" status: 200 len: 1013 time: 0.0191736
2026-05-12 12:37:01.133 10 INFO neutron.wsgi [None req-317fdeeb-1e19-4785-abf7-8896918043bb 037e060e79fc4578a445abb6848ebe0f b7c1bb8360b94463b5d42737aa8e9316 - - default default] 10.0.0.120 "GET /v2.0/trunks?not-tags=red%2Cblue HTTP/1.1" status: 200 len: 1419 time: 0.0235016
2026-05-12 12:37:01.175 9 INFO neutron.wsgi [None req-5e18a424-b086-446d-85d1-73ad9f6372ea 037e060e79fc4578a445abb6848ebe0f b7c1bb8360b94463b5d42737aa8e9316 - - default default] 10.0.0.120 "GET /v2.0/trunks?not-tags-any=blue HTTP/1.1" status: 200 len: 1419 time: 0.0337212
2026-05-12 12:37:01.207 10 INFO neutron.wsgi [None req-96f7ba5e-560c-4998-ab57-92e35bfd6500 037e060e79fc4578a445abb6848ebe0f b7c1bb8360b94463b5d42737aa8e9316 - - default default] 10.0.0.120 "GET /v2.0/trunks?not-tags-any=red%2Cblue HTTP/1.1" status: 200 len: 1013 time: 0.0244939
2026-05-12 12:37:01.215 9 INFO neutron.services.segments.plugin [-] Segment 710bfa68-3b55-4335-9b38-417ef4650ec8 resource provider aggregate not found
2026-05-12 12:37:01.219 9 INFO neutron.services.segments.plugin [-] Segment 710bfa68-3b55-4335-9b38-417ef4650ec8 resource provider aggregate not found
2026-05-12 12:37:01.230 9 INFO neutron.services.segments.plugin [-] Segment 710bfa68-3b55-4335-9b38-417ef4650ec8 resource provider not found; error: Placement Client Error (4xx): {"errors": [{"status": 404, "title": "Not Found", "detail": "The resource could not be found.\n\n No resource provider with uuid 710bfa68-3b55-4335-9b38-417ef4650ec8 found for delete ", "request_id": "req-7352cc0e-4a65-46f5-920a-f700c54eb826"}]}
2026-05-12 12:37:01.231 10 INFO neutron.wsgi [None req-f7eaf860-96e3-4c29-8a3e-d5f8832461c2 037e060e79fc4578a445abb6848ebe0f b7c1bb8360b94463b5d42737aa8e9316 - - default default] 10.0.0.120 "GET /v2.0/trunks/e7df16e4-59fb-42b6-8944-60a09177bd73 HTTP/1.1" status: 200 len: 608 time: 0.0178525
2026-05-12 12:37:01.234 9 INFO neutron.wsgi [None req-6facadac-5d9e-4974-9c9d-329dda739634 3b0a0edda41f435d88d6ba8a74cace51 1888e6ea4bec4394803d2be1d04a8e95 - - default default] 10.0.0.120 "DELETE /v2.0/security-groups/7769c1d2-628e-4ec2-a0cb-a8c7dad8775e HTTP/1.1" status: 204 len: 168 time: 0.3331597
2026-05-12 12:37:01.239 9 INFO neutron.services.segments.plugin [-] Segment 710bfa68-3b55-4335-9b38-417ef4650ec8 resource provider not found; error: Placement Client Error (4xx): {"errors": [{"status": 404, "title": "Not Found", "detail": "The resource could not be found.\n\n No resource provider with uuid 710bfa68-3b55-4335-9b38-417ef4650ec8 found for delete ", "request_id": "req-07dafd33-0561-4166-8c8d-bcb7453f2598"}]}
2026-05-12 12:37:01.257 9 INFO neutron.wsgi [None req-12d46071-e895-4a82-8e3e-074815d42b46 7ea79354972f47ef87f80be3a2fadbb3 e4a431c796be4a4e86208a950e1b87f5 - - default default] 10.0.0.120 "DELETE /v2.0/networks/3cfee9f6-9afb-4fa7-bbbe-406b451a652e HTTP/1.1" status: 204 len: 168 time: 0.4787102
2026-05-12 12:37:01.270 10 WARNING neutron_lib.context [None req-e6943784-46f2-4caa-b7ff-a1dec4010352 7ea79354972f47ef87f80be3a2fadbb3 e4a431c796be4a4e86208a950e1b87f5 - - default default] Method 'is_advsvc' is deprecated since 2023.2 release (neutron-lib 3.8.0) and will be removed once support for the old RBAC API policies will be removed from Neutron. Please use method 'is_service_role' instead.
2026-05-12 12:37:01.356 10 INFO neutron.wsgi [None req-f32d1d77-251a-4051-8236-9b4a75040ac6 037e060e79fc4578a445abb6848ebe0f b7c1bb8360b94463b5d42737aa8e9316 - - default default] 10.0.0.120 "GET /v2.0/ports/40b0a0b6-1b42-4df0-b887-c6a5c641abcf HTTP/1.1" status: 200 len: 1020 time: 0.1184921
2026-05-12 12:37:01.398 10 INFO neutron.db.segments_db [None req-e6943784-46f2-4caa-b7ff-a1dec4010352 7ea79354972f47ef87f80be3a2fadbb3 e4a431c796be4a4e86208a950e1b87f5 - - default default] Added segment abee052f-d684-4063-b359-0854f8502b82 of type geneve for network 00e784a9-a6b8-484a-bd77-37acd25fd8e9
2026-05-12 12:37:01.463 10 INFO neutron.wsgi [None req-16b38826-8747-4092-9120-9f297c33f464 037e060e79fc4578a445abb6848ebe0f b7c1bb8360b94463b5d42737aa8e9316 - - default default] 10.0.0.120 "DELETE /v2.0/trunks/e7df16e4-59fb-42b6-8944-60a09177bd73 HTTP/1.1" status: 204 len: 168 time: 0.1012783
2026-05-12 12:37:01.498 10 INFO neutron.wsgi [None req-7dba9e16-e3b9-4782-97ad-631ce59ac8a3 037e060e79fc4578a445abb6848ebe0f b7c1bb8360b94463b5d42737aa8e9316 - - default default] 10.0.0.120 "GET /v2.0/trunks/ba1e662e-0341-458f-8337-9446248be1ab HTTP/1.1" status: 200 len: 616 time: 0.0203607
2026-05-12 12:37:01.565 10 INFO neutron.db.ovn_revision_numbers_db [None req-e6943784-46f2-4caa-b7ff-a1dec4010352 7ea79354972f47ef87f80be3a2fadbb3 e4a431c796be4a4e86208a950e1b87f5 - - default default] Successfully bumped revision number for resource 00e784a9-a6b8-484a-bd77-37acd25fd8e9 (type: networks) to 1
2026-05-12 12:37:01.606 9 INFO neutron.wsgi [None req-0a1dab8b-15dc-4997-954d-279d2fd84dcd 037e060e79fc4578a445abb6848ebe0f b7c1bb8360b94463b5d42737aa8e9316 - - default default] 10.0.0.120 "GET /v2.0/ports/e4790cda-2f1c-4ddc-b1f3-c584d04aaf49 HTTP/1.1" status: 200 len: 1020 time: 0.1024520
2026-05-12 12:37:01.696 9 INFO neutron.wsgi [None req-11bdb879-f41d-4c4d-89be-d39ec85f9e65 037e060e79fc4578a445abb6848ebe0f b7c1bb8360b94463b5d42737aa8e9316 - - default default] 10.0.0.120 "DELETE /v2.0/trunks/ba1e662e-0341-458f-8337-9446248be1ab HTTP/1.1" status: 204 len: 168 time: 0.0846055
2026-05-12 12:37:01.721 9 INFO neutron.wsgi [None req-12aa85eb-3c60-4c62-a17c-19fdfa767244 037e060e79fc4578a445abb6848ebe0f b7c1bb8360b94463b5d42737aa8e9316 - - default default] 10.0.0.120 "GET /v2.0/trunks/79c24e44-1585-4d1d-bd15-887442b960af HTTP/1.1" status: 200 len: 625 time: 0.0189221
