2026-05-12 12:38:05.634 9 INFO neutron.wsgi [None req-9d8af728-433d-42f8-94db-612e24c68db7 c77aa06b0635498f82a5ceee67eb4bed d77078083732434bbe52fab3bebeb961 - - default default] 10.0.0.120 "GET /v2.0/vpn/ipsec-site-connections HTTP/1.1" status: 200 len: 988 time: 0.0106676
2026-05-12 12:38:05.650 9 INFO neutron.wsgi [None req-e295ad18-4852-438a-a995-8e0c0b506554 c77aa06b0635498f82a5ceee67eb4bed d77078083732434bbe52fab3bebeb961 - - default default] 10.0.0.120 "GET /v2.0/vpn/vpnservices HTTP/1.1" status: 200 len: 1047 time: 0.0110776
2026-05-12 12:38:05.665 9 INFO neutron.wsgi [None req-87c49056-99c8-4e2a-a52a-a5c4bc7c4a05 c77aa06b0635498f82a5ceee67eb4bed d77078083732434bbe52fab3bebeb961 - - default default] 10.0.0.120 "GET /v2.0/vpn/endpoint-groups/00620571-a4af-4c2b-8e36-62b33f4b5b1b HTTP/1.1" status: 200 len: 521 time: 0.0102031
2026-05-12 12:38:05.683 9 INFO neutron.wsgi [None req-31238dda-a6e9-4783-a614-3522e00a606a c77aa06b0635498f82a5ceee67eb4bed d77078083732434bbe52fab3bebeb961 - - default default] 10.0.0.120 "GET /v2.0/vpn/endpoint-groups/785f4489-1a51-4259-9c33-ecaf381d969d HTTP/1.1" status: 200 len: 513 time: 0.0142598
2026-05-12 12:38:05.703 9 INFO neutron.wsgi [None req-9db606fd-3943-4db7-9e31-a405de566c9d c77aa06b0635498f82a5ceee67eb4bed d77078083732434bbe52fab3bebeb961 - - default default] 10.0.0.120 "GET /v2.0/vpn/ikepolicies/ed3c8c49-c5b1-4496-b411-9bd9fa58302e HTTP/1.1" status: 200 len: 598 time: 0.0143204
2026-05-12 12:38:05.718 9 INFO neutron.wsgi [None req-037c42ca-ea23-400a-8e4a-a00f7173eb7a c77aa06b0635498f82a5ceee67eb4bed d77078083732434bbe52fab3bebeb961 - - default default] 10.0.0.120 "GET /v2.0/vpn/ipsecpolicies/02e34364-2a79-40a9-9a63-8768b8228647 HTTP/1.1" status: 200 len: 606 time: 0.0093069
2026-05-12 12:38:05.734 9 INFO neutron.wsgi [None req-0c3c9cd7-fde7-454a-82d0-4f5e0bc55698 c77aa06b0635498f82a5ceee67eb4bed d77078083732434bbe52fab3bebeb961 - - default default] 10.0.0.120 "GET /v2.0/vpn/vpnservices/a9274e20-ebd1-49a0-b3d2-da2d614daa3a HTTP/1.1" status: 200 len: 643 time: 0.0102479
2026-05-12 12:38:06.397 9 INFO neutron.db.ovn_revision_numbers_db [None req-28cee52e-5f78-4347-954c-658646138e34 c77aa06b0635498f82a5ceee67eb4bed d77078083732434bbe52fab3bebeb961 - - default default] Successfully bumped revision number for resource a5f12860-3bb0-43e8-8479-cf27b5101e69 (type: routers) to 10
2026-05-12 12:38:06.423 9 INFO neutron.wsgi [None req-28cee52e-5f78-4347-954c-658646138e34 c77aa06b0635498f82a5ceee67eb4bed d77078083732434bbe52fab3bebeb961 - - default default] 10.0.0.120 "DELETE /v2.0/vpn/ipsec-site-connections/f5ab68e7-a461-4cf6-a758-15816894825b HTTP/1.1" status: 204 len: 168 time: 0.6795831
2026-05-12 12:38:06.461 9 INFO neutron.wsgi [None req-37452914-6075-49a9-ba84-ecb8e068114b c77aa06b0635498f82a5ceee67eb4bed d77078083732434bbe52fab3bebeb961 - - default default] 10.0.0.120 "DELETE /v2.0/vpn/endpoint-groups/00620571-a4af-4c2b-8e36-62b33f4b5b1b HTTP/1.1" status: 204 len: 168 time: 0.0333390
2026-05-12 12:38:06.493 10 INFO neutron.wsgi [None req-2482f80b-a1e6-4ca0-8bef-e2096e95c231 c77aa06b0635498f82a5ceee67eb4bed d77078083732434bbe52fab3bebeb961 - - default default] 10.0.0.120 "DELETE /v2.0/vpn/endpoint-groups/785f4489-1a51-4259-9c33-ecaf381d969d HTTP/1.1" status: 204 len: 168 time: 0.0249274
2026-05-12 12:38:06.530 10 INFO neutron.wsgi [None req-685f3d83-88c4-404f-97b6-d29ba68afedb c77aa06b0635498f82a5ceee67eb4bed d77078083732434bbe52fab3bebeb961 - - default default] 10.0.0.120 "DELETE /v2.0/vpn/ipsecpolicies/02e34364-2a79-40a9-9a63-8768b8228647 HTTP/1.1" status: 204 len: 168 time: 0.0307255
2026-05-12 12:38:06.563 10 INFO neutron.wsgi [None req-33a31f5e-4fab-43e2-9a2f-7fb3dd93347e c77aa06b0635498f82a5ceee67eb4bed d77078083732434bbe52fab3bebeb961 - - default default] 10.0.0.120 "DELETE /v2.0/vpn/ikepolicies/ed3c8c49-c5b1-4496-b411-9bd9fa58302e HTTP/1.1" status: 204 len: 168 time: 0.0288863
2026-05-12 12:38:06.622 10 INFO neutron.wsgi [None req-6926e686-a99b-4481-8c44-f8b8a0d63ca8 c77aa06b0635498f82a5ceee67eb4bed d77078083732434bbe52fab3bebeb961 - - default default] 10.0.0.120 "DELETE /v2.0/vpn/vpnservices/a9274e20-ebd1-49a0-b3d2-da2d614daa3a HTTP/1.1" status: 204 len: 168 time: 0.0530729
2026-05-12 12:38:08.581 10 WARNING neutron.plugins.ml2.drivers.ovn.mech_driver.ovsdb.ovn_client [None req-6965b009-2ce0-43fd-adff-4ceaae18830f - - - - - -] No port found with ID d7e3d1f3-58cb-46ff-a869-8e8a53af9298: RuntimeError: No port found with ID d7e3d1f3-58cb-46ff-a869-8e8a53af9298
2026-05-12 12:38:09.803 10 INFO neutron.services.segments.plugin [-] Segment 327c293d-0a31-4732-bbe6-83c9c32820e6 resource provider aggregate not found
2026-05-12 12:38:09.809 10 INFO neutron.services.segments.plugin [-] Segment 327c293d-0a31-4732-bbe6-83c9c32820e6 resource provider aggregate not found
2026-05-12 12:38:09.826 10 INFO neutron.services.segments.plugin [-] Segment 327c293d-0a31-4732-bbe6-83c9c32820e6 resource provider not found; error: Placement Client Error (4xx): {"errors": [{"status": 404, "title": "Not Found", "detail": "The resource could not be found.\n\n No resource provider with uuid 327c293d-0a31-4732-bbe6-83c9c32820e6 found for delete ", "request_id": "req-9332aff5-a71b-4cba-90ba-5e32678c1927"}]}
2026-05-12 12:38:09.828 10 INFO neutron.services.segments.plugin [-] Segment 327c293d-0a31-4732-bbe6-83c9c32820e6 resource provider not found; error: Placement Client Error (4xx): {"errors": [{"status": 404, "title": "Not Found", "detail": "The resource could not be found.\n\n No resource provider with uuid 327c293d-0a31-4732-bbe6-83c9c32820e6 found for delete ", "request_id": "req-b77447da-ad66-48bf-ab48-b5fc1d29f6ea"}]}
2026-05-12 12:38:09.838 10 INFO neutron.wsgi [None req-9254fc9d-6637-4eca-bbc9-05d1cf02b390 c77aa06b0635498f82a5ceee67eb4bed d77078083732434bbe52fab3bebeb961 - - default default] 10.0.0.120 "DELETE /v2.0/vpn/vpnservices/daa9336d-76b8-4673-9c69-96d59792ff1f HTTP/1.1" status: 204 len: 168 time: 3.2109165 /var/lib/openstack/lib/python3.10/site-packages/pycadf/identifier.py:71: UserWarning: Invalid uuid: neutron. To ensure interoperability, identifiers should be a valid uuid. warnings.warn(('Invalid uuid: %s. To ensure interoperability, '
2026-05-12 12:38:09.935 10 INFO neutron.wsgi [None req-a302d70f-de49-416a-8df3-99bc2f51debd c77aa06b0635498f82a5ceee67eb4bed d77078083732434bbe52fab3bebeb961 - - default default] 10.0.0.120 "GET /v2.0/routers/a5f12860-3bb0-43e8-8479-cf27b5101e69 HTTP/1.1" status: 200 len: 1136 time: 0.0922453
2026-05-12 12:38:10.842 10 INFO neutron.db.ovn_revision_numbers_db [None req-36bd7ec6-9337-42f1-ae14-14b5c50ef77d c77aa06b0635498f82a5ceee67eb4bed d77078083732434bbe52fab3bebeb961 - - default default] Successfully bumped revision number for resource a5f12860-3bb0-43e8-8479-cf27b5101e69 (type: routers) to 11
2026-05-12 12:38:10.852 10 INFO neutron.wsgi [None req-36bd7ec6-9337-42f1-ae14-14b5c50ef77d c77aa06b0635498f82a5ceee67eb4bed d77078083732434bbe52fab3bebeb961 - - default default] 10.0.0.120 "PUT /v2.0/routers/a5f12860-3bb0-43e8-8479-cf27b5101e69 HTTP/1.1" status: 200 len: 1136 time: 0.9128845
2026-05-12 12:38:10.952 10 INFO neutron.wsgi [None req-9b8fb0a8-870c-442d-bbb2-7fae533d036c c77aa06b0635498f82a5ceee67eb4bed d77078083732434bbe52fab3bebeb961 - - default default] 10.0.0.120 "GET /v2.0/ports?device_id=a5f12860-3bb0-43e8-8479-cf27b5101e69 HTTP/1.1" status: 200 len: 1140 time: 0.0943251
2026-05-12 12:38:11.965 10 INFO neutron.wsgi [None req-3238f667-4235-4455-98a3-72ef996c74c8 c77aa06b0635498f82a5ceee67eb4bed d77078083732434bbe52fab3bebeb961 - - default default] 10.0.0.120 "PUT /v2.0/routers/a5f12860-3bb0-43e8-8479-cf27b5101e69/remove_router_interface HTTP/1.1" status: 200 len: 503 time: 1.0070536 /var/lib/openstack/lib/python3.10/site-packages/pycadf/identifier.py:71: UserWarning: Invalid uuid: neutron. To ensure interoperability, identifiers should be a valid uuid. warnings.warn(('Invalid uuid: %s. To ensure interoperability, '
2026-05-12 12:38:13.451 10 INFO neutron.wsgi [None req-3feb8eb9-e3ee-4c65-b94a-4f885cdf9eed c77aa06b0635498f82a5ceee67eb4bed d77078083732434bbe52fab3bebeb961 - - default default] 10.0.0.120 "DELETE /v2.0/routers/a5f12860-3bb0-43e8-8479-cf27b5101e69 HTTP/1.1" status: 204 len: 168 time: 1.4784787
2026-05-12 12:38:13.540 9 INFO neutron.wsgi [-] 10.0.0.184 "GET / HTTP/1.1" status: 200 len: 247 time: 0.0025444
2026-05-12 12:38:13.542 9 INFO neutron.wsgi [-] 10.0.0.184 "GET / HTTP/1.1" status: 200 len: 247 time: 0.0014153
2026-05-12 12:38:13.550 10 INFO neutron.wsgi [None req-441abfc1-4da0-44b7-92b0-b17d32dd2012 c77aa06b0635498f82a5ceee67eb4bed d77078083732434bbe52fab3bebeb961 - - default default] 10.0.0.120 "GET /v2.0/routers/e0356dfb-b73d-424e-8bb4-42a68d811de4 HTTP/1.1" status: 200 len: 1137 time: 0.0912323
2026-05-12 12:38:14.462 10 INFO neutron.db.ovn_revision_numbers_db [None req-440d8efe-4358-46e5-baf9-294830043ff5 c77aa06b0635498f82a5ceee67eb4bed d77078083732434bbe52fab3bebeb961 - - default default] Successfully bumped revision number for resource e0356dfb-b73d-424e-8bb4-42a68d811de4 (type: routers) to 5
2026-05-12 12:38:14.470 10 INFO neutron.wsgi [None req-440d8efe-4358-46e5-baf9-294830043ff5 c77aa06b0635498f82a5ceee67eb4bed d77078083732434bbe52fab3bebeb961 - - default default] 10.0.0.120 "PUT /v2.0/routers/e0356dfb-b73d-424e-8bb4-42a68d811de4 HTTP/1.1" status: 200 len: 1137 time: 0.9063838
2026-05-12 12:38:14.586 10 INFO neutron.wsgi [None req-b821b13d-2b3f-49b0-be7e-44eeadef6bc9 c77aa06b0635498f82a5ceee67eb4bed d77078083732434bbe52fab3bebeb961 - - default default] 10.0.0.120 "GET /v2.0/ports?device_id=e0356dfb-b73d-424e-8bb4-42a68d811de4 HTTP/1.1" status: 200 len: 1144 time: 0.1082401
2026-05-12 12:38:15.528 10 INFO neutron.wsgi [None req-a40d9d5f-7f5f-4215-8bd9-3873d9a53bcc c77aa06b0635498f82a5ceee67eb4bed d77078083732434bbe52fab3bebeb961 - - default default] 10.0.0.120 "PUT /v2.0/routers/e0356dfb-b73d-424e-8bb4-42a68d811de4/remove_router_interface HTTP/1.1" status: 200 len: 503 time: 0.9368651 /var/lib/openstack/lib/python3.10/site-packages/pycadf/identifier.py:71: UserWarning: Invalid uuid: neutron. To ensure interoperability, identifiers should be a valid uuid. warnings.warn(('Invalid uuid: %s. To ensure interoperability, '
2026-05-12 12:38:16.549 10 INFO neutron.wsgi [None req-b3f2631a-de1f-4d2b-834e-1f5d5fc2b747 c77aa06b0635498f82a5ceee67eb4bed d77078083732434bbe52fab3bebeb961 - - default default] 10.0.0.120 "DELETE /v2.0/routers/e0356dfb-b73d-424e-8bb4-42a68d811de4 HTTP/1.1" status: 204 len: 168 time: 1.0142519
2026-05-12 12:38:16.625 10 INFO neutron.wsgi [None req-edb6540c-a93e-4d98-a87b-63dea2aecbf4 c77aa06b0635498f82a5ceee67eb4bed d77078083732434bbe52fab3bebeb961 - - default default] 10.0.0.120 "GET /v2.0/routers/e25a8104-594b-43e2-8d34-75864160a936 HTTP/1.1" status: 200 len: 1135 time: 0.0721276
2026-05-12 12:38:17.462 10 INFO neutron.db.ovn_revision_numbers_db [None req-efa317ae-dbdd-4cf7-9138-b7724b6173b6 c77aa06b0635498f82a5ceee67eb4bed d77078083732434bbe52fab3bebeb961 - - default default] Successfully bumped revision number for resource e25a8104-594b-43e2-8d34-75864160a936 (type: routers) to 5
2026-05-12 12:38:17.469 10 INFO neutron.wsgi [None req-efa317ae-dbdd-4cf7-9138-b7724b6173b6 c77aa06b0635498f82a5ceee67eb4bed d77078083732434bbe52fab3bebeb961 - - default default] 10.0.0.120 "PUT /v2.0/routers/e25a8104-594b-43e2-8d34-75864160a936 HTTP/1.1" status: 200 len: 1135 time: 0.8385322
2026-05-12 12:38:17.561 10 INFO neutron.wsgi [None req-8fd04eca-0f97-4812-aff9-d97ebf6c4f45 c77aa06b0635498f82a5ceee67eb4bed d77078083732434bbe52fab3bebeb961 - - default default] 10.0.0.120 "GET /v2.0/ports?device_id=e25a8104-594b-43e2-8d34-75864160a936 HTTP/1.1" status: 200 len: 1144 time: 0.0865068
2026-05-12 12:38:19.030 10 INFO neutron.wsgi [None req-e9a3c92c-e73c-4b9f-a363-61c2ed85f795 c77aa06b0635498f82a5ceee67eb4bed d77078083732434bbe52fab3bebeb961 - - default default] 10.0.0.120 "PUT /v2.0/routers/e25a8104-594b-43e2-8d34-75864160a936/remove_router_interface HTTP/1.1" status: 200 len: 503 time: 1.4622529 /var/lib/openstack/lib/python3.10/site-packages/pycadf/identifier.py:71: UserWarning: Invalid uuid: neutron. To ensure interoperability, identifiers should be a valid uuid. warnings.warn(('Invalid uuid: %s. To ensure interoperability, '
2026-05-12 12:38:19.919 10 INFO neutron.wsgi [None req-8b42d279-3768-47b0-ba34-484afbf3c7f1 c77aa06b0635498f82a5ceee67eb4bed d77078083732434bbe52fab3bebeb961 - - default default] 10.0.0.120 "DELETE /v2.0/routers/e25a8104-594b-43e2-8d34-75864160a936 HTTP/1.1" status: 204 len: 168 time: 0.8824234
2026-05-12 12:38:19.953 10 INFO neutron.api.v2.resource [None req-7bdb6920-1aa6-4ad4-b1e9-51deabd91741 c77aa06b0635498f82a5ceee67eb4bed d77078083732434bbe52fab3bebeb961 - - default default] show failed (client error): The resource could not be found.
2026-05-12 12:38:19.955 10 INFO neutron.wsgi [None req-7bdb6920-1aa6-4ad4-b1e9-51deabd91741 c77aa06b0635498f82a5ceee67eb4bed d77078083732434bbe52fab3bebeb961 - - default default] 10.0.0.120 "GET /v2.0/routers/fa3576d4-562e-4d41-83ec-bb51a04b2e3c HTTP/1.1" status: 404 len: 336 time: 0.0300982
2026-05-12 12:38:20.205 10 INFO neutron.wsgi [None req-0ea63e3b-0c4e-4cfc-94b4-1be66b60c1d1 c77aa06b0635498f82a5ceee67eb4bed d77078083732434bbe52fab3bebeb961 - - default default] 10.0.0.120 "DELETE /v2.0/subnets/792efb81-9d76-4dc3-8668-61662c8576dd HTTP/1.1" status: 204 len: 168 time: 0.2456644
2026-05-12 12:38:20.426 10 INFO neutron.wsgi [None req-99903ff8-2dda-4f17-9529-42d4bcff7e44 c77aa06b0635498f82a5ceee67eb4bed d77078083732434bbe52fab3bebeb961 - - default default] 10.0.0.120 "DELETE /v2.0/subnets/b95d1948-b4f5-4233-ae34-42bade62de78 HTTP/1.1" status: 204 len: 168 time: 0.2164509
2026-05-12 12:38:20.442 9 INFO neutron.wsgi [req-e9778976-f1a3-4d78-94bf-113b13b4440e req-918bebc0-36c8-41e6-b945-4cac94a16806 a83e2911d4c84d05a163ceaa1af93bd2 2a770d0471a94d36a7c199cda8ca73ff - - default default] 10.0.0.1 "GET /v2.0/ports?device_id=ad70fb45-4431-4486-8dc3-0a490ea8886a HTTP/1.1" status: 200 len: 1214 time: 0.1038885
2026-05-12 12:38:20.508 9 INFO neutron.wsgi [req-e9778976-f1a3-4d78-94bf-113b13b4440e req-2350a714-be55-41bc-a60a-86031d7b4d4e a83e2911d4c84d05a163ceaa1af93bd2 2a770d0471a94d36a7c199cda8ca73ff - - default default] 10.0.0.1 "GET /v2.0/security-groups?id=c40c69ef-4cea-4e7c-b0a2-68b767a27b7b&id=7e9a01a0-0502-491f-b2fb-0d2a18466092&fields=id&fields=name HTTP/1.1" status: 200 len: 406 time: 0.0565324
2026-05-12 12:38:20.660 10 INFO neutron.wsgi [None req-7f560f61-29bd-4cf3-af2d-9e873e4860d6 c77aa06b0635498f82a5ceee67eb4bed d77078083732434bbe52fab3bebeb961 - - default default] 10.0.0.120 "DELETE /v2.0/subnets/a43b5bbc-2bde-4bfe-837b-5bc164b7d21a HTTP/1.1" status: 204 len: 168 time: 0.2265062
2026-05-12 12:38:20.684 9 INFO neutron.pecan_wsgi.hooks.translation [None req-8e017bce-67cd-4a28-8e63-f3148f15bd6c c77aa06b0635498f82a5ceee67eb4bed d77078083732434bbe52fab3bebeb961 - - default default] DELETE failed (client error): The resource could not be found.
2026-05-12 12:38:20.687 9 INFO neutron.wsgi [None req-8e017bce-67cd-4a28-8e63-f3148f15bd6c c77aa06b0635498f82a5ceee67eb4bed d77078083732434bbe52fab3bebeb961 - - default default] 10.0.0.120 "DELETE /v2.0/subnets/648b5e05-56d2-4554-97a8-85190291a937 HTTP/1.1" status: 404 len: 337 time: 0.0192759
2026-05-12 12:38:20.700 9 INFO neutron.wsgi [None req-25b79904-8174-4150-a257-62f39fdd3cb9 6c44b657042b421abd5f30d0e94483fd 2e56da1f009642b6893d8ed31ca17218 - - default default] 10.0.0.120 "GET /v2.0/ports?device_id=ad70fb45-4431-4486-8dc3-0a490ea8886a HTTP/1.1" status: 200 len: 1447 time: 0.1649010
2026-05-12 12:38:20.784 9 INFO neutron.wsgi [None req-4c7dde04-4a9c-44b6-b26d-463bcba81bd5 a83e2911d4c84d05a163ceaa1af93bd2 2a770d0471a94d36a7c199cda8ca73ff - - default default] 10.0.0.120 "GET /v2.0/floatingips?floating_network_id=110dc62a-4dd9-4f3d-b334-a5f1ef86a5c0&port_id=6ed746b7-4050-421e-aae2-540e740184ff HTTP/1.1" status: 200 len: 1055 time: 0.0764818
2026-05-12 12:38:21.071 9 INFO neutron.wsgi [req-e690173d-097c-45a6-a526-bf26cf6bb327 req-0e914d26-37d9-4344-8c77-ad7cb651ec6f 2fd3fec1df4d484eb413dee8fbb53e2b 9b5a54f26303430885f9f2b69292e723 - - a207f7a3574a4184a487d9be974e9da4 a207f7a3574a4184a487d9be974e9da4] 10.0.0.68 "GET /v2.0/ports?device_id=ad70fb45-4431-4486-8dc3-0a490ea8886a HTTP/1.1" status: 200 len: 1452 time: 0.0382257
2026-05-12 12:38:21.095 10 INFO neutron.services.segments.plugin [-] Segment 0c74273e-12e4-41f2-be2b-cc4fde951c51 resource provider aggregate not found
2026-05-12 12:38:21.100 10 INFO neutron.services.segments.plugin [-] Segment 0c74273e-12e4-41f2-be2b-cc4fde951c51 resource provider aggregate not found
2026-05-12 12:38:21.112 10 INFO neutron.services.segments.plugin [-] Segment 0c74273e-12e4-41f2-be2b-cc4fde951c51 resource provider not found; error: Placement Client Error (4xx): {"errors": [{"status": 404, "title": "Not Found", "detail": "The resource could not be found.\n\n No resource provider with uuid 0c74273e-12e4-41f2-be2b-cc4fde951c51 found for delete ", "request_id": "req-0b6e05ed-6b50-4f2f-b9eb-1aacf77f6f97"}]}
2026-05-12 12:38:21.114 10 INFO neutron.services.segments.plugin [-] Segment 0c74273e-12e4-41f2-be2b-cc4fde951c51 resource provider not found; error: Placement Client Error (4xx): {"errors": [{"status": 404, "title": "Not Found", "detail": "The resource could not be found.\n\n No resource provider with uuid 0c74273e-12e4-41f2-be2b-cc4fde951c51 found for delete ", "request_id": "req-379811bc-a27e-4881-ae63-ef1745aa9581"}]}
2026-05-12 12:38:21.117 9 INFO neutron.wsgi [req-e690173d-097c-45a6-a526-bf26cf6bb327 req-ae3e4309-1372-4593-b152-0fd68358251e 2fd3fec1df4d484eb413dee8fbb53e2b 9b5a54f26303430885f9f2b69292e723 - - a207f7a3574a4184a487d9be974e9da4 a207f7a3574a4184a487d9be974e9da4] 10.0.0.68 "GET /v2.0/security-groups?id=c40c69ef-4cea-4e7c-b0a2-68b767a27b7b&id=7e9a01a0-0502-491f-b2fb-0d2a18466092&fields=id&fields=name HTTP/1.1" status: 200 len: 406 time: 0.0390034
2026-05-12 12:38:21.148 10 INFO neutron.wsgi [None req-6a709dc7-278b-477b-8ce0-2930e0b44d25 c77aa06b0635498f82a5ceee67eb4bed d77078083732434bbe52fab3bebeb961 - - default default] 10.0.0.120 "DELETE /v2.0/networks/ed6fcf89-5c63-437c-9594-ed658b2e7556 HTTP/1.1" status: 204 len: 168 time: 0.4482589
2026-05-12 12:38:21.628 9 INFO neutron.services.segments.plugin [-] Segment 85f66a55-4f67-46b4-a6cd-f674ae14bdb6 resource provider aggregate not found
2026-05-12 12:38:21.633 9 INFO neutron.services.segments.plugin [-] Segment 85f66a55-4f67-46b4-a6cd-f674ae14bdb6 resource provider aggregate not found
2026-05-12 12:38:21.644 9 INFO neutron.wsgi [None req-d29132e2-f3be-4aa7-bcdf-8dd88eab2411 c77aa06b0635498f82a5ceee67eb4bed d77078083732434bbe52fab3bebeb961 - - default default] 10.0.0.120 "DELETE /v2.0/networks/94d8860c-fbf9-43bc-af47-cd44ec3b3d33 HTTP/1.1" status: 204 len: 168 time: 0.4896660
2026-05-12 12:38:21.647 9 INFO neutron.services.segments.plugin [-] Segment 85f66a55-4f67-46b4-a6cd-f674ae14bdb6 resource provider not found; error: Placement Client Error (4xx): {"errors": [{"status": 404, "title": "Not Found", "detail": "The resource could not be found.\n\n No resource provider with uuid 85f66a55-4f67-46b4-a6cd-f674ae14bdb6 found for delete ", "request_id": "req-03d385ac-542a-4c82-9e6a-ce0f8900c174"}]}
2026-05-12 12:38:21.650 9 INFO neutron.services.segments.plugin [-] Segment 85f66a55-4f67-46b4-a6cd-f674ae14bdb6 resource provider not found; error: Placement Client Error (4xx): {"errors": [{"status": 404, "title": "Not Found", "detail": "The resource could not be found.\n\n No resource provider with uuid 85f66a55-4f67-46b4-a6cd-f674ae14bdb6 found for delete ", "request_id": "req-2956dbe5-3599-45a6-8eec-c5cd7d0d32af"}]}
2026-05-12 12:38:22.044 10 INFO neutron.wsgi [None req-e8dbc3bd-1038-4320-abe4-bcf86eb0dbef c77aa06b0635498f82a5ceee67eb4bed d77078083732434bbe52fab3bebeb961 - - default default] 10.0.0.120 "DELETE /v2.0/networks/8395847a-7346-40fa-8741-5f7554fc4aec HTTP/1.1" status: 204 len: 168 time: 0.3927414
2026-05-12 12:38:22.071 9 INFO neutron.pecan_wsgi.hooks.translation [None req-48397dc3-e30b-413e-9e98-c4ebb4793187 c77aa06b0635498f82a5ceee67eb4bed d77078083732434bbe52fab3bebeb961 - - default default] DELETE failed (client error): The resource could not be found.
2026-05-12 12:38:22.075 9 INFO neutron.wsgi [None req-48397dc3-e30b-413e-9e98-c4ebb4793187 c77aa06b0635498f82a5ceee67eb4bed d77078083732434bbe52fab3bebeb961 - - default default] 10.0.0.120 "DELETE /v2.0/networks/a1f8bfbc-0f15-40d3-8e9d-35105df4b26d HTTP/1.1" status: 404 len: 339 time: 0.0255020
2026-05-12 12:38:22.937 10 INFO neutron.wsgi [None req-6de93d06-29e9-4a2e-829e-e71b3b60e6f7 3b0a0edda41f435d88d6ba8a74cace51 1888e6ea4bec4394803d2be1d04a8e95 - - default default] 10.0.0.120 "GET /v2.0/security-groups?tenant_id=d77078083732434bbe52fab3bebeb961&name=default HTTP/1.1" status: 200 len: 3120 time: 0.1371856
2026-05-12 12:38:23.138 10 INFO neutron.services.segments.plugin [-] Segment 77b43204-3701-4acf-8ca7-159988e9bd65 resource provider aggregate not found
2026-05-12 12:38:23.152 10 INFO neutron.services.segments.plugin [-] Segment 77b43204-3701-4acf-8ca7-159988e9bd65 resource provider aggregate not found
2026-05-12 12:38:23.152 9 INFO neutron.plugins.ml2.drivers.ovn.mech_driver.mech_driver [None req-ca27ef9f-9455-4702-a107-3bdae08ab7dd - - - - - -] OVN reports status down for port: 6ed746b7-4050-421e-aae2-540e740184ff
2026-05-12 12:38:23.168 10 INFO neutron.services.segments.plugin [-] Segment 77b43204-3701-4acf-8ca7-159988e9bd65 resource provider not found; error: Placement Client Error (4xx): {"errors": [{"status": 404, "title": "Not Found", "detail": "The resource could not be found.\n\n No resource provider with uuid 77b43204-3701-4acf-8ca7-159988e9bd65 found for delete ", "request_id": "req-403070c3-7d54-4cca-9afd-515e2c4e77f0"}]}
2026-05-12 12:38:23.171 10 INFO neutron.services.segments.plugin [-] Segment 77b43204-3701-4acf-8ca7-159988e9bd65 resource provider not found; error: Placement Client Error (4xx): {"errors": [{"status": 404, "title": "Not Found", "detail": "The resource could not be found.\n\n No resource provider with uuid 77b43204-3701-4acf-8ca7-159988e9bd65 found for delete ", "request_id": "req-85c492f2-ba1d-4bf0-b871-e7935e98d828"}]}
2026-05-12 12:38:23.248 10 INFO neutron.wsgi [req-f7310a08-9dae-4338-a31a-15e8760db6e6 req-ca780305-8223-4d1f-8630-a9337f47143c a83e2911d4c84d05a163ceaa1af93bd2 2a770d0471a94d36a7c199cda8ca73ff - - default default] 10.0.0.1 "GET /v2.0/ports?device_id=ad70fb45-4431-4486-8dc3-0a490ea8886a HTTP/1.1" status: 200 len: 1214 time: 0.1145842
2026-05-12 12:38:23.253 10 INFO neutron.wsgi [None req-46c92041-4cc3-443c-b47d-5c2058f9cefd 3b0a0edda41f435d88d6ba8a74cace51 1888e6ea4bec4394803d2be1d04a8e95 - - default default] 10.0.0.120 "DELETE /v2.0/security-groups/07939040-9661-4cea-8687-ff42520da73e HTTP/1.1" status: 204 len: 168 time: 0.3095124
2026-05-12 12:38:23.330 10 INFO neutron.wsgi [req-f7310a08-9dae-4338-a31a-15e8760db6e6 req-574b01c8-b89d-4079-b28c-ff0ee7a0d2f0 a83e2911d4c84d05a163ceaa1af93bd2 2a770d0471a94d36a7c199cda8ca73ff - - default default] 10.0.0.1 "GET /v2.0/security-groups?id=c40c69ef-4cea-4e7c-b0a2-68b767a27b7b&id=7e9a01a0-0502-491f-b2fb-0d2a18466092&fields=id&fields=name HTTP/1.1" status: 200 len: 406 time: 0.0704815
2026-05-12 12:38:23.347 9 INFO neutron.notifiers.nova [-] Nova event matching ['req-0895b7c9-ee26-43f8-b3a6-0d65e9e7d704'] response: {'server_uuid': 'ad70fb45-4431-4486-8dc3-0a490ea8886a', 'name': 'network-vif-unplugged', 'status': 'completed', 'tag': '6ed746b7-4050-421e-aae2-540e740184ff', 'code': 200}
2026-05-12 12:38:23.501 9 INFO neutron.wsgi [req-1bfe9f80-b68c-4bc7-80a5-17c0ef25d71c req-86b93c20-b1bd-461e-ae88-8dbeeabc131d a83e2911d4c84d05a163ceaa1af93bd2 2a770d0471a94d36a7c199cda8ca73ff - - default default] 199.19.213.244 "GET /v2.0/ports?device_id=ad70fb45-4431-4486-8dc3-0a490ea8886a HTTP/1.1" status: 200 len: 1212 time: 0.0430839
2026-05-12 12:38:23.549 10 INFO neutron.db.ovn_revision_numbers_db [None req-28f47373-0f2c-4928-90f0-7542c542a4db 3b0a0edda41f435d88d6ba8a74cace51 1888e6ea4bec4394803d2be1d04a8e95 - - default default] Successfully bumped revision number for resource 28ad5968-7cce-4cc7-b551-7ceb3399dd55 (type: security_groups) to 1
2026-05-12 12:38:23.562 10 INFO neutron.db.ovn_revision_numbers_db [None req-28f47373-0f2c-4928-90f0-7542c542a4db 3b0a0edda41f435d88d6ba8a74cace51 1888e6ea4bec4394803d2be1d04a8e95 - - default default] Successfully bumped revision number for resource 0d6879b8-30c1-443c-8f92-98ac74bf981b (type: security_group_rules) to 0
2026-05-12 12:38:23.566 9 INFO neutron.db.ovn_revision_numbers_db [None req-ca27ef9f-9455-4702-a107-3bdae08ab7dd - - - - - -] Successfully bumped revision number for resource 6ed746b7-4050-421e-aae2-540e740184ff (type: ports) to 5
2026-05-12 12:38:23.578 10 INFO neutron.db.ovn_revision_numbers_db [None req-28f47373-0f2c-4928-90f0-7542c542a4db 3b0a0edda41f435d88d6ba8a74cace51 1888e6ea4bec4394803d2be1d04a8e95 - - default default] Successfully bumped revision number for resource 86c4d7b3-3a77-486a-bcb4-f92e212adc48 (type: security_group_rules) to 0
2026-05-12 12:38:23.612 10 INFO neutron.db.ovn_revision_numbers_db [None req-28f47373-0f2c-4928-90f0-7542c542a4db 3b0a0edda41f435d88d6ba8a74cace51 1888e6ea4bec4394803d2be1d04a8e95 - - default default] Successfully bumped revision number for resource b1cd8e96-b495-4ef1-a19a-b5f7276044cb (type: security_group_rules) to 0
2026-05-12 12:38:23.630 10 INFO neutron.db.ovn_revision_numbers_db [None req-28f47373-0f2c-4928-90f0-7542c542a4db 3b0a0edda41f435d88d6ba8a74cace51 1888e6ea4bec4394803d2be1d04a8e95 - - default default] Successfully bumped revision number for resource f05b64ad-ed71-426a-b4d5-67e8f5e121b6 (type: security_group_rules) to 0
2026-05-12 12:38:23.651 10 INFO neutron.wsgi [None req-28f47373-0f2c-4928-90f0-7542c542a4db 3b0a0edda41f435d88d6ba8a74cace51 1888e6ea4bec4394803d2be1d04a8e95 - - default default] 10.0.0.120 "GET /v2.0/security-groups?tenant_id=bb481fe4acce44339b78d9db76ad36c1&name=default HTTP/1.1" status: 200 len: 3124 time: 0.2355216
2026-05-12 12:38:23.880 10 INFO neutron.wsgi [None req-5eea0bcf-ab6d-483f-8b9b-dd89f6faa821 3b0a0edda41f435d88d6ba8a74cace51 1888e6ea4bec4394803d2be1d04a8e95 - - default default] 10.0.0.120 "DELETE /v2.0/security-groups/28ad5968-7cce-4cc7-b551-7ceb3399dd55 HTTP/1.1" status: 204 len: 168 time: 0.2220089
2026-05-12 12:38:24.351 9 INFO neutron.db.l3_db [req-1bfe9f80-b68c-4bc7-80a5-17c0ef25d71c req-64066756-f3ae-4fd3-ad7b-ddbd3862c221 a83e2911d4c84d05a163ceaa1af93bd2 2a770d0471a94d36a7c199cda8ca73ff - - default default] Floating IP bf9e533f-0bd6-4976-aec6-02cacc4978b4 disassociated. External IP: 10.96.250.214, port: 6ed746b7-4050-421e-aae2-540e740184ff. /var/lib/openstack/lib/python3.10/site-packages/pycadf/identifier.py:71: UserWarning: Invalid uuid: neutron. To ensure interoperability, identifiers should be a valid uuid. warnings.warn(('Invalid uuid: %s. To ensure interoperability, '
2026-05-12 12:38:24.445 9 INFO neutron.wsgi [req-19fc48cb-e120-4045-8a9b-b13bcb303a35 req-f26a8a50-b818-4378-8f63-2d6ae91c954e a83e2911d4c84d05a163ceaa1af93bd2 2a770d0471a94d36a7c199cda8ca73ff - - default default] 10.0.0.1 "GET /v2.0/ports?device_id=ad70fb45-4431-4486-8dc3-0a490ea8886a HTTP/1.1" status: 200 len: 1212 time: 0.0468392
2026-05-12 12:38:24.507 9 INFO neutron.wsgi [req-19fc48cb-e120-4045-8a9b-b13bcb303a35 req-18ddb7a1-65c5-41c7-9cc0-2e9f2255cff4 a83e2911d4c84d05a163ceaa1af93bd2 2a770d0471a94d36a7c199cda8ca73ff - - default default] 10.0.0.1 "GET /v2.0/security-groups?id=c40c69ef-4cea-4e7c-b0a2-68b767a27b7b&id=7e9a01a0-0502-491f-b2fb-0d2a18466092&fields=id&fields=name HTTP/1.1" status: 200 len: 406 time: 0.0548377
2026-05-12 12:38:24.530 9 INFO neutron.wsgi [req-1bfe9f80-b68c-4bc7-80a5-17c0ef25d71c req-64066756-f3ae-4fd3-ad7b-ddbd3862c221 a83e2911d4c84d05a163ceaa1af93bd2 2a770d0471a94d36a7c199cda8ca73ff - - default default] 199.19.213.244 "DELETE /v2.0/ports/6ed746b7-4050-421e-aae2-540e740184ff HTTP/1.1" status: 204 len: 173 time: 1.0193923
2026-05-12 12:38:25.385 9 INFO neutron.notifiers.nova [-] Nova event matching ['req-b09ffb8e-281b-4c6e-8c2c-bd3c1c3a7a7a'] response: {'server_uuid': 'ad70fb45-4431-4486-8dc3-0a490ea8886a', 'name': 'network-vif-unplugged', 'status': 'completed', 'tag': '6ed746b7-4050-421e-aae2-540e740184ff', 'code': 200}
2026-05-12 12:38:25.386 9 INFO neutron.notifiers.nova [-] Nova event matching ['req-b09ffb8e-281b-4c6e-8c2c-bd3c1c3a7a7a'] response: {'server_uuid': 'ad70fb45-4431-4486-8dc3-0a490ea8886a', 'name': 'network-vif-deleted', 'tag': '6ed746b7-4050-421e-aae2-540e740184ff', 'status': 'completed', 'code': 200}
2026-05-12 12:38:25.857 9 INFO neutron.wsgi [None req-08b7464c-c42e-4989-84af-3658e5480aa3 a83e2911d4c84d05a163ceaa1af93bd2 2a770d0471a94d36a7c199cda8ca73ff - - default default] 10.0.0.120 "DELETE /v2.0/security-groups/7e9a01a0-0502-491f-b2fb-0d2a18466092 HTTP/1.1" status: 204 len: 168 time: 0.1690218
2026-05-12 12:38:25.870 9 INFO neutron.api.v2.resource [None req-85a3d4e7-eedc-47a4-8cbc-111d22075bfc a83e2911d4c84d05a163ceaa1af93bd2 2a770d0471a94d36a7c199cda8ca73ff - - default default] show failed (client error): The resource could not be found.
2026-05-12 12:38:25.871 9 INFO neutron.wsgi [None req-85a3d4e7-eedc-47a4-8cbc-111d22075bfc a83e2911d4c84d05a163ceaa1af93bd2 2a770d0471a94d36a7c199cda8ca73ff - - default default] 10.0.0.120 "GET /v2.0/security-groups/7e9a01a0-0502-491f-b2fb-0d2a18466092 HTTP/1.1" status: 404 len: 347 time: 0.0083344
2026-05-12 12:38:26.225 9 INFO neutron.wsgi [None req-6e5836f4-8da0-4191-9ac9-19b5cb1d8e28 a83e2911d4c84d05a163ceaa1af93bd2 2a770d0471a94d36a7c199cda8ca73ff - - default default] 10.0.0.120 "DELETE /v2.0/floatingips/bf9e533f-0bd6-4976-aec6-02cacc4978b4 HTTP/1.1" status: 204 len: 168 time: 0.3497388
2026-05-12 12:38:26.371 9 INFO neutron.wsgi [None req-586bba54-aa75-4942-9057-1efa30498a22 a83e2911d4c84d05a163ceaa1af93bd2 2a770d0471a94d36a7c199cda8ca73ff - - default default] 10.0.0.120 "DELETE /v2.0/security-groups/c40c69ef-4cea-4e7c-b0a2-68b767a27b7b HTTP/1.1" status: 204 len: 168 time: 0.1405575
2026-05-12 12:38:27.872 10 INFO neutron.wsgi [None req-af2130f1-5f35-4871-9b65-2b9178149411 3b0a0edda41f435d88d6ba8a74cace51 1888e6ea4bec4394803d2be1d04a8e95 - - default default] 10.0.0.120 "PUT /v2.0/routers/f0070ba2-e60f-44ef-84f4-ffd693072df2/remove_router_interface HTTP/1.1" status: 200 len: 503 time: 1.4559989 /var/lib/openstack/lib/python3.10/site-packages/pycadf/identifier.py:71: UserWarning: Invalid uuid: neutron. To ensure interoperability, identifiers should be a valid uuid. warnings.warn(('Invalid uuid: %s. To ensure interoperability, '
2026-05-12 12:38:28.539 9 INFO neutron.wsgi [-] 10.0.0.184 "GET / HTTP/1.1" status: 200 len: 247 time: 0.0028090
2026-05-12 12:38:28.542 9 INFO neutron.wsgi [-] 10.0.0.184 "GET / HTTP/1.1" status: 200 len: 247 time: 0.0020869
2026-05-12 12:38:28.669 10 INFO neutron.wsgi [None req-b85a5ba9-7ee9-4752-9e34-c8108a31c849 3b0a0edda41f435d88d6ba8a74cace51 1888e6ea4bec4394803d2be1d04a8e95 - - default default] 10.0.0.120 "DELETE /v2.0/routers/f0070ba2-e60f-44ef-84f4-ffd693072df2 HTTP/1.1" status: 204 len: 168 time: 0.7928178
2026-05-12 12:38:28.890 9 INFO neutron.wsgi [None req-d70369ef-29b6-4161-b624-6c2f76354f11 3b0a0edda41f435d88d6ba8a74cace51 1888e6ea4bec4394803d2be1d04a8e95 - - default default] 10.0.0.120 "DELETE /v2.0/subnets/61938efc-2d3b-4c44-b32c-934dd3236d08 HTTP/1.1" status: 204 len: 168 time: 0.2158027
2026-05-12 12:38:29.276 9 INFO neutron.services.segments.plugin [-] Segment 07bfb4f7-98ff-4a04-b8a4-9cf69eb9682f resource provider aggregate not found
2026-05-12 12:38:29.282 9 INFO neutron.services.segments.plugin [-] Segment 07bfb4f7-98ff-4a04-b8a4-9cf69eb9682f resource provider aggregate not found
2026-05-12 12:38:29.293 9 INFO neutron.services.segments.plugin [-] Segment 07bfb4f7-98ff-4a04-b8a4-9cf69eb9682f resource provider not found; error: Placement Client Error (4xx): {"errors": [{"status": 404, "title": "Not Found", "detail": "The resource could not be found.\n\n No resource provider with uuid 07bfb4f7-98ff-4a04-b8a4-9cf69eb9682f found for delete ", "request_id": "req-25c635b0-a87d-4122-b304-333b1b8c0968"}]}
2026-05-12 12:38:29.301 9 INFO neutron.services.segments.plugin [-] Segment 07bfb4f7-98ff-4a04-b8a4-9cf69eb9682f resource provider not found; error: Placement Client Error (4xx): {"errors": [{"status": 404, "title": "Not Found", "detail": "The resource could not be found.\n\n No resource provider with uuid 07bfb4f7-98ff-4a04-b8a4-9cf69eb9682f found for delete ", "request_id": "req-7d122514-72a3-4183-853a-6e42a70aefbd"}]}
2026-05-12 12:38:29.312 9 INFO neutron.wsgi [None req-f5d7303c-4e92-4628-9efa-9b15ebd2d3fd 3b0a0edda41f435d88d6ba8a74cace51 1888e6ea4bec4394803d2be1d04a8e95 - - default default] 10.0.0.120 "DELETE /v2.0/networks/83a2abf0-8bed-45d5-9963-66dd556aa262 HTTP/1.1" status: 204 len: 168 time: 0.4174471
2026-05-12 12:38:30.483 10 INFO neutron.wsgi [None req-0d3679a4-6046-457a-9de1-2f8bba3113fa 3b0a0edda41f435d88d6ba8a74cace51 1888e6ea4bec4394803d2be1d04a8e95 - - default default] 10.0.0.120 "PUT /v2.0/routers/d7315551-6a8c-4e38-916c-0f27b551cf0a/remove_router_interface HTTP/1.1" status: 200 len: 503 time: 1.1655130 /var/lib/openstack/lib/python3.10/site-packages/pycadf/identifier.py:71: UserWarning: Invalid uuid: neutron. To ensure interoperability, identifiers should be a valid uuid. warnings.warn(('Invalid uuid: %s. To ensure interoperability, '
2026-05-12 12:38:31.321 10 INFO neutron.wsgi [None req-3d92f8e3-1f03-44db-84ad-732ef9c0e57a 3b0a0edda41f435d88d6ba8a74cace51 1888e6ea4bec4394803d2be1d04a8e95 - - default default] 10.0.0.120 "DELETE /v2.0/routers/d7315551-6a8c-4e38-916c-0f27b551cf0a HTTP/1.1" status: 204 len: 168 time: 0.8323619
2026-05-12 12:38:31.528 10 INFO neutron.wsgi [None req-1f9174de-2feb-44c2-af86-6083f8177b3a 3b0a0edda41f435d88d6ba8a74cace51 1888e6ea4bec4394803d2be1d04a8e95 - - default default] 10.0.0.120 "DELETE /v2.0/subnets/a9e0a157-4e43-4b44-b577-086233f8518a HTTP/1.1" status: 204 len: 168 time: 0.1993332
2026-05-12 12:38:31.962 10 INFO neutron.services.segments.plugin [-] Segment 180d456f-4737-42e8-93b3-d434ebad3720 resource provider aggregate not found
2026-05-12 12:38:31.968 10 INFO neutron.services.segments.plugin [-] Segment 180d456f-4737-42e8-93b3-d434ebad3720 resource provider aggregate not found
2026-05-12 12:38:31.981 10 INFO neutron.services.segments.plugin [-] Segment 180d456f-4737-42e8-93b3-d434ebad3720 resource provider not found; error: Placement Client Error (4xx): {"errors": [{"status": 404, "title": "Not Found", "detail": "The resource could not be found.\n\n No resource provider with uuid 180d456f-4737-42e8-93b3-d434ebad3720 found for delete ", "request_id": "req-03c125c9-5b19-4b55-9dda-2b2dc1a94623"}]}
2026-05-12 12:38:31.988 10 INFO neutron.services.segments.plugin [-] Segment 180d456f-4737-42e8-93b3-d434ebad3720 resource provider not found; error: Placement Client Error (4xx): {"errors": [{"status": 404, "title": "Not Found", "detail": "The resource could not be found.\n\n No resource provider with uuid 180d456f-4737-42e8-93b3-d434ebad3720 found for delete ", "request_id": "req-52633c2d-7fe7-4cd7-90bf-5e4e2d18c26b"}]}
2026-05-12 12:38:31.994 10 INFO neutron.wsgi [None req-89a92b87-dc37-4964-9297-a6e90b02846c 3b0a0edda41f435d88d6ba8a74cace51 1888e6ea4bec4394803d2be1d04a8e95 - - default default] 10.0.0.120 "DELETE /v2.0/networks/21e86b3b-7112-4dbf-8477-87173c2809ba HTTP/1.1" status: 204 len: 168 time: 0.4618177
2026-05-12 12:38:32.438 9 INFO neutron.wsgi [None req-4dd46308-fd0a-4ac6-9f66-0ef89b996258 3b0a0edda41f435d88d6ba8a74cace51 1888e6ea4bec4394803d2be1d04a8e95 - - default default] 10.0.0.120 "GET /v2.0/security-groups?tenant_id=2e56da1f009642b6893d8ed31ca17218&name=default HTTP/1.1" status: 200 len: 3124 time: 0.0512505
2026-05-12 12:38:32.684 10 INFO neutron.wsgi [None req-c04fb3b5-d233-4a2d-81f0-9fd091e8d9c6 3b0a0edda41f435d88d6ba8a74cace51 1888e6ea4bec4394803d2be1d04a8e95 - - default default] 10.0.0.120 "DELETE /v2.0/security-groups/6a232a4e-a145-4cde-b25d-e526ac07b197 HTTP/1.1" status: 204 len: 168 time: 0.2391901
2026-05-12 12:38:32.912 10 INFO neutron.wsgi [None req-4de0214c-1f3a-48ff-83ac-764a62cc4e44 3b0a0edda41f435d88d6ba8a74cace51 1888e6ea4bec4394803d2be1d04a8e95 - - default default] 10.0.0.120 "GET /v2.0/security-groups?tenant_id=2a770d0471a94d36a7c199cda8ca73ff&name=default HTTP/1.1" status: 200 len: 3124 time: 0.0450885
2026-05-12 12:38:33.119 10 INFO neutron.wsgi [None req-7c67eadb-3fe4-4768-b6d1-9d322bf8822d 3b0a0edda41f435d88d6ba8a74cace51 1888e6ea4bec4394803d2be1d04a8e95 - - default default] 10.0.0.120 "DELETE /v2.0/security-groups/62c02ed6-d328-4350-b166-685e17062c19 HTTP/1.1" status: 204 len: 168 time: 0.2002649
2026-05-12 12:38:33.185 9 WARNING neutron_lib.context [None req-a4ae7188-c4ee-43d6-a482-f447a2909e7e 28e759e9c5974c52a13ddcb71bff8dc7 60bb510a749844048e6c630d7ba473cd - - default default] Method 'is_advsvc' is deprecated since 2023.2 release (neutron-lib 3.8.0) and will be removed once support for the old RBAC API policies will be removed from Neutron. Please use method 'is_service_role' instead.
2026-05-12 12:38:33.353 9 INFO neutron.db.ovn_revision_numbers_db [None req-a4ae7188-c4ee-43d6-a482-f447a2909e7e 28e759e9c5974c52a13ddcb71bff8dc7 60bb510a749844048e6c630d7ba473cd - - default default] Successfully bumped revision number for resource 88e783dc-d664-4869-9d03-281a3f630805 (type: security_groups) to 1
2026-05-12 12:38:33.372 9 INFO neutron.db.ovn_revision_numbers_db [None req-a4ae7188-c4ee-43d6-a482-f447a2909e7e 28e759e9c5974c52a13ddcb71bff8dc7 60bb510a749844048e6c630d7ba473cd - - default default] Successfully bumped revision number for resource 6bea2db5-5e5f-4cfc-ab08-d7f4a7aeb1da (type: security_group_rules) to 0
2026-05-12 12:38:33.389 9 INFO neutron.db.ovn_revision_numbers_db [None req-a4ae7188-c4ee-43d6-a482-f447a2909e7e 28e759e9c5974c52a13ddcb71bff8dc7 60bb510a749844048e6c630d7ba473cd - - default default] Successfully bumped revision number for resource 8a931e16-8cf7-4498-b0d7-7fad15874af9 (type: security_group_rules) to 0
2026-05-12 12:38:33.400 9 INFO neutron.db.ovn_revision_numbers_db [None req-a4ae7188-c4ee-43d6-a482-f447a2909e7e 28e759e9c5974c52a13ddcb71bff8dc7 60bb510a749844048e6c630d7ba473cd - - default default] Successfully bumped revision number for resource 9a95f228-6039-415d-b445-55f96f4722cc (type: security_group_rules) to 0
2026-05-12 12:38:33.413 9 INFO neutron.db.ovn_revision_numbers_db [None req-a4ae7188-c4ee-43d6-a482-f447a2909e7e 28e759e9c5974c52a13ddcb71bff8dc7 60bb510a749844048e6c630d7ba473cd - - default default] Successfully bumped revision number for resource fc826da3-0fc9-4ab9-8adc-0af63f4e0355 (type: security_group_rules) to 0
2026-05-12 12:38:33.462 9 INFO neutron.db.segments_db [None req-a4ae7188-c4ee-43d6-a482-f447a2909e7e 28e759e9c5974c52a13ddcb71bff8dc7 60bb510a749844048e6c630d7ba473cd - - default default] Added segment 34dcb80f-527c-4fc5-beca-e5d445c65512 of type geneve for network a4df1d2c-3b4f-4940-a023-0cd8b5657494
2026-05-12 12:38:33.617 9 INFO neutron.db.ovn_revision_numbers_db [None req-a4ae7188-c4ee-43d6-a482-f447a2909e7e 28e759e9c5974c52a13ddcb71bff8dc7 60bb510a749844048e6c630d7ba473cd - - default default] Successfully bumped revision number for resource a4df1d2c-3b4f-4940-a023-0cd8b5657494 (type: networks) to 1
2026-05-12 12:38:33.828 9 WARNING neutron.scheduler.dhcp_agent_scheduler [None req-a4ae7188-c4ee-43d6-a482-f447a2909e7e 28e759e9c5974c52a13ddcb71bff8dc7 60bb510a749844048e6c630d7ba473cd - - default default] No more DHCP agents
2026-05-12 12:38:33.829 9 WARNING neutron.api.rpc.agentnotifiers.dhcp_rpc_agent_api [None req-a4ae7188-c4ee-43d6-a482-f447a2909e7e 28e759e9c5974c52a13ddcb71bff8dc7 60bb510a749844048e6c630d7ba473cd - - default default] Unable to schedule network a4df1d2c-3b4f-4940-a023-0cd8b5657494: no agents available; will retry on subsequent port and subnet creation events.
2026-05-12 12:38:33.913 9 INFO neutron.db.ovn_revision_numbers_db [None req-a4ae7188-c4ee-43d6-a482-f447a2909e7e 28e759e9c5974c52a13ddcb71bff8dc7 60bb510a749844048e6c630d7ba473cd - - default default] Successfully bumped revision number for resource 50f28d3d-eaa4-4114-b462-ec5ef1d003e2 (type: ports) to 1
2026-05-12 12:38:33.935 9 INFO neutron.wsgi [None req-a4ae7188-c4ee-43d6-a482-f447a2909e7e 28e759e9c5974c52a13ddcb71bff8dc7 60bb510a749844048e6c630d7ba473cd - - default default] 10.0.0.120 "POST /v2.0/networks HTTP/1.1" status: 201 len: 838 time: 0.9250968
2026-05-12 12:38:33.944 9 WARNING neutron_lib.context [None req-999b82cd-3fb9-481a-b5ad-a3122f23839c 28e759e9c5974c52a13ddcb71bff8dc7 60bb510a749844048e6c630d7ba473cd - - default default] Method 'is_advsvc' is deprecated since 2023.2 release (neutron-lib 3.8.0) and will be removed once support for the old RBAC API policies will be removed from Neutron. Please use method 'is_service_role' instead.
2026-05-12 12:38:34.162 9 WARNING neutron.scheduler.dhcp_agent_scheduler [None req-999b82cd-3fb9-481a-b5ad-a3122f23839c 28e759e9c5974c52a13ddcb71bff8dc7 60bb510a749844048e6c630d7ba473cd - - default default] No more DHCP agents
2026-05-12 12:38:34.165 9 WARNING neutron.api.rpc.agentnotifiers.dhcp_rpc_agent_api [None req-999b82cd-3fb9-481a-b5ad-a3122f23839c 28e759e9c5974c52a13ddcb71bff8dc7 60bb510a749844048e6c630d7ba473cd - - default default] Unable to schedule network a4df1d2c-3b4f-4940-a023-0cd8b5657494: no agents available; will retry on subsequent port and subnet creation events.
2026-05-12 12:38:34.692 9 INFO neutron.db.ovn_revision_numbers_db [None req-999b82cd-3fb9-481a-b5ad-a3122f23839c 28e759e9c5974c52a13ddcb71bff8dc7 60bb510a749844048e6c630d7ba473cd - - default default] Successfully bumped revision number for resource 50f28d3d-eaa4-4114-b462-ec5ef1d003e2 (type: ports) to 2
2026-05-12 12:38:34.734 9 INFO neutron.db.ovn_revision_numbers_db [None req-999b82cd-3fb9-481a-b5ad-a3122f23839c 28e759e9c5974c52a13ddcb71bff8dc7 60bb510a749844048e6c630d7ba473cd - - default default] Successfully bumped revision number for resource 729d9205-10b0-4a20-ba60-da4e1e69f363 (type: subnets) to 0
2026-05-12 12:38:34.750 9 INFO neutron.wsgi [None req-999b82cd-3fb9-481a-b5ad-a3122f23839c 28e759e9c5974c52a13ddcb71bff8dc7 60bb510a749844048e6c630d7ba473cd - - default default] 10.0.0.120 "POST /v2.0/subnets HTTP/1.1" status: 201 len: 833 time: 0.8099844
2026-05-12 12:38:35.024 9 INFO neutron.wsgi [None req-3d43d8ee-9d7d-4ac8-94f6-443fb73d4153 9c2ce85bb0c54e05bfd66b5ca05bcd88 6a0ecd64d51e42e1b4478378d40f4bd3 - - default default] 10.0.0.120 "GET /v2.0/subnetpools?name=shared-default-subnetpool-v6 HTTP/1.1" status: 200 len: 212 time: 0.2689376
2026-05-12 12:38:35.034 9 WARNING neutron_lib.context [None req-4957113a-f384-4eaa-a995-d8d3b7c46e32 28e759e9c5974c52a13ddcb71bff8dc7 60bb510a749844048e6c630d7ba473cd - - default default] Method 'is_advsvc' is deprecated since 2023.2 release (neutron-lib 3.8.0) and will be removed once support for the old RBAC API policies will be removed from Neutron. Please use method 'is_service_role' instead.
2026-05-12 12:38:35.283 9 WARNING neutron.scheduler.dhcp_agent_scheduler [None req-4957113a-f384-4eaa-a995-d8d3b7c46e32 28e759e9c5974c52a13ddcb71bff8dc7 60bb510a749844048e6c630d7ba473cd - - default default] No more DHCP agents
2026-05-12 12:38:35.285 9 WARNING neutron.api.rpc.agentnotifiers.dhcp_rpc_agent_api [None req-4957113a-f384-4eaa-a995-d8d3b7c46e32 28e759e9c5974c52a13ddcb71bff8dc7 60bb510a749844048e6c630d7ba473cd - - default default] Unable to schedule network a4df1d2c-3b4f-4940-a023-0cd8b5657494: no agents available; will retry on subsequent port and subnet creation events.
2026-05-12 12:38:35.314 9 INFO neutron.db.ovn_revision_numbers_db [None req-4957113a-f384-4eaa-a995-d8d3b7c46e32 28e759e9c5974c52a13ddcb71bff8dc7 60bb510a749844048e6c630d7ba473cd - - default default] Successfully bumped revision number for resource cf3f483b-91c0-42fd-854d-b15cecb12590 (type: subnets) to 0
2026-05-12 12:38:35.330 9 INFO neutron.wsgi [None req-4957113a-f384-4eaa-a995-d8d3b7c46e32 28e759e9c5974c52a13ddcb71bff8dc7 60bb510a749844048e6c630d7ba473cd - - default default] 10.0.0.120 "POST /v2.0/subnets HTTP/1.1" status: 201 len: 907 time: 0.3008583
2026-05-12 12:38:35.340 9 WARNING neutron_lib.context [None req-96ec9520-3769-46fe-8834-9c3845f4b125 28e759e9c5974c52a13ddcb71bff8dc7 60bb510a749844048e6c630d7ba473cd - - default default] Method 'is_advsvc' is deprecated since 2023.2 release (neutron-lib 3.8.0) and will be removed once support for the old RBAC API policies will be removed from Neutron. Please use method 'is_service_role' instead.
2026-05-12 12:38:35.420 9 INFO neutron.db.segments_db [None req-96ec9520-3769-46fe-8834-9c3845f4b125 28e759e9c5974c52a13ddcb71bff8dc7 60bb510a749844048e6c630d7ba473cd - - default default] Added segment 0731f955-0c19-4f2a-be6a-a7dff46175a1 of type geneve for network 4d3d2321-e2e0-414c-8adf-fd94f44e801d
2026-05-12 12:38:35.555 9 INFO neutron.db.ovn_revision_numbers_db [None req-96ec9520-3769-46fe-8834-9c3845f4b125 28e759e9c5974c52a13ddcb71bff8dc7 60bb510a749844048e6c630d7ba473cd - - default default] Successfully bumped revision number for resource 4d3d2321-e2e0-414c-8adf-fd94f44e801d (type: networks) to 1
2026-05-12 12:38:35.713 9 WARNING neutron.scheduler.dhcp_agent_scheduler [None req-96ec9520-3769-46fe-8834-9c3845f4b125 28e759e9c5974c52a13ddcb71bff8dc7 60bb510a749844048e6c630d7ba473cd - - default default] No more DHCP agents
2026-05-12 12:38:35.715 9 WARNING neutron.api.rpc.agentnotifiers.dhcp_rpc_agent_api [None req-96ec9520-3769-46fe-8834-9c3845f4b125 28e759e9c5974c52a13ddcb71bff8dc7 60bb510a749844048e6c630d7ba473cd - - default default] Unable to schedule network 4d3d2321-e2e0-414c-8adf-fd94f44e801d: no agents available; will retry on subsequent port and subnet creation events.
2026-05-12 12:38:36.120 9 INFO neutron.db.ovn_revision_numbers_db [None req-96ec9520-3769-46fe-8834-9c3845f4b125 28e759e9c5974c52a13ddcb71bff8dc7 60bb510a749844048e6c630d7ba473cd - - default default] Successfully bumped revision number for resource 0c99fd17-8b3c-45e3-b9c7-2c2fc955ac9e (type: ports) to 1
2026-05-12 12:38:36.143 9 INFO neutron.wsgi [None req-96ec9520-3769-46fe-8834-9c3845f4b125 28e759e9c5974c52a13ddcb71bff8dc7 60bb510a749844048e6c630d7ba473cd - - default default] 10.0.0.120 "POST /v2.0/networks HTTP/1.1" status: 201 len: 837 time: 0.8070371
2026-05-12 12:38:36.153 9 WARNING neutron_lib.context [None req-637eda0f-0cea-47ca-821f-e371cc9151cd 28e759e9c5974c52a13ddcb71bff8dc7 60bb510a749844048e6c630d7ba473cd - - default default] Method 'is_advsvc' is deprecated since 2023.2 release (neutron-lib 3.8.0) and will be removed once support for the old RBAC API policies will be removed from Neutron. Please use method 'is_service_role' instead.
2026-05-12 12:38:36.385 9 WARNING neutron.scheduler.dhcp_agent_scheduler [None req-637eda0f-0cea-47ca-821f-e371cc9151cd 28e759e9c5974c52a13ddcb71bff8dc7 60bb510a749844048e6c630d7ba473cd - - default default] No more DHCP agents
2026-05-12 12:38:36.387 9 WARNING neutron.api.rpc.agentnotifiers.dhcp_rpc_agent_api [None req-637eda0f-0cea-47ca-821f-e371cc9151cd 28e759e9c5974c52a13ddcb71bff8dc7 60bb510a749844048e6c630d7ba473cd - - default default] Unable to schedule network 4d3d2321-e2e0-414c-8adf-fd94f44e801d: no agents available; will retry on subsequent port and subnet creation events.
2026-05-12 12:38:36.844 9 INFO neutron.db.ovn_revision_numbers_db [None req-637eda0f-0cea-47ca-821f-e371cc9151cd 28e759e9c5974c52a13ddcb71bff8dc7 60bb510a749844048e6c630d7ba473cd - - default default] Successfully bumped revision number for resource 0c99fd17-8b3c-45e3-b9c7-2c2fc955ac9e (type: ports) to 2
2026-05-12 12:38:36.872 9 INFO neutron.db.ovn_revision_numbers_db [None req-637eda0f-0cea-47ca-821f-e371cc9151cd 28e759e9c5974c52a13ddcb71bff8dc7 60bb510a749844048e6c630d7ba473cd - - default default] Successfully bumped revision number for resource 84cb958c-f949-441f-b2b2-ede62bf93242 (type: subnets) to 0
2026-05-12 12:38:36.886 9 INFO neutron.wsgi [None req-637eda0f-0cea-47ca-821f-e371cc9151cd 28e759e9c5974c52a13ddcb71bff8dc7 60bb510a749844048e6c630d7ba473cd - - default default] 10.0.0.120 "POST /v2.0/subnets HTTP/1.1" status: 201 len: 830 time: 0.7373526
2026-05-12 12:38:36.895 9 WARNING neutron_lib.context [None req-c028baea-d460-47ea-b685-0e6d2617161c 28e759e9c5974c52a13ddcb71bff8dc7 60bb510a749844048e6c630d7ba473cd - - default default] Method 'is_advsvc' is deprecated since 2023.2 release (neutron-lib 3.8.0) and will be removed once support for the old RBAC API policies will be removed from Neutron. Please use method 'is_service_role' instead.
2026-05-12 12:38:37.158 9 WARNING neutron.scheduler.dhcp_agent_scheduler [None req-c028baea-d460-47ea-b685-0e6d2617161c 28e759e9c5974c52a13ddcb71bff8dc7 60bb510a749844048e6c630d7ba473cd - - default default] No more DHCP agents
2026-05-12 12:38:37.162 9 WARNING neutron.api.rpc.agentnotifiers.dhcp_rpc_agent_api [None req-c028baea-d460-47ea-b685-0e6d2617161c 28e759e9c5974c52a13ddcb71bff8dc7 60bb510a749844048e6c630d7ba473cd - - default default] Unable to schedule network 4d3d2321-e2e0-414c-8adf-fd94f44e801d: no agents available; will retry on subsequent port and subnet creation events.
2026-05-12 12:38:37.194 9 INFO neutron.db.ovn_revision_numbers_db [None req-c028baea-d460-47ea-b685-0e6d2617161c 28e759e9c5974c52a13ddcb71bff8dc7 60bb510a749844048e6c630d7ba473cd - - default default] Successfully bumped revision number for resource 66cfb286-d874-4efd-8cf8-3eeda1b7a17e (type: subnets) to 0
2026-05-12 12:38:37.210 9 INFO neutron.wsgi [None req-c028baea-d460-47ea-b685-0e6d2617161c 28e759e9c5974c52a13ddcb71bff8dc7 60bb510a749844048e6c630d7ba473cd - - default default] 10.0.0.120 "POST /v2.0/subnets HTTP/1.1" status: 201 len: 901 time: 0.3188031
