2026-05-12 12:36:10.198 10 INFO neutron.wsgi [None req-686c3182-2822-40d9-9d3c-4d3ec682d737 96cf1a4bce58413d8d7b91545e77b5a6 4cfdf1adf16541528d64275e59de07c2 - - default default] 10.0.0.120 "DELETE /v2.0/routers/80a0bcdc-8da3-4bdf-aa51-95faa08ab33c/tags/green HTTP/1.1" status: 404 len: 299 time: 0.0813649 /var/lib/openstack/lib/python3.10/site-packages/pycadf/identifier.py:71: UserWarning: Invalid uuid: neutron. To ensure interoperability, identifiers should be a valid uuid. warnings.warn(('Invalid uuid: %s. To ensure interoperability, '
2026-05-12 12:36:10.251 10 INFO neutron.db.segments_db [None req-352b36ae-a84b-433f-8d30-5dc00d4698c5 e2046ce9de894b7cacd8f437cee5f9f2 2a437915bedc4abd8a03eb37605b449b - - default default] Added segment a7bf046c-0754-4312-ad15-4935c34fc943 of type geneve for network 3852453a-753b-427c-a27e-ac617036560b
2026-05-12 12:36:10.261 9 INFO neutron.db.ovn_revision_numbers_db [req-782245bf-b5c2-4778-89f2-c0486840b1c6 req-6f1a189d-af76-4f3e-89c6-725ee35aa191 2fd3fec1df4d484eb413dee8fbb53e2b 9b5a54f26303430885f9f2b69292e723 - - a207f7a3574a4184a487d9be974e9da4 a207f7a3574a4184a487d9be974e9da4] Successfully bumped revision number for resource db16e41b-a875-44cf-b2e3-9425ecf050a7 (type: ports) to 2
2026-05-12 12:36:10.272 9 INFO neutron.wsgi [None req-2a364280-555d-4b23-a3e2-eb7ed30ccf42 96cf1a4bce58413d8d7b91545e77b5a6 4cfdf1adf16541528d64275e59de07c2 - - default default] 10.0.0.120 "DELETE /v2.0/routers/80a0bcdc-8da3-4bdf-aa51-95faa08ab33c/tags HTTP/1.1" status: 204 len: 168 time: 0.0673146
2026-05-12 12:36:10.348 9 INFO neutron.wsgi [None req-0ba3c307-56b0-4af1-946f-07089746a639 96cf1a4bce58413d8d7b91545e77b5a6 4cfdf1adf16541528d64275e59de07c2 - - default default] 10.0.0.120 "GET /v2.0/routers/80a0bcdc-8da3-4bdf-aa51-95faa08ab33c/tags HTTP/1.1" status: 200 len: 205 time: 0.0713284
2026-05-12 12:36:10.435 10 INFO neutron.wsgi [None req-90750b8b-2391-4e93-bc4a-b974e1deba9b 96cf1a4bce58413d8d7b91545e77b5a6 4cfdf1adf16541528d64275e59de07c2 - - default default] 10.0.0.120 "GET /v2.0/routers/80a0bcdc-8da3-4bdf-aa51-95faa08ab33c HTTP/1.1" status: 200 len: 770 time: 0.0752497
2026-05-12 12:36:10.446 10 INFO neutron.db.ovn_revision_numbers_db [None req-352b36ae-a84b-433f-8d30-5dc00d4698c5 e2046ce9de894b7cacd8f437cee5f9f2 2a437915bedc4abd8a03eb37605b449b - - default default] Successfully bumped revision number for resource 3852453a-753b-427c-a27e-ac617036560b (type: networks) to 1
2026-05-12 12:36:10.524 9 INFO neutron.db.ovn_revision_numbers_db [req-782245bf-b5c2-4778-89f2-c0486840b1c6 req-6f1a189d-af76-4f3e-89c6-725ee35aa191 2fd3fec1df4d484eb413dee8fbb53e2b 9b5a54f26303430885f9f2b69292e723 - - a207f7a3574a4184a487d9be974e9da4 a207f7a3574a4184a487d9be974e9da4] Successfully bumped revision number for resource db16e41b-a875-44cf-b2e3-9425ecf050a7 (type: ports) to 2
2026-05-12 12:36:10.544 9 INFO neutron.wsgi [req-782245bf-b5c2-4778-89f2-c0486840b1c6 req-6f1a189d-af76-4f3e-89c6-725ee35aa191 2fd3fec1df4d484eb413dee8fbb53e2b 9b5a54f26303430885f9f2b69292e723 - - a207f7a3574a4184a487d9be974e9da4 a207f7a3574a4184a487d9be974e9da4] 199.19.213.244 "PUT /v2.0/ports/db16e41b-a875-44cf-b2e3-9425ecf050a7 HTTP/1.1" status: 200 len: 1376 time: 0.7860377
2026-05-12 12:36:10.590 9 INFO neutron.notifiers.nova [-] Nova event matching ['req-320d6d97-9e62-4f76-aa7a-0bd1546fc148'] response: {'name': 'network-changed', 'server_uuid': '470611a7-cb5b-47ba-8503-d88cc48ca0bf', 'tag': 'db16e41b-a875-44cf-b2e3-9425ecf050a7', 'status': 'completed', 'code': 200} /var/lib/openstack/lib/python3.10/site-packages/pycadf/identifier.py:71: UserWarning: Invalid uuid: neutron. To ensure interoperability, identifiers should be a valid uuid. warnings.warn(('Invalid uuid: %s. To ensure interoperability, '
2026-05-12 12:36:10.636 9 INFO neutron.wsgi [req-782245bf-b5c2-4778-89f2-c0486840b1c6 req-3ed31b2a-b1b6-4051-88e0-11078d9a89f0 2fd3fec1df4d484eb413dee8fbb53e2b 9b5a54f26303430885f9f2b69292e723 - - a207f7a3574a4184a487d9be974e9da4 a207f7a3574a4184a487d9be974e9da4] 199.19.213.244 "GET /v2.0/ports?tenant_id=80d8c6a1ac194a2eb982be531c453713&device_id=470611a7-cb5b-47ba-8503-d88cc48ca0bf HTTP/1.1" status: 200 len: 1407 time: 0.0432153
2026-05-12 12:36:10.669 9 INFO neutron.wsgi [req-782245bf-b5c2-4778-89f2-c0486840b1c6 req-23cac644-6345-4794-8be8-266895014dea 2fd3fec1df4d484eb413dee8fbb53e2b 9b5a54f26303430885f9f2b69292e723 - - a207f7a3574a4184a487d9be974e9da4 a207f7a3574a4184a487d9be974e9da4] 199.19.213.244 "GET /v2.0/floatingips?fixed_ip_address=10.100.0.6&port_id=db16e41b-a875-44cf-b2e3-9425ecf050a7 HTTP/1.1" status: 200 len: 217 time: 0.0255542
2026-05-12 12:36:10.705 9 INFO neutron.wsgi [req-782245bf-b5c2-4778-89f2-c0486840b1c6 req-81f51fb9-e7d8-4b36-974f-3be36884ab61 2fd3fec1df4d484eb413dee8fbb53e2b 9b5a54f26303430885f9f2b69292e723 - - a207f7a3574a4184a487d9be974e9da4 a207f7a3574a4184a487d9be974e9da4] 199.19.213.244 "GET /v2.0/subnets?id=22c66ecf-5354-4110-9b62-04caf84a010a HTTP/1.1" status: 200 len: 853 time: 0.0296333
2026-05-12 12:36:10.731 9 INFO neutron.wsgi [req-782245bf-b5c2-4778-89f2-c0486840b1c6 req-e118dfa9-fabd-4511-bd70-e7040827954b 2fd3fec1df4d484eb413dee8fbb53e2b 9b5a54f26303430885f9f2b69292e723 - - a207f7a3574a4184a487d9be974e9da4 a207f7a3574a4184a487d9be974e9da4] 199.19.213.244 "GET /v2.0/ports?network_id=c8da693b-0027-4036-a65a-e16dc9f8da1c&device_owner=network%3Adhcp HTTP/1.1" status: 200 len: 210 time: 0.0211833
2026-05-12 12:36:10.812 9 INFO neutron.wsgi [req-782245bf-b5c2-4778-89f2-c0486840b1c6 req-bf74369f-be65-41bd-aebd-377e2699e345 2fd3fec1df4d484eb413dee8fbb53e2b 9b5a54f26303430885f9f2b69292e723 - - a207f7a3574a4184a487d9be974e9da4 a207f7a3574a4184a487d9be974e9da4] 199.19.213.244 "GET /v2.0/networks/c8da693b-0027-4036-a65a-e16dc9f8da1c?fields=segments HTTP/1.1" status: 200 len: 212 time: 0.0722473
2026-05-12 12:36:10.833 10 INFO neutron.wsgi [req-e6e2e327-6d89-4bf2-a23a-2237b3ee845c req-a7c727a2-f750-4669-ac32-a471fb475765 2739fc7d8a5b4a768789e0c6fdff9def 80d8c6a1ac194a2eb982be531c453713 - - default default] 10.0.0.1 "GET /v2.0/ports?device_id=470611a7-cb5b-47ba-8503-d88cc48ca0bf HTTP/1.1" status: 200 len: 1168 time: 0.2841811
2026-05-12 12:36:10.878 9 INFO neutron.wsgi [req-782245bf-b5c2-4778-89f2-c0486840b1c6 req-a31c00c4-6375-43f7-9da1-43ea7f3f3820 2fd3fec1df4d484eb413dee8fbb53e2b 9b5a54f26303430885f9f2b69292e723 - - a207f7a3574a4184a487d9be974e9da4 a207f7a3574a4184a487d9be974e9da4] 199.19.213.244 "GET /v2.0/networks/c8da693b-0027-4036-a65a-e16dc9f8da1c?fields=provider%3Aphysical_network&fields=provider%3Anetwork_type HTTP/1.1" status: 200 len: 277 time: 0.0593197
2026-05-12 12:36:10.973 10 WARNING neutron.scheduler.dhcp_agent_scheduler [None req-352b36ae-a84b-433f-8d30-5dc00d4698c5 e2046ce9de894b7cacd8f437cee5f9f2 2a437915bedc4abd8a03eb37605b449b - - default default] No more DHCP agents
2026-05-12 12:36:10.980 10 WARNING neutron.api.rpc.agentnotifiers.dhcp_rpc_agent_api [None req-352b36ae-a84b-433f-8d30-5dc00d4698c5 e2046ce9de894b7cacd8f437cee5f9f2 2a437915bedc4abd8a03eb37605b449b - - default default] Unable to schedule network 3852453a-753b-427c-a27e-ac617036560b: no agents available; will retry on subsequent port and subnet creation events.
2026-05-12 12:36:10.992 9 INFO neutron.wsgi [req-e360d800-343e-4c39-a9c2-4711529efd29 req-9a00bb33-6a2d-4a80-b3b3-2b257131249d 2fd3fec1df4d484eb413dee8fbb53e2b 9b5a54f26303430885f9f2b69292e723 - - a207f7a3574a4184a487d9be974e9da4 a207f7a3574a4184a487d9be974e9da4] 199.19.213.244 "GET /v2.0/ports?tenant_id=80d8c6a1ac194a2eb982be531c453713&device_id=470611a7-cb5b-47ba-8503-d88cc48ca0bf HTTP/1.1" status: 200 len: 1407 time: 0.0520868
2026-05-12 12:36:11.029 10 INFO neutron.wsgi [req-e6e2e327-6d89-4bf2-a23a-2237b3ee845c req-cb51b5ec-04a4-4708-b643-7da75b0e9413 2739fc7d8a5b4a768789e0c6fdff9def 80d8c6a1ac194a2eb982be531c453713 - - default default] 10.0.0.1 "GET /v2.0/security-groups?id=96879692-4d14-46d9-bf27-c94706f7c65f&fields=id&fields=name HTTP/1.1" status: 200 len: 313 time: 0.1872852
2026-05-12 12:36:11.077 9 INFO neutron.wsgi [req-e360d800-343e-4c39-a9c2-4711529efd29 req-89602d15-74dd-46e9-9ac6-9cb17c1e76ec 2fd3fec1df4d484eb413dee8fbb53e2b 9b5a54f26303430885f9f2b69292e723 - - a207f7a3574a4184a487d9be974e9da4 a207f7a3574a4184a487d9be974e9da4] 199.19.213.244 "GET /v2.0/networks?id=c8da693b-0027-4036-a65a-e16dc9f8da1c HTTP/1.1" status: 200 len: 959 time: 0.0780115
2026-05-12 12:36:11.092 9 INFO neutron.plugins.ml2.drivers.ovn.mech_driver.mech_driver [None req-ca27ef9f-9455-4702-a107-3bdae08ab7dd - - - - - -] OVN reports status up for port: db16e41b-a875-44cf-b2e3-9425ecf050a7
2026-05-12 12:36:11.122 9 INFO neutron.wsgi [req-e360d800-343e-4c39-a9c2-4711529efd29 req-cc57e4ce-7d8b-472f-8bbb-49d3b79dbd88 2fd3fec1df4d484eb413dee8fbb53e2b 9b5a54f26303430885f9f2b69292e723 - - a207f7a3574a4184a487d9be974e9da4 a207f7a3574a4184a487d9be974e9da4] 199.19.213.244 "GET /v2.0/floatingips?fixed_ip_address=10.100.0.6&port_id=db16e41b-a875-44cf-b2e3-9425ecf050a7 HTTP/1.1" status: 200 len: 217 time: 0.0307307
2026-05-12 12:36:11.123 9 INFO neutron.plugins.ml2.plugin [None req-ca27ef9f-9455-4702-a107-3bdae08ab7dd - - - - - -] Attempt 1 to provision port db16e41b-a875-44cf-b2e3-9425ecf050a7
2026-05-12 12:36:11.137 10 INFO neutron.db.ovn_revision_numbers_db [None req-69488289-7ef0-40ea-8d98-dafb3551560f 96cf1a4bce58413d8d7b91545e77b5a6 4cfdf1adf16541528d64275e59de07c2 - - default default] Successfully bumped revision number for resource 80a0bcdc-8da3-4bdf-aa51-95faa08ab33c (type: routers) to 7
2026-05-12 12:36:11.142 10 INFO neutron.wsgi [None req-69488289-7ef0-40ea-8d98-dafb3551560f 96cf1a4bce58413d8d7b91545e77b5a6 4cfdf1adf16541528d64275e59de07c2 - - default default] 10.0.0.120 "PUT /v2.0/routers/80a0bcdc-8da3-4bdf-aa51-95faa08ab33c HTTP/1.1" status: 200 len: 770 time: 0.7017014
2026-05-12 12:36:11.155 10 INFO neutron.db.ovn_revision_numbers_db [None req-352b36ae-a84b-433f-8d30-5dc00d4698c5 e2046ce9de894b7cacd8f437cee5f9f2 2a437915bedc4abd8a03eb37605b449b - - default default] Successfully bumped revision number for resource 9c131b2c-91a9-4664-954e-2654db744ed7 (type: ports) to 1
2026-05-12 12:36:11.179 9 INFO neutron.wsgi [req-e360d800-343e-4c39-a9c2-4711529efd29 req-bd9efea3-00eb-4eb8-9974-da65d4ba20ee 2fd3fec1df4d484eb413dee8fbb53e2b 9b5a54f26303430885f9f2b69292e723 - - a207f7a3574a4184a487d9be974e9da4 a207f7a3574a4184a487d9be974e9da4] 199.19.213.244 "GET /v2.0/subnets?id=22c66ecf-5354-4110-9b62-04caf84a010a HTTP/1.1" status: 200 len: 853 time: 0.0442984
2026-05-12 12:36:11.188 9 INFO neutron.wsgi [None req-6f0f73d3-cc3f-4956-997a-39302045f0e9 96cf1a4bce58413d8d7b91545e77b5a6 4cfdf1adf16541528d64275e59de07c2 - - default default] 10.0.0.120 "GET /v2.0/ports?device_id=80a0bcdc-8da3-4bdf-aa51-95faa08ab33c HTTP/1.1" status: 200 len: 205 time: 0.0398445
2026-05-12 12:36:11.191 10 INFO neutron.wsgi [None req-352b36ae-a84b-433f-8d30-5dc00d4698c5 e2046ce9de894b7cacd8f437cee5f9f2 2a437915bedc4abd8a03eb37605b449b - - default default] 10.0.0.120 "POST /v2.0/networks HTTP/1.1" status: 201 len: 831 time: 1.0733128
2026-05-12 12:36:11.207 9 WARNING neutron_lib.context [None req-a1037c67-a160-4f87-85b9-11491b419425 e2046ce9de894b7cacd8f437cee5f9f2 2a437915bedc4abd8a03eb37605b449b - - default default] Method 'is_advsvc' is deprecated since 2023.2 release (neutron-lib 3.8.0) and will be removed once support for the old RBAC API policies will be removed from Neutron. Please use method 'is_service_role' instead.
2026-05-12 12:36:11.218 9 INFO neutron.wsgi [req-e360d800-343e-4c39-a9c2-4711529efd29 req-a9063872-c50f-4aff-ae75-b4d7d46a5628 2fd3fec1df4d484eb413dee8fbb53e2b 9b5a54f26303430885f9f2b69292e723 - - a207f7a3574a4184a487d9be974e9da4 a207f7a3574a4184a487d9be974e9da4] 199.19.213.244 "GET /v2.0/ports?network_id=c8da693b-0027-4036-a65a-e16dc9f8da1c&device_owner=network%3Adhcp HTTP/1.1" status: 200 len: 210 time: 0.0323143
2026-05-12 12:36:11.337 9 INFO neutron.wsgi [req-e360d800-343e-4c39-a9c2-4711529efd29 req-ecff151b-598e-4a0f-b3d2-6f3dc89bcbf9 2fd3fec1df4d484eb413dee8fbb53e2b 9b5a54f26303430885f9f2b69292e723 - - a207f7a3574a4184a487d9be974e9da4 a207f7a3574a4184a487d9be974e9da4] 199.19.213.244 "GET /v2.0/networks/c8da693b-0027-4036-a65a-e16dc9f8da1c?fields=segments HTTP/1.1" status: 200 len: 212 time: 0.1139407
2026-05-12 12:36:11.472 9 INFO neutron.wsgi [req-e360d800-343e-4c39-a9c2-4711529efd29 req-19293126-3a1f-4787-9a6c-5436a0ef2688 2fd3fec1df4d484eb413dee8fbb53e2b 9b5a54f26303430885f9f2b69292e723 - - a207f7a3574a4184a487d9be974e9da4 a207f7a3574a4184a487d9be974e9da4] 199.19.213.244 "GET /v2.0/networks/c8da693b-0027-4036-a65a-e16dc9f8da1c?fields=provider%3Aphysical_network&fields=provider%3Anetwork_type HTTP/1.1" status: 200 len: 277 time: 0.1276140
2026-05-12 12:36:11.744 10 INFO neutron.wsgi [None req-b11674e3-23d9-4736-a891-77476d183228 96cf1a4bce58413d8d7b91545e77b5a6 4cfdf1adf16541528d64275e59de07c2 - - default default] 10.0.0.120 "DELETE /v2.0/routers/80a0bcdc-8da3-4bdf-aa51-95faa08ab33c HTTP/1.1" status: 204 len: 168 time: 0.5520074
2026-05-12 12:36:11.895 9 WARNING neutron.scheduler.dhcp_agent_scheduler [None req-a1037c67-a160-4f87-85b9-11491b419425 e2046ce9de894b7cacd8f437cee5f9f2 2a437915bedc4abd8a03eb37605b449b - - default default] No more DHCP agents
2026-05-12 12:36:11.898 9 WARNING neutron.api.rpc.agentnotifiers.dhcp_rpc_agent_api [None req-a1037c67-a160-4f87-85b9-11491b419425 e2046ce9de894b7cacd8f437cee5f9f2 2a437915bedc4abd8a03eb37605b449b - - default default] Unable to schedule network 3852453a-753b-427c-a27e-ac617036560b: no agents available; will retry on subsequent port and subnet creation events.
2026-05-12 12:36:11.908 9 INFO neutron.db.ovn_revision_numbers_db [None req-ca27ef9f-9455-4702-a107-3bdae08ab7dd - - - - - -] Successfully bumped revision number for resource db16e41b-a875-44cf-b2e3-9425ecf050a7 (type: ports) to 4
2026-05-12 12:36:12.016 9 INFO neutron.db.ovn_revision_numbers_db [None req-a1037c67-a160-4f87-85b9-11491b419425 e2046ce9de894b7cacd8f437cee5f9f2 2a437915bedc4abd8a03eb37605b449b - - default default] Successfully bumped revision number for resource 52ca3332-adbf-4003-8447-c6904a4b7fae (type: ports) to 1
2026-05-12 12:36:12.053 9 INFO neutron.wsgi [None req-a1037c67-a160-4f87-85b9-11491b419425 e2046ce9de894b7cacd8f437cee5f9f2 2a437915bedc4abd8a03eb37605b449b - - default default] 10.0.0.120 "POST /v2.0/ports HTTP/1.1" status: 201 len: 942 time: 0.8549502 /var/lib/openstack/lib/python3.10/site-packages/pycadf/identifier.py:71: UserWarning: Invalid uuid: neutron. To ensure interoperability, identifiers should be a valid uuid. warnings.warn(('Invalid uuid: %s. To ensure interoperability, '
2026-05-12 12:36:12.062 9 WARNING neutron_lib.context [None req-fb7b1864-49fe-4c72-9bb6-2c4a4094eb91 e2046ce9de894b7cacd8f437cee5f9f2 2a437915bedc4abd8a03eb37605b449b - - default default] Method 'is_advsvc' is deprecated since 2023.2 release (neutron-lib 3.8.0) and will be removed once support for the old RBAC API policies will be removed from Neutron. Please use method 'is_service_role' instead.
2026-05-12 12:36:12.144 9 INFO neutron.wsgi [req-5c035019-24d9-428e-aacd-7f8299a4d2c5 req-d1344895-de5f-4b11-bb1c-f4d1a5deabf5 2739fc7d8a5b4a768789e0c6fdff9def 80d8c6a1ac194a2eb982be531c453713 - - default default] 10.0.0.1 "GET /v2.0/ports?device_id=470611a7-cb5b-47ba-8503-d88cc48ca0bf HTTP/1.1" status: 200 len: 1170 time: 0.0387719
2026-05-12 12:36:12.161 9 INFO neutron.db.segments_db [None req-fb7b1864-49fe-4c72-9bb6-2c4a4094eb91 e2046ce9de894b7cacd8f437cee5f9f2 2a437915bedc4abd8a03eb37605b449b - - default default] Added segment ade4fec9-297f-42a2-87e2-6823dd81726a of type geneve for network 139d841c-b9e3-47b5-9e7d-4b0358a31784
2026-05-12 12:36:12.205 9 INFO neutron.wsgi [req-5c035019-24d9-428e-aacd-7f8299a4d2c5 req-dc713b4e-a5f3-4b0e-92f1-e10d4eb275e9 2739fc7d8a5b4a768789e0c6fdff9def 80d8c6a1ac194a2eb982be531c453713 - - default default] 10.0.0.1 "GET /v2.0/security-groups?id=96879692-4d14-46d9-bf27-c94706f7c65f&fields=id&fields=name HTTP/1.1" status: 200 len: 313 time: 0.0509808
2026-05-12 12:36:12.305 9 INFO neutron.db.ovn_revision_numbers_db [None req-fb7b1864-49fe-4c72-9bb6-2c4a4094eb91 e2046ce9de894b7cacd8f437cee5f9f2 2a437915bedc4abd8a03eb37605b449b - - default default] Successfully bumped revision number for resource 139d841c-b9e3-47b5-9e7d-4b0358a31784 (type: networks) to 1
2026-05-12 12:36:12.481 9 WARNING neutron.scheduler.dhcp_agent_scheduler [None req-fb7b1864-49fe-4c72-9bb6-2c4a4094eb91 e2046ce9de894b7cacd8f437cee5f9f2 2a437915bedc4abd8a03eb37605b449b - - default default] No more DHCP agents
2026-05-12 12:36:12.483 9 WARNING neutron.api.rpc.agentnotifiers.dhcp_rpc_agent_api [None req-fb7b1864-49fe-4c72-9bb6-2c4a4094eb91 e2046ce9de894b7cacd8f437cee5f9f2 2a437915bedc4abd8a03eb37605b449b - - default default] Unable to schedule network 139d841c-b9e3-47b5-9e7d-4b0358a31784: no agents available; will retry on subsequent port and subnet creation events.
2026-05-12 12:36:12.566 9 INFO neutron.db.ovn_revision_numbers_db [None req-fb7b1864-49fe-4c72-9bb6-2c4a4094eb91 e2046ce9de894b7cacd8f437cee5f9f2 2a437915bedc4abd8a03eb37605b449b - - default default] Successfully bumped revision number for resource d0481377-7d4d-4d7c-bf78-f045267f8450 (type: ports) to 1
2026-05-12 12:36:12.588 9 INFO neutron.wsgi [None req-fb7b1864-49fe-4c72-9bb6-2c4a4094eb91 e2046ce9de894b7cacd8f437cee5f9f2 2a437915bedc4abd8a03eb37605b449b - - default default] 10.0.0.120 "POST /v2.0/networks HTTP/1.1" status: 201 len: 830 time: 0.5289762
2026-05-12 12:36:12.605 10 WARNING neutron_lib.context [None req-8b0868fc-3299-42ec-b736-d735f735c8d8 e2046ce9de894b7cacd8f437cee5f9f2 2a437915bedc4abd8a03eb37605b449b - - default default] Method 'is_advsvc' is deprecated since 2023.2 release (neutron-lib 3.8.0) and will be removed once support for the old RBAC API policies will be removed from Neutron. Please use method 'is_service_role' instead.
2026-05-12 12:36:12.635 9 INFO neutron.notifiers.nova [-] Nova event matching ['req-6b2a1bd5-76dc-462b-8a23-1982b39d2d95'] response: {'server_uuid': '470611a7-cb5b-47ba-8503-d88cc48ca0bf', 'name': 'network-vif-plugged', 'status': 'completed', 'tag': 'db16e41b-a875-44cf-b2e3-9425ecf050a7', 'code': 200}
2026-05-12 12:36:12.635 9 INFO neutron.notifiers.nova [-] Nova event matching ['req-6b2a1bd5-76dc-462b-8a23-1982b39d2d95'] response: {'server_uuid': '470611a7-cb5b-47ba-8503-d88cc48ca0bf', 'name': 'network-vif-plugged', 'status': 'completed', 'tag': 'db16e41b-a875-44cf-b2e3-9425ecf050a7', 'code': 200}
2026-05-12 12:36:12.669 9 INFO neutron.db.ovn_revision_numbers_db [None req-bc8eba93-6355-445b-b79f-a31f36299787 3b0a0edda41f435d88d6ba8a74cace51 1888e6ea4bec4394803d2be1d04a8e95 - - default default] Successfully bumped revision number for resource 6fb1f0ca-ade9-4b02-8ee0-9ee7a7f234cf (type: security_groups) to 1
2026-05-12 12:36:12.682 9 INFO neutron.db.ovn_revision_numbers_db [None req-bc8eba93-6355-445b-b79f-a31f36299787 3b0a0edda41f435d88d6ba8a74cace51 1888e6ea4bec4394803d2be1d04a8e95 - - default default] Successfully bumped revision number for resource 02431974-9a6b-4744-9a9f-075e096a436c (type: security_group_rules) to 0
2026-05-12 12:36:12.695 9 INFO neutron.db.ovn_revision_numbers_db [None req-bc8eba93-6355-445b-b79f-a31f36299787 3b0a0edda41f435d88d6ba8a74cace51 1888e6ea4bec4394803d2be1d04a8e95 - - default default] Successfully bumped revision number for resource 2dcd84c9-419a-49c1-b66c-b71390b9f2e4 (type: security_group_rules) to 0
2026-05-12 12:36:12.708 9 INFO neutron.db.ovn_revision_numbers_db [None req-bc8eba93-6355-445b-b79f-a31f36299787 3b0a0edda41f435d88d6ba8a74cace51 1888e6ea4bec4394803d2be1d04a8e95 - - default default] Successfully bumped revision number for resource 2f0b726e-fddc-45ab-bb56-982a272cf558 (type: security_group_rules) to 0
2026-05-12 12:36:12.724 9 INFO neutron.db.ovn_revision_numbers_db [None req-bc8eba93-6355-445b-b79f-a31f36299787 3b0a0edda41f435d88d6ba8a74cace51 1888e6ea4bec4394803d2be1d04a8e95 - - default default] Successfully bumped revision number for resource b89d0ec7-ca7b-41dc-8a4a-3659619b1bff (type: security_group_rules) to 0
2026-05-12 12:36:12.742 9 INFO neutron.wsgi [None req-bc8eba93-6355-445b-b79f-a31f36299787 3b0a0edda41f435d88d6ba8a74cace51 1888e6ea4bec4394803d2be1d04a8e95 - - default default] 10.0.0.120 "GET /v2.0/security-groups?tenant_id=4cfdf1adf16541528d64275e59de07c2&name=default HTTP/1.1" status: 200 len: 3120 time: 0.3000853
2026-05-12 12:36:12.748 10 INFO neutron.db.ovn_revision_numbers_db [None req-75f06fd4-590f-4ac2-8200-0903282ec7a7 3b0a0edda41f435d88d6ba8a74cace51 1888e6ea4bec4394803d2be1d04a8e95 - - default default] Successfully bumped revision number for resource b9cdc547-2364-49d9-bb10-2d375dceb7af (type: security_groups) to 1
2026-05-12 12:36:12.768 10 INFO neutron.db.ovn_revision_numbers_db [None req-75f06fd4-590f-4ac2-8200-0903282ec7a7 3b0a0edda41f435d88d6ba8a74cace51 1888e6ea4bec4394803d2be1d04a8e95 - - default default] Successfully bumped revision number for resource 0acf1789-b316-43d2-bbee-2850cea535c9 (type: security_group_rules) to 0
2026-05-12 12:36:12.796 10 INFO neutron.db.ovn_revision_numbers_db [None req-75f06fd4-590f-4ac2-8200-0903282ec7a7 3b0a0edda41f435d88d6ba8a74cace51 1888e6ea4bec4394803d2be1d04a8e95 - - default default] Successfully bumped revision number for resource 12a23e61-b529-4006-9123-9dd44fe7aaab (type: security_group_rules) to 0
2026-05-12 12:36:12.814 10 INFO neutron.db.ovn_revision_numbers_db [None req-75f06fd4-590f-4ac2-8200-0903282ec7a7 3b0a0edda41f435d88d6ba8a74cace51 1888e6ea4bec4394803d2be1d04a8e95 - - default default] Successfully bumped revision number for resource 2c4d6fb3-852d-419e-87e5-f77f1db2242e (type: security_group_rules) to 0
2026-05-12 12:36:12.843 10 INFO neutron.db.ovn_revision_numbers_db [None req-75f06fd4-590f-4ac2-8200-0903282ec7a7 3b0a0edda41f435d88d6ba8a74cace51 1888e6ea4bec4394803d2be1d04a8e95 - - default default] Successfully bumped revision number for resource 2cdb7576-0ac4-41af-a854-fc85d8388c64 (type: security_group_rules) to 0
2026-05-12 12:36:12.886 10 INFO neutron.wsgi [None req-75f06fd4-590f-4ac2-8200-0903282ec7a7 3b0a0edda41f435d88d6ba8a74cace51 1888e6ea4bec4394803d2be1d04a8e95 - - default default] 10.0.0.120 "GET /v2.0/security-groups?tenant_id=dcf94caa9d4d4a8db7b7ba8281093d13&name=default HTTP/1.1" status: 200 len: 3120 time: 0.5148089
2026-05-12 12:36:12.910 10 WARNING neutron.scheduler.dhcp_agent_scheduler [None req-8b0868fc-3299-42ec-b736-d735f735c8d8 e2046ce9de894b7cacd8f437cee5f9f2 2a437915bedc4abd8a03eb37605b449b - - default default] No more DHCP agents
2026-05-12 12:36:12.911 10 WARNING neutron.api.rpc.agentnotifiers.dhcp_rpc_agent_api [None req-8b0868fc-3299-42ec-b736-d735f735c8d8 e2046ce9de894b7cacd8f437cee5f9f2 2a437915bedc4abd8a03eb37605b449b - - default default] Unable to schedule network 139d841c-b9e3-47b5-9e7d-4b0358a31784: no agents available; will retry on subsequent port and subnet creation events.
2026-05-12 12:36:13.022 9 INFO neutron.wsgi [None req-1d60ad1d-c422-49f0-8944-8fd2947e6982 3b0a0edda41f435d88d6ba8a74cace51 1888e6ea4bec4394803d2be1d04a8e95 - - default default] 10.0.0.120 "DELETE /v2.0/security-groups/6fb1f0ca-ade9-4b02-8ee0-9ee7a7f234cf HTTP/1.1" status: 204 len: 168 time: 0.2705648
2026-05-12 12:36:13.023 10 INFO neutron.db.ovn_revision_numbers_db [None req-8b0868fc-3299-42ec-b736-d735f735c8d8 e2046ce9de894b7cacd8f437cee5f9f2 2a437915bedc4abd8a03eb37605b449b - - default default] Successfully bumped revision number for resource c8d113e2-7a0c-4991-b8cd-a966be1a74b1 (type: ports) to 1
2026-05-12 12:36:13.050 10 INFO neutron.wsgi [None req-8b0868fc-3299-42ec-b736-d735f735c8d8 e2046ce9de894b7cacd8f437cee5f9f2 2a437915bedc4abd8a03eb37605b449b - - default default] 10.0.0.120 "POST /v2.0/ports HTTP/1.1" status: 201 len: 942 time: 0.4518356 /var/lib/openstack/lib/python3.10/site-packages/pycadf/identifier.py:71: UserWarning: Invalid uuid: neutron. To ensure interoperability, identifiers should be a valid uuid. warnings.warn(('Invalid uuid: %s. To ensure interoperability, '
2026-05-12 12:36:13.063 10 WARNING neutron_lib.context [None req-c58dffcd-4581-426a-80b2-a1c39e7be83e e2046ce9de894b7cacd8f437cee5f9f2 2a437915bedc4abd8a03eb37605b449b - - default default] Method 'is_advsvc' is deprecated since 2023.2 release (neutron-lib 3.8.0) and will be removed once support for the old RBAC API policies will be removed from Neutron. Please use method 'is_service_role' instead.
2026-05-12 12:36:13.164 9 INFO neutron.wsgi [None req-4fce4afd-300b-4e37-a4b0-8cf4035f74e2 3b0a0edda41f435d88d6ba8a74cace51 1888e6ea4bec4394803d2be1d04a8e95 - - default default] 10.0.0.120 "DELETE /v2.0/security-groups/b9cdc547-2364-49d9-bb10-2d375dceb7af HTTP/1.1" status: 204 len: 168 time: 0.2705112
2026-05-12 12:36:13.167 10 INFO neutron.db.segments_db [None req-c58dffcd-4581-426a-80b2-a1c39e7be83e e2046ce9de894b7cacd8f437cee5f9f2 2a437915bedc4abd8a03eb37605b449b - - default default] Added segment f99670ed-28e5-4c9d-910e-82443cde2584 of type geneve for network 84c4875a-76b7-42c6-90b3-45cf0673c785
2026-05-12 12:36:13.357 10 INFO neutron.db.ovn_revision_numbers_db [None req-c58dffcd-4581-426a-80b2-a1c39e7be83e e2046ce9de894b7cacd8f437cee5f9f2 2a437915bedc4abd8a03eb37605b449b - - default default] Successfully bumped revision number for resource 84c4875a-76b7-42c6-90b3-45cf0673c785 (type: networks) to 1
2026-05-12 12:36:13.389 9 INFO neutron.wsgi [req-49c60bff-0a1b-4f8b-b1eb-f0cdc6814230 req-23889655-1bfb-47e6-a9ac-3d72849e5039 2739fc7d8a5b4a768789e0c6fdff9def 80d8c6a1ac194a2eb982be531c453713 - - default default] 10.0.0.1 "GET /v2.0/ports?device_id=470611a7-cb5b-47ba-8503-d88cc48ca0bf HTTP/1.1" status: 200 len: 1170 time: 0.1112394
2026-05-12 12:36:13.443 10 INFO neutron.db.ovn_revision_numbers_db [None req-67c0d760-bcbe-4f30-b397-49adb37ff052 3b0a0edda41f435d88d6ba8a74cace51 1888e6ea4bec4394803d2be1d04a8e95 - - default default] Successfully bumped revision number for resource b2c74a59-e601-41b1-9dca-013c8dfe6005 (type: security_groups) to 1
2026-05-12 12:36:13.451 9 INFO neutron.wsgi [req-49c60bff-0a1b-4f8b-b1eb-f0cdc6814230 req-38d8bf98-6c32-44c3-82e9-4a8d2423e73e 2739fc7d8a5b4a768789e0c6fdff9def 80d8c6a1ac194a2eb982be531c453713 - - default default] 10.0.0.1 "GET /v2.0/security-groups?id=96879692-4d14-46d9-bf27-c94706f7c65f&fields=id&fields=name HTTP/1.1" status: 200 len: 313 time: 0.0582404
2026-05-12 12:36:13.469 10 INFO neutron.db.ovn_revision_numbers_db [None req-67c0d760-bcbe-4f30-b397-49adb37ff052 3b0a0edda41f435d88d6ba8a74cace51 1888e6ea4bec4394803d2be1d04a8e95 - - default default] Successfully bumped revision number for resource 083ab1f5-d460-47e3-8bb6-7b1ccb0b3510 (type: security_group_rules) to 0
2026-05-12 12:36:13.496 10 INFO neutron.db.ovn_revision_numbers_db [None req-67c0d760-bcbe-4f30-b397-49adb37ff052 3b0a0edda41f435d88d6ba8a74cace51 1888e6ea4bec4394803d2be1d04a8e95 - - default default] Successfully bumped revision number for resource 9be523a5-6fbe-4a71-b0d7-d8976090c662 (type: security_group_rules) to 0
2026-05-12 12:36:13.500 9 INFO neutron.db.ovn_revision_numbers_db [None req-c117ab05-f09c-4e16-aa5d-6b50759e65ac 3b0a0edda41f435d88d6ba8a74cace51 1888e6ea4bec4394803d2be1d04a8e95 - - default default] Successfully bumped revision number for resource d0a2231d-09ea-44f9-97b5-dbd91c912301 (type: security_groups) to 1
2026-05-12 12:36:13.511 9 INFO neutron.db.ovn_revision_numbers_db [None req-c117ab05-f09c-4e16-aa5d-6b50759e65ac 3b0a0edda41f435d88d6ba8a74cace51 1888e6ea4bec4394803d2be1d04a8e95 - - default default] Successfully bumped revision number for resource 84bea38a-7729-4a24-8c7b-217dab3e55a4 (type: security_group_rules) to 0
2026-05-12 12:36:13.513 10 INFO neutron.db.ovn_revision_numbers_db [None req-67c0d760-bcbe-4f30-b397-49adb37ff052 3b0a0edda41f435d88d6ba8a74cace51 1888e6ea4bec4394803d2be1d04a8e95 - - default default] Successfully bumped revision number for resource 9d75f788-fabf-4d7a-b488-8ea5093d5709 (type: security_group_rules) to 0
2026-05-12 12:36:13.525 9 INFO neutron.db.ovn_revision_numbers_db [None req-c117ab05-f09c-4e16-aa5d-6b50759e65ac 3b0a0edda41f435d88d6ba8a74cace51 1888e6ea4bec4394803d2be1d04a8e95 - - default default] Successfully bumped revision number for resource c0bbd2e5-cff4-4ce1-9d7d-1a1c0e246204 (type: security_group_rules) to 0
2026-05-12 12:36:13.537 9 INFO neutron.wsgi [-] 10.0.0.184 "GET / HTTP/1.1" status: 200 len: 247 time: 0.0016820
2026-05-12 12:36:13.539 9 INFO neutron.wsgi [-] 10.0.0.184 "GET / HTTP/1.1" status: 200 len: 247 time: 0.0013213
2026-05-12 12:36:13.544 9 INFO neutron.db.ovn_revision_numbers_db [None req-c117ab05-f09c-4e16-aa5d-6b50759e65ac 3b0a0edda41f435d88d6ba8a74cace51 1888e6ea4bec4394803d2be1d04a8e95 - - default default] Successfully bumped revision number for resource d8511928-a362-473b-9ae8-53d70781045a (type: security_group_rules) to 0
2026-05-12 12:36:13.550 10 INFO neutron.db.ovn_revision_numbers_db [None req-67c0d760-bcbe-4f30-b397-49adb37ff052 3b0a0edda41f435d88d6ba8a74cace51 1888e6ea4bec4394803d2be1d04a8e95 - - default default] Successfully bumped revision number for resource b7f83fe9-fc2d-485f-8856-bad655748769 (type: security_group_rules) to 0
2026-05-12 12:36:13.561 9 INFO neutron.db.ovn_revision_numbers_db [None req-c117ab05-f09c-4e16-aa5d-6b50759e65ac 3b0a0edda41f435d88d6ba8a74cace51 1888e6ea4bec4394803d2be1d04a8e95 - - default default] Successfully bumped revision number for resource ee19cdbe-a82d-43e0-ba1d-327ce0cecedb (type: security_group_rules) to 0
2026-05-12 12:36:13.581 10 WARNING neutron.scheduler.dhcp_agent_scheduler [None req-c58dffcd-4581-426a-80b2-a1c39e7be83e e2046ce9de894b7cacd8f437cee5f9f2 2a437915bedc4abd8a03eb37605b449b - - default default] No more DHCP agents
2026-05-12 12:36:13.581 9 INFO neutron.wsgi [None req-c117ab05-f09c-4e16-aa5d-6b50759e65ac 3b0a0edda41f435d88d6ba8a74cace51 1888e6ea4bec4394803d2be1d04a8e95 - - default default] 10.0.0.120 "GET /v2.0/security-groups?tenant_id=24e2a1a2dbe845a0a59d8f0902a033f8&name=default HTTP/1.1" status: 200 len: 3120 time: 0.2481208
2026-05-12 12:36:13.587 10 INFO neutron.wsgi [req-fbe89488-dbd1-4b1c-9699-423dc271e897 req-b3ffc3d7-4c54-4f8e-af0c-0bb390f49c55 2739fc7d8a5b4a768789e0c6fdff9def 80d8c6a1ac194a2eb982be531c453713 - - default default] 10.0.0.1 "GET /v2.0/ports?device_id=470611a7-cb5b-47ba-8503-d88cc48ca0bf HTTP/1.1" status: 200 len: 1170 time: 0.0694180
2026-05-12 12:36:13.593 10 INFO neutron.wsgi [None req-67c0d760-bcbe-4f30-b397-49adb37ff052 3b0a0edda41f435d88d6ba8a74cace51 1888e6ea4bec4394803d2be1d04a8e95 - - default default] 10.0.0.120 "GET /v2.0/security-groups?tenant_id=857d0eaf436149b68a6a0a831f392611&name=default HTTP/1.1" status: 200 len: 3120 time: 0.3909094
2026-05-12 12:36:13.595 10 WARNING neutron.api.rpc.agentnotifiers.dhcp_rpc_agent_api [None req-c58dffcd-4581-426a-80b2-a1c39e7be83e e2046ce9de894b7cacd8f437cee5f9f2 2a437915bedc4abd8a03eb37605b449b - - default default] Unable to schedule network 84c4875a-76b7-42c6-90b3-45cf0673c785: no agents available; will retry on subsequent port and subnet creation events.
2026-05-12 12:36:13.687 10 INFO neutron.wsgi [req-fbe89488-dbd1-4b1c-9699-423dc271e897 req-806a5314-1473-426f-bef2-01dea594cb81 2739fc7d8a5b4a768789e0c6fdff9def 80d8c6a1ac194a2eb982be531c453713 - - default default] 10.0.0.1 "GET /v2.0/security-groups?id=96879692-4d14-46d9-bf27-c94706f7c65f&fields=id&fields=name HTTP/1.1" status: 200 len: 313 time: 0.0908523
2026-05-12 12:36:13.744 10 INFO neutron.db.ovn_revision_numbers_db [None req-c58dffcd-4581-426a-80b2-a1c39e7be83e e2046ce9de894b7cacd8f437cee5f9f2 2a437915bedc4abd8a03eb37605b449b - - default default] Successfully bumped revision number for resource 07235ff5-7c56-4fab-8364-b4b1aa09206c (type: ports) to 1
2026-05-12 12:36:13.760 9 INFO neutron.wsgi [None req-d90cd630-a467-4273-9b3f-32932295880c 70eb9a669fd64704badff0cb7edfc3bf afec66673f5f4e4cb262e419c1d7919d - - default default] 10.0.0.120 "GET /v2.0/ports?device_id=470611a7-cb5b-47ba-8503-d88cc48ca0bf HTTP/1.1" status: 200 len: 1404 time: 0.0522685
2026-05-12 12:36:13.772 10 INFO neutron.wsgi [None req-c58dffcd-4581-426a-80b2-a1c39e7be83e e2046ce9de894b7cacd8f437cee5f9f2 2a437915bedc4abd8a03eb37605b449b - - default default] 10.0.0.120 "POST /v2.0/networks HTTP/1.1" status: 201 len: 831 time: 0.7132766
2026-05-12 12:36:13.781 10 WARNING neutron_lib.context [None req-fe197f87-e27a-4116-ac00-65e27dca04cd e2046ce9de894b7cacd8f437cee5f9f2 2a437915bedc4abd8a03eb37605b449b - - default default] Method 'is_advsvc' is deprecated since 2023.2 release (neutron-lib 3.8.0) and will be removed once support for the old RBAC API policies will be removed from Neutron. Please use method 'is_service_role' instead.
2026-05-12 12:36:13.942 10 INFO neutron.wsgi [None req-8c06d98e-318e-402d-8a68-b0973e8e63fd 3b0a0edda41f435d88d6ba8a74cace51 1888e6ea4bec4394803d2be1d04a8e95 - - default default] 10.0.0.120 "DELETE /v2.0/security-groups/b2c74a59-e601-41b1-9dca-013c8dfe6005 HTTP/1.1" status: 204 len: 168 time: 0.3314347
2026-05-12 12:36:13.987 9 INFO neutron.wsgi [None req-7d17aaf8-ec6b-4ba5-a4a9-26ba7970bf17 3b0a0edda41f435d88d6ba8a74cace51 1888e6ea4bec4394803d2be1d04a8e95 - - default default] 10.0.0.120 "DELETE /v2.0/security-groups/d0a2231d-09ea-44f9-97b5-dbd91c912301 HTTP/1.1" status: 204 len: 168 time: 0.3981462
2026-05-12 12:36:14.096 10 WARNING neutron.scheduler.dhcp_agent_scheduler [None req-fe197f87-e27a-4116-ac00-65e27dca04cd e2046ce9de894b7cacd8f437cee5f9f2 2a437915bedc4abd8a03eb37605b449b - - default default] No more DHCP agents
2026-05-12 12:36:14.099 10 WARNING neutron.api.rpc.agentnotifiers.dhcp_rpc_agent_api [None req-fe197f87-e27a-4116-ac00-65e27dca04cd e2046ce9de894b7cacd8f437cee5f9f2 2a437915bedc4abd8a03eb37605b449b - - default default] Unable to schedule network 84c4875a-76b7-42c6-90b3-45cf0673c785: no agents available; will retry on subsequent port and subnet creation events.
2026-05-12 12:36:14.182 10 INFO neutron.db.ovn_revision_numbers_db [None req-fe197f87-e27a-4116-ac00-65e27dca04cd e2046ce9de894b7cacd8f437cee5f9f2 2a437915bedc4abd8a03eb37605b449b - - default default] Successfully bumped revision number for resource e2488571-92d8-4d55-9985-f543c4ba54af (type: ports) to 1
2026-05-12 12:36:14.207 10 INFO neutron.wsgi [None req-fe197f87-e27a-4116-ac00-65e27dca04cd e2046ce9de894b7cacd8f437cee5f9f2 2a437915bedc4abd8a03eb37605b449b - - default default] 10.0.0.120 "POST /v2.0/ports HTTP/1.1" status: 201 len: 942 time: 0.4305954
2026-05-12 12:36:14.216 9 WARNING neutron_lib.context [None req-1ded9e81-a484-4450-9cb7-c34831a92f4a e2046ce9de894b7cacd8f437cee5f9f2 2a437915bedc4abd8a03eb37605b449b - - default default] Method 'is_advsvc' is deprecated since 2023.2 release (neutron-lib 3.8.0) and will be removed once support for the old RBAC API policies will be removed from Neutron. Please use method 'is_service_role' instead.
2026-05-12 12:36:14.341 9 INFO neutron.db.segments_db [None req-1ded9e81-a484-4450-9cb7-c34831a92f4a e2046ce9de894b7cacd8f437cee5f9f2 2a437915bedc4abd8a03eb37605b449b - - default default] Added segment 0f0c92b1-e450-4263-923f-0366d2e57758 of type geneve for network 052d43d4-1916-4cb8-90d6-4b30eb394d3c
2026-05-12 12:36:14.766 9 INFO neutron.db.ovn_revision_numbers_db [None req-81712c28-0e15-4cce-900b-6273a8c13ac4 2739fc7d8a5b4a768789e0c6fdff9def 80d8c6a1ac194a2eb982be531c453713 - - default default] Successfully bumped revision number for resource 86534a4f-8f32-4557-b0eb-0a2ef59d3a3f (type: floatingips) to 4
2026-05-12 12:36:14.811 9 INFO neutron.db.ovn_revision_numbers_db [None req-1ded9e81-a484-4450-9cb7-c34831a92f4a e2046ce9de894b7cacd8f437cee5f9f2 2a437915bedc4abd8a03eb37605b449b - - default default] Successfully bumped revision number for resource 052d43d4-1916-4cb8-90d6-4b30eb394d3c (type: networks) to 1
2026-05-12 12:36:14.956 9 INFO neutron.db.ovn_revision_numbers_db [None req-81712c28-0e15-4cce-900b-6273a8c13ac4 2739fc7d8a5b4a768789e0c6fdff9def 80d8c6a1ac194a2eb982be531c453713 - - default default] Successfully bumped revision number for resource 86534a4f-8f32-4557-b0eb-0a2ef59d3a3f (type: floatingips) to 5
2026-05-12 12:36:14.956 9 INFO neutron.db.l3_db [None req-81712c28-0e15-4cce-900b-6273a8c13ac4 2739fc7d8a5b4a768789e0c6fdff9def 80d8c6a1ac194a2eb982be531c453713 - - default default] Floating IP 86534a4f-8f32-4557-b0eb-0a2ef59d3a3f associated. External IP: 10.96.250.211, port: db16e41b-a875-44cf-b2e3-9425ecf050a7.
2026-05-12 12:36:15.004 9 INFO neutron.wsgi [None req-81712c28-0e15-4cce-900b-6273a8c13ac4 2739fc7d8a5b4a768789e0c6fdff9def 80d8c6a1ac194a2eb982be531c453713 - - default default] 10.0.0.120 "PUT /v2.0/floatingips/86534a4f-8f32-4557-b0eb-0a2ef59d3a3f HTTP/1.1" status: 200 len: 1049 time: 1.2393725 /var/lib/openstack/lib/python3.10/site-packages/pycadf/identifier.py:71: UserWarning: Invalid uuid: neutron. To ensure interoperability, identifiers should be a valid uuid. warnings.warn(('Invalid uuid: %s. To ensure interoperability, '
2026-05-12 12:36:15.037 9 INFO neutron.notifiers.nova [-] Nova event matching ['req-59c90b9f-de47-4475-ac99-762f42f266d8'] response: {'name': 'network-changed', 'server_uuid': '470611a7-cb5b-47ba-8503-d88cc48ca0bf', 'tag': 'db16e41b-a875-44cf-b2e3-9425ecf050a7', 'status': 'completed', 'code': 200}
2026-05-12 12:36:15.053 9 WARNING neutron.scheduler.dhcp_agent_scheduler [None req-1ded9e81-a484-4450-9cb7-c34831a92f4a e2046ce9de894b7cacd8f437cee5f9f2 2a437915bedc4abd8a03eb37605b449b - - default default] No more DHCP agents
2026-05-12 12:36:15.055 9 WARNING neutron.api.rpc.agentnotifiers.dhcp_rpc_agent_api [None req-1ded9e81-a484-4450-9cb7-c34831a92f4a e2046ce9de894b7cacd8f437cee5f9f2 2a437915bedc4abd8a03eb37605b449b - - default default] Unable to schedule network 052d43d4-1916-4cb8-90d6-4b30eb394d3c: no agents available; will retry on subsequent port and subnet creation events.
2026-05-12 12:36:15.065 10 INFO neutron.wsgi [None req-9aea0533-a730-4766-a21e-c9f123b823ad 2739fc7d8a5b4a768789e0c6fdff9def 80d8c6a1ac194a2eb982be531c453713 - - default default] 10.0.0.120 "GET /v2.0/floatingips/86534a4f-8f32-4557-b0eb-0a2ef59d3a3f HTTP/1.1" status: 200 len: 1051 time: 0.0557430
2026-05-12 12:36:15.110 9 INFO neutron.wsgi [req-10f75343-7251-4468-9710-209ae1149518 req-6b2f3d27-8458-4bca-b3e2-06e403beb4cd 2fd3fec1df4d484eb413dee8fbb53e2b 9b5a54f26303430885f9f2b69292e723 - - a207f7a3574a4184a487d9be974e9da4 a207f7a3574a4184a487d9be974e9da4] 199.19.213.244 "GET /v2.0/ports?tenant_id=80d8c6a1ac194a2eb982be531c453713&device_id=470611a7-cb5b-47ba-8503-d88cc48ca0bf HTTP/1.1" status: 200 len: 1409 time: 0.0467038
2026-05-12 12:36:15.171 9 INFO neutron.db.ovn_revision_numbers_db [None req-1ded9e81-a484-4450-9cb7-c34831a92f4a e2046ce9de894b7cacd8f437cee5f9f2 2a437915bedc4abd8a03eb37605b449b - - default default] Successfully bumped revision number for resource a5519ccd-176b-4238-90c1-6bcc6756dc85 (type: ports) to 1
2026-05-12 12:36:15.191 9 INFO neutron.wsgi [req-10f75343-7251-4468-9710-209ae1149518 req-189d5934-fe03-457e-a77b-28fde9d5621b 2fd3fec1df4d484eb413dee8fbb53e2b 9b5a54f26303430885f9f2b69292e723 - - a207f7a3574a4184a487d9be974e9da4 a207f7a3574a4184a487d9be974e9da4] 199.19.213.244 "GET /v2.0/networks?id=c8da693b-0027-4036-a65a-e16dc9f8da1c HTTP/1.1" status: 200 len: 959 time: 0.0749524
2026-05-12 12:36:15.202 9 INFO neutron.wsgi [None req-1ded9e81-a484-4450-9cb7-c34831a92f4a e2046ce9de894b7cacd8f437cee5f9f2 2a437915bedc4abd8a03eb37605b449b - - default default] 10.0.0.120 "POST /v2.0/networks HTTP/1.1" status: 201 len: 830 time: 0.9921134
2026-05-12 12:36:15.216 9 WARNING neutron_lib.context [None req-21cc2cc6-8c92-45b2-b606-937e212515c7 e2046ce9de894b7cacd8f437cee5f9f2 2a437915bedc4abd8a03eb37605b449b - - default default] Method 'is_advsvc' is deprecated since 2023.2 release (neutron-lib 3.8.0) and will be removed once support for the old RBAC API policies will be removed from Neutron. Please use method 'is_service_role' instead.
2026-05-12 12:36:15.265 9 INFO neutron.wsgi [req-10f75343-7251-4468-9710-209ae1149518 req-8533b53f-3532-4336-946d-42db216ae95a 2fd3fec1df4d484eb413dee8fbb53e2b 9b5a54f26303430885f9f2b69292e723 - - a207f7a3574a4184a487d9be974e9da4 a207f7a3574a4184a487d9be974e9da4] 199.19.213.244 "GET /v2.0/floatingips?fixed_ip_address=10.100.0.6&port_id=db16e41b-a875-44cf-b2e3-9425ecf050a7 HTTP/1.1" status: 200 len: 1059 time: 0.0616224
2026-05-12 12:36:15.309 9 INFO neutron.wsgi [req-10f75343-7251-4468-9710-209ae1149518 req-7d395907-1edf-4219-949f-5bf2811ff70a 2fd3fec1df4d484eb413dee8fbb53e2b 9b5a54f26303430885f9f2b69292e723 - - a207f7a3574a4184a487d9be974e9da4 a207f7a3574a4184a487d9be974e9da4] 199.19.213.244 "GET /v2.0/subnets?id=22c66ecf-5354-4110-9b62-04caf84a010a HTTP/1.1" status: 200 len: 853 time: 0.0389128
2026-05-12 12:36:15.343 9 INFO neutron.wsgi [req-10f75343-7251-4468-9710-209ae1149518 req-92416459-7cb0-48ef-878c-a95588472a11 2fd3fec1df4d484eb413dee8fbb53e2b 9b5a54f26303430885f9f2b69292e723 - - a207f7a3574a4184a487d9be974e9da4 a207f7a3574a4184a487d9be974e9da4] 199.19.213.244 "GET /v2.0/ports?network_id=c8da693b-0027-4036-a65a-e16dc9f8da1c&device_owner=network%3Adhcp HTTP/1.1" status: 200 len: 210 time: 0.0250659
2026-05-12 12:36:15.463 9 INFO neutron.wsgi [req-10f75343-7251-4468-9710-209ae1149518 req-6dd8e8c9-bc54-4f77-9dec-3fbfa7c254b7 2fd3fec1df4d484eb413dee8fbb53e2b 9b5a54f26303430885f9f2b69292e723 - - a207f7a3574a4184a487d9be974e9da4 a207f7a3574a4184a487d9be974e9da4] 199.19.213.244 "GET /v2.0/networks/c8da693b-0027-4036-a65a-e16dc9f8da1c?fields=segments HTTP/1.1" status: 200 len: 212 time: 0.1080132
2026-05-12 12:36:15.552 9 INFO neutron.wsgi [req-10f75343-7251-4468-9710-209ae1149518 req-7d5deaa1-5187-48e3-b74a-04bf75524b6d 2fd3fec1df4d484eb413dee8fbb53e2b 9b5a54f26303430885f9f2b69292e723 - - a207f7a3574a4184a487d9be974e9da4 a207f7a3574a4184a487d9be974e9da4] 199.19.213.244 "GET /v2.0/networks/c8da693b-0027-4036-a65a-e16dc9f8da1c?fields=provider%3Aphysical_network&fields=provider%3Anetwork_type HTTP/1.1" status: 200 len: 277 time: 0.0769536
2026-05-12 12:36:15.571 9 WARNING neutron.scheduler.dhcp_agent_scheduler [None req-21cc2cc6-8c92-45b2-b606-937e212515c7 e2046ce9de894b7cacd8f437cee5f9f2 2a437915bedc4abd8a03eb37605b449b - - default default] No more DHCP agents
2026-05-12 12:36:15.574 9 WARNING neutron.api.rpc.agentnotifiers.dhcp_rpc_agent_api [None req-21cc2cc6-8c92-45b2-b606-937e212515c7 e2046ce9de894b7cacd8f437cee5f9f2 2a437915bedc4abd8a03eb37605b449b - - default default] Unable to schedule network 052d43d4-1916-4cb8-90d6-4b30eb394d3c: no agents available; will retry on subsequent port and subnet creation events.
2026-05-12 12:36:15.676 9 INFO neutron.db.ovn_revision_numbers_db [None req-21cc2cc6-8c92-45b2-b606-937e212515c7 e2046ce9de894b7cacd8f437cee5f9f2 2a437915bedc4abd8a03eb37605b449b - - default default] Successfully bumped revision number for resource 79e2535b-23b8-4f16-a165-21a50751ee5c (type: ports) to 1
2026-05-12 12:36:15.702 9 INFO neutron.wsgi [None req-21cc2cc6-8c92-45b2-b606-937e212515c7 e2046ce9de894b7cacd8f437cee5f9f2 2a437915bedc4abd8a03eb37605b449b - - default default] 10.0.0.120 "POST /v2.0/ports HTTP/1.1" status: 201 len: 942 time: 0.4922540 /var/lib/openstack/lib/python3.10/site-packages/pycadf/identifier.py:71: UserWarning: Invalid uuid: neutron. To ensure interoperability, identifiers should be a valid uuid. warnings.warn(('Invalid uuid: %s. To ensure interoperability, '
2026-05-12 12:36:15.758 9 INFO neutron.wsgi [None req-e4b078e6-328f-4f07-b38f-c654a7a93965 e2046ce9de894b7cacd8f437cee5f9f2 2a437915bedc4abd8a03eb37605b449b - - default default] 10.0.0.120 "PUT /v2.0/ports/cfd237f8-695f-4cf9-90a8-09f66c45ff27/tags HTTP/1.1" status: 200 len: 210 time: 0.0496147
2026-05-12 12:36:15.830 9 INFO neutron.wsgi [None req-3e4c67c3-aee8-4814-9c57-3102c62b9c99 e2046ce9de894b7cacd8f437cee5f9f2 2a437915bedc4abd8a03eb37605b449b - - default default] 10.0.0.120 "PUT /v2.0/ports/52ca3332-adbf-4003-8447-c6904a4b7fae/tags HTTP/1.1" status: 200 len: 218 time: 0.0665097
2026-05-12 12:36:15.887 9 INFO neutron.wsgi [None req-27567e5e-ca9e-4253-ad9e-3172ef184bf4 e2046ce9de894b7cacd8f437cee5f9f2 2a437915bedc4abd8a03eb37605b449b - - default default] 10.0.0.120 "PUT /v2.0/ports/c8d113e2-7a0c-4991-b8cd-a966be1a74b1/tags HTTP/1.1" status: 200 len: 227 time: 0.0520670
2026-05-12 12:36:15.937 9 INFO neutron.wsgi [None req-aba1fb11-9dc2-4114-9e60-c342bf282cad e2046ce9de894b7cacd8f437cee5f9f2 2a437915bedc4abd8a03eb37605b449b - - default default] 10.0.0.120 "PUT /v2.0/ports/e2488571-92d8-4d55-9985-f543c4ba54af/tags HTTP/1.1" status: 200 len: 212 time: 0.0436327
2026-05-12 12:36:16.123 9 INFO neutron.wsgi [None req-f7bfc205-90cc-4e8f-ab47-da6e68d7a339 e2046ce9de894b7cacd8f437cee5f9f2 2a437915bedc4abd8a03eb37605b449b - - default default] 10.0.0.120 "GET /v2.0/ports?tags=red HTTP/1.1" status: 200 len: 2448 time: 0.1809042
2026-05-12 12:36:16.199 9 INFO neutron.wsgi [None req-f62614bf-6dac-481b-90ab-d4491e7c1edb e2046ce9de894b7cacd8f437cee5f9f2 2a437915bedc4abd8a03eb37605b449b - - default default] 10.0.0.120 "GET /v2.0/ports?tags=red%2Cblue HTTP/1.1" status: 200 len: 1708 time: 0.0693491
2026-05-12 12:36:16.286 9 INFO neutron.wsgi [None req-0ee48e9e-fd32-46e6-925e-58111f902f0e e2046ce9de894b7cacd8f437cee5f9f2 2a437915bedc4abd8a03eb37605b449b - - default default] 10.0.0.120 "GET /v2.0/ports?tags-any=blue HTTP/1.1" status: 200 len: 1708 time: 0.0803230
2026-05-12 12:36:16.343 9 INFO neutron.wsgi [None req-a67cc70a-f10b-4c02-a205-cb27167deca8 e2046ce9de894b7cacd8f437cee5f9f2 2a437915bedc4abd8a03eb37605b449b - - default default] 10.0.0.120 "GET /v2.0/ports?tags-any=red%2Cblue HTTP/1.1" status: 200 len: 2448 time: 0.0511198
2026-05-12 12:36:16.539 9 INFO neutron.wsgi [None req-31392eef-6679-4c14-a5f0-8c2ed38068db e2046ce9de894b7cacd8f437cee5f9f2 2a437915bedc4abd8a03eb37605b449b - - default default] 10.0.0.120 "GET /v2.0/ports?not-tags=red HTTP/1.1" status: 200 len: 5463 time: 0.1904736
2026-05-12 12:36:16.644 9 INFO neutron.wsgi [None req-c83018b3-d1ff-4ea6-8e7d-4195fddd73bc e2046ce9de894b7cacd8f437cee5f9f2 2a437915bedc4abd8a03eb37605b449b - - default default] 10.0.0.120 "GET /v2.0/ports?not-tags=red%2Cblue HTTP/1.1" status: 200 len: 6203 time: 0.1002641
2026-05-12 12:36:16.759 9 INFO neutron.wsgi [None req-c5f88fb4-ceeb-4b2c-b743-6afd7d27c0be e2046ce9de894b7cacd8f437cee5f9f2 2a437915bedc4abd8a03eb37605b449b - - default default] 10.0.0.120 "GET /v2.0/ports?not-tags-any=blue HTTP/1.1" status: 200 len: 6203 time: 0.0948718
2026-05-12 12:36:16.828 9 INFO neutron.wsgi [None req-20cd87dc-925c-4553-93d0-13f70e4fb472 e2046ce9de894b7cacd8f437cee5f9f2 2a437915bedc4abd8a03eb37605b449b - - default default] 10.0.0.120 "GET /v2.0/ports?not-tags-any=red%2Cblue HTTP/1.1" status: 200 len: 5463 time: 0.0647023
2026-05-12 12:36:17.080 9 INFO neutron.wsgi [None req-e80224df-41d8-4681-8df0-459078aecab8 e2046ce9de894b7cacd8f437cee5f9f2 2a437915bedc4abd8a03eb37605b449b - - default default] 10.0.0.120 "DELETE /v2.0/ports/cfd237f8-695f-4cf9-90a8-09f66c45ff27 HTTP/1.1" status: 204 len: 168 time: 0.2466278
2026-05-12 12:36:17.367 9 INFO neutron.wsgi [None req-a10b4225-45ba-47ed-9ac4-8186190c8bd2 e2046ce9de894b7cacd8f437cee5f9f2 2a437915bedc4abd8a03eb37605b449b - - default default] 10.0.0.120 "DELETE /v2.0/ports/52ca3332-adbf-4003-8447-c6904a4b7fae HTTP/1.1" status: 204 len: 168 time: 0.2842524
2026-05-12 12:36:17.458 10 WARNING neutron_lib.context [None req-d5616240-d418-4791-a94e-79dce3a944ee 422105eef2ba412cad61c329d9d2d41b cd9c7e2f8a95474bbf03ca354853200f - - default default] Method 'is_advsvc' is deprecated since 2023.2 release (neutron-lib 3.8.0) and will be removed once support for the old RBAC API policies will be removed from Neutron. Please use method 'is_service_role' instead.
2026-05-12 12:36:17.511 10 INFO neutron.wsgi [None req-d5616240-d418-4791-a94e-79dce3a944ee 422105eef2ba412cad61c329d9d2d41b cd9c7e2f8a95474bbf03ca354853200f - - default default] 10.0.0.120 "POST /v2.0/subnetpools HTTP/1.1" status: 201 len: 715 time: 0.1747420
2026-05-12 12:36:17.564 10 INFO neutron.wsgi [None req-95444c86-d80e-457e-a618-acd679a9670d 422105eef2ba412cad61c329d9d2d41b cd9c7e2f8a95474bbf03ca354853200f - - default default] 10.0.0.120 "PUT /v2.0/subnetpools/962758d2-1b4e-4f27-bb84-f7af00e4f370/tags HTTP/1.1" status: 200 len: 218 time: 0.0473049
2026-05-12 12:36:17.586 10 INFO neutron.wsgi [None req-7dfecfbd-b805-448b-92e7-8ad6ee442397 422105eef2ba412cad61c329d9d2d41b cd9c7e2f8a95474bbf03ca354853200f - - default default] 10.0.0.120 "GET /v2.0/subnetpools/962758d2-1b4e-4f27-bb84-f7af00e4f370/tags HTTP/1.1" status: 200 len: 218 time: 0.0171201
2026-05-12 12:36:17.624 10 INFO neutron.wsgi [None req-05ca7211-4bf6-4a2c-bba3-9ecef1e66a3a 422105eef2ba412cad61c329d9d2d41b cd9c7e2f8a95474bbf03ca354853200f - - default default] 10.0.0.120 "PUT /v2.0/subnetpools/962758d2-1b4e-4f27-bb84-f7af00e4f370/tags/green HTTP/1.1" status: 201 len: 201 time: 0.0333095
2026-05-12 12:36:17.650 9 INFO neutron.wsgi [None req-577bd1cf-1a22-4af3-a7b8-b714fe636689 e2046ce9de894b7cacd8f437cee5f9f2 2a437915bedc4abd8a03eb37605b449b - - default default] 10.0.0.120 "DELETE /v2.0/ports/c8d113e2-7a0c-4991-b8cd-a966be1a74b1 HTTP/1.1" status: 204 len: 168 time: 0.2781591
2026-05-12 12:36:17.655 10 INFO neutron.wsgi [None req-c87f6ebb-4b72-49fd-89f7-b320de37f0c9 422105eef2ba412cad61c329d9d2d41b cd9c7e2f8a95474bbf03ca354853200f - - default default] 10.0.0.120 "GET /v2.0/subnetpools/962758d2-1b4e-4f27-bb84-f7af00e4f370/tags HTTP/1.1" status: 200 len: 227 time: 0.0253103
2026-05-12 12:36:17.687 10 INFO neutron.wsgi [None req-7115cee4-6fd1-4dfc-b730-27f3ac22420c 422105eef2ba412cad61c329d9d2d41b cd9c7e2f8a95474bbf03ca354853200f - - default default] 10.0.0.120 "PUT /v2.0/subnetpools/962758d2-1b4e-4f27-bb84-f7af00e4f370/tags/red HTTP/1.1" status: 201 len: 201 time: 0.0275490
