2026-05-12 12:37:57.304 9 INFO neutron.wsgi [req-459e3148-1bf4-4093-8fc6-13d1ed3cc0fd req-4b0bd9e4-f3a8-48e7-91a0-bf1a32d975da 2fd3fec1df4d484eb413dee8fbb53e2b 9b5a54f26303430885f9f2b69292e723 - - a207f7a3574a4184a487d9be974e9da4 a207f7a3574a4184a487d9be974e9da4] 10.0.0.1 "GET /v2.0/networks/83a2abf0-8bed-45d5-9963-66dd556aa262?fields=segments HTTP/1.1" status: 200 len: 212 time: 0.0729628
2026-05-12 12:37:57.375 9 INFO neutron.wsgi [req-459e3148-1bf4-4093-8fc6-13d1ed3cc0fd req-1556901a-e938-4259-8140-f175f2d4d569 2fd3fec1df4d484eb413dee8fbb53e2b 9b5a54f26303430885f9f2b69292e723 - - a207f7a3574a4184a487d9be974e9da4 a207f7a3574a4184a487d9be974e9da4] 10.0.0.1 "GET /v2.0/networks/83a2abf0-8bed-45d5-9963-66dd556aa262?fields=provider%3Aphysical_network&fields=provider%3Anetwork_type HTTP/1.1" status: 200 len: 277 time: 0.0667381
2026-05-12 12:37:57.558 10 INFO neutron.wsgi [req-a3f00224-4fd4-49b2-9606-a83021f4c105 req-f8f129f5-c327-4fc9-8371-e7d66b057725 a83e2911d4c84d05a163ceaa1af93bd2 2a770d0471a94d36a7c199cda8ca73ff - - default default] 10.0.0.1 "GET /v2.0/ports?device_id=ad70fb45-4431-4486-8dc3-0a490ea8886a HTTP/1.1" status: 200 len: 210 time: 0.0285175
2026-05-12 12:37:58.288 9 INFO neutron.wsgi [req-459e3148-1bf4-4093-8fc6-13d1ed3cc0fd req-cdbd17bc-6e3c-4c86-89dc-bace0a7d56c8 a83e2911d4c84d05a163ceaa1af93bd2 2a770d0471a94d36a7c199cda8ca73ff - - default default] 199.19.213.244 "GET /v2.0/networks?id=83a2abf0-8bed-45d5-9963-66dd556aa262 HTTP/1.1" status: 200 len: 872 time: 0.0528836
2026-05-12 12:37:58.347 9 INFO neutron.wsgi [req-459e3148-1bf4-4093-8fc6-13d1ed3cc0fd req-9165b362-895e-4581-8e85-1a602f2699e4 a83e2911d4c84d05a163ceaa1af93bd2 2a770d0471a94d36a7c199cda8ca73ff - - default default] 199.19.213.244 "GET /v2.0/security-groups?fields=id&fields=name&tenant_id=2a770d0471a94d36a7c199cda8ca73ff HTTP/1.1" status: 200 len: 473 time: 0.0515611
2026-05-12 12:37:58.356 9 WARNING neutron_lib.context [req-459e3148-1bf4-4093-8fc6-13d1ed3cc0fd req-5f2c24ff-52fa-4599-bfd3-13bef1243421 a83e2911d4c84d05a163ceaa1af93bd2 2a770d0471a94d36a7c199cda8ca73ff - - default default] Method 'is_advsvc' is deprecated since 2023.2 release (neutron-lib 3.8.0) and will be removed once support for the old RBAC API policies will be removed from Neutron. Please use method 'is_service_role' instead.
2026-05-12 12:37:58.538 10 INFO neutron.wsgi [-] 10.0.0.184 "GET / HTTP/1.1" status: 200 len: 247 time: 0.0018132
2026-05-12 12:37:58.538 9 INFO neutron.wsgi [-] 10.0.0.184 "GET / HTTP/1.1" status: 200 len: 247 time: 0.0018175
2026-05-12 12:37:58.662 9 INFO neutron.wsgi [req-f545270c-0304-43d5-a55a-0e424c7abb2a req-e41b5d09-4bc3-4580-b5d9-bf16ea0f0736 a83e2911d4c84d05a163ceaa1af93bd2 2a770d0471a94d36a7c199cda8ca73ff - - default default] 10.0.0.1 "GET /v2.0/ports?device_id=ad70fb45-4431-4486-8dc3-0a490ea8886a HTTP/1.1" status: 200 len: 210 time: 0.0284281
2026-05-12 12:37:58.760 9 WARNING neutron.scheduler.dhcp_agent_scheduler [req-459e3148-1bf4-4093-8fc6-13d1ed3cc0fd req-5f2c24ff-52fa-4599-bfd3-13bef1243421 a83e2911d4c84d05a163ceaa1af93bd2 2a770d0471a94d36a7c199cda8ca73ff - - default default] No more DHCP agents
2026-05-12 12:37:58.762 9 WARNING neutron.api.rpc.agentnotifiers.dhcp_rpc_agent_api [req-459e3148-1bf4-4093-8fc6-13d1ed3cc0fd req-5f2c24ff-52fa-4599-bfd3-13bef1243421 a83e2911d4c84d05a163ceaa1af93bd2 2a770d0471a94d36a7c199cda8ca73ff - - default default] Unable to schedule network 83a2abf0-8bed-45d5-9963-66dd556aa262: no agents available; will retry on subsequent port and subnet creation events.
2026-05-12 12:37:58.933 9 INFO neutron.db.ovn_revision_numbers_db [req-459e3148-1bf4-4093-8fc6-13d1ed3cc0fd req-5f2c24ff-52fa-4599-bfd3-13bef1243421 a83e2911d4c84d05a163ceaa1af93bd2 2a770d0471a94d36a7c199cda8ca73ff - - default default] Successfully bumped revision number for resource 6ed746b7-4050-421e-aae2-540e740184ff (type: ports) to 1
2026-05-12 12:37:58.956 9 INFO neutron.wsgi [req-459e3148-1bf4-4093-8fc6-13d1ed3cc0fd req-5f2c24ff-52fa-4599-bfd3-13bef1243421 a83e2911d4c84d05a163ceaa1af93bd2 2a770d0471a94d36a7c199cda8ca73ff - - default default] 199.19.213.244 "POST /v2.0/ports HTTP/1.1" status: 201 len: 1201 time: 0.6038952 /var/lib/openstack/lib/python3.10/site-packages/pycadf/identifier.py:71: UserWarning: Invalid uuid: neutron. To ensure interoperability, identifiers should be a valid uuid. warnings.warn(('Invalid uuid: %s. To ensure interoperability, '
2026-05-12 12:37:59.403 9 INFO neutron.db.ovn_revision_numbers_db [req-459e3148-1bf4-4093-8fc6-13d1ed3cc0fd req-24f21b84-faee-4fa3-8397-ddca1f06b0dc 2fd3fec1df4d484eb413dee8fbb53e2b 9b5a54f26303430885f9f2b69292e723 - - a207f7a3574a4184a487d9be974e9da4 a207f7a3574a4184a487d9be974e9da4] Successfully bumped revision number for resource 6ed746b7-4050-421e-aae2-540e740184ff (type: ports) to 2
2026-05-12 12:37:59.614 10 INFO neutron.services.segments.plugin [-] Segment d4e07189-4f93-456b-834f-e60f6ac08ad0 resource provider aggregate not found
2026-05-12 12:37:59.622 10 INFO neutron.services.segments.plugin [-] Segment d4e07189-4f93-456b-834f-e60f6ac08ad0 resource provider aggregate not found
2026-05-12 12:37:59.634 10 INFO neutron.services.segments.plugin [-] Segment d4e07189-4f93-456b-834f-e60f6ac08ad0 resource provider not found; error: Placement Client Error (4xx): {"errors": [{"status": 404, "title": "Not Found", "detail": "The resource could not be found.\n\n No resource provider with uuid d4e07189-4f93-456b-834f-e60f6ac08ad0 found for delete ", "request_id": "req-8f10cbad-c68c-4def-bdc0-fe6097aadb94"}]}
2026-05-12 12:37:59.635 10 INFO neutron.services.segments.plugin [-] Segment d4e07189-4f93-456b-834f-e60f6ac08ad0 resource provider not found; error: Placement Client Error (4xx): {"errors": [{"status": 404, "title": "Not Found", "detail": "The resource could not be found.\n\n No resource provider with uuid d4e07189-4f93-456b-834f-e60f6ac08ad0 found for delete ", "request_id": "req-9bd0d707-6fff-45e3-a2a9-0b508ed2274c"}]}
2026-05-12 12:37:59.652 10 INFO neutron.wsgi [None req-7dfc4111-0f0a-481c-9eb3-735b4dd7d8cf c77aa06b0635498f82a5ceee67eb4bed d77078083732434bbe52fab3bebeb961 - - default default] 10.0.0.120 "DELETE /v2.0/vpn/vpnservices/cd53a186-6800-4713-96e4-751b4eaf06c6 HTTP/1.1" status: 204 len: 168 time: 3.5204206 /var/lib/openstack/lib/python3.10/site-packages/pycadf/identifier.py:71: UserWarning: Invalid uuid: neutron. To ensure interoperability, identifiers should be a valid uuid. warnings.warn(('Invalid uuid: %s. To ensure interoperability, '
2026-05-12 12:37:59.668 10 INFO neutron.wsgi [None req-08176ada-7bb2-4e2b-b76e-514687ae0ee4 c77aa06b0635498f82a5ceee67eb4bed d77078083732434bbe52fab3bebeb961 - - default default] 10.0.0.120 "GET /v2.0/vpn/vpnservices HTTP/1.1" status: 200 len: 1047 time: 0.0111964
2026-05-12 12:37:59.680 10 WARNING neutron_lib.context [None req-15b29f61-f481-4814-ae88-8a583bc9bbb6 c77aa06b0635498f82a5ceee67eb4bed d77078083732434bbe52fab3bebeb961 - - default default] Method 'is_advsvc' is deprecated since 2023.2 release (neutron-lib 3.8.0) and will be removed once support for the old RBAC API policies will be removed from Neutron. Please use method 'is_service_role' instead.
2026-05-12 12:37:59.767 10 INFO neutron.api.v2.resource [None req-15b29f61-f481-4814-ae88-8a583bc9bbb6 c77aa06b0635498f82a5ceee67eb4bed d77078083732434bbe52fab3bebeb961 - - default default] create failed (client error): The server could not comply with the request since it is either malformed or otherwise incorrect.
2026-05-12 12:37:59.768 10 INFO neutron.wsgi [None req-15b29f61-f481-4814-ae88-8a583bc9bbb6 c77aa06b0635498f82a5ceee67eb4bed d77078083732434bbe52fab3bebeb961 - - default default] 10.0.0.120 "POST /v2.0/vpn/ipsec-site-connections HTTP/1.1" status: 400 len: 330 time: 0.0924175 /var/lib/openstack/lib/python3.10/site-packages/pycadf/identifier.py:71: UserWarning: Invalid uuid: neutron. To ensure interoperability, identifiers should be a valid uuid. warnings.warn(('Invalid uuid: %s. To ensure interoperability, '
2026-05-12 12:37:59.787 9 WARNING neutron_lib.context [None req-ac580eb1-2f8e-4ac9-b342-3d4c123837cb c77aa06b0635498f82a5ceee67eb4bed d77078083732434bbe52fab3bebeb961 - - default default] Method 'is_advsvc' is deprecated since 2023.2 release (neutron-lib 3.8.0) and will be removed once support for the old RBAC API policies will be removed from Neutron. Please use method 'is_service_role' instead.
2026-05-12 12:37:59.826 10 INFO neutron.wsgi [req-4ca15f49-29cb-43f7-b6b0-f030193b8027 req-ffa13234-5fc4-4da8-8470-08568791a50c a83e2911d4c84d05a163ceaa1af93bd2 2a770d0471a94d36a7c199cda8ca73ff - - default default] 10.0.0.1 "GET /v2.0/ports?device_id=ad70fb45-4431-4486-8dc3-0a490ea8886a HTTP/1.1" status: 200 len: 1212 time: 0.0964358
2026-05-12 12:37:59.861 9 INFO neutron.api.v2.resource [None req-ac580eb1-2f8e-4ac9-b342-3d4c123837cb c77aa06b0635498f82a5ceee67eb4bed d77078083732434bbe52fab3bebeb961 - - default default] create failed (client error): The server could not comply with the request since it is either malformed or otherwise incorrect.
2026-05-12 12:37:59.863 9 INFO neutron.wsgi [None req-ac580eb1-2f8e-4ac9-b342-3d4c123837cb c77aa06b0635498f82a5ceee67eb4bed d77078083732434bbe52fab3bebeb961 - - default default] 10.0.0.120 "POST /v2.0/vpn/ipsec-site-connections HTTP/1.1" status: 400 len: 339 time: 0.0871899
2026-05-12 12:37:59.863 9 INFO neutron.db.ovn_revision_numbers_db [req-459e3148-1bf4-4093-8fc6-13d1ed3cc0fd req-24f21b84-faee-4fa3-8397-ddca1f06b0dc 2fd3fec1df4d484eb413dee8fbb53e2b 9b5a54f26303430885f9f2b69292e723 - - a207f7a3574a4184a487d9be974e9da4 a207f7a3574a4184a487d9be974e9da4] Successfully bumped revision number for resource 6ed746b7-4050-421e-aae2-540e740184ff (type: ports) to 2 /var/lib/openstack/lib/python3.10/site-packages/pycadf/identifier.py:71: UserWarning: Invalid uuid: neutron. To ensure interoperability, identifiers should be a valid uuid. warnings.warn(('Invalid uuid: %s. To ensure interoperability, '
2026-05-12 12:37:59.875 9 WARNING neutron.api.v2.base [None req-89fcbc57-61e7-40de-88b3-f08973a3d85a c77aa06b0635498f82a5ceee67eb4bed d77078083732434bbe52fab3bebeb961 - - default default] An exception happened while processing the request body. The exception message is [Invalid input for dpd. Reason: '59' is not a dictionary.].: webob.exc.HTTPBadRequest: Invalid input for dpd. Reason: '59' is not a dictionary.
2026-05-12 12:37:59.875 9 INFO neutron.api.v2.resource [None req-89fcbc57-61e7-40de-88b3-f08973a3d85a c77aa06b0635498f82a5ceee67eb4bed d77078083732434bbe52fab3bebeb961 - - default default] create failed (client error): Invalid input for dpd. Reason: '59' is not a dictionary.
2026-05-12 12:37:59.876 9 INFO neutron.wsgi [None req-89fcbc57-61e7-40de-88b3-f08973a3d85a c77aa06b0635498f82a5ceee67eb4bed d77078083732434bbe52fab3bebeb961 - - default default] 10.0.0.120 "POST /v2.0/vpn/ipsec-site-connections HTTP/1.1" status: 400 len: 332 time: 0.0050905
2026-05-12 12:37:59.881 10 INFO neutron.wsgi [req-4ca15f49-29cb-43f7-b6b0-f030193b8027 req-543e4e1e-a51e-40a4-9b9b-766831a5b68d a83e2911d4c84d05a163ceaa1af93bd2 2a770d0471a94d36a7c199cda8ca73ff - - default default] 10.0.0.1 "GET /v2.0/security-groups?id=c40c69ef-4cea-4e7c-b0a2-68b767a27b7b&id=7e9a01a0-0502-491f-b2fb-0d2a18466092&fields=id&fields=name HTTP/1.1" status: 200 len: 406 time: 0.0488605
2026-05-12 12:37:59.882 9 INFO neutron.wsgi [req-459e3148-1bf4-4093-8fc6-13d1ed3cc0fd req-24f21b84-faee-4fa3-8397-ddca1f06b0dc 2fd3fec1df4d484eb413dee8fbb53e2b 9b5a54f26303430885f9f2b69292e723 - - a207f7a3574a4184a487d9be974e9da4 a207f7a3574a4184a487d9be974e9da4] 199.19.213.244 "PUT /v2.0/ports/6ed746b7-4050-421e-aae2-540e740184ff HTTP/1.1" status: 200 len: 1419 time: 0.9194334
2026-05-12 12:37:59.890 10 WARNING neutron_lib.context [None req-a8a39657-3029-4f4e-8960-ef11bc480b2f c77aa06b0635498f82a5ceee67eb4bed d77078083732434bbe52fab3bebeb961 - - default default] Method 'is_advsvc' is deprecated since 2023.2 release (neutron-lib 3.8.0) and will be removed once support for the old RBAC API policies will be removed from Neutron. Please use method 'is_service_role' instead.
2026-05-12 12:37:59.923 9 INFO neutron.notifiers.nova [-] Nova event matching ['req-4d5d69b2-0f3b-4160-b1c6-bbccd0340bd6'] response: {'name': 'network-changed', 'server_uuid': 'ad70fb45-4431-4486-8dc3-0a490ea8886a', 'tag': '6ed746b7-4050-421e-aae2-540e740184ff', 'status': 'completed', 'code': 200}
2026-05-12 12:37:59.934 10 INFO neutron.wsgi [None req-a8a39657-3029-4f4e-8960-ef11bc480b2f c77aa06b0635498f82a5ceee67eb4bed d77078083732434bbe52fab3bebeb961 - - default default] 10.0.0.120 "POST /v2.0/vpn/endpoint-groups HTTP/1.1" status: 201 len: 492 time: 0.0524185
2026-05-12 12:37:59.941 10 WARNING neutron_lib.context [None req-3a919b87-9c9d-42b3-af77-61dc5cbf3dde c77aa06b0635498f82a5ceee67eb4bed d77078083732434bbe52fab3bebeb961 - - default default] Method 'is_advsvc' is deprecated since 2023.2 release (neutron-lib 3.8.0) and will be removed once support for the old RBAC API policies will be removed from Neutron. Please use method 'is_service_role' instead.
2026-05-12 12:37:59.961 9 INFO neutron.wsgi [req-459e3148-1bf4-4093-8fc6-13d1ed3cc0fd req-5ad0b8e5-714f-44ea-b8e0-31c4ed71c7dd 2fd3fec1df4d484eb413dee8fbb53e2b 9b5a54f26303430885f9f2b69292e723 - - a207f7a3574a4184a487d9be974e9da4 a207f7a3574a4184a487d9be974e9da4] 199.19.213.244 "GET /v2.0/ports?tenant_id=2a770d0471a94d36a7c199cda8ca73ff&device_id=ad70fb45-4431-4486-8dc3-0a490ea8886a HTTP/1.1" status: 200 len: 1450 time: 0.0462437
2026-05-12 12:37:59.978 10 INFO neutron.api.v2.resource [None req-3a919b87-9c9d-42b3-af77-61dc5cbf3dde c77aa06b0635498f82a5ceee67eb4bed d77078083732434bbe52fab3bebeb961 - - default default] create failed (client error): The server could not comply with the request since it is either malformed or otherwise incorrect.
2026-05-12 12:37:59.980 10 INFO neutron.wsgi [None req-3a919b87-9c9d-42b3-af77-61dc5cbf3dde c77aa06b0635498f82a5ceee67eb4bed d77078083732434bbe52fab3bebeb961 - - default default] 10.0.0.120 "POST /v2.0/vpn/ipsec-site-connections HTTP/1.1" status: 400 len: 352 time: 0.0434368
2026-05-12 12:37:59.997 9 INFO neutron.wsgi [req-459e3148-1bf4-4093-8fc6-13d1ed3cc0fd req-0faa23ce-ab32-486d-98dc-b19eeb71b4fb 2fd3fec1df4d484eb413dee8fbb53e2b 9b5a54f26303430885f9f2b69292e723 - - a207f7a3574a4184a487d9be974e9da4 a207f7a3574a4184a487d9be974e9da4] 199.19.213.244 "GET /v2.0/floatingips?fixed_ip_address=10.100.0.12&port_id=6ed746b7-4050-421e-aae2-540e740184ff HTTP/1.1" status: 200 len: 217 time: 0.0282085
2026-05-12 12:38:00.002 10 INFO neutron.wsgi [None req-1306cf16-4cfe-4efd-ac75-1fcee9e1509f c77aa06b0635498f82a5ceee67eb4bed d77078083732434bbe52fab3bebeb961 - - default default] 10.0.0.120 "GET /v2.0/vpn/endpoint-groups HTTP/1.1" status: 200 len: 1100 time: 0.0163922
2026-05-12 12:38:00.038 9 INFO neutron.wsgi [req-459e3148-1bf4-4093-8fc6-13d1ed3cc0fd req-5358e416-8751-4e85-9650-3d0068dcbced 2fd3fec1df4d484eb413dee8fbb53e2b 9b5a54f26303430885f9f2b69292e723 - - a207f7a3574a4184a487d9be974e9da4 a207f7a3574a4184a487d9be974e9da4] 199.19.213.244 "GET /v2.0/subnets?id=61938efc-2d3b-4c44-b32c-934dd3236d08 HTTP/1.1" status: 200 len: 866 time: 0.0333178
2026-05-12 12:38:00.042 10 INFO neutron.wsgi [None req-f4edf0df-16cf-42fa-a6c9-fe219a21924c c77aa06b0635498f82a5ceee67eb4bed d77078083732434bbe52fab3bebeb961 - - default default] 10.0.0.120 "DELETE /v2.0/vpn/endpoint-groups/39a0e472-8f6d-4594-90a2-940381ea3301 HTTP/1.1" status: 204 len: 168 time: 0.0355000
2026-05-12 12:38:00.059 10 INFO neutron.wsgi [None req-442d2a2f-2ee7-4628-959a-9216ff4a0ff5 c77aa06b0635498f82a5ceee67eb4bed d77078083732434bbe52fab3bebeb961 - - default default] 10.0.0.120 "GET /v2.0/vpn/endpoint-groups HTTP/1.1" status: 200 len: 825 time: 0.0114028
2026-05-12 12:38:00.071 9 WARNING neutron_lib.context [None req-ac4d644a-1a60-4be3-895b-73a84fa633be c77aa06b0635498f82a5ceee67eb4bed d77078083732434bbe52fab3bebeb961 - - default default] Method 'is_advsvc' is deprecated since 2023.2 release (neutron-lib 3.8.0) and will be removed once support for the old RBAC API policies will be removed from Neutron. Please use method 'is_service_role' instead.
2026-05-12 12:38:00.084 9 INFO neutron.wsgi [req-459e3148-1bf4-4093-8fc6-13d1ed3cc0fd req-dca09e49-f62a-4dd5-9dd7-1a583f8f510b 2fd3fec1df4d484eb413dee8fbb53e2b 9b5a54f26303430885f9f2b69292e723 - - a207f7a3574a4184a487d9be974e9da4 a207f7a3574a4184a487d9be974e9da4] 199.19.213.244 "GET /v2.0/ports?network_id=83a2abf0-8bed-45d5-9963-66dd556aa262&device_owner=network%3Adhcp HTTP/1.1" status: 200 len: 210 time: 0.0380118
2026-05-12 12:38:00.150 9 INFO neutron.wsgi [req-459e3148-1bf4-4093-8fc6-13d1ed3cc0fd req-33c4bf92-7b72-4e4e-bfc7-832751389fda 2fd3fec1df4d484eb413dee8fbb53e2b 9b5a54f26303430885f9f2b69292e723 - - a207f7a3574a4184a487d9be974e9da4 a207f7a3574a4184a487d9be974e9da4] 199.19.213.244 "GET /v2.0/networks/83a2abf0-8bed-45d5-9963-66dd556aa262?fields=segments HTTP/1.1" status: 200 len: 212 time: 0.0607226
2026-05-12 12:38:00.163 9 INFO neutron.wsgi [None req-ac4d644a-1a60-4be3-895b-73a84fa633be c77aa06b0635498f82a5ceee67eb4bed d77078083732434bbe52fab3bebeb961 - - default default] 10.0.0.120 "POST /v2.0/vpn/endpoint-groups HTTP/1.1" status: 201 len: 500 time: 0.0974791
2026-05-12 12:38:00.173 10 WARNING neutron_lib.context [None req-8f36e6ed-78e2-4b08-9d71-5d88fa6e3bdb c77aa06b0635498f82a5ceee67eb4bed d77078083732434bbe52fab3bebeb961 - - default default] Method 'is_advsvc' is deprecated since 2023.2 release (neutron-lib 3.8.0) and will be removed once support for the old RBAC API policies will be removed from Neutron. Please use method 'is_service_role' instead.
2026-05-12 12:38:00.210 10 INFO neutron.api.v2.resource [None req-8f36e6ed-78e2-4b08-9d71-5d88fa6e3bdb c77aa06b0635498f82a5ceee67eb4bed d77078083732434bbe52fab3bebeb961 - - default default] create failed (client error): The server could not comply with the request since it is either malformed or otherwise incorrect.
2026-05-12 12:38:00.212 10 INFO neutron.wsgi [None req-8f36e6ed-78e2-4b08-9d71-5d88fa6e3bdb c77aa06b0635498f82a5ceee67eb4bed d77078083732434bbe52fab3bebeb961 - - default default] 10.0.0.120 "POST /v2.0/vpn/ipsec-site-connections HTTP/1.1" status: 400 len: 351 time: 0.0431950
2026-05-12 12:38:00.223 9 INFO neutron.wsgi [req-459e3148-1bf4-4093-8fc6-13d1ed3cc0fd req-07a543a7-376b-488b-8443-04641a9760c2 2fd3fec1df4d484eb413dee8fbb53e2b 9b5a54f26303430885f9f2b69292e723 - - a207f7a3574a4184a487d9be974e9da4 a207f7a3574a4184a487d9be974e9da4] 199.19.213.244 "GET /v2.0/networks/83a2abf0-8bed-45d5-9963-66dd556aa262?fields=provider%3Aphysical_network&fields=provider%3Anetwork_type HTTP/1.1" status: 200 len: 277 time: 0.0658138
2026-05-12 12:38:00.228 10 INFO neutron.wsgi [None req-db0e4af9-67f4-487e-af42-9e84793a89c3 c77aa06b0635498f82a5ceee67eb4bed d77078083732434bbe52fab3bebeb961 - - default default] 10.0.0.120 "GET /v2.0/vpn/endpoint-groups HTTP/1.1" status: 200 len: 1108 time: 0.0115337
2026-05-12 12:38:00.258 10 INFO neutron.wsgi [None req-63435e5e-2e3b-4f35-8876-85c15959905e c77aa06b0635498f82a5ceee67eb4bed d77078083732434bbe52fab3bebeb961 - - default default] 10.0.0.120 "DELETE /v2.0/vpn/endpoint-groups/29704d6f-dc10-4869-9343-48d4535f3ab5 HTTP/1.1" status: 204 len: 168 time: 0.0245183
2026-05-12 12:38:00.275 10 INFO neutron.wsgi [None req-29d01b3c-af56-4bae-bb6c-3acb26a9f5d7 c77aa06b0635498f82a5ceee67eb4bed d77078083732434bbe52fab3bebeb961 - - default default] 10.0.0.120 "GET /v2.0/vpn/endpoint-groups HTTP/1.1" status: 200 len: 825 time: 0.0123186
2026-05-12 12:38:00.290 10 WARNING neutron.api.v2.base [None req-c76a24a6-48d8-4271-8bde-e9b16ed42e8d c77aa06b0635498f82a5ceee67eb4bed d77078083732434bbe52fab3bebeb961 - - default default] An exception happened while processing the request body. The exception message is [Invalid input for peer_cidrs. Reason: '1.0.0.0/33' is not a valid IP subnet.].: webob.exc.HTTPBadRequest: Invalid input for peer_cidrs. Reason: '1.0.0.0/33' is not a valid IP subnet.
2026-05-12 12:38:00.291 10 INFO neutron.api.v2.resource [None req-c76a24a6-48d8-4271-8bde-e9b16ed42e8d c77aa06b0635498f82a5ceee67eb4bed d77078083732434bbe52fab3bebeb961 - - default default] create failed (client error): Invalid input for peer_cidrs. Reason: '1.0.0.0/33' is not a valid IP subnet.
2026-05-12 12:38:00.292 10 INFO neutron.wsgi [None req-c76a24a6-48d8-4271-8bde-e9b16ed42e8d c77aa06b0635498f82a5ceee67eb4bed d77078083732434bbe52fab3bebeb961 - - default default] 10.0.0.120 "POST /v2.0/vpn/ipsec-site-connections HTTP/1.1" status: 400 len: 352 time: 0.0072963
2026-05-12 12:38:00.304 10 WARNING neutron_lib.context [None req-e80d228d-6e17-47f5-8a45-f4622010df77 c77aa06b0635498f82a5ceee67eb4bed d77078083732434bbe52fab3bebeb961 - - default default] Method 'is_advsvc' is deprecated since 2023.2 release (neutron-lib 3.8.0) and will be removed once support for the old RBAC API policies will be removed from Neutron. Please use method 'is_service_role' instead.
2026-05-12 12:38:00.306 9 INFO neutron.wsgi [req-71910387-32bc-47da-bb35-4d914e6b8df6 req-a3ad2877-b27f-497b-8b21-414371a7be57 2fd3fec1df4d484eb413dee8fbb53e2b 9b5a54f26303430885f9f2b69292e723 - - a207f7a3574a4184a487d9be974e9da4 a207f7a3574a4184a487d9be974e9da4] 199.19.213.244 "GET /v2.0/ports?tenant_id=2a770d0471a94d36a7c199cda8ca73ff&device_id=ad70fb45-4431-4486-8dc3-0a490ea8886a HTTP/1.1" status: 200 len: 1450 time: 0.0424747
2026-05-12 12:38:00.416 10 INFO neutron.db.segments_db [None req-e80d228d-6e17-47f5-8a45-f4622010df77 c77aa06b0635498f82a5ceee67eb4bed d77078083732434bbe52fab3bebeb961 - - default default] Added segment 94b8640d-c725-4f92-bdb0-84ba60ad34b6 of type geneve for network a1f8bfbc-0f15-40d3-8e9d-35105df4b26d
2026-05-12 12:38:00.418 9 INFO neutron.wsgi [req-71910387-32bc-47da-bb35-4d914e6b8df6 req-b8d33e63-b066-445c-b7c9-8ca65baa45ba 2fd3fec1df4d484eb413dee8fbb53e2b 9b5a54f26303430885f9f2b69292e723 - - a207f7a3574a4184a487d9be974e9da4 a207f7a3574a4184a487d9be974e9da4] 199.19.213.244 "GET /v2.0/networks?id=83a2abf0-8bed-45d5-9963-66dd556aa262 HTTP/1.1" status: 200 len: 971 time: 0.1048961
2026-05-12 12:38:00.487 9 INFO neutron.wsgi [req-71910387-32bc-47da-bb35-4d914e6b8df6 req-0bc8f1c2-e36d-47e4-8f47-93a142d06a2c 2fd3fec1df4d484eb413dee8fbb53e2b 9b5a54f26303430885f9f2b69292e723 - - a207f7a3574a4184a487d9be974e9da4 a207f7a3574a4184a487d9be974e9da4] 199.19.213.244 "GET /v2.0/floatingips?fixed_ip_address=10.100.0.12&port_id=6ed746b7-4050-421e-aae2-540e740184ff HTTP/1.1" status: 200 len: 217 time: 0.0579803
2026-05-12 12:38:00.509 9 INFO neutron.wsgi [req-5e61be59-a259-4fff-ba69-b9cd9a2f4c92 req-1b1b0361-04aa-483d-bfea-01c24e03cf6f 2fd3fec1df4d484eb413dee8fbb53e2b 9b5a54f26303430885f9f2b69292e723 - - a207f7a3574a4184a487d9be974e9da4 a207f7a3574a4184a487d9be974e9da4] 199.19.213.244 "GET /v2.0/ports?device_id=ad70fb45-4431-4486-8dc3-0a490ea8886a HTTP/1.1" status: 200 len: 1450 time: 0.0821822
2026-05-12 12:38:00.542 9 INFO neutron.wsgi [req-71910387-32bc-47da-bb35-4d914e6b8df6 req-2f098518-3f28-4296-9d13-9cbdeaf4efc6 2fd3fec1df4d484eb413dee8fbb53e2b 9b5a54f26303430885f9f2b69292e723 - - a207f7a3574a4184a487d9be974e9da4 a207f7a3574a4184a487d9be974e9da4] 199.19.213.244 "GET /v2.0/subnets?id=61938efc-2d3b-4c44-b32c-934dd3236d08 HTTP/1.1" status: 200 len: 866 time: 0.0472205
2026-05-12 12:38:00.556 10 INFO neutron.db.ovn_revision_numbers_db [None req-e80d228d-6e17-47f5-8a45-f4622010df77 c77aa06b0635498f82a5ceee67eb4bed d77078083732434bbe52fab3bebeb961 - - default default] Successfully bumped revision number for resource a1f8bfbc-0f15-40d3-8e9d-35105df4b26d (type: networks) to 1
2026-05-12 12:38:00.577 9 INFO neutron.wsgi [req-71910387-32bc-47da-bb35-4d914e6b8df6 req-8654f564-3de1-40b4-90d6-8815aa2e29cc 2fd3fec1df4d484eb413dee8fbb53e2b 9b5a54f26303430885f9f2b69292e723 - - a207f7a3574a4184a487d9be974e9da4 a207f7a3574a4184a487d9be974e9da4] 199.19.213.244 "GET /v2.0/ports?network_id=83a2abf0-8bed-45d5-9963-66dd556aa262&device_owner=network%3Adhcp HTTP/1.1" status: 200 len: 210 time: 0.0274298
2026-05-12 12:38:00.585 9 INFO neutron.wsgi [req-5e61be59-a259-4fff-ba69-b9cd9a2f4c92 req-5323f38d-14f7-4dff-be9d-fc1a381e1088 2fd3fec1df4d484eb413dee8fbb53e2b 9b5a54f26303430885f9f2b69292e723 - - a207f7a3574a4184a487d9be974e9da4 a207f7a3574a4184a487d9be974e9da4] 199.19.213.244 "GET /v2.0/security-groups?id=7e9a01a0-0502-491f-b2fb-0d2a18466092&id=c40c69ef-4cea-4e7c-b0a2-68b767a27b7b&fields=id&fields=name HTTP/1.1" status: 200 len: 406 time: 0.0693092
2026-05-12 12:38:00.643 9 INFO neutron.wsgi [req-71910387-32bc-47da-bb35-4d914e6b8df6 req-585c24bd-bdb8-4f4d-b267-172d8b033cc5 2fd3fec1df4d484eb413dee8fbb53e2b 9b5a54f26303430885f9f2b69292e723 - - a207f7a3574a4184a487d9be974e9da4 a207f7a3574a4184a487d9be974e9da4] 199.19.213.244 "GET /v2.0/networks/83a2abf0-8bed-45d5-9963-66dd556aa262?fields=segments HTTP/1.1" status: 200 len: 212 time: 0.0570786
2026-05-12 12:38:00.687 9 INFO neutron.plugins.ml2.drivers.ovn.mech_driver.mech_driver [None req-ca27ef9f-9455-4702-a107-3bdae08ab7dd - - - - - -] OVN reports status up for port: 6ed746b7-4050-421e-aae2-540e740184ff
2026-05-12 12:38:00.703 9 INFO neutron.plugins.ml2.plugin [None req-ca27ef9f-9455-4702-a107-3bdae08ab7dd - - - - - -] Attempt 1 to provision port 6ed746b7-4050-421e-aae2-540e740184ff
2026-05-12 12:38:00.745 9 INFO neutron.wsgi [req-71910387-32bc-47da-bb35-4d914e6b8df6 req-dc6258bd-d750-4ca7-95c7-64dc3d456e92 2fd3fec1df4d484eb413dee8fbb53e2b 9b5a54f26303430885f9f2b69292e723 - - a207f7a3574a4184a487d9be974e9da4 a207f7a3574a4184a487d9be974e9da4] 199.19.213.244 "GET /v2.0/networks/83a2abf0-8bed-45d5-9963-66dd556aa262?fields=provider%3Aphysical_network&fields=provider%3Anetwork_type HTTP/1.1" status: 200 len: 277 time: 0.0896137
2026-05-12 12:38:00.774 10 WARNING neutron.scheduler.dhcp_agent_scheduler [None req-e80d228d-6e17-47f5-8a45-f4622010df77 c77aa06b0635498f82a5ceee67eb4bed d77078083732434bbe52fab3bebeb961 - - default default] No more DHCP agents
2026-05-12 12:38:00.785 10 WARNING neutron.api.rpc.agentnotifiers.dhcp_rpc_agent_api [None req-e80d228d-6e17-47f5-8a45-f4622010df77 c77aa06b0635498f82a5ceee67eb4bed d77078083732434bbe52fab3bebeb961 - - default default] Unable to schedule network a1f8bfbc-0f15-40d3-8e9d-35105df4b26d: no agents available; will retry on subsequent port and subnet creation events.
2026-05-12 12:38:00.882 10 INFO neutron.db.ovn_revision_numbers_db [None req-e80d228d-6e17-47f5-8a45-f4622010df77 c77aa06b0635498f82a5ceee67eb4bed d77078083732434bbe52fab3bebeb961 - - default default] Successfully bumped revision number for resource 4ab3c25d-bbd2-4a6a-80be-3e6bd504be91 (type: ports) to 1
2026-05-12 12:38:00.908 10 INFO neutron.wsgi [None req-e80d228d-6e17-47f5-8a45-f4622010df77 c77aa06b0635498f82a5ceee67eb4bed d77078083732434bbe52fab3bebeb961 - - default default] 10.0.0.120 "POST /v2.0/networks HTTP/1.1" status: 201 len: 830 time: 0.6093814
2026-05-12 12:38:00.917 10 WARNING neutron_lib.context [None req-e7c97668-c834-4bc6-b146-d8c48be4d612 c77aa06b0635498f82a5ceee67eb4bed d77078083732434bbe52fab3bebeb961 - - default default] Method 'is_advsvc' is deprecated since 2023.2 release (neutron-lib 3.8.0) and will be removed once support for the old RBAC API policies will be removed from Neutron. Please use method 'is_service_role' instead.
2026-05-12 12:38:00.993 10 INFO neutron.wsgi [req-10bd076c-0a73-4aed-9e18-00b348f8dd28 req-661e145a-6262-45a6-a561-fac388f47fc9 a83e2911d4c84d05a163ceaa1af93bd2 2a770d0471a94d36a7c199cda8ca73ff - - default default] 10.0.0.1 "GET /v2.0/ports?device_id=ad70fb45-4431-4486-8dc3-0a490ea8886a HTTP/1.1" status: 200 len: 1214 time: 0.0479703
2026-05-12 12:38:01.037 9 INFO neutron.db.ovn_revision_numbers_db [None req-ca27ef9f-9455-4702-a107-3bdae08ab7dd - - - - - -] Successfully bumped revision number for resource 6ed746b7-4050-421e-aae2-540e740184ff (type: ports) to 4
2026-05-12 12:38:01.062 10 INFO neutron.wsgi [req-10bd076c-0a73-4aed-9e18-00b348f8dd28 req-44dfcaf2-e630-4a9a-9102-9c77481ad5d5 a83e2911d4c84d05a163ceaa1af93bd2 2a770d0471a94d36a7c199cda8ca73ff - - default default] 10.0.0.1 "GET /v2.0/security-groups?id=c40c69ef-4cea-4e7c-b0a2-68b767a27b7b&id=7e9a01a0-0502-491f-b2fb-0d2a18466092&fields=id&fields=name HTTP/1.1" status: 200 len: 406 time: 0.0608647
2026-05-12 12:38:01.211 10 WARNING neutron.scheduler.dhcp_agent_scheduler [None req-e7c97668-c834-4bc6-b146-d8c48be4d612 c77aa06b0635498f82a5ceee67eb4bed d77078083732434bbe52fab3bebeb961 - - default default] No more DHCP agents
2026-05-12 12:38:01.214 10 WARNING neutron.api.rpc.agentnotifiers.dhcp_rpc_agent_api [None req-e7c97668-c834-4bc6-b146-d8c48be4d612 c77aa06b0635498f82a5ceee67eb4bed d77078083732434bbe52fab3bebeb961 - - default default] Unable to schedule network a1f8bfbc-0f15-40d3-8e9d-35105df4b26d: no agents available; will retry on subsequent port and subnet creation events.
2026-05-12 12:38:01.722 10 INFO neutron.db.ovn_revision_numbers_db [None req-e7c97668-c834-4bc6-b146-d8c48be4d612 c77aa06b0635498f82a5ceee67eb4bed d77078083732434bbe52fab3bebeb961 - - default default] Successfully bumped revision number for resource 4ab3c25d-bbd2-4a6a-80be-3e6bd504be91 (type: ports) to 2
2026-05-12 12:38:01.753 10 INFO neutron.db.ovn_revision_numbers_db [None req-e7c97668-c834-4bc6-b146-d8c48be4d612 c77aa06b0635498f82a5ceee67eb4bed d77078083732434bbe52fab3bebeb961 - - default default] Successfully bumped revision number for resource 648b5e05-56d2-4554-97a8-85190291a937 (type: subnets) to 0
2026-05-12 12:38:01.770 10 INFO neutron.wsgi [None req-e7c97668-c834-4bc6-b146-d8c48be4d612 c77aa06b0635498f82a5ceee67eb4bed d77078083732434bbe52fab3bebeb961 - - default default] 10.0.0.120 "POST /v2.0/subnets HTTP/1.1" status: 201 len: 804 time: 0.8574369
2026-05-12 12:38:01.780 10 WARNING neutron_lib.context [None req-d32b7ad3-faba-449b-b634-e7bbbcba019a c77aa06b0635498f82a5ceee67eb4bed d77078083732434bbe52fab3bebeb961 - - default default] Method 'is_advsvc' is deprecated since 2023.2 release (neutron-lib 3.8.0) and will be removed once support for the old RBAC API policies will be removed from Neutron. Please use method 'is_service_role' instead.
2026-05-12 12:38:01.975 9 INFO neutron.notifiers.nova [-] Nova event matching ['req-8d77562f-6e1d-4fd1-b7d5-d2239206a0ae'] response: {'server_uuid': 'ad70fb45-4431-4486-8dc3-0a490ea8886a', 'name': 'network-vif-plugged', 'status': 'completed', 'tag': '6ed746b7-4050-421e-aae2-540e740184ff', 'code': 200}
2026-05-12 12:38:01.975 9 INFO neutron.notifiers.nova [-] Nova event matching ['req-8d77562f-6e1d-4fd1-b7d5-d2239206a0ae'] response: {'server_uuid': 'ad70fb45-4431-4486-8dc3-0a490ea8886a', 'name': 'network-vif-plugged', 'status': 'completed', 'tag': '6ed746b7-4050-421e-aae2-540e740184ff', 'code': 200}
2026-05-12 12:38:02.215 10 INFO neutron.wsgi [req-95703630-6fd5-41b1-98bb-c4fae57d8d6b req-4ec93790-17c7-495c-98c8-4eb1970b8c32 a83e2911d4c84d05a163ceaa1af93bd2 2a770d0471a94d36a7c199cda8ca73ff - - default default] 10.0.0.1 "GET /v2.0/ports?device_id=ad70fb45-4431-4486-8dc3-0a490ea8886a HTTP/1.1" status: 200 len: 1214 time: 0.0624106
2026-05-12 12:38:02.237 10 WARNING neutron.plugins.ml2.drivers.ovn.mech_driver.ovsdb.ovn_client [None req-6965b009-2ce0-43fd-adff-4ceaae18830f - - - - - -] No hosting information found for port 5be65a24-2218-42da-bf63-8fd6c3e1a9ef: RuntimeError: No hosting information found for port 5be65a24-2218-42da-bf63-8fd6c3e1a9ef
2026-05-12 12:38:02.238 10 INFO neutron.plugins.ml2.drivers.ovn.mech_driver.mech_driver [None req-6965b009-2ce0-43fd-adff-4ceaae18830f - - - - - -] OVN reports status up for port: e0f11d2f-fcbd-47e5-9e8f-16ffee0b9db8
2026-05-12 12:38:02.302 10 INFO neutron.wsgi [req-95703630-6fd5-41b1-98bb-c4fae57d8d6b req-a52dc01c-4459-4865-a514-d5d804a18473 a83e2911d4c84d05a163ceaa1af93bd2 2a770d0471a94d36a7c199cda8ca73ff - - default default] 10.0.0.1 "GET /v2.0/security-groups?id=c40c69ef-4cea-4e7c-b0a2-68b767a27b7b&id=7e9a01a0-0502-491f-b2fb-0d2a18466092&fields=id&fields=name HTTP/1.1" status: 200 len: 406 time: 0.0823762
2026-05-12 12:38:02.373 10 WARNING neutron.scheduler.dhcp_agent_scheduler [None req-d32b7ad3-faba-449b-b634-e7bbbcba019a c77aa06b0635498f82a5ceee67eb4bed d77078083732434bbe52fab3bebeb961 - - default default] No more DHCP agents
2026-05-12 12:38:02.377 10 WARNING neutron.api.rpc.agentnotifiers.dhcp_rpc_agent_api [None req-d32b7ad3-faba-449b-b634-e7bbbcba019a c77aa06b0635498f82a5ceee67eb4bed d77078083732434bbe52fab3bebeb961 - - default default] Unable to schedule network 110dc62a-4dd9-4f3d-b334-a5f1ef86a5c0: no agents available; will retry on subsequent port and subnet creation events.
2026-05-12 12:38:02.561 10 INFO neutron.db.ovn_revision_numbers_db [None req-d32b7ad3-faba-449b-b634-e7bbbcba019a c77aa06b0635498f82a5ceee67eb4bed d77078083732434bbe52fab3bebeb961 - - default default] Successfully bumped revision number for resource d7e3d1f3-58cb-46ff-a869-8e8a53af9298 (type: ports) to 1 /var/lib/openstack/lib/python3.10/site-packages/pycadf/identifier.py:71: UserWarning: Invalid uuid: neutron. To ensure interoperability, identifiers should be a valid uuid. warnings.warn(('Invalid uuid: %s. To ensure interoperability, '
2026-05-12 12:38:03.477 9 INFO neutron.wsgi [req-b7012527-3097-430d-9beb-bac6526466d6 req-bf5318b5-2d1f-4288-b4d2-390f89f35fac a83e2911d4c84d05a163ceaa1af93bd2 2a770d0471a94d36a7c199cda8ca73ff - - default default] 10.0.0.1 "GET /v2.0/ports?device_id=ad70fb45-4431-4486-8dc3-0a490ea8886a HTTP/1.1" status: 200 len: 1214 time: 0.1016297
2026-05-12 12:38:03.529 9 INFO neutron.wsgi [req-b7012527-3097-430d-9beb-bac6526466d6 req-4ccf021e-6d4f-4b8a-9dc5-981fea3b533e a83e2911d4c84d05a163ceaa1af93bd2 2a770d0471a94d36a7c199cda8ca73ff - - default default] 10.0.0.1 "GET /v2.0/security-groups?id=c40c69ef-4cea-4e7c-b0a2-68b767a27b7b&id=7e9a01a0-0502-491f-b2fb-0d2a18466092&fields=id&fields=name HTTP/1.1" status: 200 len: 406 time: 0.0476491
2026-05-12 12:38:03.534 10 INFO neutron.plugins.ml2.drivers.ovn.mech_driver.ovsdb.commands [None req-aa9d4878-0834-40ee-9a5a-6f17f470c5dd - - - - - -] Schedule LRP lrp-d7e3d1f3-58cb-46ff-a869-8e8a53af9298 on gateway 285a0ec1-a475-4b84-b59a-389344aebaca with priority 1
2026-05-12 12:38:03.560 10 INFO neutron.plugins.ml2.drivers.ovn.mech_driver.mech_driver [None req-6965b009-2ce0-43fd-adff-4ceaae18830f - - - - - -] OVN reports status up for port: d7e3d1f3-58cb-46ff-a869-8e8a53af9298
2026-05-12 12:38:03.576 10 INFO neutron.plugins.ml2.plugin [None req-6965b009-2ce0-43fd-adff-4ceaae18830f - - - - - -] Attempt 1 to provision port d7e3d1f3-58cb-46ff-a869-8e8a53af9298
2026-05-12 12:38:03.594 10 INFO neutron.db.ovn_revision_numbers_db [None req-d32b7ad3-faba-449b-b634-e7bbbcba019a c77aa06b0635498f82a5ceee67eb4bed d77078083732434bbe52fab3bebeb961 - - default default] Successfully bumped revision number for resource d7e3d1f3-58cb-46ff-a869-8e8a53af9298 (type: router_ports) to 1
2026-05-12 12:38:03.684 10 INFO neutron.wsgi [req-86bc9a07-3427-40b8-b655-138a6ccecd64 req-3b4164fb-8721-4660-b123-0db368b1bc26 a83e2911d4c84d05a163ceaa1af93bd2 2a770d0471a94d36a7c199cda8ca73ff - - default default] 10.0.0.1 "GET /v2.0/ports?device_id=ad70fb45-4431-4486-8dc3-0a490ea8886a HTTP/1.1" status: 200 len: 1214 time: 0.0611084
2026-05-12 12:38:03.700 10 INFO neutron.db.ovn_revision_numbers_db [None req-d32b7ad3-faba-449b-b634-e7bbbcba019a c77aa06b0635498f82a5ceee67eb4bed d77078083732434bbe52fab3bebeb961 - - default default] Successfully bumped revision number for resource fa3576d4-562e-4d41-83ec-bb51a04b2e3c (type: routers) to 2
2026-05-12 12:38:03.717 10 INFO neutron.wsgi [None req-d32b7ad3-faba-449b-b634-e7bbbcba019a c77aa06b0635498f82a5ceee67eb4bed d77078083732434bbe52fab3bebeb961 - - default default] 10.0.0.120 "POST /v2.0/routers HTTP/1.1" status: 201 len: 1135 time: 1.9425967
2026-05-12 12:38:03.849 10 INFO neutron.api.v2.resource [None req-69916272-adf2-4656-84fd-96a5cf41bd17 1f8996410010404cae018f745e0fcb30 bb481fe4acce44339b78d9db76ad36c1 - - default default] create failed (client error): The server could not comply with the request since it is either malformed or otherwise incorrect.
2026-05-12 12:38:03.850 10 INFO neutron.wsgi [None req-69916272-adf2-4656-84fd-96a5cf41bd17 1f8996410010404cae018f745e0fcb30 bb481fe4acce44339b78d9db76ad36c1 - - default default] 10.0.0.120 "POST /v2.0/vpn/vpnservices HTTP/1.1" status: 400 len: 397 time: 0.1264029
2026-05-12 12:38:04.433 10 INFO neutron.services.segments.plugin [-] Segment 94b8640d-c725-4f92-bdb0-84ba60ad34b6 resource provider aggregate not found
2026-05-12 12:38:04.438 10 INFO neutron.services.segments.plugin [-] Segment 94b8640d-c725-4f92-bdb0-84ba60ad34b6 resource provider aggregate not found
2026-05-12 12:38:04.457 10 INFO neutron.services.segments.plugin [-] Segment 94b8640d-c725-4f92-bdb0-84ba60ad34b6 resource provider not found; error: Placement Client Error (4xx): {"errors": [{"status": 404, "title": "Not Found", "detail": "The resource could not be found.\n\n No resource provider with uuid 94b8640d-c725-4f92-bdb0-84ba60ad34b6 found for delete ", "request_id": "req-08698b05-f8ef-4534-84dd-94afb2080d0e"}]}
2026-05-12 12:38:04.462 10 INFO neutron.services.segments.plugin [-] Segment 94b8640d-c725-4f92-bdb0-84ba60ad34b6 resource provider not found; error: Placement Client Error (4xx): {"errors": [{"status": 404, "title": "Not Found", "detail": "The resource could not be found.\n\n No resource provider with uuid 94b8640d-c725-4f92-bdb0-84ba60ad34b6 found for delete ", "request_id": "req-b25c23f9-3a8d-48e9-9b8b-0f96175b85c7"}]}
2026-05-12 12:38:04.485 10 INFO neutron.wsgi [None req-6b87f7ea-8239-4743-aa67-3daacc292b25 1f8996410010404cae018f745e0fcb30 bb481fe4acce44339b78d9db76ad36c1 - - default default] 10.0.0.120 "DELETE /v2.0/networks/a1f8bfbc-0f15-40d3-8e9d-35105df4b26d HTTP/1.1" status: 204 len: 168 time: 0.6304760
2026-05-12 12:38:04.740 9 INFO neutron.db.ovn_revision_numbers_db [None req-0aa4fa10-b343-4532-94bb-0de30484d31c a83e2911d4c84d05a163ceaa1af93bd2 2a770d0471a94d36a7c199cda8ca73ff - - default default] Successfully bumped revision number for resource bf9e533f-0bd6-4976-aec6-02cacc4978b4 (type: floatingips) to 1
2026-05-12 12:38:04.875 9 INFO neutron.db.ovn_revision_numbers_db [None req-0aa4fa10-b343-4532-94bb-0de30484d31c a83e2911d4c84d05a163ceaa1af93bd2 2a770d0471a94d36a7c199cda8ca73ff - - default default] Successfully bumped revision number for resource bf9e533f-0bd6-4976-aec6-02cacc4978b4 (type: floatingips) to 2
2026-05-12 12:38:04.876 9 INFO neutron.db.l3_db [None req-0aa4fa10-b343-4532-94bb-0de30484d31c a83e2911d4c84d05a163ceaa1af93bd2 2a770d0471a94d36a7c199cda8ca73ff - - default default] Floating IP bf9e533f-0bd6-4976-aec6-02cacc4978b4 associated. External IP: 10.96.250.214, port: 6ed746b7-4050-421e-aae2-540e740184ff.
2026-05-12 12:38:04.919 9 INFO neutron.wsgi [None req-0aa4fa10-b343-4532-94bb-0de30484d31c a83e2911d4c84d05a163ceaa1af93bd2 2a770d0471a94d36a7c199cda8ca73ff - - default default] 10.0.0.120 "PUT /v2.0/floatingips/bf9e533f-0bd6-4976-aec6-02cacc4978b4 HTTP/1.1" status: 200 len: 1050 time: 1.2228160
2026-05-12 12:38:04.960 9 INFO neutron.notifiers.nova [-] Nova event matching ['req-a17eb14d-f0dd-4e76-ae36-6e3fcb1d7e34'] response: {'name': 'network-changed', 'server_uuid': 'ad70fb45-4431-4486-8dc3-0a490ea8886a', 'tag': '6ed746b7-4050-421e-aae2-540e740184ff', 'status': 'completed', 'code': 200} /var/lib/openstack/lib/python3.10/site-packages/pycadf/identifier.py:71: UserWarning: Invalid uuid: neutron. To ensure interoperability, identifiers should be a valid uuid. warnings.warn(('Invalid uuid: %s. To ensure interoperability, '
2026-05-12 12:38:05.034 9 INFO neutron.wsgi [req-f88c95a6-9c99-4880-9271-2e5b9644a4ad req-b28845bd-e072-46b0-88b2-7ee8eb143e0a 2fd3fec1df4d484eb413dee8fbb53e2b 9b5a54f26303430885f9f2b69292e723 - - a207f7a3574a4184a487d9be974e9da4 a207f7a3574a4184a487d9be974e9da4] 199.19.213.244 "GET /v2.0/ports?tenant_id=2a770d0471a94d36a7c199cda8ca73ff&device_id=ad70fb45-4431-4486-8dc3-0a490ea8886a HTTP/1.1" status: 200 len: 1452 time: 0.0500708
2026-05-12 12:38:05.120 9 INFO neutron.wsgi [req-f88c95a6-9c99-4880-9271-2e5b9644a4ad req-cd06242c-8dce-465b-aee8-cecf6cf58b3c 2fd3fec1df4d484eb413dee8fbb53e2b 9b5a54f26303430885f9f2b69292e723 - - a207f7a3574a4184a487d9be974e9da4 a207f7a3574a4184a487d9be974e9da4] 199.19.213.244 "GET /v2.0/networks?id=83a2abf0-8bed-45d5-9963-66dd556aa262 HTTP/1.1" status: 200 len: 971 time: 0.0784328
2026-05-12 12:38:05.192 9 INFO neutron.wsgi [req-f88c95a6-9c99-4880-9271-2e5b9644a4ad req-c7cea79d-bb6a-4b70-bf1e-79465154a3dd 2fd3fec1df4d484eb413dee8fbb53e2b 9b5a54f26303430885f9f2b69292e723 - - a207f7a3574a4184a487d9be974e9da4 a207f7a3574a4184a487d9be974e9da4] 199.19.213.244 "GET /v2.0/floatingips?fixed_ip_address=10.100.0.12&port_id=6ed746b7-4050-421e-aae2-540e740184ff HTTP/1.1" status: 200 len: 1060 time: 0.0652812
2026-05-12 12:38:05.239 9 INFO neutron.wsgi [req-f88c95a6-9c99-4880-9271-2e5b9644a4ad req-932370a7-2a97-47d5-8889-891cc5c29c44 2fd3fec1df4d484eb413dee8fbb53e2b 9b5a54f26303430885f9f2b69292e723 - - a207f7a3574a4184a487d9be974e9da4 a207f7a3574a4184a487d9be974e9da4] 199.19.213.244 "GET /v2.0/subnets?id=61938efc-2d3b-4c44-b32c-934dd3236d08 HTTP/1.1" status: 200 len: 866 time: 0.0404141
2026-05-12 12:38:05.286 9 INFO neutron.wsgi [req-f88c95a6-9c99-4880-9271-2e5b9644a4ad req-29b88077-fc41-4134-8cfe-42379f3067ac 2fd3fec1df4d484eb413dee8fbb53e2b 9b5a54f26303430885f9f2b69292e723 - - a207f7a3574a4184a487d9be974e9da4 a207f7a3574a4184a487d9be974e9da4] 199.19.213.244 "GET /v2.0/ports?network_id=83a2abf0-8bed-45d5-9963-66dd556aa262&device_owner=network%3Adhcp HTTP/1.1" status: 200 len: 210 time: 0.0369771
2026-05-12 12:38:05.367 9 INFO neutron.wsgi [req-f88c95a6-9c99-4880-9271-2e5b9644a4ad req-bb20544f-3a22-47d9-8a61-1d2c25c5d46e 2fd3fec1df4d484eb413dee8fbb53e2b 9b5a54f26303430885f9f2b69292e723 - - a207f7a3574a4184a487d9be974e9da4 a207f7a3574a4184a487d9be974e9da4] 199.19.213.244 "GET /v2.0/networks/83a2abf0-8bed-45d5-9963-66dd556aa262?fields=segments HTTP/1.1" status: 200 len: 212 time: 0.0716271
2026-05-12 12:38:05.374 10 INFO neutron.wsgi [None req-5f14938b-88de-48cb-9233-2a46dcd54bbc 1f8996410010404cae018f745e0fcb30 bb481fe4acce44339b78d9db76ad36c1 - - default default] 10.0.0.120 "DELETE /v2.0/routers/fa3576d4-562e-4d41-83ec-bb51a04b2e3c HTTP/1.1" status: 204 len: 168 time: 0.8807471
2026-05-12 12:38:05.385 10 WARNING neutron.api.v2.base [None req-b7302ac4-cc8f-4369-b840-518e264ee635 c77aa06b0635498f82a5ceee67eb4bed d77078083732434bbe52fab3bebeb961 - - default default] An exception happened while processing the request body. The exception message is [Invalid input for description. Reason: 'yyyyyyyyyyyyyyyyyyyyyyyyyyyyyyyyyyyyyyyyyyyyyyyyyyyyyyyyyyyyyyyyyyyyyyyyyyyyyyyyyyyyyyyyyyyyyyyyyyyyyyyyyyyyyyyyyyyyyyyyyyyyyyyyyyyyyyyyyyyyyyyyyyyyyyyyyyyyyyyyyyyyyyyyyyyyyyyyyyyyyyyyyyyyyyyyyyyyyyyyyyyyyyyyyyyyyyyyyyyyyyyyyyyyyyyyyyyyyyyyyyyyyyyyyyyyyyyy' exceeds maximum length of 255.].: webob.exc.HTTPBadRequest: Invalid input for description. Reason: 'yyyyyyyyyyyyyyyyyyyyyyyyyyyyyyyyyyyyyyyyyyyyyyyyyyyyyyyyyyyyyyyyyyyyyyyyyyyyyyyyyyyyyyyyyyyyyyyyyyyyyyyyyyyyyyyyyyyyyyyyyyyyyyyyyyyyyyyyyyyyyyyyyyyyyyyyyyyyyyyyyyyyyyyyyyyyyyyyyyyyyyyyyyyyyyyyyyyyyyyyyyyyyyyyyyyyyyyyyyyyyyyyyyyyyyyyyyyyyyyyyyyyyyyyyyyyyyyy' exceeds maximum length of 255.
2026-05-12 12:38:05.386 10 INFO neutron.api.v2.resource [None req-b7302ac4-cc8f-4369-b840-518e264ee635 c77aa06b0635498f82a5ceee67eb4bed d77078083732434bbe52fab3bebeb961 - - default default] create failed (client error): Invalid input for description. Reason: 'yyyyyyyyyyyyyyyyyyyyyyyyyyyyyyyyyyyyyyyyyyyyyyyyyyyyyyyyyyyyyyyyyyyyyyyyyyyyyyyyyyyyyyyyyyyyyyyyyyyyyyyyyyyyyyyyyyyyyyyyyyyyyyyyyyyyyyyyyyyyyyyyyyyyyyyyyyyyyyyyyyyyyyyyyyyyyyyyyyyyyyyyyyyyyyyyyyyyyyyyyyyyyyyyyyyyyyyyyyyyyyyyyyyyyyyyyyyyyyyyyyyyyyyyyyyyyyyy' exceeds maximum length of 255.
2026-05-12 12:38:05.387 10 INFO neutron.wsgi [None req-b7302ac4-cc8f-4369-b840-518e264ee635 c77aa06b0635498f82a5ceee67eb4bed d77078083732434bbe52fab3bebeb961 - - default default] 10.0.0.120 "POST /v2.0/vpn/vpnservices HTTP/1.1" status: 400 len: 604 time: 0.0067081
2026-05-12 12:38:05.398 10 WARNING neutron.api.v2.base [None req-6a34f6c7-83a4-4a04-8cd7-ff1b3a63e187 c77aa06b0635498f82a5ceee67eb4bed d77078083732434bbe52fab3bebeb961 - - default default] An exception happened while processing the request body. The exception message is [Invalid input for name. Reason: 'xxxxxxxxxxxxxxxxxxxxxxxxxxxxxxxxxxxxxxxxxxxxxxxxxxxxxxxxxxxxxxxxxxxxxxxxxxxxxxxxxxxxxxxxxxxxxxxxxxxxxxxxxxxxxxxxxxxxxxxxxxxxxxxxxxxxxxxxxxxxxxxxxxxxxxxxxxxxxxxxxxxxxxxxxxxxxxxxxxxxxxxxxxxxxxxxxxxxxxxxxxxxxxxxxxxxxxxxxxxxxxxxxxxxxxxxxxxxxxxxxxxxxxxxxxxxxxxx' exceeds maximum length of 255.].: webob.exc.HTTPBadRequest: Invalid input for name. Reason: 'xxxxxxxxxxxxxxxxxxxxxxxxxxxxxxxxxxxxxxxxxxxxxxxxxxxxxxxxxxxxxxxxxxxxxxxxxxxxxxxxxxxxxxxxxxxxxxxxxxxxxxxxxxxxxxxxxxxxxxxxxxxxxxxxxxxxxxxxxxxxxxxxxxxxxxxxxxxxxxxxxxxxxxxxxxxxxxxxxxxxxxxxxxxxxxxxxxxxxxxxxxxxxxxxxxxxxxxxxxxxxxxxxxxxxxxxxxxxxxxxxxxxxxxxxxxxxxxx' exceeds maximum length of 255.
2026-05-12 12:38:05.399 10 INFO neutron.api.v2.resource [None req-6a34f6c7-83a4-4a04-8cd7-ff1b3a63e187 c77aa06b0635498f82a5ceee67eb4bed d77078083732434bbe52fab3bebeb961 - - default default] create failed (client error): Invalid input for name. Reason: 'xxxxxxxxxxxxxxxxxxxxxxxxxxxxxxxxxxxxxxxxxxxxxxxxxxxxxxxxxxxxxxxxxxxxxxxxxxxxxxxxxxxxxxxxxxxxxxxxxxxxxxxxxxxxxxxxxxxxxxxxxxxxxxxxxxxxxxxxxxxxxxxxxxxxxxxxxxxxxxxxxxxxxxxxxxxxxxxxxxxxxxxxxxxxxxxxxxxxxxxxxxxxxxxxxxxxxxxxxxxxxxxxxxxxxxxxxxxxxxxxxxxxxxxxxxxxxxxx' exceeds maximum length of 255.
2026-05-12 12:38:05.400 10 INFO neutron.wsgi [None req-6a34f6c7-83a4-4a04-8cd7-ff1b3a63e187 c77aa06b0635498f82a5ceee67eb4bed d77078083732434bbe52fab3bebeb961 - - default default] 10.0.0.120 "POST /v2.0/vpn/vpnservices HTTP/1.1" status: 400 len: 597 time: 0.0065293
2026-05-12 12:38:05.413 10 WARNING neutron_lib.context [None req-3e5bed5e-a5a2-455c-9738-d4282012921d c77aa06b0635498f82a5ceee67eb4bed d77078083732434bbe52fab3bebeb961 - - default default] Method 'is_advsvc' is deprecated since 2023.2 release (neutron-lib 3.8.0) and will be removed once support for the old RBAC API policies will be removed from Neutron. Please use method 'is_service_role' instead.
2026-05-12 12:38:05.445 10 INFO neutron.api.v2.resource [None req-3e5bed5e-a5a2-455c-9738-d4282012921d c77aa06b0635498f82a5ceee67eb4bed d77078083732434bbe52fab3bebeb961 - - default default] create failed (client error): The server could not comply with the request since it is either malformed or otherwise incorrect.
2026-05-12 12:38:05.447 10 INFO neutron.wsgi [None req-3e5bed5e-a5a2-455c-9738-d4282012921d c77aa06b0635498f82a5ceee67eb4bed d77078083732434bbe52fab3bebeb961 - - default default] 10.0.0.120 "POST /v2.0/vpn/endpoint-groups HTTP/1.1" status: 400 len: 386 time: 0.0389857
2026-05-12 12:38:05.460 10 WARNING neutron_lib.context [None req-bd83268d-4629-4c23-93d1-08e69a9ca949 c77aa06b0635498f82a5ceee67eb4bed d77078083732434bbe52fab3bebeb961 - - default default] Method 'is_advsvc' is deprecated since 2023.2 release (neutron-lib 3.8.0) and will be removed once support for the old RBAC API policies will be removed from Neutron. Please use method 'is_service_role' instead.
2026-05-12 12:38:05.469 9 INFO neutron.wsgi [req-f88c95a6-9c99-4880-9271-2e5b9644a4ad req-79b7271a-b39c-4482-9f02-10750fca7fcc 2fd3fec1df4d484eb413dee8fbb53e2b 9b5a54f26303430885f9f2b69292e723 - - a207f7a3574a4184a487d9be974e9da4 a207f7a3574a4184a487d9be974e9da4] 199.19.213.244 "GET /v2.0/networks/83a2abf0-8bed-45d5-9963-66dd556aa262?fields=provider%3Aphysical_network&fields=provider%3Anetwork_type HTTP/1.1" status: 200 len: 277 time: 0.0952644
2026-05-12 12:38:05.507 10 INFO neutron.api.v2.resource [None req-bd83268d-4629-4c23-93d1-08e69a9ca949 c77aa06b0635498f82a5ceee67eb4bed d77078083732434bbe52fab3bebeb961 - - default default] create failed (client error): The server could not comply with the request since it is either malformed or otherwise incorrect.
2026-05-12 12:38:05.508 10 INFO neutron.wsgi [None req-bd83268d-4629-4c23-93d1-08e69a9ca949 c77aa06b0635498f82a5ceee67eb4bed d77078083732434bbe52fab3bebeb961 - - default default] 10.0.0.120 "POST /v2.0/vpn/endpoint-groups HTTP/1.1" status: 400 len: 363 time: 0.0535455
2026-05-12 12:38:05.532 10 WARNING neutron_lib.context [None req-4b924ba8-a487-43f0-ab9f-10829f233b4c c77aa06b0635498f82a5ceee67eb4bed d77078083732434bbe52fab3bebeb961 - - default default] Method 'is_advsvc' is deprecated since 2023.2 release (neutron-lib 3.8.0) and will be removed once support for the old RBAC API policies will be removed from Neutron. Please use method 'is_service_role' instead.
2026-05-12 12:38:05.566 10 INFO neutron.api.v2.resource [None req-4b924ba8-a487-43f0-ab9f-10829f233b4c c77aa06b0635498f82a5ceee67eb4bed d77078083732434bbe52fab3bebeb961 - - default default] create failed (client error): The server could not comply with the request since it is either malformed or otherwise incorrect.
2026-05-12 12:38:05.568 10 INFO neutron.wsgi [None req-4b924ba8-a487-43f0-ab9f-10829f233b4c c77aa06b0635498f82a5ceee67eb4bed d77078083732434bbe52fab3bebeb961 - - default default] 10.0.0.120 "POST /v2.0/vpn/endpoint-groups HTTP/1.1" status: 400 len: 357 time: 0.0436263
2026-05-12 12:38:05.588 9 INFO neutron.wsgi [None req-f4e9faf8-cb86-4fac-9e80-55d1f20b9553 c77aa06b0635498f82a5ceee67eb4bed d77078083732434bbe52fab3bebeb961 - - default default] 10.0.0.120 "GET /v2.0/vpn/ikepolicies HTTP/1.1" status: 200 len: 602 time: 0.0107107
2026-05-12 12:38:05.618 9 INFO neutron.wsgi [None req-368e9946-3ac0-414c-9848-b2f2ce93ec6c c77aa06b0635498f82a5ceee67eb4bed d77078083732434bbe52fab3bebeb961 - - default default] 10.0.0.120 "GET /v2.0/vpn/ipsecpolicies HTTP/1.1" status: 200 len: 610 time: 0.0222847
