2026-05-12 12:33:54.306 10 INFO neutron.wsgi [None req-4a18b5f1-35fd-4b6a-a31c-57ed39568537 1f727d8d3f044ccd9f45784f4105f696 76abf44b7ef646f6b30db11804504ab3 - - default default] 10.0.0.120 "GET /v2.0/extensions/port-resource-request-groups HTTP/1.1" status: 200 len: 465 time: 0.0057580
2026-05-12 12:33:54.315 10 INFO neutron.wsgi [req-673716fe-659f-46d3-8fbc-54bdb515f05b req-c4bcf393-5f3e-45ef-b9a0-8a0a055977ec 53bc58885f7a4bb4b2d1622e876bac32 cd76aef5a7e449efa94d3a30f4b567a8 - - default default] 10.0.0.1 "GET /v2.0/ports?device_id=9917c5f1-5b0f-4a82-943a-4bb9c2bae295 HTTP/1.1" status: 200 len: 1172 time: 0.0952899
2026-05-12 12:33:54.316 9 INFO neutron.wsgi [req-0576a14f-8674-42a3-9f8c-7cf94ed57ec3 req-ce5e14a6-369d-4b10-a903-0e5b73ea38a8 2fd3fec1df4d484eb413dee8fbb53e2b 9b5a54f26303430885f9f2b69292e723 - - a207f7a3574a4184a487d9be974e9da4 a207f7a3574a4184a487d9be974e9da4] 199.19.213.244 "GET /v2.0/ports?network_id=eb6cd996-d132-4230-9c7c-b3c36ee7dc92&device_owner=network%3Adhcp HTTP/1.1" status: 200 len: 210 time: 0.0201752
2026-05-12 12:33:54.321 10 INFO neutron.wsgi [None req-e597fe71-caaf-4024-b8f6-d0c54e43c04e 1f727d8d3f044ccd9f45784f4105f696 76abf44b7ef646f6b30db11804504ab3 - - default default] 10.0.0.120 "GET /v2.0/extensions/binding HTTP/1.1" status: 200 len: 387 time: 0.0056956
2026-05-12 12:33:54.330 9 INFO neutron.wsgi [None req-12c611be-a649-42a5-864c-75112fe46484 1f727d8d3f044ccd9f45784f4105f696 76abf44b7ef646f6b30db11804504ab3 - - default default] 10.0.0.120 "GET /v2.0/extensions/binding-extended HTTP/1.1" status: 200 len: 406 time: 0.0048299
2026-05-12 12:33:54.344 10 INFO neutron.wsgi [None req-96711ea2-61ec-4a99-8920-9ca796e4436f 1f727d8d3f044ccd9f45784f4105f696 76abf44b7ef646f6b30db11804504ab3 - - default default] 10.0.0.120 "GET /v2.0/extensions/port-security HTTP/1.1" status: 200 len: 354 time: 0.0072265
2026-05-12 12:33:54.354 10 INFO neutron.wsgi [None req-eb1e9d47-263d-4013-ad59-dd3ebdd65fbc 1f727d8d3f044ccd9f45784f4105f696 76abf44b7ef646f6b30db11804504ab3 - - default default] 10.0.0.120 "GET /v2.0/extensions/project-id HTTP/1.1" status: 200 len: 398 time: 0.0057123
2026-05-12 12:33:54.366 9 INFO neutron.wsgi [None req-e0bcca96-71a2-4c65-b01a-f03649a569b3 1f727d8d3f044ccd9f45784f4105f696 76abf44b7ef646f6b30db11804504ab3 - - default default] 10.0.0.120 "GET /v2.0/extensions/provider HTTP/1.1" status: 200 len: 385 time: 0.0068326
2026-05-12 12:33:54.377 9 INFO neutron.wsgi [None req-58c1744a-a5d8-4d27-9c6c-01a3c493e148 1f727d8d3f044ccd9f45784f4105f696 76abf44b7ef646f6b30db11804504ab3 - - default default] 10.0.0.120 "GET /v2.0/extensions/qos HTTP/1.1" status: 200 len: 360 time: 0.0067008
2026-05-12 12:33:54.391 9 INFO neutron.wsgi [None req-7cebb1ad-6ebe-4eb9-b2b0-7c213f231ae3 1f727d8d3f044ccd9f45784f4105f696 76abf44b7ef646f6b30db11804504ab3 - - default default] 10.0.0.120 "GET /v2.0/extensions/qos-bw-limit-direction HTTP/1.1" status: 200 len: 452 time: 0.0091951
2026-05-12 12:33:54.403 9 INFO neutron.wsgi [None req-274a3692-64d2-4f92-9f63-7f2049fb0eb0 1f727d8d3f044ccd9f45784f4105f696 76abf44b7ef646f6b30db11804504ab3 - - default default] 10.0.0.120 "GET /v2.0/extensions/qos-bw-minimum-ingress HTTP/1.1" status: 200 len: 445 time: 0.0071716
2026-05-12 12:33:54.412 9 INFO neutron.wsgi [None req-876351d0-95f0-4e4a-8666-90aa86a32557 1f727d8d3f044ccd9f45784f4105f696 76abf44b7ef646f6b30db11804504ab3 - - default default] 10.0.0.120 "GET /v2.0/extensions/qos-default HTTP/1.1" status: 200 len: 377 time: 0.0049140
2026-05-12 12:33:54.452 10 INFO neutron.wsgi [req-673716fe-659f-46d3-8fbc-54bdb515f05b req-ef50e2b3-9a8f-4e4b-8f2c-07874b6d8baf 53bc58885f7a4bb4b2d1622e876bac32 cd76aef5a7e449efa94d3a30f4b567a8 - - default default] 10.0.0.1 "GET /v2.0/security-groups?id=6c38b92c-11c5-403f-afa4-8a25cbef0781&fields=id&fields=name HTTP/1.1" status: 200 len: 312 time: 0.1286595 /var/lib/openstack/lib/python3.10/site-packages/pycadf/identifier.py:71: UserWarning: Invalid uuid: neutron. To ensure interoperability, identifiers should be a valid uuid. warnings.warn(('Invalid uuid: %s. To ensure interoperability, '
2026-05-12 12:33:54.461 9 INFO neutron.wsgi [None req-29350fcc-3e25-42ae-aa05-9e9dfaf2c03a 1f727d8d3f044ccd9f45784f4105f696 76abf44b7ef646f6b30db11804504ab3 - - default default] 10.0.0.120 "GET /v2.0/extensions/qos-fip HTTP/1.1" status: 200 len: 372 time: 0.0075047
2026-05-12 12:33:54.473 9 INFO neutron.wsgi [None req-22079290-5c8d-49c6-9482-daf17516627e 1f727d8d3f044ccd9f45784f4105f696 76abf44b7ef646f6b30db11804504ab3 - - default default] 10.0.0.120 "GET /v2.0/extensions/qos-gateway-ip HTTP/1.1" status: 200 len: 391 time: 0.0059791
2026-05-12 12:33:54.487 9 INFO neutron.wsgi [None req-66a1797d-f736-4a2a-bbcb-e0c9b0d39b54 1f727d8d3f044ccd9f45784f4105f696 76abf44b7ef646f6b30db11804504ab3 - - default default] 10.0.0.120 "GET /v2.0/extensions/qos-port-network-policy HTTP/1.1" status: 200 len: 403 time: 0.0058475
2026-05-12 12:33:54.493 9 INFO neutron.wsgi [req-0576a14f-8674-42a3-9f8c-7cf94ed57ec3 req-a3cec8bf-f8a3-48d8-980b-180f544a307e 2fd3fec1df4d484eb413dee8fbb53e2b 9b5a54f26303430885f9f2b69292e723 - - a207f7a3574a4184a487d9be974e9da4 a207f7a3574a4184a487d9be974e9da4] 199.19.213.244 "GET /v2.0/networks/eb6cd996-d132-4230-9c7c-b3c36ee7dc92?fields=segments HTTP/1.1" status: 200 len: 212 time: 0.1693358
2026-05-12 12:33:54.499 9 INFO neutron.wsgi [None req-9f3b14d8-2939-4314-9fec-473b9a2bf2d7 1f727d8d3f044ccd9f45784f4105f696 76abf44b7ef646f6b30db11804504ab3 - - default default] 10.0.0.120 "GET /v2.0/extensions/qos-pps-minimum HTTP/1.1" status: 200 len: 397 time: 0.0049417
2026-05-12 12:33:54.514 10 INFO neutron.wsgi [None req-aabc310f-fd4d-4b35-b422-f9ded13a6a96 1f727d8d3f044ccd9f45784f4105f696 76abf44b7ef646f6b30db11804504ab3 - - default default] 10.0.0.120 "GET /v2.0/extensions/qos-pps-minimum-rule-alias HTTP/1.1" status: 200 len: 471 time: 0.0059071
2026-05-12 12:33:54.521 10 INFO neutron.db.ovn_revision_numbers_db [None req-f079f260-969d-4d50-b1bb-1dc821a06faf 409895635eb542278ec17a34e1dd69c1 b985689d468f494f931970c206c8e1cf - - default default] Successfully bumped revision number for resource fe57b5fb-e374-485a-822c-f423041eeb05 (type: floatingips) to 1
2026-05-12 12:33:54.540 10 INFO neutron.wsgi [None req-d90468b0-fcf4-443d-84cf-3f0579a88033 1f727d8d3f044ccd9f45784f4105f696 76abf44b7ef646f6b30db11804504ab3 - - default default] 10.0.0.120 "GET /v2.0/extensions/qos-pps HTTP/1.1" status: 200 len: 389 time: 0.0201623
2026-05-12 12:33:54.551 9 INFO neutron.wsgi [None req-8189280e-b584-4dd4-88ce-48836ba2431c 1f727d8d3f044ccd9f45784f4105f696 76abf44b7ef646f6b30db11804504ab3 - - default default] 10.0.0.120 "GET /v2.0/extensions/qos-rule-type-details HTTP/1.1" status: 200 len: 423 time: 0.0058744
2026-05-12 12:33:54.561 9 INFO neutron.wsgi [None req-9752f951-f5fe-4100-be3a-83e2dc571d53 1f727d8d3f044ccd9f45784f4105f696 76abf44b7ef646f6b30db11804504ab3 - - default default] 10.0.0.120 "GET /v2.0/extensions/qos-rule-type-filter HTTP/1.1" status: 200 len: 567 time: 0.0048535
2026-05-12 12:33:54.565 9 INFO neutron.wsgi [req-0576a14f-8674-42a3-9f8c-7cf94ed57ec3 req-4cd25c5c-c6d6-4458-871e-35d1673412d9 2fd3fec1df4d484eb413dee8fbb53e2b 9b5a54f26303430885f9f2b69292e723 - - a207f7a3574a4184a487d9be974e9da4 a207f7a3574a4184a487d9be974e9da4] 199.19.213.244 "GET /v2.0/networks/eb6cd996-d132-4230-9c7c-b3c36ee7dc92?fields=provider%3Aphysical_network&fields=provider%3Anetwork_type HTTP/1.1" status: 200 len: 277 time: 0.0647624
2026-05-12 12:33:54.570 9 INFO neutron.wsgi [None req-a47c449c-129f-44dd-91a2-2a898421e02c 1f727d8d3f044ccd9f45784f4105f696 76abf44b7ef646f6b30db11804504ab3 - - default default] 10.0.0.120 "GET /v2.0/extensions/qos-rules-alias HTTP/1.1" status: 200 len: 448 time: 0.0047004
2026-05-12 12:33:54.577 9 INFO neutron.wsgi [None req-50ba2370-6171-437d-8992-a6d73e4cc077 1f727d8d3f044ccd9f45784f4105f696 76abf44b7ef646f6b30db11804504ab3 - - default default] 10.0.0.120 "GET /v2.0/extensions/quota-check-limit HTTP/1.1" status: 200 len: 420 time: 0.0039513
2026-05-12 12:33:54.585 9 INFO neutron.wsgi [None req-8deed21d-941c-4198-89a4-cc9d06ccf09a 1f727d8d3f044ccd9f45784f4105f696 76abf44b7ef646f6b30db11804504ab3 - - default default] 10.0.0.120 "GET /v2.0/extensions/quotas HTTP/1.1" status: 200 len: 386 time: 0.0038354
2026-05-12 12:33:54.599 9 INFO neutron.wsgi [None req-8f5c4c41-387a-448c-80ef-7a8c88525993 1f727d8d3f044ccd9f45784f4105f696 76abf44b7ef646f6b30db11804504ab3 - - default default] 10.0.0.120 "GET /v2.0/extensions/quota_details HTTP/1.1" status: 200 len: 407 time: 0.0049407
2026-05-12 12:33:54.610 9 INFO neutron.wsgi [None req-3e3703a2-f974-4331-ac91-945cbf77e2ed 1f727d8d3f044ccd9f45784f4105f696 76abf44b7ef646f6b30db11804504ab3 - - default default] 10.0.0.120 "GET /v2.0/extensions/rbac-policies HTTP/1.1" status: 200 len: 417 time: 0.0056794
2026-05-12 12:33:54.618 9 INFO neutron.wsgi [None req-4a8b508b-3e09-4164-8bd0-a997c74b9268 1f727d8d3f044ccd9f45784f4105f696 76abf44b7ef646f6b30db11804504ab3 - - default default] 10.0.0.120 "GET /v2.0/extensions/rbac-address-scope HTTP/1.1" status: 200 len: 384 time: 0.0050824
2026-05-12 12:33:54.627 9 INFO neutron.wsgi [None req-d959bd96-7777-476d-a877-d0e6d6f7fe2e 1f727d8d3f044ccd9f45784f4105f696 76abf44b7ef646f6b30db11804504ab3 - - default default] 10.0.0.120 "GET /v2.0/extensions/rbac-security-groups HTTP/1.1" status: 200 len: 404 time: 0.0048842
2026-05-12 12:33:54.635 9 INFO neutron.wsgi [None req-191bb5d9-6a5f-4873-87d2-ea5e9bc9b5a2 1f727d8d3f044ccd9f45784f4105f696 76abf44b7ef646f6b30db11804504ab3 - - default default] 10.0.0.120 "GET /v2.0/extensions/revision-if-match HTTP/1.1" status: 200 len: 441 time: 0.0052261
2026-05-12 12:33:54.649 10 INFO neutron.wsgi [None req-c33e30a3-e553-4169-874e-2fedd6559e98 1f727d8d3f044ccd9f45784f4105f696 76abf44b7ef646f6b30db11804504ab3 - - default default] 10.0.0.120 "GET /v2.0/extensions/standard-attr-revisions HTTP/1.1" status: 200 len: 423 time: 0.0108399
2026-05-12 12:33:54.669 9 INFO neutron.wsgi [None req-1337917f-4339-4f2c-812f-b430dafb6532 1f727d8d3f044ccd9f45784f4105f696 76abf44b7ef646f6b30db11804504ab3 - - default default] 10.0.0.120 "GET /v2.0/extensions/router_availability_zone HTTP/1.1" status: 200 len: 391 time: 0.0058594
2026-05-12 12:33:54.677 9 INFO neutron.wsgi [None req-48c4701e-997f-49e3-a649-58529d173b5e 1f727d8d3f044ccd9f45784f4105f696 76abf44b7ef646f6b30db11804504ab3 - - default default] 10.0.0.120 "GET /v2.0/extensions/security-groups-default-rules HTTP/1.1" status: 200 len: 456 time: 0.0050852
2026-05-12 12:33:54.687 9 INFO neutron.wsgi [None req-76f0dff7-dedd-4eea-a5ac-201a59f9df4a 1f727d8d3f044ccd9f45784f4105f696 76abf44b7ef646f6b30db11804504ab3 - - default default] 10.0.0.120 "GET /v2.0/extensions/security-groups-normalized-cidr HTTP/1.1" status: 200 len: 445 time: 0.0058274
2026-05-12 12:33:54.700 10 INFO neutron.wsgi [None req-4175898c-0497-453f-801d-900667dd9eaa 1f727d8d3f044ccd9f45784f4105f696 76abf44b7ef646f6b30db11804504ab3 - - default default] 10.0.0.120 "GET /v2.0/extensions/security-groups-remote-address-group HTTP/1.1" status: 200 len: 448 time: 0.0063400
2026-05-12 12:33:54.710 9 INFO neutron.wsgi [None req-4b51e147-9e7d-42f5-874c-8a6dffb08cb0 1f727d8d3f044ccd9f45784f4105f696 76abf44b7ef646f6b30db11804504ab3 - - default default] 10.0.0.120 "GET /v2.0/extensions/security-groups-rules-belongs-to-default-sg HTTP/1.1" status: 200 len: 508 time: 0.0062087
2026-05-12 12:33:54.718 9 INFO neutron.wsgi [None req-73cfb82e-2ac3-47dd-b9b0-1736717ee374 1f727d8d3f044ccd9f45784f4105f696 76abf44b7ef646f6b30db11804504ab3 - - default default] 10.0.0.120 "GET /v2.0/extensions/security-groups-shared-filtering HTTP/1.1" status: 200 len: 435 time: 0.0051198
2026-05-12 12:33:54.726 9 INFO neutron.wsgi [None req-21e499c6-ede4-49cc-a35b-07a54e4d4c53 1f727d8d3f044ccd9f45784f4105f696 76abf44b7ef646f6b30db11804504ab3 - - default default] 10.0.0.120 "GET /v2.0/extensions/security-group HTTP/1.1" status: 200 len: 364 time: 0.0055707
2026-05-12 12:33:54.733 9 INFO neutron.wsgi [None req-87b81f1b-f9b4-411f-adf9-dbea2f58dc8b 1f727d8d3f044ccd9f45784f4105f696 76abf44b7ef646f6b30db11804504ab3 - - default default] 10.0.0.120 "GET /v2.0/extensions/segment HTTP/1.1" status: 200 len: 339 time: 0.0040143
2026-05-12 12:33:54.740 9 INFO neutron.wsgi [None req-dd75d510-a614-438d-9ea3-3d6260672ce5 1f727d8d3f044ccd9f45784f4105f696 76abf44b7ef646f6b30db11804504ab3 - - default default] 10.0.0.120 "GET /v2.0/extensions/segments-peer-subnet-host-routes HTTP/1.1" status: 200 len: 427 time: 0.0049889
2026-05-12 12:33:54.746 9 INFO neutron.wsgi [None req-a549d522-ce5e-4729-a50c-7cfc33cbf533 1f727d8d3f044ccd9f45784f4105f696 76abf44b7ef646f6b30db11804504ab3 - - default default] 10.0.0.120 "GET /v2.0/extensions/service-type HTTP/1.1" status: 200 len: 415 time: 0.0042112
2026-05-12 12:33:54.753 9 INFO neutron.wsgi [None req-7ff03922-fda1-489f-a8bc-b59636211285 1f727d8d3f044ccd9f45784f4105f696 76abf44b7ef646f6b30db11804504ab3 - - default default] 10.0.0.120 "GET /v2.0/extensions/sorting HTTP/1.1" status: 200 len: 377 time: 0.0036478
2026-05-12 12:33:54.764 9 INFO neutron.wsgi [None req-92621238-e364-46ab-b7aa-5f82ac09c923 1f727d8d3f044ccd9f45784f4105f696 76abf44b7ef646f6b30db11804504ab3 - - default default] 10.0.0.120 "GET /v2.0/extensions/standard-attr-segment HTTP/1.1" status: 200 len: 406 time: 0.0076020
2026-05-12 12:33:54.772 10 INFO neutron.db.ovn_revision_numbers_db [None req-f079f260-969d-4d50-b1bb-1dc821a06faf 409895635eb542278ec17a34e1dd69c1 b985689d468f494f931970c206c8e1cf - - default default] Successfully bumped revision number for resource fe57b5fb-e374-485a-822c-f423041eeb05 (type: floatingips) to 2
2026-05-12 12:33:54.773 10 INFO neutron.db.l3_db [None req-f079f260-969d-4d50-b1bb-1dc821a06faf 409895635eb542278ec17a34e1dd69c1 b985689d468f494f931970c206c8e1cf - - default default] Floating IP fe57b5fb-e374-485a-822c-f423041eeb05 associated. External IP: 10.96.250.206, port: 818a7ced-e716-423e-a689-a0c3968597f8.
2026-05-12 12:33:54.777 9 INFO neutron.wsgi [None req-759cb084-2246-4f40-ba64-5acdda61407c 1f727d8d3f044ccd9f45784f4105f696 76abf44b7ef646f6b30db11804504ab3 - - default default] 10.0.0.120 "GET /v2.0/extensions/standard-attr-description HTTP/1.1" status: 200 len: 408 time: 0.0073617
2026-05-12 12:33:54.788 9 INFO neutron.wsgi [None req-b738d2d8-4257-48e9-9124-9b95e21e7e25 1f727d8d3f044ccd9f45784f4105f696 76abf44b7ef646f6b30db11804504ab3 - - default default] 10.0.0.120 "GET /v2.0/extensions/stateful-security-group HTTP/1.1" status: 200 len: 402 time: 0.0053895
2026-05-12 12:33:54.799 9 INFO neutron.wsgi [None req-c81e8b31-62e7-4ef7-9266-eb17df83e737 1f727d8d3f044ccd9f45784f4105f696 76abf44b7ef646f6b30db11804504ab3 - - default default] 10.0.0.120 "GET /v2.0/extensions/subnet-dns-publish-fixed-ip HTTP/1.1" status: 200 len: 421 time: 0.0063665
2026-05-12 12:33:54.808 9 INFO neutron.wsgi [None req-42f7403c-a076-4ac4-8c7c-e7ef52207ab4 1f727d8d3f044ccd9f45784f4105f696 76abf44b7ef646f6b30db11804504ab3 - - default default] 10.0.0.120 "GET /v2.0/extensions/subnet-segmentid-writable HTTP/1.1" status: 200 len: 421 time: 0.0046790
2026-05-12 12:33:54.808 10 INFO neutron.wsgi [None req-f079f260-969d-4d50-b1bb-1dc821a06faf 409895635eb542278ec17a34e1dd69c1 b985689d468f494f931970c206c8e1cf - - default default] 10.0.0.120 "PUT /v2.0/floatingips/fe57b5fb-e374-485a-822c-f423041eeb05 HTTP/1.1" status: 200 len: 1049 time: 1.7883971
2026-05-12 12:33:54.820 9 INFO neutron.wsgi [None req-77776be6-02b7-4b59-b879-51e91e6e695a 1f727d8d3f044ccd9f45784f4105f696 76abf44b7ef646f6b30db11804504ab3 - - default default] 10.0.0.120 "GET /v2.0/extensions/subnet-service-types HTTP/1.1" status: 200 len: 400 time: 0.0052884
2026-05-12 12:33:54.824 10 INFO neutron.db.ovn_revision_numbers_db [None req-6965b009-2ce0-43fd-adff-4ceaae18830f - - - - - -] Successfully bumped revision number for resource 9bef803b-cadf-43fa-99c6-b7d754bae797 (type: ports) to 4
2026-05-12 12:33:54.831 9 INFO neutron.wsgi [None req-25a2a237-c6c9-48ed-8a8e-c4a111aa8d0a 1f727d8d3f044ccd9f45784f4105f696 76abf44b7ef646f6b30db11804504ab3 - - default default] 10.0.0.120 "GET /v2.0/extensions/subnet_allocation HTTP/1.1" status: 200 len: 388 time: 0.0056500
2026-05-12 12:33:54.839 9 INFO neutron.wsgi [None req-989aade3-9768-4005-af34-2b9ad94c688e 1f727d8d3f044ccd9f45784f4105f696 76abf44b7ef646f6b30db11804504ab3 - - default default] 10.0.0.120 "GET /v2.0/extensions/subnetpool-prefix-ops HTTP/1.1" status: 200 len: 418 time: 0.0051742
2026-05-12 12:33:54.847 9 INFO neutron.wsgi [None req-5c4024fa-bdbe-4458-9d80-40e16c99a58d 1f727d8d3f044ccd9f45784f4105f696 76abf44b7ef646f6b30db11804504ab3 - - default default] 10.0.0.120 "GET /v2.0/extensions/standard-attr-tag HTTP/1.1" status: 200 len: 537 time: 0.0034552
2026-05-12 12:33:54.855 9 INFO neutron.wsgi [None req-83e4a157-5662-4540-bac7-664584939a52 1f727d8d3f044ccd9f45784f4105f696 76abf44b7ef646f6b30db11804504ab3 - - default default] 10.0.0.120 "GET /v2.0/extensions/standard-attr-timestamp HTTP/1.1" status: 200 len: 449 time: 0.0049634
2026-05-12 12:33:54.869 9 INFO neutron.wsgi [None req-67565fc7-b1ed-4150-9200-55bfd9c8cc99 1f727d8d3f044ccd9f45784f4105f696 76abf44b7ef646f6b30db11804504ab3 - - default default] 10.0.0.120 "GET /v2.0/extensions/trunk HTTP/1.1" status: 200 len: 358 time: 0.0048368
2026-05-12 12:33:54.885 10 INFO neutron.wsgi [None req-c5b46e5b-6fd5-44e5-8bcd-e908d3cb41b4 1f727d8d3f044ccd9f45784f4105f696 76abf44b7ef646f6b30db11804504ab3 - - default default] 10.0.0.120 "GET /v2.0/extensions/trunk-details HTTP/1.1" status: 200 len: 362 time: 0.0098116
2026-05-12 12:33:54.897 9 INFO neutron.wsgi [None req-dacf3d00-a0d0-43d0-a204-3b9e48cbb8a5 1f727d8d3f044ccd9f45784f4105f696 76abf44b7ef646f6b30db11804504ab3 - - default default] 10.0.0.120 "GET /v2.0/extensions/vpn-agent-scheduler HTTP/1.1" status: 200 len: 393 time: 0.0069575
2026-05-12 12:33:54.905 9 INFO neutron.wsgi [req-846c3613-83b6-4b9b-ba7f-8f6b3a2a1789 req-0411e5e3-c3cf-4dcb-b22f-7b0fe31f289d 409895635eb542278ec17a34e1dd69c1 b985689d468f494f931970c206c8e1cf - - default default] 10.0.0.1 "GET /v2.0/ports?device_id=ffd911d9-e67f-4fb9-ad66-ff2647a03857 HTTP/1.1" status: 200 len: 1170 time: 0.0490229 /var/lib/openstack/lib/python3.10/site-packages/pycadf/identifier.py:71: UserWarning: Invalid uuid: neutron. To ensure interoperability, identifiers should be a valid uuid. warnings.warn(('Invalid uuid: %s. To ensure interoperability, '
2026-05-12 12:33:54.911 10 INFO neutron.wsgi [None req-c91e8e70-3bf9-4093-ad2f-b0dd1f051ce8 1f727d8d3f044ccd9f45784f4105f696 76abf44b7ef646f6b30db11804504ab3 - - default default] 10.0.0.120 "GET /v2.0/extensions/vpn-endpoint-groups HTTP/1.1" status: 200 len: 371 time: 0.0044496
2026-05-12 12:33:54.921 10 INFO neutron.wsgi [None req-e7fef806-7cc2-471b-8b4f-7af86c4077a7 1f727d8d3f044ccd9f45784f4105f696 76abf44b7ef646f6b30db11804504ab3 - - default default] 10.0.0.120 "GET /v2.0/extensions/vpn-flavors HTTP/1.1" status: 200 len: 376 time: 0.0042782
2026-05-12 12:33:54.938 9 INFO neutron.wsgi [None req-42a58391-33a3-4a63-8a6b-930c1dc22474 1f727d8d3f044ccd9f45784f4105f696 76abf44b7ef646f6b30db11804504ab3 - - default default] 10.0.0.120 "GET /v2.0/extensions/vpnaas HTTP/1.1" status: 200 len: 348 time: 0.0053036
2026-05-12 12:33:54.972 9 INFO neutron.wsgi [req-846c3613-83b6-4b9b-ba7f-8f6b3a2a1789 req-6098eda3-5902-45c9-a618-777cdc431cfe 409895635eb542278ec17a34e1dd69c1 b985689d468f494f931970c206c8e1cf - - default default] 10.0.0.1 "GET /v2.0/security-groups?id=d97d2a70-8fbb-4051-a931-b045be09f32d&fields=id&fields=name HTTP/1.1" status: 200 len: 313 time: 0.0590875
2026-05-12 12:33:54.975 10 INFO neutron.notifiers.nova [-] Nova event matching ['req-f4dfc1b3-e227-4e88-8145-68f5b5e6d1ee'] response: {'server_uuid': '9917c5f1-5b0f-4a82-943a-4bb9c2bae295', 'name': 'network-vif-plugged', 'status': 'completed', 'tag': '9bef803b-cadf-43fa-99c6-b7d754bae797', 'code': 200}
2026-05-12 12:33:54.992 10 INFO neutron.plugins.ml2.drivers.ovn.mech_driver.ovsdb.commands [None req-aa9d4878-0834-40ee-9a5a-6f17f470c5dd - - - - - -] Schedule LRP lrp-3e01fb14-ef67-44c6-9b5b-3f813e9575bf on gateway 285a0ec1-a475-4b84-b59a-389344aebaca with priority 1
2026-05-12 12:33:55.007 9 INFO neutron.plugins.ml2.drivers.ovn.mech_driver.mech_driver [None req-ca27ef9f-9455-4702-a107-3bdae08ab7dd - - - - - -] OVN reports status up for port: 3e01fb14-ef67-44c6-9b5b-3f813e9575bf
2026-05-12 12:33:55.017 9 INFO neutron.plugins.ml2.plugin [None req-ca27ef9f-9455-4702-a107-3bdae08ab7dd - - - - - -] Attempt 1 to provision port 3e01fb14-ef67-44c6-9b5b-3f813e9575bf
2026-05-12 12:33:55.039 10 INFO neutron.db.ovn_revision_numbers_db [None req-b350ce57-2a2c-4752-b1b7-eebe425b7ba3 48615160ccce4a81abe946a15830cd33 41a7a4b32bf24ebba9d4ecb98b753433 - - default default] Successfully bumped revision number for resource 3e01fb14-ef67-44c6-9b5b-3f813e9575bf (type: router_ports) to 1
2026-05-12 12:33:55.168 10 INFO neutron.db.ovn_revision_numbers_db [None req-b350ce57-2a2c-4752-b1b7-eebe425b7ba3 48615160ccce4a81abe946a15830cd33 41a7a4b32bf24ebba9d4ecb98b753433 - - default default] Successfully bumped revision number for resource 21a858b0-8b91-4974-80dc-d46667b74ee9 (type: routers) to 2
2026-05-12 12:33:55.193 10 INFO neutron.wsgi [None req-b350ce57-2a2c-4752-b1b7-eebe425b7ba3 48615160ccce4a81abe946a15830cd33 41a7a4b32bf24ebba9d4ecb98b753433 - - default default] 10.0.0.120 "POST /v2.0/routers HTTP/1.1" status: 201 len: 1153 time: 2.9083087
2026-05-12 12:33:55.443 10 INFO neutron.wsgi [req-ed629aec-dd92-4300-b4c6-9c97c8b1e3c1 req-db72e07e-9dff-4556-817d-e5c9ad408709 409895635eb542278ec17a34e1dd69c1 b985689d468f494f931970c206c8e1cf - - default default] 10.0.0.1 "GET /v2.0/ports?device_id=ffd911d9-e67f-4fb9-ad66-ff2647a03857 HTTP/1.1" status: 200 len: 1170 time: 0.0571830
2026-05-12 12:33:55.518 10 INFO neutron.wsgi [req-ed629aec-dd92-4300-b4c6-9c97c8b1e3c1 req-8b434b5f-d755-4c87-b3d7-5bd57f40ed92 409895635eb542278ec17a34e1dd69c1 b985689d468f494f931970c206c8e1cf - - default default] 10.0.0.1 "GET /v2.0/security-groups?id=d97d2a70-8fbb-4051-a931-b045be09f32d&fields=id&fields=name HTTP/1.1" status: 200 len: 313 time: 0.0665762
2026-05-12 12:33:55.691 9 INFO neutron.wsgi [req-2511e133-ca35-438b-9116-7235bef071e9 req-24abcc79-cd6f-421a-999a-15c25ce3e4b9 53bc58885f7a4bb4b2d1622e876bac32 cd76aef5a7e449efa94d3a30f4b567a8 - - default default] 10.0.0.1 "GET /v2.0/ports?device_id=9917c5f1-5b0f-4a82-943a-4bb9c2bae295 HTTP/1.1" status: 200 len: 1174 time: 0.1663578
2026-05-12 12:33:55.780 9 INFO neutron.wsgi [req-2511e133-ca35-438b-9116-7235bef071e9 req-fa88f185-cbe2-4e3c-9897-446d88405070 53bc58885f7a4bb4b2d1622e876bac32 cd76aef5a7e449efa94d3a30f4b567a8 - - default default] 10.0.0.1 "GET /v2.0/security-groups?id=6c38b92c-11c5-403f-afa4-8a25cbef0781&fields=id&fields=name HTTP/1.1" status: 200 len: 312 time: 0.0811162
2026-05-12 12:33:55.805 9 INFO neutron.wsgi [req-20ab5034-d94b-4743-9b97-8138788f91c8 req-b0fd5049-dbc4-4ef0-8a6b-721a9eb4d4b9 409895635eb542278ec17a34e1dd69c1 b985689d468f494f931970c206c8e1cf - - default default] 199.19.213.244 "GET /v2.0/ports?device_id=ffd911d9-e67f-4fb9-ad66-ff2647a03857 HTTP/1.1" status: 200 len: 1170 time: 0.0799527
2026-05-12 12:33:55.860 10 INFO neutron.db.ovn_revision_numbers_db [None req-214c8629-7fd4-49a2-874e-928146dfa76d 3b0a0edda41f435d88d6ba8a74cace51 1888e6ea4bec4394803d2be1d04a8e95 - - default default] Successfully bumped revision number for resource 30b1d028-3759-46bf-bf73-aa60c8f7ff89 (type: security_groups) to 1
2026-05-12 12:33:55.870 10 INFO neutron.db.ovn_revision_numbers_db [None req-214c8629-7fd4-49a2-874e-928146dfa76d 3b0a0edda41f435d88d6ba8a74cace51 1888e6ea4bec4394803d2be1d04a8e95 - - default default] Successfully bumped revision number for resource 19f38c48-9bf4-41c4-8b02-b23f365b11dd (type: security_group_rules) to 0
2026-05-12 12:33:55.887 10 INFO neutron.db.ovn_revision_numbers_db [None req-214c8629-7fd4-49a2-874e-928146dfa76d 3b0a0edda41f435d88d6ba8a74cace51 1888e6ea4bec4394803d2be1d04a8e95 - - default default] Successfully bumped revision number for resource 5c9d808b-8ef5-44c5-ba66-2c8dcf126adc (type: security_group_rules) to 0
2026-05-12 12:33:55.909 10 INFO neutron.db.ovn_revision_numbers_db [None req-214c8629-7fd4-49a2-874e-928146dfa76d 3b0a0edda41f435d88d6ba8a74cace51 1888e6ea4bec4394803d2be1d04a8e95 - - default default] Successfully bumped revision number for resource e74d6e0f-dfc6-42cc-9a40-d354e8316b00 (type: security_group_rules) to 0
2026-05-12 12:33:55.926 10 INFO neutron.db.ovn_revision_numbers_db [None req-214c8629-7fd4-49a2-874e-928146dfa76d 3b0a0edda41f435d88d6ba8a74cace51 1888e6ea4bec4394803d2be1d04a8e95 - - default default] Successfully bumped revision number for resource ef1cc96a-3912-4bf9-9a5f-846fc4d64ee2 (type: security_group_rules) to 0
2026-05-12 12:33:55.946 10 INFO neutron.wsgi [None req-214c8629-7fd4-49a2-874e-928146dfa76d 3b0a0edda41f435d88d6ba8a74cace51 1888e6ea4bec4394803d2be1d04a8e95 - - default default] 10.0.0.120 "GET /v2.0/security-groups?tenant_id=76abf44b7ef646f6b30db11804504ab3&name=default HTTP/1.1" status: 200 len: 3120 time: 0.3990026
2026-05-12 12:33:56.193 10 INFO neutron.wsgi [None req-168460b3-9f73-483c-9162-1bffdb0d223f 3b0a0edda41f435d88d6ba8a74cace51 1888e6ea4bec4394803d2be1d04a8e95 - - default default] 10.0.0.120 "DELETE /v2.0/security-groups/30b1d028-3759-46bf-bf73-aa60c8f7ff89 HTTP/1.1" status: 204 len: 168 time: 0.2407444
2026-05-12 12:33:56.636 9 WARNING neutron.scheduler.dhcp_agent_scheduler [None req-20f3774b-a564-47f7-8c61-fca64470f072 48615160ccce4a81abe946a15830cd33 41a7a4b32bf24ebba9d4ecb98b753433 - - default default] No more DHCP agents
2026-05-12 12:33:56.643 9 WARNING neutron.api.rpc.agentnotifiers.dhcp_rpc_agent_api [None req-20f3774b-a564-47f7-8c61-fca64470f072 48615160ccce4a81abe946a15830cd33 41a7a4b32bf24ebba9d4ecb98b753433 - - default default] Unable to schedule network ef4cee6a-f65e-40a3-949c-130c1adf1c83: no agents available; will retry on subsequent port and subnet creation events.
2026-05-12 12:33:56.681 10 INFO neutron.wsgi [req-08b7a624-37de-47b5-a471-0377792873ea req-ba064a75-3961-457c-add7-881b013e3622 409895635eb542278ec17a34e1dd69c1 b985689d468f494f931970c206c8e1cf - - default default] 10.0.0.1 "GET /v2.0/ports?device_id=ffd911d9-e67f-4fb9-ad66-ff2647a03857 HTTP/1.1" status: 200 len: 1170 time: 0.0882878
2026-05-12 12:33:56.739 9 INFO neutron.db.l3_db [req-20ab5034-d94b-4743-9b97-8138788f91c8 req-0c134883-9b21-470a-a248-3dc938dc1546 409895635eb542278ec17a34e1dd69c1 b985689d468f494f931970c206c8e1cf - - default default] Floating IP fe57b5fb-e374-485a-822c-f423041eeb05 disassociated. External IP: 10.96.250.206, port: 818a7ced-e716-423e-a689-a0c3968597f8.
2026-05-12 12:33:56.750 10 INFO neutron.wsgi [req-08b7a624-37de-47b5-a471-0377792873ea req-c0cc0dbb-f9d0-44af-ab39-de86ef460824 409895635eb542278ec17a34e1dd69c1 b985689d468f494f931970c206c8e1cf - - default default] 10.0.0.1 "GET /v2.0/security-groups?id=d97d2a70-8fbb-4051-a931-b045be09f32d&fields=id&fields=name HTTP/1.1" status: 200 len: 313 time: 0.0603449
2026-05-12 12:33:56.907 9 INFO neutron.db.ovn_revision_numbers_db [None req-20f3774b-a564-47f7-8c61-fca64470f072 48615160ccce4a81abe946a15830cd33 41a7a4b32bf24ebba9d4ecb98b753433 - - default default] Successfully bumped revision number for resource cf8a638a-e892-46e4-9e28-f25ead318526 (type: ports) to 1
2026-05-12 12:33:56.933 9 INFO neutron.wsgi [req-ebb5e017-ced2-4c09-84f0-4db820afc35a req-ca151fe8-4a11-43fc-b7ec-1ea35ed205fd 53bc58885f7a4bb4b2d1622e876bac32 cd76aef5a7e449efa94d3a30f4b567a8 - - default default] 10.0.0.1 "GET /v2.0/ports?device_id=9917c5f1-5b0f-4a82-943a-4bb9c2bae295 HTTP/1.1" status: 200 len: 1174 time: 0.0627351
2026-05-12 12:33:56.952 9 INFO neutron.wsgi [req-20ab5034-d94b-4743-9b97-8138788f91c8 req-0c134883-9b21-470a-a248-3dc938dc1546 409895635eb542278ec17a34e1dd69c1 b985689d468f494f931970c206c8e1cf - - default default] 199.19.213.244 "DELETE /v2.0/ports/818a7ced-e716-423e-a689-a0c3968597f8 HTTP/1.1" status: 204 len: 173 time: 1.1438043
2026-05-12 12:33:56.993 9 INFO neutron.notifiers.nova [-] Nova event matching ['req-1febafea-092e-4522-b714-876bc2972dfd'] response: {'server_uuid': 'ffd911d9-e67f-4fb9-ad66-ff2647a03857', 'name': 'network-vif-deleted', 'tag': '818a7ced-e716-423e-a689-a0c3968597f8', 'status': 'completed', 'code': 200}
2026-05-12 12:33:57.023 9 INFO neutron.wsgi [req-ebb5e017-ced2-4c09-84f0-4db820afc35a req-f7396907-fa30-48cf-b2b7-f580ae265fa2 53bc58885f7a4bb4b2d1622e876bac32 cd76aef5a7e449efa94d3a30f4b567a8 - - default default] 10.0.0.1 "GET /v2.0/security-groups?id=6c38b92c-11c5-403f-afa4-8a25cbef0781&fields=id&fields=name HTTP/1.1" status: 200 len: 312 time: 0.0658736
2026-05-12 12:33:57.034 10 INFO neutron.notifiers.nova [-] Nova event matching ['req-384cadfd-cada-44c2-ae86-2ea83ec6fc7e'] response: {'name': 'network-changed', 'server_uuid': 'ffd911d9-e67f-4fb9-ad66-ff2647a03857', 'tag': '818a7ced-e716-423e-a689-a0c3968597f8', 'status': 'completed', 'code': 200}
2026-05-12 12:33:57.035 10 INFO neutron.notifiers.nova [-] Nova event matching ['req-384cadfd-cada-44c2-ae86-2ea83ec6fc7e'] response: {'server_uuid': '9917c5f1-5b0f-4a82-943a-4bb9c2bae295', 'name': 'network-vif-plugged', 'status': 'completed', 'tag': '9bef803b-cadf-43fa-99c6-b7d754bae797', 'code': 200}
2026-05-12 12:33:57.084 9 INFO neutron.wsgi [req-14edaf6e-66fa-42e9-8e7a-d3f243506526 req-3ed7d8e8-c78a-4ef7-92c1-b47e6da3be3f 2fd3fec1df4d484eb413dee8fbb53e2b 9b5a54f26303430885f9f2b69292e723 - - a207f7a3574a4184a487d9be974e9da4 a207f7a3574a4184a487d9be974e9da4] 199.19.213.244 "GET /v2.0/ports?tenant_id=b985689d468f494f931970c206c8e1cf&device_id=ffd911d9-e67f-4fb9-ad66-ff2647a03857 HTTP/1.1" status: 200 len: 210 time: 0.0270677
2026-05-12 12:33:57.199 9 INFO neutron.wsgi [req-14edaf6e-66fa-42e9-8e7a-d3f243506526 req-3b188916-abbb-4465-9b80-e0556f2b2e79 2fd3fec1df4d484eb413dee8fbb53e2b 9b5a54f26303430885f9f2b69292e723 - - a207f7a3574a4184a487d9be974e9da4 a207f7a3574a4184a487d9be974e9da4] 199.19.213.244 "GET /v2.0/networks?tenant_id=b985689d468f494f931970c206c8e1cf&shared=False HTTP/1.1" status: 200 len: 966 time: 0.1097686
2026-05-12 12:33:57.236 10 INFO neutron.wsgi [req-01e293f6-aefa-438c-81f0-c10c4306483b req-b7430fe8-6b30-40a0-a3d1-5cdc2f1acadb 53bc58885f7a4bb4b2d1622e876bac32 cd76aef5a7e449efa94d3a30f4b567a8 - - default default] 10.0.0.1 "GET /v2.0/ports?device_id=9917c5f1-5b0f-4a82-943a-4bb9c2bae295 HTTP/1.1" status: 200 len: 1174 time: 0.1237228
2026-05-12 12:33:57.326 9 INFO neutron.wsgi [req-14edaf6e-66fa-42e9-8e7a-d3f243506526 req-57385f7c-9df0-4daa-b046-723c61ce9042 2fd3fec1df4d484eb413dee8fbb53e2b 9b5a54f26303430885f9f2b69292e723 - - a207f7a3574a4184a487d9be974e9da4 a207f7a3574a4184a487d9be974e9da4] 199.19.213.244 "GET /v2.0/networks?shared=True HTTP/1.1" status: 200 len: 952 time: 0.1207104
2026-05-12 12:33:57.842 10 INFO neutron.db.ovn_revision_numbers_db [None req-72ebf02d-4d7c-49d1-86f8-1fd3625aea71 53bc58885f7a4bb4b2d1622e876bac32 cd76aef5a7e449efa94d3a30f4b567a8 - - default default] Successfully bumped revision number for resource e886e431-bca6-4c71-8b25-2f9315702f10 (type: floatingips) to 1
2026-05-12 12:33:57.888 9 ERROR ovsdbapp.backend.ovs_idl.command [None req-20f3774b-a564-47f7-8c61-fca64470f072 48615160ccce4a81abe946a15830cd33 41a7a4b32bf24ebba9d4ecb98b753433 - - default default] Error executing command (DbGetCommand): ovsdbapp.backend.ovs_idl.idlutils.RowNotFound: Cannot find Logical_Router_Port with name=lrp-cf8a638a-e892-46e4-9e28-f25ead318526
2026-05-12 12:33:57.888 9 ERROR ovsdbapp.backend.ovs_idl.command
Traceback (most recent call last):
2026-05-12 12:33:57.888 9 ERROR ovsdbapp.backend.ovs_idl.command
File "/var/lib/openstack/lib/python3.10/site-packages/ovsdbapp/backend/ovs_idl/command.py", line 47, in execute
2026-05-12 12:33:57.888 9 ERROR ovsdbapp.backend.ovs_idl.command self.run_idl(None)
2026-05-12 12:33:57.888 9 ERROR ovsdbapp.backend.ovs_idl.command
File "/var/lib/openstack/lib/python3.10/site-packages/ovsdbapp/backend/ovs_idl/command.py", line 235, in run_idl
2026-05-12 12:33:57.888 9 ERROR ovsdbapp.backend.ovs_idl.command record = self.api.lookup(self.table, self.record)
2026-05-12 12:33:57.888 9 ERROR ovsdbapp.backend.ovs_idl.command
File "/var/lib/openstack/lib/python3.10/site-packages/ovsdbapp/backend/ovs_idl/__init__.py", line 184, in lookup
2026-05-12 12:33:57.888 9 ERROR ovsdbapp.backend.ovs_idl.command return self._lookup(table, record)
2026-05-12 12:33:57.888 9 ERROR ovsdbapp.backend.ovs_idl.command
File "/var/lib/openstack/lib/python3.10/site-packages/ovsdbapp/backend/ovs_idl/__init__.py", line 235, in _lookup
2026-05-12 12:33:57.888 9 ERROR ovsdbapp.backend.ovs_idl.command row = idlutils.row_by_value(self, rl.table, rl.column, record)
2026-05-12 12:33:57.888 9 ERROR ovsdbapp.backend.ovs_idl.command
File "/var/lib/openstack/lib/python3.10/site-packages/ovsdbapp/backend/ovs_idl/idlutils.py", line 114, in row_by_value
2026-05-12 12:33:57.888 9 ERROR ovsdbapp.backend.ovs_idl.command raise RowNotFound(table=table, col=column, match=match)
2026-05-12 12:33:57.888 9 ERROR ovsdbapp.backend.ovs_idl.command ovsdbapp.backend.ovs_idl.idlutils.RowNotFound: Cannot find Logical_Router_Port with name=lrp-cf8a638a-e892-46e4-9e28-f25ead318526
2026-05-12 12:33:57.888 9 ERROR ovsdbapp.backend.ovs_idl.command 
2026-05-12 12:33:57.889 9 ERROR neutron_lib.callbacks.manager [None req-20f3774b-a564-47f7-8c61-fca64470f072 48615160ccce4a81abe946a15830cd33 41a7a4b32bf24ebba9d4ecb98b753433 - - default default] Error during notification for neutron.services.ovn_l3.plugin.OVNL3RouterPlugin._port_update-8770818979567 port, after_update: ovsdbapp.backend.ovs_idl.idlutils.RowNotFound: Cannot find Logical_Router_Port with name=lrp-cf8a638a-e892-46e4-9e28-f25ead318526
2026-05-12 12:33:57.889 9 ERROR neutron_lib.callbacks.manager
Traceback (most recent call last):
2026-05-12 12:33:57.889 9 ERROR neutron_lib.callbacks.manager
File "/var/lib/openstack/lib/python3.10/site-packages/neutron_lib/callbacks/manager.py", line 189, in _notify_loop
2026-05-12 12:33:57.889 9 ERROR neutron_lib.callbacks.manager callback.method(resource, event, trigger, payload=payload)
2026-05-12 12:33:57.889 9 ERROR neutron_lib.callbacks.manager
File "/var/lib/openstack/lib/python3.10/site-packages/neutron/services/ovn_l3/plugin.py", line 391, in _port_update
2026-05-12 12:33:57.889 9 ERROR neutron_lib.callbacks.manager l3plugin._ovn_client.update_router_port(context,
2026-05-12 12:33:57.889 9 ERROR neutron_lib.callbacks.manager
File "/var/lib/openstack/lib/python3.10/site-packages/neutron/plugins/ml2/drivers/ovn/mech_driver/ovsdb/ovn_client.py", line 1878, in update_router_port
2026-05-12 12:33:57.889 9 ERROR neutron_lib.callbacks.manager self._update_lrouter_port(context, port, if_exists=if_exists,
2026-05-12 12:33:57.889 9 ERROR neutron_lib.callbacks.manager
File "/var/lib/openstack/lib/python3.10/site-packages/neutron/plugins/ml2/drivers/ovn/mech_driver/ovsdb/ovn_client.py", line 1855, in _update_lrouter_port
2026-05-12 12:33:57.889 9 ERROR neutron_lib.callbacks.manager external_ids = self._nb_idl.db_get(
2026-05-12 12:33:57.889 9 ERROR neutron_lib.callbacks.manager
File "/var/lib/openstack/lib/python3.10/site-packages/ovsdbapp/backend/ovs_idl/command.py", line 47, in execute
2026-05-12 12:33:57.889 9 ERROR neutron_lib.callbacks.manager self.run_idl(None)
2026-05-12 12:33:57.889 9 ERROR neutron_lib.callbacks.manager
File "/var/lib/openstack/lib/python3.10/site-packages/ovsdbapp/backend/ovs_idl/command.py", line 235, in run_idl
2026-05-12 12:33:57.889 9 ERROR neutron_lib.callbacks.manager record = self.api.lookup(self.table, self.record)
2026-05-12 12:33:57.889 9 ERROR neutron_lib.callbacks.manager
File "/var/lib/openstack/lib/python3.10/site-packages/ovsdbapp/backend/ovs_idl/__init__.py", line 184, in lookup
2026-05-12 12:33:57.889 9 ERROR neutron_lib.callbacks.manager return self._lookup(table, record)
2026-05-12 12:33:57.889 9 ERROR neutron_lib.callbacks.manager
File "/var/lib/openstack/lib/python3.10/site-packages/ovsdbapp/backend/ovs_idl/__init__.py", line 235, in _lookup
2026-05-12 12:33:57.889 9 ERROR neutron_lib.callbacks.manager row = idlutils.row_by_value(self, rl.table, rl.column, record)
2026-05-12 12:33:57.889 9 ERROR neutron_lib.callbacks.manager
File "/var/lib/openstack/lib/python3.10/site-packages/ovsdbapp/backend/ovs_idl/idlutils.py", line 114, in row_by_value
2026-05-12 12:33:57.889 9 ERROR neutron_lib.callbacks.manager raise RowNotFound(table=table, col=column, match=match)
2026-05-12 12:33:57.889 9 ERROR neutron_lib.callbacks.manager ovsdbapp.backend.ovs_idl.idlutils.RowNotFound: Cannot find Logical_Router_Port with name=lrp-cf8a638a-e892-46e4-9e28-f25ead318526
2026-05-12 12:33:57.889 9 ERROR neutron_lib.callbacks.manager 
2026-05-12 12:33:58.052 9 INFO neutron.wsgi [None req-d482e7b4-c885-465f-9836-3a514606bac8 409895635eb542278ec17a34e1dd69c1 b985689d468f494f931970c206c8e1cf - - default default] 10.0.0.120 "DELETE /v2.0/security-groups/d97d2a70-8fbb-4051-a931-b045be09f32d HTTP/1.1" status: 204 len: 168 time: 0.1992781
2026-05-12 12:33:58.071 9 INFO neutron.api.v2.resource [None req-279ee59d-e056-4725-b7e7-ae7c7fc7e230 409895635eb542278ec17a34e1dd69c1 b985689d468f494f931970c206c8e1cf - - default default] show failed (client error): The resource could not be found.
2026-05-12 12:33:58.072 9 INFO neutron.wsgi [None req-279ee59d-e056-4725-b7e7-ae7c7fc7e230 409895635eb542278ec17a34e1dd69c1 b985689d468f494f931970c206c8e1cf - - default default] 10.0.0.120 "GET /v2.0/security-groups/d97d2a70-8fbb-4051-a931-b045be09f32d HTTP/1.1" status: 404 len: 347 time: 0.0135467
2026-05-12 12:33:58.170 10 INFO neutron.db.ovn_revision_numbers_db [None req-72ebf02d-4d7c-49d1-86f8-1fd3625aea71 53bc58885f7a4bb4b2d1622e876bac32 cd76aef5a7e449efa94d3a30f4b567a8 - - default default] Successfully bumped revision number for resource e886e431-bca6-4c71-8b25-2f9315702f10 (type: floatingips) to 2
2026-05-12 12:33:58.171 10 INFO neutron.db.l3_db [None req-72ebf02d-4d7c-49d1-86f8-1fd3625aea71 53bc58885f7a4bb4b2d1622e876bac32 cd76aef5a7e449efa94d3a30f4b567a8 - - default default] Floating IP e886e431-bca6-4c71-8b25-2f9315702f10 associated. External IP: 10.96.250.214, port: 9bef803b-cadf-43fa-99c6-b7d754bae797.
2026-05-12 12:33:58.180 9 INFO neutron.db.ovn_revision_numbers_db [None req-20f3774b-a564-47f7-8c61-fca64470f072 48615160ccce4a81abe946a15830cd33 41a7a4b32bf24ebba9d4ecb98b753433 - - default default] Successfully bumped revision number for resource cf8a638a-e892-46e4-9e28-f25ead318526 (type: ports) to 1
2026-05-12 12:33:58.200 10 INFO neutron.wsgi [None req-72ebf02d-4d7c-49d1-86f8-1fd3625aea71 53bc58885f7a4bb4b2d1622e876bac32 cd76aef5a7e449efa94d3a30f4b567a8 - - default default] 10.0.0.120 "PUT /v2.0/floatingips/e886e431-bca6-4c71-8b25-2f9315702f10 HTTP/1.1" status: 200 len: 1050 time: 0.9559841
2026-05-12 12:33:58.203 9 WARNING neutron_lib.context [None req-9727baf0-b457-4bc0-a53d-7268081fd109 f52e6122cb6b47b3a4c58b9a13b53aa7 ac2c84d716654d32aa346040b753c99b - - default default] Method 'is_advsvc' is deprecated since 2023.2 release (neutron-lib 3.8.0) and will be removed once support for the old RBAC API policies will be removed from Neutron. Please use method 'is_service_role' instead.
2026-05-12 12:33:58.203 9 WARNING neutron_lib.context [None req-9727baf0-b457-4bc0-a53d-7268081fd109 f52e6122cb6b47b3a4c58b9a13b53aa7 ac2c84d716654d32aa346040b753c99b - - default default] Method 'is_advsvc' is deprecated since 2023.2 release (neutron-lib 3.8.0) and will be removed once support for the old RBAC API policies will be removed from Neutron. Please use method 'is_service_role' instead.
2026-05-12 12:33:58.317 9 INFO neutron.wsgi [req-aed76072-82c3-4653-ad98-8b9714990875 req-a17a62dd-634c-42a4-81d4-2c0825bbce35 53bc58885f7a4bb4b2d1622e876bac32 cd76aef5a7e449efa94d3a30f4b567a8 - - default default] 10.0.0.1 "GET /v2.0/ports?device_id=9917c5f1-5b0f-4a82-943a-4bb9c2bae295 HTTP/1.1" status: 200 len: 1174 time: 0.0788014
2026-05-12 12:33:58.353 9 WARNING neutron.scheduler.dhcp_agent_scheduler [None req-20f3774b-a564-47f7-8c61-fca64470f072 48615160ccce4a81abe946a15830cd33 41a7a4b32bf24ebba9d4ecb98b753433 - - default default] No more DHCP agents
2026-05-12 12:33:58.358 9 WARNING neutron.api.rpc.agentnotifiers.dhcp_rpc_agent_api [None req-20f3774b-a564-47f7-8c61-fca64470f072 48615160ccce4a81abe946a15830cd33 41a7a4b32bf24ebba9d4ecb98b753433 - - default default] Unable to schedule network ef4cee6a-f65e-40a3-949c-130c1adf1c83: no agents available; will retry on subsequent port and subnet creation events.
2026-05-12 12:33:58.435 9 INFO neutron.wsgi [req-aed76072-82c3-4653-ad98-8b9714990875 req-6b282853-6dd7-44ab-8e89-7e598b0108f7 53bc58885f7a4bb4b2d1622e876bac32 cd76aef5a7e449efa94d3a30f4b567a8 - - default default] 10.0.0.1 "GET /v2.0/security-groups?id=6c38b92c-11c5-403f-afa4-8a25cbef0781&fields=id&fields=name HTTP/1.1" status: 200 len: 312 time: 0.1122699
2026-05-12 12:33:58.539 10 INFO neutron.wsgi [-] 10.0.0.184 "GET / HTTP/1.1" status: 200 len: 247 time: 0.0030401
2026-05-12 12:33:58.541 10 INFO neutron.wsgi [-] 10.0.0.184 "GET / HTTP/1.1" status: 200 len: 247 time: 0.0014820
2026-05-12 12:33:58.577 9 INFO neutron.db.ovn_revision_numbers_db [None req-9727baf0-b457-4bc0-a53d-7268081fd109 f52e6122cb6b47b3a4c58b9a13b53aa7 ac2c84d716654d32aa346040b753c99b - - default default] Successfully bumped revision number for resource d9e81380-0adc-434f-ad14-1739dd50ccd8 (type: security_groups) to 1
2026-05-12 12:33:58.618 9 INFO neutron.db.ovn_revision_numbers_db [None req-9727baf0-b457-4bc0-a53d-7268081fd109 f52e6122cb6b47b3a4c58b9a13b53aa7 ac2c84d716654d32aa346040b753c99b - - default default] Successfully bumped revision number for resource 595ed025-3799-4b52-90b8-f5bd8297e25d (type: security_group_rules) to 0
2026-05-12 12:33:58.660 9 INFO neutron.db.ovn_revision_numbers_db [None req-9727baf0-b457-4bc0-a53d-7268081fd109 f52e6122cb6b47b3a4c58b9a13b53aa7 ac2c84d716654d32aa346040b753c99b - - default default] Successfully bumped revision number for resource 7832428a-ac53-41ee-9a37-ad42e2190dc9 (type: security_group_rules) to 0
2026-05-12 12:33:58.700 9 INFO neutron.db.ovn_revision_numbers_db [None req-9727baf0-b457-4bc0-a53d-7268081fd109 f52e6122cb6b47b3a4c58b9a13b53aa7 ac2c84d716654d32aa346040b753c99b - - default default] Successfully bumped revision number for resource afefdd52-251c-43fb-b244-d45f2914bb4f (type: security_group_rules) to 0
2026-05-12 12:33:58.727 9 INFO neutron.db.ovn_revision_numbers_db [None req-9727baf0-b457-4bc0-a53d-7268081fd109 f52e6122cb6b47b3a4c58b9a13b53aa7 ac2c84d716654d32aa346040b753c99b - - default default] Successfully bumped revision number for resource bf8c7d47-0cd0-4892-b91d-7a8a1d964eb5 (type: security_group_rules) to 0
2026-05-12 12:33:58.774 9 INFO neutron.wsgi [None req-0794cd03-887d-441e-9df9-2bef73499e26 409895635eb542278ec17a34e1dd69c1 b985689d468f494f931970c206c8e1cf - - default default] 10.0.0.120 "DELETE /v2.0/floatingips/fe57b5fb-e374-485a-822c-f423041eeb05 HTTP/1.1" status: 204 len: 168 time: 0.6897683 /var/lib/openstack/lib/python3.10/site-packages/pycadf/identifier.py:71: UserWarning: Invalid uuid: neutron. To ensure interoperability, identifiers should be a valid uuid. warnings.warn(('Invalid uuid: %s. To ensure interoperability, '
2026-05-12 12:33:58.844 9 INFO neutron.db.segments_db [None req-9727baf0-b457-4bc0-a53d-7268081fd109 f52e6122cb6b47b3a4c58b9a13b53aa7 ac2c84d716654d32aa346040b753c99b - - default default] Added segment f897f21a-3f40-43be-9735-f8c6b91a4bcf of type geneve for network 8e3da14c-05a5-4403-9f60-7c41cd991dbb
2026-05-12 12:33:58.959 9 INFO neutron.db.ovn_revision_numbers_db [None req-20f3774b-a564-47f7-8c61-fca64470f072 48615160ccce4a81abe946a15830cd33 41a7a4b32bf24ebba9d4ecb98b753433 - - default default] Successfully bumped revision number for resource cf8a638a-e892-46e4-9e28-f25ead318526 (type: router_ports) to 1
2026-05-12 12:33:58.965 9 INFO neutron.wsgi [None req-20f3774b-a564-47f7-8c61-fca64470f072 48615160ccce4a81abe946a15830cd33 41a7a4b32bf24ebba9d4ecb98b753433 - - default default] 10.0.0.120 "PUT /v2.0/routers/21a858b0-8b91-4974-80dc-d46667b74ee9/add_router_interface HTTP/1.1" status: 200 len: 503 time: 3.7655115
2026-05-12 12:33:58.977 10 WARNING neutron_lib.context [None req-ccfb75eb-ea04-4859-9531-829c3f794655 48615160ccce4a81abe946a15830cd33 41a7a4b32bf24ebba9d4ecb98b753433 - - default default] Method 'is_advsvc' is deprecated since 2023.2 release (neutron-lib 3.8.0) and will be removed once support for the old RBAC API policies will be removed from Neutron. Please use method 'is_service_role' instead.
2026-05-12 12:33:59.002 9 INFO neutron.db.segments_db [None req-9727baf0-b457-4bc0-a53d-7268081fd109 f52e6122cb6b47b3a4c58b9a13b53aa7 ac2c84d716654d32aa346040b753c99b - - default default] Added segment 2b7e0dfa-5525-408d-b07e-f3fd66a047c1 of type geneve for network f883972e-6314-4594-b59c-27bb0e03f1b2
2026-05-12 12:33:59.077 10 INFO neutron.notifiers.nova [-] Nova event matching ['req-eb875564-6f44-48c0-bb32-07bcafbda66a'] response: {'name': 'network-changed', 'server_uuid': '9917c5f1-5b0f-4a82-943a-4bb9c2bae295', 'tag': '9bef803b-cadf-43fa-99c6-b7d754bae797', 'status': 'completed', 'code': 200}
2026-05-12 12:33:59.174 9 INFO neutron.wsgi [req-3d15b43e-682e-469a-8a8d-5b1d6e8e4613 req-e7061294-4ddd-4137-9553-8765e2205bfd 2fd3fec1df4d484eb413dee8fbb53e2b 9b5a54f26303430885f9f2b69292e723 - - a207f7a3574a4184a487d9be974e9da4 a207f7a3574a4184a487d9be974e9da4] 199.19.213.244 "GET /v2.0/ports?tenant_id=cd76aef5a7e449efa94d3a30f4b567a8&device_id=9917c5f1-5b0f-4a82-943a-4bb9c2bae295 HTTP/1.1" status: 200 len: 1413 time: 0.0796936
2026-05-12 12:33:59.205 9 INFO neutron.db.ovn_revision_numbers_db [None req-9727baf0-b457-4bc0-a53d-7268081fd109 f52e6122cb6b47b3a4c58b9a13b53aa7 ac2c84d716654d32aa346040b753c99b - - default default] Successfully bumped revision number for resource 8e3da14c-05a5-4403-9f60-7c41cd991dbb (type: networks) to 1
2026-05-12 12:33:59.281 9 INFO neutron.wsgi [req-3d15b43e-682e-469a-8a8d-5b1d6e8e4613 req-5c3937c0-8c2d-4afd-9193-055b526fca17 2fd3fec1df4d484eb413dee8fbb53e2b 9b5a54f26303430885f9f2b69292e723 - - a207f7a3574a4184a487d9be974e9da4 a207f7a3574a4184a487d9be974e9da4] 199.19.213.244 "GET /v2.0/networks?id=eb6cd996-d132-4230-9c7c-b3c36ee7dc92 HTTP/1.1" status: 200 len: 982 time: 0.0992527
2026-05-12 12:33:59.432 10 WARNING neutron.scheduler.dhcp_agent_scheduler [None req-ccfb75eb-ea04-4859-9531-829c3f794655 48615160ccce4a81abe946a15830cd33 41a7a4b32bf24ebba9d4ecb98b753433 - - default default] No more DHCP agents
2026-05-12 12:33:59.437 10 WARNING neutron.api.rpc.agentnotifiers.dhcp_rpc_agent_api [None req-ccfb75eb-ea04-4859-9531-829c3f794655 48615160ccce4a81abe946a15830cd33 41a7a4b32bf24ebba9d4ecb98b753433 - - default default] Unable to schedule network ef4cee6a-f65e-40a3-949c-130c1adf1c83: no agents available; will retry on subsequent port and subnet creation events.
2026-05-12 12:33:59.532 9 INFO neutron.wsgi [req-3d15b43e-682e-469a-8a8d-5b1d6e8e4613 req-d7820e11-ff3d-4985-9f0e-a86b1803df70 2fd3fec1df4d484eb413dee8fbb53e2b 9b5a54f26303430885f9f2b69292e723 - - a207f7a3574a4184a487d9be974e9da4 a207f7a3574a4184a487d9be974e9da4] 199.19.213.244 "GET /v2.0/floatingips?fixed_ip_address=10.100.0.12&port_id=9bef803b-cadf-43fa-99c6-b7d754bae797 HTTP/1.1" status: 200 len: 1060 time: 0.2405548
2026-05-12 12:33:59.579 9 INFO neutron.wsgi [req-3d15b43e-682e-469a-8a8d-5b1d6e8e4613 req-8fea19b8-23d7-453a-89a9-261a9bae3aa9 2fd3fec1df4d484eb413dee8fbb53e2b 9b5a54f26303430885f9f2b69292e723 - - a207f7a3574a4184a487d9be974e9da4 a207f7a3574a4184a487d9be974e9da4] 199.19.213.244 "GET /v2.0/subnets?id=3076540c-ab3e-4911-a4f5-ef231f573f88 HTTP/1.1" status: 200 len: 877 time: 0.0407164
2026-05-12 12:33:59.612 9 INFO neutron.wsgi [req-3d15b43e-682e-469a-8a8d-5b1d6e8e4613 req-19ad4e6c-42c5-4b4a-8d92-3f025ec7a01d 2fd3fec1df4d484eb413dee8fbb53e2b 9b5a54f26303430885f9f2b69292e723 - - a207f7a3574a4184a487d9be974e9da4 a207f7a3574a4184a487d9be974e9da4] 199.19.213.244 "GET /v2.0/ports?network_id=eb6cd996-d132-4230-9c7c-b3c36ee7dc92&device_owner=network%3Adhcp HTTP/1.1" status: 200 len: 210 time: 0.0253658
2026-05-12 12:33:59.651 10 INFO neutron.db.ovn_revision_numbers_db [None req-ccfb75eb-ea04-4859-9531-829c3f794655 48615160ccce4a81abe946a15830cd33 41a7a4b32bf24ebba9d4ecb98b753433 - - default default] Successfully bumped revision number for resource ba522667-a282-4fc7-8ddc-1125056a2a13 (type: ports) to 1
2026-05-12 12:33:59.664 9 WARNING neutron.plugins.ml2.drivers.ovn.mech_driver.ovsdb.ovn_client [None req-ca27ef9f-9455-4702-a107-3bdae08ab7dd - - - - - -] No hosting information found for port 3e01fb14-ef67-44c6-9b5b-3f813e9575bf: RuntimeError: No hosting information found for port 3e01fb14-ef67-44c6-9b5b-3f813e9575bf
2026-05-12 12:33:59.664 9 INFO neutron.plugins.ml2.drivers.ovn.mech_driver.mech_driver [None req-ca27ef9f-9455-4702-a107-3bdae08ab7dd - - - - - -] OVN reports status down for port: 818a7ced-e716-423e-a689-a0c3968597f8
2026-05-12 12:33:59.666 9 WARNING neutron.scheduler.dhcp_agent_scheduler [None req-9727baf0-b457-4bc0-a53d-7268081fd109 f52e6122cb6b47b3a4c58b9a13b53aa7 ac2c84d716654d32aa346040b753c99b - - default default] No more DHCP agents
2026-05-12 12:33:59.677 10 INFO neutron.wsgi [None req-ccfb75eb-ea04-4859-9531-829c3f794655 48615160ccce4a81abe946a15830cd33 41a7a4b32bf24ebba9d4ecb98b753433 - - default default] 10.0.0.120 "POST /v2.0/ports HTTP/1.1" status: 201 len: 1153 time: 0.7054908
