2026-05-12 12:37:48.931 9 WARNING neutron.api.rpc.agentnotifiers.dhcp_rpc_agent_api [None req-836d1190-52f0-4022-9b2d-27f753f6ce61 3b0a0edda41f435d88d6ba8a74cace51 1888e6ea4bec4394803d2be1d04a8e95 - - default default] Unable to schedule network 110dc62a-4dd9-4f3d-b334-a5f1ef86a5c0: no agents available; will retry on subsequent port and subnet creation events.
2026-05-12 12:37:49.044 9 INFO neutron.plugins.ml2.drivers.ovn.mech_driver.mech_driver [None req-ca27ef9f-9455-4702-a107-3bdae08ab7dd - - - - - -] OVN reports status up for port: d8765334-f717-4a34-bbc7-e4e18413a2ff
2026-05-12 12:37:49.056 9 INFO neutron.plugins.ml2.plugin [None req-ca27ef9f-9455-4702-a107-3bdae08ab7dd - - - - - -] Attempt 1 to provision port d8765334-f717-4a34-bbc7-e4e18413a2ff
2026-05-12 12:37:49.066 10 INFO neutron.db.ovn_revision_numbers_db [None req-39ecd167-b85b-49ec-bf26-a479ea6ecb1d c77aa06b0635498f82a5ceee67eb4bed d77078083732434bbe52fab3bebeb961 - - default default] Successfully bumped revision number for resource d8765334-f717-4a34-bbc7-e4e18413a2ff (type: ports) to 1
2026-05-12 12:37:49.116 9 INFO neutron.db.ovn_revision_numbers_db [None req-836d1190-52f0-4022-9b2d-27f753f6ce61 3b0a0edda41f435d88d6ba8a74cace51 1888e6ea4bec4394803d2be1d04a8e95 - - default default] Successfully bumped revision number for resource 43c9c1eb-5c78-4d20-ac10-1977b718664e (type: ports) to 1
2026-05-12 12:37:49.137 10 WARNING neutron.scheduler.dhcp_agent_scheduler [None req-39ecd167-b85b-49ec-bf26-a479ea6ecb1d c77aa06b0635498f82a5ceee67eb4bed d77078083732434bbe52fab3bebeb961 - - default default] No more DHCP agents
2026-05-12 12:37:49.139 10 WARNING neutron.api.rpc.agentnotifiers.dhcp_rpc_agent_api [None req-39ecd167-b85b-49ec-bf26-a479ea6ecb1d c77aa06b0635498f82a5ceee67eb4bed d77078083732434bbe52fab3bebeb961 - - default default] Unable to schedule network 8395847a-7346-40fa-8741-5f7554fc4aec: no agents available; will retry on subsequent port and subnet creation events.
2026-05-12 12:37:49.478 10 INFO neutron.db.ovn_revision_numbers_db [None req-39ecd167-b85b-49ec-bf26-a479ea6ecb1d c77aa06b0635498f82a5ceee67eb4bed d77078083732434bbe52fab3bebeb961 - - default default] Successfully bumped revision number for resource d8765334-f717-4a34-bbc7-e4e18413a2ff (type: router_ports) to 1
2026-05-12 12:37:49.485 10 INFO neutron.wsgi [None req-39ecd167-b85b-49ec-bf26-a479ea6ecb1d c77aa06b0635498f82a5ceee67eb4bed d77078083732434bbe52fab3bebeb961 - - default default] 10.0.0.120 "PUT /v2.0/routers/e25a8104-594b-43e2-8d34-75864160a936/add_router_interface HTTP/1.1" status: 200 len: 503 time: 2.1900117
2026-05-12 12:37:49.493 10 WARNING neutron_lib.context [None req-780ac521-9b0d-4c13-84f0-7a10cc7c0370 c77aa06b0635498f82a5ceee67eb4bed d77078083732434bbe52fab3bebeb961 - - default default] Method 'is_advsvc' is deprecated since 2023.2 release (neutron-lib 3.8.0) and will be removed once support for the old RBAC API policies will be removed from Neutron. Please use method 'is_service_role' instead.
2026-05-12 12:37:49.663 9 INFO neutron.db.ovn_revision_numbers_db [None req-ca27ef9f-9455-4702-a107-3bdae08ab7dd - - - - - -] Successfully bumped revision number for resource d8765334-f717-4a34-bbc7-e4e18413a2ff (type: ports) to 2
2026-05-12 12:37:49.979 10 WARNING neutron.plugins.ml2.drivers.ovn.mech_driver.ovsdb.ovn_client [None req-6965b009-2ce0-43fd-adff-4ceaae18830f - - - - - -] No hosting information found for port 09f05fa4-b39b-4b1b-8a61-d2957d6a9d0d: RuntimeError: No hosting information found for port 09f05fa4-b39b-4b1b-8a61-d2957d6a9d0d
2026-05-12 12:37:49.980 10 INFO neutron.plugins.ml2.drivers.ovn.mech_driver.mech_driver [None req-6965b009-2ce0-43fd-adff-4ceaae18830f - - - - - -] OVN reports status up for port: 629af304-9b2c-45b9-bb01-c3a70c0e56d2
2026-05-12 12:37:49.991 10 INFO neutron.plugins.ml2.plugin [None req-6965b009-2ce0-43fd-adff-4ceaae18830f - - - - - -] Attempt 1 to provision port 629af304-9b2c-45b9-bb01-c3a70c0e56d2
2026-05-12 12:37:50.087 9 INFO neutron.db.ovn_revision_numbers_db [None req-ca27ef9f-9455-4702-a107-3bdae08ab7dd - - - - - -] Successfully bumped revision number for resource d8765334-f717-4a34-bbc7-e4e18413a2ff (type: router_ports) to 2
2026-05-12 12:37:50.205 9 INFO neutron.plugins.ml2.drivers.ovn.mech_driver.ovsdb.commands [None req-747e6601-49eb-474d-b2e4-4b96b95ddf3f - - - - - -] Schedule LRP lrp-43c9c1eb-5c78-4d20-ac10-1977b718664e on gateway 285a0ec1-a475-4b84-b59a-389344aebaca with priority 1
2026-05-12 12:37:50.233 10 INFO neutron.plugins.ml2.drivers.ovn.mech_driver.ovsdb.ovsdb_monitor [None req-2b35a80e-fe42-4820-bea2-82ea7a3dc8d9 - - - - - -] Router d7315551-6a8c-4e38-916c-0f27b551cf0a is bound to host instance
2026-05-12 12:37:50.244 9 INFO neutron.db.ovn_revision_numbers_db [None req-836d1190-52f0-4022-9b2d-27f753f6ce61 3b0a0edda41f435d88d6ba8a74cace51 1888e6ea4bec4394803d2be1d04a8e95 - - default default] Successfully bumped revision number for resource 43c9c1eb-5c78-4d20-ac10-1977b718664e (type: router_ports) to 1
2026-05-12 12:37:50.323 9 INFO neutron.db.ovn_revision_numbers_db [None req-836d1190-52f0-4022-9b2d-27f753f6ce61 3b0a0edda41f435d88d6ba8a74cace51 1888e6ea4bec4394803d2be1d04a8e95 - - default default] Successfully bumped revision number for resource d7315551-6a8c-4e38-916c-0f27b551cf0a (type: routers) to 2
2026-05-12 12:37:50.342 9 INFO neutron.wsgi [None req-836d1190-52f0-4022-9b2d-27f753f6ce61 3b0a0edda41f435d88d6ba8a74cace51 1888e6ea4bec4394803d2be1d04a8e95 - - default default] 10.0.0.120 "POST /v2.0/routers HTTP/1.1" status: 201 len: 1165 time: 1.9826937
2026-05-12 12:37:50.409 10 WARNING neutron.scheduler.dhcp_agent_scheduler [None req-780ac521-9b0d-4c13-84f0-7a10cc7c0370 c77aa06b0635498f82a5ceee67eb4bed d77078083732434bbe52fab3bebeb961 - - default default] No more DHCP agents
2026-05-12 12:37:50.412 10 WARNING neutron.api.rpc.agentnotifiers.dhcp_rpc_agent_api [None req-780ac521-9b0d-4c13-84f0-7a10cc7c0370 c77aa06b0635498f82a5ceee67eb4bed d77078083732434bbe52fab3bebeb961 - - default default] Unable to schedule network 110dc62a-4dd9-4f3d-b334-a5f1ef86a5c0: no agents available; will retry on subsequent port and subnet creation events.
2026-05-12 12:37:50.653 10 INFO neutron.db.ovn_revision_numbers_db [None req-780ac521-9b0d-4c13-84f0-7a10cc7c0370 c77aa06b0635498f82a5ceee67eb4bed d77078083732434bbe52fab3bebeb961 - - default default] Successfully bumped revision number for resource 50e35e37-f460-4e78-a554-f2db5c6930c9 (type: ports) to 1
2026-05-12 12:37:50.879 9 WARNING neutron.scheduler.dhcp_agent_scheduler [None req-69919e67-4c4d-4f6d-a5e9-77dc7d9d8ba5 3b0a0edda41f435d88d6ba8a74cace51 1888e6ea4bec4394803d2be1d04a8e95 - - default default] No more DHCP agents
2026-05-12 12:37:50.882 9 WARNING neutron.api.rpc.agentnotifiers.dhcp_rpc_agent_api [None req-69919e67-4c4d-4f6d-a5e9-77dc7d9d8ba5 3b0a0edda41f435d88d6ba8a74cace51 1888e6ea4bec4394803d2be1d04a8e95 - - default default] Unable to schedule network 21e86b3b-7112-4dbf-8477-87173c2809ba: no agents available; will retry on subsequent port and subnet creation events.
2026-05-12 12:37:50.957 10 INFO neutron.db.ovn_revision_numbers_db [None req-780ac521-9b0d-4c13-84f0-7a10cc7c0370 c77aa06b0635498f82a5ceee67eb4bed d77078083732434bbe52fab3bebeb961 - - default default] Successfully bumped revision number for resource 50e35e37-f460-4e78-a554-f2db5c6930c9 (type: ports) to 1
2026-05-12 12:37:51.025 9 INFO neutron.db.ovn_revision_numbers_db [None req-69919e67-4c4d-4f6d-a5e9-77dc7d9d8ba5 3b0a0edda41f435d88d6ba8a74cace51 1888e6ea4bec4394803d2be1d04a8e95 - - default default] Successfully bumped revision number for resource 5be65a24-2218-42da-bf63-8fd6c3e1a9ef (type: ports) to 1
2026-05-12 12:37:51.032 10 INFO neutron.db.segments_db [None req-780ac521-9b0d-4c13-84f0-7a10cc7c0370 c77aa06b0635498f82a5ceee67eb4bed d77078083732434bbe52fab3bebeb961 - - default default] Added segment d4e07189-4f93-456b-834f-e60f6ac08ad0 of type geneve for network 0891777c-43f4-4155-93db-7c9a06bd9d03
2026-05-12 12:37:51.101 10 INFO neutron.db.ovn_revision_numbers_db [None req-2b35a80e-fe42-4820-bea2-82ea7a3dc8d9 - - - - - -] Successfully bumped revision number for resource 43c9c1eb-5c78-4d20-ac10-1977b718664e (type: ports) to 1
2026-05-12 12:37:51.193 10 INFO neutron.db.ovn_revision_numbers_db [None req-780ac521-9b0d-4c13-84f0-7a10cc7c0370 c77aa06b0635498f82a5ceee67eb4bed d77078083732434bbe52fab3bebeb961 - - default default] Successfully bumped revision number for resource 0891777c-43f4-4155-93db-7c9a06bd9d03 (type: networks) to 1
2026-05-12 12:37:51.455 10 WARNING neutron.scheduler.dhcp_agent_scheduler [None req-780ac521-9b0d-4c13-84f0-7a10cc7c0370 c77aa06b0635498f82a5ceee67eb4bed d77078083732434bbe52fab3bebeb961 - - default default] No more DHCP agents
2026-05-12 12:37:51.459 10 WARNING neutron.api.rpc.agentnotifiers.dhcp_rpc_agent_api [None req-780ac521-9b0d-4c13-84f0-7a10cc7c0370 c77aa06b0635498f82a5ceee67eb4bed d77078083732434bbe52fab3bebeb961 - - default default] Unable to schedule network 0891777c-43f4-4155-93db-7c9a06bd9d03: no agents available; will retry on subsequent port and subnet creation events.
2026-05-12 12:37:51.507 9 ERROR ovsdbapp.backend.ovs_idl.command [None req-69919e67-4c4d-4f6d-a5e9-77dc7d9d8ba5 3b0a0edda41f435d88d6ba8a74cace51 1888e6ea4bec4394803d2be1d04a8e95 - - default default] Error executing command (DbGetCommand): ovsdbapp.backend.ovs_idl.idlutils.RowNotFound: Cannot find Logical_Router_Port with name=lrp-5be65a24-2218-42da-bf63-8fd6c3e1a9ef
2026-05-12 12:37:51.507 9 ERROR ovsdbapp.backend.ovs_idl.command
Traceback (most recent call last):
2026-05-12 12:37:51.507 9 ERROR ovsdbapp.backend.ovs_idl.command
File "/var/lib/openstack/lib/python3.10/site-packages/ovsdbapp/backend/ovs_idl/command.py", line 47, in execute
2026-05-12 12:37:51.507 9 ERROR ovsdbapp.backend.ovs_idl.command self.run_idl(None)
2026-05-12 12:37:51.507 9 ERROR ovsdbapp.backend.ovs_idl.command
File "/var/lib/openstack/lib/python3.10/site-packages/ovsdbapp/backend/ovs_idl/command.py", line 235, in run_idl
2026-05-12 12:37:51.507 9 ERROR ovsdbapp.backend.ovs_idl.command record = self.api.lookup(self.table, self.record)
2026-05-12 12:37:51.507 9 ERROR ovsdbapp.backend.ovs_idl.command
File "/var/lib/openstack/lib/python3.10/site-packages/ovsdbapp/backend/ovs_idl/__init__.py", line 184, in lookup
2026-05-12 12:37:51.507 9 ERROR ovsdbapp.backend.ovs_idl.command return self._lookup(table, record)
2026-05-12 12:37:51.507 9 ERROR ovsdbapp.backend.ovs_idl.command
File "/var/lib/openstack/lib/python3.10/site-packages/ovsdbapp/backend/ovs_idl/__init__.py", line 235, in _lookup
2026-05-12 12:37:51.507 9 ERROR ovsdbapp.backend.ovs_idl.command row = idlutils.row_by_value(self, rl.table, rl.column, record)
2026-05-12 12:37:51.507 9 ERROR ovsdbapp.backend.ovs_idl.command
File "/var/lib/openstack/lib/python3.10/site-packages/ovsdbapp/backend/ovs_idl/idlutils.py", line 114, in row_by_value
2026-05-12 12:37:51.507 9 ERROR ovsdbapp.backend.ovs_idl.command raise RowNotFound(table=table, col=column, match=match)
2026-05-12 12:37:51.507 9 ERROR ovsdbapp.backend.ovs_idl.command ovsdbapp.backend.ovs_idl.idlutils.RowNotFound: Cannot find Logical_Router_Port with name=lrp-5be65a24-2218-42da-bf63-8fd6c3e1a9ef
2026-05-12 12:37:51.507 9 ERROR ovsdbapp.backend.ovs_idl.command 
2026-05-12 12:37:51.508 9 ERROR neutron_lib.callbacks.manager [None req-69919e67-4c4d-4f6d-a5e9-77dc7d9d8ba5 3b0a0edda41f435d88d6ba8a74cace51 1888e6ea4bec4394803d2be1d04a8e95 - - default default] Error during notification for neutron.services.ovn_l3.plugin.OVNL3RouterPlugin._port_update-8770818979567 port, after_update: ovsdbapp.backend.ovs_idl.idlutils.RowNotFound: Cannot find Logical_Router_Port with name=lrp-5be65a24-2218-42da-bf63-8fd6c3e1a9ef
2026-05-12 12:37:51.508 9 ERROR neutron_lib.callbacks.manager
Traceback (most recent call last):
2026-05-12 12:37:51.508 9 ERROR neutron_lib.callbacks.manager
File "/var/lib/openstack/lib/python3.10/site-packages/neutron_lib/callbacks/manager.py", line 189, in _notify_loop
2026-05-12 12:37:51.508 9 ERROR neutron_lib.callbacks.manager callback.method(resource, event, trigger, payload=payload)
2026-05-12 12:37:51.508 9 ERROR neutron_lib.callbacks.manager
File "/var/lib/openstack/lib/python3.10/site-packages/neutron/services/ovn_l3/plugin.py", line 391, in _port_update
2026-05-12 12:37:51.508 9 ERROR neutron_lib.callbacks.manager l3plugin._ovn_client.update_router_port(context,
2026-05-12 12:37:51.508 9 ERROR neutron_lib.callbacks.manager
File "/var/lib/openstack/lib/python3.10/site-packages/neutron/plugins/ml2/drivers/ovn/mech_driver/ovsdb/ovn_client.py", line 1878, in update_router_port
2026-05-12 12:37:51.508 9 ERROR neutron_lib.callbacks.manager self._update_lrouter_port(context, port, if_exists=if_exists,
2026-05-12 12:37:51.508 9 ERROR neutron_lib.callbacks.manager
File "/var/lib/openstack/lib/python3.10/site-packages/neutron/plugins/ml2/drivers/ovn/mech_driver/ovsdb/ovn_client.py", line 1855, in _update_lrouter_port
2026-05-12 12:37:51.508 9 ERROR neutron_lib.callbacks.manager external_ids = self._nb_idl.db_get(
2026-05-12 12:37:51.508 9 ERROR neutron_lib.callbacks.manager
File "/var/lib/openstack/lib/python3.10/site-packages/ovsdbapp/backend/ovs_idl/command.py", line 47, in execute
2026-05-12 12:37:51.508 9 ERROR neutron_lib.callbacks.manager self.run_idl(None)
2026-05-12 12:37:51.508 9 ERROR neutron_lib.callbacks.manager
File "/var/lib/openstack/lib/python3.10/site-packages/ovsdbapp/backend/ovs_idl/command.py", line 235, in run_idl
2026-05-12 12:37:51.508 9 ERROR neutron_lib.callbacks.manager record = self.api.lookup(self.table, self.record)
2026-05-12 12:37:51.508 9 ERROR neutron_lib.callbacks.manager
File "/var/lib/openstack/lib/python3.10/site-packages/ovsdbapp/backend/ovs_idl/__init__.py", line 184, in lookup
2026-05-12 12:37:51.508 9 ERROR neutron_lib.callbacks.manager return self._lookup(table, record)
2026-05-12 12:37:51.508 9 ERROR neutron_lib.callbacks.manager
File "/var/lib/openstack/lib/python3.10/site-packages/ovsdbapp/backend/ovs_idl/__init__.py", line 235, in _lookup
2026-05-12 12:37:51.508 9 ERROR neutron_lib.callbacks.manager row = idlutils.row_by_value(self, rl.table, rl.column, record)
2026-05-12 12:37:51.508 9 ERROR neutron_lib.callbacks.manager
File "/var/lib/openstack/lib/python3.10/site-packages/ovsdbapp/backend/ovs_idl/idlutils.py", line 114, in row_by_value
2026-05-12 12:37:51.508 9 ERROR neutron_lib.callbacks.manager raise RowNotFound(table=table, col=column, match=match)
2026-05-12 12:37:51.508 9 ERROR neutron_lib.callbacks.manager ovsdbapp.backend.ovs_idl.idlutils.RowNotFound: Cannot find Logical_Router_Port with name=lrp-5be65a24-2218-42da-bf63-8fd6c3e1a9ef
2026-05-12 12:37:51.508 9 ERROR neutron_lib.callbacks.manager 
2026-05-12 12:37:51.588 10 INFO neutron.db.ovn_revision_numbers_db [None req-780ac521-9b0d-4c13-84f0-7a10cc7c0370 c77aa06b0635498f82a5ceee67eb4bed d77078083732434bbe52fab3bebeb961 - - default default] Successfully bumped revision number for resource ead2a3e7-01c4-4db5-bc59-e87818b43979 (type: ports) to 1
2026-05-12 12:37:51.670 10 INFO neutron.db.ovn_revision_numbers_db [None req-2b35a80e-fe42-4820-bea2-82ea7a3dc8d9 - - - - - -] Successfully bumped revision number for resource 43c9c1eb-5c78-4d20-ac10-1977b718664e (type: router_ports) to 3
2026-05-12 12:37:51.723 9 INFO neutron.db.ovn_revision_numbers_db [None req-69919e67-4c4d-4f6d-a5e9-77dc7d9d8ba5 3b0a0edda41f435d88d6ba8a74cace51 1888e6ea4bec4394803d2be1d04a8e95 - - default default] Successfully bumped revision number for resource 5be65a24-2218-42da-bf63-8fd6c3e1a9ef (type: ports) to 1
2026-05-12 12:37:51.746 10 WARNING neutron.scheduler.dhcp_agent_scheduler [None req-780ac521-9b0d-4c13-84f0-7a10cc7c0370 c77aa06b0635498f82a5ceee67eb4bed d77078083732434bbe52fab3bebeb961 - - default default] No more DHCP agents
2026-05-12 12:37:51.753 10 WARNING neutron.api.rpc.agentnotifiers.dhcp_rpc_agent_api [None req-780ac521-9b0d-4c13-84f0-7a10cc7c0370 c77aa06b0635498f82a5ceee67eb4bed d77078083732434bbe52fab3bebeb961 - - default default] Unable to schedule network 0891777c-43f4-4155-93db-7c9a06bd9d03: no agents available; will retry on subsequent port and subnet creation events.
2026-05-12 12:37:51.793 10 INFO neutron.db.ovn_revision_numbers_db [None req-780ac521-9b0d-4c13-84f0-7a10cc7c0370 c77aa06b0635498f82a5ceee67eb4bed d77078083732434bbe52fab3bebeb961 - - default default] Successfully bumped revision number for resource 59c7fabf-d72d-4e4d-bf0c-7f9fc3986669 (type: subnets) to 0
2026-05-12 12:37:51.793 9 WARNING neutron.scheduler.dhcp_agent_scheduler [None req-69919e67-4c4d-4f6d-a5e9-77dc7d9d8ba5 3b0a0edda41f435d88d6ba8a74cace51 1888e6ea4bec4394803d2be1d04a8e95 - - default default] No more DHCP agents
2026-05-12 12:37:51.794 9 WARNING neutron.api.rpc.agentnotifiers.dhcp_rpc_agent_api [None req-69919e67-4c4d-4f6d-a5e9-77dc7d9d8ba5 3b0a0edda41f435d88d6ba8a74cace51 1888e6ea4bec4394803d2be1d04a8e95 - - default default] Unable to schedule network 21e86b3b-7112-4dbf-8477-87173c2809ba: no agents available; will retry on subsequent port and subnet creation events.
2026-05-12 12:37:52.290 10 INFO neutron.db.ovn_revision_numbers_db [None req-2b35a80e-fe42-4820-bea2-82ea7a3dc8d9 - - - - - -] Successfully bumped revision number for resource 43c9c1eb-5c78-4d20-ac10-1977b718664e (type: ports) to 2
2026-05-12 12:37:52.689 10 WARNING neutron.scheduler.dhcp_agent_scheduler [None req-780ac521-9b0d-4c13-84f0-7a10cc7c0370 c77aa06b0635498f82a5ceee67eb4bed d77078083732434bbe52fab3bebeb961 - - default default] No more DHCP agents
2026-05-12 12:37:52.694 10 WARNING neutron.api.rpc.agentnotifiers.dhcp_rpc_agent_api [None req-780ac521-9b0d-4c13-84f0-7a10cc7c0370 c77aa06b0635498f82a5ceee67eb4bed d77078083732434bbe52fab3bebeb961 - - default default] Unable to schedule network 0891777c-43f4-4155-93db-7c9a06bd9d03: no agents available; will retry on subsequent port and subnet creation events.
2026-05-12 12:37:52.842 10 INFO neutron.db.ovn_revision_numbers_db [None req-2b35a80e-fe42-4820-bea2-82ea7a3dc8d9 - - - - - -] Successfully bumped revision number for resource 43c9c1eb-5c78-4d20-ac10-1977b718664e (type: ports) to 4
2026-05-12 12:37:52.938 9 INFO neutron.db.ovn_revision_numbers_db [None req-69919e67-4c4d-4f6d-a5e9-77dc7d9d8ba5 3b0a0edda41f435d88d6ba8a74cace51 1888e6ea4bec4394803d2be1d04a8e95 - - default default] Successfully bumped revision number for resource 5be65a24-2218-42da-bf63-8fd6c3e1a9ef (type: router_ports) to 1
2026-05-12 12:37:52.939 10 INFO neutron.db.ovn_revision_numbers_db [None req-780ac521-9b0d-4c13-84f0-7a10cc7c0370 c77aa06b0635498f82a5ceee67eb4bed d77078083732434bbe52fab3bebeb961 - - default default] Successfully bumped revision number for resource e0f11d2f-fcbd-47e5-9e8f-16ffee0b9db8 (type: ports) to 1
2026-05-12 12:37:52.944 9 INFO neutron.wsgi [None req-69919e67-4c4d-4f6d-a5e9-77dc7d9d8ba5 3b0a0edda41f435d88d6ba8a74cace51 1888e6ea4bec4394803d2be1d04a8e95 - - default default] 10.0.0.120 "PUT /v2.0/routers/d7315551-6a8c-4e38-916c-0f27b551cf0a/add_router_interface HTTP/1.1" status: 200 len: 503 time: 2.5963693
2026-05-12 12:37:53.257 10 INFO neutron.db.ovn_revision_numbers_db [None req-2b35a80e-fe42-4820-bea2-82ea7a3dc8d9 - - - - - -] Successfully bumped revision number for resource 43c9c1eb-5c78-4d20-ac10-1977b718664e (type: router_ports) to 4
2026-05-12 12:37:53.658 9 WARNING neutron_lib.context [None req-4466332c-d132-4a8b-9606-c765dc426abf a83e2911d4c84d05a163ceaa1af93bd2 2a770d0471a94d36a7c199cda8ca73ff - - default default] Method 'is_advsvc' is deprecated since 2023.2 release (neutron-lib 3.8.0) and will be removed once support for the old RBAC API policies will be removed from Neutron. Please use method 'is_service_role' instead.
2026-05-12 12:37:53.661 10 ERROR ovsdbapp.backend.ovs_idl.command [None req-780ac521-9b0d-4c13-84f0-7a10cc7c0370 c77aa06b0635498f82a5ceee67eb4bed d77078083732434bbe52fab3bebeb961 - - default default] Error executing command (DbGetCommand): ovsdbapp.backend.ovs_idl.idlutils.RowNotFound: Cannot find Logical_Router_Port with name=lrp-e0f11d2f-fcbd-47e5-9e8f-16ffee0b9db8
2026-05-12 12:37:53.661 10 ERROR ovsdbapp.backend.ovs_idl.command
Traceback (most recent call last):
2026-05-12 12:37:53.661 10 ERROR ovsdbapp.backend.ovs_idl.command
File "/var/lib/openstack/lib/python3.10/site-packages/ovsdbapp/backend/ovs_idl/command.py", line 47, in execute
2026-05-12 12:37:53.661 10 ERROR ovsdbapp.backend.ovs_idl.command self.run_idl(None)
2026-05-12 12:37:53.661 10 ERROR ovsdbapp.backend.ovs_idl.command
File "/var/lib/openstack/lib/python3.10/site-packages/ovsdbapp/backend/ovs_idl/command.py", line 235, in run_idl
2026-05-12 12:37:53.661 10 ERROR ovsdbapp.backend.ovs_idl.command record = self.api.lookup(self.table, self.record)
2026-05-12 12:37:53.661 10 ERROR ovsdbapp.backend.ovs_idl.command
File "/var/lib/openstack/lib/python3.10/site-packages/ovsdbapp/backend/ovs_idl/__init__.py", line 184, in lookup
2026-05-12 12:37:53.661 10 ERROR ovsdbapp.backend.ovs_idl.command return self._lookup(table, record)
2026-05-12 12:37:53.661 10 ERROR ovsdbapp.backend.ovs_idl.command
File "/var/lib/openstack/lib/python3.10/site-packages/ovsdbapp/backend/ovs_idl/__init__.py", line 235, in _lookup
2026-05-12 12:37:53.661 10 ERROR ovsdbapp.backend.ovs_idl.command row = idlutils.row_by_value(self, rl.table, rl.column, record)
2026-05-12 12:37:53.661 10 ERROR ovsdbapp.backend.ovs_idl.command
File "/var/lib/openstack/lib/python3.10/site-packages/ovsdbapp/backend/ovs_idl/idlutils.py", line 114, in row_by_value
2026-05-12 12:37:53.661 10 ERROR ovsdbapp.backend.ovs_idl.command raise RowNotFound(table=table, col=column, match=match)
2026-05-12 12:37:53.661 10 ERROR ovsdbapp.backend.ovs_idl.command ovsdbapp.backend.ovs_idl.idlutils.RowNotFound: Cannot find Logical_Router_Port with name=lrp-e0f11d2f-fcbd-47e5-9e8f-16ffee0b9db8
2026-05-12 12:37:53.661 10 ERROR ovsdbapp.backend.ovs_idl.command 
2026-05-12 12:37:53.662 10 ERROR neutron_lib.callbacks.manager [None req-780ac521-9b0d-4c13-84f0-7a10cc7c0370 c77aa06b0635498f82a5ceee67eb4bed d77078083732434bbe52fab3bebeb961 - - default default] Error during notification for neutron.services.ovn_l3.plugin.OVNL3RouterPlugin._port_update-8770818979567 port, after_update: ovsdbapp.backend.ovs_idl.idlutils.RowNotFound: Cannot find Logical_Router_Port with name=lrp-e0f11d2f-fcbd-47e5-9e8f-16ffee0b9db8
2026-05-12 12:37:53.662 10 ERROR neutron_lib.callbacks.manager
Traceback (most recent call last):
2026-05-12 12:37:53.662 10 ERROR neutron_lib.callbacks.manager
File "/var/lib/openstack/lib/python3.10/site-packages/neutron_lib/callbacks/manager.py", line 189, in _notify_loop
2026-05-12 12:37:53.662 10 ERROR neutron_lib.callbacks.manager callback.method(resource, event, trigger, payload=payload)
2026-05-12 12:37:53.662 10 ERROR neutron_lib.callbacks.manager
File "/var/lib/openstack/lib/python3.10/site-packages/neutron/services/ovn_l3/plugin.py", line 391, in _port_update
2026-05-12 12:37:53.662 10 ERROR neutron_lib.callbacks.manager l3plugin._ovn_client.update_router_port(context,
2026-05-12 12:37:53.662 10 ERROR neutron_lib.callbacks.manager
File "/var/lib/openstack/lib/python3.10/site-packages/neutron/plugins/ml2/drivers/ovn/mech_driver/ovsdb/ovn_client.py", line 1878, in update_router_port
2026-05-12 12:37:53.662 10 ERROR neutron_lib.callbacks.manager self._update_lrouter_port(context, port, if_exists=if_exists,
2026-05-12 12:37:53.662 10 ERROR neutron_lib.callbacks.manager
File "/var/lib/openstack/lib/python3.10/site-packages/neutron/plugins/ml2/drivers/ovn/mech_driver/ovsdb/ovn_client.py", line 1855, in _update_lrouter_port
2026-05-12 12:37:53.662 10 ERROR neutron_lib.callbacks.manager external_ids = self._nb_idl.db_get(
2026-05-12 12:37:53.662 10 ERROR neutron_lib.callbacks.manager
File "/var/lib/openstack/lib/python3.10/site-packages/ovsdbapp/backend/ovs_idl/command.py", line 47, in execute
2026-05-12 12:37:53.662 10 ERROR neutron_lib.callbacks.manager self.run_idl(None)
2026-05-12 12:37:53.662 10 ERROR neutron_lib.callbacks.manager
File "/var/lib/openstack/lib/python3.10/site-packages/ovsdbapp/backend/ovs_idl/command.py", line 235, in run_idl
2026-05-12 12:37:53.662 10 ERROR neutron_lib.callbacks.manager record = self.api.lookup(self.table, self.record)
2026-05-12 12:37:53.662 10 ERROR neutron_lib.callbacks.manager
File "/var/lib/openstack/lib/python3.10/site-packages/ovsdbapp/backend/ovs_idl/__init__.py", line 184, in lookup
2026-05-12 12:37:53.662 10 ERROR neutron_lib.callbacks.manager return self._lookup(table, record)
2026-05-12 12:37:53.662 10 ERROR neutron_lib.callbacks.manager
File "/var/lib/openstack/lib/python3.10/site-packages/ovsdbapp/backend/ovs_idl/__init__.py", line 235, in _lookup
2026-05-12 12:37:53.662 10 ERROR neutron_lib.callbacks.manager row = idlutils.row_by_value(self, rl.table, rl.column, record)
2026-05-12 12:37:53.662 10 ERROR neutron_lib.callbacks.manager
File "/var/lib/openstack/lib/python3.10/site-packages/ovsdbapp/backend/ovs_idl/idlutils.py", line 114, in row_by_value
2026-05-12 12:37:53.662 10 ERROR neutron_lib.callbacks.manager raise RowNotFound(table=table, col=column, match=match)
2026-05-12 12:37:53.662 10 ERROR neutron_lib.callbacks.manager ovsdbapp.backend.ovs_idl.idlutils.RowNotFound: Cannot find Logical_Router_Port with name=lrp-e0f11d2f-fcbd-47e5-9e8f-16ffee0b9db8
2026-05-12 12:37:53.662 10 ERROR neutron_lib.callbacks.manager 
2026-05-12 12:37:53.791 9 INFO neutron.db.ovn_revision_numbers_db [None req-4466332c-d132-4a8b-9606-c765dc426abf a83e2911d4c84d05a163ceaa1af93bd2 2a770d0471a94d36a7c199cda8ca73ff - - default default] Successfully bumped revision number for resource c40c69ef-4cea-4e7c-b0a2-68b767a27b7b (type: security_groups) to 1
2026-05-12 12:37:53.805 9 INFO neutron.db.ovn_revision_numbers_db [None req-4466332c-d132-4a8b-9606-c765dc426abf a83e2911d4c84d05a163ceaa1af93bd2 2a770d0471a94d36a7c199cda8ca73ff - - default default] Successfully bumped revision number for resource 4db30eaf-047e-455d-8564-f202c5b3cd75 (type: security_group_rules) to 0
2026-05-12 12:37:53.819 9 INFO neutron.db.ovn_revision_numbers_db [None req-4466332c-d132-4a8b-9606-c765dc426abf a83e2911d4c84d05a163ceaa1af93bd2 2a770d0471a94d36a7c199cda8ca73ff - - default default] Successfully bumped revision number for resource c7cbd62b-ba03-4c25-b2f0-500c61a2f853 (type: security_group_rules) to 0
2026-05-12 12:37:53.843 9 INFO neutron.wsgi [None req-4466332c-d132-4a8b-9606-c765dc426abf a83e2911d4c84d05a163ceaa1af93bd2 2a770d0471a94d36a7c199cda8ca73ff - - default default] 10.0.0.120 "POST /v2.0/security-groups HTTP/1.1" status: 201 len: 1877 time: 0.1924665
2026-05-12 12:37:53.853 9 WARNING neutron_lib.context [None req-774f7e12-6057-4276-889e-f916eed0c4e4 a83e2911d4c84d05a163ceaa1af93bd2 2a770d0471a94d36a7c199cda8ca73ff - - default default] Method 'is_advsvc' is deprecated since 2023.2 release (neutron-lib 3.8.0) and will be removed once support for the old RBAC API policies will be removed from Neutron. Please use method 'is_service_role' instead.
2026-05-12 12:37:53.880 10 INFO neutron.db.ovn_revision_numbers_db [None req-780ac521-9b0d-4c13-84f0-7a10cc7c0370 c77aa06b0635498f82a5ceee67eb4bed d77078083732434bbe52fab3bebeb961 - - default default] Successfully bumped revision number for resource e0f11d2f-fcbd-47e5-9e8f-16ffee0b9db8 (type: ports) to 1
2026-05-12 12:37:53.957 10 WARNING neutron.scheduler.dhcp_agent_scheduler [None req-780ac521-9b0d-4c13-84f0-7a10cc7c0370 c77aa06b0635498f82a5ceee67eb4bed d77078083732434bbe52fab3bebeb961 - - default default] No more DHCP agents
2026-05-12 12:37:53.958 10 WARNING neutron.api.rpc.agentnotifiers.dhcp_rpc_agent_api [None req-780ac521-9b0d-4c13-84f0-7a10cc7c0370 c77aa06b0635498f82a5ceee67eb4bed d77078083732434bbe52fab3bebeb961 - - default default] Unable to schedule network 0891777c-43f4-4155-93db-7c9a06bd9d03: no agents available; will retry on subsequent port and subnet creation events.
2026-05-12 12:37:54.020 9 INFO neutron.db.ovn_revision_numbers_db [None req-774f7e12-6057-4276-889e-f916eed0c4e4 a83e2911d4c84d05a163ceaa1af93bd2 2a770d0471a94d36a7c199cda8ca73ff - - default default] Successfully bumped revision number for resource 12884b4c-81ff-475d-9dd5-475f8440a48b (type: security_group_rules) to 0
2026-05-12 12:37:54.058 9 INFO neutron.wsgi [None req-774f7e12-6057-4276-889e-f916eed0c4e4 a83e2911d4c84d05a163ceaa1af93bd2 2a770d0471a94d36a7c199cda8ca73ff - - default default] 10.0.0.120 "POST /v2.0/security-group-rules HTTP/1.1" status: 201 len: 796 time: 0.2098987
2026-05-12 12:37:54.070 9 WARNING neutron_lib.context [None req-8e76b34f-97a9-4334-ab0e-f4b9300b461b a83e2911d4c84d05a163ceaa1af93bd2 2a770d0471a94d36a7c199cda8ca73ff - - default default] Method 'is_advsvc' is deprecated since 2023.2 release (neutron-lib 3.8.0) and will be removed once support for the old RBAC API policies will be removed from Neutron. Please use method 'is_service_role' instead.
2026-05-12 12:37:54.200 9 INFO neutron.db.ovn_revision_numbers_db [None req-8e76b34f-97a9-4334-ab0e-f4b9300b461b a83e2911d4c84d05a163ceaa1af93bd2 2a770d0471a94d36a7c199cda8ca73ff - - default default] Successfully bumped revision number for resource cd9a2061-1da6-44ee-9f94-637bb26f972c (type: security_group_rules) to 0
2026-05-12 12:37:54.225 9 INFO neutron.wsgi [None req-8e76b34f-97a9-4334-ab0e-f4b9300b461b a83e2911d4c84d05a163ceaa1af93bd2 2a770d0471a94d36a7c199cda8ca73ff - - default default] 10.0.0.120 "POST /v2.0/security-group-rules HTTP/1.1" status: 201 len: 795 time: 0.1599760
2026-05-12 12:37:54.236 9 WARNING neutron_lib.context [None req-4cf1f211-ce0b-4a7f-af7d-72b9213fab9d a83e2911d4c84d05a163ceaa1af93bd2 2a770d0471a94d36a7c199cda8ca73ff - - default default] Method 'is_advsvc' is deprecated since 2023.2 release (neutron-lib 3.8.0) and will be removed once support for the old RBAC API policies will be removed from Neutron. Please use method 'is_service_role' instead.
2026-05-12 12:37:54.388 9 INFO neutron.db.ovn_revision_numbers_db [None req-4cf1f211-ce0b-4a7f-af7d-72b9213fab9d a83e2911d4c84d05a163ceaa1af93bd2 2a770d0471a94d36a7c199cda8ca73ff - - default default] Successfully bumped revision number for resource 201ecbad-97e2-48e7-a1c4-c018c28c0132 (type: security_group_rules) to 0
2026-05-12 12:37:54.414 9 INFO neutron.wsgi [None req-4cf1f211-ce0b-4a7f-af7d-72b9213fab9d a83e2911d4c84d05a163ceaa1af93bd2 2a770d0471a94d36a7c199cda8ca73ff - - default default] 10.0.0.120 "POST /v2.0/security-group-rules HTTP/1.1" status: 201 len: 801 time: 0.1824186
2026-05-12 12:37:54.426 9 WARNING neutron_lib.context [None req-589d07d5-8f7a-4665-8315-c735f480117a a83e2911d4c84d05a163ceaa1af93bd2 2a770d0471a94d36a7c199cda8ca73ff - - default default] Method 'is_advsvc' is deprecated since 2023.2 release (neutron-lib 3.8.0) and will be removed once support for the old RBAC API policies will be removed from Neutron. Please use method 'is_service_role' instead.
2026-05-12 12:37:54.582 9 INFO neutron.db.ovn_revision_numbers_db [None req-589d07d5-8f7a-4665-8315-c735f480117a a83e2911d4c84d05a163ceaa1af93bd2 2a770d0471a94d36a7c199cda8ca73ff - - default default] Successfully bumped revision number for resource 8b14822b-5067-4a2a-bd71-5b47f515e63c (type: security_group_rules) to 0
2026-05-12 12:37:54.610 9 INFO neutron.wsgi [None req-589d07d5-8f7a-4665-8315-c735f480117a a83e2911d4c84d05a163ceaa1af93bd2 2a770d0471a94d36a7c199cda8ca73ff - - default default] 10.0.0.120 "POST /v2.0/security-group-rules HTTP/1.1" status: 201 len: 800 time: 0.1902866
2026-05-12 12:37:54.620 9 WARNING neutron_lib.context [None req-293e48af-c068-441c-bfb7-8a7389bd3440 a83e2911d4c84d05a163ceaa1af93bd2 2a770d0471a94d36a7c199cda8ca73ff - - default default] Method 'is_advsvc' is deprecated since 2023.2 release (neutron-lib 3.8.0) and will be removed once support for the old RBAC API policies will be removed from Neutron. Please use method 'is_service_role' instead.
2026-05-12 12:37:54.662 9 INFO neutron.db.securitygroups_db [None req-293e48af-c068-441c-bfb7-8a7389bd3440 a83e2911d4c84d05a163ceaa1af93bd2 2a770d0471a94d36a7c199cda8ca73ff - - default default] Project 2a770d0471a94d36a7c199cda8ca73ff added a security group rule with legacy IPv6 ICMP protocol name icmp, ipv6-icmp should be used instead. It was automatically converted.
2026-05-12 12:37:54.791 9 WARNING neutron.plugins.ml2.drivers.ovn.mech_driver.ovsdb.ovn_client [None req-ca27ef9f-9455-4702-a107-3bdae08ab7dd - - - - - -] No hosting information found for port d8765334-f717-4a34-bbc7-e4e18413a2ff: RuntimeError: No hosting information found for port d8765334-f717-4a34-bbc7-e4e18413a2ff
2026-05-12 12:37:54.791 9 INFO neutron.plugins.ml2.drivers.ovn.mech_driver.mech_driver [None req-ca27ef9f-9455-4702-a107-3bdae08ab7dd - - - - - -] OVN reports status up for port: 43c9c1eb-5c78-4d20-ac10-1977b718664e
2026-05-12 12:37:54.798 9 INFO neutron.db.ovn_revision_numbers_db [None req-293e48af-c068-441c-bfb7-8a7389bd3440 a83e2911d4c84d05a163ceaa1af93bd2 2a770d0471a94d36a7c199cda8ca73ff - - default default] Successfully bumped revision number for resource 1de7462d-2c6c-4f94-a121-28ca2e92c1c7 (type: security_group_rules) to 0
2026-05-12 12:37:54.806 9 INFO neutron.plugins.ml2.plugin [None req-ca27ef9f-9455-4702-a107-3bdae08ab7dd - - - - - -] Attempt 1 to provision port 43c9c1eb-5c78-4d20-ac10-1977b718664e
2026-05-12 12:37:54.834 9 INFO neutron.wsgi [None req-293e48af-c068-441c-bfb7-8a7389bd3440 a83e2911d4c84d05a163ceaa1af93bd2 2a770d0471a94d36a7c199cda8ca73ff - - default default] 10.0.0.120 "POST /v2.0/security-group-rules HTTP/1.1" status: 201 len: 806 time: 0.2177355
2026-05-12 12:37:54.842 9 WARNING neutron_lib.context [None req-10f8bc9e-c9c5-4d5a-b1e4-c74caeb2ecf7 a83e2911d4c84d05a163ceaa1af93bd2 2a770d0471a94d36a7c199cda8ca73ff - - default default] Method 'is_advsvc' is deprecated since 2023.2 release (neutron-lib 3.8.0) and will be removed once support for the old RBAC API policies will be removed from Neutron. Please use method 'is_service_role' instead.
2026-05-12 12:37:54.882 9 INFO neutron.db.securitygroups_db [None req-10f8bc9e-c9c5-4d5a-b1e4-c74caeb2ecf7 a83e2911d4c84d05a163ceaa1af93bd2 2a770d0471a94d36a7c199cda8ca73ff - - default default] Project 2a770d0471a94d36a7c199cda8ca73ff added a security group rule with legacy IPv6 ICMP protocol name icmp, ipv6-icmp should be used instead. It was automatically converted.
2026-05-12 12:37:54.987 9 INFO neutron.db.ovn_revision_numbers_db [None req-10f8bc9e-c9c5-4d5a-b1e4-c74caeb2ecf7 a83e2911d4c84d05a163ceaa1af93bd2 2a770d0471a94d36a7c199cda8ca73ff - - default default] Successfully bumped revision number for resource 180f4f24-ea7c-4693-8c4e-3af3c3529e92 (type: security_group_rules) to 0
2026-05-12 12:37:55.013 9 INFO neutron.wsgi [None req-10f8bc9e-c9c5-4d5a-b1e4-c74caeb2ecf7 a83e2911d4c84d05a163ceaa1af93bd2 2a770d0471a94d36a7c199cda8ca73ff - - default default] 10.0.0.120 "POST /v2.0/security-group-rules HTTP/1.1" status: 201 len: 805 time: 0.1755645
2026-05-12 12:37:55.249 10 INFO neutron.db.ovn_revision_numbers_db [None req-780ac521-9b0d-4c13-84f0-7a10cc7c0370 c77aa06b0635498f82a5ceee67eb4bed d77078083732434bbe52fab3bebeb961 - - default default] Successfully bumped revision number for resource e0f11d2f-fcbd-47e5-9e8f-16ffee0b9db8 (type: router_ports) to 1
2026-05-12 12:37:55.425 9 WARNING neutron_lib.context [None req-b71c5006-d151-48f9-ab1d-e6f379912758 a83e2911d4c84d05a163ceaa1af93bd2 2a770d0471a94d36a7c199cda8ca73ff - - default default] Method 'is_advsvc' is deprecated since 2023.2 release (neutron-lib 3.8.0) and will be removed once support for the old RBAC API policies will be removed from Neutron. Please use method 'is_service_role' instead.
2026-05-12 12:37:55.475 10 WARNING neutron.scheduler.dhcp_agent_scheduler [None req-2f727ae9-6c01-4f87-a5bd-7a762a6a8991 - - - - - -] No more DHCP agents
2026-05-12 12:37:55.477 10 WARNING neutron.api.rpc.agentnotifiers.dhcp_rpc_agent_api [None req-2f727ae9-6c01-4f87-a5bd-7a762a6a8991 - - - - - -] Unable to schedule network 0891777c-43f4-4155-93db-7c9a06bd9d03: no agents available; will retry on subsequent port and subnet creation events.
2026-05-12 12:37:55.545 9 INFO neutron.db.ovn_revision_numbers_db [None req-b71c5006-d151-48f9-ab1d-e6f379912758 a83e2911d4c84d05a163ceaa1af93bd2 2a770d0471a94d36a7c199cda8ca73ff - - default default] Successfully bumped revision number for resource 7e9a01a0-0502-491f-b2fb-0d2a18466092 (type: security_groups) to 1
2026-05-12 12:37:55.558 9 INFO neutron.db.ovn_revision_numbers_db [None req-b71c5006-d151-48f9-ab1d-e6f379912758 a83e2911d4c84d05a163ceaa1af93bd2 2a770d0471a94d36a7c199cda8ca73ff - - default default] Successfully bumped revision number for resource 8fc960b4-707d-48a8-8139-b581f6629217 (type: security_group_rules) to 0
2026-05-12 12:37:55.572 9 INFO neutron.db.ovn_revision_numbers_db [None req-b71c5006-d151-48f9-ab1d-e6f379912758 a83e2911d4c84d05a163ceaa1af93bd2 2a770d0471a94d36a7c199cda8ca73ff - - default default] Successfully bumped revision number for resource a351e40e-7d55-484c-990f-8ac1fe2827bf (type: security_group_rules) to 0
2026-05-12 12:37:55.597 9 INFO neutron.wsgi [None req-b71c5006-d151-48f9-ab1d-e6f379912758 a83e2911d4c84d05a163ceaa1af93bd2 2a770d0471a94d36a7c199cda8ca73ff - - default default] 10.0.0.120 "POST /v2.0/security-groups HTTP/1.1" status: 201 len: 1863 time: 0.1790535
2026-05-12 12:37:55.607 9 WARNING neutron_lib.context [None req-5b5d3321-f8c1-4ff0-9f12-687aedaf6dec a83e2911d4c84d05a163ceaa1af93bd2 2a770d0471a94d36a7c199cda8ca73ff - - default default] Method 'is_advsvc' is deprecated since 2023.2 release (neutron-lib 3.8.0) and will be removed once support for the old RBAC API policies will be removed from Neutron. Please use method 'is_service_role' instead.
2026-05-12 12:37:55.622 10 INFO neutron.db.ovn_revision_numbers_db [None req-2f727ae9-6c01-4f87-a5bd-7a762a6a8991 - - - - - -] Successfully bumped revision number for resource 89eefde2-a901-406b-989c-c2e9905bf659 (type: ports) to 1
2026-05-12 12:37:55.744 9 INFO neutron.db.ovn_revision_numbers_db [None req-5b5d3321-f8c1-4ff0-9f12-687aedaf6dec a83e2911d4c84d05a163ceaa1af93bd2 2a770d0471a94d36a7c199cda8ca73ff - - default default] Successfully bumped revision number for resource 2b2abbe1-cf82-4a11-8fce-d5a41a81e43a (type: security_group_rules) to 0
2026-05-12 12:37:55.777 9 INFO neutron.wsgi [None req-5b5d3321-f8c1-4ff0-9f12-687aedaf6dec a83e2911d4c84d05a163ceaa1af93bd2 2a770d0471a94d36a7c199cda8ca73ff - - default default] 10.0.0.120 "POST /v2.0/security-group-rules HTTP/1.1" status: 201 len: 796 time: 0.1738310
2026-05-12 12:37:55.788 9 WARNING neutron_lib.context [None req-0231b59d-c6de-4b2d-aa65-c5d110ca601c a83e2911d4c84d05a163ceaa1af93bd2 2a770d0471a94d36a7c199cda8ca73ff - - default default] Method 'is_advsvc' is deprecated since 2023.2 release (neutron-lib 3.8.0) and will be removed once support for the old RBAC API policies will be removed from Neutron. Please use method 'is_service_role' instead.
2026-05-12 12:37:55.859 10 INFO neutron.db.ovn_revision_numbers_db [None req-2f727ae9-6c01-4f87-a5bd-7a762a6a8991 - - - - - -] Successfully bumped revision number for resource 89eefde2-a901-406b-989c-c2e9905bf659 (type: ports) to 1
2026-05-12 12:37:55.913 13 ERROR oslo_messaging.rpc.server [None req-80da87e1-541b-4ae9-9704-fba88df2af4d c77aa06b0635498f82a5ceee67eb4bed d77078083732434bbe52fab3bebeb961 - - default default] Exception during message handling: sqlalchemy.exc.PendingRollbackError: This Session's transaction has been rolled back due to a previous exception during flush. To begin a new transaction with this Session, first issue Session.rollback(). Original exception was: (pymysql.err.IntegrityError) (1062, "Duplicate entry 'e25a8104-594b-43e2-8d34-75864160a936-4dd9b712-595f-5239-9038-050' for key 'routervpnagentbindings.PRIMARY'") [SQL: INSERT INTO routervpnagentbindings (router_id, vpn_agent_id) VALUES (%(router_id)s, %(vpn_agent_id)s)] [parameters: {'router_id': 'e25a8104-594b-43e2-8d34-75864160a936', 'vpn_agent_id': '4dd9b712-595f-5239-9038-05078ea9f5ac'}] (Background on this error at: https://sqlalche.me/e/14/gkpj) (Background on this error at: https://sqlalche.me/e/14/7s2a)
2026-05-12 12:37:55.913 13 ERROR oslo_messaging.rpc.server
Traceback (most recent call last):
2026-05-12 12:37:55.913 13 ERROR oslo_messaging.rpc.server
File "/var/lib/openstack/lib/python3.10/site-packages/oslo_messaging/rpc/server.py", line 165, in _process_incoming
2026-05-12 12:37:55.913 13 ERROR oslo_messaging.rpc.server res = self.dispatcher.dispatch(message)
2026-05-12 12:37:55.913 13 ERROR oslo_messaging.rpc.server
File "/var/lib/openstack/lib/python3.10/site-packages/oslo_messaging/rpc/dispatcher.py", line 309, in dispatch
2026-05-12 12:37:55.913 13 ERROR oslo_messaging.rpc.server return self._do_dispatch(endpoint, method, ctxt, args)
2026-05-12 12:37:55.913 13 ERROR oslo_messaging.rpc.server
File "/var/lib/openstack/lib/python3.10/site-packages/oslo_messaging/rpc/dispatcher.py", line 229, in _do_dispatch
2026-05-12 12:37:55.913 13 ERROR oslo_messaging.rpc.server result = func(ctxt, **new_args)
2026-05-12 12:37:55.913 13 ERROR oslo_messaging.rpc.server
File "/var/lib/openstack/lib/python3.10/site-packages/oslo_db/sqlalchemy/enginefacade.py", line 998, in wrapper
2026-05-12 12:37:55.913 13 ERROR oslo_messaging.rpc.server return fn(*args, **kwargs)
2026-05-12 12:37:55.913 13 ERROR oslo_messaging.rpc.server
File "/var/lib/openstack/lib/python3.10/site-packages/neutron_vpnaas/services/vpn/service_drivers/base_ipsec.py", line 80, in get_vpn_services_on_host
2026-05-12 12:37:55.913 13 ERROR oslo_messaging.rpc.server local_cidr_map = plugin._build_local_subnet_cidr_map(context)
2026-05-12 12:37:55.913 13 ERROR oslo_messaging.rpc.server
File "/var/lib/openstack/lib/python3.10/site-packages/neutron_vpnaas/db/vpn/vpn_db.py", line 729, in _build_local_subnet_cidr_map
2026-05-12 12:37:55.913 13 ERROR oslo_messaging.rpc.server return {sn.id: sn.cidr for sn in query.all()}
2026-05-12 12:37:55.913 13 ERROR oslo_messaging.rpc.server
File "/var/lib/openstack/lib/python3.10/site-packages/sqlalchemy/orm/query.py", line 2773, in all
2026-05-12 12:37:55.913 13 ERROR oslo_messaging.rpc.server return self._iter().all()
2026-05-12 12:37:55.913 13 ERROR oslo_messaging.rpc.server
File "/var/lib/openstack/lib/python3.10/site-packages/sqlalchemy/orm/query.py", line 2916, in _iter
2026-05-12 12:37:55.913 13 ERROR oslo_messaging.rpc.server result = self.session.execute(
2026-05-12 12:37:55.913 13 ERROR oslo_messaging.rpc.server
File "/var/lib/openstack/lib/python3.10/site-packages/sqlalchemy/orm/session.py", line 1716, in execute
2026-05-12 12:37:55.913 13 ERROR oslo_messaging.rpc.server conn = self._connection_for_bind(bind)
2026-05-12 12:37:55.913 13 ERROR oslo_messaging.rpc.server
File "/var/lib/openstack/lib/python3.10/site-packages/sqlalchemy/orm/session.py", line 1555, in _connection_for_bind
2026-05-12 12:37:55.913 13 ERROR oslo_messaging.rpc.server return self._transaction._connection_for_bind(
2026-05-12 12:37:55.913 13 ERROR oslo_messaging.rpc.server
File "/var/lib/openstack/lib/python3.10/site-packages/sqlalchemy/orm/session.py", line 724, in _connection_for_bind
2026-05-12 12:37:55.913 13 ERROR oslo_messaging.rpc.server self._assert_active()
2026-05-12 12:37:55.913 13 ERROR oslo_messaging.rpc.server
File "/var/lib/openstack/lib/python3.10/site-packages/sqlalchemy/orm/session.py", line 604, in _assert_active
2026-05-12 12:37:55.913 13 ERROR oslo_messaging.rpc.server raise sa_exc.PendingRollbackError(
2026-05-12 12:37:55.913 13 ERROR oslo_messaging.rpc.server sqlalchemy.exc.PendingRollbackError: This Session's transaction has been rolled back due to a previous exception during flush. To begin a new transaction with this Session, first issue Session.rollback(). Original exception was: (pymysql.err.IntegrityError) (1062, "Duplicate entry 'e25a8104-594b-43e2-8d34-75864160a936-4dd9b712-595f-5239-9038-050' for key 'routervpnagentbindings.PRIMARY'")
2026-05-12 12:37:55.913 13 ERROR oslo_messaging.rpc.server [SQL: INSERT INTO routervpnagentbindings (router_id, vpn_agent_id) VALUES (%(router_id)s, %(vpn_agent_id)s)]
2026-05-12 12:37:55.913 13 ERROR oslo_messaging.rpc.server [parameters: {'router_id': 'e25a8104-594b-43e2-8d34-75864160a936', 'vpn_agent_id': '4dd9b712-595f-5239-9038-05078ea9f5ac'}]
2026-05-12 12:37:55.913 13 ERROR oslo_messaging.rpc.server (Background on this error at: https://sqlalche.me/e/14/gkpj) (Background on this error at: https://sqlalche.me/e/14/7s2a)
2026-05-12 12:37:55.913 13 ERROR oslo_messaging.rpc.server 
2026-05-12 12:37:55.926 9 INFO neutron.db.ovn_revision_numbers_db [None req-0231b59d-c6de-4b2d-aa65-c5d110ca601c a83e2911d4c84d05a163ceaa1af93bd2 2a770d0471a94d36a7c199cda8ca73ff - - default default] Successfully bumped revision number for resource 2e6e425c-4328-4f6f-9126-63289b5c9252 (type: security_group_rules) to 0
2026-05-12 12:37:55.957 9 INFO neutron.wsgi [None req-0231b59d-c6de-4b2d-aa65-c5d110ca601c a83e2911d4c84d05a163ceaa1af93bd2 2a770d0471a94d36a7c199cda8ca73ff - - default default] 10.0.0.120 "POST /v2.0/security-group-rules HTTP/1.1" status: 201 len: 801 time: 0.1753669
2026-05-12 12:37:55.971 9 WARNING neutron_lib.context [None req-3f5f0957-953e-47be-9ef1-05b90cf653ab a83e2911d4c84d05a163ceaa1af93bd2 2a770d0471a94d36a7c199cda8ca73ff - - default default] Method 'is_advsvc' is deprecated since 2023.2 release (neutron-lib 3.8.0) and will be removed once support for the old RBAC API policies will be removed from Neutron. Please use method 'is_service_role' instead.
2026-05-12 12:37:55.980 10 WARNING neutron.plugins.ml2.drivers.ovn.mech_driver.ovsdb.ovn_client [None req-6965b009-2ce0-43fd-adff-4ceaae18830f - - - - - -] No hosting information found for port 629af304-9b2c-45b9-bb01-c3a70c0e56d2: RuntimeError: No hosting information found for port 629af304-9b2c-45b9-bb01-c3a70c0e56d2
2026-05-12 12:37:55.980 10 INFO neutron.plugins.ml2.drivers.ovn.mech_driver.mech_driver [None req-6965b009-2ce0-43fd-adff-4ceaae18830f - - - - - -] OVN reports status up for port: 5be65a24-2218-42da-bf63-8fd6c3e1a9ef
2026-05-12 12:37:56.000 10 INFO neutron.plugins.ml2.plugin [None req-6965b009-2ce0-43fd-adff-4ceaae18830f - - - - - -] Attempt 1 to provision port 5be65a24-2218-42da-bf63-8fd6c3e1a9ef
2026-05-12 12:37:56.097 10 INFO neutron.wsgi [None req-780ac521-9b0d-4c13-84f0-7a10cc7c0370 c77aa06b0635498f82a5ceee67eb4bed d77078083732434bbe52fab3bebeb961 - - default default] 10.0.0.120 "POST /v2.0/vpn/vpnservices HTTP/1.1" status: 201 len: 657 time: 6.6079078
2026-05-12 12:37:56.125 9 INFO neutron.wsgi [None req-915984f7-d66b-4293-9d44-6bc775878861 c77aa06b0635498f82a5ceee67eb4bed d77078083732434bbe52fab3bebeb961 - - default default] 10.0.0.120 "GET /v2.0/vpn/vpnservices HTTP/1.1" status: 200 len: 1492 time: 0.0203867
2026-05-12 12:37:56.307 9 WARNING neutron.scheduler.dhcp_agent_scheduler [None req-3f5f0957-953e-47be-9ef1-05b90cf653ab a83e2911d4c84d05a163ceaa1af93bd2 2a770d0471a94d36a7c199cda8ca73ff - - default default] No more DHCP agents
2026-05-12 12:37:56.308 9 WARNING neutron.api.rpc.agentnotifiers.dhcp_rpc_agent_api [None req-3f5f0957-953e-47be-9ef1-05b90cf653ab a83e2911d4c84d05a163ceaa1af93bd2 2a770d0471a94d36a7c199cda8ca73ff - - default default] Unable to schedule network 110dc62a-4dd9-4f3d-b334-a5f1ef86a5c0: no agents available; will retry on subsequent port and subnet creation events.
2026-05-12 12:37:56.645 10 INFO neutron.db.ovn_revision_numbers_db [None req-6965b009-2ce0-43fd-adff-4ceaae18830f - - - - - -] Successfully bumped revision number for resource 5be65a24-2218-42da-bf63-8fd6c3e1a9ef (type: ports) to 2
2026-05-12 12:37:56.736 9 INFO neutron.wsgi [None req-3f5f0957-953e-47be-9ef1-05b90cf653ab a83e2911d4c84d05a163ceaa1af93bd2 2a770d0471a94d36a7c199cda8ca73ff - - default default] 10.0.0.120 "POST /v2.0/floatingips HTTP/1.1" status: 201 len: 751 time: 0.7716041
2026-05-12 12:37:56.826 10 INFO neutron.db.ovn_revision_numbers_db [None req-6965b009-2ce0-43fd-adff-4ceaae18830f - - - - - -] Successfully bumped revision number for resource 5be65a24-2218-42da-bf63-8fd6c3e1a9ef (type: router_ports) to 2
2026-05-12 12:37:56.885 9 INFO neutron.wsgi [req-459e3148-1bf4-4093-8fc6-13d1ed3cc0fd req-d3050401-df2c-4b95-9b2a-de594ccb5d97 a83e2911d4c84d05a163ceaa1af93bd2 2a770d0471a94d36a7c199cda8ca73ff - - default default] 10.0.0.1 "GET /v2.0/security-groups?name=tempest-securitygroup--1793665562&fields=id&tenant_id=2a770d0471a94d36a7c199cda8ca73ff HTTP/1.1" status: 200 len: 267 time: 0.0464561
2026-05-12 12:37:56.946 9 INFO neutron.wsgi [req-459e3148-1bf4-4093-8fc6-13d1ed3cc0fd req-e9858036-068f-4ed0-abaf-93fc8f023c55 a83e2911d4c84d05a163ceaa1af93bd2 2a770d0471a94d36a7c199cda8ca73ff - - default default] 10.0.0.1 "GET /v2.0/security-groups?name=tempest-secgroup-smoke-1256987672&fields=id&tenant_id=2a770d0471a94d36a7c199cda8ca73ff HTTP/1.1" status: 200 len: 267 time: 0.0505970
2026-05-12 12:37:57.064 9 INFO neutron.wsgi [req-459e3148-1bf4-4093-8fc6-13d1ed3cc0fd req-8a332807-0c9a-4ab2-8cd7-920e2983af22 a83e2911d4c84d05a163ceaa1af93bd2 2a770d0471a94d36a7c199cda8ca73ff - - default default] 10.0.0.1 "GET /v2.0/networks?id=83a2abf0-8bed-45d5-9963-66dd556aa262 HTTP/1.1" status: 200 len: 872 time: 0.1111050
2026-05-12 12:37:57.080 9 INFO neutron.wsgi [req-459e3148-1bf4-4093-8fc6-13d1ed3cc0fd req-21f9ad50-1551-4590-abcb-2e624b279ec5 a83e2911d4c84d05a163ceaa1af93bd2 2a770d0471a94d36a7c199cda8ca73ff - - default default] 10.0.0.1 "GET /v2.0/quotas/2a770d0471a94d36a7c199cda8ca73ff HTTP/1.1" status: 200 len: 491 time: 0.0106657
2026-05-12 12:37:57.213 9 INFO neutron.wsgi [req-459e3148-1bf4-4093-8fc6-13d1ed3cc0fd req-7e7ce7f6-b7f1-4d9e-bca1-b0ba2c16f310 a83e2911d4c84d05a163ceaa1af93bd2 2a770d0471a94d36a7c199cda8ca73ff - - default default] 10.0.0.1 "GET /v2.0/ports?tenant_id=2a770d0471a94d36a7c199cda8ca73ff&fields=id HTTP/1.1" status: 200 len: 302 time: 0.1253376
