2026-05-12 12:36:17.714 10 INFO neutron.wsgi [None req-1749c438-bef3-4aa6-8991-ab63d49d0528 422105eef2ba412cad61c329d9d2d41b cd9c7e2f8a95474bbf03ca354853200f - - default default] 10.0.0.120 "GET /v2.0/subnetpools/962758d2-1b4e-4f27-bb84-f7af00e4f370/tags HTTP/1.1" status: 200 len: 227 time: 0.0224373
2026-05-12 12:36:17.753 10 INFO neutron.wsgi [None req-377c583d-e3c2-463a-87b1-783f4a41ec32 422105eef2ba412cad61c329d9d2d41b cd9c7e2f8a95474bbf03ca354853200f - - default default] 10.0.0.120 "PUT /v2.0/subnetpools/962758d2-1b4e-4f27-bb84-f7af00e4f370/tags/black.or.white HTTP/1.1" status: 201 len: 201 time: 0.0337632
2026-05-12 12:36:17.784 10 INFO neutron.wsgi [None req-0581847b-8eac-4098-94e4-0306e7d0a083 422105eef2ba412cad61c329d9d2d41b cd9c7e2f8a95474bbf03ca354853200f - - default default] 10.0.0.120 "GET /v2.0/subnetpools/962758d2-1b4e-4f27-bb84-f7af00e4f370/tags HTTP/1.1" status: 200 len: 245 time: 0.0238948
2026-05-12 12:36:17.834 10 INFO neutron.wsgi [None req-ae62b78c-f3ac-431c-91f1-d602914a6c06 422105eef2ba412cad61c329d9d2d41b cd9c7e2f8a95474bbf03ca354853200f - - default default] 10.0.0.120 "PUT /v2.0/subnetpools/962758d2-1b4e-4f27-bb84-f7af00e4f370/tags HTTP/1.1" status: 200 len: 230 time: 0.0436976
2026-05-12 12:36:17.862 10 INFO neutron.wsgi [None req-7846cca5-59e3-417f-aa0e-9b07616dcb8b 422105eef2ba412cad61c329d9d2d41b cd9c7e2f8a95474bbf03ca354853200f - - default default] 10.0.0.120 "GET /v2.0/subnetpools/962758d2-1b4e-4f27-bb84-f7af00e4f370/tags HTTP/1.1" status: 200 len: 230 time: 0.0228994
2026-05-12 12:36:17.903 9 INFO neutron.wsgi [None req-febb876d-eec2-4107-99a5-2cc84956c4ef 422105eef2ba412cad61c329d9d2d41b cd9c7e2f8a95474bbf03ca354853200f - - default default] 10.0.0.120 "GET /v2.0/subnetpools/962758d2-1b4e-4f27-bb84-f7af00e4f370/tags/red HTTP/1.1" status: 204 len: 168 time: 0.0362380
2026-05-12 12:36:17.934 9 INFO neutron.wsgi [None req-2fa0d2ba-83c8-4d73-b75c-0feff9ca97fd e2046ce9de894b7cacd8f437cee5f9f2 2a437915bedc4abd8a03eb37605b449b - - default default] 10.0.0.120 "DELETE /v2.0/ports/e2488571-92d8-4d55-9985-f543c4ba54af HTTP/1.1" status: 204 len: 168 time: 0.2791770
2026-05-12 12:36:17.943 10 INFO neutron.api.v2.resource [None req-d43e811c-25dd-4bff-9a1a-4d937ae47f14 422105eef2ba412cad61c329d9d2d41b cd9c7e2f8a95474bbf03ca354853200f - - default default] show failed (client error): The resource could not be found.
2026-05-12 12:36:17.945 10 INFO neutron.wsgi [None req-d43e811c-25dd-4bff-9a1a-4d937ae47f14 422105eef2ba412cad61c329d9d2d41b cd9c7e2f8a95474bbf03ca354853200f - - default default] 10.0.0.120 "GET /v2.0/subnetpools/962758d2-1b4e-4f27-bb84-f7af00e4f370/tags/green HTTP/1.1" status: 404 len: 299 time: 0.0373003
2026-05-12 12:36:17.990 10 INFO neutron.wsgi [None req-b2fd8142-84a9-4e7e-b5a9-b206ee07ead2 422105eef2ba412cad61c329d9d2d41b cd9c7e2f8a95474bbf03ca354853200f - - default default] 10.0.0.120 "DELETE /v2.0/subnetpools/962758d2-1b4e-4f27-bb84-f7af00e4f370/tags/red HTTP/1.1" status: 204 len: 168 time: 0.0403769
2026-05-12 12:36:18.017 10 INFO neutron.wsgi [None req-d34d3c0f-f011-4500-ab61-1a7524c0e77f 422105eef2ba412cad61c329d9d2d41b cd9c7e2f8a95474bbf03ca354853200f - - default default] 10.0.0.120 "GET /v2.0/subnetpools/962758d2-1b4e-4f27-bb84-f7af00e4f370/tags HTTP/1.1" status: 200 len: 223 time: 0.0219822
2026-05-12 12:36:18.051 10 INFO neutron.api.v2.resource [None req-98d36884-dda9-42e1-82a9-8c615ad9a199 422105eef2ba412cad61c329d9d2d41b cd9c7e2f8a95474bbf03ca354853200f - - default default] delete failed (client error): The resource could not be found.
2026-05-12 12:36:18.053 10 INFO neutron.wsgi [None req-98d36884-dda9-42e1-82a9-8c615ad9a199 422105eef2ba412cad61c329d9d2d41b cd9c7e2f8a95474bbf03ca354853200f - - default default] 10.0.0.120 "DELETE /v2.0/subnetpools/962758d2-1b4e-4f27-bb84-f7af00e4f370/tags/green HTTP/1.1" status: 404 len: 299 time: 0.0316927
2026-05-12 12:36:18.098 10 INFO neutron.wsgi [None req-b482899e-cceb-418b-9906-a741c5b32380 422105eef2ba412cad61c329d9d2d41b cd9c7e2f8a95474bbf03ca354853200f - - default default] 10.0.0.120 "DELETE /v2.0/subnetpools/962758d2-1b4e-4f27-bb84-f7af00e4f370/tags HTTP/1.1" status: 204 len: 168 time: 0.0412366
2026-05-12 12:36:18.131 10 INFO neutron.wsgi [None req-a0b61c1d-5728-44b8-9964-4b888d518dd9 422105eef2ba412cad61c329d9d2d41b cd9c7e2f8a95474bbf03ca354853200f - - default default] 10.0.0.120 "GET /v2.0/subnetpools/962758d2-1b4e-4f27-bb84-f7af00e4f370/tags HTTP/1.1" status: 200 len: 205 time: 0.0273979
2026-05-12 12:36:18.190 9 INFO neutron.wsgi [None req-8b307b46-b3d3-4218-9a70-b7a92fd01f87 e2046ce9de894b7cacd8f437cee5f9f2 2a437915bedc4abd8a03eb37605b449b - - default default] 10.0.0.120 "DELETE /v2.0/ports/79e2535b-23b8-4f16-a165-21a50751ee5c HTTP/1.1" status: 204 len: 168 time: 0.2485745
2026-05-12 12:36:18.200 10 INFO neutron.wsgi [None req-e7ff3c6a-63d9-45d7-b44f-bda54fbbad05 422105eef2ba412cad61c329d9d2d41b cd9c7e2f8a95474bbf03ca354853200f - - default default] 10.0.0.120 "DELETE /v2.0/subnetpools/962758d2-1b4e-4f27-bb84-f7af00e4f370 HTTP/1.1" status: 204 len: 168 time: 0.0609922
2026-05-12 12:36:18.596 9 INFO neutron.services.segments.plugin [-] Segment bd090b58-1645-4e81-a051-c6cd7d822ef5 resource provider aggregate not found
2026-05-12 12:36:18.601 9 INFO neutron.services.segments.plugin [-] Segment bd090b58-1645-4e81-a051-c6cd7d822ef5 resource provider aggregate not found
2026-05-12 12:36:18.621 9 INFO neutron.wsgi [None req-b658fe05-15f4-4820-a822-8dcf3257b696 e2046ce9de894b7cacd8f437cee5f9f2 2a437915bedc4abd8a03eb37605b449b - - default default] 10.0.0.120 "DELETE /v2.0/networks/352141ac-d4e9-4d13-ac4e-c3f595acca86 HTTP/1.1" status: 204 len: 168 time: 0.4232967
2026-05-12 12:36:18.622 9 INFO neutron.services.segments.plugin [-] Segment bd090b58-1645-4e81-a051-c6cd7d822ef5 resource provider not found; error: Placement Client Error (4xx): {"errors": [{"status": 404, "title": "Not Found", "detail": "The resource could not be found.\n\n No resource provider with uuid bd090b58-1645-4e81-a051-c6cd7d822ef5 found for delete ", "request_id": "req-20a73d7d-2252-4cf2-9d73-5437e600c4c9"}]}
2026-05-12 12:36:18.624 9 INFO neutron.services.segments.plugin [-] Segment bd090b58-1645-4e81-a051-c6cd7d822ef5 resource provider not found; error: Placement Client Error (4xx): {"errors": [{"status": 404, "title": "Not Found", "detail": "The resource could not be found.\n\n No resource provider with uuid bd090b58-1645-4e81-a051-c6cd7d822ef5 found for delete ", "request_id": "req-3a44f237-9332-481f-87fd-e81f5d4841dc"}]}
2026-05-12 12:36:19.279 10 INFO neutron.services.segments.plugin [-] Segment a7bf046c-0754-4312-ad15-4935c34fc943 resource provider aggregate not found
2026-05-12 12:36:19.288 10 INFO neutron.services.segments.plugin [-] Segment a7bf046c-0754-4312-ad15-4935c34fc943 resource provider aggregate not found
2026-05-12 12:36:19.296 10 INFO neutron.services.segments.plugin [-] Segment a7bf046c-0754-4312-ad15-4935c34fc943 resource provider not found; error: Placement Client Error (4xx): {"errors": [{"status": 404, "title": "Not Found", "detail": "The resource could not be found.\n\n No resource provider with uuid a7bf046c-0754-4312-ad15-4935c34fc943 found for delete ", "request_id": "req-7f4c4c92-6b7e-4ed8-8126-c911c3747d88"}]}
2026-05-12 12:36:19.309 10 INFO neutron.wsgi [None req-ef5a737e-8941-465c-889f-6011192f55fd e2046ce9de894b7cacd8f437cee5f9f2 2a437915bedc4abd8a03eb37605b449b - - default default] 10.0.0.120 "DELETE /v2.0/networks/3852453a-753b-427c-a27e-ac617036560b HTTP/1.1" status: 204 len: 168 time: 0.6818480
2026-05-12 12:36:19.310 10 INFO neutron.services.segments.plugin [-] Segment a7bf046c-0754-4312-ad15-4935c34fc943 resource provider not found; error: Placement Client Error (4xx): {"errors": [{"status": 404, "title": "Not Found", "detail": "The resource could not be found.\n\n No resource provider with uuid a7bf046c-0754-4312-ad15-4935c34fc943 found for delete ", "request_id": "req-09067fce-d465-42b7-957c-4c9fdea09bef"}]}
2026-05-12 12:36:19.469 9 INFO neutron.db.ovn_revision_numbers_db [None req-47d9a9cb-f4fe-457a-90de-1e805714a855 3b0a0edda41f435d88d6ba8a74cace51 1888e6ea4bec4394803d2be1d04a8e95 - - default default] Successfully bumped revision number for resource bb06e219-eba2-4710-948b-ae7f63867610 (type: security_groups) to 1
2026-05-12 12:36:19.497 9 INFO neutron.db.ovn_revision_numbers_db [None req-47d9a9cb-f4fe-457a-90de-1e805714a855 3b0a0edda41f435d88d6ba8a74cace51 1888e6ea4bec4394803d2be1d04a8e95 - - default default] Successfully bumped revision number for resource 389a5883-0cbd-4c93-a566-ff14c4e64657 (type: security_group_rules) to 0
2026-05-12 12:36:19.518 9 INFO neutron.db.ovn_revision_numbers_db [None req-47d9a9cb-f4fe-457a-90de-1e805714a855 3b0a0edda41f435d88d6ba8a74cace51 1888e6ea4bec4394803d2be1d04a8e95 - - default default] Successfully bumped revision number for resource 5ce282a4-ab10-41df-9f9b-9f5ab86b90ab (type: security_group_rules) to 0
2026-05-12 12:36:19.545 9 INFO neutron.db.ovn_revision_numbers_db [None req-47d9a9cb-f4fe-457a-90de-1e805714a855 3b0a0edda41f435d88d6ba8a74cace51 1888e6ea4bec4394803d2be1d04a8e95 - - default default] Successfully bumped revision number for resource 940f5194-fc65-4414-8cd7-41038da6527c (type: security_group_rules) to 0
2026-05-12 12:36:19.559 9 INFO neutron.db.ovn_revision_numbers_db [None req-47d9a9cb-f4fe-457a-90de-1e805714a855 3b0a0edda41f435d88d6ba8a74cace51 1888e6ea4bec4394803d2be1d04a8e95 - - default default] Successfully bumped revision number for resource a278d1bd-9597-41b4-a5e9-ba9f91c62501 (type: security_group_rules) to 0
2026-05-12 12:36:19.580 9 INFO neutron.wsgi [None req-47d9a9cb-f4fe-457a-90de-1e805714a855 3b0a0edda41f435d88d6ba8a74cace51 1888e6ea4bec4394803d2be1d04a8e95 - - default default] 10.0.0.120 "GET /v2.0/security-groups?tenant_id=cd9c7e2f8a95474bbf03ca354853200f&name=default HTTP/1.1" status: 200 len: 3120 time: 0.5607529
2026-05-12 12:36:19.752 9 INFO neutron.wsgi [None req-eb539b68-42bc-458c-ab06-b902bea40ff1 e2046ce9de894b7cacd8f437cee5f9f2 2a437915bedc4abd8a03eb37605b449b - - default default] 10.0.0.120 "DELETE /v2.0/networks/139d841c-b9e3-47b5-9e7d-4b0358a31784 HTTP/1.1" status: 204 len: 168 time: 0.4361901
2026-05-12 12:36:19.861 10 INFO neutron.wsgi [None req-c4c0ee49-0dae-4c1a-8bf3-1d2b72630624 3b0a0edda41f435d88d6ba8a74cace51 1888e6ea4bec4394803d2be1d04a8e95 - - default default] 10.0.0.120 "DELETE /v2.0/security-groups/bb06e219-eba2-4710-948b-ae7f63867610 HTTP/1.1" status: 204 len: 168 time: 0.2738633
2026-05-12 12:36:20.143 10 INFO neutron.db.ovn_revision_numbers_db [None req-92a0b59c-2b94-4636-881c-6a5ccfb0ffbd 3b0a0edda41f435d88d6ba8a74cace51 1888e6ea4bec4394803d2be1d04a8e95 - - default default] Successfully bumped revision number for resource ffec46e2-aa50-4509-9bfd-55d7547f6652 (type: security_groups) to 1
2026-05-12 12:36:20.165 10 INFO neutron.db.ovn_revision_numbers_db [None req-92a0b59c-2b94-4636-881c-6a5ccfb0ffbd 3b0a0edda41f435d88d6ba8a74cace51 1888e6ea4bec4394803d2be1d04a8e95 - - default default] Successfully bumped revision number for resource 16251b34-8a8e-44e6-9a65-0d76970fbe03 (type: security_group_rules) to 0
2026-05-12 12:36:20.183 10 INFO neutron.db.ovn_revision_numbers_db [None req-92a0b59c-2b94-4636-881c-6a5ccfb0ffbd 3b0a0edda41f435d88d6ba8a74cace51 1888e6ea4bec4394803d2be1d04a8e95 - - default default] Successfully bumped revision number for resource 58880927-1d51-4c49-9670-3933aa963070 (type: security_group_rules) to 0
2026-05-12 12:36:20.204 9 INFO neutron.db.ovn_revision_numbers_db [None req-23eaad53-832e-4dde-b688-85dcd6cbc4b0 3b0a0edda41f435d88d6ba8a74cace51 1888e6ea4bec4394803d2be1d04a8e95 - - default default] Successfully bumped revision number for resource e3fc58ac-bec6-45d4-aa22-66c9474b27c3 (type: security_groups) to 1
2026-05-12 12:36:20.216 10 INFO neutron.db.ovn_revision_numbers_db [None req-92a0b59c-2b94-4636-881c-6a5ccfb0ffbd 3b0a0edda41f435d88d6ba8a74cace51 1888e6ea4bec4394803d2be1d04a8e95 - - default default] Successfully bumped revision number for resource b29b986d-21d4-4a85-901d-f2c1a9ecda96 (type: security_group_rules) to 0
2026-05-12 12:36:20.221 9 INFO neutron.db.ovn_revision_numbers_db [None req-23eaad53-832e-4dde-b688-85dcd6cbc4b0 3b0a0edda41f435d88d6ba8a74cace51 1888e6ea4bec4394803d2be1d04a8e95 - - default default] Successfully bumped revision number for resource 0032b9e4-1455-471d-b48f-c0b07ba318fd (type: security_group_rules) to 0
2026-05-12 12:36:20.235 10 INFO neutron.db.ovn_revision_numbers_db [None req-92a0b59c-2b94-4636-881c-6a5ccfb0ffbd 3b0a0edda41f435d88d6ba8a74cace51 1888e6ea4bec4394803d2be1d04a8e95 - - default default] Successfully bumped revision number for resource ff31bde6-8ea0-428a-b8a5-7c9865ad0dfe (type: security_group_rules) to 0
2026-05-12 12:36:20.241 9 INFO neutron.db.ovn_revision_numbers_db [None req-23eaad53-832e-4dde-b688-85dcd6cbc4b0 3b0a0edda41f435d88d6ba8a74cace51 1888e6ea4bec4394803d2be1d04a8e95 - - default default] Successfully bumped revision number for resource 77553a32-8561-4f7a-abb8-5fbe166e3d53 (type: security_group_rules) to 0
2026-05-12 12:36:20.256 9 INFO neutron.db.ovn_revision_numbers_db [None req-23eaad53-832e-4dde-b688-85dcd6cbc4b0 3b0a0edda41f435d88d6ba8a74cace51 1888e6ea4bec4394803d2be1d04a8e95 - - default default] Successfully bumped revision number for resource 7797283a-8d5b-4176-9c70-36a44ce73c8d (type: security_group_rules) to 0
2026-05-12 12:36:20.258 10 INFO neutron.wsgi [None req-346373ea-32be-493c-87c3-769d3c60e8f0 e2046ce9de894b7cacd8f437cee5f9f2 2a437915bedc4abd8a03eb37605b449b - - default default] 10.0.0.120 "DELETE /v2.0/networks/84c4875a-76b7-42c6-90b3-45cf0673c785 HTTP/1.1" status: 204 len: 168 time: 0.5028024
2026-05-12 12:36:20.268 10 INFO neutron.wsgi [None req-92a0b59c-2b94-4636-881c-6a5ccfb0ffbd 3b0a0edda41f435d88d6ba8a74cace51 1888e6ea4bec4394803d2be1d04a8e95 - - default default] 10.0.0.120 "GET /v2.0/security-groups?tenant_id=ef25795e1b224c6bad4fd0173e2131df&name=default HTTP/1.1" status: 200 len: 3120 time: 0.3062739
2026-05-12 12:36:20.289 9 INFO neutron.db.ovn_revision_numbers_db [None req-23eaad53-832e-4dde-b688-85dcd6cbc4b0 3b0a0edda41f435d88d6ba8a74cace51 1888e6ea4bec4394803d2be1d04a8e95 - - default default] Successfully bumped revision number for resource fd3f9afb-921b-4795-96c7-9804226abb75 (type: security_group_rules) to 0
2026-05-12 12:36:20.337 9 INFO neutron.wsgi [None req-23eaad53-832e-4dde-b688-85dcd6cbc4b0 3b0a0edda41f435d88d6ba8a74cace51 1888e6ea4bec4394803d2be1d04a8e95 - - default default] 10.0.0.120 "GET /v2.0/security-groups?tenant_id=bbdf79d8caf440e9a2ba7419020dece3&name=default HTTP/1.1" status: 200 len: 3120 time: 0.4618750
2026-05-12 12:36:20.517 10 INFO neutron.wsgi [None req-6c0062da-05c6-4515-8016-292973ba49ed 3b0a0edda41f435d88d6ba8a74cace51 1888e6ea4bec4394803d2be1d04a8e95 - - default default] 10.0.0.120 "DELETE /v2.0/security-groups/ffec46e2-aa50-4509-9bfd-55d7547f6652 HTTP/1.1" status: 204 len: 168 time: 0.2343700
2026-05-12 12:36:20.640 9 INFO neutron.services.segments.plugin [-] Segment ade4fec9-297f-42a2-87e2-6823dd81726a resource provider aggregate not found
2026-05-12 12:36:20.645 9 INFO neutron.services.segments.plugin [-] Segment ade4fec9-297f-42a2-87e2-6823dd81726a resource provider aggregate not found
2026-05-12 12:36:20.652 9 INFO neutron.services.segments.plugin [-] Segment ade4fec9-297f-42a2-87e2-6823dd81726a resource provider not found; error: Placement Client Error (4xx): {"errors": [{"status": 404, "title": "Not Found", "detail": "The resource could not be found.\n\n No resource provider with uuid ade4fec9-297f-42a2-87e2-6823dd81726a found for delete ", "request_id": "req-3421194b-a613-44c0-8db1-620ba74da567"}]}
2026-05-12 12:36:20.660 9 INFO neutron.services.segments.plugin [-] Segment ade4fec9-297f-42a2-87e2-6823dd81726a resource provider not found; error: Placement Client Error (4xx): {"errors": [{"status": 404, "title": "Not Found", "detail": "The resource could not be found.\n\n No resource provider with uuid ade4fec9-297f-42a2-87e2-6823dd81726a found for delete ", "request_id": "req-3e1b8891-0e95-4a11-a57e-6b0a01e99bb3"}]}
2026-05-12 12:36:20.674 9 INFO neutron.wsgi [None req-d4ca94fb-3d54-4fb6-8fea-92b77d139b75 3b0a0edda41f435d88d6ba8a74cace51 1888e6ea4bec4394803d2be1d04a8e95 - - default default] 10.0.0.120 "DELETE /v2.0/security-groups/e3fc58ac-bec6-45d4-aa22-66c9474b27c3 HTTP/1.1" status: 204 len: 168 time: 0.3316195
2026-05-12 12:36:20.788 9 INFO neutron.wsgi [None req-60556461-473a-42e6-b02d-accce9452c81 e2046ce9de894b7cacd8f437cee5f9f2 2a437915bedc4abd8a03eb37605b449b - - default default] 10.0.0.120 "DELETE /v2.0/networks/052d43d4-1916-4cb8-90d6-4b30eb394d3c HTTP/1.1" status: 204 len: 168 time: 0.5233316
2026-05-12 12:36:20.937 9 INFO neutron.db.ovn_revision_numbers_db [None req-ca2c2fdc-3cbe-493c-8cf7-89ca28926dc6 3b0a0edda41f435d88d6ba8a74cace51 1888e6ea4bec4394803d2be1d04a8e95 - - default default] Successfully bumped revision number for resource dc12fac2-829e-4fa9-824a-979cbc69749d (type: security_groups) to 1
2026-05-12 12:36:20.952 9 INFO neutron.db.ovn_revision_numbers_db [None req-ca2c2fdc-3cbe-493c-8cf7-89ca28926dc6 3b0a0edda41f435d88d6ba8a74cace51 1888e6ea4bec4394803d2be1d04a8e95 - - default default] Successfully bumped revision number for resource 8da1bf8b-6b3a-43c1-be20-36fd7c4b684e (type: security_group_rules) to 0
2026-05-12 12:36:20.970 9 INFO neutron.db.ovn_revision_numbers_db [None req-ca2c2fdc-3cbe-493c-8cf7-89ca28926dc6 3b0a0edda41f435d88d6ba8a74cace51 1888e6ea4bec4394803d2be1d04a8e95 - - default default] Successfully bumped revision number for resource 8df76111-ce0e-4870-ab5c-07d3abb5b9e5 (type: security_group_rules) to 0
2026-05-12 12:36:20.987 9 INFO neutron.db.ovn_revision_numbers_db [None req-ca2c2fdc-3cbe-493c-8cf7-89ca28926dc6 3b0a0edda41f435d88d6ba8a74cace51 1888e6ea4bec4394803d2be1d04a8e95 - - default default] Successfully bumped revision number for resource bdf772e3-f3df-49fe-b960-8eefc112912d (type: security_group_rules) to 0
2026-05-12 12:36:21.006 9 INFO neutron.db.ovn_revision_numbers_db [None req-ca2c2fdc-3cbe-493c-8cf7-89ca28926dc6 3b0a0edda41f435d88d6ba8a74cace51 1888e6ea4bec4394803d2be1d04a8e95 - - default default] Successfully bumped revision number for resource fa24d5a8-a4cd-4e47-8c76-a95df72229f4 (type: security_group_rules) to 0
2026-05-12 12:36:21.033 9 INFO neutron.wsgi [None req-ca2c2fdc-3cbe-493c-8cf7-89ca28926dc6 3b0a0edda41f435d88d6ba8a74cace51 1888e6ea4bec4394803d2be1d04a8e95 - - default default] 10.0.0.120 "GET /v2.0/security-groups?tenant_id=bad247fa81de4be9b82989e50628a833&name=default HTTP/1.1" status: 200 len: 3120 time: 0.2312889
2026-05-12 12:36:21.257 10 INFO neutron.wsgi [None req-7615783f-a444-4761-b4ab-1baa05fc8658 3b0a0edda41f435d88d6ba8a74cace51 1888e6ea4bec4394803d2be1d04a8e95 - - default default] 10.0.0.120 "DELETE /v2.0/security-groups/dc12fac2-829e-4fa9-824a-979cbc69749d HTTP/1.1" status: 204 len: 168 time: 0.2184591
2026-05-12 12:36:21.322 10 INFO neutron.services.segments.plugin [-] Segment f99670ed-28e5-4c9d-910e-82443cde2584 resource provider aggregate not found
2026-05-12 12:36:21.337 10 INFO neutron.services.segments.plugin [-] Segment f99670ed-28e5-4c9d-910e-82443cde2584 resource provider aggregate not found
2026-05-12 12:36:21.344 10 INFO neutron.services.segments.plugin [-] Segment f99670ed-28e5-4c9d-910e-82443cde2584 resource provider not found; error: Placement Client Error (4xx): {"errors": [{"status": 404, "title": "Not Found", "detail": "The resource could not be found.\n\n No resource provider with uuid f99670ed-28e5-4c9d-910e-82443cde2584 found for delete ", "request_id": "req-fa18e6cd-2f45-4e53-bf9c-11c25bbc9d3c"}]}
2026-05-12 12:36:21.360 10 INFO neutron.services.segments.plugin [-] Segment f99670ed-28e5-4c9d-910e-82443cde2584 resource provider not found; error: Placement Client Error (4xx): {"errors": [{"status": 404, "title": "Not Found", "detail": "The resource could not be found.\n\n No resource provider with uuid f99670ed-28e5-4c9d-910e-82443cde2584 found for delete ", "request_id": "req-19c4dfa2-c79d-4650-801c-5e2abf39fda4"}]}
2026-05-12 12:36:21.906 10 INFO neutron.db.ovn_revision_numbers_db [None req-7c459c8b-6f57-4cba-9300-2680125f5326 3b0a0edda41f435d88d6ba8a74cace51 1888e6ea4bec4394803d2be1d04a8e95 - - default default] Successfully bumped revision number for resource 875511ed-d668-47bf-ae62-9d0aedeb3cde (type: security_groups) to 1
2026-05-12 12:36:21.921 10 INFO neutron.db.ovn_revision_numbers_db [None req-7c459c8b-6f57-4cba-9300-2680125f5326 3b0a0edda41f435d88d6ba8a74cace51 1888e6ea4bec4394803d2be1d04a8e95 - - default default] Successfully bumped revision number for resource 5b5cd90b-ef81-433f-bd18-a1cbb92f310e (type: security_group_rules) to 0
2026-05-12 12:36:21.937 10 INFO neutron.db.ovn_revision_numbers_db [None req-7c459c8b-6f57-4cba-9300-2680125f5326 3b0a0edda41f435d88d6ba8a74cace51 1888e6ea4bec4394803d2be1d04a8e95 - - default default] Successfully bumped revision number for resource 8f6ab77e-b113-4cf5-88e2-a9cd085f616a (type: security_group_rules) to 0
2026-05-12 12:36:21.953 10 INFO neutron.db.ovn_revision_numbers_db [None req-7c459c8b-6f57-4cba-9300-2680125f5326 3b0a0edda41f435d88d6ba8a74cace51 1888e6ea4bec4394803d2be1d04a8e95 - - default default] Successfully bumped revision number for resource 94d34816-9a04-4c43-a0d3-e37bcbd507e6 (type: security_group_rules) to 0
2026-05-12 12:36:21.972 10 INFO neutron.db.ovn_revision_numbers_db [None req-7c459c8b-6f57-4cba-9300-2680125f5326 3b0a0edda41f435d88d6ba8a74cace51 1888e6ea4bec4394803d2be1d04a8e95 - - default default] Successfully bumped revision number for resource bd3f4fdf-4ffc-44b0-9d07-65c4add68941 (type: security_group_rules) to 0
2026-05-12 12:36:22.003 10 INFO neutron.wsgi [None req-7c459c8b-6f57-4cba-9300-2680125f5326 3b0a0edda41f435d88d6ba8a74cace51 1888e6ea4bec4394803d2be1d04a8e95 - - default default] 10.0.0.120 "GET /v2.0/security-groups?tenant_id=9b92eb5113d346dd8e5429240fae0a84&name=default HTTP/1.1" status: 200 len: 3120 time: 0.3227978
2026-05-12 12:36:22.293 10 INFO neutron.wsgi [None req-a2763067-049e-465d-bc6a-74308b3bb147 3b0a0edda41f435d88d6ba8a74cace51 1888e6ea4bec4394803d2be1d04a8e95 - - default default] 10.0.0.120 "DELETE /v2.0/security-groups/875511ed-d668-47bf-ae62-9d0aedeb3cde HTTP/1.1" status: 204 len: 168 time: 0.2847130
2026-05-12 12:36:22.588 10 INFO neutron.db.ovn_revision_numbers_db [None req-96a353fc-84a7-40eb-9a08-3f7bb2663115 3b0a0edda41f435d88d6ba8a74cace51 1888e6ea4bec4394803d2be1d04a8e95 - - default default] Successfully bumped revision number for resource ff6b566e-b041-4eff-967e-f3dc952c669b (type: security_groups) to 1
2026-05-12 12:36:22.602 10 INFO neutron.db.ovn_revision_numbers_db [None req-96a353fc-84a7-40eb-9a08-3f7bb2663115 3b0a0edda41f435d88d6ba8a74cace51 1888e6ea4bec4394803d2be1d04a8e95 - - default default] Successfully bumped revision number for resource 1a5d4519-444b-4a9d-8b53-13b4c98346b4 (type: security_group_rules) to 0
2026-05-12 12:36:22.617 10 INFO neutron.db.ovn_revision_numbers_db [None req-96a353fc-84a7-40eb-9a08-3f7bb2663115 3b0a0edda41f435d88d6ba8a74cace51 1888e6ea4bec4394803d2be1d04a8e95 - - default default] Successfully bumped revision number for resource 22fbb53a-e868-42a2-bfc9-6109e5f1ad27 (type: security_group_rules) to 0
2026-05-12 12:36:22.634 10 INFO neutron.db.ovn_revision_numbers_db [None req-96a353fc-84a7-40eb-9a08-3f7bb2663115 3b0a0edda41f435d88d6ba8a74cace51 1888e6ea4bec4394803d2be1d04a8e95 - - default default] Successfully bumped revision number for resource 4589c7be-a6b6-4dbd-a0d1-6e06ff6649ad (type: security_group_rules) to 0
2026-05-12 12:36:22.648 10 INFO neutron.db.ovn_revision_numbers_db [None req-96a353fc-84a7-40eb-9a08-3f7bb2663115 3b0a0edda41f435d88d6ba8a74cace51 1888e6ea4bec4394803d2be1d04a8e95 - - default default] Successfully bumped revision number for resource 76ef2109-f074-4ec4-b6be-1ebb8fde64c3 (type: security_group_rules) to 0
2026-05-12 12:36:22.670 10 INFO neutron.wsgi [None req-96a353fc-84a7-40eb-9a08-3f7bb2663115 3b0a0edda41f435d88d6ba8a74cace51 1888e6ea4bec4394803d2be1d04a8e95 - - default default] 10.0.0.120 "GET /v2.0/security-groups?tenant_id=cb9e48341bb14e75975a3a9eb76a1236&name=default HTTP/1.1" status: 200 len: 3120 time: 0.2240641
2026-05-12 12:36:22.672 9 INFO neutron.services.segments.plugin [-] Segment 0f0c92b1-e450-4263-923f-0366d2e57758 resource provider aggregate not found
2026-05-12 12:36:22.678 9 INFO neutron.services.segments.plugin [-] Segment 0f0c92b1-e450-4263-923f-0366d2e57758 resource provider aggregate not found
2026-05-12 12:36:22.688 9 INFO neutron.services.segments.plugin [-] Segment 0f0c92b1-e450-4263-923f-0366d2e57758 resource provider not found; error: Placement Client Error (4xx): {"errors": [{"status": 404, "title": "Not Found", "detail": "The resource could not be found.\n\n No resource provider with uuid 0f0c92b1-e450-4263-923f-0366d2e57758 found for delete ", "request_id": "req-d78a4f96-6168-4667-84ec-31d7e21df289"}]}
2026-05-12 12:36:22.699 9 INFO neutron.services.segments.plugin [-] Segment 0f0c92b1-e450-4263-923f-0366d2e57758 resource provider not found; error: Placement Client Error (4xx): {"errors": [{"status": 404, "title": "Not Found", "detail": "The resource could not be found.\n\n No resource provider with uuid 0f0c92b1-e450-4263-923f-0366d2e57758 found for delete ", "request_id": "req-a9107676-a418-4e37-bf9e-b826a08913ee"}]}
2026-05-12 12:36:22.821 10 INFO neutron.wsgi [req-9be1ac61-6345-411e-8d83-1c041fb1568a req-2efb9c80-0ec3-4eb7-bd2e-4c15f3eb33ac 2fd3fec1df4d484eb413dee8fbb53e2b 9b5a54f26303430885f9f2b69292e723 - - a207f7a3574a4184a487d9be974e9da4 a207f7a3574a4184a487d9be974e9da4] 10.0.0.68 "GET /v2.0/ports?device_id=470611a7-cb5b-47ba-8503-d88cc48ca0bf HTTP/1.1" status: 200 len: 1409 time: 0.0517907
2026-05-12 12:36:22.881 10 INFO neutron.wsgi [req-9be1ac61-6345-411e-8d83-1c041fb1568a req-360bee1c-45b8-4118-a001-9ceb213199ec 2fd3fec1df4d484eb413dee8fbb53e2b 9b5a54f26303430885f9f2b69292e723 - - a207f7a3574a4184a487d9be974e9da4 a207f7a3574a4184a487d9be974e9da4] 10.0.0.68 "GET /v2.0/security-groups?id=96879692-4d14-46d9-bf27-c94706f7c65f&fields=id&fields=name HTTP/1.1" status: 200 len: 313 time: 0.0515270
2026-05-12 12:36:23.001 10 INFO neutron.wsgi [None req-deb6a2e9-c397-41e4-9a19-0297301f77a9 3b0a0edda41f435d88d6ba8a74cace51 1888e6ea4bec4394803d2be1d04a8e95 - - default default] 10.0.0.120 "DELETE /v2.0/security-groups/ff6b566e-b041-4eff-967e-f3dc952c669b HTTP/1.1" status: 204 len: 168 time: 0.3250256
2026-05-12 12:36:23.189 10 INFO neutron.wsgi [None req-9870f586-110a-4de5-90b6-85a28d73d125 3b0a0edda41f435d88d6ba8a74cace51 1888e6ea4bec4394803d2be1d04a8e95 - - default default] 10.0.0.120 "GET /v2.0/security-groups?tenant_id=2a437915bedc4abd8a03eb37605b449b&name=default HTTP/1.1" status: 200 len: 3120 time: 0.0660338
2026-05-12 12:36:23.430 10 INFO neutron.wsgi [None req-fb29b667-df46-42f7-a097-5b2cdca689f6 3b0a0edda41f435d88d6ba8a74cace51 1888e6ea4bec4394803d2be1d04a8e95 - - default default] 10.0.0.120 "DELETE /v2.0/security-groups/3a053a0a-e896-48ea-9582-8ba46a3e477f HTTP/1.1" status: 204 len: 168 time: 0.2334266
2026-05-12 12:36:24.043 9 WARNING neutron_lib.context [None req-d0e10f42-7e32-4b05-a57e-ce798543d548 85e72660e4fc4908ba9cbdd5aed03446 42385b68d610447da17aba3962e5faf6 - - default default] Method 'is_advsvc' is deprecated since 2023.2 release (neutron-lib 3.8.0) and will be removed once support for the old RBAC API policies will be removed from Neutron. Please use method 'is_service_role' instead.
2026-05-12 12:36:24.205 9 INFO neutron.db.ovn_revision_numbers_db [None req-a2cb6370-e0a9-484e-9fe8-ee625b02cee6 3b0a0edda41f435d88d6ba8a74cace51 1888e6ea4bec4394803d2be1d04a8e95 - - default default] Successfully bumped revision number for resource ce2b9661-605f-497a-a6b9-2ccc2dbe2aa8 (type: security_groups) to 1
2026-05-12 12:36:24.216 9 INFO neutron.db.ovn_revision_numbers_db [None req-d0e10f42-7e32-4b05-a57e-ce798543d548 85e72660e4fc4908ba9cbdd5aed03446 42385b68d610447da17aba3962e5faf6 - - default default] Successfully bumped revision number for resource a6bd98f6-7331-4c1c-a718-023b08611bba (type: security_groups) to 1
2026-05-12 12:36:24.218 9 INFO neutron.db.ovn_revision_numbers_db [None req-a2cb6370-e0a9-484e-9fe8-ee625b02cee6 3b0a0edda41f435d88d6ba8a74cace51 1888e6ea4bec4394803d2be1d04a8e95 - - default default] Successfully bumped revision number for resource 53ffed84-30e7-473c-ac0d-7e583e6b5566 (type: security_group_rules) to 0
2026-05-12 12:36:24.232 9 INFO neutron.db.ovn_revision_numbers_db [None req-d0e10f42-7e32-4b05-a57e-ce798543d548 85e72660e4fc4908ba9cbdd5aed03446 42385b68d610447da17aba3962e5faf6 - - default default] Successfully bumped revision number for resource 3bb5e080-1832-442c-a735-9df56778311c (type: security_group_rules) to 0
2026-05-12 12:36:24.249 9 INFO neutron.db.ovn_revision_numbers_db [None req-a2cb6370-e0a9-484e-9fe8-ee625b02cee6 3b0a0edda41f435d88d6ba8a74cace51 1888e6ea4bec4394803d2be1d04a8e95 - - default default] Successfully bumped revision number for resource 8b6b3d7d-593b-4eb1-b03d-f36e4a5204e1 (type: security_group_rules) to 0
2026-05-12 12:36:24.265 9 INFO neutron.db.ovn_revision_numbers_db [None req-d0e10f42-7e32-4b05-a57e-ce798543d548 85e72660e4fc4908ba9cbdd5aed03446 42385b68d610447da17aba3962e5faf6 - - default default] Successfully bumped revision number for resource 46e9b3bb-848a-4153-8054-923b85ef26c0 (type: security_group_rules) to 0
2026-05-12 12:36:24.271 9 INFO neutron.db.ovn_revision_numbers_db [None req-a2cb6370-e0a9-484e-9fe8-ee625b02cee6 3b0a0edda41f435d88d6ba8a74cace51 1888e6ea4bec4394803d2be1d04a8e95 - - default default] Successfully bumped revision number for resource ac711857-28ea-4623-b121-11d99acb1291 (type: security_group_rules) to 0
2026-05-12 12:36:24.278 9 INFO neutron.db.ovn_revision_numbers_db [None req-d0e10f42-7e32-4b05-a57e-ce798543d548 85e72660e4fc4908ba9cbdd5aed03446 42385b68d610447da17aba3962e5faf6 - - default default] Successfully bumped revision number for resource 60c9f721-a1d6-4643-bbdf-21e4b091854b (type: security_group_rules) to 0
2026-05-12 12:36:24.286 9 INFO neutron.db.ovn_revision_numbers_db [None req-a2cb6370-e0a9-484e-9fe8-ee625b02cee6 3b0a0edda41f435d88d6ba8a74cace51 1888e6ea4bec4394803d2be1d04a8e95 - - default default] Successfully bumped revision number for resource d573de83-1976-4c85-b683-02805e9ab108 (type: security_group_rules) to 0
2026-05-12 12:36:24.296 9 INFO neutron.db.ovn_revision_numbers_db [None req-d0e10f42-7e32-4b05-a57e-ce798543d548 85e72660e4fc4908ba9cbdd5aed03446 42385b68d610447da17aba3962e5faf6 - - default default] Successfully bumped revision number for resource f6f1bad0-ffbd-4c5b-bfaf-0bcb845f5ac6 (type: security_group_rules) to 0
2026-05-12 12:36:24.311 9 INFO neutron.wsgi [None req-a2cb6370-e0a9-484e-9fe8-ee625b02cee6 3b0a0edda41f435d88d6ba8a74cace51 1888e6ea4bec4394803d2be1d04a8e95 - - default default] 10.0.0.120 "GET /v2.0/security-groups?tenant_id=1c74c1b6f8604fca96b3278bfda82cd3&name=default HTTP/1.1" status: 200 len: 3120 time: 0.4139359
2026-05-12 12:36:24.366 9 INFO neutron.db.segments_db [None req-d0e10f42-7e32-4b05-a57e-ce798543d548 85e72660e4fc4908ba9cbdd5aed03446 42385b68d610447da17aba3962e5faf6 - - default default] Added segment d9b659cf-695e-4ee8-b103-12836d483a8e of type geneve for network ecd97b83-8305-48f4-bf73-a12d9cbcd4f3
2026-05-12 12:36:24.800 9 INFO neutron.wsgi [req-ba48ca33-13b6-48ac-85ff-10ba5325ecf7 req-218d02e8-c0a7-4dea-9699-b56e5bcd2ab1 2fd3fec1df4d484eb413dee8fbb53e2b 9b5a54f26303430885f9f2b69292e723 - - a207f7a3574a4184a487d9be974e9da4 a207f7a3574a4184a487d9be974e9da4] 199.19.213.244 "GET /v2.0/ports?device_id=98abc735-44a2-4cf2-85d0-5d509a57dcc5&fields=binding%3Ahost_id&fields=binding%3Avif_type HTTP/1.1" status: 200 len: 265 time: 0.0687118
2026-05-12 12:36:24.852 9 INFO neutron.db.ovn_revision_numbers_db [None req-d0e10f42-7e32-4b05-a57e-ce798543d548 85e72660e4fc4908ba9cbdd5aed03446 42385b68d610447da17aba3962e5faf6 - - default default] Successfully bumped revision number for resource ecd97b83-8305-48f4-bf73-a12d9cbcd4f3 (type: networks) to 1
2026-05-12 12:36:24.912 9 INFO neutron.wsgi [req-ba48ca33-13b6-48ac-85ff-10ba5325ecf7 req-66b00669-6cdb-44ce-9c02-148d50269cd1 2fd3fec1df4d484eb413dee8fbb53e2b 9b5a54f26303430885f9f2b69292e723 - - a207f7a3574a4184a487d9be974e9da4 a207f7a3574a4184a487d9be974e9da4] 199.19.213.244 "GET /v2.0/ports?tenant_id=80d8c6a1ac194a2eb982be531c453713&device_id=98abc735-44a2-4cf2-85d0-5d509a57dcc5 HTTP/1.1" status: 200 len: 1409 time: 0.0630071
2026-05-12 12:36:25.029 9 INFO neutron.wsgi [req-ba48ca33-13b6-48ac-85ff-10ba5325ecf7 req-c13a0e14-cf09-4d00-8aea-6afaa67dd241 2fd3fec1df4d484eb413dee8fbb53e2b 9b5a54f26303430885f9f2b69292e723 - - a207f7a3574a4184a487d9be974e9da4 a207f7a3574a4184a487d9be974e9da4] 199.19.213.244 "GET /v2.0/networks?id=c8da693b-0027-4036-a65a-e16dc9f8da1c HTTP/1.1" status: 200 len: 959 time: 0.0973957
2026-05-12 12:36:25.035 9 INFO neutron.wsgi [None req-1c0aaa3b-4f75-41a3-ae4e-8f2beae70bc4 3b0a0edda41f435d88d6ba8a74cace51 1888e6ea4bec4394803d2be1d04a8e95 - - default default] 10.0.0.120 "DELETE /v2.0/security-groups/ce2b9661-605f-497a-a6b9-2ccc2dbe2aa8 HTTP/1.1" status: 204 len: 168 time: 0.7193921
2026-05-12 12:36:25.061 9 INFO neutron.wsgi [req-ba48ca33-13b6-48ac-85ff-10ba5325ecf7 req-be8e78d8-0496-4adc-a624-c1f1cebb40b1 2fd3fec1df4d484eb413dee8fbb53e2b 9b5a54f26303430885f9f2b69292e723 - - a207f7a3574a4184a487d9be974e9da4 a207f7a3574a4184a487d9be974e9da4] 199.19.213.244 "GET /v2.0/floatingips?fixed_ip_address=10.100.0.5&port_id=edb04c3d-842d-48d5-9ca4-0307578fc96d HTTP/1.1" status: 200 len: 217 time: 0.0238073
2026-05-12 12:36:25.129 9 INFO neutron.wsgi [req-ba48ca33-13b6-48ac-85ff-10ba5325ecf7 req-b7460840-6de6-4469-9764-1562b8e41992 2fd3fec1df4d484eb413dee8fbb53e2b 9b5a54f26303430885f9f2b69292e723 - - a207f7a3574a4184a487d9be974e9da4 a207f7a3574a4184a487d9be974e9da4] 199.19.213.244 "GET /v2.0/subnets?id=22c66ecf-5354-4110-9b62-04caf84a010a HTTP/1.1" status: 200 len: 853 time: 0.0596879
2026-05-12 12:36:25.171 9 INFO neutron.wsgi [req-ba48ca33-13b6-48ac-85ff-10ba5325ecf7 req-4e04392a-8a18-48ce-93f4-52776ed872e9 2fd3fec1df4d484eb413dee8fbb53e2b 9b5a54f26303430885f9f2b69292e723 - - a207f7a3574a4184a487d9be974e9da4 a207f7a3574a4184a487d9be974e9da4] 199.19.213.244 "GET /v2.0/ports?network_id=c8da693b-0027-4036-a65a-e16dc9f8da1c&device_owner=network%3Adhcp HTTP/1.1" status: 200 len: 210 time: 0.0347173
2026-05-12 12:36:25.198 9 WARNING neutron.scheduler.dhcp_agent_scheduler [None req-d0e10f42-7e32-4b05-a57e-ce798543d548 85e72660e4fc4908ba9cbdd5aed03446 42385b68d610447da17aba3962e5faf6 - - default default] No more DHCP agents
2026-05-12 12:36:25.201 9 WARNING neutron.api.rpc.agentnotifiers.dhcp_rpc_agent_api [None req-d0e10f42-7e32-4b05-a57e-ce798543d548 85e72660e4fc4908ba9cbdd5aed03446 42385b68d610447da17aba3962e5faf6 - - default default] Unable to schedule network ecd97b83-8305-48f4-bf73-a12d9cbcd4f3: no agents available; will retry on subsequent port and subnet creation events.
2026-05-12 12:36:25.289 9 INFO neutron.wsgi [req-ba48ca33-13b6-48ac-85ff-10ba5325ecf7 req-73c1d5fa-fecc-43c1-8236-16bf8c2a662e 2fd3fec1df4d484eb413dee8fbb53e2b 9b5a54f26303430885f9f2b69292e723 - - a207f7a3574a4184a487d9be974e9da4 a207f7a3574a4184a487d9be974e9da4] 199.19.213.244 "GET /v2.0/networks/c8da693b-0027-4036-a65a-e16dc9f8da1c?fields=segments HTTP/1.1" status: 200 len: 212 time: 0.1026545
2026-05-12 12:36:25.346 9 INFO neutron.db.ovn_revision_numbers_db [None req-d0e10f42-7e32-4b05-a57e-ce798543d548 85e72660e4fc4908ba9cbdd5aed03446 42385b68d610447da17aba3962e5faf6 - - default default] Successfully bumped revision number for resource 63e6e432-d60b-4957-a2fe-5382006c3497 (type: ports) to 1
2026-05-12 12:36:25.376 9 INFO neutron.wsgi [req-ba48ca33-13b6-48ac-85ff-10ba5325ecf7 req-1d985c73-992d-459b-ada6-df10a02cdda7 2fd3fec1df4d484eb413dee8fbb53e2b 9b5a54f26303430885f9f2b69292e723 - - a207f7a3574a4184a487d9be974e9da4 a207f7a3574a4184a487d9be974e9da4] 199.19.213.244 "GET /v2.0/networks/c8da693b-0027-4036-a65a-e16dc9f8da1c?fields=provider%3Aphysical_network&fields=provider%3Anetwork_type HTTP/1.1" status: 200 len: 277 time: 0.0750504
2026-05-12 12:36:25.386 9 INFO neutron.wsgi [None req-d0e10f42-7e32-4b05-a57e-ce798543d548 85e72660e4fc4908ba9cbdd5aed03446 42385b68d610447da17aba3962e5faf6 - - default default] 10.0.0.120 "POST /v2.0/networks HTTP/1.1" status: 201 len: 830 time: 1.3820314
2026-05-12 12:36:25.400 9 WARNING neutron_lib.context [None req-ea0339ab-fa29-4164-ad9b-7b257a211d47 85e72660e4fc4908ba9cbdd5aed03446 42385b68d610447da17aba3962e5faf6 - - default default] Method 'is_advsvc' is deprecated since 2023.2 release (neutron-lib 3.8.0) and will be removed once support for the old RBAC API policies will be removed from Neutron. Please use method 'is_service_role' instead.
2026-05-12 12:36:25.672 9 WARNING neutron.scheduler.dhcp_agent_scheduler [None req-ea0339ab-fa29-4164-ad9b-7b257a211d47 85e72660e4fc4908ba9cbdd5aed03446 42385b68d610447da17aba3962e5faf6 - - default default] No more DHCP agents
2026-05-12 12:36:25.675 9 WARNING neutron.api.rpc.agentnotifiers.dhcp_rpc_agent_api [None req-ea0339ab-fa29-4164-ad9b-7b257a211d47 85e72660e4fc4908ba9cbdd5aed03446 42385b68d610447da17aba3962e5faf6 - - default default] Unable to schedule network ecd97b83-8305-48f4-bf73-a12d9cbcd4f3: no agents available; will retry on subsequent port and subnet creation events.
2026-05-12 12:36:26.010 9 INFO neutron.plugins.ml2.drivers.ovn.mech_driver.mech_driver [None req-ca27ef9f-9455-4702-a107-3bdae08ab7dd - - - - - -] OVN reports status down for port: db16e41b-a875-44cf-b2e3-9425ecf050a7
2026-05-12 12:36:26.060 10 INFO neutron.wsgi [req-e1d2a4fc-61d4-48d6-82c6-c4c2f3554217 req-fdd7ea07-ccd6-4ca4-9ca0-2a674f0e426e 2739fc7d8a5b4a768789e0c6fdff9def 80d8c6a1ac194a2eb982be531c453713 - - default default] 10.0.0.1 "GET /v2.0/ports?device_id=470611a7-cb5b-47ba-8503-d88cc48ca0bf HTTP/1.1" status: 200 len: 1170 time: 0.1079731
2026-05-12 12:36:26.138 10 INFO neutron.wsgi [req-e1d2a4fc-61d4-48d6-82c6-c4c2f3554217 req-a10c3de5-02f4-4307-a8af-a126034a6ec7 2739fc7d8a5b4a768789e0c6fdff9def 80d8c6a1ac194a2eb982be531c453713 - - default default] 10.0.0.1 "GET /v2.0/security-groups?id=96879692-4d14-46d9-bf27-c94706f7c65f&fields=id&fields=name HTTP/1.1" status: 200 len: 313 time: 0.0707562
2026-05-12 12:36:26.223 9 INFO neutron.notifiers.nova [-] Nova event matching ['req-00639330-41fc-4394-bf13-37ff845d5150'] response: {'server_uuid': '470611a7-cb5b-47ba-8503-d88cc48ca0bf', 'name': 'network-vif-unplugged', 'status': 'completed', 'tag': 'db16e41b-a875-44cf-b2e3-9425ecf050a7', 'code': 200}
2026-05-12 12:36:26.290 9 INFO neutron.db.ovn_revision_numbers_db [None req-ea0339ab-fa29-4164-ad9b-7b257a211d47 85e72660e4fc4908ba9cbdd5aed03446 42385b68d610447da17aba3962e5faf6 - - default default] Successfully bumped revision number for resource 63e6e432-d60b-4957-a2fe-5382006c3497 (type: ports) to 2
2026-05-12 12:36:26.382 9 INFO neutron.db.ovn_revision_numbers_db [None req-ea0339ab-fa29-4164-ad9b-7b257a211d47 85e72660e4fc4908ba9cbdd5aed03446 42385b68d610447da17aba3962e5faf6 - - default default] Successfully bumped revision number for resource 93684319-7083-42f1-9b66-d1323c2108cc (type: subnets) to 0
2026-05-12 12:36:26.415 9 INFO neutron.wsgi [None req-ea0339ab-fa29-4164-ad9b-7b257a211d47 85e72660e4fc4908ba9cbdd5aed03446 42385b68d610447da17aba3962e5faf6 - - default default] 10.0.0.120 "POST /v2.0/subnets HTTP/1.1" status: 201 len: 801 time: 1.0200210
2026-05-12 12:36:26.449 9 INFO neutron.wsgi [req-05085917-0946-40fb-9627-aa75249d553b req-dbf44b2b-378b-4137-8a15-92d5a0ba28cb 2739fc7d8a5b4a768789e0c6fdff9def 80d8c6a1ac194a2eb982be531c453713 - - default default] 199.19.213.244 "GET /v2.0/ports?device_id=470611a7-cb5b-47ba-8503-d88cc48ca0bf HTTP/1.1" status: 200 len: 1168 time: 0.1451743
2026-05-12 12:36:26.495 9 INFO neutron.db.ovn_revision_numbers_db [None req-ca27ef9f-9455-4702-a107-3bdae08ab7dd - - - - - -] Successfully bumped revision number for resource db16e41b-a875-44cf-b2e3-9425ecf050a7 (type: ports) to 5
2026-05-12 12:36:26.506 10 INFO neutron.wsgi [None req-c6614bef-dca8-4d1d-81af-01413c57c06d 85e72660e4fc4908ba9cbdd5aed03446 42385b68d610447da17aba3962e5faf6 - - default default] 10.0.0.120 "PUT /v2.0/subnets/93684319-7083-42f1-9b66-d1323c2108cc/tags HTTP/1.1" status: 200 len: 218 time: 0.0842640
2026-05-12 12:36:26.562 10 INFO neutron.wsgi [None req-e6438cd1-5d06-44f9-b588-7797b7767009 85e72660e4fc4908ba9cbdd5aed03446 42385b68d610447da17aba3962e5faf6 - - default default] 10.0.0.120 "GET /v2.0/subnets/93684319-7083-42f1-9b66-d1323c2108cc/tags HTTP/1.1" status: 200 len: 218 time: 0.0519290
2026-05-12 12:36:26.650 10 INFO neutron.wsgi [None req-cf22344d-338e-4801-9177-c6f3ac81201b 85e72660e4fc4908ba9cbdd5aed03446 42385b68d610447da17aba3962e5faf6 - - default default] 10.0.0.120 "PUT /v2.0/subnets/93684319-7083-42f1-9b66-d1323c2108cc/tags/green HTTP/1.1" status: 201 len: 201 time: 0.0841799
2026-05-12 12:36:26.706 10 INFO neutron.wsgi [None req-fc9aacdd-1a5c-476a-b656-d5e8957fa78b 85e72660e4fc4908ba9cbdd5aed03446 42385b68d610447da17aba3962e5faf6 - - default default] 10.0.0.120 "GET /v2.0/subnets/93684319-7083-42f1-9b66-d1323c2108cc/tags HTTP/1.1" status: 200 len: 227 time: 0.0491946
2026-05-12 12:36:26.784 10 INFO neutron.wsgi [None req-46d56c6c-e6a8-41af-8645-242ad89bf34c 85e72660e4fc4908ba9cbdd5aed03446 42385b68d610447da17aba3962e5faf6 - - default default] 10.0.0.120 "PUT /v2.0/subnets/93684319-7083-42f1-9b66-d1323c2108cc/tags/red HTTP/1.1" status: 201 len: 201 time: 0.0728178
2026-05-12 12:36:26.846 10 INFO neutron.wsgi [None req-0095d72e-be18-4593-aca4-d972eb72bda9 85e72660e4fc4908ba9cbdd5aed03446 42385b68d610447da17aba3962e5faf6 - - default default] 10.0.0.120 "GET /v2.0/subnets/93684319-7083-42f1-9b66-d1323c2108cc/tags HTTP/1.1" status: 200 len: 227 time: 0.0469363
2026-05-12 12:36:26.917 10 INFO neutron.wsgi [None req-20badf0f-0f38-4910-9341-3c8ed3c4f67b 85e72660e4fc4908ba9cbdd5aed03446 42385b68d610447da17aba3962e5faf6 - - default default] 10.0.0.120 "PUT /v2.0/subnets/93684319-7083-42f1-9b66-d1323c2108cc/tags/black.or.white HTTP/1.1" status: 201 len: 201 time: 0.0670495
2026-05-12 12:36:26.971 10 INFO neutron.wsgi [None req-61892e26-53b9-4705-bbbc-d4851136aeee 85e72660e4fc4908ba9cbdd5aed03446 42385b68d610447da17aba3962e5faf6 - - default default] 10.0.0.120 "GET /v2.0/subnets/93684319-7083-42f1-9b66-d1323c2108cc/tags HTTP/1.1" status: 200 len: 245 time: 0.0499475
2026-05-12 12:36:27.057 10 INFO neutron.wsgi [None req-c335d209-de76-4013-8854-2a3f33cd01c7 85e72660e4fc4908ba9cbdd5aed03446 42385b68d610447da17aba3962e5faf6 - - default default] 10.0.0.120 "PUT /v2.0/subnets/93684319-7083-42f1-9b66-d1323c2108cc/tags HTTP/1.1" status: 200 len: 230 time: 0.0823691
2026-05-12 12:36:27.099 10 INFO neutron.wsgi [None req-072e775f-b86b-4997-9304-37dd467ce361 85e72660e4fc4908ba9cbdd5aed03446 42385b68d610447da17aba3962e5faf6 - - default default] 10.0.0.120 "GET /v2.0/subnets/93684319-7083-42f1-9b66-d1323c2108cc/tags HTTP/1.1" status: 200 len: 230 time: 0.0367243
2026-05-12 12:36:27.176 10 INFO neutron.wsgi [None req-89e7d49f-09ac-4596-8453-e21cbf41473d 85e72660e4fc4908ba9cbdd5aed03446 42385b68d610447da17aba3962e5faf6 - - default default] 10.0.0.120 "GET /v2.0/subnets/93684319-7083-42f1-9b66-d1323c2108cc/tags/red HTTP/1.1" status: 204 len: 168 time: 0.0711696
2026-05-12 12:36:27.176 9 INFO neutron.db.l3_db [req-05085917-0946-40fb-9627-aa75249d553b req-98783de0-f613-4153-9d69-ce4836e37d68 2739fc7d8a5b4a768789e0c6fdff9def 80d8c6a1ac194a2eb982be531c453713 - - default default] Floating IP 86534a4f-8f32-4557-b0eb-0a2ef59d3a3f disassociated. External IP: 10.96.250.211, port: db16e41b-a875-44cf-b2e3-9425ecf050a7. /var/lib/openstack/lib/python3.10/site-packages/pycadf/identifier.py:71: UserWarning: Invalid uuid: neutron. To ensure interoperability, identifiers should be a valid uuid. warnings.warn(('Invalid uuid: %s. To ensure interoperability, ' /var/lib/openstack/lib/python3.10/site-packages/pycadf/identifier.py:71: UserWarning: Invalid uuid: neutron. To ensure interoperability, identifiers should be a valid uuid. warnings.warn(('Invalid uuid: %s. To ensure interoperability, '
2026-05-12 12:36:27.248 10 INFO neutron.api.v2.resource [None req-2618aab0-2f3a-4c10-ab21-bafd63c00262 85e72660e4fc4908ba9cbdd5aed03446 42385b68d610447da17aba3962e5faf6 - - default default] show failed (client error): The resource could not be found.
2026-05-12 12:36:27.251 10 INFO neutron.wsgi [None req-2618aab0-2f3a-4c10-ab21-bafd63c00262 85e72660e4fc4908ba9cbdd5aed03446 42385b68d610447da17aba3962e5faf6 - - default default] 10.0.0.120 "GET /v2.0/subnets/93684319-7083-42f1-9b66-d1323c2108cc/tags/green HTTP/1.1" status: 404 len: 299 time: 0.0704718
2026-05-12 12:36:27.276 9 INFO neutron.wsgi [req-27b2b102-513e-4640-9e0d-53545a6c6575 req-3c2880f5-fc64-4ae0-b269-1d257d19062c 2739fc7d8a5b4a768789e0c6fdff9def 80d8c6a1ac194a2eb982be531c453713 - - default default] 10.0.0.1 "GET /v2.0/ports?device_id=470611a7-cb5b-47ba-8503-d88cc48ca0bf HTTP/1.1" status: 200 len: 1168 time: 0.0415206
2026-05-12 12:36:27.304 10 INFO neutron.wsgi [None req-72176728-8c5e-4f22-ab30-6c391779403a 85e72660e4fc4908ba9cbdd5aed03446 42385b68d610447da17aba3962e5faf6 - - default default] 10.0.0.120 "DELETE /v2.0/subnets/93684319-7083-42f1-9b66-d1323c2108cc/tags/red HTTP/1.1" status: 204 len: 168 time: 0.0489790
2026-05-12 12:36:27.346 9 INFO neutron.wsgi [req-27b2b102-513e-4640-9e0d-53545a6c6575 req-8573f0ac-cc47-4d8c-81d1-513d72029b7a 2739fc7d8a5b4a768789e0c6fdff9def 80d8c6a1ac194a2eb982be531c453713 - - default default] 10.0.0.1 "GET /v2.0/security-groups?id=96879692-4d14-46d9-bf27-c94706f7c65f&fields=id&fields=name HTTP/1.1" status: 200 len: 313 time: 0.0571787
2026-05-12 12:36:27.375 9 INFO neutron.wsgi [req-05085917-0946-40fb-9627-aa75249d553b req-98783de0-f613-4153-9d69-ce4836e37d68 2739fc7d8a5b4a768789e0c6fdff9def 80d8c6a1ac194a2eb982be531c453713 - - default default] 199.19.213.244 "DELETE /v2.0/ports/db16e41b-a875-44cf-b2e3-9425ecf050a7 HTTP/1.1" status: 204 len: 173 time: 0.9126456
2026-05-12 12:36:27.387 9 INFO neutron.wsgi [None req-57284ffd-1ff3-4816-b2e8-0bfbc1b43d5a 85e72660e4fc4908ba9cbdd5aed03446 42385b68d610447da17aba3962e5faf6 - - default default] 10.0.0.120 "GET /v2.0/subnets/93684319-7083-42f1-9b66-d1323c2108cc/tags HTTP/1.1" status: 200 len: 223 time: 0.0784464
2026-05-12 12:36:27.431 9 INFO neutron.api.v2.resource [None req-7eabf44c-88de-42d0-8edd-f028015f986b 85e72660e4fc4908ba9cbdd5aed03446 42385b68d610447da17aba3962e5faf6 - - default default] delete failed (client error): The resource could not be found.
2026-05-12 12:36:27.432 9 INFO neutron.wsgi [None req-7eabf44c-88de-42d0-8edd-f028015f986b 85e72660e4fc4908ba9cbdd5aed03446 42385b68d610447da17aba3962e5faf6 - - default default] 10.0.0.120 "DELETE /v2.0/subnets/93684319-7083-42f1-9b66-d1323c2108cc/tags/green HTTP/1.1" status: 404 len: 299 time: 0.0396526
2026-05-12 12:36:27.484 9 INFO neutron.wsgi [None req-2c366704-de46-4749-aa52-26d8789c12a8 85e72660e4fc4908ba9cbdd5aed03446 42385b68d610447da17aba3962e5faf6 - - default default] 10.0.0.120 "DELETE /v2.0/subnets/93684319-7083-42f1-9b66-d1323c2108cc/tags HTTP/1.1" status: 204 len: 168 time: 0.0476024
2026-05-12 12:36:27.517 9 INFO neutron.wsgi [None req-57c82217-ca3a-44cc-8663-42cf649c25f9 85e72660e4fc4908ba9cbdd5aed03446 42385b68d610447da17aba3962e5faf6 - - default default] 10.0.0.120 "GET /v2.0/subnets/93684319-7083-42f1-9b66-d1323c2108cc/tags HTTP/1.1" status: 200 len: 205 time: 0.0286853
2026-05-12 12:36:27.720 9 INFO neutron.wsgi [None req-38ee2b5c-39d9-4ef8-be04-5e29cd3bcb3d 85e72660e4fc4908ba9cbdd5aed03446 42385b68d610447da17aba3962e5faf6 - - default default] 10.0.0.120 "DELETE /v2.0/subnets/93684319-7083-42f1-9b66-d1323c2108cc HTTP/1.1" status: 204 len: 168 time: 0.1974473
2026-05-12 12:36:27.890 10 WARNING neutron_lib.context [None req-9611489b-7721-44fc-9f8a-08b7812fa283 b250b219e6f148519a13965456f32ec0 bd134a1782ca4ab5b1e2fb35d76fd036 - - default default] Method 'is_advsvc' is deprecated since 2023.2 release (neutron-lib 3.8.0) and will be removed once support for the old RBAC API policies will be removed from Neutron. Please use method 'is_service_role' instead.
2026-05-12 12:36:28.037 10 INFO neutron.db.ovn_revision_numbers_db [None req-9611489b-7721-44fc-9f8a-08b7812fa283 b250b219e6f148519a13965456f32ec0 bd134a1782ca4ab5b1e2fb35d76fd036 - - default default] Successfully bumped revision number for resource 72fde17c-54e6-4bd9-8efc-c8875776558a (type: routers) to 1
2026-05-12 12:36:28.057 10 INFO neutron.wsgi [None req-9611489b-7721-44fc-9f8a-08b7812fa283 b250b219e6f148519a13965456f32ec0 bd134a1782ca4ab5b1e2fb35d76fd036 - - default default] 10.0.0.120 "POST /v2.0/routers HTTP/1.1" status: 201 len: 769 time: 0.2838204
2026-05-12 12:36:28.068 10 WARNING neutron_lib.context [None req-d7adadac-f322-45ee-ad98-27973310c0b9 b250b219e6f148519a13965456f32ec0 bd134a1782ca4ab5b1e2fb35d76fd036 - - default default] Method 'is_advsvc' is deprecated since 2023.2 release (neutron-lib 3.8.0) and will be removed once support for the old RBAC API policies will be removed from Neutron. Please use method 'is_service_role' instead.
2026-05-12 12:36:28.118 9 INFO neutron.services.segments.plugin [-] Segment d9b659cf-695e-4ee8-b103-12836d483a8e resource provider aggregate not found
2026-05-12 12:36:28.122 9 INFO neutron.services.segments.plugin [-] Segment d9b659cf-695e-4ee8-b103-12836d483a8e resource provider aggregate not found
2026-05-12 12:36:28.128 9 INFO neutron.services.segments.plugin [-] Segment d9b659cf-695e-4ee8-b103-12836d483a8e resource provider not found; error: Placement Client Error (4xx): {"errors": [{"status": 404, "title": "Not Found", "detail": "The resource could not be found.\n\n No resource provider with uuid d9b659cf-695e-4ee8-b103-12836d483a8e found for delete ", "request_id": "req-511bb198-246a-4b6d-8144-ddb61716980e"}]}
