2026-05-08 11:38:15.487 8 INFO placement.requestlog [None req-678fa4c2-546e-4637-80be-228f6254e45f - - - - - -] 10.0.0.239 "GET /" status: 200 len: 136 microversion: 1.0
2026-05-08 11:38:20.775 7 INFO placement.requestlog [req-63c764a5-c182-4297-997b-5dc1e4435b0f req-25c3811b-6265-49a9-9260-fc5ef66c349b c864c8c2624e437096bada644d46fa2b 8792af1bc0bb4fe9baa6cc9836b6784d - - 77994699f4da4e38883baa947d29ec19 77994699f4da4e38883baa947d29ec19] 10.0.0.58 "GET /allocation_candidates?limit=1000&resources=MEMORY_MB%3A2048%2CVCPU%3A2&root_required=%21COMPUTE_STATUS_DISABLED" status: 200 len: 2207 microversion: 1.36 [pid: 7|app: 0|req: 604/1213] 10.0.0.58 () {34 vars in 985 bytes} [Fri May 8 11:38:20 2026] GET /allocation_candidates?limit=1000&resources=MEMORY_MB%3A2048%2CVCPU%3A2&root_required=%21COMPUTE_STATUS_DISABLED => generated 2207 bytes in 56 msecs (HTTP/1.1 200) 8 headers in 297 bytes (1 switches on core 0)
2026-05-08 11:38:20.809 8 INFO placement.requestlog [req-63c764a5-c182-4297-997b-5dc1e4435b0f req-6b9f24bd-2aea-4685-87fb-ece8da3e3629 c864c8c2624e437096bada644d46fa2b 8792af1bc0bb4fe9baa6cc9836b6784d - - 77994699f4da4e38883baa947d29ec19 77994699f4da4e38883baa947d29ec19] 10.0.0.58 "GET /allocations/26e3c0b1-a50f-40ea-b2de-f709c473f06f" status: 200 len: 19 microversion: 1.28 [pid: 8|app: 0|req: 610/1214] 10.0.0.58 () {34 vars in 860 bytes} [Fri May 8 11:38:20 2026] GET /allocations/26e3c0b1-a50f-40ea-b2de-f709c473f06f => generated 19 bytes in 14 msecs (HTTP/1.1 200) 8 headers in 295 bytes (1 switches on core 0)
2026-05-08 11:38:20.880 7 INFO placement.requestlog [req-63c764a5-c182-4297-997b-5dc1e4435b0f req-ee5a2fe7-771f-4400-88e3-1016c4815298 c864c8c2624e437096bada644d46fa2b 8792af1bc0bb4fe9baa6cc9836b6784d - - 77994699f4da4e38883baa947d29ec19 77994699f4da4e38883baa947d29ec19] 10.0.0.58 "PUT /allocations/26e3c0b1-a50f-40ea-b2de-f709c473f06f" status: 204 len: 0 microversion: 1.36 [pid: 7|app: 0|req: 605/1215] 10.0.0.58 () {38 vars in 913 bytes} [Fri May 8 11:38:20 2026] PUT /allocations/26e3c0b1-a50f-40ea-b2de-f709c473f06f => generated 0 bytes in 64 msecs (HTTP/1.1 204) 5 headers in 199 bytes (1 switches on core 0)
2026-05-08 11:38:21.226 8 INFO placement.requestlog [req-63c764a5-c182-4297-997b-5dc1e4435b0f req-3a4d6fd6-9040-408c-913f-889dd73c2c28 c864c8c2624e437096bada644d46fa2b 8792af1bc0bb4fe9baa6cc9836b6784d - - 77994699f4da4e38883baa947d29ec19 77994699f4da4e38883baa947d29ec19] 199.204.45.240 "GET /allocations/26e3c0b1-a50f-40ea-b2de-f709c473f06f" status: 200 len: 245 microversion: 1.28 [pid: 8|app: 0|req: 611/1216] 199.204.45.240 () {34 vars in 863 bytes} [Fri May 8 11:38:21 2026] GET /allocations/26e3c0b1-a50f-40ea-b2de-f709c473f06f => generated 245 bytes in 17 msecs (HTTP/1.1 200) 8 headers in 296 bytes (1 switches on core 0)
2026-05-08 11:38:21.362 7 INFO placement.requestlog [req-63c764a5-c182-4297-997b-5dc1e4435b0f req-9fb3dae0-3f83-4807-9611-587d0533cf5a c864c8c2624e437096bada644d46fa2b 8792af1bc0bb4fe9baa6cc9836b6784d - - 77994699f4da4e38883baa947d29ec19 77994699f4da4e38883baa947d29ec19] 199.204.45.240 "GET /resource_providers/bf383e8e-2148-49e5-9cad-702639b56205/allocations" status: 200 len: 340 microversion: 1.0 [pid: 7|app: 0|req: 606/1217] 199.204.45.240 () {32 vars in 857 bytes} [Fri May 8 11:38:21 2026] GET /resource_providers/bf383e8e-2148-49e5-9cad-702639b56205/allocations => generated 340 bytes in 21 msecs (HTTP/1.1 200) 6 headers in 224 bytes (1 switches on core 0)
2026-05-08 11:38:21.385 8 INFO placement.requestlog [req-63c764a5-c182-4297-997b-5dc1e4435b0f req-f30b2432-cfdd-40f9-a429-b3cb50d329b4 c864c8c2624e437096bada644d46fa2b 8792af1bc0bb4fe9baa6cc9836b6784d - - 77994699f4da4e38883baa947d29ec19 77994699f4da4e38883baa947d29ec19] 199.204.45.240 "GET /allocations/38f2b0e2-6fdc-4fb2-84af-26a22b646407" status: 200 len: 258 microversion: 1.28 [pid: 8|app: 0|req: 612/1218] 199.204.45.240 () {34 vars in 863 bytes} [Fri May 8 11:38:21 2026] GET /allocations/38f2b0e2-6fdc-4fb2-84af-26a22b646407 => generated 258 bytes in 13 msecs (HTTP/1.1 200) 8 headers in 296 bytes (1 switches on core 0)
2026-05-08 11:38:21.404 7 INFO placement.requestlog [req-63c764a5-c182-4297-997b-5dc1e4435b0f req-99f1f7a3-906d-4b88-97da-11c8d7077728 c864c8c2624e437096bada644d46fa2b 8792af1bc0bb4fe9baa6cc9836b6784d - - 77994699f4da4e38883baa947d29ec19 77994699f4da4e38883baa947d29ec19] 199.204.45.240 "GET /allocations/26e3c0b1-a50f-40ea-b2de-f709c473f06f" status: 200 len: 245 microversion: 1.28 [pid: 7|app: 0|req: 607/1219] 199.204.45.240 () {34 vars in 863 bytes} [Fri May 8 11:38:21 2026] GET /allocations/26e3c0b1-a50f-40ea-b2de-f709c473f06f => generated 245 bytes in 14 msecs (HTTP/1.1 200) 8 headers in 296 bytes (1 switches on core 0)
2026-05-08 11:38:21.423 8 INFO placement.requestlog [req-63c764a5-c182-4297-997b-5dc1e4435b0f req-28f667d9-9200-4f5b-9496-f555f516bf00 c864c8c2624e437096bada644d46fa2b 8792af1bc0bb4fe9baa6cc9836b6784d - - 77994699f4da4e38883baa947d29ec19 77994699f4da4e38883baa947d29ec19] 199.204.45.240 "GET /allocations/58ebced3-6f6a-44fc-991f-e57639fd9d8b" status: 200 len: 258 microversion: 1.28 [pid: 8|app: 0|req: 613/1220] 199.204.45.240 () {34 vars in 863 bytes} [Fri May 8 11:38:21 2026] GET /allocations/58ebced3-6f6a-44fc-991f-e57639fd9d8b => generated 258 bytes in 11 msecs (HTTP/1.1 200) 8 headers in 296 bytes (1 switches on core 0)
2026-05-08 11:38:25.487 8 INFO placement.requestlog [None req-ff2cf92c-2e3f-4a6e-b3e0-29a466e45e16 - - - - - -] 10.0.0.239 "GET /" status: 200 len: 136 microversion: 1.0
2026-05-08 11:38:25.487 7 INFO placement.requestlog [None req-9071f8d9-b4fc-4884-b4a4-82d592011c1c - - - - - -] 10.0.0.239 "GET /" status: 200 len: 136 microversion: 1.0
2026-05-08 11:38:35.486 8 INFO placement.requestlog [None req-77be471b-336e-496a-b8a6-a0186f6eb336 - - - - - -] 10.0.0.239 "GET /" status: 200 len: 136 microversion: 1.0
2026-05-08 11:38:35.489 7 INFO placement.requestlog [None req-3fad9789-4dae-441a-b948-9a9149ae5960 - - - - - -] 10.0.0.239 "GET /" status: 200 len: 136 microversion: 1.0
2026-05-08 11:38:45.486 8 INFO placement.requestlog [None req-8d3d0896-3e1f-4a8f-9e28-22175880436c - - - - - -] 10.0.0.239 "GET /" status: 200 len: 136 microversion: 1.0
2026-05-08 11:38:45.487 7 INFO placement.requestlog [None req-9ea962aa-6e85-408c-97bf-0f2e20613e08 - - - - - -] 10.0.0.239 "GET /" status: 200 len: 136 microversion: 1.0
2026-05-08 11:38:55.486 7 INFO placement.requestlog [None req-cefd0269-f384-4773-a38f-951ede5b8fd2 - - - - - -] 10.0.0.239 "GET /" status: 200 len: 136 microversion: 1.0
2026-05-08 11:38:55.486 8 INFO placement.requestlog [None req-a57996f1-fb2f-4ee5-b113-81801784a373 - - - - - -] 10.0.0.239 "GET /" status: 200 len: 136 microversion: 1.0
2026-05-08 11:39:03.269 7 INFO placement.requestlog [req-c3923924-759a-4605-ae17-467a4b9be944 req-6d4139ed-27ec-4430-b706-017e1cd6aedc c864c8c2624e437096bada644d46fa2b 8792af1bc0bb4fe9baa6cc9836b6784d - - 77994699f4da4e38883baa947d29ec19 77994699f4da4e38883baa947d29ec19] 199.204.45.240 "GET /resource_providers/bf383e8e-2148-49e5-9cad-702639b56205/allocations" status: 200 len: 340 microversion: 1.0 [pid: 7|app: 0|req: 612/1229] 199.204.45.240 () {32 vars in 857 bytes} [Fri May 8 11:39:03 2026] GET /resource_providers/bf383e8e-2148-49e5-9cad-702639b56205/allocations => generated 340 bytes in 114 msecs (HTTP/1.1 200) 6 headers in 224 bytes (1 switches on core 0)
2026-05-08 11:39:03.297 8 INFO placement.requestlog [req-c3923924-759a-4605-ae17-467a4b9be944 req-db695a0e-76e7-415d-996f-e3a76252c81b c864c8c2624e437096bada644d46fa2b 8792af1bc0bb4fe9baa6cc9836b6784d - - 77994699f4da4e38883baa947d29ec19 77994699f4da4e38883baa947d29ec19] 199.204.45.240 "GET /resource_providers/bf383e8e-2148-49e5-9cad-702639b56205/allocations" status: 200 len: 340 microversion: 1.0 [pid: 8|app: 0|req: 618/1230] 199.204.45.240 () {32 vars in 857 bytes} [Fri May 8 11:39:03 2026] GET /resource_providers/bf383e8e-2148-49e5-9cad-702639b56205/allocations => generated 340 bytes in 20 msecs (HTTP/1.1 200) 6 headers in 224 bytes (1 switches on core 0)
2026-05-08 11:39:03.320 7 INFO placement.requestlog [req-c3923924-759a-4605-ae17-467a4b9be944 req-3f6209bf-d40a-4487-9b7b-b768b12cdc1a c864c8c2624e437096bada644d46fa2b 8792af1bc0bb4fe9baa6cc9836b6784d - - 77994699f4da4e38883baa947d29ec19 77994699f4da4e38883baa947d29ec19] 199.204.45.240 "GET /allocations/38f2b0e2-6fdc-4fb2-84af-26a22b646407" status: 200 len: 258 microversion: 1.28 [pid: 7|app: 0|req: 613/1231] 199.204.45.240 () {34 vars in 863 bytes} [Fri May 8 11:39:03 2026] GET /allocations/38f2b0e2-6fdc-4fb2-84af-26a22b646407 => generated 258 bytes in 15 msecs (HTTP/1.1 200) 8 headers in 296 bytes (1 switches on core 0)
2026-05-08 11:39:03.342 8 INFO placement.requestlog [req-c3923924-759a-4605-ae17-467a4b9be944 req-fdf754d4-5d0f-40b7-ab60-efdfb472b3c1 c864c8c2624e437096bada644d46fa2b 8792af1bc0bb4fe9baa6cc9836b6784d - - 77994699f4da4e38883baa947d29ec19 77994699f4da4e38883baa947d29ec19] 199.204.45.240 "GET /allocations/26e3c0b1-a50f-40ea-b2de-f709c473f06f" status: 200 len: 245 microversion: 1.28 [pid: 8|app: 0|req: 619/1232] 199.204.45.240 () {34 vars in 863 bytes} [Fri May 8 11:39:03 2026] GET /allocations/26e3c0b1-a50f-40ea-b2de-f709c473f06f => generated 245 bytes in 16 msecs (HTTP/1.1 200) 8 headers in 296 bytes (1 switches on core 0)
2026-05-08 11:39:03.368 7 INFO placement.requestlog [req-c3923924-759a-4605-ae17-467a4b9be944 req-51661981-4815-4151-b573-f3a0d3403454 c864c8c2624e437096bada644d46fa2b 8792af1bc0bb4fe9baa6cc9836b6784d - - 77994699f4da4e38883baa947d29ec19 77994699f4da4e38883baa947d29ec19] 199.204.45.240 "GET /allocations/58ebced3-6f6a-44fc-991f-e57639fd9d8b" status: 200 len: 258 microversion: 1.28 [pid: 7|app: 0|req: 614/1233] 199.204.45.240 () {34 vars in 863 bytes} [Fri May 8 11:39:03 2026] GET /allocations/58ebced3-6f6a-44fc-991f-e57639fd9d8b => generated 258 bytes in 18 msecs (HTTP/1.1 200) 8 headers in 296 bytes (1 switches on core 0)
2026-05-08 11:39:05.487 7 INFO placement.requestlog [None req-628792a9-364c-4529-b356-2ccaf8eaabd3 - - - - - -] 10.0.0.239 "GET /" status: 200 len: 136 microversion: 1.0
2026-05-08 11:39:05.489 8 INFO placement.requestlog [None req-af78889d-d18b-4abc-8586-1c2fe8dd2dcb - - - - - -] 10.0.0.239 "GET /" status: 200 len: 136 microversion: 1.0
2026-05-08 11:39:15.485 7 INFO placement.requestlog [None req-3d81b5eb-ce93-4d6c-9564-7d9c11865b93 - - - - - -] 10.0.0.239 "GET /" status: 200 len: 136 microversion: 1.0
2026-05-08 11:39:15.487 8 INFO placement.requestlog [None req-01696c0b-7c19-42f7-a45c-90976e244d65 - - - - - -] 10.0.0.239 "GET /" status: 200 len: 136 microversion: 1.0
2026-05-08 11:39:25.486 7 INFO placement.requestlog [None req-fc6652e5-13b4-438f-8dd5-802571e500cc - - - - - -] 10.0.0.239 "GET /" status: 200 len: 136 microversion: 1.0
2026-05-08 11:39:25.487 8 INFO placement.requestlog [None req-1528e00a-6f6f-48e0-ac4b-2feaff346368 - - - - - -] 10.0.0.239 "GET /" status: 200 len: 136 microversion: 1.0
2026-05-08 11:39:35.486 7 INFO placement.requestlog [None req-d7591278-c767-4375-b02f-18a91a995dce - - - - - -] 10.0.0.239 "GET /" status: 200 len: 136 microversion: 1.0
2026-05-08 11:39:35.488 8 INFO placement.requestlog [None req-cea8f4cd-502e-4b3f-bf08-35aef3148036 - - - - - -] 10.0.0.239 "GET /" status: 200 len: 136 microversion: 1.0
2026-05-08 11:39:45.487 7 INFO placement.requestlog [None req-512a5399-10aa-475d-86da-7fb4e600368e - - - - - -] 10.0.0.239 "GET /" status: 200 len: 136 microversion: 1.0
2026-05-08 11:39:45.487 8 INFO placement.requestlog [None req-304eed8a-a556-4bec-9867-59b86d6b42de - - - - - -] 10.0.0.239 "GET /" status: 200 len: 136 microversion: 1.0
2026-05-08 11:39:55.487 8 INFO placement.requestlog [None req-1a64fec5-d578-4d8b-bc6a-a90f840fc8f2 - - - - - -] 10.0.0.239 "GET /" status: 200 len: 136 microversion: 1.0
2026-05-08 11:39:55.487 7 INFO placement.requestlog [None req-f9600549-8ea4-46d8-92d6-63cb14c786e5 - - - - - -] 10.0.0.239 "GET /" status: 200 len: 136 microversion: 1.0
2026-05-08 11:40:05.486 8 INFO placement.requestlog [None req-ad366c18-a15c-4c03-b709-233cee92ef7a - - - - - -] 10.0.0.239 "GET /" status: 200 len: 136 microversion: 1.0
2026-05-08 11:40:05.487 7 INFO placement.requestlog [None req-4bc62291-c901-4abe-9166-0265f0b6db8f - - - - - -] 10.0.0.239 "GET /" status: 200 len: 136 microversion: 1.0
2026-05-08 11:40:05.602 8 INFO placement.requestlog [req-c25bbfc1-0de0-4b5e-b978-a18f12ec999a req-0371fb18-3326-4ef9-a83f-1fa7c27c51a2 c864c8c2624e437096bada644d46fa2b 8792af1bc0bb4fe9baa6cc9836b6784d - - 77994699f4da4e38883baa947d29ec19 77994699f4da4e38883baa947d29ec19] 199.204.45.240 "GET /resource_providers/bf383e8e-2148-49e5-9cad-702639b56205/allocations" status: 200 len: 340 microversion: 1.0 [pid: 8|app: 0|req: 627/1248] 199.204.45.240 () {32 vars in 857 bytes} [Fri May 8 11:40:05 2026] GET /resource_providers/bf383e8e-2148-49e5-9cad-702639b56205/allocations => generated 340 bytes in 33 msecs (HTTP/1.1 200) 6 headers in 224 bytes (1 switches on core 0)
2026-05-08 11:40:05.637 7 INFO placement.requestlog [req-c25bbfc1-0de0-4b5e-b978-a18f12ec999a req-830536fa-9fc5-45da-855e-43c105589d12 c864c8c2624e437096bada644d46fa2b 8792af1bc0bb4fe9baa6cc9836b6784d - - 77994699f4da4e38883baa947d29ec19 77994699f4da4e38883baa947d29ec19] 199.204.45.240 "GET /resource_providers?in_tree=bf383e8e-2148-49e5-9cad-702639b56205" status: 200 len: 798 microversion: 1.14 [pid: 7|app: 0|req: 622/1249] 199.204.45.240 () {34 vars in 892 bytes} [Fri May 8 11:40:05 2026] GET /resource_providers?in_tree=bf383e8e-2148-49e5-9cad-702639b56205 => generated 798 bytes in 25 msecs (HTTP/1.1 200) 6 headers in 225 bytes (1 switches on core 0)
2026-05-08 11:40:05.664 8 INFO placement.requestlog [req-c25bbfc1-0de0-4b5e-b978-a18f12ec999a req-141b4662-0b9f-4e5f-88d0-af1567f31965 c864c8c2624e437096bada644d46fa2b 8792af1bc0bb4fe9baa6cc9836b6784d - - 77994699f4da4e38883baa947d29ec19 77994699f4da4e38883baa947d29ec19] 199.204.45.240 "GET /resource_providers/bf383e8e-2148-49e5-9cad-702639b56205/inventories" status: 200 len: 401 microversion: 1.0 [pid: 8|app: 0|req: 628/1250] 199.204.45.240 () {32 vars in 857 bytes} [Fri May 8 11:40:05 2026] GET /resource_providers/bf383e8e-2148-49e5-9cad-702639b56205/inventories => generated 401 bytes in 19 msecs (HTTP/1.1 200) 6 headers in 224 bytes (1 switches on core 0)
2026-05-08 11:40:05.686 7 INFO placement.requestlog [req-c25bbfc1-0de0-4b5e-b978-a18f12ec999a req-7a66e4d2-fbb6-4fa2-b5b5-08455a49b3dd c864c8c2624e437096bada644d46fa2b 8792af1bc0bb4fe9baa6cc9836b6784d - - 77994699f4da4e38883baa947d29ec19 77994699f4da4e38883baa947d29ec19] 199.204.45.240 "GET /resource_providers/bf383e8e-2148-49e5-9cad-702639b56205/aggregates" status: 200 len: 54 microversion: 1.19 [pid: 7|app: 0|req: 623/1251] 199.204.45.240 () {34 vars in 899 bytes} [Fri May 8 11:40:05 2026] GET /resource_providers/bf383e8e-2148-49e5-9cad-702639b56205/aggregates => generated 54 bytes in 13 msecs (HTTP/1.1 200) 8 headers in 295 bytes (1 switches on core 0)
2026-05-08 11:40:05.719 8 INFO placement.requestlog [req-c25bbfc1-0de0-4b5e-b978-a18f12ec999a req-33ce3146-07ba-47d1-ba50-5244385d361f c864c8c2624e437096bada644d46fa2b 8792af1bc0bb4fe9baa6cc9836b6784d - - 77994699f4da4e38883baa947d29ec19 77994699f4da4e38883baa947d29ec19] 199.204.45.240 "GET /resource_providers/bf383e8e-2148-49e5-9cad-702639b56205/traits" status: 200 len: 1753 microversion: 1.6 [pid: 8|app: 0|req: 629/1252] 199.204.45.240 () {34 vars in 890 bytes} [Fri May 8 11:40:05 2026] GET /resource_providers/bf383e8e-2148-49e5-9cad-702639b56205/traits => generated 1753 bytes in 26 msecs (HTTP/1.1 200) 6 headers in 225 bytes (1 switches on core 0)
2026-05-08 11:40:05.744 7 INFO placement.requestlog [req-c25bbfc1-0de0-4b5e-b978-a18f12ec999a req-12bd4ec0-3fd5-4e65-8ee0-ec5a5a54fa8d c864c8c2624e437096bada644d46fa2b 8792af1bc0bb4fe9baa6cc9836b6784d - - 77994699f4da4e38883baa947d29ec19 77994699f4da4e38883baa947d29ec19] 199.204.45.240 "GET /resource_providers/bf383e8e-2148-49e5-9cad-702639b56205/allocations" status: 200 len: 340 microversion: 1.0 [pid: 7|app: 0|req: 624/1253] 199.204.45.240 () {32 vars in 857 bytes} [Fri May 8 11:40:05 2026] GET /resource_providers/bf383e8e-2148-49e5-9cad-702639b56205/allocations => generated 340 bytes in 18 msecs (HTTP/1.1 200) 6 headers in 224 bytes (1 switches on core 0)
2026-05-08 11:40:05.769 8 INFO placement.requestlog [req-c25bbfc1-0de0-4b5e-b978-a18f12ec999a req-0796517b-c70e-42c7-9de3-a3bf41a6fbd4 c864c8c2624e437096bada644d46fa2b 8792af1bc0bb4fe9baa6cc9836b6784d - - 77994699f4da4e38883baa947d29ec19 77994699f4da4e38883baa947d29ec19] 199.204.45.240 "GET /allocations/38f2b0e2-6fdc-4fb2-84af-26a22b646407" status: 200 len: 258 microversion: 1.28 [pid: 8|app: 0|req: 630/1254] 199.204.45.240 () {34 vars in 863 bytes} [Fri May 8 11:40:05 2026] GET /allocations/38f2b0e2-6fdc-4fb2-84af-26a22b646407 => generated 258 bytes in 18 msecs (HTTP/1.1 200) 8 headers in 296 bytes (1 switches on core 0)
2026-05-08 11:40:05.792 7 INFO placement.requestlog [req-c25bbfc1-0de0-4b5e-b978-a18f12ec999a req-a91b7224-52fa-47d6-b171-c684a25503ba c864c8c2624e437096bada644d46fa2b 8792af1bc0bb4fe9baa6cc9836b6784d - - 77994699f4da4e38883baa947d29ec19 77994699f4da4e38883baa947d29ec19] 199.204.45.240 "GET /allocations/26e3c0b1-a50f-40ea-b2de-f709c473f06f" status: 200 len: 245 microversion: 1.28 [pid: 7|app: 0|req: 625/1255] 199.204.45.240 () {34 vars in 863 bytes} [Fri May 8 11:40:05 2026] GET /allocations/26e3c0b1-a50f-40ea-b2de-f709c473f06f => generated 245 bytes in 15 msecs (HTTP/1.1 200) 8 headers in 296 bytes (1 switches on core 0)
2026-05-08 11:40:05.817 8 INFO placement.requestlog [req-c25bbfc1-0de0-4b5e-b978-a18f12ec999a req-095f8f6f-6d7a-4f4a-a6b3-3b666b09f4ae c864c8c2624e437096bada644d46fa2b 8792af1bc0bb4fe9baa6cc9836b6784d - - 77994699f4da4e38883baa947d29ec19 77994699f4da4e38883baa947d29ec19] 199.204.45.240 "GET /allocations/58ebced3-6f6a-44fc-991f-e57639fd9d8b" status: 200 len: 258 microversion: 1.28 [pid: 8|app: 0|req: 631/1256] 199.204.45.240 () {34 vars in 863 bytes} [Fri May 8 11:40:05 2026] GET /allocations/58ebced3-6f6a-44fc-991f-e57639fd9d8b => generated 258 bytes in 18 msecs (HTTP/1.1 200) 8 headers in 296 bytes (1 switches on core 0)
2026-05-08 11:40:15.487 7 INFO placement.requestlog [None req-6df74b07-65f8-4e2e-8777-e3fd31ed6589 - - - - - -] 10.0.0.239 "GET /" status: 200 len: 136 microversion: 1.0
2026-05-08 11:40:15.487 8 INFO placement.requestlog [None req-face1cf3-0b1d-4e38-9b9c-15b1d24cac21 - - - - - -] 10.0.0.239 "GET /" status: 200 len: 136 microversion: 1.0
2026-05-08 11:40:25.487 7 INFO placement.requestlog [None req-a627f124-d256-4947-86a3-a19b347a6321 - - - - - -] 10.0.0.239 "GET /" status: 200 len: 136 microversion: 1.0
2026-05-08 11:40:25.487 8 INFO placement.requestlog [None req-171d2eed-3ea3-4ac2-bbd9-6a0bf616acf5 - - - - - -] 10.0.0.239 "GET /" status: 200 len: 136 microversion: 1.0
2026-05-08 11:40:35.487 7 INFO placement.requestlog [None req-3158401e-206f-4b0e-9e04-9090d3e5246e - - - - - -] 10.0.0.239 "GET /" status: 200 len: 136 microversion: 1.0
2026-05-08 11:40:35.499 8 INFO placement.requestlog [None req-dfcbaddc-a0ad-43df-bea0-066a08e1e869 - - - - - -] 10.0.0.239 "GET /" status: 200 len: 136 microversion: 1.0
2026-05-08 11:40:45.487 8 INFO placement.requestlog [None req-7a20a26d-1741-41a7-bdf1-268c61d01f94 - - - - - -] 10.0.0.239 "GET /" status: 200 len: 136 microversion: 1.0
2026-05-08 11:40:45.487 7 INFO placement.requestlog [None req-b3a88682-4cc1-48a7-87d4-d82f935fefd3 - - - - - -] 10.0.0.239 "GET /" status: 200 len: 136 microversion: 1.0
2026-05-08 11:40:55.486 8 INFO placement.requestlog [None req-798a9a00-e5c5-4328-a0b9-cca3b236dff4 - - - - - -] 10.0.0.239 "GET /" status: 200 len: 136 microversion: 1.0
2026-05-08 11:40:55.487 7 INFO placement.requestlog [None req-9d4cde6c-e517-4699-aa66-3a20066c9d6d - - - - - -] 10.0.0.239 "GET /" status: 200 len: 136 microversion: 1.0
2026-05-08 11:41:05.393 8 INFO placement.requestlog [req-91321621-5aa5-42a6-9ba0-2502bd24923c req-47fd7184-b8cd-491c-849c-72bc2501dbf6 c864c8c2624e437096bada644d46fa2b 8792af1bc0bb4fe9baa6cc9836b6784d - - 77994699f4da4e38883baa947d29ec19 77994699f4da4e38883baa947d29ec19] 199.204.45.240 "GET /resource_providers/bf383e8e-2148-49e5-9cad-702639b56205/allocations" status: 200 len: 340 microversion: 1.0 [pid: 8|app: 0|req: 637/1267] 199.204.45.240 () {32 vars in 857 bytes} [Fri May 8 11:41:05 2026] GET /resource_providers/bf383e8e-2148-49e5-9cad-702639b56205/allocations => generated 340 bytes in 23 msecs (HTTP/1.1 200) 6 headers in 224 bytes (1 switches on core 0)
2026-05-08 11:41:05.421 7 INFO placement.requestlog [req-91321621-5aa5-42a6-9ba0-2502bd24923c req-cd80edd6-eeeb-4f6b-b1dd-b21ade9dd850 c864c8c2624e437096bada644d46fa2b 8792af1bc0bb4fe9baa6cc9836b6784d - - 77994699f4da4e38883baa947d29ec19 77994699f4da4e38883baa947d29ec19] 199.204.45.240 "GET /resource_providers/bf383e8e-2148-49e5-9cad-702639b56205/allocations" status: 200 len: 340 microversion: 1.0 [pid: 7|app: 0|req: 631/1268] 199.204.45.240 () {32 vars in 857 bytes} [Fri May 8 11:41:05 2026] GET /resource_providers/bf383e8e-2148-49e5-9cad-702639b56205/allocations => generated 340 bytes in 19 msecs (HTTP/1.1 200) 6 headers in 224 bytes (1 switches on core 0)
2026-05-08 11:41:05.443 8 INFO placement.requestlog [req-91321621-5aa5-42a6-9ba0-2502bd24923c req-492da4c1-cba8-48bb-be20-4ca739974f39 c864c8c2624e437096bada644d46fa2b 8792af1bc0bb4fe9baa6cc9836b6784d - - 77994699f4da4e38883baa947d29ec19 77994699f4da4e38883baa947d29ec19] 199.204.45.240 "GET /allocations/38f2b0e2-6fdc-4fb2-84af-26a22b646407" status: 200 len: 258 microversion: 1.28 [pid: 8|app: 0|req: 638/1269] 199.204.45.240 () {34 vars in 863 bytes} [Fri May 8 11:41:05 2026] GET /allocations/38f2b0e2-6fdc-4fb2-84af-26a22b646407 => generated 258 bytes in 14 msecs (HTTP/1.1 200) 8 headers in 296 bytes (1 switches on core 0)
2026-05-08 11:41:05.465 7 INFO placement.requestlog [req-91321621-5aa5-42a6-9ba0-2502bd24923c req-7be97dfc-3a33-4ef1-8d3c-af9662e773d0 c864c8c2624e437096bada644d46fa2b 8792af1bc0bb4fe9baa6cc9836b6784d - - 77994699f4da4e38883baa947d29ec19 77994699f4da4e38883baa947d29ec19] 199.204.45.240 "GET /allocations/26e3c0b1-a50f-40ea-b2de-f709c473f06f" status: 200 len: 245 microversion: 1.28 [pid: 7|app: 0|req: 632/1270] 199.204.45.240 () {34 vars in 863 bytes} [Fri May 8 11:41:05 2026] GET /allocations/26e3c0b1-a50f-40ea-b2de-f709c473f06f => generated 245 bytes in 16 msecs (HTTP/1.1 200) 8 headers in 296 bytes (1 switches on core 0)
2026-05-08 11:41:05.486 7 INFO placement.requestlog [None req-7e1bfc4d-bb2f-41c7-a841-6ac4fec6fe48 - - - - - -] 10.0.0.239 "GET /" status: 200 len: 136 microversion: 1.0
2026-05-08 11:41:05.488 7 INFO placement.requestlog [None req-ff47babe-c9c7-4818-a7cd-8227cc59a9af - - - - - -] 10.0.0.239 "GET /" status: 200 len: 136 microversion: 1.0
2026-05-08 11:41:05.490 8 INFO placement.requestlog [req-91321621-5aa5-42a6-9ba0-2502bd24923c req-4106906f-3771-410b-a18c-d55d381c7614 c864c8c2624e437096bada644d46fa2b 8792af1bc0bb4fe9baa6cc9836b6784d - - 77994699f4da4e38883baa947d29ec19 77994699f4da4e38883baa947d29ec19] 199.204.45.240 "GET /allocations/58ebced3-6f6a-44fc-991f-e57639fd9d8b" status: 200 len: 258 microversion: 1.28 [pid: 8|app: 0|req: 639/1273] 199.204.45.240 () {34 vars in 863 bytes} [Fri May 8 11:41:05 2026] GET /allocations/58ebced3-6f6a-44fc-991f-e57639fd9d8b => generated 258 bytes in 17 msecs (HTTP/1.1 200) 8 headers in 296 bytes (1 switches on core 0)
2026-05-08 11:41:15.486 7 INFO placement.requestlog [None req-e0772cb0-4c63-4198-af9e-f0d1ad81d3aa - - - - - -] 10.0.0.239 "GET /" status: 200 len: 136 microversion: 1.0
2026-05-08 11:41:15.488 8 INFO placement.requestlog [None req-04dd9735-df78-4c02-a5f8-4b987d241bcd - - - - - -] 10.0.0.239 "GET /" status: 200 len: 136 microversion: 1.0
2026-05-08 11:41:25.487 8 INFO placement.requestlog [None req-f7079ab3-1aab-46cb-962c-7e0a2109ab8b - - - - - -] 10.0.0.239 "GET /" status: 200 len: 136 microversion: 1.0
2026-05-08 11:41:25.487 7 INFO placement.requestlog [None req-abee3bae-cb7e-4191-bc2b-556e1178a94d - - - - - -] 10.0.0.239 "GET /" status: 200 len: 136 microversion: 1.0
2026-05-08 11:41:35.488 8 INFO placement.requestlog [None req-eeb8ebd6-edc9-4396-94eb-5e33250a7b2e - - - - - -] 10.0.0.239 "GET /" status: 200 len: 136 microversion: 1.0
2026-05-08 11:41:35.493 7 INFO placement.requestlog [None req-d7c6334d-ffe9-4818-884f-e6836a4c6dcf - - - - - -] 10.0.0.239 "GET /" status: 200 len: 136 microversion: 1.0
2026-05-08 11:41:35.759 8 INFO placement.requestlog [req-f13e51ca-e732-4c3c-a427-69f994b09da4 req-b35e5407-6bd0-42ee-a35c-aaf1cf50ba30 c864c8c2624e437096bada644d46fa2b 8792af1bc0bb4fe9baa6cc9836b6784d - - 77994699f4da4e38883baa947d29ec19 77994699f4da4e38883baa947d29ec19] 199.204.45.240 "GET /resource_providers/bf383e8e-2148-49e5-9cad-702639b56205/allocations" status: 200 len: 340 microversion: 1.0 [pid: 8|app: 0|req: 643/1280] 199.204.45.240 () {32 vars in 857 bytes} [Fri May 8 11:41:35 2026] GET /resource_providers/bf383e8e-2148-49e5-9cad-702639b56205/allocations => generated 340 bytes in 23 msecs (HTTP/1.1 200) 6 headers in 224 bytes (1 switches on core 0)
2026-05-08 11:41:35.783 7 INFO placement.requestlog [req-f13e51ca-e732-4c3c-a427-69f994b09da4 req-8063ca83-df6c-41fd-b181-48431c51f52b c864c8c2624e437096bada644d46fa2b 8792af1bc0bb4fe9baa6cc9836b6784d - - 77994699f4da4e38883baa947d29ec19 77994699f4da4e38883baa947d29ec19] 199.204.45.240 "GET /allocations/38f2b0e2-6fdc-4fb2-84af-26a22b646407" status: 200 len: 258 microversion: 1.28 [pid: 7|app: 0|req: 638/1281] 199.204.45.240 () {34 vars in 863 bytes} [Fri May 8 11:41:35 2026] GET /allocations/38f2b0e2-6fdc-4fb2-84af-26a22b646407 => generated 258 bytes in 18 msecs (HTTP/1.1 200) 8 headers in 296 bytes (1 switches on core 0)
2026-05-08 11:41:35.818 8 INFO placement.requestlog [req-f13e51ca-e732-4c3c-a427-69f994b09da4 req-316ad9f9-c4e1-425b-8ed8-983d34ceb99f c864c8c2624e437096bada644d46fa2b 8792af1bc0bb4fe9baa6cc9836b6784d - - 77994699f4da4e38883baa947d29ec19 77994699f4da4e38883baa947d29ec19] 199.204.45.240 "GET /allocations/26e3c0b1-a50f-40ea-b2de-f709c473f06f" status: 200 len: 245 microversion: 1.28 [pid: 8|app: 0|req: 644/1282] 199.204.45.240 () {34 vars in 863 bytes} [Fri May 8 11:41:35 2026] GET /allocations/26e3c0b1-a50f-40ea-b2de-f709c473f06f => generated 245 bytes in 16 msecs (HTTP/1.1 200) 8 headers in 296 bytes (1 switches on core 0)
2026-05-08 11:41:35.847 7 INFO placement.requestlog [req-f13e51ca-e732-4c3c-a427-69f994b09da4 req-3b0b70d7-42a1-40e3-b901-853f049fbb7c c864c8c2624e437096bada644d46fa2b 8792af1bc0bb4fe9baa6cc9836b6784d - - 77994699f4da4e38883baa947d29ec19 77994699f4da4e38883baa947d29ec19] 199.204.45.240 "GET /allocations/58ebced3-6f6a-44fc-991f-e57639fd9d8b" status: 200 len: 258 microversion: 1.28 [pid: 7|app: 0|req: 639/1283] 199.204.45.240 () {34 vars in 863 bytes} [Fri May 8 11:41:35 2026] GET /allocations/58ebced3-6f6a-44fc-991f-e57639fd9d8b => generated 258 bytes in 19 msecs (HTTP/1.1 200) 8 headers in 296 bytes (1 switches on core 0)
2026-05-08 11:41:35.988 8 INFO placement.requestlog [req-f13e51ca-e732-4c3c-a427-69f994b09da4 req-858afe28-e40d-46ca-aa1f-3f494e0b4dc6 c864c8c2624e437096bada644d46fa2b 8792af1bc0bb4fe9baa6cc9836b6784d - - 77994699f4da4e38883baa947d29ec19 77994699f4da4e38883baa947d29ec19] 199.204.45.240 "DELETE /allocations/26e3c0b1-a50f-40ea-b2de-f709c473f06f" status: 204 len: 0 microversion: 1.0 [pid: 8|app: 0|req: 645/1284] 199.204.45.240 () {34 vars in 841 bytes} [Fri May 8 11:41:35 2026] DELETE /allocations/26e3c0b1-a50f-40ea-b2de-f709c473f06f => generated 0 bytes in 32 msecs (HTTP/1.1 204) 5 headers in 198 bytes (1 switches on core 0)
2026-05-08 11:41:37.125 7 INFO placement.requestlog [req-a3e568c9-7867-42e3-ab4f-9f14f9292e07 req-a2d080ce-ee40-46ca-bc6c-2bc2a9708b30 c864c8c2624e437096bada644d46fa2b 8792af1bc0bb4fe9baa6cc9836b6784d - - 77994699f4da4e38883baa947d29ec19 77994699f4da4e38883baa947d29ec19] 199.204.45.240 "GET /resource_providers/bf383e8e-2148-49e5-9cad-702639b56205/allocations" status: 200 len: 253 microversion: 1.0 [pid: 7|app: 0|req: 640/1285] 199.204.45.240 () {32 vars in 857 bytes} [Fri May 8 11:41:37 2026] GET /resource_providers/bf383e8e-2148-49e5-9cad-702639b56205/allocations => generated 253 bytes in 19 msecs (HTTP/1.1 200) 6 headers in 224 bytes (1 switches on core 0)
2026-05-08 11:41:37.152 8 INFO placement.requestlog [req-a3e568c9-7867-42e3-ab4f-9f14f9292e07 req-ac8afbae-07a5-45ca-a40a-e6922e88c79b c864c8c2624e437096bada644d46fa2b 8792af1bc0bb4fe9baa6cc9836b6784d - - 77994699f4da4e38883baa947d29ec19 77994699f4da4e38883baa947d29ec19] 199.204.45.240 "GET /allocations/38f2b0e2-6fdc-4fb2-84af-26a22b646407" status: 200 len: 258 microversion: 1.28 [pid: 8|app: 0|req: 646/1286] 199.204.45.240 () {34 vars in 863 bytes} [Fri May 8 11:41:37 2026] GET /allocations/38f2b0e2-6fdc-4fb2-84af-26a22b646407 => generated 258 bytes in 21 msecs (HTTP/1.1 200) 8 headers in 296 bytes (1 switches on core 0)
2026-05-08 11:41:37.173 7 INFO placement.requestlog [req-a3e568c9-7867-42e3-ab4f-9f14f9292e07 req-7bc59b17-746b-4b89-ba97-38f120b6b784 c864c8c2624e437096bada644d46fa2b 8792af1bc0bb4fe9baa6cc9836b6784d - - 77994699f4da4e38883baa947d29ec19 77994699f4da4e38883baa947d29ec19] 199.204.45.240 "GET /allocations/58ebced3-6f6a-44fc-991f-e57639fd9d8b" status: 200 len: 258 microversion: 1.28 [pid: 7|app: 0|req: 641/1287] 199.204.45.240 () {34 vars in 863 bytes} [Fri May 8 11:41:37 2026] GET /allocations/58ebced3-6f6a-44fc-991f-e57639fd9d8b => generated 258 bytes in 15 msecs (HTTP/1.1 200) 8 headers in 296 bytes (1 switches on core 0)
2026-05-08 11:41:37.262 8 INFO placement.requestlog [req-a3e568c9-7867-42e3-ab4f-9f14f9292e07 req-c1110d07-48e9-4e26-a0ae-8abfc1043a0e c864c8c2624e437096bada644d46fa2b 8792af1bc0bb4fe9baa6cc9836b6784d - - 77994699f4da4e38883baa947d29ec19 77994699f4da4e38883baa947d29ec19] 199.204.45.240 "DELETE /allocations/38f2b0e2-6fdc-4fb2-84af-26a22b646407" status: 204 len: 0 microversion: 1.0 [pid: 8|app: 0|req: 647/1288] 199.204.45.240 () {34 vars in 841 bytes} [Fri May 8 11:41:37 2026] DELETE /allocations/38f2b0e2-6fdc-4fb2-84af-26a22b646407 => generated 0 bytes in 32 msecs (HTTP/1.1 204) 5 headers in 198 bytes (1 switches on core 0)
2026-05-08 11:41:44.374 7 INFO placement.requestlog [req-5b18a392-2f85-40ca-bbc5-0c9c83c13020 req-9ea572d8-8cc4-4198-b4e0-fac5e42bc6c9 c864c8c2624e437096bada644d46fa2b 8792af1bc0bb4fe9baa6cc9836b6784d - - 77994699f4da4e38883baa947d29ec19 77994699f4da4e38883baa947d29ec19] 199.204.45.240 "GET /resource_providers/bf383e8e-2148-49e5-9cad-702639b56205/allocations" status: 200 len: 153 microversion: 1.0 [pid: 7|app: 0|req: 642/1289] 199.204.45.240 () {32 vars in 857 bytes} [Fri May 8 11:41:44 2026] GET /resource_providers/bf383e8e-2148-49e5-9cad-702639b56205/allocations => generated 153 bytes in 22 msecs (HTTP/1.1 200) 6 headers in 224 bytes (1 switches on core 0)
2026-05-08 11:41:44.404 8 INFO placement.requestlog [req-5b18a392-2f85-40ca-bbc5-0c9c83c13020 req-a4f4620d-80e5-4497-9a98-e1d680db34c8 c864c8c2624e437096bada644d46fa2b 8792af1bc0bb4fe9baa6cc9836b6784d - - 77994699f4da4e38883baa947d29ec19 77994699f4da4e38883baa947d29ec19] 199.204.45.240 "GET /allocations/58ebced3-6f6a-44fc-991f-e57639fd9d8b" status: 200 len: 258 microversion: 1.28 [pid: 8|app: 0|req: 648/1290] 199.204.45.240 () {34 vars in 863 bytes} [Fri May 8 11:41:44 2026] GET /allocations/58ebced3-6f6a-44fc-991f-e57639fd9d8b => generated 258 bytes in 20 msecs (HTTP/1.1 200) 8 headers in 296 bytes (1 switches on core 0)
2026-05-08 11:41:44.500 7 INFO placement.requestlog [req-5b18a392-2f85-40ca-bbc5-0c9c83c13020 req-b5b77072-f6b8-46c1-8cc9-1134db3cb58e c864c8c2624e437096bada644d46fa2b 8792af1bc0bb4fe9baa6cc9836b6784d - - 77994699f4da4e38883baa947d29ec19 77994699f4da4e38883baa947d29ec19] 199.204.45.240 "DELETE /allocations/58ebced3-6f6a-44fc-991f-e57639fd9d8b" status: 204 len: 0 microversion: 1.0 [pid: 7|app: 0|req: 643/1291] 199.204.45.240 () {34 vars in 841 bytes} [Fri May 8 11:41:44 2026] DELETE /allocations/58ebced3-6f6a-44fc-991f-e57639fd9d8b => generated 0 bytes in 28 msecs (HTTP/1.1 204) 5 headers in 198 bytes (1 switches on core 0)
2026-05-08 11:41:45.486 7 INFO placement.requestlog [None req-a0070333-0d3e-4e80-b8fb-ed41a203427c - - - - - -] 10.0.0.239 "GET /" status: 200 len: 136 microversion: 1.0
2026-05-08 11:41:45.486 8 INFO placement.requestlog [None req-f9d011fc-4296-410a-aeac-9596e1ff988a - - - - - -] 10.0.0.239 "GET /" status: 200 len: 136 microversion: 1.0
2026-05-08 11:41:55.487 7 INFO placement.requestlog [None req-b8ae7886-2acd-49e6-ac46-d2b5fb82068b - - - - - -] 10.0.0.239 "GET /" status: 200 len: 136 microversion: 1.0
2026-05-08 11:41:55.487 8 INFO placement.requestlog [None req-d375ca3f-ac87-415e-86bc-dcce01d2bb0d - - - - - -] 10.0.0.239 "GET /" status: 200 len: 136 microversion: 1.0
2026-05-08 11:41:55.759 7 INFO placement.requestlog [None req-dc0bb454-8dce-4822-82e9-b610422d88aa 77739d72235945be977e793d4f6f680c 8792af1bc0bb4fe9baa6cc9836b6784d - - 77994699f4da4e38883baa947d29ec19 77994699f4da4e38883baa947d29ec19] 10.0.0.206 "GET /resource_providers/4dca512e-d22a-49df-bf00-9030b16ab5a4/aggregates" status: 404 len: 235 microversion: 1.1 [pid: 7|app: 0|req: 646/1296] 10.0.0.206 () {32 vars in 816 bytes} [Fri May 8 11:41:55 2026] GET /resource_providers/4dca512e-d22a-49df-bf00-9030b16ab5a4/aggregates => generated 235 bytes in 78 msecs (HTTP/1.1 404) 5 headers in 202 bytes (1 switches on core 0)
2026-05-08 11:41:55.781 8 INFO placement.requestlog [None req-a171ad4d-a93d-45c5-b241-5e2dee9846a3 77739d72235945be977e793d4f6f680c 8792af1bc0bb4fe9baa6cc9836b6784d - - 77994699f4da4e38883baa947d29ec19 77994699f4da4e38883baa947d29ec19] 10.0.0.206 "GET /resource_providers/4dca512e-d22a-49df-bf00-9030b16ab5a4/aggregates" status: 404 len: 235 microversion: 1.1 [pid: 8|app: 0|req: 651/1297] 10.0.0.206 () {32 vars in 816 bytes} [Fri May 8 11:41:55 2026] GET /resource_providers/4dca512e-d22a-49df-bf00-9030b16ab5a4/aggregates => generated 235 bytes in 100 msecs (HTTP/1.1 404) 5 headers in 202 bytes (1 switches on core 0)
2026-05-08 11:41:55.786 7 INFO placement.requestlog [None req-f8ba646b-5237-4268-9ee4-17816ee8d4f4 77739d72235945be977e793d4f6f680c 8792af1bc0bb4fe9baa6cc9836b6784d - - 77994699f4da4e38883baa947d29ec19 77994699f4da4e38883baa947d29ec19] 10.0.0.206 "DELETE /resource_providers/4dca512e-d22a-49df-bf00-9030b16ab5a4" status: 404 len: 246 microversion: 1.1 [pid: 7|app: 0|req: 647/1298] 10.0.0.206 () {34 vars in 816 bytes} [Fri May 8 11:41:55 2026] DELETE /resource_providers/4dca512e-d22a-49df-bf00-9030b16ab5a4 => generated 246 bytes in 13 msecs (HTTP/1.1 404) 6 headers in 231 bytes (1 switches on core 0)
2026-05-08 11:41:55.794 8 INFO placement.requestlog [None req-70556fa6-ab3c-4663-9487-010933544d56 77739d72235945be977e793d4f6f680c 8792af1bc0bb4fe9baa6cc9836b6784d - - 77994699f4da4e38883baa947d29ec19 77994699f4da4e38883baa947d29ec19] 10.0.0.206 "DELETE /resource_providers/4dca512e-d22a-49df-bf00-9030b16ab5a4" status: 404 len: 246 microversion: 1.1 [pid: 8|app: 0|req: 652/1299] 10.0.0.206 () {34 vars in 816 bytes} [Fri May 8 11:41:55 2026] DELETE /resource_providers/4dca512e-d22a-49df-bf00-9030b16ab5a4 => generated 246 bytes in 8 msecs (HTTP/1.1 404) 6 headers in 231 bytes (1 switches on core 0)
2026-05-08 11:41:57.808 7 INFO placement.requestlog [None req-e7762a4a-69a2-4658-b0c0-2bf4674de2ed 77739d72235945be977e793d4f6f680c 8792af1bc0bb4fe9baa6cc9836b6784d - - 77994699f4da4e38883baa947d29ec19 77994699f4da4e38883baa947d29ec19] 10.0.0.206 "GET /resource_providers/da4069ff-6bbb-41dd-b4ce-8b14f7d2e372/aggregates" status: 404 len: 235 microversion: 1.1 [pid: 7|app: 0|req: 648/1300] 10.0.0.206 () {32 vars in 816 bytes} [Fri May 8 11:41:57 2026] GET /resource_providers/da4069ff-6bbb-41dd-b4ce-8b14f7d2e372/aggregates => generated 235 bytes in 12 msecs (HTTP/1.1 404) 5 headers in 202 bytes (1 switches on core 0)
2026-05-08 11:41:57.813 8 INFO placement.requestlog [None req-102d3aa5-cbc2-4c6a-ba14-8bcb2f58f336 77739d72235945be977e793d4f6f680c 8792af1bc0bb4fe9baa6cc9836b6784d - - 77994699f4da4e38883baa947d29ec19 77994699f4da4e38883baa947d29ec19] 10.0.0.206 "GET /resource_providers/da4069ff-6bbb-41dd-b4ce-8b14f7d2e372/aggregates" status: 404 len: 235 microversion: 1.1 [pid: 8|app: 0|req: 653/1301] 10.0.0.206 () {32 vars in 816 bytes} [Fri May 8 11:41:57 2026] GET /resource_providers/da4069ff-6bbb-41dd-b4ce-8b14f7d2e372/aggregates => generated 235 bytes in 12 msecs (HTTP/1.1 404) 5 headers in 202 bytes (1 switches on core 0)
2026-05-08 11:41:57.832 7 INFO placement.requestlog [None req-1de0effc-e36e-4294-be78-3930be785e06 77739d72235945be977e793d4f6f680c 8792af1bc0bb4fe9baa6cc9836b6784d - - 77994699f4da4e38883baa947d29ec19 77994699f4da4e38883baa947d29ec19] 10.0.0.206 "DELETE /resource_providers/da4069ff-6bbb-41dd-b4ce-8b14f7d2e372" status: 404 len: 246 microversion: 1.1 [pid: 7|app: 0|req: 649/1302] 10.0.0.206 () {34 vars in 816 bytes} [Fri May 8 11:41:57 2026] DELETE /resource_providers/da4069ff-6bbb-41dd-b4ce-8b14f7d2e372 => generated 246 bytes in 10 msecs (HTTP/1.1 404) 6 headers in 231 bytes (1 switches on core 0)
2026-05-08 11:41:57.837 8 INFO placement.requestlog [None req-812903b2-ecaf-436a-a73a-59665452a797 77739d72235945be977e793d4f6f680c 8792af1bc0bb4fe9baa6cc9836b6784d - - 77994699f4da4e38883baa947d29ec19 77994699f4da4e38883baa947d29ec19] 10.0.0.206 "DELETE /resource_providers/da4069ff-6bbb-41dd-b4ce-8b14f7d2e372" status: 404 len: 246 microversion: 1.1 [pid: 8|app: 0|req: 654/1303] 10.0.0.206 () {34 vars in 816 bytes} [Fri May 8 11:41:57 2026] DELETE /resource_providers/da4069ff-6bbb-41dd-b4ce-8b14f7d2e372 => generated 246 bytes in 14 msecs (HTTP/1.1 404) 6 headers in 231 bytes (1 switches on core 0)
2026-05-08 11:41:57.845 7 INFO placement.requestlog [None req-91078c89-adae-48fb-935b-6316c54250d1 77739d72235945be977e793d4f6f680c 8792af1bc0bb4fe9baa6cc9836b6784d - - 77994699f4da4e38883baa947d29ec19 77994699f4da4e38883baa947d29ec19] 10.0.0.206 "GET /resource_providers/98e86e92-86a5-483e-8392-8466cd1d94f3/aggregates" status: 404 len: 235 microversion: 1.1 [pid: 7|app: 0|req: 650/1304] 10.0.0.206 () {32 vars in 816 bytes} [Fri May 8 11:41:57 2026] GET /resource_providers/98e86e92-86a5-483e-8392-8466cd1d94f3/aggregates => generated 235 bytes in 7 msecs (HTTP/1.1 404) 5 headers in 202 bytes (1 switches on core 0)
2026-05-08 11:41:57.850 8 INFO placement.requestlog [None req-2cabfca3-e797-465c-a8b4-feee0a22fc8f 77739d72235945be977e793d4f6f680c 8792af1bc0bb4fe9baa6cc9836b6784d - - 77994699f4da4e38883baa947d29ec19 77994699f4da4e38883baa947d29ec19] 10.0.0.206 "GET /resource_providers/98e86e92-86a5-483e-8392-8466cd1d94f3/aggregates" status: 404 len: 235 microversion: 1.1 [pid: 8|app: 0|req: 655/1305] 10.0.0.206 () {32 vars in 816 bytes} [Fri May 8 11:41:57 2026] GET /resource_providers/98e86e92-86a5-483e-8392-8466cd1d94f3/aggregates => generated 235 bytes in 6 msecs (HTTP/1.1 404) 5 headers in 202 bytes (1 switches on core 0)
2026-05-08 11:41:57.855 7 INFO placement.requestlog [None req-f2ec5c5a-da2a-4a94-9f8d-d884177a0da8 77739d72235945be977e793d4f6f680c 8792af1bc0bb4fe9baa6cc9836b6784d - - 77994699f4da4e38883baa947d29ec19 77994699f4da4e38883baa947d29ec19] 10.0.0.206 "DELETE /resource_providers/98e86e92-86a5-483e-8392-8466cd1d94f3" status: 404 len: 246 microversion: 1.1 [pid: 7|app: 0|req: 651/1306] 10.0.0.206 () {34 vars in 816 bytes} [Fri May 8 11:41:57 2026] DELETE /resource_providers/98e86e92-86a5-483e-8392-8466cd1d94f3 => generated 246 bytes in 5 msecs (HTTP/1.1 404) 6 headers in 231 bytes (1 switches on core 0)
2026-05-08 11:41:57.862 8 INFO placement.requestlog [None req-d3335349-b692-4197-a324-02edf4256009 77739d72235945be977e793d4f6f680c 8792af1bc0bb4fe9baa6cc9836b6784d - - 77994699f4da4e38883baa947d29ec19 77994699f4da4e38883baa947d29ec19] 10.0.0.206 "DELETE /resource_providers/98e86e92-86a5-483e-8392-8466cd1d94f3" status: 404 len: 246 microversion: 1.1 [pid: 8|app: 0|req: 656/1307] 10.0.0.206 () {34 vars in 816 bytes} [Fri May 8 11:41:57 2026] DELETE /resource_providers/98e86e92-86a5-483e-8392-8466cd1d94f3 => generated 246 bytes in 7 msecs (HTTP/1.1 404) 6 headers in 231 bytes (1 switches on core 0)
2026-05-08 11:42:00.717 8 INFO placement.requestlog [None req-bba038a3-45d8-4fe1-9ecc-468e4dfbc896 77739d72235945be977e793d4f6f680c 8792af1bc0bb4fe9baa6cc9836b6784d - - 77994699f4da4e38883baa947d29ec19 77994699f4da4e38883baa947d29ec19] 10.0.0.206 "GET /resource_providers/52f46034-b50d-4933-8349-c9dd7cfa9e67/aggregates" status: 404 len: 235 microversion: 1.1 [pid: 8|app: 0|req: 657/1308] 10.0.0.206 () {32 vars in 816 bytes} [Fri May 8 11:42:00 2026] GET /resource_providers/52f46034-b50d-4933-8349-c9dd7cfa9e67/aggregates => generated 235 bytes in 14 msecs (HTTP/1.1 404) 5 headers in 202 bytes (1 switches on core 0)
2026-05-08 11:42:00.722 7 INFO placement.requestlog [None req-ede64d94-1385-41ef-a862-8fd362f216bd 77739d72235945be977e793d4f6f680c 8792af1bc0bb4fe9baa6cc9836b6784d - - 77994699f4da4e38883baa947d29ec19 77994699f4da4e38883baa947d29ec19] 10.0.0.206 "GET /resource_providers/52f46034-b50d-4933-8349-c9dd7cfa9e67/aggregates" status: 404 len: 235 microversion: 1.1 [pid: 7|app: 0|req: 652/1309] 10.0.0.206 () {32 vars in 816 bytes} [Fri May 8 11:42:00 2026] GET /resource_providers/52f46034-b50d-4933-8349-c9dd7cfa9e67/aggregates => generated 235 bytes in 22 msecs (HTTP/1.1 404) 5 headers in 202 bytes (1 switches on core 0)
2026-05-08 11:42:00.730 8 INFO placement.requestlog [None req-1143a0e9-ab4c-40b4-90b1-ab8dd46425c5 77739d72235945be977e793d4f6f680c 8792af1bc0bb4fe9baa6cc9836b6784d - - 77994699f4da4e38883baa947d29ec19 77994699f4da4e38883baa947d29ec19] 10.0.0.206 "DELETE /resource_providers/52f46034-b50d-4933-8349-c9dd7cfa9e67" status: 404 len: 246 microversion: 1.1 [pid: 8|app: 0|req: 658/1310] 10.0.0.206 () {34 vars in 816 bytes} [Fri May 8 11:42:00 2026] DELETE /resource_providers/52f46034-b50d-4933-8349-c9dd7cfa9e67 => generated 246 bytes in 7 msecs (HTTP/1.1 404) 6 headers in 231 bytes (1 switches on core 0)
2026-05-08 11:42:00.740 7 INFO placement.requestlog [None req-8ef4041a-439b-48d9-a7ca-707501afe0da 77739d72235945be977e793d4f6f680c 8792af1bc0bb4fe9baa6cc9836b6784d - - 77994699f4da4e38883baa947d29ec19 77994699f4da4e38883baa947d29ec19] 10.0.0.206 "DELETE /resource_providers/52f46034-b50d-4933-8349-c9dd7cfa9e67" status: 404 len: 246 microversion: 1.1 [pid: 7|app: 0|req: 653/1311] 10.0.0.206 () {34 vars in 816 bytes} [Fri May 8 11:42:00 2026] DELETE /resource_providers/52f46034-b50d-4933-8349-c9dd7cfa9e67 => generated 246 bytes in 13 msecs (HTTP/1.1 404) 6 headers in 231 bytes (1 switches on core 0)
2026-05-08 11:42:05.486 8 INFO placement.requestlog [None req-94314cef-ca3e-4987-9241-f77674117a44 - - - - - -] 10.0.0.239 "GET /" status: 200 len: 136 microversion: 1.0
2026-05-08 11:42:05.486 7 INFO placement.requestlog [None req-3149e75f-9314-414c-9ee4-78a7643d887b - - - - - -] 10.0.0.239 "GET /" status: 200 len: 136 microversion: 1.0
2026-05-08 11:42:06.720 8 INFO placement.requestlog [req-40155209-e5b8-4874-ad19-6c80e30082fd req-c595bae6-cb19-4946-b8e6-cb06f7b65b6b c864c8c2624e437096bada644d46fa2b 8792af1bc0bb4fe9baa6cc9836b6784d - - 77994699f4da4e38883baa947d29ec19 77994699f4da4e38883baa947d29ec19] 199.204.45.240 "GET /resource_providers/bf383e8e-2148-49e5-9cad-702639b56205/allocations" status: 200 len: 55 microversion: 1.0 [pid: 8|app: 0|req: 660/1314] 199.204.45.240 () {32 vars in 857 bytes} [Fri May 8 11:42:06 2026] GET /resource_providers/bf383e8e-2148-49e5-9cad-702639b56205/allocations => generated 55 bytes in 16 msecs (HTTP/1.1 200) 6 headers in 223 bytes (1 switches on core 0)
2026-05-08 11:42:06.745 7 INFO placement.requestlog [req-40155209-e5b8-4874-ad19-6c80e30082fd req-f31a6855-3f49-46ea-ae1c-21f6d65da79e c864c8c2624e437096bada644d46fa2b 8792af1bc0bb4fe9baa6cc9836b6784d - - 77994699f4da4e38883baa947d29ec19 77994699f4da4e38883baa947d29ec19] 199.204.45.240 "GET /resource_providers/bf383e8e-2148-49e5-9cad-702639b56205/allocations" status: 200 len: 55 microversion: 1.0 [pid: 7|app: 0|req: 655/1315] 199.204.45.240 () {32 vars in 857 bytes} [Fri May 8 11:42:06 2026] GET /resource_providers/bf383e8e-2148-49e5-9cad-702639b56205/allocations => generated 55 bytes in 16 msecs (HTTP/1.1 200) 6 headers in 223 bytes (1 switches on core 0)
2026-05-08 11:42:15.487 7 INFO placement.requestlog [None req-2e9a160a-64e8-4689-8dbe-cd498ec86343 - - - - - -] 10.0.0.239 "GET /" status: 200 len: 136 microversion: 1.0
2026-05-08 11:42:15.487 8 INFO placement.requestlog [None req-e8e67d75-69a5-4d57-a41c-0c75e88975ef - - - - - -] 10.0.0.239 "GET /" status: 200 len: 136 microversion: 1.0
2026-05-08 11:42:25.486 7 INFO placement.requestlog [None req-0895653e-87b1-421b-b695-2e6ec4e03a41 - - - - - -] 10.0.0.239 "GET /" status: 200 len: 136 microversion: 1.0
2026-05-08 11:42:25.487 8 INFO placement.requestlog [None req-7411b2e7-e216-4048-8ef8-2d6e346f4e74 - - - - - -] 10.0.0.239 "GET /" status: 200 len: 136 microversion: 1.0
2026-05-08 11:42:35.486 8 INFO placement.requestlog [None req-9f72b687-28f2-4db5-b2a8-438db3513448 - - - - - -] 10.0.0.239 "GET /" status: 200 len: 136 microversion: 1.0
2026-05-08 11:42:35.486 7 INFO placement.requestlog [None req-02db24b0-1c81-4784-9e50-5a56e849866e - - - - - -] 10.0.0.239 "GET /" status: 200 len: 136 microversion: 1.0
2026-05-08 11:42:45.486 8 INFO placement.requestlog [None req-9358ad47-0e49-4cf1-915f-d0ea49c1e1cb - - - - - -] 10.0.0.239 "GET /" status: 200 len: 136 microversion: 1.0
2026-05-08 11:42:45.486 7 INFO placement.requestlog [None req-3a6ad1da-28b2-4afa-bb8b-8b7d5d73699c - - - - - -] 10.0.0.239 "GET /" status: 200 len: 136 microversion: 1.0
2026-05-08 11:42:55.485 8 INFO placement.requestlog [None req-73f0a417-8ea7-40fa-9fc4-ac8aee560be0 - - - - - -] 10.0.0.239 "GET /" status: 200 len: 136 microversion: 1.0
2026-05-08 11:42:55.486 7 INFO placement.requestlog [None req-043ad519-5f5a-48ab-a32d-de7d2e54a133 - - - - - -] 10.0.0.239 "GET /" status: 200 len: 136 microversion: 1.0
2026-05-08 11:43:05.486 8 INFO placement.requestlog [None req-33936417-0448-4b34-9989-05baf5c656a8 - - - - - -] 10.0.0.239 "GET /" status: 200 len: 136 microversion: 1.0
2026-05-08 11:43:05.485 7 INFO placement.requestlog [None req-b89de552-0e72-487a-bfb1-f28f5cabbff5 - - - - - -] 10.0.0.239 "GET /" status: 200 len: 136 microversion: 1.0
2026-05-08 11:43:09.057 8 INFO placement.requestlog [req-1189dc17-9e8e-42ec-a7ba-91d290dcc59c req-60a8daa9-c970-4635-a0a4-6ba47a2d215c c864c8c2624e437096bada644d46fa2b 8792af1bc0bb4fe9baa6cc9836b6784d - - 77994699f4da4e38883baa947d29ec19 77994699f4da4e38883baa947d29ec19] 199.204.45.240 "GET /resource_providers/bf383e8e-2148-49e5-9cad-702639b56205/allocations" status: 200 len: 55 microversion: 1.0 [pid: 8|app: 0|req: 667/1328] 199.204.45.240 () {32 vars in 857 bytes} [Fri May 8 11:43:09 2026] GET /resource_providers/bf383e8e-2148-49e5-9cad-702639b56205/allocations => generated 55 bytes in 22 msecs (HTTP/1.1 200) 6 headers in 223 bytes (1 switches on core 0)
2026-05-08 11:43:09.090 7 INFO placement.requestlog [req-1189dc17-9e8e-42ec-a7ba-91d290dcc59c req-237ba9e5-c74c-4b5b-8f8e-fc39d80877c5 c864c8c2624e437096bada644d46fa2b 8792af1bc0bb4fe9baa6cc9836b6784d - - 77994699f4da4e38883baa947d29ec19 77994699f4da4e38883baa947d29ec19] 199.204.45.240 "GET /resource_providers/bf383e8e-2148-49e5-9cad-702639b56205/allocations" status: 200 len: 55 microversion: 1.0 [pid: 7|app: 0|req: 662/1329] 199.204.45.240 () {32 vars in 857 bytes} [Fri May 8 11:43:09 2026] GET /resource_providers/bf383e8e-2148-49e5-9cad-702639b56205/allocations => generated 55 bytes in 23 msecs (HTTP/1.1 200) 6 headers in 223 bytes (1 switches on core 0)
2026-05-08 11:43:15.486 8 INFO placement.requestlog [None req-3fe3668c-e081-4845-8631-1e41e9b5598f - - - - - -] 10.0.0.239 "GET /" status: 200 len: 136 microversion: 1.0
2026-05-08 11:43:15.487 7 INFO placement.requestlog [None req-04001f6d-76e7-474d-86d1-7b2d23ec6051 - - - - - -] 10.0.0.239 "GET /" status: 200 len: 136 microversion: 1.0
2026-05-08 11:43:25.486 8 INFO placement.requestlog [None req-2af04490-73b3-4b50-a4f2-d7b63ea1c6ca - - - - - -] 10.0.0.239 "GET /" status: 200 len: 136 microversion: 1.0
2026-05-08 11:43:25.487 7 INFO placement.requestlog [None req-9757a8b9-1102-4c25-a697-650b5dd5937c - - - - - -] 10.0.0.239 "GET /" status: 200 len: 136 microversion: 1.0
2026-05-08 11:43:35.486 8 INFO placement.requestlog [None req-2cd1b062-5283-4531-98d2-a6db0fcac5bf - - - - - -] 10.0.0.239 "GET /" status: 200 len: 136 microversion: 1.0
2026-05-08 11:43:35.487 7 INFO placement.requestlog [None req-03a4c376-1998-4e50-b8c0-1cb6cea75084 - - - - - -] 10.0.0.239 "GET /" status: 200 len: 136 microversion: 1.0
2026-05-08 11:43:45.488 7 INFO placement.requestlog [None req-d09c9a5d-03dc-498c-812f-1afe72e735f6 - - - - - -] 10.0.0.239 "GET /" status: 200 len: 136 microversion: 1.0
2026-05-08 11:43:45.488 8 INFO placement.requestlog [None req-3439c0c9-ccbe-4d78-aad0-267977bdfd4c - - - - - -] 10.0.0.239 "GET /" status: 200 len: 136 microversion: 1.0
2026-05-08 11:43:55.486 8 INFO placement.requestlog [None req-3c8fbe26-16a2-48e0-a91c-0817972a82af - - - - - -] 10.0.0.239 "GET /" status: 200 len: 136 microversion: 1.0
2026-05-08 11:43:55.486 7 INFO placement.requestlog [None req-bdf95c49-ac72-493a-8b83-5e3d5de98e21 - - - - - -] 10.0.0.239 "GET /" status: 200 len: 136 microversion: 1.0
2026-05-08 11:44:05.485 8 INFO placement.requestlog [None req-8498c5e1-3dc6-4a37-ab64-34a29a0df396 - - - - - -] 10.0.0.239 "GET /" status: 200 len: 136 microversion: 1.0
2026-05-08 11:44:05.486 7 INFO placement.requestlog [None req-92448ad6-748f-4de7-94e9-72ed086510c9 - - - - - -] 10.0.0.239 "GET /" status: 200 len: 136 microversion: 1.0
