Apr 03 01:29:29.178519 np0000163294 neutron-periodic-workers[104128]: DEBUG cotyledon.oslo_config_glue [-] ml2.type_drivers = ['local', 'flat', 'vlan', 'geneve'] {{(pid=104128) log_opt_values /opt/stack/data/venv/lib/python3.12/site-packages/oslo_config/cfg.py:3006}}
Apr 03 01:29:29.178619 np0000163294 neutron-periodic-workers[104128]: DEBUG cotyledon.oslo_config_glue [-] ml2_type_flat.flat_networks = ['public'] {{(pid=104128) log_opt_values /opt/stack/data/venv/lib/python3.12/site-packages/oslo_config/cfg.py:3006}}
Apr 03 01:29:29.178719 np0000163294 neutron-periodic-workers[104128]: DEBUG cotyledon.oslo_config_glue [-] ml2_type_geneve.max_header_size = 38 {{(pid=104128) log_opt_values /opt/stack/data/venv/lib/python3.12/site-packages/oslo_config/cfg.py:3006}}
Apr 03 01:29:29.178799 np0000163294 neutron-periodic-workers[104128]: DEBUG cotyledon.oslo_config_glue [-] ml2_type_geneve.vni_ranges = ['1:65536'] {{(pid=104128) log_opt_values /opt/stack/data/venv/lib/python3.12/site-packages/oslo_config/cfg.py:3006}}
Apr 03 01:29:29.178885 np0000163294 neutron-periodic-workers[104128]: DEBUG cotyledon.oslo_config_glue [-] ml2_type_vlan.network_vlan_ranges = ['public'] {{(pid=104128) log_opt_values /opt/stack/data/venv/lib/python3.12/site-packages/oslo_config/cfg.py:3006}}
Apr 03 01:29:29.178992 np0000163294 neutron-periodic-workers[104128]: DEBUG cotyledon.oslo_config_glue [-] network_log.burst_limit = 25 {{(pid=104128) log_opt_values /opt/stack/data/venv/lib/python3.12/site-packages/oslo_config/cfg.py:3006}}
Apr 03 01:29:29.179056 np0000163294 neutron-periodic-workers[104128]: DEBUG cotyledon.oslo_config_glue [-] network_log.local_output_log_base = None {{(pid=104128) log_opt_values /opt/stack/data/venv/lib/python3.12/site-packages/oslo_config/cfg.py:3006}}
Apr 03 01:29:29.179116 np0000163294 neutron-periodic-workers[104128]: DEBUG cotyledon.oslo_config_glue [-] network_log.rate_limit = 100 {{(pid=104128) log_opt_values /opt/stack/data/venv/lib/python3.12/site-packages/oslo_config/cfg.py:3006}}
Apr 03 01:29:29.179268 np0000163294 neutron-periodic-workers[104128]: DEBUG cotyledon.oslo_config_glue [-] database.asyncio_connection = **** {{(pid=104128) log_opt_values /opt/stack/data/venv/lib/python3.12/site-packages/oslo_config/cfg.py:3006}}
Apr 03 01:29:29.179268 np0000163294 neutron-periodic-workers[104128]: DEBUG cotyledon.oslo_config_glue [-] database.asyncio_slave_connection = **** {{(pid=104128) log_opt_values /opt/stack/data/venv/lib/python3.12/site-packages/oslo_config/cfg.py:3006}}
Apr 03 01:29:29.179349 np0000163294 neutron-periodic-workers[104128]: DEBUG cotyledon.oslo_config_glue [-] database.backend = sqlalchemy {{(pid=104128) log_opt_values /opt/stack/data/venv/lib/python3.12/site-packages/oslo_config/cfg.py:3006}}
Apr 03 01:29:29.179416 np0000163294 neutron-periodic-workers[104128]: DEBUG cotyledon.oslo_config_glue [-] database.connection = **** {{(pid=104128) log_opt_values /opt/stack/data/venv/lib/python3.12/site-packages/oslo_config/cfg.py:3006}}
Apr 03 01:29:29.179482 np0000163294 neutron-periodic-workers[104128]: DEBUG cotyledon.oslo_config_glue [-] database.connection_debug = 0 {{(pid=104128) log_opt_values /opt/stack/data/venv/lib/python3.12/site-packages/oslo_config/cfg.py:3006}}
Apr 03 01:29:29.179543 np0000163294 neutron-periodic-workers[104128]: DEBUG cotyledon.oslo_config_glue [-] database.connection_parameters = {{(pid=104128) log_opt_values /opt/stack/data/venv/lib/python3.12/site-packages/oslo_config/cfg.py:3006}}
Apr 03 01:29:29.179645 np0000163294 neutron-periodic-workers[104128]: DEBUG cotyledon.oslo_config_glue [-] database.connection_recycle_time = 3600 {{(pid=104128) log_opt_values /opt/stack/data/venv/lib/python3.12/site-packages/oslo_config/cfg.py:3006}}
Apr 03 01:29:29.179705 np0000163294 neutron-periodic-workers[104128]: DEBUG cotyledon.oslo_config_glue [-] database.connection_trace = False {{(pid=104128) log_opt_values /opt/stack/data/venv/lib/python3.12/site-packages/oslo_config/cfg.py:3006}}
Apr 03 01:29:29.179825 np0000163294 neutron-periodic-workers[104128]: DEBUG cotyledon.oslo_config_glue [-] database.db_inc_retry_interval = True {{(pid=104128) log_opt_values /opt/stack/data/venv/lib/python3.12/site-packages/oslo_config/cfg.py:3006}}
Apr 03 01:29:29.179869 np0000163294 neutron-periodic-workers[104128]: DEBUG cotyledon.oslo_config_glue [-] database.db_max_retries = 20 {{(pid=104128) log_opt_values /opt/stack/data/venv/lib/python3.12/site-packages/oslo_config/cfg.py:3006}}
Apr 03 01:29:29.179927 np0000163294 neutron-periodic-workers[104128]: DEBUG cotyledon.oslo_config_glue [-] database.db_max_retry_interval = 10 {{(pid=104128) log_opt_values /opt/stack/data/venv/lib/python3.12/site-packages/oslo_config/cfg.py:3006}}
Apr 03 01:29:29.180000 np0000163294 neutron-periodic-workers[104128]: DEBUG cotyledon.oslo_config_glue [-] database.db_retry_interval = 1 {{(pid=104128) log_opt_values /opt/stack/data/venv/lib/python3.12/site-packages/oslo_config/cfg.py:3006}}
Apr 03 01:29:29.180095 np0000163294 neutron-periodic-workers[104128]: DEBUG cotyledon.oslo_config_glue [-] database.max_overflow = 50 {{(pid=104128) log_opt_values /opt/stack/data/venv/lib/python3.12/site-packages/oslo_config/cfg.py:3006}}
Apr 03 01:29:29.180131 np0000163294 neutron-periodic-workers[104128]: DEBUG cotyledon.oslo_config_glue [-] database.max_pool_size = 5 {{(pid=104128) log_opt_values /opt/stack/data/venv/lib/python3.12/site-packages/oslo_config/cfg.py:3006}}
Apr 03 01:29:29.180234 np0000163294 neutron-periodic-workers[104128]: DEBUG cotyledon.oslo_config_glue [-] database.max_retries = 10 {{(pid=104128) log_opt_values /opt/stack/data/venv/lib/python3.12/site-packages/oslo_config/cfg.py:3006}}
Apr 03 01:29:29.180314 np0000163294 neutron-periodic-workers[104128]: DEBUG cotyledon.oslo_config_glue [-] database.mysql_sql_mode = TRADITIONAL {{(pid=104128) log_opt_values /opt/stack/data/venv/lib/python3.12/site-packages/oslo_config/cfg.py:3006}}
Apr 03 01:29:29.180399 np0000163294 neutron-periodic-workers[104128]: DEBUG cotyledon.oslo_config_glue [-] database.mysql_wsrep_sync_wait = None {{(pid=104128) log_opt_values /opt/stack/data/venv/lib/python3.12/site-packages/oslo_config/cfg.py:3006}}
Apr 03 01:29:29.180457 np0000163294 neutron-periodic-workers[104128]: DEBUG cotyledon.oslo_config_glue [-] database.pool_timeout = None {{(pid=104128) log_opt_values /opt/stack/data/venv/lib/python3.12/site-packages/oslo_config/cfg.py:3006}}
Apr 03 01:29:29.180514 np0000163294 neutron-periodic-workers[104128]: DEBUG cotyledon.oslo_config_glue [-] database.retry_interval = 10 {{(pid=104128) log_opt_values /opt/stack/data/venv/lib/python3.12/site-packages/oslo_config/cfg.py:3006}}
Apr 03 01:29:29.180581 np0000163294 neutron-periodic-workers[104128]: DEBUG cotyledon.oslo_config_glue [-] database.slave_connection = **** {{(pid=104128) log_opt_values /opt/stack/data/venv/lib/python3.12/site-packages/oslo_config/cfg.py:3006}}
Apr 03 01:29:29.180661 np0000163294 neutron-periodic-workers[104128]: DEBUG cotyledon.oslo_config_glue [-] database.sqlite_synchronous = True {{(pid=104128) log_opt_values /opt/stack/data/venv/lib/python3.12/site-packages/oslo_config/cfg.py:3006}}
Apr 03 01:29:29.180723 np0000163294 neutron-periodic-workers[104128]: DEBUG cotyledon.oslo_config_glue [-] database.synchronous_reader = True {{(pid=104128) log_opt_values /opt/stack/data/venv/lib/python3.12/site-packages/oslo_config/cfg.py:3006}}
Apr 03 01:29:29.180799 np0000163294 neutron-periodic-workers[104128]: DEBUG cotyledon.oslo_config_glue [-] database.use_db_reconnect = False {{(pid=104128) log_opt_values /opt/stack/data/venv/lib/python3.12/site-packages/oslo_config/cfg.py:3006}}
Apr 03 01:29:29.180927 np0000163294 neutron-periodic-workers[104128]: DEBUG cotyledon.oslo_config_glue [-] ovn.bfd_min_rx = 1000 {{(pid=104128) log_opt_values /opt/stack/data/venv/lib/python3.12/site-packages/oslo_config/cfg.py:3006}}
Apr 03 01:29:29.180959 np0000163294 neutron-periodic-workers[104128]: DEBUG cotyledon.oslo_config_glue [-] ovn.bfd_min_tx = 100 {{(pid=104128) log_opt_values /opt/stack/data/venv/lib/python3.12/site-packages/oslo_config/cfg.py:3006}}
Apr 03 01:29:29.181021 np0000163294 neutron-periodic-workers[104128]: DEBUG cotyledon.oslo_config_glue [-] ovn.bfd_mult = 3 {{(pid=104128) log_opt_values /opt/stack/data/venv/lib/python3.12/site-packages/oslo_config/cfg.py:3006}}
Apr 03 01:29:29.181094 np0000163294 neutron-periodic-workers[104128]: DEBUG cotyledon.oslo_config_glue [-] ovn.broadcast_arps_to_all_routers = True {{(pid=104128) log_opt_values /opt/stack/data/venv/lib/python3.12/site-packages/oslo_config/cfg.py:3006}}
Apr 03 01:29:29.181152 np0000163294 neutron-periodic-workers[104128]: DEBUG cotyledon.oslo_config_glue [-] ovn.dhcp_default_lease_time = 43200 {{(pid=104128) log_opt_values /opt/stack/data/venv/lib/python3.12/site-packages/oslo_config/cfg.py:3006}}
Apr 03 01:29:29.181233 np0000163294 neutron-periodic-workers[104128]: DEBUG cotyledon.oslo_config_glue [-] ovn.disable_ovn_dhcp_for_baremetal_ports = False {{(pid=104128) log_opt_values /opt/stack/data/venv/lib/python3.12/site-packages/oslo_config/cfg.py:3006}}
Apr 03 01:29:29.181500 np0000163294 neutron-periodic-workers[104128]: DEBUG cotyledon.oslo_config_glue [-] ovn.dns_records_ovn_owned = False {{(pid=104128) log_opt_values /opt/stack/data/venv/lib/python3.12/site-packages/oslo_config/cfg.py:3006}}
Apr 03 01:29:29.181500 np0000163294 neutron-periodic-workers[104128]: DEBUG cotyledon.oslo_config_glue [-] ovn.dns_servers = [] {{(pid=104128) log_opt_values /opt/stack/data/venv/lib/python3.12/site-packages/oslo_config/cfg.py:3006}}
Apr 03 01:29:29.181500 np0000163294 neutron-periodic-workers[104128]: DEBUG cotyledon.oslo_config_glue [-] ovn.enable_distributed_floating_ip = False {{(pid=104128) log_opt_values /opt/stack/data/venv/lib/python3.12/site-packages/oslo_config/cfg.py:3006}}
Apr 03 01:29:29.181500 np0000163294 neutron-periodic-workers[104128]: DEBUG cotyledon.oslo_config_glue [-] ovn.fdb_age_threshold = 300 {{(pid=104128) log_opt_values /opt/stack/data/venv/lib/python3.12/site-packages/oslo_config/cfg.py:3006}}
Apr 03 01:29:29.181631 np0000163294 neutron-periodic-workers[104128]: DEBUG cotyledon.oslo_config_glue [-] ovn.ha_failover_strategy = normal {{(pid=104128) log_opt_values /opt/stack/data/venv/lib/python3.12/site-packages/oslo_config/cfg.py:3006}}
Apr 03 01:29:29.181631 np0000163294 neutron-periodic-workers[104128]: DEBUG cotyledon.oslo_config_glue [-] ovn.live_migration_activation_strategy = rarp {{(pid=104128) log_opt_values /opt/stack/data/venv/lib/python3.12/site-packages/oslo_config/cfg.py:3006}}
Apr 03 01:29:29.181742 np0000163294 neutron-periodic-workers[104128]: DEBUG cotyledon.oslo_config_glue [-] ovn.localnet_learn_fdb = False {{(pid=104128) log_opt_values /opt/stack/data/venv/lib/python3.12/site-packages/oslo_config/cfg.py:3006}}
Apr 03 01:29:29.181742 np0000163294 neutron-periodic-workers[104128]: DEBUG cotyledon.oslo_config_glue [-] ovn.mac_binding_age_threshold = 300 {{(pid=104128) log_opt_values /opt/stack/data/venv/lib/python3.12/site-packages/oslo_config/cfg.py:3006}}
Apr 03 01:29:29.181817 np0000163294 neutron-periodic-workers[104128]: DEBUG cotyledon.oslo_config_glue [-] ovn.neutron_sync_mode = log {{(pid=104128) log_opt_values /opt/stack/data/venv/lib/python3.12/site-packages/oslo_config/cfg.py:3006}}
Apr 03 01:29:29.181860 np0000163294 neutron-periodic-workers[104128]: DEBUG cotyledon.oslo_config_glue [-] ovn.ovn_dhcp4_global_options = {} {{(pid=104128) log_opt_values /opt/stack/data/venv/lib/python3.12/site-packages/oslo_config/cfg.py:3006}}
Apr 03 01:29:29.181933 np0000163294 neutron-periodic-workers[104128]: DEBUG cotyledon.oslo_config_glue [-] ovn.ovn_dhcp6_global_options = {} {{(pid=104128) log_opt_values /opt/stack/data/venv/lib/python3.12/site-packages/oslo_config/cfg.py:3006}}
Apr 03 01:29:29.181972 np0000163294 neutron-periodic-workers[104128]: DEBUG cotyledon.oslo_config_glue [-] ovn.ovn_l3_scheduler = leastloaded {{(pid=104128) log_opt_values /opt/stack/data/venv/lib/python3.12/site-packages/oslo_config/cfg.py:3006}}
Apr 03 01:29:29.182048 np0000163294 neutron-periodic-workers[104128]: DEBUG cotyledon.oslo_config_glue [-] ovn.ovn_metadata_enabled = True {{(pid=104128) log_opt_values /opt/stack/data/venv/lib/python3.12/site-packages/oslo_config/cfg.py:3006}}
Apr 03 01:29:29.182140 np0000163294 neutron-periodic-workers[104128]: DEBUG cotyledon.oslo_config_glue [-] ovn.ovn_nb_ca_cert = /opt/stack/data/CA/int-ca/ca-chain.pem {{(pid=104128) log_opt_values /opt/stack/data/venv/lib/python3.12/site-packages/oslo_config/cfg.py:3006}}
Apr 03 01:29:29.182179 np0000163294 neutron-periodic-workers[104128]: DEBUG cotyledon.oslo_config_glue [-] ovn.ovn_nb_certificate = /opt/stack/data/CA/int-ca/devstack-cert.crt {{(pid=104128) log_opt_values /opt/stack/data/venv/lib/python3.12/site-packages/oslo_config/cfg.py:3006}}
Apr 03 01:29:29.182295 np0000163294 neutron-periodic-workers[104128]: DEBUG cotyledon.oslo_config_glue [-] ovn.ovn_nb_connection = ['ssl:162.253.55.207:6641'] {{(pid=104128) log_opt_values /opt/stack/data/venv/lib/python3.12/site-packages/oslo_config/cfg.py:3006}}
Apr 03 01:29:29.182378 np0000163294 neutron-periodic-workers[104128]: DEBUG cotyledon.oslo_config_glue [-] ovn.ovn_nb_private_key = /opt/stack/data/CA/int-ca/private/devstack-cert.key {{(pid=104128) log_opt_values /opt/stack/data/venv/lib/python3.12/site-packages/oslo_config/cfg.py:3006}}
Apr 03 01:29:29.182425 np0000163294 neutron-periodic-workers[104128]: DEBUG cotyledon.oslo_config_glue [-] ovn.ovn_router_indirect_snat = False {{(pid=104128) log_opt_values /opt/stack/data/venv/lib/python3.12/site-packages/oslo_config/cfg.py:3006}}
Apr 03 01:29:29.182511 np0000163294 neutron-periodic-workers[104128]: DEBUG cotyledon.oslo_config_glue [-] ovn.ovn_sb_ca_cert = /opt/stack/data/CA/int-ca/ca-chain.pem {{(pid=104128) log_opt_values /opt/stack/data/venv/lib/python3.12/site-packages/oslo_config/cfg.py:3006}}
Apr 03 01:29:29.182589 np0000163294 neutron-periodic-workers[104128]: DEBUG cotyledon.oslo_config_glue [-] ovn.ovn_sb_certificate = /opt/stack/data/CA/int-ca/devstack-cert.crt {{(pid=104128) log_opt_values /opt/stack/data/venv/lib/python3.12/site-packages/oslo_config/cfg.py:3006}}
Apr 03 01:29:29.182655 np0000163294 neutron-periodic-workers[104128]: DEBUG cotyledon.oslo_config_glue [-] ovn.ovn_sb_connection = ['ssl:162.253.55.207:6642'] {{(pid=104128) log_opt_values /opt/stack/data/venv/lib/python3.12/site-packages/oslo_config/cfg.py:3006}}
Apr 03 01:29:29.182728 np0000163294 neutron-periodic-workers[104128]: DEBUG cotyledon.oslo_config_glue [-] ovn.ovn_sb_private_key = /opt/stack/data/CA/int-ca/private/devstack-cert.key {{(pid=104128) log_opt_values /opt/stack/data/venv/lib/python3.12/site-packages/oslo_config/cfg.py:3006}}
Apr 03 01:29:29.182796 np0000163294 neutron-periodic-workers[104128]: DEBUG cotyledon.oslo_config_glue [-] ovn.ovs_create_tap = False {{(pid=104128) log_opt_values /opt/stack/data/venv/lib/python3.12/site-packages/oslo_config/cfg.py:3006}}
Apr 03 01:29:29.182862 np0000163294 neutron-periodic-workers[104128]: DEBUG cotyledon.oslo_config_glue [-] ovn.ovsdb_connection_timeout = 180 {{(pid=104128) log_opt_values /opt/stack/data/venv/lib/python3.12/site-packages/oslo_config/cfg.py:3006}}
Apr 03 01:29:29.182922 np0000163294 neutron-periodic-workers[104128]: DEBUG cotyledon.oslo_config_glue [-] ovn.ovsdb_log_level = INFO {{(pid=104128) log_opt_values /opt/stack/data/venv/lib/python3.12/site-packages/oslo_config/cfg.py:3006}}
Apr 03 01:29:29.182982 np0000163294 neutron-periodic-workers[104128]: DEBUG cotyledon.oslo_config_glue [-] ovn.ovsdb_probe_interval = 60000 {{(pid=104128) log_opt_values /opt/stack/data/venv/lib/python3.12/site-packages/oslo_config/cfg.py:3006}}
Apr 03 01:29:29.183050 np0000163294 neutron-periodic-workers[104128]: DEBUG cotyledon.oslo_config_glue [-] ovn.ovsdb_retry_max_interval = 180 {{(pid=104128) log_opt_values /opt/stack/data/venv/lib/python3.12/site-packages/oslo_config/cfg.py:3006}}
Apr 03 01:29:29.183129 np0000163294 neutron-periodic-workers[104128]: DEBUG cotyledon.oslo_config_glue [-] ovn.stateless_nat_enabled = False {{(pid=104128) log_opt_values /opt/stack/data/venv/lib/python3.12/site-packages/oslo_config/cfg.py:3006}}
Apr 03 01:29:29.183200 np0000163294 neutron-periodic-workers[104128]: DEBUG cotyledon.oslo_config_glue [-] ovn.vhost_sock_dir = /var/run/openvswitch {{(pid=104128) log_opt_values /opt/stack/data/venv/lib/python3.12/site-packages/oslo_config/cfg.py:3006}}
Apr 03 01:29:29.183313 np0000163294 neutron-periodic-workers[104128]: DEBUG cotyledon.oslo_config_glue [-] OVS.bridge_mac_table_size = 50000 {{(pid=104128) log_opt_values /opt/stack/data/venv/lib/python3.12/site-packages/oslo_config/cfg.py:3006}}
Apr 03 01:29:29.183393 np0000163294 neutron-periodic-workers[104128]: DEBUG cotyledon.oslo_config_glue [-] OVS.igmp_flood = False {{(pid=104128) log_opt_values /opt/stack/data/venv/lib/python3.12/site-packages/oslo_config/cfg.py:3006}}
Apr 03 01:29:29.183521 np0000163294 neutron-periodic-workers[104128]: DEBUG cotyledon.oslo_config_glue [-] OVS.igmp_flood_reports = True {{(pid=104128) log_opt_values /opt/stack/data/venv/lib/python3.12/site-packages/oslo_config/cfg.py:3006}}
Apr 03 01:29:29.183629 np0000163294 neutron-periodic-workers[104128]: DEBUG cotyledon.oslo_config_glue [-] OVS.igmp_flood_unregistered = False {{(pid=104128) log_opt_values /opt/stack/data/venv/lib/python3.12/site-packages/oslo_config/cfg.py:3006}}
Apr 03 01:29:29.183676 np0000163294 neutron-periodic-workers[104128]: DEBUG cotyledon.oslo_config_glue [-] OVS.igmp_snooping_enable = False {{(pid=104128) log_opt_values /opt/stack/data/venv/lib/python3.12/site-packages/oslo_config/cfg.py:3006}}
Apr 03 01:29:29.183741 np0000163294 neutron-periodic-workers[104128]: DEBUG cotyledon.oslo_config_glue [-] OVS.ovsdb_timeout = 10 {{(pid=104128) log_opt_values /opt/stack/data/venv/lib/python3.12/site-packages/oslo_config/cfg.py:3006}}
Apr 03 01:29:29.183847 np0000163294 neutron-periodic-workers[104128]: DEBUG cotyledon.oslo_config_glue [-] ovn_nb_global.fdb_removal_limit = 0 {{(pid=104128) log_opt_values /opt/stack/data/venv/lib/python3.12/site-packages/oslo_config/cfg.py:3006}}
Apr 03 01:29:29.183921 np0000163294 neutron-periodic-workers[104128]: DEBUG cotyledon.oslo_config_glue [-] ovn_nb_global.ignore_lsp_down = False {{(pid=104128) log_opt_values /opt/stack/data/venv/lib/python3.12/site-packages/oslo_config/cfg.py:3006}}
Apr 03 01:29:29.184046 np0000163294 neutron-periodic-workers[104128]: DEBUG cotyledon.oslo_config_glue [-] ovn_nb_global.mac_binding_removal_limit = 0 {{(pid=104128) log_opt_values /opt/stack/data/venv/lib/python3.12/site-packages/oslo_config/cfg.py:3006}}
Apr 03 01:29:29.184107 np0000163294 neutron-periodic-workers[104128]: DEBUG cotyledon.oslo_config_glue [-] ******************************************************************************** {{(pid=104128) log_opt_values /opt/stack/data/venv/lib/python3.12/site-packages/oslo_config/cfg.py:3013}}
Apr 03 01:29:29.184377 np0000163294 neutron-periodic-workers[104128]: DEBUG cotyledon._service_worker [-] Run service ServiceWrapper(0) [104128] {{(pid=104128) wait_forever /opt/stack/data/venv/lib/python3.12/site-packages/cotyledon/_service_worker.py:218}}
Apr 03 01:29:38.793932 np0000163294 neutron-periodic-workers[103387]: DEBUG dbcounter [-] [103387] Writing DB stats neutron:SELECT=4 {{(pid=103387) stat_writer /opt/stack/data/venv/lib/python3.12/site-packages/dbcounter.py:115}}
Apr 03 01:30:07.158335 np0000163294 neutron-periodic-workers[104110]: DEBUG oslo_db.sqlalchemy.engines [None req-ccf82aa2-e6b2-4d35-bc0c-cdceace46861 None None] Parent process 103387 forked (104110) with an open database connection, which is being discarded and recreated. {{(pid=104110) checkout /opt/stack/data/venv/lib/python3.12/site-packages/oslo_db/sqlalchemy/engines.py:402}}
Apr 03 01:30:07.170831 np0000163294 neutron-periodic-workers[104110]: DEBUG dbcounter [-] [104110] Writer thread running {{(pid=104110) stat_writer /opt/stack/data/venv/lib/python3.12/site-packages/dbcounter.py:102}}
Apr 03 01:30:07.174090 np0000163294 neutron-periodic-workers[104110]: DEBUG neutron.db.agents_db [None req-ccf82aa2-e6b2-4d35-bc0c-cdceace46861 None None] Agent healthcheck: found 0 active agents {{(pid=104110) agent_health_check /opt/stack/neutron/neutron/db/agents_db.py:317}}
Apr 03 01:30:07.174243 np0000163294 neutron-periodic-workers[104110]: DEBUG oslo.service.backend._threading.loopingcall [None req-ccf82aa2-e6b2-4d35-bc0c-cdceace46861 None None] Fixed interval looping call 'neutron.plugins.ml2.plugin.AgentDbMixin.agent_health_check' sleeping for 36.98 seconds {{(pid=104110) _run_loop /opt/stack/data/venv/lib/python3.12/site-packages/oslo_service/backend/_threading/loopingcall.py:125}}
Apr 03 01:30:18.155021 np0000163294 neutron-periodic-workers[104101]: DEBUG dbcounter [-] [104101] Writer thread running {{(pid=104101) stat_writer /opt/stack/data/venv/lib/python3.12/site-packages/dbcounter.py:102}}
Apr 03 01:30:18.165375 np0000163294 neutron-periodic-workers[104101]: DEBUG oslo.service.backend._threading.loopingcall [None req-392c4747-f24a-45bc-8bda-ee7252cf8248 None None] Fixed interval looping call 'neutron.plugins.ml2.plugin.DhcpAgentSchedulerDbMixin.remove_networks_from_down_agents' sleeping for 36.97 seconds {{(pid=104101) _run_loop /opt/stack/data/venv/lib/python3.12/site-packages/oslo_service/backend/_threading/loopingcall.py:125}}
Apr 03 01:30:27.171420 np0000163294 neutron-periodic-workers[104110]: DEBUG dbcounter [-] [104110] Writing DB stats neutron:SELECT=1 {{(pid=104110) stat_writer /opt/stack/data/venv/lib/python3.12/site-packages/dbcounter.py:115}}
Apr 03 01:30:28.164271 np0000163294 neutron-periodic-workers[104101]: DEBUG dbcounter [-] [104101] Writing DB stats neutron:SELECT=3 {{(pid=104101) stat_writer /opt/stack/data/venv/lib/python3.12/site-packages/dbcounter.py:115}}
Apr 03 01:30:44.160681 np0000163294 neutron-periodic-workers[104110]: DEBUG neutron.db.agents_db [None req-ccf82aa2-e6b2-4d35-bc0c-cdceace46861 None None] Agent healthcheck: found 0 active agents {{(pid=104110) agent_health_check /opt/stack/neutron/neutron/db/agents_db.py:317}}
Apr 03 01:30:44.160681 np0000163294 neutron-periodic-workers[104110]: DEBUG oslo.service.backend._threading.loopingcall [None req-ccf82aa2-e6b2-4d35-bc0c-cdceace46861 None None] Fixed interval looping call 'neutron.plugins.ml2.plugin.AgentDbMixin.agent_health_check' sleeping for 36.99 seconds {{(pid=104110) _run_loop /opt/stack/data/venv/lib/python3.12/site-packages/oslo_service/backend/_threading/loopingcall.py:125}}
Apr 03 01:30:54.158829 np0000163294 neutron-periodic-workers[104110]: DEBUG dbcounter [-] [104110] Writing DB stats neutron:SELECT=1 {{(pid=104110) stat_writer /opt/stack/data/venv/lib/python3.12/site-packages/dbcounter.py:115}}
Apr 03 01:30:55.145130 np0000163294 neutron-periodic-workers[104101]: DEBUG oslo.service.backend._threading.loopingcall [None req-392c4747-f24a-45bc-8bda-ee7252cf8248 None None] Fixed interval looping call 'neutron.plugins.ml2.plugin.DhcpAgentSchedulerDbMixin.remove_networks_from_down_agents' sleeping for 36.99 seconds {{(pid=104101) _run_loop /opt/stack/data/venv/lib/python3.12/site-packages/oslo_service/backend/_threading/loopingcall.py:125}}
Apr 03 01:31:05.142643 np0000163294 neutron-periodic-workers[104101]: DEBUG dbcounter [-] [104101] Writing DB stats neutron:SELECT=3 {{(pid=104101) stat_writer /opt/stack/data/venv/lib/python3.12/site-packages/dbcounter.py:115}}
Apr 03 01:31:21.156903 np0000163294 neutron-periodic-workers[104110]: DEBUG neutron.db.agents_db [None req-ccf82aa2-e6b2-4d35-bc0c-cdceace46861 None None] Agent healthcheck: found 0 active agents {{(pid=104110) agent_health_check /opt/stack/neutron/neutron/db/agents_db.py:317}}
Apr 03 01:31:21.157694 np0000163294 neutron-periodic-workers[104110]: DEBUG oslo.service.backend._threading.loopingcall [None req-ccf82aa2-e6b2-4d35-bc0c-cdceace46861 None None] Fixed interval looping call 'neutron.plugins.ml2.plugin.AgentDbMixin.agent_health_check' sleeping for 36.99 seconds {{(pid=104110) _run_loop /opt/stack/data/venv/lib/python3.12/site-packages/oslo_service/backend/_threading/loopingcall.py:125}}
Apr 03 01:31:29.203651 np0000163294 neutron-periodic-workers[104128]: DEBUG dbcounter [-] [104128] Writer thread running {{(pid=104128) stat_writer /opt/stack/data/venv/lib/python3.12/site-packages/dbcounter.py:102}}
Apr 03 01:31:29.205278 np0000163294 neutron-periodic-workers[104128]: DEBUG oslo.service.backend._threading.loopingcall [None req-3cf369c7-9b17-4f3a-9149-2ee23131a92c None None] Fixed interval looping call 'neutron.db.quota.driver_nolock.DbQuotaNoLockDriver._remove_expired_reservations' sleeping for 119.98 seconds {{(pid=104128) _run_loop /opt/stack/data/venv/lib/python3.12/site-packages/oslo_service/backend/_threading/loopingcall.py:125}}
Apr 03 01:31:31.155853 np0000163294 neutron-periodic-workers[104110]: DEBUG dbcounter [-] [104110] Writing DB stats neutron:SELECT=1 {{(pid=104110) stat_writer /opt/stack/data/venv/lib/python3.12/site-packages/dbcounter.py:115}}
Apr 03 01:31:32.145632 np0000163294 neutron-periodic-workers[104101]: DEBUG oslo.service.backend._threading.loopingcall [None req-392c4747-f24a-45bc-8bda-ee7252cf8248 None None] Fixed interval looping call 'neutron.plugins.ml2.plugin.DhcpAgentSchedulerDbMixin.remove_networks_from_down_agents' sleeping for 36.99 seconds {{(pid=104101) _run_loop /opt/stack/data/venv/lib/python3.12/site-packages/oslo_service/backend/_threading/loopingcall.py:125}}
Apr 03 01:31:39.204512 np0000163294 neutron-periodic-workers[104128]: DEBUG dbcounter [-] [104128] Writing DB stats neutron:DELETE=1 {{(pid=104128) stat_writer /opt/stack/data/venv/lib/python3.12/site-packages/dbcounter.py:115}}
Apr 03 01:31:42.144380 np0000163294 neutron-periodic-workers[104101]: DEBUG dbcounter [-] [104101] Writing DB stats neutron:SELECT=3 {{(pid=104101) stat_writer /opt/stack/data/venv/lib/python3.12/site-packages/dbcounter.py:115}}
Apr 03 01:31:58.151075 np0000163294 neutron-periodic-workers[104110]: DEBUG neutron.db.agents_db [None req-ccf82aa2-e6b2-4d35-bc0c-cdceace46861 None None] Agent healthcheck: found 0 active agents {{(pid=104110) agent_health_check /opt/stack/neutron/neutron/db/agents_db.py:317}}
Apr 03 01:31:58.151706 np0000163294 neutron-periodic-workers[104110]: DEBUG oslo.service.backend._threading.loopingcall [None req-ccf82aa2-e6b2-4d35-bc0c-cdceace46861 None None] Fixed interval looping call 'neutron.plugins.ml2.plugin.AgentDbMixin.agent_health_check' sleeping for 37.00 seconds {{(pid=104110) _run_loop /opt/stack/data/venv/lib/python3.12/site-packages/oslo_service/backend/_threading/loopingcall.py:125}}
Apr 03 01:32:08.150264 np0000163294 neutron-periodic-workers[104110]: DEBUG dbcounter [-] [104110] Writing DB stats neutron:SELECT=1 {{(pid=104110) stat_writer /opt/stack/data/venv/lib/python3.12/site-packages/dbcounter.py:115}}
Apr 03 01:32:09.145677 np0000163294 neutron-periodic-workers[104101]: DEBUG oslo.service.backend._threading.loopingcall [None req-392c4747-f24a-45bc-8bda-ee7252cf8248 None None] Fixed interval looping call 'neutron.plugins.ml2.plugin.DhcpAgentSchedulerDbMixin.remove_networks_from_down_agents' sleeping for 36.99 seconds {{(pid=104101) _run_loop /opt/stack/data/venv/lib/python3.12/site-packages/oslo_service/backend/_threading/loopingcall.py:125}}
Apr 03 01:32:19.144070 np0000163294 neutron-periodic-workers[104101]: DEBUG dbcounter [-] [104101] Writing DB stats neutron:SELECT=3 {{(pid=104101) stat_writer /opt/stack/data/venv/lib/python3.12/site-packages/dbcounter.py:115}}
Apr 03 01:32:35.156561 np0000163294 neutron-periodic-workers[104110]: DEBUG neutron.db.agents_db [None req-ccf82aa2-e6b2-4d35-bc0c-cdceace46861 None None] Agent healthcheck: found 0 active agents {{(pid=104110) agent_health_check /opt/stack/neutron/neutron/db/agents_db.py:317}}
Apr 03 01:32:35.157063 np0000163294 neutron-periodic-workers[104110]: DEBUG oslo.service.backend._threading.loopingcall [None req-ccf82aa2-e6b2-4d35-bc0c-cdceace46861 None None] Fixed interval looping call 'neutron.plugins.ml2.plugin.AgentDbMixin.agent_health_check' sleeping for 36.99 seconds {{(pid=104110) _run_loop /opt/stack/data/venv/lib/python3.12/site-packages/oslo_service/backend/_threading/loopingcall.py:125}}
Apr 03 01:32:45.155065 np0000163294 neutron-periodic-workers[104110]: DEBUG dbcounter [-] [104110] Writing DB stats neutron:SELECT=1 {{(pid=104110) stat_writer /opt/stack/data/venv/lib/python3.12/site-packages/dbcounter.py:115}}
Apr 03 01:32:46.146443 np0000163294 neutron-periodic-workers[104101]: DEBUG oslo.service.backend._threading.loopingcall [None req-392c4747-f24a-45bc-8bda-ee7252cf8248 None None] Fixed interval looping call 'neutron.plugins.ml2.plugin.DhcpAgentSchedulerDbMixin.remove_networks_from_down_agents' sleeping for 36.99 seconds {{(pid=104101) _run_loop /opt/stack/data/venv/lib/python3.12/site-packages/oslo_service/backend/_threading/loopingcall.py:125}}
Apr 03 01:32:56.145331 np0000163294 neutron-periodic-workers[104101]: DEBUG dbcounter [-] [104101] Writing DB stats neutron:SELECT=3 {{(pid=104101) stat_writer /opt/stack/data/venv/lib/python3.12/site-packages/dbcounter.py:115}}
Apr 03 01:33:12.152873 np0000163294 neutron-periodic-workers[104110]: DEBUG neutron.db.agents_db [None req-ccf82aa2-e6b2-4d35-bc0c-cdceace46861 None None] Agent healthcheck: found 0 active agents {{(pid=104110) agent_health_check /opt/stack/neutron/neutron/db/agents_db.py:317}}
Apr 03 01:33:12.153365 np0000163294 neutron-periodic-workers[104110]: DEBUG oslo.service.backend._threading.loopingcall [None req-ccf82aa2-e6b2-4d35-bc0c-cdceace46861 None None] Fixed interval looping call 'neutron.plugins.ml2.plugin.AgentDbMixin.agent_health_check' sleeping for 36.99 seconds {{(pid=104110) _run_loop /opt/stack/data/venv/lib/python3.12/site-packages/oslo_service/backend/_threading/loopingcall.py:125}}
Apr 03 01:33:22.150750 np0000163294 neutron-periodic-workers[104110]: DEBUG dbcounter [-] [104110] Writing DB stats neutron:SELECT=1 {{(pid=104110) stat_writer /opt/stack/data/venv/lib/python3.12/site-packages/dbcounter.py:115}}
Apr 03 01:33:23.144369 np0000163294 neutron-periodic-workers[104101]: DEBUG oslo.service.backend._threading.loopingcall [None req-392c4747-f24a-45bc-8bda-ee7252cf8248 None None] Fixed interval looping call 'neutron.plugins.ml2.plugin.DhcpAgentSchedulerDbMixin.remove_networks_from_down_agents' sleeping for 36.99 seconds {{(pid=104101) _run_loop /opt/stack/data/venv/lib/python3.12/site-packages/oslo_service/backend/_threading/loopingcall.py:125}}
Apr 03 01:33:29.191593 np0000163294 neutron-periodic-workers[104128]: DEBUG oslo.service.backend._threading.loopingcall [None req-3cf369c7-9b17-4f3a-9149-2ee23131a92c None None] Fixed interval looping call 'neutron.db.quota.driver_nolock.DbQuotaNoLockDriver._remove_expired_reservations' sleeping for 119.99 seconds {{(pid=104128) _run_loop /opt/stack/data/venv/lib/python3.12/site-packages/oslo_service/backend/_threading/loopingcall.py:125}}
Apr 03 01:33:33.143411 np0000163294 neutron-periodic-workers[104101]: DEBUG dbcounter [-] [104101] Writing DB stats neutron:SELECT=3 {{(pid=104101) stat_writer /opt/stack/data/venv/lib/python3.12/site-packages/dbcounter.py:115}}
Apr 03 01:33:37.164168 np0000163294 neutron-periodic-workers[104091]: DEBUG dbcounter [-] [104091] Writer thread running {{(pid=104091) stat_writer /opt/stack/data/venv/lib/python3.12/site-packages/dbcounter.py:102}}
Apr 03 01:33:37.173374 np0000163294 neutron-periodic-workers[104091]: DEBUG oslo.service.backend._threading.loopingcall [None req-23f4e058-271b-4dff-9242-79778e68a561 None None] Fixed interval looping call 'neutron.services.ovn_l3.plugin.L3_NAT_dbonly_mixin._clean_garbage' sleeping for 299.95 seconds {{(pid=104091) _run_loop /opt/stack/data/venv/lib/python3.12/site-packages/oslo_service/backend/_threading/loopingcall.py:125}}
Apr 03 01:33:39.190895 np0000163294 neutron-periodic-workers[104128]: DEBUG dbcounter [-] [104128] Writing DB stats neutron:DELETE=1 {{(pid=104128) stat_writer /opt/stack/data/venv/lib/python3.12/site-packages/dbcounter.py:115}}
Apr 03 01:33:47.164809 np0000163294 neutron-periodic-workers[104091]: DEBUG dbcounter [-] [104091] Writing DB stats neutron:SELECT=1 {{(pid=104091) stat_writer /opt/stack/data/venv/lib/python3.12/site-packages/dbcounter.py:115}}
Apr 03 01:33:49.149199 np0000163294 neutron-periodic-workers[104110]: DEBUG neutron.db.agents_db [None req-ccf82aa2-e6b2-4d35-bc0c-cdceace46861 None None] Agent healthcheck: found 0 active agents {{(pid=104110) agent_health_check /opt/stack/neutron/neutron/db/agents_db.py:317}}
Apr 03 01:33:49.149199 np0000163294 neutron-periodic-workers[104110]: DEBUG oslo.service.backend._threading.loopingcall [None req-ccf82aa2-e6b2-4d35-bc0c-cdceace46861 None None] Fixed interval looping call 'neutron.plugins.ml2.plugin.AgentDbMixin.agent_health_check' sleeping for 36.99 seconds {{(pid=104110) _run_loop /opt/stack/data/venv/lib/python3.12/site-packages/oslo_service/backend/_threading/loopingcall.py:125}}
Apr 03 01:33:59.147959 np0000163294 neutron-periodic-workers[104110]: DEBUG dbcounter [-] [104110] Writing DB stats neutron:SELECT=1 {{(pid=104110) stat_writer /opt/stack/data/venv/lib/python3.12/site-packages/dbcounter.py:115}}
Apr 03 01:34:00.142733 np0000163294 neutron-periodic-workers[104101]: DEBUG oslo.service.backend._threading.loopingcall [None req-392c4747-f24a-45bc-8bda-ee7252cf8248 None None] Fixed interval looping call 'neutron.plugins.ml2.plugin.DhcpAgentSchedulerDbMixin.remove_networks_from_down_agents' sleeping for 36.99 seconds {{(pid=104101) _run_loop /opt/stack/data/venv/lib/python3.12/site-packages/oslo_service/backend/_threading/loopingcall.py:125}}
Apr 03 01:34:10.141957 np0000163294 neutron-periodic-workers[104101]: DEBUG dbcounter [-] [104101] Writing DB stats neutron:SELECT=3 {{(pid=104101) stat_writer /opt/stack/data/venv/lib/python3.12/site-packages/dbcounter.py:115}}
Apr 03 01:34:26.144653 np0000163294 neutron-periodic-workers[104110]: DEBUG neutron.db.agents_db [None req-ccf82aa2-e6b2-4d35-bc0c-cdceace46861 None None] Agent healthcheck: found 0 active agents {{(pid=104110) agent_health_check /opt/stack/neutron/neutron/db/agents_db.py:317}}
Apr 03 01:34:26.145346 np0000163294 neutron-periodic-workers[104110]: DEBUG oslo.service.backend._threading.loopingcall [None req-ccf82aa2-e6b2-4d35-bc0c-cdceace46861 None None] Fixed interval looping call 'neutron.plugins.ml2.plugin.AgentDbMixin.agent_health_check' sleeping for 36.99 seconds {{(pid=104110) _run_loop /opt/stack/data/venv/lib/python3.12/site-packages/oslo_service/backend/_threading/loopingcall.py:125}}
Apr 03 01:34:36.142896 np0000163294 neutron-periodic-workers[104110]: DEBUG dbcounter [-] [104110] Writing DB stats neutron:SELECT=1 {{(pid=104110) stat_writer /opt/stack/data/venv/lib/python3.12/site-packages/dbcounter.py:115}}
Apr 03 01:34:37.144745 np0000163294 neutron-periodic-workers[104101]: DEBUG oslo.service.backend._threading.loopingcall [None req-392c4747-f24a-45bc-8bda-ee7252cf8248 None None] Fixed interval looping call 'neutron.plugins.ml2.plugin.DhcpAgentSchedulerDbMixin.remove_networks_from_down_agents' sleeping for 36.99 seconds {{(pid=104101) _run_loop /opt/stack/data/venv/lib/python3.12/site-packages/oslo_service/backend/_threading/loopingcall.py:125}}
Apr 03 01:34:47.143563 np0000163294 neutron-periodic-workers[104101]: DEBUG dbcounter [-] [104101] Writing DB stats neutron:SELECT=3 {{(pid=104101) stat_writer /opt/stack/data/venv/lib/python3.12/site-packages/dbcounter.py:115}}
Apr 03 01:35:03.138398 np0000163294 neutron-periodic-workers[104110]: DEBUG neutron.db.agents_db [None req-ccf82aa2-e6b2-4d35-bc0c-cdceace46861 None None] Agent healthcheck: found 0 active agents {{(pid=104110) agent_health_check /opt/stack/neutron/neutron/db/agents_db.py:317}}
Apr 03 01:35:03.138398 np0000163294 neutron-periodic-workers[104110]: DEBUG oslo.service.backend._threading.loopingcall [None req-ccf82aa2-e6b2-4d35-bc0c-cdceace46861 None None] Fixed interval looping call 'neutron.plugins.ml2.plugin.AgentDbMixin.agent_health_check' sleeping for 37.00 seconds {{(pid=104110) _run_loop /opt/stack/data/venv/lib/python3.12/site-packages/oslo_service/backend/_threading/loopingcall.py:125}}
Apr 03 01:35:13.137437 np0000163294 neutron-periodic-workers[104110]: DEBUG dbcounter [-] [104110] Writing DB stats neutron:SELECT=1 {{(pid=104110) stat_writer /opt/stack/data/venv/lib/python3.12/site-packages/dbcounter.py:115}}
Apr 03 01:35:14.143950 np0000163294 neutron-periodic-workers[104101]: DEBUG oslo.service.backend._threading.loopingcall [None req-392c4747-f24a-45bc-8bda-ee7252cf8248 None None] Fixed interval looping call 'neutron.plugins.ml2.plugin.DhcpAgentSchedulerDbMixin.remove_networks_from_down_agents' sleeping for 36.99 seconds {{(pid=104101) _run_loop /opt/stack/data/venv/lib/python3.12/site-packages/oslo_service/backend/_threading/loopingcall.py:125}}
Apr 03 01:35:24.142635 np0000163294 neutron-periodic-workers[104101]: DEBUG dbcounter [-] [104101] Writing DB stats neutron:SELECT=3 {{(pid=104101) stat_writer /opt/stack/data/venv/lib/python3.12/site-packages/dbcounter.py:115}}
Apr 03 01:35:29.186346 np0000163294 neutron-periodic-workers[104128]: DEBUG oslo.service.backend._threading.loopingcall [None req-3cf369c7-9b17-4f3a-9149-2ee23131a92c None None] Fixed interval looping call 'neutron.db.quota.driver_nolock.DbQuotaNoLockDriver._remove_expired_reservations' sleeping for 120.00 seconds {{(pid=104128) _run_loop /opt/stack/data/venv/lib/python3.12/site-packages/oslo_service/backend/_threading/loopingcall.py:125}}
Apr 03 01:35:39.184807 np0000163294 neutron-periodic-workers[104128]: DEBUG dbcounter [-] [104128] Writing DB stats neutron:DELETE=1 {{(pid=104128) stat_writer /opt/stack/data/venv/lib/python3.12/site-packages/dbcounter.py:115}}
Apr 03 01:35:40.142928 np0000163294 neutron-periodic-workers[104110]: DEBUG neutron.db.agents_db [None req-ccf82aa2-e6b2-4d35-bc0c-cdceace46861 None None] Agent healthcheck: found 0 active agents {{(pid=104110) agent_health_check /opt/stack/neutron/neutron/db/agents_db.py:317}}
Apr 03 01:35:40.143482 np0000163294 neutron-periodic-workers[104110]: DEBUG oslo.service.backend._threading.loopingcall [None req-ccf82aa2-e6b2-4d35-bc0c-cdceace46861 None None] Fixed interval looping call 'neutron.plugins.ml2.plugin.AgentDbMixin.agent_health_check' sleeping for 37.00 seconds {{(pid=104110) _run_loop /opt/stack/data/venv/lib/python3.12/site-packages/oslo_service/backend/_threading/loopingcall.py:125}}
Apr 03 01:35:50.142166 np0000163294 neutron-periodic-workers[104110]: DEBUG dbcounter [-] [104110] Writing DB stats neutron:SELECT=1 {{(pid=104110) stat_writer /opt/stack/data/venv/lib/python3.12/site-packages/dbcounter.py:115}}
Apr 03 01:35:51.145234 np0000163294 neutron-periodic-workers[104101]: DEBUG oslo.service.backend._threading.loopingcall [None req-392c4747-f24a-45bc-8bda-ee7252cf8248 None None] Fixed interval looping call 'neutron.plugins.ml2.plugin.DhcpAgentSchedulerDbMixin.remove_networks_from_down_agents' sleeping for 36.99 seconds {{(pid=104101) _run_loop /opt/stack/data/venv/lib/python3.12/site-packages/oslo_service/backend/_threading/loopingcall.py:125}}
Apr 03 01:36:01.144019 np0000163294 neutron-periodic-workers[104101]: DEBUG dbcounter [-] [104101] Writing DB stats neutron:SELECT=3 {{(pid=104101) stat_writer /opt/stack/data/venv/lib/python3.12/site-packages/dbcounter.py:115}}
Apr 03 01:36:17.146198 np0000163294 neutron-periodic-workers[104110]: DEBUG neutron.db.agents_db [None req-ccf82aa2-e6b2-4d35-bc0c-cdceace46861 None None] Agent healthcheck: found 0 active agents {{(pid=104110) agent_health_check /opt/stack/neutron/neutron/db/agents_db.py:317}}
Apr 03 01:36:17.146883 np0000163294 neutron-periodic-workers[104110]: DEBUG oslo.service.backend._threading.loopingcall [None req-ccf82aa2-e6b2-4d35-bc0c-cdceace46861 None None] Fixed interval looping call 'neutron.plugins.ml2.plugin.AgentDbMixin.agent_health_check' sleeping for 37.00 seconds {{(pid=104110) _run_loop /opt/stack/data/venv/lib/python3.12/site-packages/oslo_service/backend/_threading/loopingcall.py:125}}
Apr 03 01:36:27.145875 np0000163294 neutron-periodic-workers[104110]: DEBUG dbcounter [-] [104110] Writing DB stats neutron:SELECT=1 {{(pid=104110) stat_writer /opt/stack/data/venv/lib/python3.12/site-packages/dbcounter.py:115}}
Apr 03 01:36:28.146459 np0000163294 neutron-periodic-workers[104101]: DEBUG oslo.service.backend._threading.loopingcall [None req-392c4747-f24a-45bc-8bda-ee7252cf8248 None None] Fixed interval looping call 'neutron.plugins.ml2.plugin.DhcpAgentSchedulerDbMixin.remove_networks_from_down_agents' sleeping for 36.99 seconds {{(pid=104101) _run_loop /opt/stack/data/venv/lib/python3.12/site-packages/oslo_service/backend/_threading/loopingcall.py:125}}
Apr 03 01:36:38.144764 np0000163294 neutron-periodic-workers[104101]: DEBUG dbcounter [-] [104101] Writing DB stats neutron:SELECT=3 {{(pid=104101) stat_writer /opt/stack/data/venv/lib/python3.12/site-packages/dbcounter.py:115}}
Apr 03 01:36:54.152634 np0000163294 neutron-periodic-workers[104110]: DEBUG neutron.db.agents_db [None req-ccf82aa2-e6b2-4d35-bc0c-cdceace46861 None None] Agent healthcheck: found 0 active agents {{(pid=104110) agent_health_check /opt/stack/neutron/neutron/db/agents_db.py:317}}
Apr 03 01:36:54.153492 np0000163294 neutron-periodic-workers[104110]: DEBUG oslo.service.backend._threading.loopingcall [None req-ccf82aa2-e6b2-4d35-bc0c-cdceace46861 None None] Fixed interval looping call 'neutron.plugins.ml2.plugin.AgentDbMixin.agent_health_check' sleeping for 36.99 seconds {{(pid=104110) _run_loop /opt/stack/data/venv/lib/python3.12/site-packages/oslo_service/backend/_threading/loopingcall.py:125}}
Apr 03 01:37:04.150989 np0000163294 neutron-periodic-workers[104110]: DEBUG dbcounter [-] [104110] Writing DB stats neutron:SELECT=1 {{(pid=104110) stat_writer /opt/stack/data/venv/lib/python3.12/site-packages/dbcounter.py:115}}
Apr 03 01:37:05.147909 np0000163294 neutron-periodic-workers[104101]: DEBUG oslo.service.backend._threading.loopingcall [None req-392c4747-f24a-45bc-8bda-ee7252cf8248 None None] Fixed interval looping call 'neutron.plugins.ml2.plugin.DhcpAgentSchedulerDbMixin.remove_networks_from_down_agents' sleeping for 36.99 seconds {{(pid=104101) _run_loop /opt/stack/data/venv/lib/python3.12/site-packages/oslo_service/backend/_threading/loopingcall.py:125}}
Apr 03 01:37:15.146325 np0000163294 neutron-periodic-workers[104101]: DEBUG dbcounter [-] [104101] Writing DB stats neutron:SELECT=3 {{(pid=104101) stat_writer /opt/stack/data/venv/lib/python3.12/site-packages/dbcounter.py:115}}
Apr 03 01:37:29.191655 np0000163294 neutron-periodic-workers[104128]: DEBUG oslo.service.backend._threading.loopingcall [None req-3cf369c7-9b17-4f3a-9149-2ee23131a92c None None] Fixed interval looping call 'neutron.db.quota.driver_nolock.DbQuotaNoLockDriver._remove_expired_reservations' sleeping for 120.00 seconds {{(pid=104128) _run_loop /opt/stack/data/venv/lib/python3.12/site-packages/oslo_service/backend/_threading/loopingcall.py:125}}
Apr 03 01:37:31.148017 np0000163294 neutron-periodic-workers[104110]: DEBUG neutron.db.agents_db [None req-ccf82aa2-e6b2-4d35-bc0c-cdceace46861 None None] Agent healthcheck: found 0 active agents {{(pid=104110) agent_health_check /opt/stack/neutron/neutron/db/agents_db.py:317}}
Apr 03 01:37:31.148870 np0000163294 neutron-periodic-workers[104110]: DEBUG oslo.service.backend._threading.loopingcall [None req-ccf82aa2-e6b2-4d35-bc0c-cdceace46861 None None] Fixed interval looping call 'neutron.plugins.ml2.plugin.AgentDbMixin.agent_health_check' sleeping for 36.99 seconds {{(pid=104110) _run_loop /opt/stack/data/venv/lib/python3.12/site-packages/oslo_service/backend/_threading/loopingcall.py:125}}
Apr 03 01:37:39.190367 np0000163294 neutron-periodic-workers[104128]: DEBUG dbcounter [-] [104128] Writing DB stats neutron:DELETE=1 {{(pid=104128) stat_writer /opt/stack/data/venv/lib/python3.12/site-packages/dbcounter.py:115}}
Apr 03 01:37:41.146544 np0000163294 neutron-periodic-workers[104110]: DEBUG dbcounter [-] [104110] Writing DB stats neutron:SELECT=1 {{(pid=104110) stat_writer /opt/stack/data/venv/lib/python3.12/site-packages/dbcounter.py:115}}
Apr 03 01:37:42.148929 np0000163294 neutron-periodic-workers[104101]: DEBUG oslo.service.backend._threading.loopingcall [None req-392c4747-f24a-45bc-8bda-ee7252cf8248 None None] Fixed interval looping call 'neutron.plugins.ml2.plugin.DhcpAgentSchedulerDbMixin.remove_networks_from_down_agents' sleeping for 36.99 seconds {{(pid=104101) _run_loop /opt/stack/data/venv/lib/python3.12/site-packages/oslo_service/backend/_threading/loopingcall.py:125}}
Apr 03 01:37:52.147166 np0000163294 neutron-periodic-workers[104101]: DEBUG dbcounter [-] [104101] Writing DB stats neutron:SELECT=3 {{(pid=104101) stat_writer /opt/stack/data/venv/lib/python3.12/site-packages/dbcounter.py:115}}
Apr 03 01:38:08.143667 np0000163294 neutron-periodic-workers[104110]: DEBUG neutron.db.agents_db [None req-ccf82aa2-e6b2-4d35-bc0c-cdceace46861 None None] Agent healthcheck: found 0 active agents {{(pid=104110) agent_health_check /opt/stack/neutron/neutron/db/agents_db.py:317}}
Apr 03 01:38:08.144443 np0000163294 neutron-periodic-workers[104110]: DEBUG oslo.service.backend._threading.loopingcall [None req-ccf82aa2-e6b2-4d35-bc0c-cdceace46861 None None] Fixed interval looping call 'neutron.plugins.ml2.plugin.AgentDbMixin.agent_health_check' sleeping for 36.99 seconds {{(pid=104110) _run_loop /opt/stack/data/venv/lib/python3.12/site-packages/oslo_service/backend/_threading/loopingcall.py:125}}
Apr 03 01:38:18.142366 np0000163294 neutron-periodic-workers[104110]: DEBUG dbcounter [-] [104110] Writing DB stats neutron:SELECT=1 {{(pid=104110) stat_writer /opt/stack/data/venv/lib/python3.12/site-packages/dbcounter.py:115}}
Apr 03 01:38:19.147100 np0000163294 neutron-periodic-workers[104101]: DEBUG oslo.service.backend._threading.loopingcall [None req-392c4747-f24a-45bc-8bda-ee7252cf8248 None None] Fixed interval looping call 'neutron.plugins.ml2.plugin.DhcpAgentSchedulerDbMixin.remove_networks_from_down_agents' sleeping for 36.99 seconds {{(pid=104101) _run_loop /opt/stack/data/venv/lib/python3.12/site-packages/oslo_service/backend/_threading/loopingcall.py:125}}
Apr 03 01:38:29.146113 np0000163294 neutron-periodic-workers[104101]: DEBUG dbcounter [-] [104101] Writing DB stats neutron:SELECT=3 {{(pid=104101) stat_writer /opt/stack/data/venv/lib/python3.12/site-packages/dbcounter.py:115}}
Apr 03 01:38:37.135402 np0000163294 neutron-periodic-workers[104091]: DEBUG oslo.service.backend._threading.loopingcall [None req-23f4e058-271b-4dff-9242-79778e68a561 None None] Fixed interval looping call 'neutron.services.ovn_l3.plugin.L3_NAT_dbonly_mixin._clean_garbage' sleeping for 299.99 seconds {{(pid=104091) _run_loop /opt/stack/data/venv/lib/python3.12/site-packages/oslo_service/backend/_threading/loopingcall.py:125}}
Apr 03 01:38:45.138139 np0000163294 neutron-periodic-workers[104110]: DEBUG neutron.db.agents_db [None req-ccf82aa2-e6b2-4d35-bc0c-cdceace46861 None None] Agent healthcheck: found 0 active agents {{(pid=104110) agent_health_check /opt/stack/neutron/neutron/db/agents_db.py:317}}
Apr 03 01:38:45.138921 np0000163294 neutron-periodic-workers[104110]: DEBUG oslo.service.backend._threading.loopingcall [None req-ccf82aa2-e6b2-4d35-bc0c-cdceace46861 None None] Fixed interval looping call 'neutron.plugins.ml2.plugin.AgentDbMixin.agent_health_check' sleeping for 37.00 seconds {{(pid=104110) _run_loop /opt/stack/data/venv/lib/python3.12/site-packages/oslo_service/backend/_threading/loopingcall.py:125}}
Apr 03 01:38:47.126726 np0000163294 neutron-periodic-workers[104091]: DEBUG dbcounter [-] [104091] Writing DB stats neutron:SELECT=1 {{(pid=104091) stat_writer /opt/stack/data/venv/lib/python3.12/site-packages/dbcounter.py:115}}
Apr 03 01:38:55.136855 np0000163294 neutron-periodic-workers[104110]: DEBUG dbcounter [-] [104110] Writing DB stats neutron:SELECT=1 {{(pid=104110) stat_writer /opt/stack/data/venv/lib/python3.12/site-packages/dbcounter.py:115}}
Apr 03 01:38:56.148477 np0000163294 neutron-periodic-workers[104101]: DEBUG oslo.service.backend._threading.loopingcall [None req-392c4747-f24a-45bc-8bda-ee7252cf8248 None None] Fixed interval looping call 'neutron.plugins.ml2.plugin.DhcpAgentSchedulerDbMixin.remove_networks_from_down_agents' sleeping for 36.99 seconds {{(pid=104101) _run_loop /opt/stack/data/venv/lib/python3.12/site-packages/oslo_service/backend/_threading/loopingcall.py:125}}
Apr 03 01:39:06.146510 np0000163294 neutron-periodic-workers[104101]: DEBUG dbcounter [-] [104101] Writing DB stats neutron:SELECT=3 {{(pid=104101) stat_writer /opt/stack/data/venv/lib/python3.12/site-packages/dbcounter.py:115}}
Apr 03 01:39:22.143575 np0000163294 neutron-periodic-workers[104110]: DEBUG neutron.db.agents_db [None req-ccf82aa2-e6b2-4d35-bc0c-cdceace46861 None None] Agent healthcheck: found 0 active agents {{(pid=104110) agent_health_check /opt/stack/neutron/neutron/db/agents_db.py:317}}
Apr 03 01:39:22.144139 np0000163294 neutron-periodic-workers[104110]: DEBUG oslo.service.backend._threading.loopingcall [None req-ccf82aa2-e6b2-4d35-bc0c-cdceace46861 None None] Fixed interval looping call 'neutron.plugins.ml2.plugin.AgentDbMixin.agent_health_check' sleeping for 37.00 seconds {{(pid=104110) _run_loop /opt/stack/data/venv/lib/python3.12/site-packages/oslo_service/backend/_threading/loopingcall.py:125}}
