+ COMMAND=start + start + for KEYSTONE_WSGI_SCRIPT in keystone-wsgi-public ++ type -p keystone-wsgi-public + cp -a /var/lib/openstack/bin/keystone-wsgi-public /var/www/cgi-bin/keystone/ + '[' -f /etc/apache2/envvars ']' + source /etc/apache2/envvars ++ unset HOME ++ '[' '' '!=' '' ']' ++ SUFFIX= ++ export APACHE_RUN_USER=www-data ++ APACHE_RUN_USER=www-data ++ export APACHE_RUN_GROUP=www-data ++ APACHE_RUN_GROUP=www-data ++ export APACHE_PID_FILE=/var/run/apache2/apache2.pid ++ APACHE_PID_FILE=/var/run/apache2/apache2.pid ++ export APACHE_RUN_DIR=/var/run/apache2 ++ APACHE_RUN_DIR=/var/run/apache2 ++ export APACHE_LOCK_DIR=/var/lock/apache2 ++ APACHE_LOCK_DIR=/var/lock/apache2 ++ export APACHE_LOG_DIR=/var/log/apache2 ++ APACHE_LOG_DIR=/var/log/apache2 ++ export LANG=C ++ LANG=C ++ export LANG + '[' -f /var/run/apache2/apache2.pid ']' + exec apache2 -DFOREGROUND AH00558: apache2: Could not reliably determine the server's fully qualified domain name, using 10.0.0.220. Set the 'ServerName' directive globally to suppress this message AH00558: apache2: Could not reliably determine the server's fully qualified domain name, using 10.0.0.220. Set the 'ServerName' directive globally to suppress this message
[Thu Aug 27 20:23:11.143556 2026] [mpm_event:notice] [pid 1:tid 140476644493184] AH00489: Apache/2.4.58 (Ubuntu) mod_wsgi/5.0.0 Python/3.12 configured -- resuming normal operations
[Thu Aug 27 20:23:11.143764 2026] [core:notice] [pid 1:tid 140476644493184] AH00094: Command line: 'apache2 -D FOREGROUND'
[Thu Aug 27 20:24:08.050065 2026] [wsgi:error] [pid 10:tid 140476006672064] /var/lib/openstack/lib/python3.12/site-packages/oslo_utils/importutils.py:77: EventletDeprecationWarning:
[Thu Aug 27 20:24:08.050215 2026] [wsgi:error] [pid 10:tid 140476006672064] Eventlet is deprecated. It is currently being maintained in bugfix mode, and
[Thu Aug 27 20:24:08.050229 2026] [wsgi:error] [pid 10:tid 140476006672064] we strongly recommend against using it for new projects.
[Thu Aug 27 20:24:08.050239 2026] [wsgi:error] [pid 10:tid 140476006672064]
[Thu Aug 27 20:24:08.050253 2026] [wsgi:error] [pid 10:tid 140476006672064] If you are already using Eventlet, we recommend migrating to a different
[Thu Aug 27 20:24:08.050263 2026] [wsgi:error] [pid 10:tid 140476006672064] framework. For more detail see
[Thu Aug 27 20:24:08.050273 2026] [wsgi:error] [pid 10:tid 140476006672064] https://eventlet.readthedocs.io/en/latest/asyncio/migration.html
[Thu Aug 27 20:24:08.050286 2026] [wsgi:error] [pid 10:tid 140476006672064]
[Thu Aug 27 20:24:08.050297 2026] [wsgi:error] [pid 10:tid 140476006672064] __import__(import_str)
[Thu Aug 27 20:24:08.080843 2026] [wsgi:error] [pid 11:tid 140476006672064] /var/lib/openstack/lib/python3.12/site-packages/oslo_utils/importutils.py:77: EventletDeprecationWarning:
[Thu Aug 27 20:24:08.080900 2026] [wsgi:error] [pid 11:tid 140476006672064] Eventlet is deprecated. It is currently being maintained in bugfix mode, and
[Thu Aug 27 20:24:08.080903 2026] [wsgi:error] [pid 11:tid 140476006672064] we strongly recommend against using it for new projects.
[Thu Aug 27 20:24:08.080905 2026] [wsgi:error] [pid 11:tid 140476006672064]
[Thu Aug 27 20:24:08.080907 2026] [wsgi:error] [pid 11:tid 140476006672064] If you are already using Eventlet, we recommend migrating to a different
[Thu Aug 27 20:24:08.080910 2026] [wsgi:error] [pid 11:tid 140476006672064] framework. For more detail see
[Thu Aug 27 20:24:08.080912 2026] [wsgi:error] [pid 11:tid 140476006672064] https://eventlet.readthedocs.io/en/latest/asyncio/migration.html
[Thu Aug 27 20:24:08.080914 2026] [wsgi:error] [pid 11:tid 140476006672064]
[Thu Aug 27 20:24:08.080916 2026] [wsgi:error] [pid 11:tid 140476006672064] __import__(import_str) 10.0.0.92 - - [27/Aug/2026:20:24:07 +0000] "GET /v3/ HTTP/1.1" 200 250 10.0.0.92 - - [27/Aug/2026:20:24:07 +0000] "GET /v3/ HTTP/1.1" 200 250
[Thu Aug 27 20:24:13.450661 2026] [wsgi:error] [pid 12:tid 140476006672064] /var/lib/openstack/lib/python3.12/site-packages/oslo_utils/importutils.py:77: EventletDeprecationWarning:
[Thu Aug 27 20:24:13.450720 2026] [wsgi:error] [pid 12:tid 140476006672064] Eventlet is deprecated. It is currently being maintained in bugfix mode, and
[Thu Aug 27 20:24:13.450722 2026] [wsgi:error] [pid 12:tid 140476006672064] we strongly recommend against using it for new projects.
[Thu Aug 27 20:24:13.450723 2026] [wsgi:error] [pid 12:tid 140476006672064]
[Thu Aug 27 20:24:13.450725 2026] [wsgi:error] [pid 12:tid 140476006672064] If you are already using Eventlet, we recommend migrating to a different
[Thu Aug 27 20:24:13.450726 2026] [wsgi:error] [pid 12:tid 140476006672064] framework. For more detail see
[Thu Aug 27 20:24:13.450728 2026] [wsgi:error] [pid 12:tid 140476006672064] https://eventlet.readthedocs.io/en/latest/asyncio/migration.html
[Thu Aug 27 20:24:13.450729 2026] [wsgi:error] [pid 12:tid 140476006672064]
[Thu Aug 27 20:24:13.450730 2026] [wsgi:error] [pid 12:tid 140476006672064] __import__(import_str) 10.0.0.92 - - [27/Aug/2026:20:24:12 +0000] "GET /v3/ HTTP/1.1" 200 250
[Thu Aug 27 20:24:21.330978 2026] [wsgi:error] [pid 9:tid 140476006672064] /var/lib/openstack/lib/python3.12/site-packages/oslo_utils/importutils.py:77: EventletDeprecationWarning:
[Thu Aug 27 20:24:21.331124 2026] [wsgi:error] [pid 9:tid 140476006672064] Eventlet is deprecated. It is currently being maintained in bugfix mode, and
[Thu Aug 27 20:24:21.331138 2026] [wsgi:error] [pid 9:tid 140476006672064] we strongly recommend against using it for new projects.
[Thu Aug 27 20:24:21.331151 2026] [wsgi:error] [pid 9:tid 140476006672064]
[Thu Aug 27 20:24:21.331160 2026] [wsgi:error] [pid 9:tid 140476006672064] If you are already using Eventlet, we recommend migrating to a different
[Thu Aug 27 20:24:21.331170 2026] [wsgi:error] [pid 9:tid 140476006672064] framework. For more detail see
[Thu Aug 27 20:24:21.331180 2026] [wsgi:error] [pid 9:tid 140476006672064] https://eventlet.readthedocs.io/en/latest/asyncio/migration.html
[Thu Aug 27 20:24:21.331190 2026] [wsgi:error] [pid 9:tid 140476006672064]
[Thu Aug 27 20:24:21.331200 2026] [wsgi:error] [pid 9:tid 140476006672064] __import__(import_str) 10.0.0.162 - - [27/Aug/2026:20:24:20 +0000] "GET / HTTP/1.1" 300 295
[Thu Aug 27 20:24:26.626734 2026] [wsgi:error] [pid 10:tid 140476006672064] [remote 10.0.0.162:56330] 2026-08-27 20:24:26.623 10 WARNING keystone.identity.core [None req-e8be7f8a-6e5b-4aec-836b-9f503afd0b72 - - - - - -] Invalid domain name (atmosphere) found in config file name: keystone.exception.DomainNotFound: Could not find domain: atmosphere.
[Thu Aug 27 20:24:26.673146 2026] [wsgi:error] [pid 10:tid 140476006672064] [remote 10.0.0.162:56330] 2026-08-27 20:24:26.672 10 WARNING keystone.common.password_hashing [None req-e8be7f8a-6e5b-4aec-836b-9f503afd0b72 - - - - - -] Truncating password to algorithm specific maximum length 72 characters.
[Thu Aug 27 20:24:27.059499 2026] [wsgi:error] [pid 10:tid 140476006672064] [remote 10.0.0.162:56330] 2026-08-27 20:24:27.059 10 WARNING keystone.common.fernet_utils [None req-e8be7f8a-6e5b-4aec-836b-9f503afd0b72 - - - - - -] key_repository is world readable: /etc/keystone/fernet-keys/ 10.0.0.162 - - [27/Aug/2026:20:24:25 +0000] "POST /v3/auth/tokens HTTP/1.1" 201 1360
[Thu Aug 27 20:24:27.521400 2026] [wsgi:error] [pid 11:tid 140476006672064] [remote 10.0.0.162:56330] 2026-08-27 20:24:27.518 11 WARNING keystone.identity.core [None req-6d1bcca6-e476-4034-9421-1e81f5d86ea8 - - - - - -] Invalid domain name (atmosphere) found in config file name: keystone.exception.DomainNotFound: Could not find domain: atmosphere. 10.0.0.162 - - [27/Aug/2026:20:24:27 +0000] "POST /v3/domains HTTP/1.1" 201 261 10.0.0.46 - - [27/Aug/2026:20:24:39 +0000] "GET / HTTP/1.1" 300 295
[Thu Aug 27 20:24:40.058952 2026] [wsgi:error] [pid 9:tid 140476006672064] [remote 10.0.0.46:42558] 2026-08-27 20:24:40.058 9 WARNING keystone.common.password_hashing [None req-d3715cca-bf7b-4381-b853-8337f2bd8713 - - - - - -] Truncating password to algorithm specific maximum length 72 characters.
[Thu Aug 27 20:24:40.369593 2026] [wsgi:error] [pid 9:tid 140476006672064] [remote 10.0.0.46:42558] 2026-08-27 20:24:40.368 9 WARNING keystone.common.fernet_utils [None req-d3715cca-bf7b-4381-b853-8337f2bd8713 - - - - - -] key_repository is world readable: /etc/keystone/fernet-keys/ 10.0.0.46 - - [27/Aug/2026:20:24:39 +0000] "POST /v3/auth/tokens HTTP/1.1" 201 1360 10.0.0.46 - - [27/Aug/2026:20:24:40 +0000] "GET /v3/roles/admin HTTP/1.1" 404 83
[Thu Aug 27 20:24:40.681362 2026] [wsgi:error] [pid 11:tid 140476006672064] [remote 10.0.0.46:42558] 2026-08-27 20:24:40.680 11 WARNING keystone.common.rbac_enforcer.enforcer [None req-c33dce41-5c06-4bcc-bdca-542047563cc5 8317f09f64ac4b62815815b582d32c8c 4701f86fb61f469182cbd606bcc63d9c - - default default] Deprecated policy rules found. Use oslopolicy-policy-generator and oslopolicy-policy-upgrade to detect and resolve deprecated policies in your configuration. 10.0.0.46 - - [27/Aug/2026:20:24:40 +0000] "GET /v3/roles?name=admin HTTP/1.1" 200 389
[Thu Aug 27 20:24:41.304643 2026] [wsgi:error] [pid 12:tid 140476006672064] [remote 10.0.0.46:42558] 2026-08-27 20:24:41.304 12 WARNING keystone.common.rbac_enforcer.enforcer [None req-427a35a5-c1e6-48b9-adab-afc74ae72b4c 8317f09f64ac4b62815815b582d32c8c 4701f86fb61f469182cbd606bcc63d9c - - default default] Deprecated policy rules found. Use oslopolicy-policy-generator and oslopolicy-policy-upgrade to detect and resolve deprecated policies in your configuration. 10.0.0.46 - - [27/Aug/2026:20:24:40 +0000] "GET /v3/users/admin-RegionOne HTTP/1.1" 404 93
[Thu Aug 27 20:24:41.536925 2026] [wsgi:error] [pid 9:tid 140476006672064] [remote 10.0.0.46:42558] 2026-08-27 20:24:41.536 9 WARNING keystone.common.rbac_enforcer.enforcer [None req-a5cfd24c-b98b-4805-8814-2df387c2a8f6 8317f09f64ac4b62815815b582d32c8c 4701f86fb61f469182cbd606bcc63d9c - - default default] Deprecated policy rules found. Use oslopolicy-policy-generator and oslopolicy-policy-upgrade to detect and resolve deprecated policies in your configuration. 10.0.0.46 - - [27/Aug/2026:20:24:41 +0000] "GET /v3/users?name=admin-RegionOne HTTP/1.1" 200 422
[Thu Aug 27 20:24:41.810501 2026] [wsgi:error] [pid 10:tid 140476006672064] [remote 10.0.0.46:42558] 2026-08-27 20:24:41.810 10 WARNING keystone.common.rbac_enforcer.enforcer [None req-7a399428-1146-4752-bae4-3380e9a7d4f1 8317f09f64ac4b62815815b582d32c8c 4701f86fb61f469182cbd606bcc63d9c - - default default] Deprecated policy rules found. Use oslopolicy-policy-generator and oslopolicy-policy-upgrade to detect and resolve deprecated policies in your configuration. 10.0.0.46 - - [27/Aug/2026:20:24:41 +0000] "GET /v3/domains/default HTTP/1.1" 200 224 10.0.0.46 - - [27/Aug/2026:20:24:41 +0000] "PUT /v3/domains/default/users/8317f09f64ac4b62815815b582d32c8c/roles/10cf7229c49d4152b647df0628181773 HTTP/1.1" 204 - 10.0.0.92 - - [27/Aug/2026:20:24:52 +0000] "GET / HTTP/1.1" 300 281 10.0.0.92 - - [27/Aug/2026:20:24:53 +0000] "GET /v3 HTTP/1.1" 200 266
[Thu Aug 27 20:24:53.828012 2026] [wsgi:error] [pid 10:tid 140476006672064] [remote 10.0.0.92:49456] 2026-08-27 20:24:53.827 10 WARNING keystone.common.password_hashing [None req-acad817e-4b93-4358-8148-969d95f3ec75 - - - - - -] Truncating password to algorithm specific maximum length 72 characters.
[Thu Aug 27 20:24:54.112362 2026] [wsgi:error] [pid 10:tid 140476006672064] [remote 10.0.0.92:49456] 2026-08-27 20:24:54.112 10 WARNING keystone.common.fernet_utils [None req-acad817e-4b93-4358-8148-969d95f3ec75 - - - - - -] key_repository is world readable: /etc/keystone/fernet-keys/ 10.0.0.92 - - [27/Aug/2026:20:24:53 +0000] "POST /v3/auth/tokens HTTP/1.1" 201 1360 10.0.0.92 - - [27/Aug/2026:20:24:54 +0000] "GET / HTTP/1.1" 300 281 10.0.0.92 - - [27/Aug/2026:20:24:54 +0000] "GET /v3/domains/atmosphere HTTP/1.1" 404 90 10.0.0.92 - - [27/Aug/2026:20:24:54 +0000] "GET /v3/domains?name=atmosphere HTTP/1.1" 200 370 10.0.0.92 - - [27/Aug/2026:20:24:54 +0000] "GET /v3/domains/49afdca8ffbf43b6836ccc519a06f4c7 HTTP/1.1" 200 247 10.0.0.92 - - [27/Aug/2026:20:24:55 +0000] "GET /v3 HTTP/1.1" 200 266
[Thu Aug 27 20:24:55.514520 2026] [wsgi:error] [pid 12:tid 140476006672064] [remote 10.0.0.92:49440] 2026-08-27 20:24:55.513 12 WARNING keystone.common.password_hashing [None req-e2f7c3e4-5d3a-46f2-be48-a64d69fd38b3 - - - - - -] Truncating password to algorithm specific maximum length 72 characters.
[Thu Aug 27 20:24:55.849404 2026] [wsgi:error] [pid 12:tid 140476006672064] [remote 10.0.0.92:49440] 2026-08-27 20:24:55.849 12 WARNING keystone.common.fernet_utils [None req-e2f7c3e4-5d3a-46f2-be48-a64d69fd38b3 - - - - - -] key_repository is world readable: /etc/keystone/fernet-keys/ 10.0.0.92 - - [27/Aug/2026:20:24:55 +0000] "POST /v3/auth/tokens HTTP/1.1" 201 1360 10.0.0.92 - - [27/Aug/2026:20:24:55 +0000] "GET / HTTP/1.1" 300 281 10.0.0.92 - - [27/Aug/2026:20:24:55 +0000] "GET /v3/OS-FEDERATION/identity_providers/atmosphere HTTP/1.1" 404 101 10.0.0.92 - - [27/Aug/2026:20:24:55 +0000] "GET /v3/OS-FEDERATION/identity_providers HTTP/1.1" 200 156 10.0.0.92 - - [27/Aug/2026:20:24:55 +0000] "PUT /v3/OS-FEDERATION/identity_providers/atmosphere HTTP/1.1" 201 342 10.0.0.92 - - [27/Aug/2026:20:24:56 +0000] "GET /v3 HTTP/1.1" 200 266
[Thu Aug 27 20:24:56.796683 2026] [wsgi:error] [pid 10:tid 140476006672064] [remote 10.0.0.92:49440] 2026-08-27 20:24:56.796 10 WARNING keystone.common.password_hashing [None req-ee0932e4-bfda-4ab0-8d1f-dc18b3779103 - - - - - -] Truncating password to algorithm specific maximum length 72 characters.
[Thu Aug 27 20:24:57.090438 2026] [wsgi:error] [pid 10:tid 140476006672064] [remote 10.0.0.92:49440] 2026-08-27 20:24:57.090 10 WARNING keystone.common.fernet_utils [None req-ee0932e4-bfda-4ab0-8d1f-dc18b3779103 - - - - - -] key_repository is world readable: /etc/keystone/fernet-keys/ 10.0.0.92 - - [27/Aug/2026:20:24:56 +0000] "POST /v3/auth/tokens HTTP/1.1" 201 1360 10.0.0.92 - - [27/Aug/2026:20:24:57 +0000] "GET / HTTP/1.1" 300 281 10.0.0.92 - - [27/Aug/2026:20:24:57 +0000] "GET /v3/OS-FEDERATION/mappings/atmosphere-openid HTTP/1.1" 404 98 10.0.0.92 - - [27/Aug/2026:20:24:57 +0000] "GET /v3/OS-FEDERATION/mappings HTTP/1.1" 200 136 10.0.0.92 - - [27/Aug/2026:20:24:57 +0000] "PUT /v3/OS-FEDERATION/mappings/atmosphere-openid HTTP/1.1" 201 357 10.0.0.92 - - [27/Aug/2026:20:24:58 +0000] "GET /v3 HTTP/1.1" 200 266
[Thu Aug 27 20:24:58.078022 2026] [wsgi:error] [pid 12:tid 140476006672064] [remote 10.0.0.92:49440] 2026-08-27 20:24:58.077 12 WARNING keystone.common.password_hashing [None req-29bed189-353b-4bcb-bacb-13bd518bc680 - - - - - -] Truncating password to algorithm specific maximum length 72 characters.
[Thu Aug 27 20:24:58.434867 2026] [wsgi:error] [pid 12:tid 140476006672064] [remote 10.0.0.92:49440] 2026-08-27 20:24:58.434 12 WARNING keystone.common.fernet_utils [None req-29bed189-353b-4bcb-bacb-13bd518bc680 - - - - - -] key_repository is world readable: /etc/keystone/fernet-keys/ 10.0.0.92 - - [27/Aug/2026:20:24:58 +0000] "POST /v3/auth/tokens HTTP/1.1" 201 1360 10.0.0.92 - - [27/Aug/2026:20:24:58 +0000] "GET / HTTP/1.1" 300 281 10.0.0.92 - - [27/Aug/2026:20:24:58 +0000] "GET /v3/OS-FEDERATION/identity_providers/atmosphere/protocols/openid?idp_id=atmosphere HTTP/1.1" 404 131 10.0.0.92 - - [27/Aug/2026:20:24:58 +0000] "GET /v3/OS-FEDERATION/identity_providers/atmosphere/protocols HTTP/1.1" 200 168 10.0.0.92 - - [27/Aug/2026:20:24:58 +0000] "PUT /v3/OS-FEDERATION/identity_providers/atmosphere/protocols/openid HTTP/1.1" 201 224 10.0.0.92 - - [27/Aug/2026:20:25:07 +0000] "GET /v3/ HTTP/1.1" 200 250 10.0.0.92 - - [27/Aug/2026:20:25:07 +0000] "GET /v3/ HTTP/1.1" 200 250 10.0.0.92 - - [27/Aug/2026:20:26:07 +0000] "GET /v3/ HTTP/1.1" 200 250 10.0.0.92 - - [27/Aug/2026:20:26:07 +0000] "GET /v3/ HTTP/1.1" 200 250 10.0.0.105 - - [27/Aug/2026:20:26:33 +0000] "GET / HTTP/1.1" 300 295
[Thu Aug 27 20:26:33.715742 2026] [wsgi:error] [pid 10:tid 140476006672064] [remote 10.0.0.105:38060] 2026-08-27 20:26:33.715 10 WARNING keystone.common.password_hashing [None req-ecad7c37-a52f-41ba-8d75-6e6760022ede - - - - - -] Truncating password to algorithm specific maximum length 72 characters.
[Thu Aug 27 20:26:34.010057 2026] [wsgi:error] [pid 10:tid 140476006672064] [remote 10.0.0.105:38060] 2026-08-27 20:26:34.009 10 WARNING keystone.common.fernet_utils [None req-ecad7c37-a52f-41ba-8d75-6e6760022ede - - - - - -] key_repository is world readable: /etc/keystone/fernet-keys/ 10.0.0.105 - - [27/Aug/2026:20:26:33 +0000] "POST /v3/auth/tokens HTTP/1.1" 201 1360 10.0.0.105 - - [27/Aug/2026:20:26:34 +0000] "GET /v3/services HTTP/1.1" 200 355 10.0.0.105 - - [27/Aug/2026:20:26:37 +0000] "GET / HTTP/1.1" 300 295
[Thu Aug 27 20:26:37.872074 2026] [wsgi:error] [pid 9:tid 140476006672064] [remote 10.0.0.105:38064] 2026-08-27 20:26:37.871 9 WARNING keystone.common.password_hashing [None req-b534924a-e34c-4e26-80d7-c71c4637176d - - - - - -] Truncating password to algorithm specific maximum length 72 characters.
[Thu Aug 27 20:26:38.166372 2026] [wsgi:error] [pid 9:tid 140476006672064] [remote 10.0.0.105:38064] 2026-08-27 20:26:38.166 9 WARNING keystone.common.fernet_utils [None req-b534924a-e34c-4e26-80d7-c71c4637176d - - - - - -] key_repository is world readable: /etc/keystone/fernet-keys/ 10.0.0.105 - - [27/Aug/2026:20:26:37 +0000] "POST /v3/auth/tokens HTTP/1.1" 201 1360 10.0.0.105 - - [27/Aug/2026:20:26:38 +0000] "GET /v3/services HTTP/1.1" 200 355 10.0.0.105 - - [27/Aug/2026:20:26:41 +0000] "GET / HTTP/1.1" 300 295
[Thu Aug 27 20:26:41.968695 2026] [wsgi:error] [pid 12:tid 140476006672064] [remote 10.0.0.105:40054] 2026-08-27 20:26:41.968 12 WARNING keystone.common.password_hashing [None req-3b027d3d-c2d7-4730-907a-0cad60859b0e - - - - - -] Truncating password to algorithm specific maximum length 72 characters.
[Thu Aug 27 20:26:42.326569 2026] [wsgi:error] [pid 12:tid 140476006672064] [remote 10.0.0.105:40054] 2026-08-27 20:26:42.326 12 WARNING keystone.common.fernet_utils [None req-3b027d3d-c2d7-4730-907a-0cad60859b0e - - - - - -] key_repository is world readable: /etc/keystone/fernet-keys/ 10.0.0.105 - - [27/Aug/2026:20:26:41 +0000] "POST /v3/auth/tokens HTTP/1.1" 201 1360 10.0.0.105 - - [27/Aug/2026:20:26:42 +0000] "GET /v3/services HTTP/1.1" 200 355 10.0.0.105 - - [27/Aug/2026:20:26:46 +0000] "GET / HTTP/1.1" 300 295
[Thu Aug 27 20:26:46.176268 2026] [wsgi:error] [pid 11:tid 140476006672064] [remote 10.0.0.105:40058] 2026-08-27 20:26:46.175 11 WARNING keystone.common.password_hashing [None req-ca940a08-f856-496e-84cc-faf6ddc82800 - - - - - -] Truncating password to algorithm specific maximum length 72 characters.
[Thu Aug 27 20:26:46.477751 2026] [wsgi:error] [pid 11:tid 140476006672064] [remote 10.0.0.105:40058] 2026-08-27 20:26:46.477 11 WARNING keystone.common.fernet_utils [None req-ca940a08-f856-496e-84cc-faf6ddc82800 - - - - - -] key_repository is world readable: /etc/keystone/fernet-keys/ 10.0.0.105 - - [27/Aug/2026:20:26:46 +0000] "POST /v3/auth/tokens HTTP/1.1" 201 1360 10.0.0.105 - - [27/Aug/2026:20:26:46 +0000] "POST /v3/services HTTP/1.1" 201 296 10.0.0.67 - - [27/Aug/2026:20:26:59 +0000] "GET / HTTP/1.1" 300 295
[Thu Aug 27 20:26:59.268237 2026] [wsgi:error] [pid 10:tid 140476006672064] [remote 10.0.0.67:34056] 2026-08-27 20:26:59.267 10 WARNING keystone.common.password_hashing [None req-5e19736a-1c4a-4718-a0f1-7e99ab1054c7 - - - - - -] Truncating password to algorithm specific maximum length 72 characters. 10.0.0.67 - - [27/Aug/2026:20:26:59 +0000] "GET / HTTP/1.1" 300 295
[Thu Aug 27 20:26:59.313124 2026] [wsgi:error] [pid 12:tid 140476006672064] [remote 10.0.0.67:34070] 2026-08-27 20:26:59.312 12 WARNING keystone.common.password_hashing [None req-b42e35f2-381a-413d-ad4f-452ddd1741b1 - - - - - -] Truncating password to algorithm specific maximum length 72 characters. 10.0.0.67 - - [27/Aug/2026:20:26:59 +0000] "GET / HTTP/1.1" 300 295
[Thu Aug 27 20:26:59.429527 2026] [wsgi:error] [pid 11:tid 140476006672064] [remote 10.0.0.67:34084] 2026-08-27 20:26:59.429 11 WARNING keystone.common.password_hashing [None req-fb7c4f93-267b-48f7-993e-c7319ef559dc - - - - - -] Truncating password to algorithm specific maximum length 72 characters.
[Thu Aug 27 20:26:59.568470 2026] [wsgi:error] [pid 10:tid 140476006672064] [remote 10.0.0.67:34056] 2026-08-27 20:26:59.568 10 WARNING keystone.common.fernet_utils [None req-5e19736a-1c4a-4718-a0f1-7e99ab1054c7 - - - - - -] key_repository is world readable: /etc/keystone/fernet-keys/ 10.0.0.67 - - [27/Aug/2026:20:26:59 +0000] "POST /v3/auth/tokens HTTP/1.1" 201 1464
[Thu Aug 27 20:26:59.620895 2026] [wsgi:error] [pid 12:tid 140476006672064] [remote 10.0.0.67:34070] 2026-08-27 20:26:59.620 12 WARNING keystone.common.fernet_utils [None req-b42e35f2-381a-413d-ad4f-452ddd1741b1 - - - - - -] key_repository is world readable: /etc/keystone/fernet-keys/ 10.0.0.67 - - [27/Aug/2026:20:26:59 +0000] "POST /v3/auth/tokens HTTP/1.1" 201 1464 10.0.0.67 - - [27/Aug/2026:20:26:59 +0000] "GET /v3/services HTTP/1.1" 200 639
[Thu Aug 27 20:26:59.717639 2026] [wsgi:error] [pid 11:tid 140476006672064] [remote 10.0.0.67:34084] 2026-08-27 20:26:59.717 11 WARNING keystone.common.fernet_utils [None req-fb7c4f93-267b-48f7-993e-c7319ef559dc - - - - - -] key_repository is world readable: /etc/keystone/fernet-keys/ 10.0.0.67 - - [27/Aug/2026:20:26:59 +0000] "POST /v3/auth/tokens HTTP/1.1" 201 1464 10.0.0.67 - - [27/Aug/2026:20:26:59 +0000] "GET /v3/services HTTP/1.1" 200 639 10.0.0.67 - - [27/Aug/2026:20:26:59 +0000] "GET /v3/services HTTP/1.1" 200 639 10.0.0.67 - - [27/Aug/2026:20:27:01 +0000] "GET / HTTP/1.1" 300 295
[Thu Aug 27 20:27:01.332257 2026] [wsgi:error] [pid 11:tid 140476006672064] [remote 10.0.0.67:54000] 2026-08-27 20:27:01.332 11 WARNING keystone.common.password_hashing [None req-48a96728-1a0e-4001-9b9c-a2464fd5cf73 - - - - - -] Truncating password to algorithm specific maximum length 72 characters. 10.0.0.67 - - [27/Aug/2026:20:27:01 +0000] "GET / HTTP/1.1" 300 295
[Thu Aug 27 20:27:01.397455 2026] [wsgi:error] [pid 12:tid 140476006672064] [remote 10.0.0.67:54006] 2026-08-27 20:27:01.397 12 WARNING keystone.common.password_hashing [None req-edddd566-6781-4164-9e30-8c577f7a6fea - - - - - -] Truncating password to algorithm specific maximum length 72 characters. 10.0.0.67 - - [27/Aug/2026:20:27:01 +0000] "GET / HTTP/1.1" 300 295
[Thu Aug 27 20:27:01.502862 2026] [wsgi:error] [pid 10:tid 140476006672064] [remote 10.0.0.67:54010] 2026-08-27 20:27:01.502 10 WARNING keystone.common.password_hashing [None req-2b6eb270-024c-4ef5-8281-472d651449cf - - - - - -] Truncating password to algorithm specific maximum length 72 characters.
[Thu Aug 27 20:27:01.610241 2026] [wsgi:error] [pid 11:tid 140476006672064] [remote 10.0.0.67:54000] 2026-08-27 20:27:01.610 11 WARNING keystone.common.fernet_utils [None req-48a96728-1a0e-4001-9b9c-a2464fd5cf73 - - - - - -] key_repository is world readable: /etc/keystone/fernet-keys/ 10.0.0.67 - - [27/Aug/2026:20:27:01 +0000] "POST /v3/auth/tokens HTTP/1.1" 201 1464
[Thu Aug 27 20:27:01.730194 2026] [wsgi:error] [pid 12:tid 140476006672064] [remote 10.0.0.67:54006] 2026-08-27 20:27:01.729 12 WARNING keystone.common.fernet_utils [None req-edddd566-6781-4164-9e30-8c577f7a6fea - - - - - -] key_repository is world readable: /etc/keystone/fernet-keys/ 10.0.0.67 - - [27/Aug/2026:20:27:01 +0000] "POST /v3/auth/tokens HTTP/1.1" 201 1464 10.0.0.67 - - [27/Aug/2026:20:27:01 +0000] "GET /v3/endpoints HTTP/1.1" 200 1227 10.0.0.67 - - [27/Aug/2026:20:27:01 +0000] "GET /v3/services/5e7b5a3aa1e3412394742fac2871d77e HTTP/1.1" 200 233
[Thu Aug 27 20:27:01.798002 2026] [wsgi:error] [pid 10:tid 140476006672064] [remote 10.0.0.67:54010] 2026-08-27 20:27:01.797 10 WARNING keystone.common.fernet_utils [None req-2b6eb270-024c-4ef5-8281-472d651449cf - - - - - -] key_repository is world readable: /etc/keystone/fernet-keys/ 10.0.0.67 - - [27/Aug/2026:20:27:01 +0000] "POST /v3/auth/tokens HTTP/1.1" 201 1464 10.0.0.67 - - [27/Aug/2026:20:27:01 +0000] "GET /v3/services/5e7b5a3aa1e3412394742fac2871d77e HTTP/1.1" 200 233 10.0.0.67 - - [27/Aug/2026:20:27:01 +0000] "GET /v3/services/5e7b5a3aa1e3412394742fac2871d77e HTTP/1.1" 200 233 10.0.0.67 - - [27/Aug/2026:20:27:01 +0000] "GET /v3/endpoints HTTP/1.1" 200 1227 10.0.0.67 - - [27/Aug/2026:20:27:01 +0000] "GET /v3/services/5e7b5a3aa1e3412394742fac2871d77e HTTP/1.1" 200 233 10.0.0.67 - - [27/Aug/2026:20:27:01 +0000] "GET /v3/services/5e7b5a3aa1e3412394742fac2871d77e HTTP/1.1" 200 233 10.0.0.67 - - [27/Aug/2026:20:27:01 +0000] "GET /v3/services/5e7b5a3aa1e3412394742fac2871d77e HTTP/1.1" 200 233 10.0.0.67 - - [27/Aug/2026:20:27:01 +0000] "GET /v3/endpoints HTTP/1.1" 200 1227 10.0.0.67 - - [27/Aug/2026:20:27:01 +0000] "GET /v3/services/5e7b5a3aa1e3412394742fac2871d77e HTTP/1.1" 200 233 10.0.0.67 - - [27/Aug/2026:20:27:01 +0000] "GET /v3/services/5e7b5a3aa1e3412394742fac2871d77e HTTP/1.1" 200 233 10.0.0.67 - - [27/Aug/2026:20:27:02 +0000] "GET /v3/services/5e7b5a3aa1e3412394742fac2871d77e HTTP/1.1" 200 233 10.0.0.67 - - [27/Aug/2026:20:27:03 +0000] "GET / HTTP/1.1" 300 295
[Thu Aug 27 20:27:03.397803 2026] [wsgi:error] [pid 10:tid 140476006672064] [remote 10.0.0.67:54016] 2026-08-27 20:27:03.397 10 WARNING keystone.common.password_hashing [None req-f67512b0-fc78-411d-b645-7a0f3ec79434 - - - - - -] Truncating password to algorithm specific maximum length 72 characters. 10.0.0.67 - - [27/Aug/2026:20:27:03 +0000] "GET / HTTP/1.1" 300 295
[Thu Aug 27 20:27:03.589865 2026] [wsgi:error] [pid 11:tid 140476006672064] [remote 10.0.0.67:54024] 2026-08-27 20:27:03.589 11 WARNING keystone.common.password_hashing [None req-51bad618-6fd8-48df-9a41-8a53e79c5fba - - - - - -] Truncating password to algorithm specific maximum length 72 characters. 10.0.0.67 - - [27/Aug/2026:20:27:03 +0000] "GET / HTTP/1.1" 300 295
[Thu Aug 27 20:27:03.667873 2026] [wsgi:error] [pid 9:tid 140476006672064] [remote 10.0.0.67:54028] 2026-08-27 20:27:03.667 9 WARNING keystone.common.password_hashing [None req-69dacc25-8047-4fda-912e-5f933899a43d - - - - - -] Truncating password to algorithm specific maximum length 72 characters.
[Thu Aug 27 20:27:03.697513 2026] [wsgi:error] [pid 10:tid 140476006672064] [remote 10.0.0.67:54016] 2026-08-27 20:27:03.697 10 WARNING keystone.common.fernet_utils [None req-f67512b0-fc78-411d-b645-7a0f3ec79434 - - - - - -] key_repository is world readable: /etc/keystone/fernet-keys/ 10.0.0.67 - - [27/Aug/2026:20:27:03 +0000] "POST /v3/auth/tokens HTTP/1.1" 201 1464 10.0.0.67 - - [27/Aug/2026:20:27:03 +0000] "GET /v3/services/5c40c96583cb4a928cfb48e93cc9fef7 HTTP/1.1" 200 296 10.0.0.67 - - [27/Aug/2026:20:27:03 +0000] "GET /v3/regions/RegionOne HTTP/1.1" 200 173 10.0.0.67 - - [27/Aug/2026:20:27:03 +0000] "POST /v3/endpoints HTTP/1.1" 201 383
[Thu Aug 27 20:27:03.880491 2026] [wsgi:error] [pid 11:tid 140476006672064] [remote 10.0.0.67:54024] 2026-08-27 20:27:03.880 11 WARNING keystone.common.fernet_utils [None req-51bad618-6fd8-48df-9a41-8a53e79c5fba - - - - - -] key_repository is world readable: /etc/keystone/fernet-keys/ 10.0.0.67 - - [27/Aug/2026:20:27:03 +0000] "POST /v3/auth/tokens HTTP/1.1" 201 1644
[Thu Aug 27 20:27:03.991737 2026] [wsgi:error] [pid 9:tid 140476006672064] [remote 10.0.0.67:54028] 2026-08-27 20:27:03.991 9 WARNING keystone.common.fernet_utils [None req-69dacc25-8047-4fda-912e-5f933899a43d - - - - - -] key_repository is world readable: /etc/keystone/fernet-keys/ 10.0.0.67 - - [27/Aug/2026:20:27:03 +0000] "POST /v3/auth/tokens HTTP/1.1" 201 1644 10.0.0.67 - - [27/Aug/2026:20:27:04 +0000] "GET /v3/services/5c40c96583cb4a928cfb48e93cc9fef7 HTTP/1.1" 200 296 10.0.0.67 - - [27/Aug/2026:20:27:04 +0000] "GET /v3/regions/RegionOne HTTP/1.1" 200 173 10.0.0.67 - - [27/Aug/2026:20:27:04 +0000] "POST /v3/endpoints HTTP/1.1" 201 370 10.0.0.67 - - [27/Aug/2026:20:27:04 +0000] "GET /v3/services/5c40c96583cb4a928cfb48e93cc9fef7 HTTP/1.1" 200 296 10.0.0.67 - - [27/Aug/2026:20:27:04 +0000] "GET /v3/regions/RegionOne HTTP/1.1" 200 173 10.0.0.67 - - [27/Aug/2026:20:27:04 +0000] "POST /v3/endpoints HTTP/1.1" 201 380 10.0.0.67 - - [27/Aug/2026:20:27:05 +0000] "GET / HTTP/1.1" 300 295
[Thu Aug 27 20:27:05.486418 2026] [wsgi:error] [pid 9:tid 140476006672064] [remote 10.0.0.67:54044] 2026-08-27 20:27:05.486 9 WARNING keystone.common.password_hashing [None req-46a7a7b2-1b6d-41b4-99db-6f6af8b99700 - - - - - -] Truncating password to algorithm specific maximum length 72 characters. 10.0.0.67 - - [27/Aug/2026:20:27:05 +0000] "GET / HTTP/1.1" 300 295
[Thu Aug 27 20:27:05.756201 2026] [wsgi:error] [pid 12:tid 140476006672064] [remote 10.0.0.67:54060] 2026-08-27 20:27:05.755 12 WARNING keystone.common.password_hashing [None req-fa212b52-693c-42a2-8829-93776eeb2557 - - - - - -] Truncating password to algorithm specific maximum length 72 characters.
[Thu Aug 27 20:27:05.765547 2026] [wsgi:error] [pid 9:tid 140476006672064] [remote 10.0.0.67:54044] 2026-08-27 20:27:05.765 9 WARNING keystone.common.fernet_utils [None req-46a7a7b2-1b6d-41b4-99db-6f6af8b99700 - - - - - -] key_repository is world readable: /etc/keystone/fernet-keys/ 10.0.0.67 - - [27/Aug/2026:20:27:05 +0000] "POST /v3/auth/tokens HTTP/1.1" 201 1992 10.0.0.67 - - [27/Aug/2026:20:27:05 +0000] "GET /v3/endpoints/1a963a943ce34c9e9316d17fb8d1ae46 HTTP/1.1" 200 383 10.0.0.67 - - [27/Aug/2026:20:27:05 +0000] "GET /v3/services/5c40c96583cb4a928cfb48e93cc9fef7 HTTP/1.1" 200 296 10.0.0.67 - - [27/Aug/2026:20:27:05 +0000] "GET / HTTP/1.1" 300 295
[Thu Aug 27 20:27:05.981589 2026] [wsgi:error] [pid 11:tid 140476006672064] [remote 10.0.0.67:54074] 2026-08-27 20:27:05.981 11 WARNING keystone.common.password_hashing [None req-c9fe1f58-b143-4ae0-aae5-69d5fd7931b7 - - - - - -] Truncating password to algorithm specific maximum length 72 characters.
[Thu Aug 27 20:27:06.050084 2026] [wsgi:error] [pid 12:tid 140476006672064] [remote 10.0.0.67:54060] 2026-08-27 20:27:06.049 12 WARNING keystone.common.fernet_utils [None req-fa212b52-693c-42a2-8829-93776eeb2557 - - - - - -] key_repository is world readable: /etc/keystone/fernet-keys/ 10.0.0.67 - - [27/Aug/2026:20:27:05 +0000] "POST /v3/auth/tokens HTTP/1.1" 201 1992 10.0.0.67 - - [27/Aug/2026:20:27:06 +0000] "GET /v3/endpoints/aeb0b1d5d8924107bf5dd708cd8a7aa2 HTTP/1.1" 200 370 10.0.0.67 - - [27/Aug/2026:20:27:06 +0000] "GET /v3/services/5c40c96583cb4a928cfb48e93cc9fef7 HTTP/1.1" 200 296
[Thu Aug 27 20:27:06.340685 2026] [wsgi:error] [pid 11:tid 140476006672064] [remote 10.0.0.67:54074] 2026-08-27 20:27:06.340 11 WARNING keystone.common.fernet_utils [None req-c9fe1f58-b143-4ae0-aae5-69d5fd7931b7 - - - - - -] key_repository is world readable: /etc/keystone/fernet-keys/ 10.0.0.67 - - [27/Aug/2026:20:27:05 +0000] "POST /v3/auth/tokens HTTP/1.1" 201 1992 10.0.0.67 - - [27/Aug/2026:20:27:06 +0000] "GET /v3/endpoints/4fbae6fed85b4067ac8dee2e7faf7e4b HTTP/1.1" 200 380 10.0.0.67 - - [27/Aug/2026:20:27:06 +0000] "GET /v3/services/5c40c96583cb4a928cfb48e93cc9fef7 HTTP/1.1" 200 296 10.0.0.92 - - [27/Aug/2026:20:27:07 +0000] "GET /v3/ HTTP/1.1" 200 250 10.0.0.92 - - [27/Aug/2026:20:27:07 +0000] "GET /v3/ HTTP/1.1" 200 250 10.0.0.156 - - [27/Aug/2026:20:27:18 +0000] "GET / HTTP/1.1" 300 295
[Thu Aug 27 20:27:18.310973 2026] [wsgi:error] [pid 10:tid 140476006672064] [remote 10.0.0.156:37532] 2026-08-27 20:27:18.310 10 WARNING keystone.common.password_hashing [None req-22169590-e7da-463b-a6f3-c4799a2335a2 - - - - - -] Truncating password to algorithm specific maximum length 72 characters.
[Thu Aug 27 20:27:18.607416 2026] [wsgi:error] [pid 10:tid 140476006672064] [remote 10.0.0.156:37532] 2026-08-27 20:27:18.607 10 WARNING keystone.common.fernet_utils [None req-22169590-e7da-463b-a6f3-c4799a2335a2 - - - - - -] key_repository is world readable: /etc/keystone/fernet-keys/ 10.0.0.156 - - [27/Aug/2026:20:27:18 +0000] "POST /v3/auth/tokens HTTP/1.1" 201 1992 10.0.0.156 - - [27/Aug/2026:20:27:18 +0000] "POST /v3/domains HTTP/1.1" 201 284 10.0.0.156 - - [27/Aug/2026:20:27:20 +0000] "GET / HTTP/1.1" 300 295
[Thu Aug 27 20:27:20.802981 2026] [wsgi:error] [pid 12:tid 140476006672064] [remote 10.0.0.156:47910] 2026-08-27 20:27:20.802 12 WARNING keystone.common.password_hashing [None req-3df139c5-27fa-4fe1-b9bd-c9948c4029a7 - - - - - -] Truncating password to algorithm specific maximum length 72 characters.
[Thu Aug 27 20:27:21.130842 2026] [wsgi:error] [pid 12:tid 140476006672064] [remote 10.0.0.156:47910] 2026-08-27 20:27:21.130 12 WARNING keystone.common.fernet_utils [None req-3df139c5-27fa-4fe1-b9bd-c9948c4029a7 - - - - - -] key_repository is world readable: /etc/keystone/fernet-keys/ 10.0.0.156 - - [27/Aug/2026:20:27:20 +0000] "POST /v3/auth/tokens HTTP/1.1" 201 1992
[Thu Aug 27 20:27:21.366631 2026] [wsgi:error] [pid 10:tid 140476006672064] [remote 10.0.0.156:47910] 2026-08-27 20:27:21.345 10 ERROR keystone.server.flask.application [None req-0b1dd148-2c9a-4c9e-96c5-2ac111f2dce0 8317f09f64ac4b62815815b582d32c8c 4701f86fb61f469182cbd606bcc63d9c - - default default] Conflict occurred attempting to store project - it is not permitted to have two projects acting as domains with the same name: service.: keystone.exception.Conflict: Conflict occurred attempting to store project - it is not permitted to have two projects acting as domains with the same name: service.
[Thu Aug 27 20:27:21.366651 2026] [wsgi:error] [pid 10:tid 140476006672064] [remote 10.0.0.156:47910] 2026-08-27 20:27:21.345 10 ERROR keystone.server.flask.application
Traceback (most recent call last):
[Thu Aug 27 20:27:21.366654 2026] [wsgi:error] [pid 10:tid 140476006672064] [remote 10.0.0.156:47910] 2026-08-27 20:27:21.345 10 ERROR keystone.server.flask.application
File "/var/lib/openstack/lib/python3.12/site-packages/sqlalchemy/engine/base.py", line 1969, in _exec_single_context
[Thu Aug 27 20:27:21.366656 2026] [wsgi:error] [pid 10:tid 140476006672064] [remote 10.0.0.156:47910] 2026-08-27 20:27:21.345 10 ERROR keystone.server.flask.application self.dialect.do_execute(
[Thu Aug 27 20:27:21.366659 2026] [wsgi:error] [pid 10:tid 140476006672064] [remote 10.0.0.156:47910] 2026-08-27 20:27:21.345 10 ERROR keystone.server.flask.application
File "/var/lib/openstack/lib/python3.12/site-packages/sqlalchemy/engine/default.py", line 952, in do_execute
[Thu Aug 27 20:27:21.366661 2026] [wsgi:error] [pid 10:tid 140476006672064] [remote 10.0.0.156:47910] 2026-08-27 20:27:21.345 10 ERROR keystone.server.flask.application cursor.execute(statement, parameters)
[Thu Aug 27 20:27:21.366663 2026] [wsgi:error] [pid 10:tid 140476006672064] [remote 10.0.0.156:47910] 2026-08-27 20:27:21.345 10 ERROR keystone.server.flask.application
File "/var/lib/openstack/lib/python3.12/site-packages/pymysql/cursors.py", line 159, in execute
[Thu Aug 27 20:27:21.366665 2026] [wsgi:error] [pid 10:tid 140476006672064] [remote 10.0.0.156:47910] 2026-08-27 20:27:21.345 10 ERROR keystone.server.flask.application result = self._query(query)
[Thu Aug 27 20:27:21.366667 2026] [wsgi:error] [pid 10:tid 140476006672064] [remote 10.0.0.156:47910] 2026-08-27 20:27:21.345 10 ERROR keystone.server.flask.application ^^^^^^^^^^^^^^^^^^
[Thu Aug 27 20:27:21.366669 2026] [wsgi:error] [pid 10:tid 140476006672064] [remote 10.0.0.156:47910] 2026-08-27 20:27:21.345 10 ERROR keystone.server.flask.application
File "/var/lib/openstack/lib/python3.12/site-packages/pymysql/cursors.py", line 330, in _query
[Thu Aug 27 20:27:21.366671 2026] [wsgi:error] [pid 10:tid 140476006672064] [remote 10.0.0.156:47910] 2026-08-27 20:27:21.345 10 ERROR keystone.server.flask.application conn.query(q)
[Thu Aug 27 20:27:21.366673 2026] [wsgi:error] [pid 10:tid 140476006672064] [remote 10.0.0.156:47910] 2026-08-27 20:27:21.345 10 ERROR keystone.server.flask.application
File "/var/lib/openstack/lib/python3.12/site-packages/pymysql/connections.py", line 582, in query
[Thu Aug 27 20:27:21.366675 2026] [wsgi:error] [pid 10:tid 140476006672064] [remote 10.0.0.156:47910] 2026-08-27 20:27:21.345 10 ERROR keystone.server.flask.application self._affected_rows = self._read_query_result(unbuffered=unbuffered)
[Thu Aug 27 20:27:21.366677 2026] [wsgi:error] [pid 10:tid 140476006672064] [remote 10.0.0.156:47910] 2026-08-27 20:27:21.345 10 ERROR keystone.server.flask.application ^^^^^^^^^^^^^^^^^^^^^^^^^^^^^^^^^^^^^^^^^^^^^^
[Thu Aug 27 20:27:21.366679 2026] [wsgi:error] [pid 10:tid 140476006672064] [remote 10.0.0.156:47910] 2026-08-27 20:27:21.345 10 ERROR keystone.server.flask.application
File "/var/lib/openstack/lib/python3.12/site-packages/pymysql/connections.py", line 847, in _read_query_result
[Thu Aug 27 20:27:21.366681 2026] [wsgi:error] [pid 10:tid 140476006672064] [remote 10.0.0.156:47910] 2026-08-27 20:27:21.345 10 ERROR keystone.server.flask.application result.read()
[Thu Aug 27 20:27:21.366684 2026] [wsgi:error] [pid 10:tid 140476006672064] [remote 10.0.0.156:47910] 2026-08-27 20:27:21.345 10 ERROR keystone.server.flask.application
File "/var/lib/openstack/lib/python3.12/site-packages/pymysql/connections.py", line 1245, in read
[Thu Aug 27 20:27:21.366686 2026] [wsgi:error] [pid 10:tid 140476006672064] [remote 10.0.0.156:47910] 2026-08-27 20:27:21.345 10 ERROR keystone.server.flask.application first_packet = self.connection._read_packet()
[Thu Aug 27 20:27:21.366688 2026] [wsgi:error] [pid 10:tid 140476006672064] [remote 10.0.0.156:47910] 2026-08-27 20:27:21.345 10 ERROR keystone.server.flask.application ^^^^^^^^^^^^^^^^^^^^^^^^^^^^^^
[Thu Aug 27 20:27:21.366690 2026] [wsgi:error] [pid 10:tid 140476006672064] [remote 10.0.0.156:47910] 2026-08-27 20:27:21.345 10 ERROR keystone.server.flask.application
File "/var/lib/openstack/lib/python3.12/site-packages/pymysql/connections.py", line 803, in _read_packet
[Thu Aug 27 20:27:21.366692 2026] [wsgi:error] [pid 10:tid 140476006672064] [remote 10.0.0.156:47910] 2026-08-27 20:27:21.345 10 ERROR keystone.server.flask.application packet.raise_for_error()
[Thu Aug 27 20:27:21.366694 2026] [wsgi:error] [pid 10:tid 140476006672064] [remote 10.0.0.156:47910] 2026-08-27 20:27:21.345 10 ERROR keystone.server.flask.application
File "/var/lib/openstack/lib/python3.12/site-packages/pymysql/protocol.py", line 219, in raise_for_error
[Thu Aug 27 20:27:21.366696 2026] [wsgi:error] [pid 10:tid 140476006672064] [remote 10.0.0.156:47910] 2026-08-27 20:27:21.345 10 ERROR keystone.server.flask.application err.raise_mysql_exception(self._data)
[Thu Aug 27 20:27:21.366698 2026] [wsgi:error] [pid 10:tid 140476006672064] [remote 10.0.0.156:47910] 2026-08-27 20:27:21.345 10 ERROR keystone.server.flask.application
File "/var/lib/openstack/lib/python3.12/site-packages/pymysql/err.py", line 154, in raise_mysql_exception
[Thu Aug 27 20:27:21.366700 2026] [wsgi:error] [pid 10:tid 140476006672064] [remote 10.0.0.156:47910] 2026-08-27 20:27:21.345 10 ERROR keystone.server.flask.application raise errorclass(errno, errval, sqlstate=sqlstate)
[Thu Aug 27 20:27:21.366702 2026] [wsgi:error] [pid 10:tid 140476006672064] [remote 10.0.0.156:47910] 2026-08-27 20:27:21.345 10 ERROR keystone.server.flask.application pymysql.err.IntegrityError: (1062, "Duplicate entry '<>-service' for key 'project.ixu_project_name_domain_id'")
[Thu Aug 27 20:27:21.366705 2026] [wsgi:error] [pid 10:tid 140476006672064] [remote 10.0.0.156:47910] 2026-08-27 20:27:21.345 10 ERROR keystone.server.flask.application
[Thu Aug 27 20:27:21.366706 2026] [wsgi:error] [pid 10:tid 140476006672064] [remote 10.0.0.156:47910] 2026-08-27 20:27:21.345 10 ERROR keystone.server.flask.application The above exception was the direct cause of the following exception:
[Thu Aug 27 20:27:21.366708 2026] [wsgi:error] [pid 10:tid 140476006672064] [remote 10.0.0.156:47910] 2026-08-27 20:27:21.345 10 ERROR keystone.server.flask.application
[Thu Aug 27 20:27:21.366710 2026] [wsgi:error] [pid 10:tid 140476006672064] [remote 10.0.0.156:47910] 2026-08-27 20:27:21.345 10 ERROR keystone.server.flask.application
Traceback (most recent call last):
[Thu Aug 27 20:27:21.366712 2026] [wsgi:error] [pid 10:tid 140476006672064] [remote 10.0.0.156:47910] 2026-08-27 20:27:21.345 10 ERROR keystone.server.flask.application
File "/var/lib/openstack/lib/python3.12/site-packages/keystone/common/sql/core.py", line 575, in wrapper
[Thu Aug 27 20:27:21.366714 2026] [wsgi:error] [pid 10:tid 140476006672064] [remote 10.0.0.156:47910] 2026-08-27 20:27:21.345 10 ERROR keystone.server.flask.application return method(*args, **kwargs)
[Thu Aug 27 20:27:21.366716 2026] [wsgi:error] [pid 10:tid 140476006672064] [remote 10.0.0.156:47910] 2026-08-27 20:27:21.345 10 ERROR keystone.server.flask.application ^^^^^^^^^^^^^^^^^^^^^^^
[Thu Aug 27 20:27:21.366719 2026] [wsgi:error] [pid 10:tid 140476006672064] [remote 10.0.0.156:47910] 2026-08-27 20:27:21.345 10 ERROR keystone.server.flask.application
File "/var/lib/openstack/lib/python3.12/site-packages/keystone/resource/backends/sql.py", line 278, in create_project
[Thu Aug 27 20:27:21.366721 2026] [wsgi:error] [pid 10:tid 140476006672064] [remote 10.0.0.156:47910] 2026-08-27 20:27:21.345 10 ERROR keystone.server.flask.application with sql.session_for_write() as session:
[Thu Aug 27 20:27:21.366723 2026] [wsgi:error] [pid 10:tid 140476006672064] [remote 10.0.0.156:47910] 2026-08-27 20:27:21.345 10 ERROR keystone.server.flask.application
File "/usr/lib/python3.12/contextlib.py", line 144, in __exit__
[Thu Aug 27 20:27:21.366725 2026] [wsgi:error] [pid 10:tid 140476006672064] [remote 10.0.0.156:47910] 2026-08-27 20:27:21.345 10 ERROR keystone.server.flask.application next(self.gen)
[Thu Aug 27 20:27:21.366727 2026] [wsgi:error] [pid 10:tid 140476006672064] [remote 10.0.0.156:47910] 2026-08-27 20:27:21.345 10 ERROR keystone.server.flask.application
File "/var/lib/openstack/lib/python3.12/site-packages/oslo_db/sqlalchemy/enginefacade.py", line 1175, in _transaction_scope
[Thu Aug 27 20:27:21.366729 2026] [wsgi:error] [pid 10:tid 140476006672064] [remote 10.0.0.156:47910] 2026-08-27 20:27:21.345 10 ERROR keystone.server.flask.application with current._produce_block(
[Thu Aug 27 20:27:21.366731 2026] [wsgi:error] [pid 10:tid 140476006672064] [remote 10.0.0.156:47910] 2026-08-27 20:27:21.345 10 ERROR keystone.server.flask.application
File "/usr/lib/python3.12/contextlib.py", line 144, in __exit__
[Thu Aug 27 20:27:21.366733 2026] [wsgi:error] [pid 10:tid 140476006672064] [remote 10.0.0.156:47910] 2026-08-27 20:27:21.345 10 ERROR keystone.server.flask.application next(self.gen)
[Thu Aug 27 20:27:21.366735 2026] [wsgi:error] [pid 10:tid 140476006672064] [remote 10.0.0.156:47910] 2026-08-27 20:27:21.345 10 ERROR keystone.server.flask.application
File "/var/lib/openstack/lib/python3.12/site-packages/oslo_db/sqlalchemy/enginefacade.py", line 837, in _session
[Thu Aug 27 20:27:21.366737 2026] [wsgi:error] [pid 10:tid 140476006672064] [remote 10.0.0.156:47910] 2026-08-27 20:27:21.345 10 ERROR keystone.server.flask.application with excutils.save_and_reraise_exception():
[Thu Aug 27 20:27:21.366739 2026] [wsgi:error] [pid 10:tid 140476006672064] [remote 10.0.0.156:47910] 2026-08-27 20:27:21.345 10 ERROR keystone.server.flask.application
File "/var/lib/openstack/lib/python3.12/site-packages/oslo_utils/excutils.py", line 266, in __exit__
[Thu Aug 27 20:27:21.366741 2026] [wsgi:error] [pid 10:tid 140476006672064] [remote 10.0.0.156:47910] 2026-08-27 20:27:21.345 10 ERROR keystone.server.flask.application self.force_reraise()
[Thu Aug 27 20:27:21.366743 2026] [wsgi:error] [pid 10:tid 140476006672064] [remote 10.0.0.156:47910] 2026-08-27 20:27:21.345 10 ERROR keystone.server.flask.application
File "/var/lib/openstack/lib/python3.12/site-packages/oslo_utils/excutils.py", line 232, in force_reraise
[Thu Aug 27 20:27:21.366745 2026] [wsgi:error] [pid 10:tid 140476006672064] [remote 10.0.0.156:47910] 2026-08-27 20:27:21.345 10 ERROR keystone.server.flask.application raise self.value
[Thu Aug 27 20:27:21.366747 2026] [wsgi:error] [pid 10:tid 140476006672064] [remote 10.0.0.156:47910] 2026-08-27 20:27:21.345 10 ERROR keystone.server.flask.application
File "/var/lib/openstack/lib/python3.12/site-packages/oslo_db/sqlalchemy/enginefacade.py", line 835, in _session
[Thu Aug 27 20:27:21.366749 2026] [wsgi:error] [pid 10:tid 140476006672064] [remote 10.0.0.156:47910] 2026-08-27 20:27:21.345 10 ERROR keystone.server.flask.application self._end_session_transaction(self.session)
[Thu Aug 27 20:27:21.366751 2026] [wsgi:error] [pid 10:tid 140476006672064] [remote 10.0.0.156:47910] 2026-08-27 20:27:21.345 10 ERROR keystone.server.flask.application
File "/var/lib/openstack/lib/python3.12/site-packages/oslo_db/sqlalchemy/enginefacade.py", line 748, in _end_session_transaction
[Thu Aug 27 20:27:21.366754 2026] [wsgi:error] [pid 10:tid 140476006672064] [remote 10.0.0.156:47910] 2026-08-27 20:27:21.345 10 ERROR keystone.server.flask.application session.commit()
[Thu Aug 27 20:27:21.366756 2026] [wsgi:error] [pid 10:tid 140476006672064] [remote 10.0.0.156:47910] 2026-08-27 20:27:21.345 10 ERROR keystone.server.flask.application
File "/var/lib/openstack/lib/python3.12/site-packages/sqlalchemy/orm/session.py", line 2034, in commit
[Thu Aug 27 20:27:21.366758 2026] [wsgi:error] [pid 10:tid 140476006672064] [remote 10.0.0.156:47910] 2026-08-27 20:27:21.345 10 ERROR keystone.server.flask.application trans.commit(_to_root=True)
[Thu Aug 27 20:27:21.366760 2026] [wsgi:error] [pid 10:tid 140476006672064] [remote 10.0.0.156:47910] 2026-08-27 20:27:21.345 10 ERROR keystone.server.flask.application File "", line 2, in commit
[Thu Aug 27 20:27:21.366762 2026] [wsgi:error] [pid 10:tid 140476006672064] [remote 10.0.0.156:47910] 2026-08-27 20:27:21.345 10 ERROR keystone.server.flask.application
File "/var/lib/openstack/lib/python3.12/site-packages/sqlalchemy/orm/state_changes.py", line 137, in _go
[Thu Aug 27 20:27:21.366764 2026] [wsgi:error] [pid 10:tid 140476006672064] [remote 10.0.0.156:47910] 2026-08-27 20:27:21.345 10 ERROR keystone.server.flask.application ret_value = fn(self, *arg, **kw)
[Thu Aug 27 20:27:21.366766 2026] [wsgi:error] [pid 10:tid 140476006672064] [remote 10.0.0.156:47910] 2026-08-27 20:27:21.345 10 ERROR keystone.server.flask.application ^^^^^^^^^^^^^^^^^^^^
[Thu Aug 27 20:27:21.366768 2026] [wsgi:error] [pid 10:tid 140476006672064] [remote 10.0.0.156:47910] 2026-08-27 20:27:21.345 10 ERROR keystone.server.flask.application
File "/var/lib/openstack/lib/python3.12/site-packages/sqlalchemy/orm/session.py", line 1315, in commit
[Thu Aug 27 20:27:21.366770 2026] [wsgi:error] [pid 10:tid 140476006672064] [remote 10.0.0.156:47910] 2026-08-27 20:27:21.345 10 ERROR keystone.server.flask.application self._prepare_impl()
[Thu Aug 27 20:27:21.366772 2026] [wsgi:error] [pid 10:tid 140476006672064] [remote 10.0.0.156:47910] 2026-08-27 20:27:21.345 10 ERROR keystone.server.flask.application File "", line 2, in _prepare_impl
[Thu Aug 27 20:27:21.366774 2026] [wsgi:error] [pid 10:tid 140476006672064] [remote 10.0.0.156:47910] 2026-08-27 20:27:21.345 10 ERROR keystone.server.flask.application
File "/var/lib/openstack/lib/python3.12/site-packages/sqlalchemy/orm/state_changes.py", line 137, in _go
[Thu Aug 27 20:27:21.366776 2026] [wsgi:error] [pid 10:tid 140476006672064] [remote 10.0.0.156:47910] 2026-08-27 20:27:21.345 10 ERROR keystone.server.flask.application ret_value = fn(self, *arg, **kw)
[Thu Aug 27 20:27:21.366778 2026] [wsgi:error] [pid 10:tid 140476006672064] [remote 10.0.0.156:47910] 2026-08-27 20:27:21.345 10 ERROR keystone.server.flask.application ^^^^^^^^^^^^^^^^^^^^
[Thu Aug 27 20:27:21.366779 2026] [wsgi:error] [pid 10:tid 140476006672064] [remote 10.0.0.156:47910] 2026-08-27 20:27:21.345 10 ERROR keystone.server.flask.application
File "/var/lib/openstack/lib/python3.12/site-packages/sqlalchemy/orm/session.py", line 1290, in _prepare_impl
[Thu Aug 27 20:27:21.366781 2026] [wsgi:error] [pid 10:tid 140476006672064] [remote 10.0.0.156:47910] 2026-08-27 20:27:21.345 10 ERROR keystone.server.flask.application self.session.flush()
[Thu Aug 27 20:27:21.366783 2026] [wsgi:error] [pid 10:tid 140476006672064] [remote 10.0.0.156:47910] 2026-08-27 20:27:21.345 10 ERROR keystone.server.flask.application
File "/var/lib/openstack/lib/python3.12/site-packages/sqlalchemy/orm/session.py", line 4352, in flush
[Thu Aug 27 20:27:21.366785 2026] [wsgi:error] [pid 10:tid 140476006672064] [remote 10.0.0.156:47910] 2026-08-27 20:27:21.345 10 ERROR keystone.server.flask.application self._flush(objects)
[Thu Aug 27 20:27:21.366788 2026] [wsgi:error] [pid 10:tid 140476006672064] [remote 10.0.0.156:47910] 2026-08-27 20:27:21.345 10 ERROR keystone.server.flask.application
File "/var/lib/openstack/lib/python3.12/site-packages/sqlalchemy/orm/session.py", line 4487, in _flush
[Thu Aug 27 20:27:21.366790 2026] [wsgi:error] [pid 10:tid 140476006672064] [remote 10.0.0.156:47910] 2026-08-27 20:27:21.345 10 ERROR keystone.server.flask.application with util.safe_reraise():
[Thu Aug 27 20:27:21.366792 2026] [wsgi:error] [pid 10:tid 140476006672064] [remote 10.0.0.156:47910] 2026-08-27 20:27:21.345 10 ERROR keystone.server.flask.application
File "/var/lib/openstack/lib/python3.12/site-packages/sqlalchemy/util/langhelpers.py", line 122, in __exit__
[Thu Aug 27 20:27:21.366794 2026] [wsgi:error] [pid 10:tid 140476006672064] [remote 10.0.0.156:47910] 2026-08-27 20:27:21.345 10 ERROR keystone.server.flask.application raise exc_value.with_traceback(exc_tb)
[Thu Aug 27 20:27:21.366796 2026] [wsgi:error] [pid 10:tid 140476006672064] [remote 10.0.0.156:47910] 2026-08-27 20:27:21.345 10 ERROR keystone.server.flask.application
File "/var/lib/openstack/lib/python3.12/site-packages/sqlalchemy/orm/session.py", line 4448, in _flush
[Thu Aug 27 20:27:21.366798 2026] [wsgi:error] [pid 10:tid 140476006672064] [remote 10.0.0.156:47910] 2026-08-27 20:27:21.345 10 ERROR keystone.server.flask.application flush_context.execute()
