Apr 28 20:13:06.135577 np0000171184 systemd[1]: Starting devstack@n-api-meta.service - Devstack devstack@n-api-meta.service...
Apr 28 20:13:06.142943 np0000171184 devstack@n-api-meta.service[109199]: [uWSGI] getting INI configuration from /etc/nova/nova-metadata-uwsgi.ini
Apr 28 20:13:06.143618 np0000171184 devstack@n-api-meta.service[109199]: open("./http_plugin.so"): No such file or directory [core/utils.c line 3709]
Apr 28 20:13:06.143618 np0000171184 devstack@n-api-meta.service[109199]: !!! UNABLE to load uWSGI plugin: ./http_plugin.so: cannot open shared object file: No such file or directory !!!
Apr 28 20:13:06.143618 np0000171184 devstack@n-api-meta.service[109199]: open("./python3_plugin.so"): No such file or directory [core/utils.c line 3709]
Apr 28 20:13:06.143618 np0000171184 devstack@n-api-meta.service[109199]: !!! UNABLE to load uWSGI plugin: ./python3_plugin.so: cannot open shared object file: No such file or directory !!!
Apr 28 20:13:06.143618 np0000171184 devstack@n-api-meta.service[109199]: *** Starting uWSGI 2.0.31 (64bit) on [Tue Apr 28 20:13:06 2026] ***
Apr 28 20:13:06.143618 np0000171184 devstack@n-api-meta.service[109199]: compiled with version: 13.3.0 on 28 April 2026 20:02:18
Apr 28 20:13:06.143618 np0000171184 devstack@n-api-meta.service[109199]: os: Linux-6.8.0-110-generic #110-Ubuntu SMP PREEMPT_DYNAMIC Thu Mar 19 15:09:20 UTC 2026
Apr 28 20:13:06.143618 np0000171184 devstack@n-api-meta.service[109199]: nodename: np0000171184
Apr 28 20:13:06.143618 np0000171184 devstack@n-api-meta.service[109199]: machine: x86_64
Apr 28 20:13:06.143618 np0000171184 devstack@n-api-meta.service[109199]: clock source: unix
Apr 28 20:13:06.143618 np0000171184 devstack@n-api-meta.service[109199]: pcre jit disabled
Apr 28 20:13:06.143618 np0000171184 devstack@n-api-meta.service[109199]: detected number of CPU cores: 16
Apr 28 20:13:06.143618 np0000171184 devstack@n-api-meta.service[109199]: current working directory: /
Apr 28 20:13:06.143618 np0000171184 devstack@n-api-meta.service[109199]: detected binary path: /opt/stack/data/venv/bin/uwsgi
Apr 28 20:13:06.143618 np0000171184 devstack@n-api-meta.service[109199]: your processes number limit is 256917
Apr 28 20:13:06.143618 np0000171184 devstack@n-api-meta.service[109199]: your memory page size is 4096 bytes
Apr 28 20:13:06.143618 np0000171184 devstack@n-api-meta.service[109199]: detected max file descriptor number: 2048
Apr 28 20:13:06.143618 np0000171184 devstack@n-api-meta.service[109199]: lock engine: pthread robust mutexes
Apr 28 20:13:06.143618 np0000171184 devstack@n-api-meta.service[109199]: thunder lock: enabled
Apr 28 20:13:06.144938 np0000171184 devstack@n-api-meta.service[109199]: uWSGI http bound on 0.0.0.0:8775 fd 5
Apr 28 20:13:06.144938 np0000171184 devstack@n-api-meta.service[109199]: uwsgi socket 0 bound to TCP address 127.0.0.1:40187 (port auto-assigned) fd 4
Apr 28 20:13:06.144938 np0000171184 devstack@n-api-meta.service[109199]: Python version: 3.12.3 (main, Mar 23 2026, 19:04:32) [GCC 13.3.0]
Apr 28 20:13:06.144938 np0000171184 devstack@n-api-meta.service[109199]: PEP 405 virtualenv detected: /opt/stack/data/venv
Apr 28 20:13:06.144938 np0000171184 devstack@n-api-meta.service[109199]: Set PythonHome to /opt/stack/data/venv
Apr 28 20:13:06.186024 np0000171184 devstack@n-api-meta.service[109199]: Python main interpreter initialized at 0x7d58148a3668
Apr 28 20:13:06.186024 np0000171184 devstack@n-api-meta.service[109199]: python threads support enabled
Apr 28 20:13:06.186024 np0000171184 devstack@n-api-meta.service[109199]: your server socket listen backlog is limited to 100 connections
Apr 28 20:13:06.186024 np0000171184 devstack@n-api-meta.service[109199]: your mercy for graceful operations on workers is 80 seconds
Apr 28 20:13:06.186655 np0000171184 devstack@n-api-meta.service[109199]: mapped 671795 bytes (656 KB) for 4 cores
Apr 28 20:13:06.186822 np0000171184 devstack@n-api-meta.service[109199]: *** Operational MODE: preforking ***
Apr 28 20:13:06.187146 np0000171184 devstack@n-api-meta.service[109199]: *** uWSGI is running in multiple interpreter mode ***
Apr 28 20:13:06.187146 np0000171184 devstack@n-api-meta.service[109199]: spawned uWSGI master process (pid: 109199)
Apr 28 20:13:06.187373 np0000171184 systemd[1]: Started devstack@n-api-meta.service - Devstack devstack@n-api-meta.service.
Apr 28 20:13:06.188021 np0000171184 devstack@n-api-meta.service[109199]: spawned uWSGI worker 1 (pid: 109200, cores: 1)
Apr 28 20:13:06.188586 np0000171184 devstack@n-api-meta.service[109199]: spawned uWSGI worker 2 (pid: 109201, cores: 1)
Apr 28 20:13:06.189070 np0000171184 devstack@n-api-meta.service[109199]: spawned uWSGI worker 3 (pid: 109202, cores: 1)
Apr 28 20:13:06.189906 np0000171184 devstack@n-api-meta.service[109199]: spawned uWSGI worker 4 (pid: 109203, cores: 1)
Apr 28 20:13:06.190569 np0000171184 devstack@n-api-meta.service[109199]: spawned uWSGI http 1 (pid: 109204)
Apr 28 20:13:06.190569 np0000171184 devstack@n-api-meta.service[109199]: running "unix_signal:15 gracefully_kill_them_all" (master-start)...
Apr 28 20:13:06.555408 np0000171184 devstack@n-api-meta.service[109201]: /opt/stack/data/venv/lib/python3.12/site-packages/oslo_concurrency/lockutils.py:41: EventletDeprecationWarning:
Apr 28 20:13:06.555408 np0000171184 devstack@n-api-meta.service[109201]: Eventlet is deprecated. It is currently being maintained in bugfix mode, and
Apr 28 20:13:06.555408 np0000171184 devstack@n-api-meta.service[109201]: we strongly recommend against using it for new projects.
Apr 28 20:13:06.555408 np0000171184 devstack@n-api-meta.service[109201]: If you are already using Eventlet, we recommend migrating to a different
Apr 28 20:13:06.555408 np0000171184 devstack@n-api-meta.service[109201]: framework. For more detail see
Apr 28 20:13:06.555408 np0000171184 devstack@n-api-meta.service[109201]: https://eventlet.readthedocs.io/en/latest/asyncio/migration.html
Apr 28 20:13:06.555408 np0000171184 devstack@n-api-meta.service[109201]: import eventlet
Apr 28 20:13:06.577258 np0000171184 devstack@n-api-meta.service[109202]: /opt/stack/data/venv/lib/python3.12/site-packages/oslo_concurrency/lockutils.py:41: EventletDeprecationWarning:
Apr 28 20:13:06.577258 np0000171184 devstack@n-api-meta.service[109202]: Eventlet is deprecated. It is currently being maintained in bugfix mode, and
Apr 28 20:13:06.577258 np0000171184 devstack@n-api-meta.service[109202]: we strongly recommend against using it for new projects.
Apr 28 20:13:06.577258 np0000171184 devstack@n-api-meta.service[109202]: If you are already using Eventlet, we recommend migrating to a different
Apr 28 20:13:06.577258 np0000171184 devstack@n-api-meta.service[109202]: framework. For more detail see
Apr 28 20:13:06.577258 np0000171184 devstack@n-api-meta.service[109202]: https://eventlet.readthedocs.io/en/latest/asyncio/migration.html
Apr 28 20:13:06.577258 np0000171184 devstack@n-api-meta.service[109202]: import eventlet
Apr 28 20:13:06.581460 np0000171184 devstack@n-api-meta.service[109200]: /opt/stack/data/venv/lib/python3.12/site-packages/oslo_concurrency/lockutils.py:41: EventletDeprecationWarning:
Apr 28 20:13:06.581460 np0000171184 devstack@n-api-meta.service[109200]: Eventlet is deprecated. It is currently being maintained in bugfix mode, and
Apr 28 20:13:06.581460 np0000171184 devstack@n-api-meta.service[109200]: we strongly recommend against using it for new projects.
Apr 28 20:13:06.581460 np0000171184 devstack@n-api-meta.service[109200]: If you are already using Eventlet, we recommend migrating to a different
Apr 28 20:13:06.581460 np0000171184 devstack@n-api-meta.service[109200]: framework. For more detail see
Apr 28 20:13:06.581460 np0000171184 devstack@n-api-meta.service[109200]: https://eventlet.readthedocs.io/en/latest/asyncio/migration.html
Apr 28 20:13:06.581460 np0000171184 devstack@n-api-meta.service[109200]: import eventlet
Apr 28 20:13:06.606408 np0000171184 devstack@n-api-meta.service[109203]: /opt/stack/data/venv/lib/python3.12/site-packages/oslo_concurrency/lockutils.py:41: EventletDeprecationWarning:
Apr 28 20:13:06.606408 np0000171184 devstack@n-api-meta.service[109203]: Eventlet is deprecated. It is currently being maintained in bugfix mode, and
Apr 28 20:13:06.606408 np0000171184 devstack@n-api-meta.service[109203]: we strongly recommend against using it for new projects.
Apr 28 20:13:06.606408 np0000171184 devstack@n-api-meta.service[109203]: If you are already using Eventlet, we recommend migrating to a different
Apr 28 20:13:06.606408 np0000171184 devstack@n-api-meta.service[109203]: framework. For more detail see
Apr 28 20:13:06.606408 np0000171184 devstack@n-api-meta.service[109203]: https://eventlet.readthedocs.io/en/latest/asyncio/migration.html
Apr 28 20:13:06.606408 np0000171184 devstack@n-api-meta.service[109203]: import eventlet
Apr 28 20:13:06.613790 np0000171184 devstack@n-api-meta.service[109201]: Service is starting with native threading. This is currently experimental. Do not use it in production without first testing it in pre-production.
Apr 28 20:13:06.635574 np0000171184 devstack@n-api-meta.service[109202]: Service is starting with native threading. This is currently experimental. Do not use it in production without first testing it in pre-production.
Apr 28 20:13:06.640726 np0000171184 devstack@n-api-meta.service[109200]: Service is starting with native threading. This is currently experimental. Do not use it in production without first testing it in pre-production.
Apr 28 20:13:06.666152 np0000171184 devstack@n-api-meta.service[109203]: Service is starting with native threading. This is currently experimental. Do not use it in production without first testing it in pre-production.
Apr 28 20:13:08.360472 np0000171184 devstack@n-api-meta.service[109201]: INFO dbcounter [None req-3a3c8e94-a5c4-4818-9d30-e3419f68a5e6 None None] Registered counter for database nova_api
Apr 28 20:13:08.379837 np0000171184 devstack@n-api-meta.service[109201]: DEBUG oslo_db.sqlalchemy.engines [None req-3a3c8e94-a5c4-4818-9d30-e3419f68a5e6 None None] MySQL server mode set to STRICT_TRANS_TABLES,STRICT_ALL_TABLES,NO_ZERO_IN_DATE,NO_ZERO_DATE,ERROR_FOR_DIVISION_BY_ZERO,TRADITIONAL,NO_ENGINE_SUBSTITUTION {{(pid=109201) _check_effective_sql_mode /opt/stack/data/venv/lib/python3.12/site-packages/oslo_db/sqlalchemy/engines.py:325}}
Apr 28 20:13:08.403563 np0000171184 devstack@n-api-meta.service[109202]: INFO dbcounter [None req-5ed57655-5d81-4e00-9750-32df4dab2272 None None] Registered counter for database nova_api
Apr 28 20:13:08.416555 np0000171184 devstack@n-api-meta.service[109200]: INFO dbcounter [None req-197692d8-aa08-4ae9-adc4-d962df1dd3a0 None None] Registered counter for database nova_api
Apr 28 20:13:08.417993 np0000171184 devstack@n-api-meta.service[109201]: DEBUG dbcounter [-] [109201] Writer thread running {{(pid=109201) stat_writer /opt/stack/data/venv/lib/python3.12/site-packages/dbcounter.py:102}}
Apr 28 20:13:08.420562 np0000171184 devstack@n-api-meta.service[109201]: DEBUG nova.context [None req-3a3c8e94-a5c4-4818-9d30-e3419f68a5e6 None None] Found 2 cells: 00000000-0000-0000-0000-000000000000(cell0),c72b7ff8-417a-4c5c-be64-defb23e3d54e(cell1) {{(pid=109201) load_cells /opt/stack/nova/nova/context.py:509}}
Apr 28 20:13:08.420806 np0000171184 devstack@n-api-meta.service[109201]: INFO nova.utils [None req-3a3c8e94-a5c4-4818-9d30-e3419f68a5e6 None None] The cell worker thread pool MainProcess.cell_worker is initialized
Apr 28 20:13:08.422281 np0000171184 devstack@n-api-meta.service[109202]: DEBUG oslo_db.sqlalchemy.engines [None req-5ed57655-5d81-4e00-9750-32df4dab2272 None None] MySQL server mode set to STRICT_TRANS_TABLES,STRICT_ALL_TABLES,NO_ZERO_IN_DATE,NO_ZERO_DATE,ERROR_FOR_DIVISION_BY_ZERO,TRADITIONAL,NO_ENGINE_SUBSTITUTION {{(pid=109202) _check_effective_sql_mode /opt/stack/data/venv/lib/python3.12/site-packages/oslo_db/sqlalchemy/engines.py:325}}
Apr 28 20:13:08.422647 np0000171184 devstack@n-api-meta.service[109201]: DEBUG oslo_concurrency.lockutils [None req-3a3c8e94-a5c4-4818-9d30-e3419f68a5e6 None None] Acquiring lock "00000000-0000-0000-0000-000000000000" by "nova.context.set_target_cell..get_or_set_cached_cell_and_set_connections" {{(pid=109201) inner /opt/stack/data/venv/lib/python3.12/site-packages/oslo_concurrency/lockutils.py:506}}
Apr 28 20:13:08.422818 np0000171184 devstack@n-api-meta.service[109201]: DEBUG oslo_concurrency.lockutils [None req-3a3c8e94-a5c4-4818-9d30-e3419f68a5e6 None None] Lock "00000000-0000-0000-0000-000000000000" acquired by "nova.context.set_target_cell..get_or_set_cached_cell_and_set_connections" :: waited 0.000s {{(pid=109201) inner /opt/stack/data/venv/lib/python3.12/site-packages/oslo_concurrency/lockutils.py:519}}
Apr 28 20:13:08.423207 np0000171184 devstack@n-api-meta.service[109201]: DEBUG oslo_concurrency.lockutils [None req-3a3c8e94-a5c4-4818-9d30-e3419f68a5e6 None None] Lock "00000000-0000-0000-0000-000000000000" "released" by "nova.context.set_target_cell..get_or_set_cached_cell_and_set_connections" :: held 0.000s {{(pid=109201) inner /opt/stack/data/venv/lib/python3.12/site-packages/oslo_concurrency/lockutils.py:538}}
Apr 28 20:13:08.423930 np0000171184 devstack@n-api-meta.service[109201]: DEBUG oslo_concurrency.lockutils [None req-3a3c8e94-a5c4-4818-9d30-e3419f68a5e6 None None] Acquiring lock "c72b7ff8-417a-4c5c-be64-defb23e3d54e" by "nova.context.set_target_cell..get_or_set_cached_cell_and_set_connections" {{(pid=109201) inner /opt/stack/data/venv/lib/python3.12/site-packages/oslo_concurrency/lockutils.py:506}}
Apr 28 20:13:08.424076 np0000171184 devstack@n-api-meta.service[109201]: DEBUG oslo_concurrency.lockutils [None req-3a3c8e94-a5c4-4818-9d30-e3419f68a5e6 None None] Lock "c72b7ff8-417a-4c5c-be64-defb23e3d54e" acquired by "nova.context.set_target_cell..get_or_set_cached_cell_and_set_connections" :: waited 0.000s {{(pid=109201) inner /opt/stack/data/venv/lib/python3.12/site-packages/oslo_concurrency/lockutils.py:519}}
Apr 28 20:13:08.425014 np0000171184 devstack@n-api-meta.service[109201]: DEBUG oslo_concurrency.lockutils [None req-3a3c8e94-a5c4-4818-9d30-e3419f68a5e6 None None] Lock "c72b7ff8-417a-4c5c-be64-defb23e3d54e" "released" by "nova.context.set_target_cell..get_or_set_cached_cell_and_set_connections" :: held 0.001s {{(pid=109201) inner /opt/stack/data/venv/lib/python3.12/site-packages/oslo_concurrency/lockutils.py:538}}
Apr 28 20:13:08.428610 np0000171184 devstack@n-api-meta.service[109201]: INFO dbcounter [None req-3a3c8e94-a5c4-4818-9d30-e3419f68a5e6 None None] Registered counter for database nova_cell0
Apr 28 20:13:08.434354 np0000171184 devstack@n-api-meta.service[109203]: INFO dbcounter [None req-efe79cdd-551a-4b2b-82d5-fafed2fafb7a None None] Registered counter for database nova_api
Apr 28 20:13:08.435637 np0000171184 devstack@n-api-meta.service[109201]: INFO dbcounter [None req-3a3c8e94-a5c4-4818-9d30-e3419f68a5e6 None None] Registered counter for database nova_cell1
Apr 28 20:13:08.440887 np0000171184 devstack@n-api-meta.service[109200]: DEBUG oslo_db.sqlalchemy.engines [None req-197692d8-aa08-4ae9-adc4-d962df1dd3a0 None None] MySQL server mode set to STRICT_TRANS_TABLES,STRICT_ALL_TABLES,NO_ZERO_IN_DATE,NO_ZERO_DATE,ERROR_FOR_DIVISION_BY_ZERO,TRADITIONAL,NO_ENGINE_SUBSTITUTION {{(pid=109200) _check_effective_sql_mode /opt/stack/data/venv/lib/python3.12/site-packages/oslo_db/sqlalchemy/engines.py:325}}
Apr 28 20:13:08.455991 np0000171184 devstack@n-api-meta.service[109201]: DEBUG oslo_db.sqlalchemy.engines [None req-3a3c8e94-a5c4-4818-9d30-e3419f68a5e6 None None] MySQL server mode set to STRICT_TRANS_TABLES,STRICT_ALL_TABLES,NO_ZERO_IN_DATE,NO_ZERO_DATE,ERROR_FOR_DIVISION_BY_ZERO,TRADITIONAL,NO_ENGINE_SUBSTITUTION {{(pid=109201) _check_effective_sql_mode /opt/stack/data/venv/lib/python3.12/site-packages/oslo_db/sqlalchemy/engines.py:325}}
Apr 28 20:13:08.462467 np0000171184 devstack@n-api-meta.service[109202]: DEBUG dbcounter [-] [109202] Writer thread running {{(pid=109202) stat_writer /opt/stack/data/venv/lib/python3.12/site-packages/dbcounter.py:102}}
Apr 28 20:13:08.465664 np0000171184 devstack@n-api-meta.service[109202]: DEBUG nova.context [None req-5ed57655-5d81-4e00-9750-32df4dab2272 None None] Found 2 cells: 00000000-0000-0000-0000-000000000000(cell0),c72b7ff8-417a-4c5c-be64-defb23e3d54e(cell1) {{(pid=109202) load_cells /opt/stack/nova/nova/context.py:509}}
Apr 28 20:13:08.466007 np0000171184 devstack@n-api-meta.service[109202]: INFO nova.utils [None req-5ed57655-5d81-4e00-9750-32df4dab2272 None None] The cell worker thread pool MainProcess.cell_worker is initialized
Apr 28 20:13:08.468619 np0000171184 devstack@n-api-meta.service[109202]: DEBUG oslo_concurrency.lockutils [None req-5ed57655-5d81-4e00-9750-32df4dab2272 None None] Acquiring lock "00000000-0000-0000-0000-000000000000" by "nova.context.set_target_cell..get_or_set_cached_cell_and_set_connections" {{(pid=109202) inner /opt/stack/data/venv/lib/python3.12/site-packages/oslo_concurrency/lockutils.py:506}}
Apr 28 20:13:08.468829 np0000171184 devstack@n-api-meta.service[109202]: DEBUG oslo_concurrency.lockutils [None req-5ed57655-5d81-4e00-9750-32df4dab2272 None None] Lock "00000000-0000-0000-0000-000000000000" acquired by "nova.context.set_target_cell..get_or_set_cached_cell_and_set_connections" :: waited 0.000s {{(pid=109202) inner /opt/stack/data/venv/lib/python3.12/site-packages/oslo_concurrency/lockutils.py:519}}
Apr 28 20:13:08.469309 np0000171184 devstack@n-api-meta.service[109202]: DEBUG oslo_concurrency.lockutils [None req-5ed57655-5d81-4e00-9750-32df4dab2272 None None] Lock "00000000-0000-0000-0000-000000000000" "released" by "nova.context.set_target_cell..get_or_set_cached_cell_and_set_connections" :: held 0.000s {{(pid=109202) inner /opt/stack/data/venv/lib/python3.12/site-packages/oslo_concurrency/lockutils.py:538}}
Apr 28 20:13:08.469796 np0000171184 devstack@n-api-meta.service[109201]: DEBUG oslo_db.sqlalchemy.engines [None req-3a3c8e94-a5c4-4818-9d30-e3419f68a5e6 None None] MySQL server mode set to STRICT_TRANS_TABLES,STRICT_ALL_TABLES,NO_ZERO_IN_DATE,NO_ZERO_DATE,ERROR_FOR_DIVISION_BY_ZERO,TRADITIONAL,NO_ENGINE_SUBSTITUTION {{(pid=109201) _check_effective_sql_mode /opt/stack/data/venv/lib/python3.12/site-packages/oslo_db/sqlalchemy/engines.py:325}}
Apr 28 20:13:08.470200 np0000171184 devstack@n-api-meta.service[109202]: DEBUG oslo_concurrency.lockutils [None req-5ed57655-5d81-4e00-9750-32df4dab2272 None None] Acquiring lock "c72b7ff8-417a-4c5c-be64-defb23e3d54e" by "nova.context.set_target_cell..get_or_set_cached_cell_and_set_connections" {{(pid=109202) inner /opt/stack/data/venv/lib/python3.12/site-packages/oslo_concurrency/lockutils.py:506}}
Apr 28 20:13:08.470412 np0000171184 devstack@n-api-meta.service[109202]: DEBUG oslo_concurrency.lockutils [None req-5ed57655-5d81-4e00-9750-32df4dab2272 None None] Lock "c72b7ff8-417a-4c5c-be64-defb23e3d54e" acquired by "nova.context.set_target_cell..get_or_set_cached_cell_and_set_connections" :: waited 0.000s {{(pid=109202) inner /opt/stack/data/venv/lib/python3.12/site-packages/oslo_concurrency/lockutils.py:519}}
Apr 28 20:13:08.471743 np0000171184 devstack@n-api-meta.service[109202]: DEBUG oslo_concurrency.lockutils [None req-5ed57655-5d81-4e00-9750-32df4dab2272 None None] Lock "c72b7ff8-417a-4c5c-be64-defb23e3d54e" "released" by "nova.context.set_target_cell..get_or_set_cached_cell_and_set_connections" :: held 0.001s {{(pid=109202) inner /opt/stack/data/venv/lib/python3.12/site-packages/oslo_concurrency/lockutils.py:538}}
Apr 28 20:13:08.476255 np0000171184 devstack@n-api-meta.service[109202]: INFO dbcounter [None req-5ed57655-5d81-4e00-9750-32df4dab2272 None None] Registered counter for database nova_cell0
Apr 28 20:13:08.477764 np0000171184 devstack@n-api-meta.service[109203]: DEBUG oslo_db.sqlalchemy.engines [None req-efe79cdd-551a-4b2b-82d5-fafed2fafb7a None None] MySQL server mode set to STRICT_TRANS_TABLES,STRICT_ALL_TABLES,NO_ZERO_IN_DATE,NO_ZERO_DATE,ERROR_FOR_DIVISION_BY_ZERO,TRADITIONAL,NO_ENGINE_SUBSTITUTION {{(pid=109203) _check_effective_sql_mode /opt/stack/data/venv/lib/python3.12/site-packages/oslo_db/sqlalchemy/engines.py:325}}
Apr 28 20:13:08.481110 np0000171184 devstack@n-api-meta.service[109202]: INFO dbcounter [None req-5ed57655-5d81-4e00-9750-32df4dab2272 None None] Registered counter for database nova_cell1
Apr 28 20:13:08.484655 np0000171184 devstack@n-api-meta.service[109200]: DEBUG dbcounter [-] [109200] Writer thread running {{(pid=109200) stat_writer /opt/stack/data/venv/lib/python3.12/site-packages/dbcounter.py:102}}
Apr 28 20:13:08.487736 np0000171184 devstack@n-api-meta.service[109200]: DEBUG nova.context [None req-197692d8-aa08-4ae9-adc4-d962df1dd3a0 None None] Found 2 cells: 00000000-0000-0000-0000-000000000000(cell0),c72b7ff8-417a-4c5c-be64-defb23e3d54e(cell1) {{(pid=109200) load_cells /opt/stack/nova/nova/context.py:509}}
Apr 28 20:13:08.488011 np0000171184 devstack@n-api-meta.service[109200]: INFO nova.utils [None req-197692d8-aa08-4ae9-adc4-d962df1dd3a0 None None] The cell worker thread pool MainProcess.cell_worker is initialized
Apr 28 20:13:08.489990 np0000171184 devstack@n-api-meta.service[109200]: DEBUG oslo_concurrency.lockutils [None req-197692d8-aa08-4ae9-adc4-d962df1dd3a0 None None] Acquiring lock "00000000-0000-0000-0000-000000000000" by "nova.context.set_target_cell..get_or_set_cached_cell_and_set_connections" {{(pid=109200) inner /opt/stack/data/venv/lib/python3.12/site-packages/oslo_concurrency/lockutils.py:506}}
Apr 28 20:13:08.490157 np0000171184 devstack@n-api-meta.service[109200]: DEBUG oslo_concurrency.lockutils [None req-197692d8-aa08-4ae9-adc4-d962df1dd3a0 None None] Lock "00000000-0000-0000-0000-000000000000" acquired by "nova.context.set_target_cell..get_or_set_cached_cell_and_set_connections" :: waited 0.000s {{(pid=109200) inner /opt/stack/data/venv/lib/python3.12/site-packages/oslo_concurrency/lockutils.py:519}}
Apr 28 20:13:08.490556 np0000171184 devstack@n-api-meta.service[109200]: DEBUG oslo_concurrency.lockutils [None req-197692d8-aa08-4ae9-adc4-d962df1dd3a0 None None] Lock "00000000-0000-0000-0000-000000000000" "released" by "nova.context.set_target_cell..get_or_set_cached_cell_and_set_connections" :: held 0.000s {{(pid=109200) inner /opt/stack/data/venv/lib/python3.12/site-packages/oslo_concurrency/lockutils.py:538}}
Apr 28 20:13:08.491378 np0000171184 devstack@n-api-meta.service[109200]: DEBUG oslo_concurrency.lockutils [None req-197692d8-aa08-4ae9-adc4-d962df1dd3a0 None None] Acquiring lock "c72b7ff8-417a-4c5c-be64-defb23e3d54e" by "nova.context.set_target_cell..get_or_set_cached_cell_and_set_connections" {{(pid=109200) inner /opt/stack/data/venv/lib/python3.12/site-packages/oslo_concurrency/lockutils.py:506}}
Apr 28 20:13:08.491558 np0000171184 devstack@n-api-meta.service[109200]: DEBUG oslo_concurrency.lockutils [None req-197692d8-aa08-4ae9-adc4-d962df1dd3a0 None None] Lock "c72b7ff8-417a-4c5c-be64-defb23e3d54e" acquired by "nova.context.set_target_cell..get_or_set_cached_cell_and_set_connections" :: waited 0.000s {{(pid=109200) inner /opt/stack/data/venv/lib/python3.12/site-packages/oslo_concurrency/lockutils.py:519}}
Apr 28 20:13:08.492609 np0000171184 devstack@n-api-meta.service[109200]: DEBUG oslo_concurrency.lockutils [None req-197692d8-aa08-4ae9-adc4-d962df1dd3a0 None None] Lock "c72b7ff8-417a-4c5c-be64-defb23e3d54e" "released" by "nova.context.set_target_cell..get_or_set_cached_cell_and_set_connections" :: held 0.001s {{(pid=109200) inner /opt/stack/data/venv/lib/python3.12/site-packages/oslo_concurrency/lockutils.py:538}}
Apr 28 20:13:08.495987 np0000171184 devstack@n-api-meta.service[109202]: DEBUG oslo_db.sqlalchemy.engines [None req-5ed57655-5d81-4e00-9750-32df4dab2272 None None] MySQL server mode set to STRICT_TRANS_TABLES,STRICT_ALL_TABLES,NO_ZERO_IN_DATE,NO_ZERO_DATE,ERROR_FOR_DIVISION_BY_ZERO,TRADITIONAL,NO_ENGINE_SUBSTITUTION {{(pid=109202) _check_effective_sql_mode /opt/stack/data/venv/lib/python3.12/site-packages/oslo_db/sqlalchemy/engines.py:325}}
Apr 28 20:13:08.496284 np0000171184 devstack@n-api-meta.service[109200]: INFO dbcounter [None req-197692d8-aa08-4ae9-adc4-d962df1dd3a0 None None] Registered counter for database nova_cell0
Apr 28 20:13:08.502554 np0000171184 devstack@n-api-meta.service[109200]: INFO dbcounter [None req-197692d8-aa08-4ae9-adc4-d962df1dd3a0 None None] Registered counter for database nova_cell1
Apr 28 20:13:08.514994 np0000171184 devstack@n-api-meta.service[109203]: DEBUG dbcounter [-] [109203] Writer thread running {{(pid=109203) stat_writer /opt/stack/data/venv/lib/python3.12/site-packages/dbcounter.py:102}}
Apr 28 20:13:08.516008 np0000171184 devstack@n-api-meta.service[109202]: DEBUG oslo_db.sqlalchemy.engines [None req-5ed57655-5d81-4e00-9750-32df4dab2272 None None] MySQL server mode set to STRICT_TRANS_TABLES,STRICT_ALL_TABLES,NO_ZERO_IN_DATE,NO_ZERO_DATE,ERROR_FOR_DIVISION_BY_ZERO,TRADITIONAL,NO_ENGINE_SUBSTITUTION {{(pid=109202) _check_effective_sql_mode /opt/stack/data/venv/lib/python3.12/site-packages/oslo_db/sqlalchemy/engines.py:325}}
Apr 28 20:13:08.521127 np0000171184 devstack@n-api-meta.service[109203]: DEBUG nova.context [None req-efe79cdd-551a-4b2b-82d5-fafed2fafb7a None None] Found 2 cells: 00000000-0000-0000-0000-000000000000(cell0),c72b7ff8-417a-4c5c-be64-defb23e3d54e(cell1) {{(pid=109203) load_cells /opt/stack/nova/nova/context.py:509}}
Apr 28 20:13:08.522546 np0000171184 devstack@n-api-meta.service[109203]: INFO nova.utils [None req-efe79cdd-551a-4b2b-82d5-fafed2fafb7a None None] The cell worker thread pool MainProcess.cell_worker is initialized
Apr 28 20:13:08.524013 np0000171184 devstack@n-api-meta.service[109203]: DEBUG oslo_concurrency.lockutils [None req-efe79cdd-551a-4b2b-82d5-fafed2fafb7a None None] Acquiring lock "00000000-0000-0000-0000-000000000000" by "nova.context.set_target_cell..get_or_set_cached_cell_and_set_connections" {{(pid=109203) inner /opt/stack/data/venv/lib/python3.12/site-packages/oslo_concurrency/lockutils.py:506}}
Apr 28 20:13:08.524235 np0000171184 devstack@n-api-meta.service[109203]: DEBUG oslo_concurrency.lockutils [None req-efe79cdd-551a-4b2b-82d5-fafed2fafb7a None None] Lock "00000000-0000-0000-0000-000000000000" acquired by "nova.context.set_target_cell..get_or_set_cached_cell_and_set_connections" :: waited 0.000s {{(pid=109203) inner /opt/stack/data/venv/lib/python3.12/site-packages/oslo_concurrency/lockutils.py:519}}
Apr 28 20:13:08.524770 np0000171184 devstack@n-api-meta.service[109203]: DEBUG oslo_concurrency.lockutils [None req-efe79cdd-551a-4b2b-82d5-fafed2fafb7a None None] Lock "00000000-0000-0000-0000-000000000000" "released" by "nova.context.set_target_cell..get_or_set_cached_cell_and_set_connections" :: held 0.001s {{(pid=109203) inner /opt/stack/data/venv/lib/python3.12/site-packages/oslo_concurrency/lockutils.py:538}}
Apr 28 20:13:08.525596 np0000171184 devstack@n-api-meta.service[109203]: DEBUG oslo_concurrency.lockutils [None req-efe79cdd-551a-4b2b-82d5-fafed2fafb7a None None] Acquiring lock "c72b7ff8-417a-4c5c-be64-defb23e3d54e" by "nova.context.set_target_cell..get_or_set_cached_cell_and_set_connections" {{(pid=109203) inner /opt/stack/data/venv/lib/python3.12/site-packages/oslo_concurrency/lockutils.py:506}}
Apr 28 20:13:08.527185 np0000171184 devstack@n-api-meta.service[109203]: INFO dbcounter [None req-efe79cdd-551a-4b2b-82d5-fafed2fafb7a None None] Registered counter for database nova_cell0
Apr 28 20:13:08.529280 np0000171184 devstack@n-api-meta.service[109203]: DEBUG oslo_concurrency.lockutils [None req-efe79cdd-551a-4b2b-82d5-fafed2fafb7a None None] Lock "c72b7ff8-417a-4c5c-be64-defb23e3d54e" acquired by "nova.context.set_target_cell..get_or_set_cached_cell_and_set_connections" :: waited 0.001s {{(pid=109203) inner /opt/stack/data/venv/lib/python3.12/site-packages/oslo_concurrency/lockutils.py:519}}
Apr 28 20:13:08.530671 np0000171184 devstack@n-api-meta.service[109200]: DEBUG oslo_db.sqlalchemy.engines [None req-197692d8-aa08-4ae9-adc4-d962df1dd3a0 None None] MySQL server mode set to STRICT_TRANS_TABLES,STRICT_ALL_TABLES,NO_ZERO_IN_DATE,NO_ZERO_DATE,ERROR_FOR_DIVISION_BY_ZERO,TRADITIONAL,NO_ENGINE_SUBSTITUTION {{(pid=109200) _check_effective_sql_mode /opt/stack/data/venv/lib/python3.12/site-packages/oslo_db/sqlalchemy/engines.py:325}}
Apr 28 20:13:08.530763 np0000171184 devstack@n-api-meta.service[109203]: DEBUG oslo_concurrency.lockutils [None req-efe79cdd-551a-4b2b-82d5-fafed2fafb7a None None] Lock "c72b7ff8-417a-4c5c-be64-defb23e3d54e" "released" by "nova.context.set_target_cell..get_or_set_cached_cell_and_set_connections" :: held 0.003s {{(pid=109203) inner /opt/stack/data/venv/lib/python3.12/site-packages/oslo_concurrency/lockutils.py:538}}
Apr 28 20:13:08.533800 np0000171184 devstack@n-api-meta.service[109203]: INFO dbcounter [None req-efe79cdd-551a-4b2b-82d5-fafed2fafb7a None None] Registered counter for database nova_cell1
Apr 28 20:13:08.544213 np0000171184 devstack@n-api-meta.service[109200]: DEBUG oslo_db.sqlalchemy.engines [None req-197692d8-aa08-4ae9-adc4-d962df1dd3a0 None None] MySQL server mode set to STRICT_TRANS_TABLES,STRICT_ALL_TABLES,NO_ZERO_IN_DATE,NO_ZERO_DATE,ERROR_FOR_DIVISION_BY_ZERO,TRADITIONAL,NO_ENGINE_SUBSTITUTION {{(pid=109200) _check_effective_sql_mode /opt/stack/data/venv/lib/python3.12/site-packages/oslo_db/sqlalchemy/engines.py:325}}
Apr 28 20:13:08.551454 np0000171184 devstack@n-api-meta.service[109203]: DEBUG oslo_db.sqlalchemy.engines [None req-efe79cdd-551a-4b2b-82d5-fafed2fafb7a None None] MySQL server mode set to STRICT_TRANS_TABLES,STRICT_ALL_TABLES,NO_ZERO_IN_DATE,NO_ZERO_DATE,ERROR_FOR_DIVISION_BY_ZERO,TRADITIONAL,NO_ENGINE_SUBSTITUTION {{(pid=109203) _check_effective_sql_mode /opt/stack/data/venv/lib/python3.12/site-packages/oslo_db/sqlalchemy/engines.py:325}}
Apr 28 20:13:08.560021 np0000171184 devstack@n-api-meta.service[109203]: DEBUG oslo_db.sqlalchemy.engines [None req-efe79cdd-551a-4b2b-82d5-fafed2fafb7a None None] MySQL server mode set to STRICT_TRANS_TABLES,STRICT_ALL_TABLES,NO_ZERO_IN_DATE,NO_ZERO_DATE,ERROR_FOR_DIVISION_BY_ZERO,TRADITIONAL,NO_ENGINE_SUBSTITUTION {{(pid=109203) _check_effective_sql_mode /opt/stack/data/venv/lib/python3.12/site-packages/oslo_db/sqlalchemy/engines.py:325}}
Apr 28 20:13:08.585553 np0000171184 devstack@n-api-meta.service[109201]: DEBUG dbcounter [-] [109201] Writer thread running {{(pid=109201) stat_writer /opt/stack/data/venv/lib/python3.12/site-packages/dbcounter.py:102}}
Apr 28 20:13:08.586375 np0000171184 devstack@n-api-meta.service[109201]: DEBUG dbcounter [-] [109201] Writer thread running {{(pid=109201) stat_writer /opt/stack/data/venv/lib/python3.12/site-packages/dbcounter.py:102}}
Apr 28 20:13:08.591114 np0000171184 devstack@n-api-meta.service[109201]: INFO dbcounter [None req-3a3c8e94-a5c4-4818-9d30-e3419f68a5e6 None None] Registered counter for database nova_cell0
Apr 28 20:13:08.602618 np0000171184 devstack@n-api-meta.service[109201]: DEBUG oslo_db.sqlalchemy.engines [None req-3a3c8e94-a5c4-4818-9d30-e3419f68a5e6 None None] MySQL server mode set to STRICT_TRANS_TABLES,STRICT_ALL_TABLES,NO_ZERO_IN_DATE,NO_ZERO_DATE,ERROR_FOR_DIVISION_BY_ZERO,TRADITIONAL,NO_ENGINE_SUBSTITUTION {{(pid=109201) _check_effective_sql_mode /opt/stack/data/venv/lib/python3.12/site-packages/oslo_db/sqlalchemy/engines.py:325}}
Apr 28 20:13:08.610741 np0000171184 devstack@n-api-meta.service[109201]: DEBUG dbcounter [-] [109201] Writer thread running {{(pid=109201) stat_writer /opt/stack/data/venv/lib/python3.12/site-packages/dbcounter.py:102}}
Apr 28 20:13:08.623771 np0000171184 devstack@n-api-meta.service[109202]: DEBUG dbcounter [-] [109202] Writer thread running {{(pid=109202) stat_writer /opt/stack/data/venv/lib/python3.12/site-packages/dbcounter.py:102}}
Apr 28 20:13:08.623771 np0000171184 devstack@n-api-meta.service[109202]: DEBUG dbcounter [-] [109202] Writer thread running {{(pid=109202) stat_writer /opt/stack/data/venv/lib/python3.12/site-packages/dbcounter.py:102}}
Apr 28 20:13:08.631318 np0000171184 devstack@n-api-meta.service[109202]: INFO dbcounter [None req-5ed57655-5d81-4e00-9750-32df4dab2272 None None] Registered counter for database nova_cell0
Apr 28 20:13:08.643280 np0000171184 devstack@n-api-meta.service[109202]: DEBUG oslo_db.sqlalchemy.engines [None req-5ed57655-5d81-4e00-9750-32df4dab2272 None None] MySQL server mode set to STRICT_TRANS_TABLES,STRICT_ALL_TABLES,NO_ZERO_IN_DATE,NO_ZERO_DATE,ERROR_FOR_DIVISION_BY_ZERO,TRADITIONAL,NO_ENGINE_SUBSTITUTION {{(pid=109202) _check_effective_sql_mode /opt/stack/data/venv/lib/python3.12/site-packages/oslo_db/sqlalchemy/engines.py:325}}
Apr 28 20:13:08.649370 np0000171184 devstack@n-api-meta.service[109202]: DEBUG dbcounter [-] [109202] Writer thread running {{(pid=109202) stat_writer /opt/stack/data/venv/lib/python3.12/site-packages/dbcounter.py:102}}
Apr 28 20:13:08.664778 np0000171184 devstack@n-api-meta.service[109200]: DEBUG dbcounter [-] [109200] Writer thread running {{(pid=109200) stat_writer /opt/stack/data/venv/lib/python3.12/site-packages/dbcounter.py:102}}
Apr 28 20:13:08.666626 np0000171184 devstack@n-api-meta.service[109200]: DEBUG dbcounter [-] [109200] Writer thread running {{(pid=109200) stat_writer /opt/stack/data/venv/lib/python3.12/site-packages/dbcounter.py:102}}
Apr 28 20:13:08.669154 np0000171184 devstack@n-api-meta.service[109201]: WARNING nova.api.metadata.handler [None req-3a3c8e94-a5c4-4818-9d30-e3419f68a5e6 None None] metadata_proxy_shared_secret is not configured, the metadata information returned by the proxy cannot be trusted
Apr 28 20:13:08.669782 np0000171184 devstack@n-api-meta.service[109200]: INFO dbcounter [None req-197692d8-aa08-4ae9-adc4-d962df1dd3a0 None None] Registered counter for database nova_cell0
Apr 28 20:13:08.671750 np0000171184 devstack@n-api-meta.service[109201]: DEBUG nova.api.openstack.wsgi_app [None req-3a3c8e94-a5c4-4818-9d30-e3419f68a5e6 None None] ******************************************************************************** {{(pid=109201) log_opt_values /opt/stack/data/venv/lib/python3.12/site-packages/oslo_config/cfg.py:2979}}
Apr 28 20:13:08.671815 np0000171184 devstack@n-api-meta.service[109201]: DEBUG nova.api.openstack.wsgi_app [None req-3a3c8e94-a5c4-4818-9d30-e3419f68a5e6 None None] Configuration options gathered from: {{(pid=109201) log_opt_values /opt/stack/data/venv/lib/python3.12/site-packages/oslo_config/cfg.py:2980}}
Apr 28 20:13:08.671930 np0000171184 devstack@n-api-meta.service[109201]: DEBUG nova.api.openstack.wsgi_app [None req-3a3c8e94-a5c4-4818-9d30-e3419f68a5e6 None None] command line args: [] {{(pid=109201) log_opt_values /opt/stack/data/venv/lib/python3.12/site-packages/oslo_config/cfg.py:2981}}
Apr 28 20:13:08.672102 np0000171184 devstack@n-api-meta.service[109201]: DEBUG nova.api.openstack.wsgi_app [None req-3a3c8e94-a5c4-4818-9d30-e3419f68a5e6 None None] config files: ['/etc/nova/api-paste.ini', '/etc/nova/nova.conf'] {{(pid=109201) log_opt_values /opt/stack/data/venv/lib/python3.12/site-packages/oslo_config/cfg.py:2982}}
Apr 28 20:13:08.672205 np0000171184 devstack@n-api-meta.service[109201]: DEBUG nova.api.openstack.wsgi_app [None req-3a3c8e94-a5c4-4818-9d30-e3419f68a5e6 None None] ================================================================================ {{(pid=109201) log_opt_values /opt/stack/data/venv/lib/python3.12/site-packages/oslo_config/cfg.py:2987}}
Apr 28 20:13:08.672415 np0000171184 devstack@n-api-meta.service[109201]: DEBUG nova.api.openstack.wsgi_app [None req-3a3c8e94-a5c4-4818-9d30-e3419f68a5e6 None None] allow_resize_to_same_host = True {{(pid=109201) log_opt_values /opt/stack/data/venv/lib/python3.12/site-packages/oslo_config/cfg.py:2995}}
Apr 28 20:13:08.672562 np0000171184 devstack@n-api-meta.service[109201]: DEBUG nova.api.openstack.wsgi_app [None req-3a3c8e94-a5c4-4818-9d30-e3419f68a5e6 None None] arq_binding_timeout = 300 {{(pid=109201) log_opt_values /opt/stack/data/venv/lib/python3.12/site-packages/oslo_config/cfg.py:2995}}
Apr 28 20:13:08.672695 np0000171184 devstack@n-api-meta.service[109201]: DEBUG nova.api.openstack.wsgi_app [None req-3a3c8e94-a5c4-4818-9d30-e3419f68a5e6 None None] block_device_allocate_retries = 60 {{(pid=109201) log_opt_values /opt/stack/data/venv/lib/python3.12/site-packages/oslo_config/cfg.py:2995}}
Apr 28 20:13:08.672826 np0000171184 devstack@n-api-meta.service[109201]: DEBUG nova.api.openstack.wsgi_app [None req-3a3c8e94-a5c4-4818-9d30-e3419f68a5e6 None None] block_device_allocate_retries_interval = 3 {{(pid=109201) log_opt_values /opt/stack/data/venv/lib/python3.12/site-packages/oslo_config/cfg.py:2995}}
Apr 28 20:13:08.672951 np0000171184 devstack@n-api-meta.service[109201]: DEBUG nova.api.openstack.wsgi_app [None req-3a3c8e94-a5c4-4818-9d30-e3419f68a5e6 None None] cell_worker_thread_pool_size = 5 {{(pid=109201) log_opt_values /opt/stack/data/venv/lib/python3.12/site-packages/oslo_config/cfg.py:2995}}
Apr 28 20:13:08.673103 np0000171184 devstack@n-api-meta.service[109201]: DEBUG nova.api.openstack.wsgi_app [None req-3a3c8e94-a5c4-4818-9d30-e3419f68a5e6 None None] cert = self.pem {{(pid=109201) log_opt_values /opt/stack/data/venv/lib/python3.12/site-packages/oslo_config/cfg.py:2995}}
Apr 28 20:13:08.673236 np0000171184 devstack@n-api-meta.service[109201]: DEBUG nova.api.openstack.wsgi_app [None req-3a3c8e94-a5c4-4818-9d30-e3419f68a5e6 None None] compute_driver = libvirt.LibvirtDriver {{(pid=109201) log_opt_values /opt/stack/data/venv/lib/python3.12/site-packages/oslo_config/cfg.py:2995}}
Apr 28 20:13:08.673421 np0000171184 devstack@n-api-meta.service[109201]: DEBUG nova.api.openstack.wsgi_app [None req-3a3c8e94-a5c4-4818-9d30-e3419f68a5e6 None None] compute_monitors = [] {{(pid=109201) log_opt_values /opt/stack/data/venv/lib/python3.12/site-packages/oslo_config/cfg.py:2995}}
Apr 28 20:13:08.673631 np0000171184 devstack@n-api-meta.service[109201]: DEBUG nova.api.openstack.wsgi_app [None req-3a3c8e94-a5c4-4818-9d30-e3419f68a5e6 None None] config_dir = [] {{(pid=109201) log_opt_values /opt/stack/data/venv/lib/python3.12/site-packages/oslo_config/cfg.py:2995}}
Apr 28 20:13:08.673784 np0000171184 devstack@n-api-meta.service[109201]: DEBUG nova.api.openstack.wsgi_app [None req-3a3c8e94-a5c4-4818-9d30-e3419f68a5e6 None None] config_drive_format = iso9660 {{(pid=109201) log_opt_values /opt/stack/data/venv/lib/python3.12/site-packages/oslo_config/cfg.py:2995}}
Apr 28 20:13:08.673892 np0000171184 devstack@n-api-meta.service[109201]: DEBUG nova.api.openstack.wsgi_app [None req-3a3c8e94-a5c4-4818-9d30-e3419f68a5e6 None None] config_file = ['/etc/nova/api-paste.ini', '/etc/nova/nova.conf'] {{(pid=109201) log_opt_values /opt/stack/data/venv/lib/python3.12/site-packages/oslo_config/cfg.py:2995}}
Apr 28 20:13:08.674107 np0000171184 devstack@n-api-meta.service[109201]: DEBUG nova.api.openstack.wsgi_app [None req-3a3c8e94-a5c4-4818-9d30-e3419f68a5e6 None None] config_source = [] {{(pid=109201) log_opt_values /opt/stack/data/venv/lib/python3.12/site-packages/oslo_config/cfg.py:2995}}
Apr 28 20:13:08.674288 np0000171184 devstack@n-api-meta.service[109201]: DEBUG nova.api.openstack.wsgi_app [None req-3a3c8e94-a5c4-4818-9d30-e3419f68a5e6 None None] console_host = np0000171184 {{(pid=109201) log_opt_values /opt/stack/data/venv/lib/python3.12/site-packages/oslo_config/cfg.py:2995}}
Apr 28 20:13:08.674501 np0000171184 devstack@n-api-meta.service[109201]: DEBUG nova.api.openstack.wsgi_app [None req-3a3c8e94-a5c4-4818-9d30-e3419f68a5e6 None None] control_exchange = nova {{(pid=109201) log_opt_values /opt/stack/data/venv/lib/python3.12/site-packages/oslo_config/cfg.py:2995}}
Apr 28 20:13:08.674671 np0000171184 devstack@n-api-meta.service[109201]: DEBUG nova.api.openstack.wsgi_app [None req-3a3c8e94-a5c4-4818-9d30-e3419f68a5e6 None None] cpu_allocation_ratio = None {{(pid=109201) log_opt_values /opt/stack/data/venv/lib/python3.12/site-packages/oslo_config/cfg.py:2995}}
Apr 28 20:13:08.674843 np0000171184 devstack@n-api-meta.service[109201]: DEBUG nova.api.openstack.wsgi_app [None req-3a3c8e94-a5c4-4818-9d30-e3419f68a5e6 None None] daemon = False {{(pid=109201) log_opt_values /opt/stack/data/venv/lib/python3.12/site-packages/oslo_config/cfg.py:2995}}
Apr 28 20:13:08.675025 np0000171184 devstack@n-api-meta.service[109201]: DEBUG nova.api.openstack.wsgi_app [None req-3a3c8e94-a5c4-4818-9d30-e3419f68a5e6 None None] debug = True {{(pid=109201) log_opt_values /opt/stack/data/venv/lib/python3.12/site-packages/oslo_config/cfg.py:2995}}
Apr 28 20:13:08.675260 np0000171184 devstack@n-api-meta.service[109201]: DEBUG nova.api.openstack.wsgi_app [None req-3a3c8e94-a5c4-4818-9d30-e3419f68a5e6 None None] default_access_ip_network_name = None {{(pid=109201) log_opt_values /opt/stack/data/venv/lib/python3.12/site-packages/oslo_config/cfg.py:2995}}
Apr 28 20:13:08.675446 np0000171184 devstack@n-api-meta.service[109201]: DEBUG nova.api.openstack.wsgi_app [None req-3a3c8e94-a5c4-4818-9d30-e3419f68a5e6 None None] default_availability_zone = nova {{(pid=109201) log_opt_values /opt/stack/data/venv/lib/python3.12/site-packages/oslo_config/cfg.py:2995}}
Apr 28 20:13:08.675641 np0000171184 devstack@n-api-meta.service[109201]: DEBUG nova.api.openstack.wsgi_app [None req-3a3c8e94-a5c4-4818-9d30-e3419f68a5e6 None None] default_ephemeral_format = ext4 {{(pid=109201) log_opt_values /opt/stack/data/venv/lib/python3.12/site-packages/oslo_config/cfg.py:2995}}
Apr 28 20:13:08.675821 np0000171184 devstack@n-api-meta.service[109201]: DEBUG nova.api.openstack.wsgi_app [None req-3a3c8e94-a5c4-4818-9d30-e3419f68a5e6 None None] default_green_pool_size = 1000 {{(pid=109201) log_opt_values /opt/stack/data/venv/lib/python3.12/site-packages/oslo_config/cfg.py:2995}}
Apr 28 20:13:08.676131 np0000171184 devstack@n-api-meta.service[109201]: DEBUG nova.api.openstack.wsgi_app [None req-3a3c8e94-a5c4-4818-9d30-e3419f68a5e6 None None] default_log_levels = ['amqp=WARN', 'boto=WARN', 'sqlalchemy=WARN', 'suds=INFO', 'oslo.messaging=INFO', 'oslo_messaging=INFO', 'iso8601=WARN', 'requests.packages.urllib3.connectionpool=WARN', 'urllib3.connectionpool=WARN', 'websocket=WARN', 'requests.packages.urllib3.util.retry=WARN', 'urllib3.util.retry=WARN', 'keystonemiddleware=WARN', 'routes.middleware=WARN', 'stevedore=WARN', 'taskflow=WARN', 'keystoneauth=WARN', 'oslo.cache=INFO', 'oslo_policy=INFO', 'dogpile.core.dogpile=INFO', 'glanceclient=WARN', 'oslo.privsep.daemon=INFO'] {{(pid=109201) log_opt_values /opt/stack/data/venv/lib/python3.12/site-packages/oslo_config/cfg.py:2995}}
Apr 28 20:13:08.676311 np0000171184 devstack@n-api-meta.service[109201]: DEBUG nova.api.openstack.wsgi_app [None req-3a3c8e94-a5c4-4818-9d30-e3419f68a5e6 None None] default_schedule_zone = None {{(pid=109201) log_opt_values /opt/stack/data/venv/lib/python3.12/site-packages/oslo_config/cfg.py:2995}}
Apr 28 20:13:08.676491 np0000171184 devstack@n-api-meta.service[109201]: DEBUG nova.api.openstack.wsgi_app [None req-3a3c8e94-a5c4-4818-9d30-e3419f68a5e6 None None] default_thread_pool_size = 10 {{(pid=109201) log_opt_values /opt/stack/data/venv/lib/python3.12/site-packages/oslo_config/cfg.py:2995}}
Apr 28 20:13:08.676665 np0000171184 devstack@n-api-meta.service[109201]: DEBUG nova.api.openstack.wsgi_app [None req-3a3c8e94-a5c4-4818-9d30-e3419f68a5e6 None None] disk_allocation_ratio = None {{(pid=109201) log_opt_values /opt/stack/data/venv/lib/python3.12/site-packages/oslo_config/cfg.py:2995}}
Apr 28 20:13:08.676839 np0000171184 devstack@n-api-meta.service[109201]: DEBUG nova.api.openstack.wsgi_app [None req-3a3c8e94-a5c4-4818-9d30-e3419f68a5e6 None None] enable_new_services = True {{(pid=109201) log_opt_values /opt/stack/data/venv/lib/python3.12/site-packages/oslo_config/cfg.py:2995}}
Apr 28 20:13:08.677018 np0000171184 devstack@n-api-meta.service[109201]: DEBUG nova.api.openstack.wsgi_app [None req-3a3c8e94-a5c4-4818-9d30-e3419f68a5e6 None None] flat_injected = False {{(pid=109201) log_opt_values /opt/stack/data/venv/lib/python3.12/site-packages/oslo_config/cfg.py:2995}}
Apr 28 20:13:08.677375 np0000171184 devstack@n-api-meta.service[109201]: DEBUG nova.api.openstack.wsgi_app [None req-3a3c8e94-a5c4-4818-9d30-e3419f68a5e6 None None] force_config_drive = False {{(pid=109201) log_opt_values /opt/stack/data/venv/lib/python3.12/site-packages/oslo_config/cfg.py:2995}}
Apr 28 20:13:08.677569 np0000171184 devstack@n-api-meta.service[109201]: DEBUG nova.api.openstack.wsgi_app [None req-3a3c8e94-a5c4-4818-9d30-e3419f68a5e6 None None] force_raw_images = True {{(pid=109201) log_opt_values /opt/stack/data/venv/lib/python3.12/site-packages/oslo_config/cfg.py:2995}}
Apr 28 20:13:08.677968 np0000171184 devstack@n-api-meta.service[109201]: DEBUG nova.api.openstack.wsgi_app [None req-3a3c8e94-a5c4-4818-9d30-e3419f68a5e6 None None] graceful_shutdown_timeout = 5 {{(pid=109201) log_opt_values /opt/stack/data/venv/lib/python3.12/site-packages/oslo_config/cfg.py:2995}}
Apr 28 20:13:08.678198 np0000171184 devstack@n-api-meta.service[109201]: DEBUG nova.api.openstack.wsgi_app [None req-3a3c8e94-a5c4-4818-9d30-e3419f68a5e6 None None] heal_instance_info_cache_interval = -1 {{(pid=109201) log_opt_values /opt/stack/data/venv/lib/python3.12/site-packages/oslo_config/cfg.py:2995}}
Apr 28 20:13:08.678455 np0000171184 devstack@n-api-meta.service[109201]: DEBUG nova.api.openstack.wsgi_app [None req-3a3c8e94-a5c4-4818-9d30-e3419f68a5e6 None None] host = np0000171184 {{(pid=109201) log_opt_values /opt/stack/data/venv/lib/python3.12/site-packages/oslo_config/cfg.py:2995}}
Apr 28 20:13:08.678653 np0000171184 devstack@n-api-meta.service[109201]: DEBUG nova.api.openstack.wsgi_app [None req-3a3c8e94-a5c4-4818-9d30-e3419f68a5e6 None None] initial_cpu_allocation_ratio = 4.0 {{(pid=109201) log_opt_values /opt/stack/data/venv/lib/python3.12/site-packages/oslo_config/cfg.py:2995}}
Apr 28 20:13:08.678843 np0000171184 devstack@n-api-meta.service[109201]: DEBUG nova.api.openstack.wsgi_app [None req-3a3c8e94-a5c4-4818-9d30-e3419f68a5e6 None None] initial_disk_allocation_ratio = 1.0 {{(pid=109201) log_opt_values /opt/stack/data/venv/lib/python3.12/site-packages/oslo_config/cfg.py:2995}}
Apr 28 20:13:08.679018 np0000171184 devstack@n-api-meta.service[109201]: DEBUG nova.api.openstack.wsgi_app [None req-3a3c8e94-a5c4-4818-9d30-e3419f68a5e6 None None] initial_ram_allocation_ratio = 1.0 {{(pid=109201) log_opt_values /opt/stack/data/venv/lib/python3.12/site-packages/oslo_config/cfg.py:2995}}
Apr 28 20:13:08.679202 np0000171184 devstack@n-api-meta.service[109200]: DEBUG oslo_db.sqlalchemy.engines [None req-197692d8-aa08-4ae9-adc4-d962df1dd3a0 None None] MySQL server mode set to STRICT_TRANS_TABLES,STRICT_ALL_TABLES,NO_ZERO_IN_DATE,NO_ZERO_DATE,ERROR_FOR_DIVISION_BY_ZERO,TRADITIONAL,NO_ENGINE_SUBSTITUTION {{(pid=109200) _check_effective_sql_mode /opt/stack/data/venv/lib/python3.12/site-packages/oslo_db/sqlalchemy/engines.py:325}}
Apr 28 20:13:08.679284 np0000171184 devstack@n-api-meta.service[109201]: DEBUG nova.api.openstack.wsgi_app [None req-3a3c8e94-a5c4-4818-9d30-e3419f68a5e6 None None] injected_network_template = /opt/stack/nova/nova/virt/interfaces.template {{(pid=109201) log_opt_values /opt/stack/data/venv/lib/python3.12/site-packages/oslo_config/cfg.py:2995}}
Apr 28 20:13:08.679479 np0000171184 devstack@n-api-meta.service[109201]: DEBUG nova.api.openstack.wsgi_app [None req-3a3c8e94-a5c4-4818-9d30-e3419f68a5e6 None None] instance_build_timeout = 0 {{(pid=109201) log_opt_values /opt/stack/data/venv/lib/python3.12/site-packages/oslo_config/cfg.py:2995}}
Apr 28 20:13:08.679670 np0000171184 devstack@n-api-meta.service[109201]: DEBUG nova.api.openstack.wsgi_app [None req-3a3c8e94-a5c4-4818-9d30-e3419f68a5e6 None None] instance_delete_interval = 300 {{(pid=109201) log_opt_values /opt/stack/data/venv/lib/python3.12/site-packages/oslo_config/cfg.py:2995}}
Apr 28 20:13:08.679857 np0000171184 devstack@n-api-meta.service[109201]: DEBUG nova.api.openstack.wsgi_app [None req-3a3c8e94-a5c4-4818-9d30-e3419f68a5e6 None None] instance_format = [instance: %(uuid)s] {{(pid=109201) log_opt_values /opt/stack/data/venv/lib/python3.12/site-packages/oslo_config/cfg.py:2995}}
Apr 28 20:13:08.680058 np0000171184 devstack@n-api-meta.service[109201]: DEBUG nova.api.openstack.wsgi_app [None req-3a3c8e94-a5c4-4818-9d30-e3419f68a5e6 None None] instance_name_template = instance-%08x {{(pid=109201) log_opt_values /opt/stack/data/venv/lib/python3.12/site-packages/oslo_config/cfg.py:2995}}
Apr 28 20:13:08.680252 np0000171184 devstack@n-api-meta.service[109201]: DEBUG nova.api.openstack.wsgi_app [None req-3a3c8e94-a5c4-4818-9d30-e3419f68a5e6 None None] instance_usage_audit = False {{(pid=109201) log_opt_values /opt/stack/data/venv/lib/python3.12/site-packages/oslo_config/cfg.py:2995}}
Apr 28 20:13:08.680449 np0000171184 devstack@n-api-meta.service[109201]: DEBUG nova.api.openstack.wsgi_app [None req-3a3c8e94-a5c4-4818-9d30-e3419f68a5e6 None None] instance_usage_audit_period = month {{(pid=109201) log_opt_values /opt/stack/data/venv/lib/python3.12/site-packages/oslo_config/cfg.py:2995}}
Apr 28 20:13:08.680641 np0000171184 devstack@n-api-meta.service[109201]: DEBUG nova.api.openstack.wsgi_app [None req-3a3c8e94-a5c4-4818-9d30-e3419f68a5e6 None None] instance_uuid_format = [instance: %(uuid)s] {{(pid=109201) log_opt_values /opt/stack/data/venv/lib/python3.12/site-packages/oslo_config/cfg.py:2995}}
Apr 28 20:13:08.680869 np0000171184 devstack@n-api-meta.service[109201]: DEBUG nova.api.openstack.wsgi_app [None req-3a3c8e94-a5c4-4818-9d30-e3419f68a5e6 None None] instances_path = /opt/stack/data/nova/instances {{(pid=109201) log_opt_values /opt/stack/data/venv/lib/python3.12/site-packages/oslo_config/cfg.py:2995}}
Apr 28 20:13:08.681068 np0000171184 devstack@n-api-meta.service[109201]: DEBUG nova.api.openstack.wsgi_app [None req-3a3c8e94-a5c4-4818-9d30-e3419f68a5e6 None None] internal_service_availability_zone = internal {{(pid=109201) log_opt_values /opt/stack/data/venv/lib/python3.12/site-packages/oslo_config/cfg.py:2995}}
