Apr 28 20:16:34.796079 np0000171184 devstack@neutron-api.service[104080]: DEBUG neutron.plugins.ml2.drivers.ovn.mech_driver.ovsdb.maintenance [-] Touching Hash Ring node "223e6ff2eb045ac485654b34fbe1117a" from periodic health check thread {{(pid=104080) touch_hash_ring_node /opt/stack/neutron/neutron/plugins/ml2/drivers/ovn/mech_driver/ovsdb/maintenance.py:1449}}
Apr 28 20:16:34.881248 np0000171184 devstack@neutron-api.service[104077]: DEBUG futurist.periodics [-] Submitting periodic callback 'neutron.plugins.ml2.drivers.ovn.mech_driver.ovsdb.maintenance.HashRingHealthCheckPeriodics.touch_hash_ring_node' {{(pid=104077) _process_scheduled /opt/stack/data/venv/lib/python3.12/site-packages/futurist/periodics.py:784}}
Apr 28 20:16:34.881774 np0000171184 devstack@neutron-api.service[104077]: DEBUG neutron.plugins.ml2.drivers.ovn.mech_driver.ovsdb.maintenance [-] Touching Hash Ring node "2672c42cf43b58afa3bfe9178fcf66ca" from periodic health check thread {{(pid=104077) touch_hash_ring_node /opt/stack/neutron/neutron/plugins/ml2/drivers/ovn/mech_driver/ovsdb/maintenance.py:1449}}
Apr 28 20:16:35.075847 np0000171184 devstack@neutron-api.service[104078]: DEBUG neutron.pecan_wsgi.hooks.policy_enforcement [None req-e0c8efc6-8bed-43ef-9419-553a633e0571 service neutron] Attributes excluded by policy engine: ['standard_attr_id', 'shared'] {{(pid=104078) _exclude_attributes_by_policy /opt/stack/neutron/neutron/pecan_wsgi/hooks/policy_enforcement.py:256}}
Apr 28 20:16:35.075847 np0000171184 devstack@neutron-api.service[104078]: [pid: 104078|app: 0|req: 27/107] 199.19.213.18 () {64 vars in 1360 bytes} [Tue Apr 28 20:16:35 2026] GET /networking/v2.0/subnets/7c22c44e-03e1-475e-bcc8-21207b1a05f6 => generated 625 bytes in 23 msecs (HTTP/1.1 200) 4 headers in 157 bytes (1 switches on core 0)
Apr 28 20:16:44.547908 np0000171184 devstack@neutron-api.service[104079]: DEBUG dbcounter [-] [104079] Writing DB stats neutron:UPDATE=2,neutron:SELECT=50,neutron:INSERT=1 {{(pid=104079) stat_writer /opt/stack/data/venv/lib/python3.12/site-packages/dbcounter.py:115}}
Apr 28 20:16:44.806786 np0000171184 devstack@neutron-api.service[104080]: DEBUG dbcounter [-] [104080] Writing DB stats neutron:UPDATE=17,neutron:SELECT=199,neutron:INSERT=29,neutron:DELETE=2 {{(pid=104080) stat_writer /opt/stack/data/venv/lib/python3.12/site-packages/dbcounter.py:115}}
Apr 28 20:16:44.902643 np0000171184 devstack@neutron-api.service[104077]: DEBUG dbcounter [-] [104077] Writing DB stats neutron:UPDATE=12,neutron:SELECT=185,neutron:INSERT=11,neutron:DELETE=2 {{(pid=104077) stat_writer /opt/stack/data/venv/lib/python3.12/site-packages/dbcounter.py:115}}
Apr 28 20:16:45.072757 np0000171184 devstack@neutron-api.service[104078]: DEBUG dbcounter [-] [104078] Writing DB stats neutron:UPDATE=10,neutron:SELECT=383,neutron:INSERT=11,neutron:DELETE=3 {{(pid=104078) stat_writer /opt/stack/data/venv/lib/python3.12/site-packages/dbcounter.py:115}}
Apr 28 20:16:47.579125 np0000171184 devstack@neutron-api.service[104077]: DEBUG neutron.pecan_wsgi.hooks.policy_enforcement [None req-03ce9ff9-2a71-4355-9d76-3fca64368b81 demo demo] Attributes excluded by policy engine: ['standard_attr_id', 'provider:network_type', 'provider:physical_network', 'provider:segmentation_id'] {{(pid=104077) _exclude_attributes_by_policy /opt/stack/neutron/neutron/pecan_wsgi/hooks/policy_enforcement.py:256}}
Apr 28 20:16:47.579782 np0000171184 devstack@neutron-api.service[104077]: [pid: 104077|app: 0|req: 27/108] 199.19.213.18 () {64 vars in 1297 bytes} [Tue Apr 28 20:16:47 2026] GET /networking/v2.0/networks?router%3Aexternal=True => generated 659 bytes in 62 msecs (HTTP/1.1 200) 4 headers in 157 bytes (1 switches on core 0)
Apr 28 20:16:48.833148 np0000171184 devstack@neutron-api.service[104079]: DEBUG futurist.periodics [-] Submitting periodic callback 'neutron.plugins.ml2.drivers.ovn.mech_driver.ovsdb.maintenance.HashRingHealthCheckPeriodics.touch_hash_ring_node' {{(pid=104079) _process_scheduled /opt/stack/data/venv/lib/python3.12/site-packages/futurist/periodics.py:784}}
Apr 28 20:16:48.833768 np0000171184 devstack@neutron-api.service[104079]: DEBUG neutron.plugins.ml2.drivers.ovn.mech_driver.ovsdb.maintenance [-] Touching Hash Ring node "0caae07313bd5bb9b3175d5640a72f88" from periodic health check thread {{(pid=104079) touch_hash_ring_node /opt/stack/neutron/neutron/plugins/ml2/drivers/ovn/mech_driver/ovsdb/maintenance.py:1449}}
Apr 28 20:16:49.747589 np0000171184 devstack@neutron-api.service[104078]: DEBUG futurist.periodics [-] Submitting periodic callback 'neutron.plugins.ml2.drivers.ovn.mech_driver.ovsdb.maintenance.HashRingHealthCheckPeriodics.touch_hash_ring_node' {{(pid=104078) _process_scheduled /opt/stack/data/venv/lib/python3.12/site-packages/futurist/periodics.py:784}}
Apr 28 20:16:49.748289 np0000171184 devstack@neutron-api.service[104078]: DEBUG neutron.plugins.ml2.drivers.ovn.mech_driver.ovsdb.maintenance [-] Touching Hash Ring node "4ddc248237005cbd8ed3f4c1172088b3" from periodic health check thread {{(pid=104078) touch_hash_ring_node /opt/stack/neutron/neutron/plugins/ml2/drivers/ovn/mech_driver/ovsdb/maintenance.py:1449}}
Apr 28 20:16:49.794948 np0000171184 devstack@neutron-api.service[104080]: DEBUG futurist.periodics [-] Submitting periodic callback 'neutron.plugins.ml2.drivers.ovn.mech_driver.ovsdb.maintenance.HashRingHealthCheckPeriodics.touch_hash_ring_node' {{(pid=104080) _process_scheduled /opt/stack/data/venv/lib/python3.12/site-packages/futurist/periodics.py:784}}
Apr 28 20:16:49.795702 np0000171184 devstack@neutron-api.service[104080]: DEBUG neutron.plugins.ml2.drivers.ovn.mech_driver.ovsdb.maintenance [-] Touching Hash Ring node "223e6ff2eb045ac485654b34fbe1117a" from periodic health check thread {{(pid=104080) touch_hash_ring_node /opt/stack/neutron/neutron/plugins/ml2/drivers/ovn/mech_driver/ovsdb/maintenance.py:1449}}
Apr 28 20:16:49.882012 np0000171184 devstack@neutron-api.service[104077]: DEBUG futurist.periodics [-] Submitting periodic callback 'neutron.plugins.ml2.drivers.ovn.mech_driver.ovsdb.maintenance.HashRingHealthCheckPeriodics.touch_hash_ring_node' {{(pid=104077) _process_scheduled /opt/stack/data/venv/lib/python3.12/site-packages/futurist/periodics.py:784}}
Apr 28 20:16:49.882637 np0000171184 devstack@neutron-api.service[104077]: DEBUG neutron.plugins.ml2.drivers.ovn.mech_driver.ovsdb.maintenance [-] Touching Hash Ring node "2672c42cf43b58afa3bfe9178fcf66ca" from periodic health check thread {{(pid=104077) touch_hash_ring_node /opt/stack/neutron/neutron/plugins/ml2/drivers/ovn/mech_driver/ovsdb/maintenance.py:1449}}
Apr 28 20:16:52.327839 np0000171184 devstack@neutron-api.service[104080]: DEBUG neutron.pecan_wsgi.hooks.policy_enforcement [None req-9baa6b26-7faf-4c10-9505-8b5376c06410 demo demo] Attributes excluded by policy engine: ['standard_attr_id', 'provider:network_type', 'provider:physical_network', 'provider:segmentation_id'] {{(pid=104080) _exclude_attributes_by_policy /opt/stack/neutron/neutron/pecan_wsgi/hooks/policy_enforcement.py:256}}
Apr 28 20:16:52.328497 np0000171184 devstack@neutron-api.service[104080]: [pid: 104080|app: 0|req: 27/109] 199.19.213.18 () {64 vars in 1297 bytes} [Tue Apr 28 20:16:52 2026] GET /networking/v2.0/networks?router%3Aexternal=True => generated 659 bytes in 55 msecs (HTTP/1.1 200) 4 headers in 157 bytes (1 switches on core 0)
Apr 28 20:16:58.844023 np0000171184 devstack@neutron-api.service[104079]: DEBUG dbcounter [-] [104079] Writing DB stats neutron:UPDATE=1,neutron:SELECT=1 {{(pid=104079) stat_writer /opt/stack/data/venv/lib/python3.12/site-packages/dbcounter.py:115}}
Apr 28 20:16:59.757753 np0000171184 devstack@neutron-api.service[104078]: DEBUG dbcounter [-] [104078] Writing DB stats neutron:UPDATE=1,neutron:SELECT=1 {{(pid=104078) stat_writer /opt/stack/data/venv/lib/python3.12/site-packages/dbcounter.py:115}}
Apr 28 20:16:59.892018 np0000171184 devstack@neutron-api.service[104077]: DEBUG dbcounter [-] [104077] Writing DB stats neutron:SELECT=18,neutron:UPDATE=1 {{(pid=104077) stat_writer /opt/stack/data/venv/lib/python3.12/site-packages/dbcounter.py:115}}
Apr 28 20:17:00.119810 np0000171184 devstack@neutron-api.service[104079]: DEBUG neutron.pecan_wsgi.hooks.policy_enforcement [None req-ceddf505-d584-4e4a-ad88-dae67e6889d5 demo demo] Attributes excluded by policy engine: ['standard_attr_id', 'provider:network_type', 'provider:physical_network', 'provider:segmentation_id'] {{(pid=104079) _exclude_attributes_by_policy /opt/stack/neutron/neutron/pecan_wsgi/hooks/policy_enforcement.py:256}}
Apr 28 20:17:00.120440 np0000171184 devstack@neutron-api.service[104079]: [pid: 104079|app: 0|req: 29/110] 199.19.213.18 () {64 vars in 1321 bytes} [Tue Apr 28 20:16:59 2026] GET /networking/v2.0/networks?name=public&router%3Aexternal=True => generated 659 bytes in 247 msecs (HTTP/1.1 200) 4 headers in 157 bytes (1 switches on core 0)
Apr 28 20:17:00.733315 np0000171184 devstack@neutron-api.service[104078]: [pid: 104078|app: 0|req: 28/111] 199.19.213.18 () {64 vars in 1261 bytes} [Tue Apr 28 20:17:00 2026] GET /networking/ => generated 129 bytes in 3 msecs (HTTP/1.1 200) 3 headers in 91 bytes (1 switches on core 0)
Apr 28 20:17:00.873661 np0000171184 devstack@neutron-api.service[104077]: DEBUG neutron.pecan_wsgi.hooks.policy_enforcement [None req-a1ae703c-9895-40d1-adba-321baa06909f demo demo] Attributes excluded by policy engine: ['standard_attr_id', 'provider:network_type', 'provider:physical_network', 'provider:segmentation_id'] {{(pid=104077) _exclude_attributes_by_policy /opt/stack/neutron/neutron/pecan_wsgi/hooks/policy_enforcement.py:256}}
Apr 28 20:17:00.874665 np0000171184 devstack@neutron-api.service[104077]: [pid: 104077|app: 0|req: 28/112] 199.19.213.18 () {64 vars in 1410 bytes} [Tue Apr 28 20:17:00 2026] GET /networking/v2.0/networks/5be03a44-329f-4ab2-91fb-6bff9e38f58a => generated 656 bytes in 136 msecs (HTTP/1.1 200) 4 headers in 157 bytes (1 switches on core 0)
Apr 28 20:17:00.905432 np0000171184 devstack@neutron-api.service[104080]: [pid: 104080|app: 0|req: 28/113] 199.19.213.18 () {64 vars in 1404 bytes} [Tue Apr 28 20:17:00 2026] GET /networking/v2.0/networks?name=k8s-clusterapi-cluster-magnum-system-kube-uhpia => generated 15 bytes in 22 msecs (HTTP/1.1 200) 4 headers in 156 bytes (1 switches on core 0)
Apr 28 20:17:00.922080 np0000171184 devstack@neutron-api.service[104079]: DEBUG neutron.api.v2.base [None req-eb8d7de1-fe9a-455a-a520-13ec7f75af08 demo demo] Request body: {'network': {'admin_state_up': True, 'name': 'k8s-clusterapi-cluster-magnum-system-kube-uhpia'}} {{(pid=104079) prepare_request_body /opt/stack/neutron/neutron/api/v2/base.py:727}}
Apr 28 20:17:00.948242 np0000171184 devstack@neutron-api.service[104079]: DEBUG neutron.pecan_wsgi.hooks.quota_enforcement [None req-eb8d7de1-fe9a-455a-a520-13ec7f75af08 demo demo] Made reservation on behalf of a179810d3afd4fe2ac88e7aafc0bb9d7 for: {'network': 1} {{(pid=104079) before /opt/stack/neutron/neutron/pecan_wsgi/hooks/quota_enforcement.py:66}}
Apr 28 20:17:00.953882 np0000171184 devstack@neutron-api.service[104079]: DEBUG neutron_lib.callbacks.manager [None req-eb8d7de1-fe9a-455a-a520-13ec7f75af08 demo demo] Publish callbacks ['neutron.plugins.ml2.plugin.SecurityGroupDbMixin._ensure_default_security_group_handler-32540097'] for network (None), before_create {{(pid=104079) _notify_loop /opt/stack/data/venv/lib/python3.12/site-packages/neutron_lib/callbacks/manager.py:184}}
Apr 28 20:17:00.965902 np0000171184 devstack@neutron-api.service[104079]: DEBUG neutron_lib.callbacks.manager [None req-eb8d7de1-fe9a-455a-a520-13ec7f75af08 demo demo] Publish callbacks [] for security_group (None), before_create {{(pid=104079) _notify_loop /opt/stack/data/venv/lib/python3.12/site-packages/neutron_lib/callbacks/manager.py:184}}
Apr 28 20:17:01.036273 np0000171184 devstack@neutron-api.service[104079]: DEBUG neutron_lib.callbacks.manager [None req-eb8d7de1-fe9a-455a-a520-13ec7f75af08 demo demo] Publish callbacks ['neutron.plugins.ml2.drivers.ovn.mech_driver.mech_driver.OVNMechanismDriver._create_security_group_precommit-314753'] for security_group (e69726e6-6cc0-44e5-8c70-02bc8b428227), precommit_create {{(pid=104079) _notify_loop /opt/stack/data/venv/lib/python3.12/site-packages/neutron_lib/callbacks/manager.py:184}}
Apr 28 20:17:01.036515 np0000171184 devstack@neutron-api.service[104079]: DEBUG neutron.db.ovn_revision_numbers_db [None req-eb8d7de1-fe9a-455a-a520-13ec7f75af08 demo demo] create_initial_revision uuid=e69726e6-6cc0-44e5-8c70-02bc8b428227, type=security_groups, rev=-1 {{(pid=104079) create_initial_revision /opt/stack/neutron/neutron/db/ovn_revision_numbers_db.py:98}}
Apr 28 20:17:01.037838 np0000171184 devstack@neutron-api.service[104079]: DEBUG neutron.db.ovn_revision_numbers_db [None req-eb8d7de1-fe9a-455a-a520-13ec7f75af08 demo demo] create_initial_revision uuid=413d54b1-1f3e-4332-a402-27584f081585, type=security_group_rules, rev=-1 {{(pid=104079) create_initial_revision /opt/stack/neutron/neutron/db/ovn_revision_numbers_db.py:98}}
Apr 28 20:17:01.038976 np0000171184 devstack@neutron-api.service[104079]: DEBUG neutron.db.ovn_revision_numbers_db [None req-eb8d7de1-fe9a-455a-a520-13ec7f75af08 demo demo] create_initial_revision uuid=51db3452-ca63-4c11-84e8-eee6b808d9da, type=security_group_rules, rev=-1 {{(pid=104079) create_initial_revision /opt/stack/neutron/neutron/db/ovn_revision_numbers_db.py:98}}
Apr 28 20:17:01.040164 np0000171184 devstack@neutron-api.service[104079]: DEBUG neutron.db.ovn_revision_numbers_db [None req-eb8d7de1-fe9a-455a-a520-13ec7f75af08 demo demo] create_initial_revision uuid=d9b6c0ca-373c-4266-a1fa-0e7c003b972e, type=security_group_rules, rev=-1 {{(pid=104079) create_initial_revision /opt/stack/neutron/neutron/db/ovn_revision_numbers_db.py:98}}
Apr 28 20:17:01.041416 np0000171184 devstack@neutron-api.service[104079]: DEBUG neutron.db.ovn_revision_numbers_db [None req-eb8d7de1-fe9a-455a-a520-13ec7f75af08 demo demo] create_initial_revision uuid=dd4d3780-fd76-4e6c-aca3-a9c5bb518c1e, type=security_group_rules, rev=-1 {{(pid=104079) create_initial_revision /opt/stack/neutron/neutron/db/ovn_revision_numbers_db.py:98}}
Apr 28 20:17:01.048582 np0000171184 devstack@neutron-api.service[104079]: DEBUG neutron_lib.callbacks.manager [None req-eb8d7de1-fe9a-455a-a520-13ec7f75af08 demo demo] Publish callbacks ['neutron.plugins.ml2.drivers.ovn.mech_driver.mech_driver.OVNMechanismDriver._create_security_group-314775', 'neutron.plugins.ml2.ovo_rpc._ObjectChangeHandler.handle_event-1133223'] for security_group (e69726e6-6cc0-44e5-8c70-02bc8b428227), after_create {{(pid=104079) _notify_loop /opt/stack/data/venv/lib/python3.12/site-packages/neutron_lib/callbacks/manager.py:184}}
Apr 28 20:17:01.049406 np0000171184 devstack@neutron-api.service[104079]: DEBUG ovsdbapp.backend.ovs_idl.transaction [None req-af2b1a4f-0617-4673-9667-f59ffbc3ef1e None None] Running txn n=1 command(idx=0): PgAddCommand(_result=None, name=pg_e69726e6_6cc0_44e5_8c70_02bc8b428227, may_exist=False, columns={'acls': [], 'external_ids': {'neutron:security_group_id': 'e69726e6-6cc0-44e5-8c70-02bc8b428227'}}) {{(pid=104079) do_commit /opt/stack/data/venv/lib/python3.12/site-packages/ovsdbapp/backend/ovs_idl/transaction.py:89}}
Apr 28 20:17:01.049802 np0000171184 devstack@neutron-api.service[104079]: DEBUG ovsdbapp.backend.ovs_idl.transaction [None req-af2b1a4f-0617-4673-9667-f59ffbc3ef1e None None] Running txn n=1 command(idx=1): PgAclAddCommand(_result=None, entity=pg_e69726e6_6cc0_44e5_8c70_02bc8b428227, direction=to-lport, priority=1002, match=outport == @pg_e69726e6_6cc0_44e5_8c70_02bc8b428227 && ip4 && ip4.src == $pg_e69726e6_6cc0_44e5_8c70_02bc8b428227_ip4, action=allow-related, log=False, may_exist=True, severity=[], name=[], meter=[], external_ids={'neutron:security_group_rule_id': '413d54b1-1f3e-4332-a402-27584f081585'}) {{(pid=104079) do_commit /opt/stack/data/venv/lib/python3.12/site-packages/ovsdbapp/backend/ovs_idl/transaction.py:89}}
Apr 28 20:17:01.050241 np0000171184 devstack@neutron-api.service[104079]: DEBUG ovsdbapp.backend.ovs_idl.transaction [None req-af2b1a4f-0617-4673-9667-f59ffbc3ef1e None None] Running txn n=1 command(idx=2): PgAclAddCommand(_result=None, entity=pg_e69726e6_6cc0_44e5_8c70_02bc8b428227, direction=from-lport, priority=1002, match=inport == @pg_e69726e6_6cc0_44e5_8c70_02bc8b428227 && ip4, action=allow-related, log=False, may_exist=True, severity=[], name=[], meter=[], external_ids={'neutron:security_group_rule_id': '51db3452-ca63-4c11-84e8-eee6b808d9da'}) {{(pid=104079) do_commit /opt/stack/data/venv/lib/python3.12/site-packages/ovsdbapp/backend/ovs_idl/transaction.py:89}}
Apr 28 20:17:01.050584 np0000171184 devstack@neutron-api.service[104079]: DEBUG ovsdbapp.backend.ovs_idl.transaction [None req-af2b1a4f-0617-4673-9667-f59ffbc3ef1e None None] Running txn n=1 command(idx=3): PgAclAddCommand(_result=None, entity=pg_e69726e6_6cc0_44e5_8c70_02bc8b428227, direction=to-lport, priority=1002, match=outport == @pg_e69726e6_6cc0_44e5_8c70_02bc8b428227 && ip6 && ip6.src == $pg_e69726e6_6cc0_44e5_8c70_02bc8b428227_ip6, action=allow-related, log=False, may_exist=True, severity=[], name=[], meter=[], external_ids={'neutron:security_group_rule_id': 'd9b6c0ca-373c-4266-a1fa-0e7c003b972e'}) {{(pid=104079) do_commit /opt/stack/data/venv/lib/python3.12/site-packages/ovsdbapp/backend/ovs_idl/transaction.py:89}}
Apr 28 20:17:01.050925 np0000171184 devstack@neutron-api.service[104079]: DEBUG ovsdbapp.backend.ovs_idl.transaction [None req-af2b1a4f-0617-4673-9667-f59ffbc3ef1e None None] Running txn n=1 command(idx=4): PgAclAddCommand(_result=None, entity=pg_e69726e6_6cc0_44e5_8c70_02bc8b428227, direction=from-lport, priority=1002, match=inport == @pg_e69726e6_6cc0_44e5_8c70_02bc8b428227 && ip6, action=allow-related, log=False, may_exist=True, severity=[], name=[], meter=[], external_ids={'neutron:security_group_rule_id': 'dd4d3780-fd76-4e6c-aca3-a9c5bb518c1e'}) {{(pid=104079) do_commit /opt/stack/data/venv/lib/python3.12/site-packages/ovsdbapp/backend/ovs_idl/transaction.py:89}}
Apr 28 20:17:01.060242 np0000171184 devstack@neutron-api.service[104078]: DEBUG neutron.plugins.ml2.drivers.ovn.mech_driver.ovsdb.ovsdb_monitor [None req-b5b131a5-3c67-411d-9225-d5b9f235a785 None None] Touching Hash Ring node "4ddc248237005cbd8ed3f4c1172088b3" from IDL notify handler {{(pid=104078) notify /opt/stack/neutron/neutron/plugins/ml2/drivers/ovn/mech_driver/ovsdb/ovsdb_monitor.py:906}}
Apr 28 20:17:01.061508 np0000171184 devstack@neutron-api.service[104079]: DEBUG neutron.plugins.ml2.drivers.ovn.mech_driver.ovsdb.ovsdb_monitor [None req-af2b1a4f-0617-4673-9667-f59ffbc3ef1e None None] Touching Hash Ring node "0caae07313bd5bb9b3175d5640a72f88" from IDL notify handler {{(pid=104079) notify /opt/stack/neutron/neutron/plugins/ml2/drivers/ovn/mech_driver/ovsdb/ovsdb_monitor.py:906}}
Apr 28 20:17:01.064418 np0000171184 devstack@neutron-api.service[104080]: DEBUG neutron.plugins.ml2.drivers.ovn.mech_driver.ovsdb.ovsdb_monitor [None req-0155deba-09d5-42cd-bb32-c97b8ea192a9 None None] Touching Hash Ring node "223e6ff2eb045ac485654b34fbe1117a" from IDL notify handler {{(pid=104080) notify /opt/stack/neutron/neutron/plugins/ml2/drivers/ovn/mech_driver/ovsdb/ovsdb_monitor.py:906}}
Apr 28 20:17:01.070289 np0000171184 devstack@neutron-api.service[104079]: DEBUG neutron.plugins.ml2.drivers.ovn.mech_driver.ovsdb.ovsdb_monitor [None req-af2b1a4f-0617-4673-9667-f59ffbc3ef1e None None] Hash Ring: Node 0caae07313bd5bb9b3175d5640a72f88 (host: np0000171184) handling event "create" for row 1343fc85-cb4e-4d34-9d72-3f846369052c (table: ACL) {{(pid=104079) notify /opt/stack/neutron/neutron/plugins/ml2/drivers/ovn/mech_driver/ovsdb/ovsdb_monitor.py:914}}
Apr 28 20:17:01.071600 np0000171184 devstack@neutron-api.service[104079]: DEBUG neutron.plugins.ml2.drivers.ovn.mech_driver.ovsdb.ovsdb_monitor [None req-af2b1a4f-0617-4673-9667-f59ffbc3ef1e None None] Touching Hash Ring node "0caae07313bd5bb9b3175d5640a72f88" from IDL notify handler {{(pid=104079) notify /opt/stack/neutron/neutron/plugins/ml2/drivers/ovn/mech_driver/ovsdb/ovsdb_monitor.py:906}}
Apr 28 20:17:01.072428 np0000171184 devstack@neutron-api.service[104078]: DEBUG neutron.plugins.ml2.drivers.ovn.mech_driver.ovsdb.ovsdb_monitor [None req-b5b131a5-3c67-411d-9225-d5b9f235a785 None None] Hash Ring: Node 4ddc248237005cbd8ed3f4c1172088b3 (host: np0000171184) handling event "create" for row da701a84-0909-4b9c-ba28-9d9195281456 (table: ACL) {{(pid=104078) notify /opt/stack/neutron/neutron/plugins/ml2/drivers/ovn/mech_driver/ovsdb/ovsdb_monitor.py:914}}
Apr 28 20:17:01.074021 np0000171184 devstack@neutron-api.service[104080]: DEBUG neutron.plugins.ml2.drivers.ovn.mech_driver.ovsdb.ovsdb_monitor [None req-0155deba-09d5-42cd-bb32-c97b8ea192a9 None None] Hash Ring: Node 223e6ff2eb045ac485654b34fbe1117a (host: np0000171184) handling event "create" for row 94f414c7-ba41-4e4a-9c77-5d150f64c680 (table: Port_Group) {{(pid=104080) notify /opt/stack/neutron/neutron/plugins/ml2/drivers/ovn/mech_driver/ovsdb/ovsdb_monitor.py:914}}
Apr 28 20:17:01.074121 np0000171184 devstack@neutron-api.service[104079]: DEBUG neutron.plugins.ml2.drivers.ovn.mech_driver.ovsdb.ovsdb_monitor [None req-af2b1a4f-0617-4673-9667-f59ffbc3ef1e None None] Hash Ring: Node 0caae07313bd5bb9b3175d5640a72f88 (host: np0000171184) handling event "create" for row 563400bd-19bf-4387-8b46-70342d543cde (table: ACL) {{(pid=104079) notify /opt/stack/neutron/neutron/plugins/ml2/drivers/ovn/mech_driver/ovsdb/ovsdb_monitor.py:914}}
Apr 28 20:17:01.074996 np0000171184 devstack@neutron-api.service[104079]: DEBUG neutron.plugins.ml2.drivers.ovn.mech_driver.ovsdb.ovsdb_monitor [None req-af2b1a4f-0617-4673-9667-f59ffbc3ef1e None None] Touching Hash Ring node "0caae07313bd5bb9b3175d5640a72f88" from IDL notify handler {{(pid=104079) notify /opt/stack/neutron/neutron/plugins/ml2/drivers/ovn/mech_driver/ovsdb/ovsdb_monitor.py:906}}
Apr 28 20:17:01.077396 np0000171184 devstack@neutron-api.service[104079]: DEBUG neutron.plugins.ml2.drivers.ovn.mech_driver.ovsdb.ovsdb_monitor [None req-af2b1a4f-0617-4673-9667-f59ffbc3ef1e None None] Hash Ring: Node 0caae07313bd5bb9b3175d5640a72f88 (host: np0000171184) handling event "create" for row 6523be09-0169-45b5-a0d9-3f74aca63e03 (table: ACL) {{(pid=104079) notify /opt/stack/neutron/neutron/plugins/ml2/drivers/ovn/mech_driver/ovsdb/ovsdb_monitor.py:914}}
Apr 28 20:17:01.096958 np0000171184 devstack@neutron-api.service[104079]: INFO neutron.db.ovn_revision_numbers_db [None req-eb8d7de1-fe9a-455a-a520-13ec7f75af08 demo demo] Successfully bumped revision number for resource e69726e6-6cc0-44e5-8c70-02bc8b428227 (type: security_groups) to 1
Apr 28 20:17:01.110368 np0000171184 devstack@neutron-api.service[104079]: INFO neutron.db.ovn_revision_numbers_db [None req-eb8d7de1-fe9a-455a-a520-13ec7f75af08 demo demo] Successfully bumped revision number for resource 413d54b1-1f3e-4332-a402-27584f081585 (type: security_group_rules) to 0
Apr 28 20:17:01.128156 np0000171184 devstack@neutron-api.service[104079]: INFO neutron.db.ovn_revision_numbers_db [None req-eb8d7de1-fe9a-455a-a520-13ec7f75af08 demo demo] Successfully bumped revision number for resource 51db3452-ca63-4c11-84e8-eee6b808d9da (type: security_group_rules) to 0
Apr 28 20:17:01.153144 np0000171184 devstack@neutron-api.service[104079]: INFO neutron.db.ovn_revision_numbers_db [None req-eb8d7de1-fe9a-455a-a520-13ec7f75af08 demo demo] Successfully bumped revision number for resource d9b6c0ca-373c-4266-a1fa-0e7c003b972e (type: security_group_rules) to 0
Apr 28 20:17:01.181525 np0000171184 devstack@neutron-api.service[104079]: INFO neutron.db.ovn_revision_numbers_db [None req-eb8d7de1-fe9a-455a-a520-13ec7f75af08 demo demo] Successfully bumped revision number for resource dd4d3780-fd76-4e6c-aca3-a9c5bb518c1e (type: security_group_rules) to 0
Apr 28 20:17:01.214698 np0000171184 devstack@neutron-api.service[104079]: DEBUG neutron.api.rpc.handlers.resources_rpc [None req-eb8d7de1-fe9a-455a-a520-13ec7f75af08 demo demo] Pushing event updated for resources: {'SecurityGroup': ['ID=e69726e6-6cc0-44e5-8c70-02bc8b428227,revision_number=1']} {{(pid=104079) push /opt/stack/neutron/neutron/api/rpc/handlers/resources_rpc.py:237}}
Apr 28 20:17:01.221611 np0000171184 devstack@neutron-api.service[104079]: DEBUG neutron.api.rpc.callbacks.version_manager [None req-eb8d7de1-fe9a-455a-a520-13ec7f75af08 demo demo] Tracked resource versions report:
Apr 28 20:17:01.221611 np0000171184 devstack@neutron-api.service[104079]: pushed versions:
Apr 28 20:17:01.221611 np0000171184 devstack@neutron-api.service[104079]: { 'AddressGroup': {'1.2'},
Apr 28 20:17:01.221611 np0000171184 devstack@neutron-api.service[104079]: 'Agent': {'1.1'},
Apr 28 20:17:01.221611 np0000171184 devstack@neutron-api.service[104079]: 'ConntrackHelper': {'1.0'},
Apr 28 20:17:01.221611 np0000171184 devstack@neutron-api.service[104079]: 'LocalIPAssociation': {'1.0'},
Apr 28 20:17:01.221611 np0000171184 devstack@neutron-api.service[104079]: 'Log': {'1.0'},
Apr 28 20:17:01.221611 np0000171184 devstack@neutron-api.service[104079]: 'NDPProxy': {'1.0'},
Apr 28 20:17:01.221611 np0000171184 devstack@neutron-api.service[104079]: 'Network': {'1.2'},
Apr 28 20:17:01.221611 np0000171184 devstack@neutron-api.service[104079]: 'Port': {'1.10'},
Apr 28 20:17:01.221611 np0000171184 devstack@neutron-api.service[104079]: 'PortForwarding': {'1.3'},
Apr 28 20:17:01.221611 np0000171184 devstack@neutron-api.service[104079]: 'QosPolicy': {'1.10'},
Apr 28 20:17:01.221611 np0000171184 devstack@neutron-api.service[104079]: 'SecurityGroup': {'1.6'},
Apr 28 20:17:01.221611 np0000171184 devstack@neutron-api.service[104079]: 'SecurityGroupRule': {'1.3'},
Apr 28 20:17:01.221611 np0000171184 devstack@neutron-api.service[104079]: 'SubPort': {'1.0'},
Apr 28 20:17:01.221611 np0000171184 devstack@neutron-api.service[104079]: 'Subnet': {'1.2'},
Apr 28 20:17:01.221611 np0000171184 devstack@neutron-api.service[104079]: 'Trunk': {'1.1'}}
Apr 28 20:17:01.221611 np0000171184 devstack@neutron-api.service[104079]: consumer versions:
Apr 28 20:17:01.221611 np0000171184 devstack@neutron-api.service[104079]: { OVN Neutron agent@np0000171184: {},
Apr 28 20:17:01.221611 np0000171184 devstack@neutron-api.service[104079]: OVN Controller Gateway agent@np0000171184: {}}
Apr 28 20:17:01.221611 np0000171184 devstack@neutron-api.service[104079]: {{(pid=104079) report /opt/stack/neutron/neutron/api/rpc/callbacks/version_manager.py:183}}
Apr 28 20:17:01.263557 np0000171184 devstack@neutron-api.service[104079]: DEBUG neutron.plugins.ml2.drivers.helpers [None req-eb8d7de1-fe9a-455a-a520-13ec7f75af08 demo demo] geneve segment allocate from pool success with {'geneve_vni': 15261} {{(pid=104079) allocate_partially_specified_segment /opt/stack/neutron/neutron/plugins/ml2/drivers/helpers.py:142}}
Apr 28 20:17:01.275653 np0000171184 devstack@neutron-api.service[104079]: DEBUG neutron_lib.callbacks.manager [None req-eb8d7de1-fe9a-455a-a520-13ec7f75af08 demo demo] Publish callbacks ['neutron.services.segments.db._add_segment_host_mapping_for_segment-8572536169786', 'neutron.plugins.ml2.plugin.Ml2Plugin._handle_segment_change-33498677'] for segment (8a17f9ab-5167-4493-844e-906c7230191c), precommit_create {{(pid=104079) _notify_loop /opt/stack/data/venv/lib/python3.12/site-packages/neutron_lib/callbacks/manager.py:184}}
Apr 28 20:17:01.276260 np0000171184 devstack@neutron-api.service[104079]: INFO neutron.db.segments_db [None req-eb8d7de1-fe9a-455a-a520-13ec7f75af08 demo demo] Added segment 8a17f9ab-5167-4493-844e-906c7230191c of type geneve for network 772447b4-1a1b-4cb2-9d7c-1445eeb1f02f
Apr 28 20:17:01.311706 np0000171184 devstack@neutron-api.service[104079]: DEBUG neutron_lib.callbacks.manager [None req-eb8d7de1-fe9a-455a-a520-13ec7f75af08 demo demo] Publish callbacks ['neutron.services.auto_allocate.db._ensure_external_network_default_value_callback-8572535069646'] for network (772447b4-1a1b-4cb2-9d7c-1445eeb1f02f), precommit_create {{(pid=104079) _notify_loop /opt/stack/data/venv/lib/python3.12/site-packages/neutron_lib/callbacks/manager.py:184}}
Apr 28 20:17:01.331088 np0000171184 devstack@neutron-api.service[104079]: DEBUG neutron.plugins.ml2.drivers.ovn.mech_driver.mech_driver [None req-eb8d7de1-fe9a-455a-a520-13ec7f75af08 demo demo] Validating network segment with type geneve, segmentation ID 15261, physical network None {{(pid=104079) _validate_network_segments /opt/stack/neutron/neutron/plugins/ml2/drivers/ovn/mech_driver/mech_driver.py:641}}
Apr 28 20:17:01.331088 np0000171184 devstack@neutron-api.service[104079]: DEBUG neutron.db.ovn_revision_numbers_db [None req-eb8d7de1-fe9a-455a-a520-13ec7f75af08 demo demo] create_initial_revision uuid=772447b4-1a1b-4cb2-9d7c-1445eeb1f02f, type=networks, rev=-1 {{(pid=104079) create_initial_revision /opt/stack/neutron/neutron/db/ovn_revision_numbers_db.py:98}}
Apr 28 20:17:01.346636 np0000171184 devstack@neutron-api.service[104079]: DEBUG neutron_lib.callbacks.manager [None req-eb8d7de1-fe9a-455a-a520-13ec7f75af08 demo demo] Publish callbacks ['neutron.plugins.ml2.ovo_rpc._ObjectChangeHandler.handle_event-1133218'] for network (772447b4-1a1b-4cb2-9d7c-1445eeb1f02f), after_create {{(pid=104079) _notify_loop /opt/stack/data/venv/lib/python3.12/site-packages/neutron_lib/callbacks/manager.py:184}}
Apr 28 20:17:01.379578 np0000171184 devstack@neutron-api.service[104079]: DEBUG neutron.api.rpc.handlers.resources_rpc [None req-eb8d7de1-fe9a-455a-a520-13ec7f75af08 demo demo] Pushing event updated for resources: {'Network': ['ID=772447b4-1a1b-4cb2-9d7c-1445eeb1f02f,revision_number=1']} {{(pid=104079) push /opt/stack/neutron/neutron/api/rpc/handlers/resources_rpc.py:237}}
Apr 28 20:17:01.389954 np0000171184 devstack@neutron-api.service[104079]: DEBUG ovsdbapp.backend.ovs_idl.transaction [None req-af2b1a4f-0617-4673-9667-f59ffbc3ef1e None None] Running txn n=1 command(idx=0): AddNetworkCommand(_result=None, network_uuid=772447b4-1a1b-4cb2-9d7c-1445eeb1f02f, may_exist=True, columns={'external_ids': {'neutron:network_name': 'k8s-clusterapi-cluster-magnum-system-kube-uhpia', 'neutron:mtu': '1372', 'neutron:revision_number': '1', 'neutron:availability_zone_hints': '', 'neutron:provnet-network-type': 'geneve'}, 'other_config': {'mcast_snoop': 'false', 'mcast_flood_unregistered': 'false', 'vlan-passthru': 'false'}}) {{(pid=104079) do_commit /opt/stack/data/venv/lib/python3.12/site-packages/ovsdbapp/backend/ovs_idl/transaction.py:89}}
Apr 28 20:17:01.390390 np0000171184 devstack@neutron-api.service[104079]: DEBUG neutron.common.ovn.utils [None req-af2b1a4f-0617-4673-9667-f59ffbc3ef1e None None] OVS persist_uuid supported=True {{(pid=104079) ovs_persist_uuid_supported /opt/stack/neutron/neutron/common/ovn/utils.py:1537}}
Apr 28 20:17:01.395535 np0000171184 devstack@neutron-api.service[104079]: DEBUG neutron.plugins.ml2.drivers.ovn.mech_driver.ovsdb.ovsdb_monitor [None req-af2b1a4f-0617-4673-9667-f59ffbc3ef1e None None] Touching Hash Ring node "0caae07313bd5bb9b3175d5640a72f88" from IDL notify handler {{(pid=104079) notify /opt/stack/neutron/neutron/plugins/ml2/drivers/ovn/mech_driver/ovsdb/ovsdb_monitor.py:906}}
Apr 28 20:17:01.400153 np0000171184 devstack@neutron-api.service[104078]: DEBUG neutron.plugins.ml2.drivers.ovn.mech_driver.ovsdb.ovsdb_monitor [None req-0ee734b2-34ce-43d1-a629-e14f3242a8e1 None None] Touching Hash Ring node "4ddc248237005cbd8ed3f4c1172088b3" from IDL notify handler {{(pid=104078) notify /opt/stack/neutron/neutron/plugins/ml2/drivers/ovn/mech_driver/ovsdb/ovsdb_monitor.py:906}}
Apr 28 20:17:01.401603 np0000171184 devstack@neutron-api.service[104079]: DEBUG neutron.plugins.ml2.drivers.ovn.mech_driver.ovsdb.ovsdb_monitor [None req-af2b1a4f-0617-4673-9667-f59ffbc3ef1e None None] Hash Ring: Node 0caae07313bd5bb9b3175d5640a72f88 (host: np0000171184) handling event "create" for row 772447b4-1a1b-4cb2-9d7c-1445eeb1f02f (table: Logical_Switch) {{(pid=104079) notify /opt/stack/neutron/neutron/plugins/ml2/drivers/ovn/mech_driver/ovsdb/ovsdb_monitor.py:914}}
Apr 28 20:17:01.404632 np0000171184 devstack@neutron-api.service[104078]: DEBUG neutron.plugins.ml2.drivers.ovn.mech_driver.ovsdb.ovsdb_monitor [None req-0ee734b2-34ce-43d1-a629-e14f3242a8e1 None None] Hash Ring: Node 4ddc248237005cbd8ed3f4c1172088b3 (host: np0000171184) handling event "create" for row db12dc93-a2bf-411e-ab5d-75ff3567f5b0 (table: Datapath_Binding) {{(pid=104078) notify /opt/stack/neutron/neutron/plugins/ml2/drivers/ovn/mech_driver/ovsdb/ovsdb_monitor.py:914}}
Apr 28 20:17:01.428120 np0000171184 devstack@neutron-api.service[104079]: INFO neutron.db.ovn_revision_numbers_db [None req-eb8d7de1-fe9a-455a-a520-13ec7f75af08 demo demo] Successfully bumped revision number for resource 772447b4-1a1b-4cb2-9d7c-1445eeb1f02f (type: networks) to 1
Apr 28 20:17:01.478522 np0000171184 devstack@neutron-api.service[104079]: DEBUG neutron_lib.callbacks.manager [None req-eb8d7de1-fe9a-455a-a520-13ec7f75af08 demo demo] Publish callbacks ['neutron.plugins.ml2.plugin.SecurityGroupDbMixin._ensure_default_security_group_handler-32540097'] for port (None), before_create {{(pid=104079) _notify_loop /opt/stack/data/venv/lib/python3.12/site-packages/neutron_lib/callbacks/manager.py:184}}
Apr 28 20:17:01.580514 np0000171184 devstack@neutron-api.service[104079]: DEBUG neutron_lib.callbacks.manager [None req-eb8d7de1-fe9a-455a-a520-13ec7f75af08 demo demo] Publish callbacks ['neutron.plugins.ml2.drivers.ovn.mech_driver.mech_driver.OVNMechanismDriver._validate_allowed_address_pairs-315001'] for allowed_address_pair (6bc27610-f755-4c40-88fb-9b856ad2056b), before_create {{(pid=104079) _notify_loop /opt/stack/data/venv/lib/python3.12/site-packages/neutron_lib/callbacks/manager.py:184}}
Apr 28 20:17:01.581080 np0000171184 devstack@neutron-api.service[104079]: DEBUG neutron_lib.callbacks.manager [None req-eb8d7de1-fe9a-455a-a520-13ec7f75af08 demo demo] Publish callbacks [] for port (6bc27610-f755-4c40-88fb-9b856ad2056b), precommit_create {{(pid=104079) _notify_loop /opt/stack/data/venv/lib/python3.12/site-packages/neutron_lib/callbacks/manager.py:184}}
Apr 28 20:17:01.581209 np0000171184 devstack@neutron-api.service[104079]: DEBUG neutron.plugins.ml2.drivers.ovn.mech_driver.mech_driver [None req-eb8d7de1-fe9a-455a-a520-13ec7f75af08 demo demo] No provisioning block for port 6bc27610-f755-4c40-88fb-9b856ad2056b since it does not have a host {{(pid=104079) _is_port_provisioning_required /opt/stack/neutron/neutron/plugins/ml2/drivers/ovn/mech_driver/mech_driver.py:894}}
Apr 28 20:17:01.581361 np0000171184 devstack@neutron-api.service[104079]: DEBUG neutron.db.ovn_revision_numbers_db [None req-eb8d7de1-fe9a-455a-a520-13ec7f75af08 demo demo] create_initial_revision uuid=6bc27610-f755-4c40-88fb-9b856ad2056b, type=ports, rev=-1 {{(pid=104079) create_initial_revision /opt/stack/neutron/neutron/db/ovn_revision_numbers_db.py:98}}
Apr 28 20:17:01.626650 np0000171184 devstack@neutron-api.service[104079]: DEBUG neutron_lib.callbacks.manager [None req-eb8d7de1-fe9a-455a-a520-13ec7f75af08 demo demo] Publish callbacks ['neutron.plugins.ml2.ovo_rpc._ObjectChangeHandler.handle_event-1133263'] for port (6bc27610-f755-4c40-88fb-9b856ad2056b), after_create {{(pid=104079) _notify_loop /opt/stack/data/venv/lib/python3.12/site-packages/neutron_lib/callbacks/manager.py:184}}
Apr 28 20:17:01.683146 np0000171184 devstack@neutron-api.service[104079]: DEBUG neutron.api.rpc.handlers.resources_rpc [None req-eb8d7de1-fe9a-455a-a520-13ec7f75af08 demo demo] Pushing event updated for resources: {'Port': ['ID=6bc27610-f755-4c40-88fb-9b856ad2056b,revision_number=1']} {{(pid=104079) push /opt/stack/neutron/neutron/api/rpc/handlers/resources_rpc.py:237}}
Apr 28 20:17:01.695358 np0000171184 devstack@neutron-api.service[104079]: DEBUG ovsdbapp.backend.ovs_idl.transaction [None req-af2b1a4f-0617-4673-9667-f59ffbc3ef1e None None] Running txn n=1 command(idx=0): AddLSwitchPortCommand(_result=None, lport=6bc27610-f755-4c40-88fb-9b856ad2056b, lswitch=neutron-772447b4-1a1b-4cb2-9d7c-1445eeb1f02f, may_exist=True, network_uuid=772447b4-1a1b-4cb2-9d7c-1445eeb1f02f, columns={'addresses': ['fa:16:3e:ba:d0:37'], 'external_ids': {'neutron:port_name': '', 'neutron:device_id': 'ovnmeta-772447b4-1a1b-4cb2-9d7c-1445eeb1f02f', 'neutron:project_id': 'a179810d3afd4fe2ac88e7aafc0bb9d7', 'neutron:cidrs': '', 'neutron:device_owner': 'network:distributed', 'neutron:subnet_pool_addr_scope4': '', 'neutron:subnet_pool_addr_scope6': '', 'neutron:network_name': 'neutron-772447b4-1a1b-4cb2-9d7c-1445eeb1f02f', 'neutron:security_group_ids': '', 'neutron:revision_number': '1', 'neutron:vnic_type': 'normal', 'neutron:port_capabilities': '', 'neutron:mtu': ''}, 'parent_name': [], 'tag': [], 'enabled': True, 'options': {}, 'type': 'localport', 'port_security': [], 'dhcpv4_options': [], 'dhcpv6_options': []}) {{(pid=104079) do_commit /opt/stack/data/venv/lib/python3.12/site-packages/ovsdbapp/backend/ovs_idl/transaction.py:89}}
Apr 28 20:17:01.696471 np0000171184 devstack@neutron-api.service[104079]: DEBUG ovsdbapp.backend.ovs_idl.transaction [None req-af2b1a4f-0617-4673-9667-f59ffbc3ef1e None None] Running txn n=1 command(idx=1): QoSDelCommand(_result=None, switch=neutron-772447b4-1a1b-4cb2-9d7c-1445eeb1f02f, conditions=[('direction', '=', 'to-lport'), ('priority', '=', 2002), ('match', '=', 'outport == "6bc27610-f755-4c40-88fb-9b856ad2056b"')], if_exists=True) {{(pid=104079) do_commit /opt/stack/data/venv/lib/python3.12/site-packages/ovsdbapp/backend/ovs_idl/transaction.py:89}}
Apr 28 20:17:01.696813 np0000171184 devstack@neutron-api.service[104079]: DEBUG ovsdbapp.backend.ovs_idl.transaction [None req-af2b1a4f-0617-4673-9667-f59ffbc3ef1e None None] Running txn n=1 command(idx=2): QoSDelCommand(_result=None, switch=neutron-772447b4-1a1b-4cb2-9d7c-1445eeb1f02f, conditions=[('direction', '=', 'from-lport'), ('priority', '=', 2002), ('match', '=', 'inport == "6bc27610-f755-4c40-88fb-9b856ad2056b"')], if_exists=True) {{(pid=104079) do_commit /opt/stack/data/venv/lib/python3.12/site-packages/ovsdbapp/backend/ovs_idl/transaction.py:89}}
Apr 28 20:17:01.701817 np0000171184 devstack@neutron-api.service[104079]: DEBUG neutron.plugins.ml2.drivers.ovn.mech_driver.ovsdb.ovsdb_monitor [None req-af2b1a4f-0617-4673-9667-f59ffbc3ef1e None None] Touching Hash Ring node "0caae07313bd5bb9b3175d5640a72f88" from IDL notify handler {{(pid=104079) notify /opt/stack/neutron/neutron/plugins/ml2/drivers/ovn/mech_driver/ovsdb/ovsdb_monitor.py:906}}
Apr 28 20:17:01.705326 np0000171184 devstack@neutron-api.service[104077]: DEBUG neutron.plugins.ml2.drivers.ovn.mech_driver.ovsdb.ovsdb_monitor [None req-69e29318-6108-42c4-a31f-a40d0d04229a None None] Touching Hash Ring node "2672c42cf43b58afa3bfe9178fcf66ca" from IDL notify handler {{(pid=104077) notify /opt/stack/neutron/neutron/plugins/ml2/drivers/ovn/mech_driver/ovsdb/ovsdb_monitor.py:906}}
Apr 28 20:17:01.711013 np0000171184 devstack@neutron-api.service[104079]: DEBUG neutron.plugins.ml2.drivers.ovn.mech_driver.ovsdb.ovsdb_monitor [None req-af2b1a4f-0617-4673-9667-f59ffbc3ef1e None None] Hash Ring: Node 0caae07313bd5bb9b3175d5640a72f88 (host: np0000171184) handling event "update" for row 772447b4-1a1b-4cb2-9d7c-1445eeb1f02f (table: Logical_Switch) {{(pid=104079) notify /opt/stack/neutron/neutron/plugins/ml2/drivers/ovn/mech_driver/ovsdb/ovsdb_monitor.py:914}}
Apr 28 20:17:01.712290 np0000171184 devstack@neutron-api.service[104078]: DEBUG neutron.plugins.ml2.drivers.ovn.mech_driver.ovsdb.ovsdb_monitor [None req-0ee734b2-34ce-43d1-a629-e14f3242a8e1 None None] Touching Hash Ring node "4ddc248237005cbd8ed3f4c1172088b3" from IDL notify handler {{(pid=104078) notify /opt/stack/neutron/neutron/plugins/ml2/drivers/ovn/mech_driver/ovsdb/ovsdb_monitor.py:906}}
Apr 28 20:17:01.720097 np0000171184 devstack@neutron-api.service[104077]: DEBUG neutron.plugins.ml2.drivers.ovn.mech_driver.ovsdb.ovsdb_monitor [None req-69e29318-6108-42c4-a31f-a40d0d04229a None None] Hash Ring: Node 2672c42cf43b58afa3bfe9178fcf66ca (host: np0000171184) handling event "create" for row 5ee1626c-074e-4acd-a45d-69425a9ab63d (table: Logical_Switch_Port) {{(pid=104077) notify /opt/stack/neutron/neutron/plugins/ml2/drivers/ovn/mech_driver/ovsdb/ovsdb_monitor.py:914}}
Apr 28 20:17:01.720097 np0000171184 devstack@neutron-api.service[104077]: DEBUG ovsdbapp.backend.ovs_idl.event [None req-69e29318-6108-42c4-a31f-a40d0d04229a None None] Matched CREATE: LogicalSwitchPortCreateEvent(events=('create',), table='Logical_Switch_Port', conditions=[], old_conditions=None), priority=20 to row=Logical_Switch_Port(uuid=5ee1626c-074e-4acd-a45d-69425a9ab63d, addresses=['fa:16:3e:ba:d0:37'], dhcpv4_options=[], dhcpv6_options=[], dynamic_addresses=[], enabled=True, external_ids={'neutron:cidrs': '', 'neutron:device_id': 'ovnmeta-772447b4-1a1b-4cb2-9d7c-1445eeb1f02f', 'neutron:device_owner': 'network:distributed', 'neutron:mtu': '', 'neutron:network_name': 'neutron-772447b4-1a1b-4cb2-9d7c-1445eeb1f02f', 'neutron:port_capabilities': '', 'neutron:port_name': '', 'neutron:project_id': 'a179810d3afd4fe2ac88e7aafc0bb9d7', 'neutron:revision_number': '1', 'neutron:security_group_ids': '', 'neutron:subnet_pool_addr_scope4': '', 'neutron:subnet_pool_addr_scope6': '', 'neutron:vnic_type': 'normal'}, ha_chassis_group=[], mirror_rules=[], name='6bc27610-f755-4c40-88fb-9b856ad2056b', options={}, parent_name=[], port_security=[], tag=[], tag_request=[], type='localport', up=[]) old= {{(pid=104077) matches /opt/stack/data/venv/lib/python3.12/site-packages/ovsdbapp/backend/ovs_idl/event.py:55}}
Apr 28 20:17:01.720097 np0000171184 devstack@neutron-api.service[104077]: INFO neutron.plugins.ml2.drivers.ovn.mech_driver.mech_driver [None req-21bb9c3c-2986-4429-a9f9-94285bc3d7e3 None None] OVN reports status down for port: 6bc27610-f755-4c40-88fb-9b856ad2056b
Apr 28 20:17:01.722399 np0000171184 devstack@neutron-api.service[104077]: DEBUG neutron.plugins.ml2.drivers.ovn.mech_driver.ovsdb.ovsdb_monitor [None req-69e29318-6108-42c4-a31f-a40d0d04229a None None] Touching Hash Ring node "2672c42cf43b58afa3bfe9178fcf66ca" from IDL notify handler {{(pid=104077) notify /opt/stack/neutron/neutron/plugins/ml2/drivers/ovn/mech_driver/ovsdb/ovsdb_monitor.py:906}}
Apr 28 20:17:01.725420 np0000171184 devstack@neutron-api.service[104077]: DEBUG neutron.plugins.ml2.drivers.ovn.mech_driver.ovsdb.ovsdb_monitor [None req-69e29318-6108-42c4-a31f-a40d0d04229a None None] Hash Ring: Node 2672c42cf43b58afa3bfe9178fcf66ca (host: np0000171184) handling event "update" for row 5ee1626c-074e-4acd-a45d-69425a9ab63d (table: Logical_Switch_Port) {{(pid=104077) notify /opt/stack/neutron/neutron/plugins/ml2/drivers/ovn/mech_driver/ovsdb/ovsdb_monitor.py:914}}
Apr 28 20:17:01.726932 np0000171184 devstack@neutron-api.service[104078]: DEBUG neutron.plugins.ml2.drivers.ovn.mech_driver.ovsdb.ovsdb_monitor [None req-0ee734b2-34ce-43d1-a629-e14f3242a8e1 None None] Hash Ring: Node 4ddc248237005cbd8ed3f4c1172088b3 (host: np0000171184) handling event "create" for row 1c57cf95-de20-4e58-8f04-c88144f60555 (table: Port_Binding) {{(pid=104078) notify /opt/stack/neutron/neutron/plugins/ml2/drivers/ovn/mech_driver/ovsdb/ovsdb_monitor.py:914}}
Apr 28 20:17:01.740687 np0000171184 devstack@neutron-api.service[104079]: INFO neutron.db.ovn_revision_numbers_db [None req-eb8d7de1-fe9a-455a-a520-13ec7f75af08 demo demo] Successfully bumped revision number for resource 6bc27610-f755-4c40-88fb-9b856ad2056b (type: ports) to 1
Apr 28 20:17:01.750423 np0000171184 devstack@neutron-api.service[104079]: DEBUG neutron.pecan_wsgi.hooks.policy_enforcement [None req-eb8d7de1-fe9a-455a-a520-13ec7f75af08 demo demo] Attributes excluded by policy engine: ['standard_attr_id', 'provider:network_type', 'provider:physical_network', 'provider:segmentation_id'] {{(pid=104079) _exclude_attributes_by_policy /opt/stack/neutron/neutron/pecan_wsgi/hooks/policy_enforcement.py:256}}
Apr 28 20:17:01.750741 np0000171184 devstack@neutron-api.service[104079]: DEBUG neutron_lib.callbacks.manager [None req-eb8d7de1-fe9a-455a-a520-13ec7f75af08 demo demo] Publish callbacks [] for network (None), before_response {{(pid=104079) _notify_loop /opt/stack/data/venv/lib/python3.12/site-packages/neutron_lib/callbacks/manager.py:184}}
Apr 28 20:17:01.765606 np0000171184 devstack@neutron-api.service[104079]: [pid: 104079|app: 0|req: 30/114] 199.19.213.18 () {68 vars in 1352 bytes} [Tue Apr 28 20:17:00 2026] POST /networking/v2.0/networks => generated 622 bytes in 849 msecs (HTTP/1.1 201) 4 headers in 162 bytes (1 switches on core 0)
Apr 28 20:17:01.766004 np0000171184 devstack@neutron-api.service[104077]: DEBUG neutron.db.provisioning_blocks [None req-21bb9c3c-2986-4429-a9f9-94285bc3d7e3 None None] Transition to ACTIVE for port object 6bc27610-f755-4c40-88fb-9b856ad2056b will not be triggered until provisioned by entity L2. {{(pid=104077) add_provisioning_component /opt/stack/neutron/neutron/db/provisioning_blocks.py:74}}
Apr 28 20:17:01.794923 np0000171184 devstack@neutron-api.service[104077]: DEBUG neutron.plugins.ml2.plugin [None req-21bb9c3c-2986-4429-a9f9-94285bc3d7e3 None None] Current status of the port 6bc27610-f755-4c40-88fb-9b856ad2056b is: DOWN; New status is: DOWN {{(pid=104077) _update_individual_port_db_status /opt/stack/neutron/neutron/plugins/ml2/plugin.py:2468}}
Apr 28 20:17:01.796230 np0000171184 devstack@neutron-api.service[104077]: DEBUG ovsdbapp.backend.ovs_idl.transaction [None req-69e29318-6108-42c4-a31f-a40d0d04229a None None] Running txn n=1 command(idx=0): DbRemoveCommand(_result=None, table=Logical_Switch_Port, record=6bc27610-f755-4c40-88fb-9b856ad2056b, column=external_ids, values=('neutron:host_id',), keyvalues={}, if_exists=True) {{(pid=104077) do_commit /opt/stack/data/venv/lib/python3.12/site-packages/ovsdbapp/backend/ovs_idl/transaction.py:89}}
Apr 28 20:17:01.815999 np0000171184 devstack@neutron-api.service[104078]: [pid: 104078|app: 0|req: 29/115] 199.19.213.18 () {64 vars in 1437 bytes} [Tue Apr 28 20:17:01 2026] GET /networking/v2.0/subnets?cidr=192.168.24.0%2F24&network_id=772447b4-1a1b-4cb2-9d7c-1445eeb1f02f => generated 14 bytes in 43 msecs (HTTP/1.1 200) 4 headers in 156 bytes (1 switches on core 0)
Apr 28 20:17:01.830556 np0000171184 devstack@neutron-api.service[104077]: DEBUG neutron.api.v2.base [None req-7bcc02d7-bd3c-4cf0-acc5-045b5c11dc99 demo demo] Request body: {'subnet': {'cidr': '192.168.24.0/24', 'description': 'Created by cluster-api-provider-openstack cluster magnum-system-kube-uhpia', 'dns_nameservers': ['1.1.1.1'], 'ip_version': 4, 'name': 'k8s-clusterapi-cluster-magnum-system-kube-uhpia', 'network_id': '772447b4-1a1b-4cb2-9d7c-1445eeb1f02f'}} {{(pid=104077) prepare_request_body /opt/stack/neutron/neutron/api/v2/base.py:727}}
Apr 28 20:17:01.871381 np0000171184 devstack@neutron-api.service[104077]: DEBUG neutron.pecan_wsgi.hooks.quota_enforcement [None req-7bcc02d7-bd3c-4cf0-acc5-045b5c11dc99 demo demo] Made reservation on behalf of a179810d3afd4fe2ac88e7aafc0bb9d7 for: {'subnet': 1} {{(pid=104077) before /opt/stack/neutron/neutron/pecan_wsgi/hooks/quota_enforcement.py:66}}
Apr 28 20:17:01.901591 np0000171184 devstack@neutron-api.service[104077]: DEBUG neutron_lib.callbacks.manager [None req-7bcc02d7-bd3c-4cf0-acc5-045b5c11dc99 demo demo] Publish callbacks [] for subnet (None), before_create {{(pid=104077) _notify_loop /opt/stack/data/venv/lib/python3.12/site-packages/neutron_lib/callbacks/manager.py:184}}
Apr 28 20:17:01.972691 np0000171184 devstack@neutron-api.service[104077]: DEBUG neutron.db.ovn_revision_numbers_db [None req-7bcc02d7-bd3c-4cf0-acc5-045b5c11dc99 demo demo] create_initial_revision uuid=4171df7f-3859-441a-bd11-dc50ff050db0, type=subnets, rev=-1 {{(pid=104077) create_initial_revision /opt/stack/neutron/neutron/db/ovn_revision_numbers_db.py:98}}
Apr 28 20:17:01.979584 np0000171184 devstack@neutron-api.service[104077]: DEBUG neutron_lib.callbacks.manager [None req-7bcc02d7-bd3c-4cf0-acc5-045b5c11dc99 demo demo] Publish callbacks ['neutron.plugins.ml2.ovo_rpc._ObjectChangeHandler.handle_event-2291679'] for subnet (4171df7f-3859-441a-bd11-dc50ff050db0), after_create {{(pid=104077) _notify_loop /opt/stack/data/venv/lib/python3.12/site-packages/neutron_lib/callbacks/manager.py:184}}
Apr 28 20:17:01.997576 np0000171184 devstack@neutron-api.service[104077]: DEBUG neutron.api.rpc.handlers.resources_rpc [None req-7bcc02d7-bd3c-4cf0-acc5-045b5c11dc99 demo demo] Pushing event updated for resources: {'Subnet': ['ID=4171df7f-3859-441a-bd11-dc50ff050db0,revision_number=0']} {{(pid=104077) push /opt/stack/neutron/neutron/api/rpc/handlers/resources_rpc.py:237}}
Apr 28 20:17:02.065772 np0000171184 devstack@neutron-api.service[104077]: DEBUG neutron_lib.callbacks.manager [None req-7bcc02d7-bd3c-4cf0-acc5-045b5c11dc99 demo demo] Publish callbacks ['neutron.plugins.ml2.plugin.SecurityGroupDbMixin._ensure_default_security_group_handler-32850996', 'neutron.services.ovn_l3.plugin.OVNL3RouterPlugin._port_update-8572534246574', 'neutron.db.l3_db.L3_NAT_dbonly_mixin._prevent_internal_ip_change_for_fip-8572536008314'] for port (6bc27610-f755-4c40-88fb-9b856ad2056b), before_update {{(pid=104077) _notify_loop /opt/stack/data/venv/lib/python3.12/site-packages/neutron_lib/callbacks/manager.py:184}}
Apr 28 20:17:02.167308 np0000171184 devstack@neutron-api.service[104077]: DEBUG neutron.db.db_base_plugin_common [None req-7bcc02d7-bd3c-4cf0-acc5-045b5c11dc99 demo demo] Allocated IP 192.168.24.2 (772447b4-1a1b-4cb2-9d7c-1445eeb1f02f/4171df7f-3859-441a-bd11-dc50ff050db0/6bc27610-f755-4c40-88fb-9b856ad2056b) {{(pid=104077) _store_ip_allocation /opt/stack/neutron/neutron/db/db_base_plugin_common.py:131}}
