Aug 25 21:09:33.265726 np0000191061 devstack@neutron-api.service[101764]: DEBUG neutron.plugins.ml2.drivers.ovn.mech_driver.ovsdb.ovsdb_monitor [None req-4e67dc06-2df4-4ff0-865e-ac38a8258799 None None] Hash Ring: Node 219774d2329d5219894720eebcfee0b8 (host: np0000191061) handling event "create" for row ba9859f0-27b4-437a-929a-8132d65aee15 (table: Chassis) {{(pid=101764) notify /opt/stack/neutron/neutron/plugins/ml2/drivers/ovn/mech_driver/ovsdb/ovsdb_monitor.py:1099}}
Aug 25 21:09:33.266489 np0000191061 devstack@neutron-api.service[101764]: DEBUG ovsdbapp.backend.ovs_idl.event [None req-4e67dc06-2df4-4ff0-865e-ac38a8258799 None None] Matched CREATE: ChassisBandwidthConfigEvent(events=('create', 'update'), table='Chassis', conditions=None, old_conditions=None), priority=20 to row=Chassis(uuid=ba9859f0-27b4-437a-929a-8132d65aee15, encaps=[716ac628-e768-4dc0-8048-dbf74ac2108f], external_ids={}, hostname='np0000191061', name='a808d58c-305f-4b93-af45-37ef8ae51484', nb_cfg=0, other_config={'ct-commit-nat-v2': 'true', 'ct-commit-to-zone': 'true', 'ct-next-zone': 'true', 'ct-no-masked-label': 'true', 'ct-state-save': 'true', 'datapath-type': 'system', 'fdb-timestamp': 'true', 'iface-types': 'afxdp,afxdp-nonpmd,bareudp,erspan,geneve,gre,gtpu,internal,ip6erspan,ip6gre,lisp,patch,srv6,stt,system,tap,vxlan', 'is-interconn': 'false', 'ls-dpg-column': 'true', 'mac-binding-timestamp': 'true', 'ovn-bridge-mappings': 'public:br-ex', 'ovn-chassis-mac-mappings': '', 'ovn-cms-options': 'enable-chassis-as-gw', 'ovn-ct-lb-related': 'true', 'ovn-enable-lflow-cache': 'true', 'ovn-limit-lflow-cache': '', 'ovn-memlimit-lflow-cache-kb': '', 'ovn-monitor-all': 'false', 'ovn-trim-limit-lflow-cache': '', 'ovn-trim-timeout-ms': '', 'ovn-trim-wmark-perc-lflow-cache': '', 'port-up-notif': 'true'}, transport_zones=[], vtep_logical_switches=[]) old= {{(pid=101764) matches /opt/stack/data/venv/lib/python3.12/site-packages/ovsdbapp/backend/ovs_idl/event.py:55}}
Aug 25 21:09:33.267189 np0000191061 devstack@neutron-api.service[101764]: DEBUG ovsdbapp.backend.ovs_idl.event [None req-4e67dc06-2df4-4ff0-865e-ac38a8258799 None None] Matched CREATE: ChassisOVNAgentWriteEvent(events=('create', 'update'), table='Chassis_Private', conditions=None, old_conditions=None), priority=20 to row=Chassis_Private(uuid=803a3e03-a53f-4a19-9f94-20aba121d9ec, chassis=ba9859f0-27b4-437a-929a-8132d65aee15, external_ids={'neutron:ovn-bridge': 'br-int', 'neutron:ovn-neutron-agent-id': '2cd6f330-3867-5c13-b179-2ef3316069e4', 'neutron:ovn-neutron-agent-sb-cfg': '0'}, name='a808d58c-305f-4b93-af45-37ef8ae51484', nb_cfg=0, nb_cfg_timestamp=0) old= {{(pid=101764) matches /opt/stack/data/venv/lib/python3.12/site-packages/ovsdbapp/backend/ovs_idl/event.py:55}}
Aug 25 21:09:33.267543 np0000191061 devstack@neutron-api.service[101764]: DEBUG ovsdbapp.backend.ovs_idl.event [None req-4e67dc06-2df4-4ff0-865e-ac38a8258799 None None] Matched CREATE: ChassisAgentWriteEvent(events=('create', 'update'), table='Chassis_Private', conditions=None, old_conditions=None), priority=20 to row=Chassis_Private(uuid=803a3e03-a53f-4a19-9f94-20aba121d9ec, chassis=ba9859f0-27b4-437a-929a-8132d65aee15, external_ids={'neutron:ovn-bridge': 'br-int', 'neutron:ovn-neutron-agent-id': '2cd6f330-3867-5c13-b179-2ef3316069e4', 'neutron:ovn-neutron-agent-sb-cfg': '0'}, name='a808d58c-305f-4b93-af45-37ef8ae51484', nb_cfg=0, nb_cfg_timestamp=0) old= {{(pid=101764) matches /opt/stack/data/venv/lib/python3.12/site-packages/ovsdbapp/backend/ovs_idl/event.py:55}}
Aug 25 21:09:33.268231 np0000191061 devstack@neutron-api.service[101764]: DEBUG neutron.plugins.ml2.drivers.ovn.mech_driver.ovsdb.ovsdb_monitor [None req-4e67dc06-2df4-4ff0-865e-ac38a8258799 None None] Hash Ring: Node 219774d2329d5219894720eebcfee0b8 (host: np0000191061) handling event "create" for row 803a3e03-a53f-4a19-9f94-20aba121d9ec (table: Chassis_Private) {{(pid=101764) notify /opt/stack/neutron/neutron/plugins/ml2/drivers/ovn/mech_driver/ovsdb/ovsdb_monitor.py:1099}}
Aug 25 21:09:33.269139 np0000191061 devstack@neutron-api.service[101763]: DEBUG ovsdbapp.backend.ovs_idl [None req-5807089f-966a-407f-a02f-5c1614204678 None None] Created lookup_table index Chassis.name {{(pid=101763) autocreate_indices /opt/stack/data/venv/lib/python3.12/site-packages/ovsdbapp/backend/ovs_idl/__init__.py:87}}
Aug 25 21:09:33.269233 np0000191061 devstack@neutron-api.service[101763]: DEBUG ovsdbapp.backend.ovs_idl [None req-5807089f-966a-407f-a02f-5c1614204678 None None] Created lookup_table index Port_Binding.logical_port {{(pid=101763) autocreate_indices /opt/stack/data/venv/lib/python3.12/site-packages/ovsdbapp/backend/ovs_idl/__init__.py:87}}
Aug 25 21:09:33.269352 np0000191061 devstack@neutron-api.service[101763]: DEBUG ovsdbapp.backend.ovs_idl [None req-5807089f-966a-407f-a02f-5c1614204678 None None] Created schema index Chassis_Private.name {{(pid=101763) autocreate_indices /opt/stack/data/venv/lib/python3.12/site-packages/ovsdbapp/backend/ovs_idl/__init__.py:106}}
Aug 25 21:09:33.269449 np0000191061 devstack@neutron-api.service[101763]: DEBUG ovsdbapp.backend.ovs_idl [None req-5807089f-966a-407f-a02f-5c1614204678 None None] Created schema index Datapath_Binding.tunnel_key {{(pid=101763) autocreate_indices /opt/stack/data/venv/lib/python3.12/site-packages/ovsdbapp/backend/ovs_idl/__init__.py:106}}
Aug 25 21:09:33.269729 np0000191061 devstack@neutron-api.service[101764]: INFO neutron.plugins.ml2.drivers.ovn.mech_driver.mech_driver [None req-4e67dc06-2df4-4ff0-865e-ac38a8258799 None None] WorkerService process has finished the post initialization
Aug 25 21:09:33.270070 np0000191061 devstack@neutron-api.service[101764]: DEBUG oslo_concurrency.processutils [None req-4e67dc06-2df4-4ff0-865e-ac38a8258799 None None] Running cmd (subprocess): ovsdb-client transact ssl:162.253.55.14:6641 --timeout 180 -p /opt/stack/data/CA/int-ca/private/devstack-cert.key -c /opt/stack/data/CA/int-ca/devstack-cert.crt -C /opt/stack/data/CA/int-ca/ca-chain.pem ["OVN_Northbound", {"op": "wait", "timeout": 0, "table": "Port_Group", "where": [["name", "==", "pvlan_pg_drop"]], "until": "==", "rows": []}, {"op": "insert", "table": "ACL", "row": {"action": "drop", "direction": "to-lport", "match": "outport == @pvlan_pg_drop && ip", "priority": 1010}, "uuid-name": "pvlandroptoport"}, {"op": "insert", "table": "ACL", "row": {"action": "drop", "direction": "from-lport", "match": "inport == @pvlan_pg_drop && ip", "priority": 1010}, "uuid-name": "pvlandropfromport"}, {"op": "insert", "table": "Port_Group", "row": {"name": "pvlan_pg_drop", "acls": ["set", [["named-uuid", "pvlandroptoport"], ["named-uuid", "pvlandropfromport"]]]}}] {{(pid=101764) execute /opt/stack/data/venv/lib/python3.12/site-packages/oslo_concurrency/processutils.py:440}}
Aug 25 21:09:33.270633 np0000191061 devstack@neutron-api.service[101764]: INFO neutron.plugins.ml2.drivers.ovn.mech_driver.ovsdb.extensions.qos [-] Starting OVNClientQosExtension
Aug 25 21:09:33.270867 np0000191061 devstack@neutron-api.service[101764]: INFO neutron.plugins.ml2.drivers.ovn.mech_driver.ovsdb.extensions.placement [-] Starting OVNClientPlacementExtension
Aug 25 21:09:33.271572 np0000191061 devstack@neutron-api.service[101763]: INFO ovsdbapp.backend.ovs_idl.vlog [None req-5807089f-966a-407f-a02f-5c1614204678 None None] ssl:162.253.55.14:6642: connecting...
Aug 25 21:09:33.276030 np0000191061 devstack@neutron-api.service[101763]: INFO ovsdbapp.backend.ovs_idl.vlog [None req-5807089f-966a-407f-a02f-5c1614204678 None None] ssl:162.253.55.14:6642: connected
Aug 25 21:09:33.302545 np0000191061 devstack@neutron-api.service[101763]: DEBUG neutron.common.ovn.hash_ring_manager [None req-5807089f-966a-407f-a02f-5c1614204678 None None] Allow caching, nodes 4>=4 {{(pid=101763) _wait_startup_before_caching /opt/stack/neutron/neutron/common/ovn/hash_ring_manager.py:71}}
Aug 25 21:09:33.303683 np0000191061 devstack@neutron-api.service[101764]: DEBUG oslo_concurrency.processutils [None req-4e67dc06-2df4-4ff0-865e-ac38a8258799 None None] CMD "ovsdb-client transact ssl:162.253.55.14:6641 --timeout 180 -p /opt/stack/data/CA/int-ca/private/devstack-cert.key -c /opt/stack/data/CA/int-ca/devstack-cert.crt -C /opt/stack/data/CA/int-ca/ca-chain.pem ["OVN_Northbound", {"op": "wait", "timeout": 0, "table": "Port_Group", "where": [["name", "==", "pvlan_pg_drop"]], "until": "==", "rows": []}, {"op": "insert", "table": "ACL", "row": {"action": "drop", "direction": "to-lport", "match": "outport == @pvlan_pg_drop && ip", "priority": 1010}, "uuid-name": "pvlandroptoport"}, {"op": "insert", "table": "ACL", "row": {"action": "drop", "direction": "from-lport", "match": "inport == @pvlan_pg_drop && ip", "priority": 1010}, "uuid-name": "pvlandropfromport"}, {"op": "insert", "table": "Port_Group", "row": {"name": "pvlan_pg_drop", "acls": ["set", [["named-uuid", "pvlandroptoport"], ["named-uuid", "pvlandropfromport"]]]}}]" returned: 0 in 0.033s {{(pid=101764) execute /opt/stack/data/venv/lib/python3.12/site-packages/oslo_concurrency/processutils.py:468}}
Aug 25 21:09:33.305917 np0000191061 devstack@neutron-api.service[101763]: DEBUG neutron.common.ovn.hash_ring_manager [None req-5807089f-966a-407f-a02f-5c1614204678 None None] Hash Ring loaded. 4 active nodes. 0 offline nodes {{(pid=101763) _load_hash_ring /opt/stack/neutron/neutron/common/ovn/hash_ring_manager.py:110}}
Aug 25 21:09:33.306397 np0000191061 devstack@neutron-api.service[101763]: DEBUG ovsdbapp.backend.ovs_idl.event [None req-5807089f-966a-407f-a02f-5c1614204678 None None] Matched CREATE: ChassisAgentWriteEvent(events=('create', 'update'), table='Chassis_Private', conditions=None, old_conditions=None), priority=20 to row=Chassis_Private(uuid=803a3e03-a53f-4a19-9f94-20aba121d9ec, chassis=ba9859f0-27b4-437a-929a-8132d65aee15, external_ids={'neutron:ovn-bridge': 'br-int', 'neutron:ovn-neutron-agent-id': '2cd6f330-3867-5c13-b179-2ef3316069e4', 'neutron:ovn-neutron-agent-sb-cfg': '0'}, name='a808d58c-305f-4b93-af45-37ef8ae51484', nb_cfg=0, nb_cfg_timestamp=0) old= {{(pid=101763) matches /opt/stack/data/venv/lib/python3.12/site-packages/ovsdbapp/backend/ovs_idl/event.py:55}}
Aug 25 21:09:33.306756 np0000191061 devstack@neutron-api.service[101763]: DEBUG ovsdbapp.backend.ovs_idl.event [None req-5807089f-966a-407f-a02f-5c1614204678 None None] Matched CREATE: ChassisOVNAgentWriteEvent(events=('create', 'update'), table='Chassis_Private', conditions=None, old_conditions=None), priority=20 to row=Chassis_Private(uuid=803a3e03-a53f-4a19-9f94-20aba121d9ec, chassis=ba9859f0-27b4-437a-929a-8132d65aee15, external_ids={'neutron:ovn-bridge': 'br-int', 'neutron:ovn-neutron-agent-id': '2cd6f330-3867-5c13-b179-2ef3316069e4', 'neutron:ovn-neutron-agent-sb-cfg': '0'}, name='a808d58c-305f-4b93-af45-37ef8ae51484', nb_cfg=0, nb_cfg_timestamp=0) old= {{(pid=101763) matches /opt/stack/data/venv/lib/python3.12/site-packages/ovsdbapp/backend/ovs_idl/event.py:55}}
Aug 25 21:09:33.307130 np0000191061 devstack@neutron-api.service[101764]: WSGI app 0 (mountpoint='') ready in 7 seconds on interpreter 0x7bbd618a4668 pid: 101764 (default app)
Aug 25 21:09:33.308862 np0000191061 devstack@neutron-api.service[101763]: INFO neutron.plugins.ml2.drivers.ovn.mech_driver.mech_driver [None req-5807089f-966a-407f-a02f-5c1614204678 None None] WorkerService process has finished the post initialization
Aug 25 21:09:33.309147 np0000191061 devstack@neutron-api.service[101763]: DEBUG oslo_concurrency.processutils [None req-5807089f-966a-407f-a02f-5c1614204678 None None] Running cmd (subprocess): ovsdb-client transact ssl:162.253.55.14:6641 --timeout 180 -p /opt/stack/data/CA/int-ca/private/devstack-cert.key -c /opt/stack/data/CA/int-ca/devstack-cert.crt -C /opt/stack/data/CA/int-ca/ca-chain.pem ["OVN_Northbound", {"op": "wait", "timeout": 0, "table": "Port_Group", "where": [["name", "==", "pvlan_pg_drop"]], "until": "==", "rows": []}, {"op": "insert", "table": "ACL", "row": {"action": "drop", "direction": "to-lport", "match": "outport == @pvlan_pg_drop && ip", "priority": 1010}, "uuid-name": "pvlandroptoport"}, {"op": "insert", "table": "ACL", "row": {"action": "drop", "direction": "from-lport", "match": "inport == @pvlan_pg_drop && ip", "priority": 1010}, "uuid-name": "pvlandropfromport"}, {"op": "insert", "table": "Port_Group", "row": {"name": "pvlan_pg_drop", "acls": ["set", [["named-uuid", "pvlandroptoport"], ["named-uuid", "pvlandropfromport"]]]}}] {{(pid=101763) execute /opt/stack/data/venv/lib/python3.12/site-packages/oslo_concurrency/processutils.py:440}}
Aug 25 21:09:33.347994 np0000191061 devstack@neutron-api.service[101763]: DEBUG oslo_concurrency.processutils [None req-5807089f-966a-407f-a02f-5c1614204678 None None] CMD "ovsdb-client transact ssl:162.253.55.14:6641 --timeout 180 -p /opt/stack/data/CA/int-ca/private/devstack-cert.key -c /opt/stack/data/CA/int-ca/devstack-cert.crt -C /opt/stack/data/CA/int-ca/ca-chain.pem ["OVN_Northbound", {"op": "wait", "timeout": 0, "table": "Port_Group", "where": [["name", "==", "pvlan_pg_drop"]], "until": "==", "rows": []}, {"op": "insert", "table": "ACL", "row": {"action": "drop", "direction": "to-lport", "match": "outport == @pvlan_pg_drop && ip", "priority": 1010}, "uuid-name": "pvlandroptoport"}, {"op": "insert", "table": "ACL", "row": {"action": "drop", "direction": "from-lport", "match": "inport == @pvlan_pg_drop && ip", "priority": 1010}, "uuid-name": "pvlandropfromport"}, {"op": "insert", "table": "Port_Group", "row": {"name": "pvlan_pg_drop", "acls": ["set", [["named-uuid", "pvlandroptoport"], ["named-uuid", "pvlandropfromport"]]]}}]" returned: 0 in 0.038s {{(pid=101763) execute /opt/stack/data/venv/lib/python3.12/site-packages/oslo_concurrency/processutils.py:468}}
Aug 25 21:09:33.348783 np0000191061 devstack@neutron-api.service[101763]: WSGI app 0 (mountpoint='') ready in 7 seconds on interpreter 0x7bbd618a4668 pid: 101763 (default app)
Aug 25 21:09:38.078951 np0000191061 devstack@neutron-api.service[101764]: DEBUG neutron.plugins.ml2.drivers.ovn.mech_driver.ovsdb.ovsdb_monitor [-] Hash Ring: Node 219774d2329d5219894720eebcfee0b8 (host: np0000191061) handling event "update" for row 97d2138b-6912-4408-81b7-b5a3d33387d5 (table: Connection) {{(pid=101764) notify /opt/stack/neutron/neutron/plugins/ml2/drivers/ovn/mech_driver/ovsdb/ovsdb_monitor.py:1099}}
Aug 25 21:09:38.081632 np0000191061 devstack@neutron-api.service[101762]: DEBUG neutron.common.ovn.hash_ring_manager [-] Allow caching, nodes 4>=4 {{(pid=101762) _wait_startup_before_caching /opt/stack/neutron/neutron/common/ovn/hash_ring_manager.py:71}}
Aug 25 21:09:39.303435 np0000191061 devstack@neutron-api.service[101762]: DEBUG neutron.api.wsgi [None req-8719cb15-4764-45ec-946e-a69cc7d3fcf6 admin admin] Missing Content-Type {{(pid=101762) get_content_type /opt/stack/neutron/neutron/api/wsgi.py:80}}
Aug 25 21:09:39.304164 np0000191061 devstack@neutron-api.service[101762]: DEBUG neutron.api.wsgi [None req-8719cb15-4764-45ec-946e-a69cc7d3fcf6 admin admin] https://162.253.55.14/networking/v2.0/extensions returned with HTTP 200 {{(pid=101762) __call__ /opt/stack/neutron/neutron/api/wsgi.py:540}}
Aug 25 21:09:39.304164 np0000191061 devstack@neutron-api.service[101762]: [pid: 101762|app: 0|req: 2/2] 162.253.55.14 () {64 vars in 1316 bytes} [Tue Aug 25 21:09:38 2026] GET /networking/v2.0/extensions => generated 16171 bytes in 436 msecs (HTTP/1.1 200) 4 headers in 159 bytes (1 switches on core 0)
Aug 25 21:09:39.730762 np0000191061 devstack@neutron-api.service[101761]: DEBUG neutron.api.v2.base [None req-e637e12a-0bb8-4bbe-89d6-537a01c1232c admin admin] Request body: {'subnetpool': {'is_default': True, 'prefixes': ['10.1.0.0/20'], 'shared': True, 'default_prefixlen': 26, 'name': 'shared-default-subnetpool-v4'}} {{(pid=101761) prepare_request_body /opt/stack/neutron/neutron/api/v2/base.py:727}}
Aug 25 21:09:39.925183 np0000191061 devstack@neutron-api.service[101761]: DEBUG neutron.policy [None req-e637e12a-0bb8-4bbe-89d6-537a01c1232c admin admin] Loaded default policies from ['neutron'] under neutron.policies entry points {{(pid=101761) register_rules /opt/stack/neutron/neutron/policy.py:65}}
Aug 25 21:09:40.087933 np0000191061 devstack@neutron-api.service[101761]: DEBUG neutron_lib.callbacks.manager [None req-e637e12a-0bb8-4bbe-89d6-537a01c1232c admin admin] Publish callbacks ['neutron.objects.securitygroup.RbacNeutronDbObjectMixin.validate_rbac_policy_change-2739449419658', 'neutron.objects.address_group.RbacNeutronDbObjectMixin.validate_rbac_policy_change-2739449412834', 'neutron.objects.network.RbacNeutronDbObjectMixin.validate_rbac_policy_change-2739449390147', 'neutron.objects.qos.policy.RbacNeutronDbObjectMixin.validate_rbac_policy_change-2739449393486', 'neutron.objects.subnetpool.RbacNeutronDbObjectMixin.validate_rbac_policy_change-2739449481632', 'neutron.objects.address_scope.RbacNeutronDbObjectMixin.validate_rbac_policy_change-2739449493556', 'neutron.plugins.ml2.plugin.External_net_db_mixin._process_ext_policy_create-919560', 'neutron.plugins.ml2.plugin.NeutronDbPluginV2.validate_network_rbac_policy_change-819348'] for rbac-policy (None), before_create {{(pid=101761) _notify_loop /opt/stack/data/venv/lib/python3.12/site-packages/neutron_lib/callbacks/manager.py:184}}
Aug 25 21:09:40.134484 np0000191061 devstack@neutron-api.service[101761]: DEBUG neutron_lib.callbacks.manager [None req-e637e12a-0bb8-4bbe-89d6-537a01c1232c admin admin] Publish callbacks [] for subnetpool (None), before_response {{(pid=101761) _notify_loop /opt/stack/data/venv/lib/python3.12/site-packages/neutron_lib/callbacks/manager.py:184}}
Aug 25 21:09:40.134953 np0000191061 devstack@neutron-api.service[101761]: [pid: 101761|app: 0|req: 1/3] 162.253.55.14 () {68 vars in 1360 bytes} [Tue Aug 25 21:09:39 2026] POST /networking/v2.0/subnetpools => generated 533 bytes in 523 msecs (HTTP/1.1 201) 4 headers in 162 bytes (1 switches on core 0)
Aug 25 21:09:40.445958 np0000191061 devstack@neutron-api.service[101764]: DEBUG neutron.api.v2.base [None req-2d9fcaba-dab9-4723-b2da-b9d12346c50a admin admin] Request body: {'subnetpool': {'is_default': True, 'prefixes': ['fd30:a66e:85fb::/56'], 'shared': True, 'default_prefixlen': 64, 'name': 'shared-default-subnetpool-v6'}} {{(pid=101764) prepare_request_body /opt/stack/neutron/neutron/api/v2/base.py:727}}
Aug 25 21:09:40.610836 np0000191061 devstack@neutron-api.service[101764]: DEBUG neutron.policy [None req-2d9fcaba-dab9-4723-b2da-b9d12346c50a admin admin] Loaded default policies from ['neutron'] under neutron.policies entry points {{(pid=101764) register_rules /opt/stack/neutron/neutron/policy.py:65}}
Aug 25 21:09:40.760640 np0000191061 devstack@neutron-api.service[101764]: DEBUG neutron_lib.callbacks.manager [None req-2d9fcaba-dab9-4723-b2da-b9d12346c50a admin admin] Publish callbacks ['neutron.objects.securitygroup.RbacNeutronDbObjectMixin.validate_rbac_policy_change-2739450489218', 'neutron.objects.address_group.RbacNeutronDbObjectMixin.validate_rbac_policy_change-2739450532252', 'neutron.objects.network.RbacNeutronDbObjectMixin.validate_rbac_policy_change-2739449350022', 'neutron.objects.qos.policy.RbacNeutronDbObjectMixin.validate_rbac_policy_change-2739449344334', 'neutron.objects.subnetpool.RbacNeutronDbObjectMixin.validate_rbac_policy_change-2739449255473', 'neutron.objects.address_scope.RbacNeutronDbObjectMixin.validate_rbac_policy_change-2739449238854', 'neutron.plugins.ml2.plugin.External_net_db_mixin._process_ext_policy_create-7074638', 'neutron.plugins.ml2.plugin.NeutronDbPluginV2.validate_network_rbac_policy_change-6870886'] for rbac-policy (None), before_create {{(pid=101764) _notify_loop /opt/stack/data/venv/lib/python3.12/site-packages/neutron_lib/callbacks/manager.py:184}}
Aug 25 21:09:40.808252 np0000191061 devstack@neutron-api.service[101764]: DEBUG neutron_lib.callbacks.manager [None req-2d9fcaba-dab9-4723-b2da-b9d12346c50a admin admin] Publish callbacks [] for subnetpool (None), before_response {{(pid=101764) _notify_loop /opt/stack/data/venv/lib/python3.12/site-packages/neutron_lib/callbacks/manager.py:184}}
Aug 25 21:09:40.808759 np0000191061 devstack@neutron-api.service[101764]: [pid: 101764|app: 0|req: 1/4] 162.253.55.14 () {68 vars in 1360 bytes} [Tue Aug 25 21:09:40 2026] POST /networking/v2.0/subnetpools => generated 543 bytes in 480 msecs (HTTP/1.1 201) 4 headers in 162 bytes (1 switches on core 0)
Aug 25 21:09:41.228869 np0000191061 devstack@neutron-api.service[101763]: DEBUG neutron.api.v2.base [None req-f6e7ff62-077c-40a7-ac6a-7a393fbb2f46 admin admin] Request body: {'network': {'name': 'private', 'admin_state_up': True}} {{(pid=101763) prepare_request_body /opt/stack/neutron/neutron/api/v2/base.py:727}}
Aug 25 21:09:41.262844 np0000191061 devstack@neutron-api.service[101763]: DEBUG neutron.pecan_wsgi.hooks.quota_enforcement [None req-f6e7ff62-077c-40a7-ac6a-7a393fbb2f46 admin admin] Made reservation on behalf of c442d9b004b04ab7ad1ab8591ffe1ccc for: {'network': 1} {{(pid=101763) before /opt/stack/neutron/neutron/pecan_wsgi/hooks/quota_enforcement.py:66}}
Aug 25 21:09:41.421039 np0000191061 devstack@neutron-api.service[101763]: DEBUG neutron.policy [None req-f6e7ff62-077c-40a7-ac6a-7a393fbb2f46 admin admin] Loaded default policies from ['neutron'] under neutron.policies entry points {{(pid=101763) register_rules /opt/stack/neutron/neutron/policy.py:65}}
Aug 25 21:09:41.524994 np0000191061 devstack@neutron-api.service[101763]: DEBUG neutron_lib.callbacks.manager [None req-f6e7ff62-077c-40a7-ac6a-7a393fbb2f46 admin admin] Publish callbacks ['neutron.plugins.ml2.plugin.SecurityGroupDbMixin._ensure_default_security_group_handler-7032134'] for network (None), before_create {{(pid=101763) _notify_loop /opt/stack/data/venv/lib/python3.12/site-packages/neutron_lib/callbacks/manager.py:184}}
Aug 25 21:09:41.545866 np0000191061 devstack@neutron-api.service[101763]: DEBUG neutron_lib.callbacks.manager [None req-f6e7ff62-077c-40a7-ac6a-7a393fbb2f46 admin admin] Publish callbacks [] for security_group (None), before_create {{(pid=101763) _notify_loop /opt/stack/data/venv/lib/python3.12/site-packages/neutron_lib/callbacks/manager.py:184}}
Aug 25 21:09:41.640682 np0000191061 devstack@neutron-api.service[101763]: DEBUG neutron_lib.callbacks.manager [None req-f6e7ff62-077c-40a7-ac6a-7a393fbb2f46 admin admin] Publish callbacks ['neutron.plugins.ml2.drivers.ovn.mech_driver.mech_driver.OVNMechanismDriver._create_security_group_precommit-391966'] for security_group (1261d975-66d1-4658-b750-9a3cb0e45c38), precommit_create {{(pid=101763) _notify_loop /opt/stack/data/venv/lib/python3.12/site-packages/neutron_lib/callbacks/manager.py:184}}
Aug 25 21:09:41.640905 np0000191061 devstack@neutron-api.service[101763]: DEBUG neutron.db.ovn_revision_numbers_db [None req-f6e7ff62-077c-40a7-ac6a-7a393fbb2f46 admin admin] create_initial_revision uuid=1261d975-66d1-4658-b750-9a3cb0e45c38, type=security_groups, rev=-1 {{(pid=101763) create_initial_revision /opt/stack/neutron/neutron/db/ovn_revision_numbers_db.py:98}}
Aug 25 21:09:41.643200 np0000191061 devstack@neutron-api.service[101763]: DEBUG neutron.db.ovn_revision_numbers_db [None req-f6e7ff62-077c-40a7-ac6a-7a393fbb2f46 admin admin] create_initial_revision uuid=0b222ced-c17d-456e-bbe3-fd3dbec77493, type=security_group_rules, rev=-1 {{(pid=101763) create_initial_revision /opt/stack/neutron/neutron/db/ovn_revision_numbers_db.py:98}}
Aug 25 21:09:41.644547 np0000191061 devstack@neutron-api.service[101763]: DEBUG neutron.db.ovn_revision_numbers_db [None req-f6e7ff62-077c-40a7-ac6a-7a393fbb2f46 admin admin] create_initial_revision uuid=130255ee-64cd-45fb-85bc-7e889607e805, type=security_group_rules, rev=-1 {{(pid=101763) create_initial_revision /opt/stack/neutron/neutron/db/ovn_revision_numbers_db.py:98}}
Aug 25 21:09:41.645568 np0000191061 devstack@neutron-api.service[101763]: DEBUG neutron.db.ovn_revision_numbers_db [None req-f6e7ff62-077c-40a7-ac6a-7a393fbb2f46 admin admin] create_initial_revision uuid=7aecc077-a531-4a6f-a13e-7f3efeeea8f6, type=security_group_rules, rev=-1 {{(pid=101763) create_initial_revision /opt/stack/neutron/neutron/db/ovn_revision_numbers_db.py:98}}
Aug 25 21:09:41.646586 np0000191061 devstack@neutron-api.service[101763]: DEBUG neutron.db.ovn_revision_numbers_db [None req-f6e7ff62-077c-40a7-ac6a-7a393fbb2f46 admin admin] create_initial_revision uuid=bbf07444-683f-4519-8d36-533b02f9edca, type=security_group_rules, rev=-1 {{(pid=101763) create_initial_revision /opt/stack/neutron/neutron/db/ovn_revision_numbers_db.py:98}}
Aug 25 21:09:41.652797 np0000191061 devstack@neutron-api.service[101763]: DEBUG neutron_lib.callbacks.manager [None req-f6e7ff62-077c-40a7-ac6a-7a393fbb2f46 admin admin] Publish callbacks ['neutron.plugins.ml2.drivers.ovn.mech_driver.mech_driver.OVNMechanismDriver._create_security_group-392160', 'neutron.plugins.ml2.ovo_rpc._ObjectChangeHandler.handle_event-2589023'] for security_group (1261d975-66d1-4658-b750-9a3cb0e45c38), after_create {{(pid=101763) _notify_loop /opt/stack/data/venv/lib/python3.12/site-packages/neutron_lib/callbacks/manager.py:184}}
Aug 25 21:09:41.652998 np0000191061 devstack@neutron-api.service[101763]: INFO neutron.plugins.ml2.drivers.ovn.mech_driver.ovsdb.extensions.qos [None req-f6e7ff62-077c-40a7-ac6a-7a393fbb2f46 admin admin] Starting OVNClientQosExtension
Aug 25 21:09:41.653083 np0000191061 devstack@neutron-api.service[101763]: INFO neutron.plugins.ml2.drivers.ovn.mech_driver.ovsdb.extensions.placement [None req-f6e7ff62-077c-40a7-ac6a-7a393fbb2f46 admin admin] Starting OVNClientPlacementExtension
Aug 25 21:09:41.654729 np0000191061 devstack@neutron-api.service[101763]: DEBUG ovsdbapp.backend.ovs_idl.transaction [-] Running txn 1da1badc n=1 command(idx=0): PgAddCommand(_result=None, name=pg_1261d975_66d1_4658_b750_9a3cb0e45c38, may_exist=False, columns={'acls': [], 'external_ids': {'neutron:security_group_id': '1261d975-66d1-4658-b750-9a3cb0e45c38'}}) {{(pid=101763) do_commit /opt/stack/data/venv/lib/python3.12/site-packages/ovsdbapp/backend/ovs_idl/transaction.py:91}}
Aug 25 21:09:41.658448 np0000191061 devstack@neutron-api.service[101763]: DEBUG ovsdbapp.backend.ovs_idl.transaction [-] Running txn 1da1badc n=1 command(idx=1): PgAclAddCommand(_result=None, entity=pg_1261d975_66d1_4658_b750_9a3cb0e45c38, direction=from-lport, priority=1002, match=inport == @pg_1261d975_66d1_4658_b750_9a3cb0e45c38 && ip4, action=allow-related, log=False, may_exist=True, severity=[], name=[], meter=[], external_ids={'neutron:security_group_rule_id': '0b222ced-c17d-456e-bbe3-fd3dbec77493'}) {{(pid=101763) do_commit /opt/stack/data/venv/lib/python3.12/site-packages/ovsdbapp/backend/ovs_idl/transaction.py:91}}
Aug 25 21:09:41.658448 np0000191061 devstack@neutron-api.service[101763]: DEBUG ovsdbapp.backend.ovs_idl.transaction [-] Running txn 1da1badc n=1 command(idx=2): PgAclAddCommand(_result=None, entity=pg_1261d975_66d1_4658_b750_9a3cb0e45c38, direction=to-lport, priority=1002, match=outport == @pg_1261d975_66d1_4658_b750_9a3cb0e45c38 && ip4 && ip4.src == $pg_1261d975_66d1_4658_b750_9a3cb0e45c38_ip4, action=allow-related, log=False, may_exist=True, severity=[], name=[], meter=[], external_ids={'neutron:security_group_rule_id': '130255ee-64cd-45fb-85bc-7e889607e805'}) {{(pid=101763) do_commit /opt/stack/data/venv/lib/python3.12/site-packages/ovsdbapp/backend/ovs_idl/transaction.py:91}}
Aug 25 21:09:41.658854 np0000191061 devstack@neutron-api.service[101763]: DEBUG ovsdbapp.backend.ovs_idl.transaction [-] Running txn 1da1badc n=1 command(idx=3): PgAclAddCommand(_result=None, entity=pg_1261d975_66d1_4658_b750_9a3cb0e45c38, direction=to-lport, priority=1002, match=outport == @pg_1261d975_66d1_4658_b750_9a3cb0e45c38 && ip6 && ip6.src == $pg_1261d975_66d1_4658_b750_9a3cb0e45c38_ip6, action=allow-related, log=False, may_exist=True, severity=[], name=[], meter=[], external_ids={'neutron:security_group_rule_id': '7aecc077-a531-4a6f-a13e-7f3efeeea8f6'}) {{(pid=101763) do_commit /opt/stack/data/venv/lib/python3.12/site-packages/ovsdbapp/backend/ovs_idl/transaction.py:91}}
Aug 25 21:09:41.659493 np0000191061 devstack@neutron-api.service[101763]: DEBUG ovsdbapp.backend.ovs_idl.transaction [-] Running txn 1da1badc n=1 command(idx=4): PgAclAddCommand(_result=None, entity=pg_1261d975_66d1_4658_b750_9a3cb0e45c38, direction=from-lport, priority=1002, match=inport == @pg_1261d975_66d1_4658_b750_9a3cb0e45c38 && ip6, action=allow-related, log=False, may_exist=True, severity=[], name=[], meter=[], external_ids={'neutron:security_group_rule_id': 'bbf07444-683f-4519-8d36-533b02f9edca'}) {{(pid=101763) do_commit /opt/stack/data/venv/lib/python3.12/site-packages/ovsdbapp/backend/ovs_idl/transaction.py:91}}
Aug 25 21:09:41.695173 np0000191061 devstack@neutron-api.service[101762]: DEBUG neutron.plugins.ml2.drivers.ovn.mech_driver.ovsdb.ovsdb_monitor [-] Hash Ring: Node 9cfe7f616a245ac4bfba0a51bad5c96e (host: np0000191061) handling event "create" for row 6c824daf-f1dd-4246-98e9-6ba631eb45a7 (table: ACL) {{(pid=101762) notify /opt/stack/neutron/neutron/plugins/ml2/drivers/ovn/mech_driver/ovsdb/ovsdb_monitor.py:1099}}
Aug 25 21:09:41.695508 np0000191061 devstack@neutron-api.service[101762]: DEBUG neutron.plugins.ml2.drivers.ovn.mech_driver.ovsdb.ovsdb_monitor [-] Hash Ring: Node 9cfe7f616a245ac4bfba0a51bad5c96e (host: np0000191061) handling event "create" for row 91bd9cd8-5abe-4a2c-a29e-9638f2830943 (table: ACL) {{(pid=101762) notify /opt/stack/neutron/neutron/plugins/ml2/drivers/ovn/mech_driver/ovsdb/ovsdb_monitor.py:1099}}
Aug 25 21:09:41.695840 np0000191061 devstack@neutron-api.service[101764]: DEBUG neutron.plugins.ml2.drivers.ovn.mech_driver.ovsdb.ovsdb_monitor [-] Hash Ring: Node 219774d2329d5219894720eebcfee0b8 (host: np0000191061) handling event "create" for row 6c824daf-f1dd-4246-98e9-6ba631eb45a7 (table: ACL) {{(pid=101764) notify /opt/stack/neutron/neutron/plugins/ml2/drivers/ovn/mech_driver/ovsdb/ovsdb_monitor.py:1099}}
Aug 25 21:09:41.696182 np0000191061 devstack@neutron-api.service[101762]: DEBUG neutron.plugins.ml2.drivers.ovn.mech_driver.ovsdb.ovsdb_monitor [-] Hash Ring: Node 9cfe7f616a245ac4bfba0a51bad5c96e (host: np0000191061) handling event "create" for row 9d50a553-7f23-4f0f-a4e2-e65f8642a6ae (table: ACL) {{(pid=101762) notify /opt/stack/neutron/neutron/plugins/ml2/drivers/ovn/mech_driver/ovsdb/ovsdb_monitor.py:1099}}
Aug 25 21:09:41.696182 np0000191061 devstack@neutron-api.service[101762]: DEBUG neutron.plugins.ml2.drivers.ovn.mech_driver.ovsdb.ovsdb_monitor [-] Hash Ring: Node 9cfe7f616a245ac4bfba0a51bad5c96e (host: np0000191061) handling event "create" for row a439375a-4d49-4bae-98e9-379613f63faa (table: ACL) {{(pid=101762) notify /opt/stack/neutron/neutron/plugins/ml2/drivers/ovn/mech_driver/ovsdb/ovsdb_monitor.py:1099}}
Aug 25 21:09:41.696290 np0000191061 devstack@neutron-api.service[101764]: DEBUG neutron.plugins.ml2.drivers.ovn.mech_driver.ovsdb.ovsdb_monitor [-] Hash Ring: Node 219774d2329d5219894720eebcfee0b8 (host: np0000191061) handling event "create" for row 91bd9cd8-5abe-4a2c-a29e-9638f2830943 (table: ACL) {{(pid=101764) notify /opt/stack/neutron/neutron/plugins/ml2/drivers/ovn/mech_driver/ovsdb/ovsdb_monitor.py:1099}}
Aug 25 21:09:41.696290 np0000191061 devstack@neutron-api.service[101764]: DEBUG neutron.plugins.ml2.drivers.ovn.mech_driver.ovsdb.ovsdb_monitor [-] Hash Ring: Node 219774d2329d5219894720eebcfee0b8 (host: np0000191061) handling event "create" for row 9d50a553-7f23-4f0f-a4e2-e65f8642a6ae (table: ACL) {{(pid=101764) notify /opt/stack/neutron/neutron/plugins/ml2/drivers/ovn/mech_driver/ovsdb/ovsdb_monitor.py:1099}}
Aug 25 21:09:41.696768 np0000191061 devstack@neutron-api.service[101764]: DEBUG neutron.plugins.ml2.drivers.ovn.mech_driver.ovsdb.ovsdb_monitor [-] Hash Ring: Node 219774d2329d5219894720eebcfee0b8 (host: np0000191061) handling event "create" for row a439375a-4d49-4bae-98e9-379613f63faa (table: ACL) {{(pid=101764) notify /opt/stack/neutron/neutron/plugins/ml2/drivers/ovn/mech_driver/ovsdb/ovsdb_monitor.py:1099}}
Aug 25 21:09:41.698573 np0000191061 devstack@neutron-api.service[101761]: DEBUG neutron.plugins.ml2.drivers.ovn.mech_driver.ovsdb.ovsdb_monitor [-] Hash Ring: Node e12e0b61d4b651568fbb7a767bfea662 (host: np0000191061) handling event "create" for row 55f3ca21-50c0-4fe5-b212-51f34a2fe491 (table: Port_Group) {{(pid=101761) notify /opt/stack/neutron/neutron/plugins/ml2/drivers/ovn/mech_driver/ovsdb/ovsdb_monitor.py:1099}}
Aug 25 21:09:41.700383 np0000191061 devstack@neutron-api.service[101763]: DEBUG ovsdbapp.backend.ovs_idl.transaction [-] txn 1da1badc succeeded {{(pid=101763) do_commit /opt/stack/data/venv/lib/python3.12/site-packages/ovsdbapp/backend/ovs_idl/transaction.py:137}}
Aug 25 21:09:41.732601 np0000191061 devstack@neutron-api.service[101763]: INFO neutron.db.ovn_revision_numbers_db [None req-f6e7ff62-077c-40a7-ac6a-7a393fbb2f46 admin admin] Successfully bumped revision number for resource 1261d975-66d1-4658-b750-9a3cb0e45c38 (type: security_groups) to 1
Aug 25 21:09:41.750502 np0000191061 devstack@neutron-api.service[101763]: INFO neutron.db.ovn_revision_numbers_db [None req-f6e7ff62-077c-40a7-ac6a-7a393fbb2f46 admin admin] Successfully bumped revision number for resource 0b222ced-c17d-456e-bbe3-fd3dbec77493 (type: security_group_rules) to 0
Aug 25 21:09:41.763545 np0000191061 devstack@neutron-api.service[101763]: INFO neutron.db.ovn_revision_numbers_db [None req-f6e7ff62-077c-40a7-ac6a-7a393fbb2f46 admin admin] Successfully bumped revision number for resource 130255ee-64cd-45fb-85bc-7e889607e805 (type: security_group_rules) to 0
Aug 25 21:09:41.776097 np0000191061 devstack@neutron-api.service[101763]: INFO neutron.db.ovn_revision_numbers_db [None req-f6e7ff62-077c-40a7-ac6a-7a393fbb2f46 admin admin] Successfully bumped revision number for resource 7aecc077-a531-4a6f-a13e-7f3efeeea8f6 (type: security_group_rules) to 0
Aug 25 21:09:41.789412 np0000191061 devstack@neutron-api.service[101763]: INFO neutron.db.ovn_revision_numbers_db [None req-f6e7ff62-077c-40a7-ac6a-7a393fbb2f46 admin admin] Successfully bumped revision number for resource bbf07444-683f-4519-8d36-533b02f9edca (type: security_group_rules) to 0
Aug 25 21:09:41.813626 np0000191061 devstack@neutron-api.service[101763]: DEBUG neutron.api.rpc.handlers.resources_rpc [None req-f6e7ff62-077c-40a7-ac6a-7a393fbb2f46 admin admin] Pushing event updated for resources: {'SecurityGroup': ['ID=1261d975-66d1-4658-b750-9a3cb0e45c38,revision_number=1']} {{(pid=101763) push /opt/stack/neutron/neutron/api/rpc/handlers/resources_rpc.py:237}}
Aug 25 21:09:41.821295 np0000191061 devstack@neutron-api.service[101763]: DEBUG ovsdbapp.backend.ovs_idl.transaction [-] Running txn 7b0622c4 n=1 command(idx=0): CheckLivenessCommand(_result=None) {{(pid=101763) do_commit /opt/stack/data/venv/lib/python3.12/site-packages/ovsdbapp/backend/ovs_idl/transaction.py:91}}
Aug 25 21:09:41.824436 np0000191061 devstack@neutron-api.service[101763]: DEBUG neutron.plugins.ml2.drivers.ovn.mech_driver.ovsdb.ovsdb_monitor [-] Hash Ring: Node 519a3238d087549883f7c9def4727c7f (host: np0000191061) handling event "update" for row 9e447ec1-3afa-4ef6-b26e-2dc135877888 (table: NB_Global) {{(pid=101763) notify /opt/stack/neutron/neutron/plugins/ml2/drivers/ovn/mech_driver/ovsdb/ovsdb_monitor.py:1099}}
Aug 25 21:09:41.825060 np0000191061 devstack@neutron-api.service[101763]: DEBUG ovsdbapp.backend.ovs_idl.transaction [-] txn 7b0622c4 succeeded {{(pid=101763) do_commit /opt/stack/data/venv/lib/python3.12/site-packages/ovsdbapp/backend/ovs_idl/transaction.py:137}}
Aug 25 21:09:41.827315 np0000191061 devstack@neutron-api.service[101763]: DEBUG neutron.api.rpc.callbacks.version_manager [None req-f6e7ff62-077c-40a7-ac6a-7a393fbb2f46 admin admin] Tracked resource versions report:
Aug 25 21:09:41.827315 np0000191061 devstack@neutron-api.service[101763]: pushed versions:
Aug 25 21:09:41.827315 np0000191061 devstack@neutron-api.service[101763]: { 'AddressGroup': {'1.2'},
Aug 25 21:09:41.827315 np0000191061 devstack@neutron-api.service[101763]: 'Agent': {'1.1'},
Aug 25 21:09:41.827315 np0000191061 devstack@neutron-api.service[101763]: 'ConntrackHelper': {'1.0'},
Aug 25 21:09:41.827315 np0000191061 devstack@neutron-api.service[101763]: 'LocalIPAssociation': {'1.0'},
Aug 25 21:09:41.827315 np0000191061 devstack@neutron-api.service[101763]: 'Log': {'1.0'},
Aug 25 21:09:41.827315 np0000191061 devstack@neutron-api.service[101763]: 'NDPProxy': {'1.0'},
Aug 25 21:09:41.827315 np0000191061 devstack@neutron-api.service[101763]: 'Network': {'1.3'},
Aug 25 21:09:41.827315 np0000191061 devstack@neutron-api.service[101763]: 'Port': {'1.11'},
Aug 25 21:09:41.827315 np0000191061 devstack@neutron-api.service[101763]: 'PortForwarding': {'1.3'},
Aug 25 21:09:41.827315 np0000191061 devstack@neutron-api.service[101763]: 'QosPolicy': {'1.10'},
Aug 25 21:09:41.827315 np0000191061 devstack@neutron-api.service[101763]: 'SecurityGroup': {'1.6'},
Aug 25 21:09:41.827315 np0000191061 devstack@neutron-api.service[101763]: 'SecurityGroupRule': {'1.3'},
Aug 25 21:09:41.827315 np0000191061 devstack@neutron-api.service[101763]: 'SubPort': {'1.0'},
Aug 25 21:09:41.827315 np0000191061 devstack@neutron-api.service[101763]: 'Subnet': {'1.2'},
Aug 25 21:09:41.827315 np0000191061 devstack@neutron-api.service[101763]: 'Trunk': {'1.1'}}
Aug 25 21:09:41.827315 np0000191061 devstack@neutron-api.service[101763]: consumer versions:
Aug 25 21:09:41.827315 np0000191061 devstack@neutron-api.service[101763]: {}
Aug 25 21:09:41.827315 np0000191061 devstack@neutron-api.service[101763]: {{(pid=101763) report /opt/stack/neutron/neutron/api/rpc/callbacks/version_manager.py:183}}
Aug 25 21:09:41.830609 np0000191061 devstack@neutron-api.service[101761]: DEBUG neutron.plugins.ml2.drivers.ovn.mech_driver.ovsdb.ovsdb_monitor [-] Hash Ring: Node e12e0b61d4b651568fbb7a767bfea662 (host: np0000191061) handling event "update" for row 9e447ec1-3afa-4ef6-b26e-2dc135877888 (table: NB_Global) {{(pid=101761) notify /opt/stack/neutron/neutron/plugins/ml2/drivers/ovn/mech_driver/ovsdb/ovsdb_monitor.py:1099}}
Aug 25 21:09:41.832057 np0000191061 devstack@neutron-api.service[101764]: DEBUG ovsdbapp.backend.ovs_idl.event [-] Matched UPDATE: ChassisAgentWriteEvent(events=('create', 'update'), table='Chassis_Private', conditions=None, old_conditions=None), priority=20 to row=Chassis_Private(uuid=803a3e03-a53f-4a19-9f94-20aba121d9ec, chassis=ba9859f0-27b4-437a-929a-8132d65aee15, external_ids={'neutron:ovn-bridge': 'br-int', 'neutron:ovn-neutron-agent-id': '2cd6f330-3867-5c13-b179-2ef3316069e4', 'neutron:ovn-neutron-agent-sb-cfg': '0'}, name='a808d58c-305f-4b93-af45-37ef8ae51484', nb_cfg=1, nb_cfg_timestamp=1787692181825) old=Chassis_Private(uuid=803a3e03-a53f-4a19-9f94-20aba121d9ec, nb_cfg=0, nb_cfg_timestamp=0) {{(pid=101764) matches /opt/stack/data/venv/lib/python3.12/site-packages/ovsdbapp/backend/ovs_idl/event.py:55}}
Aug 25 21:09:41.832445 np0000191061 devstack@neutron-api.service[101762]: DEBUG ovsdbapp.backend.ovs_idl.event [-] Matched UPDATE: ChassisAgentWriteEvent(events=('create', 'update'), table='Chassis_Private', conditions=None, old_conditions=None), priority=20 to row=Chassis_Private(uuid=803a3e03-a53f-4a19-9f94-20aba121d9ec, chassis=ba9859f0-27b4-437a-929a-8132d65aee15, external_ids={'neutron:ovn-bridge': 'br-int', 'neutron:ovn-neutron-agent-id': '2cd6f330-3867-5c13-b179-2ef3316069e4', 'neutron:ovn-neutron-agent-sb-cfg': '0'}, name='a808d58c-305f-4b93-af45-37ef8ae51484', nb_cfg=1, nb_cfg_timestamp=1787692181825) old=Chassis_Private(uuid=803a3e03-a53f-4a19-9f94-20aba121d9ec, nb_cfg=0, nb_cfg_timestamp=0) {{(pid=101762) matches /opt/stack/data/venv/lib/python3.12/site-packages/ovsdbapp/backend/ovs_idl/event.py:55}}
Aug 25 21:09:41.833012 np0000191061 devstack@neutron-api.service[101761]: DEBUG ovsdbapp.backend.ovs_idl.event [-] Matched UPDATE: ChassisAgentWriteEvent(events=('create', 'update'), table='Chassis_Private', conditions=None, old_conditions=None), priority=20 to row=Chassis_Private(uuid=803a3e03-a53f-4a19-9f94-20aba121d9ec, chassis=ba9859f0-27b4-437a-929a-8132d65aee15, external_ids={'neutron:ovn-bridge': 'br-int', 'neutron:ovn-neutron-agent-id': '2cd6f330-3867-5c13-b179-2ef3316069e4', 'neutron:ovn-neutron-agent-sb-cfg': '0'}, name='a808d58c-305f-4b93-af45-37ef8ae51484', nb_cfg=1, nb_cfg_timestamp=1787692181825) old=Chassis_Private(uuid=803a3e03-a53f-4a19-9f94-20aba121d9ec, nb_cfg=0, nb_cfg_timestamp=0) {{(pid=101761) matches /opt/stack/data/venv/lib/python3.12/site-packages/ovsdbapp/backend/ovs_idl/event.py:55}}
Aug 25 21:09:41.833176 np0000191061 devstack@neutron-api.service[101764]: DEBUG neutron.plugins.ml2.drivers.ovn.mech_driver.ovsdb.ovsdb_monitor [-] Hash Ring: Node 219774d2329d5219894720eebcfee0b8 (host: np0000191061) handling event "update" for row 803a3e03-a53f-4a19-9f94-20aba121d9ec (table: Chassis_Private) {{(pid=101764) notify /opt/stack/neutron/neutron/plugins/ml2/drivers/ovn/mech_driver/ovsdb/ovsdb_monitor.py:1099}}
Aug 25 21:09:41.833329 np0000191061 devstack@neutron-api.service[101763]: DEBUG ovsdbapp.backend.ovs_idl.event [-] Matched UPDATE: ChassisAgentWriteEvent(events=('create', 'update'), table='Chassis_Private', conditions=None, old_conditions=None), priority=20 to row=Chassis_Private(uuid=803a3e03-a53f-4a19-9f94-20aba121d9ec, chassis=ba9859f0-27b4-437a-929a-8132d65aee15, external_ids={'neutron:ovn-bridge': 'br-int', 'neutron:ovn-neutron-agent-id': '2cd6f330-3867-5c13-b179-2ef3316069e4', 'neutron:ovn-neutron-agent-sb-cfg': '0'}, name='a808d58c-305f-4b93-af45-37ef8ae51484', nb_cfg=1, nb_cfg_timestamp=1787692181825) old=Chassis_Private(uuid=803a3e03-a53f-4a19-9f94-20aba121d9ec, nb_cfg=0, nb_cfg_timestamp=0) {{(pid=101763) matches /opt/stack/data/venv/lib/python3.12/site-packages/ovsdbapp/backend/ovs_idl/event.py:55}}
Aug 25 21:09:41.834180 np0000191061 devstack@neutron-api.service[101763]: DEBUG neutron.plugins.ml2.drivers.ovn.mech_driver.ovsdb.ovsdb_monitor [-] Hash Ring: Node 519a3238d087549883f7c9def4727c7f (host: np0000191061) handling event "update" for row 9e447ec1-3afa-4ef6-b26e-2dc135877888 (table: NB_Global) {{(pid=101763) notify /opt/stack/neutron/neutron/plugins/ml2/drivers/ovn/mech_driver/ovsdb/ovsdb_monitor.py:1099}}
Aug 25 21:09:41.835042 np0000191061 devstack@neutron-api.service[101761]: DEBUG neutron.plugins.ml2.drivers.ovn.mech_driver.ovsdb.ovsdb_monitor [-] Hash Ring: Node e12e0b61d4b651568fbb7a767bfea662 (host: np0000191061) handling event "update" for row 9e447ec1-3afa-4ef6-b26e-2dc135877888 (table: NB_Global) {{(pid=101761) notify /opt/stack/neutron/neutron/plugins/ml2/drivers/ovn/mech_driver/ovsdb/ovsdb_monitor.py:1099}}
Aug 25 21:09:41.835438 np0000191061 devstack@neutron-api.service[101763]: DEBUG neutron.plugins.ml2.drivers.ovn.mech_driver.ovsdb.ovsdb_monitor [-] Hash Ring: Node 519a3238d087549883f7c9def4727c7f (host: np0000191061) handling event "update" for row 9e447ec1-3afa-4ef6-b26e-2dc135877888 (table: NB_Global) {{(pid=101763) notify /opt/stack/neutron/neutron/plugins/ml2/drivers/ovn/mech_driver/ovsdb/ovsdb_monitor.py:1099}}
Aug 25 21:09:41.836553 np0000191061 devstack@neutron-api.service[101761]: DEBUG ovsdbapp.backend.ovs_idl.event [-] Matched UPDATE: ChassisOVNAgentWriteEvent(events=('create', 'update'), table='Chassis_Private', conditions=None, old_conditions=None), priority=20 to row=Chassis_Private(uuid=803a3e03-a53f-4a19-9f94-20aba121d9ec, chassis=ba9859f0-27b4-437a-929a-8132d65aee15, external_ids={'neutron:ovn-bridge': 'br-int', 'neutron:ovn-neutron-agent-id': '2cd6f330-3867-5c13-b179-2ef3316069e4', 'neutron:ovn-neutron-agent-sb-cfg': '1'}, name='a808d58c-305f-4b93-af45-37ef8ae51484', nb_cfg=1, nb_cfg_timestamp=1787692181825) old=Chassis_Private(uuid=803a3e03-a53f-4a19-9f94-20aba121d9ec, external_ids={'neutron:ovn-bridge': 'br-int', 'neutron:ovn-neutron-agent-id': '2cd6f330-3867-5c13-b179-2ef3316069e4', 'neutron:ovn-neutron-agent-sb-cfg': '0'}) {{(pid=101761) matches /opt/stack/data/venv/lib/python3.12/site-packages/ovsdbapp/backend/ovs_idl/event.py:55}}
Aug 25 21:09:41.837836 np0000191061 devstack@neutron-api.service[101764]: DEBUG ovsdbapp.backend.ovs_idl.event [-] Matched UPDATE: ChassisOVNAgentWriteEvent(events=('create', 'update'), table='Chassis_Private', conditions=None, old_conditions=None), priority=20 to row=Chassis_Private(uuid=803a3e03-a53f-4a19-9f94-20aba121d9ec, chassis=ba9859f0-27b4-437a-929a-8132d65aee15, external_ids={'neutron:ovn-bridge': 'br-int', 'neutron:ovn-neutron-agent-id': '2cd6f330-3867-5c13-b179-2ef3316069e4', 'neutron:ovn-neutron-agent-sb-cfg': '1'}, name='a808d58c-305f-4b93-af45-37ef8ae51484', nb_cfg=1, nb_cfg_timestamp=1787692181825) old=Chassis_Private(uuid=803a3e03-a53f-4a19-9f94-20aba121d9ec, external_ids={'neutron:ovn-bridge': 'br-int', 'neutron:ovn-neutron-agent-id': '2cd6f330-3867-5c13-b179-2ef3316069e4', 'neutron:ovn-neutron-agent-sb-cfg': '0'}) {{(pid=101764) matches /opt/stack/data/venv/lib/python3.12/site-packages/ovsdbapp/backend/ovs_idl/event.py:55}}
Aug 25 21:09:41.837981 np0000191061 devstack@neutron-api.service[101763]: DEBUG neutron.plugins.ml2.drivers.ovn.mech_driver.ovsdb.ovsdb_monitor [-] Hash Ring: Node 519a3238d087549883f7c9def4727c7f (host: np0000191061) handling event "update" for row 9e447ec1-3afa-4ef6-b26e-2dc135877888 (table: NB_Global) {{(pid=101763) notify /opt/stack/neutron/neutron/plugins/ml2/drivers/ovn/mech_driver/ovsdb/ovsdb_monitor.py:1099}}
Aug 25 21:09:41.838950 np0000191061 devstack@neutron-api.service[101764]: DEBUG neutron.plugins.ml2.drivers.ovn.mech_driver.ovsdb.ovsdb_monitor [-] Hash Ring: Node 219774d2329d5219894720eebcfee0b8 (host: np0000191061) handling event "update" for row 803a3e03-a53f-4a19-9f94-20aba121d9ec (table: Chassis_Private) {{(pid=101764) notify /opt/stack/neutron/neutron/plugins/ml2/drivers/ovn/mech_driver/ovsdb/ovsdb_monitor.py:1099}}
Aug 25 21:09:41.839097 np0000191061 devstack@neutron-api.service[101761]: DEBUG neutron.plugins.ml2.drivers.ovn.mech_driver.ovsdb.ovsdb_monitor [-] Hash Ring: Node e12e0b61d4b651568fbb7a767bfea662 (host: np0000191061) handling event "update" for row 9e447ec1-3afa-4ef6-b26e-2dc135877888 (table: NB_Global) {{(pid=101761) notify /opt/stack/neutron/neutron/plugins/ml2/drivers/ovn/mech_driver/ovsdb/ovsdb_monitor.py:1099}}
Aug 25 21:09:41.840312 np0000191061 devstack@neutron-api.service[101763]: DEBUG ovsdbapp.backend.ovs_idl.event [-] Matched UPDATE: ChassisOVNAgentWriteEvent(events=('create', 'update'), table='Chassis_Private', conditions=None, old_conditions=None), priority=20 to row=Chassis_Private(uuid=803a3e03-a53f-4a19-9f94-20aba121d9ec, chassis=ba9859f0-27b4-437a-929a-8132d65aee15, external_ids={'neutron:ovn-bridge': 'br-int', 'neutron:ovn-neutron-agent-id': '2cd6f330-3867-5c13-b179-2ef3316069e4', 'neutron:ovn-neutron-agent-sb-cfg': '1'}, name='a808d58c-305f-4b93-af45-37ef8ae51484', nb_cfg=1, nb_cfg_timestamp=1787692181825) old=Chassis_Private(uuid=803a3e03-a53f-4a19-9f94-20aba121d9ec, external_ids={'neutron:ovn-bridge': 'br-int', 'neutron:ovn-neutron-agent-id': '2cd6f330-3867-5c13-b179-2ef3316069e4', 'neutron:ovn-neutron-agent-sb-cfg': '0'}) {{(pid=101763) matches /opt/stack/data/venv/lib/python3.12/site-packages/ovsdbapp/backend/ovs_idl/event.py:55}}
Aug 25 21:09:41.841865 np0000191061 devstack@neutron-api.service[101761]: DEBUG neutron.plugins.ml2.drivers.ovn.mech_driver.ovsdb.ovsdb_monitor [-] Hash Ring: Node e12e0b61d4b651568fbb7a767bfea662 (host: np0000191061) handling event "update" for row 9e447ec1-3afa-4ef6-b26e-2dc135877888 (table: NB_Global) {{(pid=101761) notify /opt/stack/neutron/neutron/plugins/ml2/drivers/ovn/mech_driver/ovsdb/ovsdb_monitor.py:1099}}
Aug 25 21:09:41.843150 np0000191061 devstack@neutron-api.service[101762]: DEBUG neutron.common.ovn.hash_ring_manager [-] Allow caching, nodes 4>=4 {{(pid=101762) _wait_startup_before_caching /opt/stack/neutron/neutron/common/ovn/hash_ring_manager.py:71}}
Aug 25 21:09:41.843391 np0000191061 devstack@neutron-api.service[101762]: DEBUG neutron.plugins.ml2.drivers.ovn.mech_driver.ovsdb.ovsdb_monitor [-] Hash Ring: Node 9cfe7f616a245ac4bfba0a51bad5c96e (host: np0000191061) handling event "update" for row 803a3e03-a53f-4a19-9f94-20aba121d9ec (table: Chassis_Private) {{(pid=101762) notify /opt/stack/neutron/neutron/plugins/ml2/drivers/ovn/mech_driver/ovsdb/ovsdb_monitor.py:1099}}
Aug 25 21:09:41.844894 np0000191061 devstack@neutron-api.service[101762]: DEBUG ovsdbapp.backend.ovs_idl.event [-] Matched UPDATE: ChassisOVNAgentWriteEvent(events=('create', 'update'), table='Chassis_Private', conditions=None, old_conditions=None), priority=20 to row=Chassis_Private(uuid=803a3e03-a53f-4a19-9f94-20aba121d9ec, chassis=ba9859f0-27b4-437a-929a-8132d65aee15, external_ids={'neutron:ovn-bridge': 'br-int', 'neutron:ovn-neutron-agent-id': '2cd6f330-3867-5c13-b179-2ef3316069e4', 'neutron:ovn-neutron-agent-sb-cfg': '1'}, name='a808d58c-305f-4b93-af45-37ef8ae51484', nb_cfg=1, nb_cfg_timestamp=1787692181825) old=Chassis_Private(uuid=803a3e03-a53f-4a19-9f94-20aba121d9ec, external_ids={'neutron:ovn-bridge': 'br-int', 'neutron:ovn-neutron-agent-id': '2cd6f330-3867-5c13-b179-2ef3316069e4', 'neutron:ovn-neutron-agent-sb-cfg': '0'}) {{(pid=101762) matches /opt/stack/data/venv/lib/python3.12/site-packages/ovsdbapp/backend/ovs_idl/event.py:55}}
Aug 25 21:09:41.845214 np0000191061 devstack@neutron-api.service[101762]: DEBUG neutron.plugins.ml2.drivers.ovn.mech_driver.ovsdb.ovsdb_monitor [-] Hash Ring: Node 9cfe7f616a245ac4bfba0a51bad5c96e (host: np0000191061) handling event "update" for row 803a3e03-a53f-4a19-9f94-20aba121d9ec (table: Chassis_Private) {{(pid=101762) notify /opt/stack/neutron/neutron/plugins/ml2/drivers/ovn/mech_driver/ovsdb/ovsdb_monitor.py:1099}}
