Aug 25 21:09:32.773813 np0000191061 devstack@neutron-api.service[101764]: DEBUG neutron.api.extensions [None req-4e67dc06-2df4-4ff0-865e-ac38a8258799 None None] Loading extension file: subnet_service_types.py {{(pid=101764) _load_all_extensions_from_path /opt/stack/neutron/neutron/api/extensions.py:449}}
Aug 25 21:09:32.774021 np0000191061 devstack@neutron-api.service[101764]: DEBUG neutron.api.extensions [None req-4e67dc06-2df4-4ff0-865e-ac38a8258799 None None] Ext name="Subnet service types" alias="subnet-service-types" description="Provides ability to set the subnet service_types field" updated="2016-03-15T18:00:00-00:00" {{(pid=101764) _check_extension /opt/stack/neutron/neutron/api/extensions.py:415}}
Aug 25 21:09:32.774215 np0000191061 devstack@neutron-api.service[101764]: INFO neutron.api.extensions [None req-4e67dc06-2df4-4ff0-865e-ac38a8258799 None None] Loaded extension: subnet-service-types
Aug 25 21:09:32.774361 np0000191061 devstack@neutron-api.service[101764]: DEBUG neutron.api.extensions [None req-4e67dc06-2df4-4ff0-865e-ac38a8258799 None None] Loading extension file: subnetallocation.py {{(pid=101764) _load_all_extensions_from_path /opt/stack/neutron/neutron/api/extensions.py:449}}
Aug 25 21:09:32.774646 np0000191061 devstack@neutron-api.service[101764]: DEBUG neutron.api.extensions [None req-4e67dc06-2df4-4ff0-865e-ac38a8258799 None None] Ext name="Subnet Allocation" alias="subnet_allocation" description="Enables allocation of subnets from a subnet pool" updated="2015-03-30T10:00:00-00:00" {{(pid=101764) _check_extension /opt/stack/neutron/neutron/api/extensions.py:415}}
Aug 25 21:09:32.774803 np0000191061 devstack@neutron-api.service[101764]: INFO neutron.api.extensions [None req-4e67dc06-2df4-4ff0-865e-ac38a8258799 None None] Loaded extension: subnet_allocation
Aug 25 21:09:32.774930 np0000191061 devstack@neutron-api.service[101764]: DEBUG neutron.api.extensions [None req-4e67dc06-2df4-4ff0-865e-ac38a8258799 None None] Loading extension file: subnetpool_prefix_ops.py {{(pid=101764) _load_all_extensions_from_path /opt/stack/neutron/neutron/api/extensions.py:449}}
Aug 25 21:09:32.775162 np0000191061 devstack@neutron-api.service[101764]: DEBUG neutron.api.extensions [None req-4e67dc06-2df4-4ff0-865e-ac38a8258799 None None] Ext name="Subnet Pool Prefix Operations" alias="subnetpool-prefix-ops" description="Provides support for adjusting the prefix list of subnet pools" updated="2019-02-08T10:00:00-00:00" {{(pid=101764) _check_extension /opt/stack/neutron/neutron/api/extensions.py:415}}
Aug 25 21:09:32.775341 np0000191061 devstack@neutron-api.service[101764]: INFO neutron.api.extensions [None req-4e67dc06-2df4-4ff0-865e-ac38a8258799 None None] Loaded extension: subnetpool-prefix-ops
Aug 25 21:09:32.775439 np0000191061 devstack@neutron-api.service[101764]: DEBUG neutron.api.extensions [None req-4e67dc06-2df4-4ff0-865e-ac38a8258799 None None] Loading extension file: tag_creation.py {{(pid=101764) _load_all_extensions_from_path /opt/stack/neutron/neutron/api/extensions.py:449}}
Aug 25 21:09:32.775645 np0000191061 devstack@neutron-api.service[101764]: DEBUG neutron.api.extensions [None req-4e67dc06-2df4-4ff0-865e-ac38a8258799 None None] Ext name="Tag creation extension" alias="tag-creation" description="Allow to create multiple tags for a resource" updated="2024-23-07T10:00:00-00:00" {{(pid=101764) _check_extension /opt/stack/neutron/neutron/api/extensions.py:415}}
Aug 25 21:09:32.775827 np0000191061 devstack@neutron-api.service[101764]: INFO neutron.api.extensions [None req-4e67dc06-2df4-4ff0-865e-ac38a8258799 None None] Loaded extension: tag-creation
Aug 25 21:09:32.775884 np0000191061 devstack@neutron-api.service[101764]: DEBUG neutron.api.extensions [None req-4e67dc06-2df4-4ff0-865e-ac38a8258799 None None] Loading extension file: tag_ports_during_bulk_creation.py {{(pid=101764) _load_all_extensions_from_path /opt/stack/neutron/neutron/api/extensions.py:449}}
Aug 25 21:09:32.776113 np0000191061 devstack@neutron-api.service[101764]: DEBUG neutron.api.extensions [None req-4e67dc06-2df4-4ff0-865e-ac38a8258799 None None] Ext name="Tag Ports During Bulk Creation" alias="tag-ports-during-bulk-creation" description="Allow to tag ports during bulk creation" updated="2019-12-29T19:00:00-00:00" {{(pid=101764) _check_extension /opt/stack/neutron/neutron/api/extensions.py:415}}
Aug 25 21:09:32.776312 np0000191061 devstack@neutron-api.service[101764]: INFO neutron.api.extensions [None req-4e67dc06-2df4-4ff0-865e-ac38a8258799 None None] Extension tag-ports-during-bulk-creation not supported by any of loaded plugins
Aug 25 21:09:32.776466 np0000191061 devstack@neutron-api.service[101764]: DEBUG neutron.api.extensions [None req-4e67dc06-2df4-4ff0-865e-ac38a8258799 None None] Loading extension file: tagging.py {{(pid=101764) _load_all_extensions_from_path /opt/stack/neutron/neutron/api/extensions.py:449}}
Aug 25 21:09:32.777009 np0000191061 devstack@neutron-api.service[101761]: DEBUG neutron_lib.callbacks.manager [None req-5a5e8ff9-25af-42f6-9b1e-e3bbbbd92754 None None] Subscribe: > router before_delete 55550000, False {{(pid=101761) subscribe /opt/stack/data/venv/lib/python3.12/site-packages/neutron_lib/callbacks/manager.py:52}}
Aug 25 21:09:32.777468 np0000191061 devstack@neutron-api.service[101761]: DEBUG neutron_lib.callbacks.manager [None req-5a5e8ff9-25af-42f6-9b1e-e3bbbbd92754 None None] Subscribe: port before_update 55550000, False {{(pid=101761) subscribe /opt/stack/data/venv/lib/python3.12/site-packages/neutron_lib/callbacks/manager.py:52}}
Aug 25 21:09:32.777627 np0000191061 devstack@neutron-api.service[101764]: DEBUG neutron.api.extensions [None req-4e67dc06-2df4-4ff0-865e-ac38a8258799 None None] Ext name="Tag support for resources with standard attribute: port, subnet, subnetpool, network, security_group, router, floatingip, policy, trunk, network_segment_range" alias="standard-attr-tag" description="Enables to set tag on resources with standard attribute." updated="2017-01-01T00:00:00-00:00" {{(pid=101764) _check_extension /opt/stack/neutron/neutron/api/extensions.py:415}}
Aug 25 21:09:32.777764 np0000191061 devstack@neutron-api.service[101761]: DEBUG neutron_lib.callbacks.manager [None req-5a5e8ff9-25af-42f6-9b1e-e3bbbbd92754 None None] Subscribe: port after_update 55550000, False {{(pid=101761) subscribe /opt/stack/data/venv/lib/python3.12/site-packages/neutron_lib/callbacks/manager.py:52}}
Aug 25 21:09:32.778091 np0000191061 devstack@neutron-api.service[101764]: INFO neutron.api.extensions [None req-4e67dc06-2df4-4ff0-865e-ac38a8258799 None None] Loaded extension: standard-attr-tag
Aug 25 21:09:32.778436 np0000191061 devstack@neutron-api.service[101761]: DEBUG neutron_lib.callbacks.manager [None req-5a5e8ff9-25af-42f6-9b1e-e3bbbbd92754 None None] Subscribe: > port precommit_delete 55550000, False {{(pid=101761) subscribe /opt/stack/data/venv/lib/python3.12/site-packages/neutron_lib/callbacks/manager.py:52}}
Aug 25 21:09:32.779071 np0000191061 devstack@neutron-api.service[101764]: DEBUG neutron.api.extensions [None req-4e67dc06-2df4-4ff0-865e-ac38a8258799 None None] Loading extension file: timestamp.py {{(pid=101764) _load_all_extensions_from_path /opt/stack/neutron/neutron/api/extensions.py:449}}
Aug 25 21:09:32.779188 np0000191061 devstack@neutron-api.service[101761]: DEBUG neutron_lib.callbacks.manager [None req-5a5e8ff9-25af-42f6-9b1e-e3bbbbd92754 None None] Subscribe: port before_update 55550000, False {{(pid=101761) subscribe /opt/stack/data/venv/lib/python3.12/site-packages/neutron_lib/callbacks/manager.py:52}}
Aug 25 21:09:32.779188 np0000191061 devstack@neutron-api.service[101761]: DEBUG neutron_lib.callbacks.manager [None req-5a5e8ff9-25af-42f6-9b1e-e3bbbbd92754 None None] Subscribe: port before_delete 55550000, False {{(pid=101761) subscribe /opt/stack/data/venv/lib/python3.12/site-packages/neutron_lib/callbacks/manager.py:52}}
Aug 25 21:09:32.779188 np0000191061 devstack@neutron-api.service[101761]: DEBUG neutron_lib.callbacks.manager [None req-5a5e8ff9-25af-42f6-9b1e-e3bbbbd92754 None None] Subscribe: > router precommit_create 55550000, False {{(pid=101761) subscribe /opt/stack/data/venv/lib/python3.12/site-packages/neutron_lib/callbacks/manager.py:52}}
Aug 25 21:09:32.779451 np0000191061 devstack@neutron-api.service[101764]: DEBUG neutron.api.extensions [None req-4e67dc06-2df4-4ff0-865e-ac38a8258799 None None] Ext name="Resource timestamps" alias="standard-attr-timestamp" description="Adds created_at and updated_at fields to all Neutron resources that have Neutron standard attributes." updated="2016-09-12T10:00:00-00:00" {{(pid=101764) _check_extension /opt/stack/neutron/neutron/api/extensions.py:415}}
Aug 25 21:09:32.779552 np0000191061 devstack@neutron-api.service[101761]: DEBUG neutron_lib.callbacks.manager [None req-5a5e8ff9-25af-42f6-9b1e-e3bbbbd92754 None None] Subscribe: > router precommit_create 55550000, False {{(pid=101761) subscribe /opt/stack/data/venv/lib/python3.12/site-packages/neutron_lib/callbacks/manager.py:52}}
Aug 25 21:09:32.779552 np0000191061 devstack@neutron-api.service[101761]: DEBUG neutron_lib.callbacks.manager [None req-5a5e8ff9-25af-42f6-9b1e-e3bbbbd92754 None None] Subscribe: > router precommit_update 55550000, False {{(pid=101761) subscribe /opt/stack/data/venv/lib/python3.12/site-packages/neutron_lib/callbacks/manager.py:52}}
Aug 25 21:09:32.779700 np0000191061 devstack@neutron-api.service[101764]: INFO neutron.api.extensions [None req-4e67dc06-2df4-4ff0-865e-ac38a8258799 None None] Loaded extension: standard-attr-timestamp
Aug 25 21:09:32.779759 np0000191061 devstack@neutron-api.service[101761]: DEBUG neutron_lib.callbacks.manager [None req-5a5e8ff9-25af-42f6-9b1e-e3bbbbd92754 None None] Subscribe: subnet after_update 55550000, False {{(pid=101761) subscribe /opt/stack/data/venv/lib/python3.12/site-packages/neutron_lib/callbacks/manager.py:52}}
Aug 25 21:09:32.779871 np0000191061 devstack@neutron-api.service[101764]: DEBUG neutron.api.extensions [None req-4e67dc06-2df4-4ff0-865e-ac38a8258799 None None] Loading extension file: trunk.py {{(pid=101764) _load_all_extensions_from_path /opt/stack/neutron/neutron/api/extensions.py:449}}
Aug 25 21:09:32.779931 np0000191061 devstack@neutron-api.service[101761]: DEBUG neutron.quota.resource_registry [None req-5a5e8ff9-25af-42f6-9b1e-e3bbbbd92754 None None] Tracking information for resource: router configured {{(pid=101761) set_tracked_resource /opt/stack/neutron/neutron/quota/resource_registry.py:203}}
Aug 25 21:09:32.779931 np0000191061 devstack@neutron-api.service[101761]: DEBUG neutron.quota.resource_registry [None req-5a5e8ff9-25af-42f6-9b1e-e3bbbbd92754 None None] Tracking information for resource: floatingip configured {{(pid=101761) set_tracked_resource /opt/stack/neutron/neutron/quota/resource_registry.py:203}}
Aug 25 21:09:32.779931 np0000191061 devstack@neutron-api.service[101761]: INFO neutron.services.ovn_l3.plugin [None req-5a5e8ff9-25af-42f6-9b1e-e3bbbbd92754 None None] Starting OVNL3RouterPlugin
Aug 25 21:09:32.780043 np0000191061 devstack@neutron-api.service[101764]: DEBUG neutron.api.extensions [None req-4e67dc06-2df4-4ff0-865e-ac38a8258799 None None] Ext name="Trunk Extension" alias="trunk" description="Provides support for trunk ports" updated="2016-01-01T10:00:00-00:00" {{(pid=101764) _check_extension /opt/stack/neutron/neutron/api/extensions.py:415}}
Aug 25 21:09:32.780171 np0000191061 devstack@neutron-api.service[101761]: DEBUG neutron_lib.callbacks.manager [None req-5a5e8ff9-25af-42f6-9b1e-e3bbbbd92754 None None] Subscribe: > port_forwarding_plugin after_init 55550000, False {{(pid=101761) subscribe /opt/stack/data/venv/lib/python3.12/site-packages/neutron_lib/callbacks/manager.py:52}}
Aug 25 21:09:32.780284 np0000191061 devstack@neutron-api.service[101764]: INFO neutron.api.extensions [None req-4e67dc06-2df4-4ff0-865e-ac38a8258799 None None] Extension trunk not supported by any of loaded plugins
Aug 25 21:09:32.780284 np0000191061 devstack@neutron-api.service[101764]: DEBUG neutron.api.extensions [None req-4e67dc06-2df4-4ff0-865e-ac38a8258799 None None] Loading extension file: trunk_details.py {{(pid=101764) _load_all_extensions_from_path /opt/stack/neutron/neutron/api/extensions.py:449}}
Aug 25 21:09:32.780417 np0000191061 devstack@neutron-api.service[101761]: DEBUG neutron_lib.callbacks.manager [None req-5a5e8ff9-25af-42f6-9b1e-e3bbbbd92754 None None] Subscribe: > router before_create 55550100, False {{(pid=101761) subscribe /opt/stack/data/venv/lib/python3.12/site-packages/neutron_lib/callbacks/manager.py:52}}
Aug 25 21:09:32.780417 np0000191061 devstack@neutron-api.service[101761]: DEBUG neutron_lib.callbacks.manager [None req-5a5e8ff9-25af-42f6-9b1e-e3bbbbd92754 None None] Subscribe: > router precommit_delete 55550100, False {{(pid=101761) subscribe /opt/stack/data/venv/lib/python3.12/site-packages/neutron_lib/callbacks/manager.py:52}}
Aug 25 21:09:32.780417 np0000191061 devstack@neutron-api.service[101761]: DEBUG neutron_lib.callbacks.manager [None req-5a5e8ff9-25af-42f6-9b1e-e3bbbbd92754 None None] Subscribe: > router precommit_create 55550100, False {{(pid=101761) subscribe /opt/stack/data/venv/lib/python3.12/site-packages/neutron_lib/callbacks/manager.py:52}}
Aug 25 21:09:32.780417 np0000191061 devstack@neutron-api.service[101761]: DEBUG neutron_lib.callbacks.manager [None req-5a5e8ff9-25af-42f6-9b1e-e3bbbbd92754 None None] Subscribe: > router precommit_update 55550100, False {{(pid=101761) subscribe /opt/stack/data/venv/lib/python3.12/site-packages/neutron_lib/callbacks/manager.py:52}}
Aug 25 21:09:32.780601 np0000191061 devstack@neutron-api.service[101764]: DEBUG neutron.api.extensions [None req-4e67dc06-2df4-4ff0-865e-ac38a8258799 None None] Ext name="Trunk port details" alias="trunk-details" description="Expose trunk port details" updated="2016-01-01T10:00:00-00:00" {{(pid=101764) _check_extension /opt/stack/neutron/neutron/api/extensions.py:415}}
Aug 25 21:09:32.780601 np0000191061 devstack@neutron-api.service[101764]: INFO neutron.api.extensions [None req-4e67dc06-2df4-4ff0-865e-ac38a8258799 None None] Extension trunk-details not supported by any of loaded plugins
Aug 25 21:09:32.780601 np0000191061 devstack@neutron-api.service[101764]: DEBUG neutron.api.extensions [None req-4e67dc06-2df4-4ff0-865e-ac38a8258799 None None] Loading extension file: uplink_status_propagation.py {{(pid=101764) _load_all_extensions_from_path /opt/stack/neutron/neutron/api/extensions.py:449}}
Aug 25 21:09:32.780601 np0000191061 devstack@neutron-api.service[101764]: DEBUG neutron.api.extensions [None req-4e67dc06-2df4-4ff0-865e-ac38a8258799 None None] Ext name="Uplink status propagation extension" alias="uplink-status-propagation" description="Provides ability to propagate port uplink status." updated="2018-05-31T18:00:00-00:00" {{(pid=101764) _check_extension /opt/stack/neutron/neutron/api/extensions.py:415}}
Aug 25 21:09:32.780601 np0000191061 devstack@neutron-api.service[101764]: INFO neutron.api.extensions [None req-4e67dc06-2df4-4ff0-865e-ac38a8258799 None None] Extension uplink-status-propagation not supported by any of loaded plugins
Aug 25 21:09:32.780601 np0000191061 devstack@neutron-api.service[101764]: DEBUG neutron.api.extensions [None req-4e67dc06-2df4-4ff0-865e-ac38a8258799 None None] Loading extension file: uplink_status_propagation_updatable.py {{(pid=101764) _load_all_extensions_from_path /opt/stack/neutron/neutron/api/extensions.py:449}}
Aug 25 21:09:32.780839 np0000191061 devstack@neutron-api.service[101764]: DEBUG neutron.api.extensions [None req-4e67dc06-2df4-4ff0-865e-ac38a8258799 None None] Ext name="Uplink status propagation updatable extension" alias="uplink-status-propagation-updatable" description="Provides ability to update the port uplink status." updated="2024-09-03T18:00:00-00:00" {{(pid=101764) _check_extension /opt/stack/neutron/neutron/api/extensions.py:415}}
Aug 25 21:09:32.781096 np0000191061 devstack@neutron-api.service[101764]: INFO neutron.api.extensions [None req-4e67dc06-2df4-4ff0-865e-ac38a8258799 None None] Extension uplink-status-propagation-updatable not supported by any of loaded plugins
Aug 25 21:09:32.781187 np0000191061 devstack@neutron-api.service[101764]: DEBUG neutron.api.extensions [None req-4e67dc06-2df4-4ff0-865e-ac38a8258799 None None] Loading extension file: vlantransparent.py {{(pid=101764) _load_all_extensions_from_path /opt/stack/neutron/neutron/api/extensions.py:449}}
Aug 25 21:09:32.781646 np0000191061 devstack@neutron-api.service[101764]: DEBUG neutron.api.extensions [None req-4e67dc06-2df4-4ff0-865e-ac38a8258799 None None] Ext name="Vlantransparent" alias="vlan-transparent" description="Provides Vlan Transparent Networks" updated="2015-03-23T09:00:00-00:00" {{(pid=101764) _check_extension /opt/stack/neutron/neutron/api/extensions.py:415}}
Aug 25 21:09:32.781889 np0000191061 devstack@neutron-api.service[101764]: INFO neutron.api.extensions [None req-4e67dc06-2df4-4ff0-865e-ac38a8258799 None None] Loaded extension: vlan-transparent
Aug 25 21:09:32.782970 np0000191061 devstack@neutron-api.service[101761]: DEBUG neutron.services.provider_configuration [None req-5a5e8ff9-25af-42f6-9b1e-e3bbbbd92754 None None] Service providers = [] {{(pid=101761) parse_service_provider_opt /opt/stack/neutron/neutron/services/provider_configuration.py:170}}
Aug 25 21:09:32.783213 np0000191061 devstack@neutron-api.service[101761]: DEBUG neutron.db.servicetype_db [None req-5a5e8ff9-25af-42f6-9b1e-e3bbbbd92754 None None] Adding provider configuration for service L3_ROUTER_NAT {{(pid=101761) add_provider_configuration /opt/stack/neutron/neutron/db/servicetype_db.py:45}}
Aug 25 21:09:32.784420 np0000191061 devstack@neutron-api.service[101764]: INFO neutron.quota.resource_registry [None req-4e67dc06-2df4-4ff0-865e-ac38a8258799 None None] Creating instance of TrackedResource for resource:network
Aug 25 21:09:32.784533 np0000191061 devstack@neutron-api.service[101761]: DEBUG neutron_lib.callbacks.manager [None req-5a5e8ff9-25af-42f6-9b1e-e3bbbbd92754 None None] Subscribe: > router precommit_create 55549900, False {{(pid=101761) subscribe /opt/stack/data/venv/lib/python3.12/site-packages/neutron_lib/callbacks/manager.py:52}}
Aug 25 21:09:32.784533 np0000191061 devstack@neutron-api.service[101761]: DEBUG neutron_lib.callbacks.manager [None req-5a5e8ff9-25af-42f6-9b1e-e3bbbbd92754 None None] Subscribe: > router_interface after_create 55550000, False {{(pid=101761) subscribe /opt/stack/data/venv/lib/python3.12/site-packages/neutron_lib/callbacks/manager.py:52}}
Aug 25 21:09:32.784675 np0000191061 devstack@neutron-api.service[101761]: DEBUG neutron_lib.callbacks.manager [None req-5a5e8ff9-25af-42f6-9b1e-e3bbbbd92754 None None] Subscribe: > floatingip after_create 55550000, False {{(pid=101761) subscribe /opt/stack/data/venv/lib/python3.12/site-packages/neutron_lib/callbacks/manager.py:52}}
Aug 25 21:09:32.784797 np0000191061 devstack@neutron-api.service[101764]: INFO neutron.quota.resource_registry [None req-4e67dc06-2df4-4ff0-865e-ac38a8258799 None None] Creating instance of TrackedResource for resource:subnet
Aug 25 21:09:32.784859 np0000191061 devstack@neutron-api.service[101761]: DEBUG neutron_lib.callbacks.manager [None req-5a5e8ff9-25af-42f6-9b1e-e3bbbbd92754 None None] Subscribe: > floatingip precommit_create 55550000, False {{(pid=101761) subscribe /opt/stack/data/venv/lib/python3.12/site-packages/neutron_lib/callbacks/manager.py:52}}
Aug 25 21:09:32.784859 np0000191061 devstack@neutron-api.service[101761]: DEBUG neutron_lib.callbacks.manager [None req-5a5e8ff9-25af-42f6-9b1e-e3bbbbd92754 None None] Subscribe: > floatingip precommit_update 55550000, False {{(pid=101761) subscribe /opt/stack/data/venv/lib/python3.12/site-packages/neutron_lib/callbacks/manager.py:52}}
Aug 25 21:09:32.784952 np0000191061 devstack@neutron-api.service[101764]: INFO neutron.quota.resource_registry [None req-4e67dc06-2df4-4ff0-865e-ac38a8258799 None None] Creating instance of TrackedResource for resource:subnetpool
Aug 25 21:09:32.785020 np0000191061 devstack@neutron-api.service[101761]: DEBUG neutron_lib.callbacks.manager [None req-5a5e8ff9-25af-42f6-9b1e-e3bbbbd92754 None None] Subscribe: > floatingip after_delete 55550000, False {{(pid=101761) subscribe /opt/stack/data/venv/lib/python3.12/site-packages/neutron_lib/callbacks/manager.py:52}}
Aug 25 21:09:32.785020 np0000191061 devstack@neutron-api.service[101761]: DEBUG neutron_lib.callbacks.manager [None req-5a5e8ff9-25af-42f6-9b1e-e3bbbbd92754 None None] Subscribe: > floatingip after_status_update 55550000, False {{(pid=101761) subscribe /opt/stack/data/venv/lib/python3.12/site-packages/neutron_lib/callbacks/manager.py:52}}
Aug 25 21:09:32.785190 np0000191061 devstack@neutron-api.service[101764]: INFO neutron.quota.resource_registry [None req-4e67dc06-2df4-4ff0-865e-ac38a8258799 None None] Creating instance of TrackedResource for resource:port
Aug 25 21:09:32.785305 np0000191061 devstack@neutron-api.service[101761]: DEBUG neutron_lib.callbacks.manager [None req-5a5e8ff9-25af-42f6-9b1e-e3bbbbd92754 None None] Subscribe: > floatingip after_update 55550000, False {{(pid=101761) subscribe /opt/stack/data/venv/lib/python3.12/site-packages/neutron_lib/callbacks/manager.py:52}}
Aug 25 21:09:32.785305 np0000191061 devstack@neutron-api.service[101761]: DEBUG neutron_lib.callbacks.manager [None req-5a5e8ff9-25af-42f6-9b1e-e3bbbbd92754 None None] Subscribe: > port_forwarding after_create 55550000, False {{(pid=101761) subscribe /opt/stack/data/venv/lib/python3.12/site-packages/neutron_lib/callbacks/manager.py:52}}
Aug 25 21:09:32.785471 np0000191061 devstack@neutron-api.service[101761]: DEBUG neutron_lib.callbacks.manager [None req-5a5e8ff9-25af-42f6-9b1e-e3bbbbd92754 None None] Subscribe: > router_interface after_delete 55550000, False {{(pid=101761) subscribe /opt/stack/data/venv/lib/python3.12/site-packages/neutron_lib/callbacks/manager.py:52}}
Aug 25 21:09:32.785471 np0000191061 devstack@neutron-api.service[101761]: DEBUG neutron_lib.callbacks.manager [None req-5a5e8ff9-25af-42f6-9b1e-e3bbbbd92754 None None] Subscribe: > router after_create 55550000, False {{(pid=101761) subscribe /opt/stack/data/venv/lib/python3.12/site-packages/neutron_lib/callbacks/manager.py:52}}
Aug 25 21:09:32.785617 np0000191061 devstack@neutron-api.service[101761]: DEBUG neutron_lib.callbacks.manager [None req-5a5e8ff9-25af-42f6-9b1e-e3bbbbd92754 None None] Subscribe: > router precommit_create 55550000, False {{(pid=101761) subscribe /opt/stack/data/venv/lib/python3.12/site-packages/neutron_lib/callbacks/manager.py:52}}
Aug 25 21:09:32.785984 np0000191061 devstack@neutron-api.service[101761]: DEBUG neutron_lib.callbacks.manager [None req-5a5e8ff9-25af-42f6-9b1e-e3bbbbd92754 None None] Subscribe: > router after_delete 55550000, False {{(pid=101761) subscribe /opt/stack/data/venv/lib/python3.12/site-packages/neutron_lib/callbacks/manager.py:52}}
Aug 25 21:09:32.785984 np0000191061 devstack@neutron-api.service[101761]: DEBUG neutron_lib.callbacks.manager [None req-5a5e8ff9-25af-42f6-9b1e-e3bbbbd92754 None None] Subscribe: > router after_update 55550000, False {{(pid=101761) subscribe /opt/stack/data/venv/lib/python3.12/site-packages/neutron_lib/callbacks/manager.py:52}}
Aug 25 21:09:32.785984 np0000191061 devstack@neutron-api.service[101761]: DEBUG neutron.services.service_base [None req-5a5e8ff9-25af-42f6-9b1e-e3bbbbd92754 None None] Loaded 'neutron.services.ovn_l3.service_providers.ovn.OvnDriver' provider for service L3_ROUTER_NAT {{(pid=101761) load_drivers /opt/stack/neutron/neutron/services/service_base.py:49}}
Aug 25 21:09:32.786235 np0000191061 devstack@neutron-api.service[101761]: DEBUG neutron_lib.callbacks.manager [None req-5a5e8ff9-25af-42f6-9b1e-e3bbbbd92754 None None] Subscribe: > process after_init 55550001, True {{(pid=101761) subscribe /opt/stack/data/venv/lib/python3.12/site-packages/neutron_lib/callbacks/manager.py:52}}
Aug 25 21:09:32.786235 np0000191061 devstack@neutron-api.service[101761]: DEBUG neutron.manager [None req-5a5e8ff9-25af-42f6-9b1e-e3bbbbd92754 None None] Successfully loaded L3_ROUTER_NAT plugin. Description: L3 Router Service Plugin for basic L3 forwarding using OVN {{(pid=101761) _create_and_add_service_plugin /opt/stack/neutron/neutron/manager.py:236}}
Aug 25 21:09:32.786235 np0000191061 devstack@neutron-api.service[101761]: INFO neutron.manager [None req-5a5e8ff9-25af-42f6-9b1e-e3bbbbd92754 None None] Loading Plugin: auto_allocate
Aug 25 21:09:32.787228 np0000191061 devstack@neutron-api.service[101764]: INFO neutron.quota.resource_registry [None req-4e67dc06-2df4-4ff0-865e-ac38a8258799 None None] Creating instance of CountableResource for resource:router_route
Aug 25 21:09:32.787388 np0000191061 devstack@neutron-api.service[101761]: DEBUG neutron_lib.callbacks.manager [None req-5a5e8ff9-25af-42f6-9b1e-e3bbbbd92754 None None] Subscribe: network precommit_update 55550000, False {{(pid=101761) subscribe /opt/stack/data/venv/lib/python3.12/site-packages/neutron_lib/callbacks/manager.py:52}}
Aug 25 21:09:32.787483 np0000191061 devstack@neutron-api.service[101764]: DEBUG neutron.api.v2.resource_helper [None req-4e67dc06-2df4-4ff0-865e-ac38a8258799 None None] Service L3_ROUTER_NAT assigned prefix: {{(pid=101764) build_resource_info /opt/stack/neutron/neutron/api/v2/resource_helper.py:77}}
Aug 25 21:09:32.787555 np0000191061 devstack@neutron-api.service[101761]: DEBUG neutron_lib.callbacks.manager [None req-5a5e8ff9-25af-42f6-9b1e-e3bbbbd92754 None None] Subscribe: network precommit_create 55550000, False {{(pid=101761) subscribe /opt/stack/data/venv/lib/python3.12/site-packages/neutron_lib/callbacks/manager.py:52}}
Aug 25 21:09:32.787677 np0000191061 devstack@neutron-api.service[101761]: DEBUG neutron.manager [None req-5a5e8ff9-25af-42f6-9b1e-e3bbbbd92754 None None] Successfully loaded auto-allocated-topology plugin. Description: Auto Allocated Topology - aka get me a network. {{(pid=101761) _create_and_add_service_plugin /opt/stack/neutron/neutron/manager.py:236}}
Aug 25 21:09:32.787778 np0000191061 devstack@neutron-api.service[101761]: INFO neutron.manager [None req-5a5e8ff9-25af-42f6-9b1e-e3bbbbd92754 None None] Loading Plugin: tag
Aug 25 21:09:32.788126 np0000191061 devstack@neutron-api.service[101764]: DEBUG neutron.api.v2.resource_helper [None req-4e67dc06-2df4-4ff0-865e-ac38a8258799 None None] Service FLAVORS assigned prefix: {{(pid=101764) build_resource_info /opt/stack/neutron/neutron/api/v2/resource_helper.py:77}}
Aug 25 21:09:32.789854 np0000191061 devstack@neutron-api.service[101764]: DEBUG neutron.api.v2.resource_helper [None req-4e67dc06-2df4-4ff0-865e-ac38a8258799 None None] Service L3_ROUTER_NAT assigned prefix: {{(pid=101764) build_resource_info /opt/stack/neutron/neutron/api/v2/resource_helper.py:77}}
Aug 25 21:09:32.790667 np0000191061 devstack@neutron-api.service[101764]: DEBUG neutron.api.v2.resource_helper [None req-4e67dc06-2df4-4ff0-865e-ac38a8258799 None None] Service L3_ROUTER_NAT assigned prefix: {{(pid=101764) build_resource_info /opt/stack/neutron/neutron/api/v2/resource_helper.py:77}}
Aug 25 21:09:32.790667 np0000191061 devstack@neutron-api.service[101764]: INFO neutron.quota.resource_registry [None req-4e67dc06-2df4-4ff0-865e-ac38a8258799 None None] Creating instance of TrackedResource for resource:router
Aug 25 21:09:32.791010 np0000191061 devstack@neutron-api.service[101761]: DEBUG neutron.manager [None req-5a5e8ff9-25af-42f6-9b1e-e3bbbbd92754 None None] Successfully loaded TAG plugin. Description: Tag support {{(pid=101761) _create_and_add_service_plugin /opt/stack/neutron/neutron/manager.py:236}}
Aug 25 21:09:32.791010 np0000191061 devstack@neutron-api.service[101761]: INFO neutron.manager [None req-5a5e8ff9-25af-42f6-9b1e-e3bbbbd92754 None None] Loading Plugin: timestamp
Aug 25 21:09:32.791251 np0000191061 devstack@neutron-api.service[101764]: INFO neutron.quota.resource_registry [None req-4e67dc06-2df4-4ff0-865e-ac38a8258799 None None] Creating instance of TrackedResource for resource:floatingip
Aug 25 21:09:32.792302 np0000191061 devstack@neutron-api.service[101761]: DEBUG neutron.manager [None req-5a5e8ff9-25af-42f6-9b1e-e3bbbbd92754 None None] Successfully loaded timestamp plugin. Description: Adds timestamps to Neutron resources with standard attributes {{(pid=101761) _create_and_add_service_plugin /opt/stack/neutron/neutron/manager.py:236}}
Aug 25 21:09:32.792542 np0000191061 devstack@neutron-api.service[101761]: INFO neutron.manager [None req-5a5e8ff9-25af-42f6-9b1e-e3bbbbd92754 None None] Loading Plugin: network_ip_availability
Aug 25 21:09:32.792731 np0000191061 devstack@neutron-api.service[101764]: INFO neutron.quota.resource_registry [None req-4e67dc06-2df4-4ff0-865e-ac38a8258799 None None] Creating instance of CountableResource for resource:rbac_policy
Aug 25 21:09:32.793763 np0000191061 devstack@neutron-api.service[101764]: INFO neutron.quota.resource_registry [None req-4e67dc06-2df4-4ff0-865e-ac38a8258799 None None] Creating instance of TrackedResource for resource:security_group
Aug 25 21:09:32.794070 np0000191061 devstack@neutron-api.service[101761]: DEBUG neutron.manager [None req-5a5e8ff9-25af-42f6-9b1e-e3bbbbd92754 None None] Successfully loaded network-ip-availability plugin. Description: Provides IP availability data for each network and subnet. {{(pid=101761) _create_and_add_service_plugin /opt/stack/neutron/neutron/manager.py:236}}
Aug 25 21:09:32.794293 np0000191061 devstack@neutron-api.service[101761]: INFO neutron.manager [None req-5a5e8ff9-25af-42f6-9b1e-e3bbbbd92754 None None] Loading Plugin: flavors
Aug 25 21:09:32.794729 np0000191061 devstack@neutron-api.service[101764]: INFO neutron.quota.resource_registry [None req-4e67dc06-2df4-4ff0-865e-ac38a8258799 None None] Creating instance of TrackedResource for resource:security_group_rule
Aug 25 21:09:32.795251 np0000191061 devstack@neutron-api.service[101761]: DEBUG neutron.manager [None req-5a5e8ff9-25af-42f6-9b1e-e3bbbbd92754 None None] Successfully loaded FLAVORS plugin. Description: Neutron Flavors and Service Profiles manager plugin {{(pid=101761) _create_and_add_service_plugin /opt/stack/neutron/neutron/manager.py:236}}
Aug 25 21:09:32.795400 np0000191061 devstack@neutron-api.service[101764]: DEBUG neutron.api.v2.resource_helper [None req-4e67dc06-2df4-4ff0-865e-ac38a8258799 None None] Service CORE assigned prefix: {{(pid=101764) build_resource_info /opt/stack/neutron/neutron/api/v2/resource_helper.py:77}}
Aug 25 21:09:32.795490 np0000191061 devstack@neutron-api.service[101761]: INFO neutron.manager [None req-5a5e8ff9-25af-42f6-9b1e-e3bbbbd92754 None None] Loading Plugin: revisions
Aug 25 21:09:32.795633 np0000191061 devstack@neutron-api.service[101764]: INFO neutron.quota.resource_registry [None req-4e67dc06-2df4-4ff0-865e-ac38a8258799 None None] Creating instance of TrackedResource for resource:subnetpool
Aug 25 21:09:32.795633 np0000191061 devstack@neutron-api.service[101764]: WARNING neutron.quota.resource_registry [None req-4e67dc06-2df4-4ff0-865e-ac38a8258799 None None] subnetpool is already registered
Aug 25 21:09:32.795918 np0000191061 devstack@neutron-api.service[101764]: DEBUG neutron.api.v2.resource_helper [None req-4e67dc06-2df4-4ff0-865e-ac38a8258799 None None] Service CORE assigned prefix: {{(pid=101764) build_resource_info /opt/stack/neutron/neutron/api/v2/resource_helper.py:77}}
Aug 25 21:09:32.796146 np0000191061 devstack@neutron-api.service[101764]: INFO neutron.quota.resource_registry [None req-4e67dc06-2df4-4ff0-865e-ac38a8258799 None None] Creating instance of TrackedResource for resource:subnetpool
Aug 25 21:09:32.796227 np0000191061 devstack@neutron-api.service[101764]: WARNING neutron.quota.resource_registry [None req-4e67dc06-2df4-4ff0-865e-ac38a8258799 None None] subnetpool is already registered
Aug 25 21:09:32.796438 np0000191061 devstack@neutron-api.service[101761]: DEBUG neutron.manager [None req-5a5e8ff9-25af-42f6-9b1e-e3bbbbd92754 None None] Successfully loaded revision_plugin plugin. Description: Adds revision numbers to resources. {{(pid=101761) _create_and_add_service_plugin /opt/stack/neutron/neutron/manager.py:236}}
Aug 25 21:09:32.796438 np0000191061 devstack@neutron-api.service[101761]: DEBUG oslo_concurrency.lockutils [None req-5a5e8ff9-25af-42f6-9b1e-e3bbbbd92754 None None] Lock "manager" "released" by "neutron.manager.NeutronManager._create_instance" :: held 4.609s {{(pid=101761) inner /opt/stack/data/venv/lib/python3.12/site-packages/oslo_concurrency/lockutils.py:544}}
Aug 25 21:09:32.796701 np0000191061 devstack@neutron-api.service[101761]: DEBUG neutron.api.extensions [None req-5a5e8ff9-25af-42f6-9b1e-e3bbbbd92754 None None] get_extension_paths = OrderedDict({'/opt/stack/neutron/neutron/extensions': 1}) {{(pid=101761) get_extensions_path /opt/stack/neutron/neutron/api/extensions.py:640}}
Aug 25 21:09:32.796783 np0000191061 devstack@neutron-api.service[101761]: INFO neutron.api.extensions [None req-5a5e8ff9-25af-42f6-9b1e-e3bbbbd92754 None None] Initializing extension manager.
Aug 25 21:09:32.797114 np0000191061 devstack@neutron-api.service[101761]: DEBUG neutron.api.extensions [None req-5a5e8ff9-25af-42f6-9b1e-e3bbbbd92754 None None] Loading extension file: __init__.py {{(pid=101761) _load_all_extensions_from_path /opt/stack/neutron/neutron/api/extensions.py:449}}
Aug 25 21:09:32.797114 np0000191061 devstack@neutron-api.service[101761]: DEBUG neutron.api.extensions [None req-5a5e8ff9-25af-42f6-9b1e-e3bbbbd92754 None None] Loading extension file: __pycache__ {{(pid=101761) _load_all_extensions_from_path /opt/stack/neutron/neutron/api/extensions.py:449}}
Aug 25 21:09:32.797403 np0000191061 devstack@neutron-api.service[101761]: DEBUG neutron.api.extensions [None req-5a5e8ff9-25af-42f6-9b1e-e3bbbbd92754 None None] Loading extension file: aap_reject_multicast.py {{(pid=101761) _load_all_extensions_from_path /opt/stack/neutron/neutron/api/extensions.py:449}}
Aug 25 21:09:32.797598 np0000191061 devstack@neutron-api.service[101761]: DEBUG neutron.api.extensions [None req-5a5e8ff9-25af-42f6-9b1e-e3bbbbd92754 None None] Ext name="Allowed address pairs reject multicast extension" alias="aap-reject-multicast" description="Reject multicast addresses in Allowed Address Pairs" updated="2026-04-01T00:00:00-00:00" {{(pid=101761) _check_extension /opt/stack/neutron/neutron/api/extensions.py:415}}
Aug 25 21:09:32.797901 np0000191061 devstack@neutron-api.service[101761]: INFO neutron.api.extensions [None req-5a5e8ff9-25af-42f6-9b1e-e3bbbbd92754 None None] Extension aap-reject-multicast not supported by any of loaded plugins
Aug 25 21:09:32.797901 np0000191061 devstack@neutron-api.service[101761]: DEBUG neutron.api.extensions [None req-5a5e8ff9-25af-42f6-9b1e-e3bbbbd92754 None None] Loading extension file: address_group.py {{(pid=101761) _load_all_extensions_from_path /opt/stack/neutron/neutron/api/extensions.py:449}}
Aug 25 21:09:32.798390 np0000191061 devstack@neutron-api.service[101761]: DEBUG neutron.api.extensions [None req-5a5e8ff9-25af-42f6-9b1e-e3bbbbd92754 None None] Ext name="Address group" alias="address-group" description="Support address group" updated="2020-07-15T10:00:00-00:00" {{(pid=101761) _check_extension /opt/stack/neutron/neutron/api/extensions.py:415}}
Aug 25 21:09:32.798485 np0000191061 devstack@neutron-api.service[101761]: INFO neutron.api.extensions [None req-5a5e8ff9-25af-42f6-9b1e-e3bbbbd92754 None None] Loaded extension: address-group
Aug 25 21:09:32.798610 np0000191061 devstack@neutron-api.service[101761]: DEBUG neutron.api.extensions [None req-5a5e8ff9-25af-42f6-9b1e-e3bbbbd92754 None None] Loading extension file: address_scope.py {{(pid=101761) _load_all_extensions_from_path /opt/stack/neutron/neutron/api/extensions.py:449}}
Aug 25 21:09:32.798849 np0000191061 devstack@neutron-api.service[101761]: DEBUG neutron.api.extensions [None req-5a5e8ff9-25af-42f6-9b1e-e3bbbbd92754 None None] Ext name="Address scope" alias="address-scope" description="Address scopes extension." updated="2015-07-26T10:00:00-00:00" {{(pid=101761) _check_extension /opt/stack/neutron/neutron/api/extensions.py:415}}
Aug 25 21:09:32.799032 np0000191061 devstack@neutron-api.service[101761]: INFO neutron.api.extensions [None req-5a5e8ff9-25af-42f6-9b1e-e3bbbbd92754 None None] Loaded extension: address-scope
Aug 25 21:09:32.799118 np0000191061 devstack@neutron-api.service[101764]: INFO neutron.quota.resource_registry [None req-4e67dc06-2df4-4ff0-865e-ac38a8258799 None None] Creating instance of CountableResource for resource:router_route
Aug 25 21:09:32.799287 np0000191061 devstack@neutron-api.service[101761]: DEBUG neutron.api.extensions [None req-5a5e8ff9-25af-42f6-9b1e-e3bbbbd92754 None None] Loading extension file: admin_state_down_before_update.py {{(pid=101761) _load_all_extensions_from_path /opt/stack/neutron/neutron/api/extensions.py:449}}
Aug 25 21:09:32.799376 np0000191061 devstack@neutron-api.service[101764]: WARNING neutron.quota.resource_registry [None req-4e67dc06-2df4-4ff0-865e-ac38a8258799 None None] router_route is already registered
Aug 25 21:09:32.799468 np0000191061 devstack@neutron-api.service[101761]: DEBUG neutron.api.extensions [None req-5a5e8ff9-25af-42f6-9b1e-e3bbbbd92754 None None] Ext name="Enforce Router's Admin State Down Before Update Extension" alias="router-admin-state-down-before-update" description="Ensure that the admin state of a router is DOWN (admin_state_up=False) before updating the distributed attribute" updated="2019-07-02T15:56:00" {{(pid=101761) _check_extension /opt/stack/neutron/neutron/api/extensions.py:415}}
Aug 25 21:09:32.799627 np0000191061 devstack@neutron-api.service[101764]: DEBUG neutron.api.v2.resource_helper [None req-4e67dc06-2df4-4ff0-865e-ac38a8258799 None None] Service L3_ROUTER_NAT assigned prefix: {{(pid=101764) build_resource_info /opt/stack/neutron/neutron/api/v2/resource_helper.py:77}}
Aug 25 21:09:32.799731 np0000191061 devstack@neutron-api.service[101761]: INFO neutron.api.extensions [None req-5a5e8ff9-25af-42f6-9b1e-e3bbbbd92754 None None] Extension router-admin-state-down-before-update not supported by any of loaded plugins
Aug 25 21:09:32.799731 np0000191061 devstack@neutron-api.service[101761]: DEBUG neutron.api.extensions [None req-5a5e8ff9-25af-42f6-9b1e-e3bbbbd92754 None None] Loading extension file: agent.py {{(pid=101761) _load_all_extensions_from_path /opt/stack/neutron/neutron/api/extensions.py:449}}
Aug 25 21:09:32.800014 np0000191061 devstack@neutron-api.service[101761]: DEBUG neutron.api.extensions [None req-5a5e8ff9-25af-42f6-9b1e-e3bbbbd92754 None None] Ext name="agent" alias="agent" description="The agent management extension." updated="2013-02-03T10:00:00-00:00" {{(pid=101761) _check_extension /opt/stack/neutron/neutron/api/extensions.py:415}}
Aug 25 21:09:32.800114 np0000191061 devstack@neutron-api.service[101764]: DEBUG neutron.api.v2.resource_helper [None req-4e67dc06-2df4-4ff0-865e-ac38a8258799 None None] Service FLAVORS assigned prefix: {{(pid=101764) build_resource_info /opt/stack/neutron/neutron/api/v2/resource_helper.py:77}}
Aug 25 21:09:32.800337 np0000191061 devstack@neutron-api.service[101761]: INFO neutron.api.extensions [None req-5a5e8ff9-25af-42f6-9b1e-e3bbbbd92754 None None] Loaded extension: agent
Aug 25 21:09:32.800337 np0000191061 devstack@neutron-api.service[101761]: DEBUG neutron.api.extensions [None req-5a5e8ff9-25af-42f6-9b1e-e3bbbbd92754 None None] Loading extension file: agent_resources_synced.py {{(pid=101761) _load_all_extensions_from_path /opt/stack/neutron/neutron/api/extensions.py:449}}
Aug 25 21:09:32.800539 np0000191061 devstack@neutron-api.service[101761]: DEBUG neutron.api.extensions [None req-5a5e8ff9-25af-42f6-9b1e-e3bbbbd92754 None None] Ext name="Agent's Resource View Synced to Placement" alias="agent-resources-synced" description="Stores success/failure of last sync to Placement" updated="2018-12-19T00:00:00-00:00" {{(pid=101761) _check_extension /opt/stack/neutron/neutron/api/extensions.py:415}}
Aug 25 21:09:32.800660 np0000191061 devstack@neutron-api.service[101761]: INFO neutron.api.extensions [None req-5a5e8ff9-25af-42f6-9b1e-e3bbbbd92754 None None] Extension agent-resources-synced not supported by any of loaded plugins
Aug 25 21:09:32.800784 np0000191061 devstack@neutron-api.service[101761]: DEBUG neutron.api.extensions [None req-5a5e8ff9-25af-42f6-9b1e-e3bbbbd92754 None None] Loading extension file: agent_sort_key.py {{(pid=101761) _load_all_extensions_from_path /opt/stack/neutron/neutron/api/extensions.py:449}}
Aug 25 21:09:32.801041 np0000191061 devstack@neutron-api.service[101761]: DEBUG neutron.api.extensions [None req-5a5e8ff9-25af-42f6-9b1e-e3bbbbd92754 None None] Ext name="Agents Sort Key" alias="agent_sort_key" description="Enabling the keyword sort_key for sorting in agents." updated="2013-02-03T10:00:00-00:00" {{(pid=101761) _check_extension /opt/stack/neutron/neutron/api/extensions.py:415}}
Aug 25 21:09:32.801142 np0000191061 devstack@neutron-api.service[101761]: INFO neutron.api.extensions [None req-5a5e8ff9-25af-42f6-9b1e-e3bbbbd92754 None None] Extension agent_sort_key not supported by any of loaded plugins
Aug 25 21:09:32.801298 np0000191061 devstack@neutron-api.service[101761]: DEBUG neutron.api.extensions [None req-5a5e8ff9-25af-42f6-9b1e-e3bbbbd92754 None None] Loading extension file: allowedaddresspairs.py {{(pid=101761) _load_all_extensions_from_path /opt/stack/neutron/neutron/api/extensions.py:449}}
Aug 25 21:09:32.801393 np0000191061 devstack@neutron-api.service[101764]: DEBUG neutron.api.v2.resource_helper [None req-4e67dc06-2df4-4ff0-865e-ac38a8258799 None None] Service L3_ROUTER_NAT assigned prefix: {{(pid=101764) build_resource_info /opt/stack/neutron/neutron/api/v2/resource_helper.py:77}}
Aug 25 21:09:32.801889 np0000191061 devstack@neutron-api.service[101764]: DEBUG neutron.api.v2.resource_helper [None req-4e67dc06-2df4-4ff0-865e-ac38a8258799 None None] Service L3_ROUTER_NAT assigned prefix: {{(pid=101764) build_resource_info /opt/stack/neutron/neutron/api/v2/resource_helper.py:77}}
Aug 25 21:09:32.802088 np0000191061 devstack@neutron-api.service[101764]: INFO neutron.quota.resource_registry [None req-4e67dc06-2df4-4ff0-865e-ac38a8258799 None None] Creating instance of TrackedResource for resource:router
Aug 25 21:09:32.802306 np0000191061 devstack@neutron-api.service[101761]: DEBUG neutron.api.extensions [None req-5a5e8ff9-25af-42f6-9b1e-e3bbbbd92754 None None] Ext name="Allowed Address Pairs" alias="allowed-address-pairs" description="Provides allowed address pairs" updated="2013-07-23T10:00:00-00:00" {{(pid=101761) _check_extension /opt/stack/neutron/neutron/api/extensions.py:415}}
Aug 25 21:09:32.802600 np0000191061 devstack@neutron-api.service[101764]: WARNING neutron.quota.resource_registry [None req-4e67dc06-2df4-4ff0-865e-ac38a8258799 None None] router is already registered
Aug 25 21:09:32.802707 np0000191061 devstack@neutron-api.service[101761]: INFO neutron.api.extensions [None req-5a5e8ff9-25af-42f6-9b1e-e3bbbbd92754 None None] Loaded extension: allowed-address-pairs
Aug 25 21:09:32.802707 np0000191061 devstack@neutron-api.service[101761]: DEBUG neutron.api.extensions [None req-5a5e8ff9-25af-42f6-9b1e-e3bbbbd92754 None None] Loading extension file: auto_allocated_topology.py {{(pid=101761) _load_all_extensions_from_path /opt/stack/neutron/neutron/api/extensions.py:449}}
Aug 25 21:09:32.802707 np0000191061 devstack@neutron-api.service[101761]: DEBUG neutron.api.extensions [None req-5a5e8ff9-25af-42f6-9b1e-e3bbbbd92754 None None] Ext name="Auto Allocated Topology Services" alias="auto-allocated-topology" description="Auto Allocated Topology Services." updated="2016-01-01T00:00:00-00:00" {{(pid=101761) _check_extension /opt/stack/neutron/neutron/api/extensions.py:415}}
Aug 25 21:09:32.802858 np0000191061 devstack@neutron-api.service[101764]: INFO neutron.quota.resource_registry [None req-4e67dc06-2df4-4ff0-865e-ac38a8258799 None None] Creating instance of TrackedResource for resource:floatingip
Aug 25 21:09:32.802957 np0000191061 devstack@neutron-api.service[101761]: INFO neutron.api.extensions [None req-5a5e8ff9-25af-42f6-9b1e-e3bbbbd92754 None None] Loaded extension: auto-allocated-topology
Aug 25 21:09:32.802957 np0000191061 devstack@neutron-api.service[101761]: DEBUG neutron.api.extensions [None req-5a5e8ff9-25af-42f6-9b1e-e3bbbbd92754 None None] Loading extension file: availability_zone.py {{(pid=101761) _load_all_extensions_from_path /opt/stack/neutron/neutron/api/extensions.py:449}}
Aug 25 21:09:32.803186 np0000191061 devstack@neutron-api.service[101764]: WARNING neutron.quota.resource_registry [None req-4e67dc06-2df4-4ff0-865e-ac38a8258799 None None] floatingip is already registered
Aug 25 21:09:32.803305 np0000191061 devstack@neutron-api.service[101761]: DEBUG neutron.api.extensions [None req-5a5e8ff9-25af-42f6-9b1e-e3bbbbd92754 None None] Ext name="Availability Zone" alias="availability_zone" description="The availability zone extension." updated="2015-01-01T10:00:00-00:00" {{(pid=101761) _check_extension /opt/stack/neutron/neutron/api/extensions.py:415}}
Aug 25 21:09:32.803440 np0000191061 devstack@neutron-api.service[101761]: INFO neutron.api.extensions [None req-5a5e8ff9-25af-42f6-9b1e-e3bbbbd92754 None None] Loaded extension: availability_zone
Aug 25 21:09:32.803533 np0000191061 devstack@neutron-api.service[101761]: DEBUG neutron.api.extensions [None req-5a5e8ff9-25af-42f6-9b1e-e3bbbbd92754 None None] Loading extension file: availability_zone_filter.py {{(pid=101761) _load_all_extensions_from_path /opt/stack/neutron/neutron/api/extensions.py:449}}
Aug 25 21:09:32.803935 np0000191061 devstack@neutron-api.service[101761]: DEBUG neutron.api.extensions [None req-5a5e8ff9-25af-42f6-9b1e-e3bbbbd92754 None None] Ext name="Availability Zone Filter Extension" alias="availability_zone_filter" description="Add filter parameters to AvailabilityZone resource" updated="2018-06-22T10:00:00-00:00" {{(pid=101761) _check_extension /opt/stack/neutron/neutron/api/extensions.py:415}}
Aug 25 21:09:32.804114 np0000191061 devstack@neutron-api.service[101761]: INFO neutron.api.extensions [None req-5a5e8ff9-25af-42f6-9b1e-e3bbbbd92754 None None] Extension availability_zone_filter not supported by any of loaded plugins
Aug 25 21:09:32.804236 np0000191061 devstack@neutron-api.service[101761]: DEBUG neutron.api.extensions [None req-5a5e8ff9-25af-42f6-9b1e-e3bbbbd92754 None None] Loading extension file: data_plane_status.py {{(pid=101761) _load_all_extensions_from_path /opt/stack/neutron/neutron/api/extensions.py:449}}
Aug 25 21:09:32.804716 np0000191061 devstack@neutron-api.service[101761]: DEBUG neutron.api.extensions [None req-5a5e8ff9-25af-42f6-9b1e-e3bbbbd92754 None None] Ext name="Port data plane status extension" alias="data-plane-status" description="Expose status of underlying data plane" updated="2017-01-24T10:00:00-00:00" {{(pid=101761) _check_extension /opt/stack/neutron/neutron/api/extensions.py:415}}
Aug 25 21:09:32.804716 np0000191061 devstack@neutron-api.service[101761]: INFO neutron.api.extensions [None req-5a5e8ff9-25af-42f6-9b1e-e3bbbbd92754 None None] Extension data-plane-status not supported by any of loaded plugins
Aug 25 21:09:32.804716 np0000191061 devstack@neutron-api.service[101761]: DEBUG neutron.api.extensions [None req-5a5e8ff9-25af-42f6-9b1e-e3bbbbd92754 None None] Loading extension file: default_subnetpools.py {{(pid=101761) _load_all_extensions_from_path /opt/stack/neutron/neutron/api/extensions.py:449}}
Aug 25 21:09:32.805032 np0000191061 devstack@neutron-api.service[101761]: DEBUG neutron.api.extensions [None req-5a5e8ff9-25af-42f6-9b1e-e3bbbbd92754 None None] Ext name="Default Subnetpools" alias="default-subnetpools" description="Provides ability to mark and use a subnetpool as the default." updated="2016-02-18T18:00:00-00:00" {{(pid=101761) _check_extension /opt/stack/neutron/neutron/api/extensions.py:415}}
Aug 25 21:09:32.805314 np0000191061 devstack@neutron-api.service[101761]: INFO neutron.api.extensions [None req-5a5e8ff9-25af-42f6-9b1e-e3bbbbd92754 None None] Loaded extension: default-subnetpools
Aug 25 21:09:32.805314 np0000191061 devstack@neutron-api.service[101761]: DEBUG neutron.api.extensions [None req-5a5e8ff9-25af-42f6-9b1e-e3bbbbd92754 None None] Loading extension file: dhcpagentscheduler.py {{(pid=101761) _load_all_extensions_from_path /opt/stack/neutron/neutron/api/extensions.py:449}}
Aug 25 21:09:32.805877 np0000191061 devstack@neutron-api.service[101761]: DEBUG neutron.api.extensions [None req-5a5e8ff9-25af-42f6-9b1e-e3bbbbd92754 None None] Ext name="DHCP Agent Scheduler" alias="dhcp_agent_scheduler" description="Schedule networks among dhcp agents" updated="2013-02-07T10:00:00-00:00" {{(pid=101761) _check_extension /opt/stack/neutron/neutron/api/extensions.py:415}}
Aug 25 21:09:32.805877 np0000191061 devstack@neutron-api.service[101761]: INFO neutron.api.extensions [None req-5a5e8ff9-25af-42f6-9b1e-e3bbbbd92754 None None] Loaded extension: dhcp_agent_scheduler
Aug 25 21:09:32.806187 np0000191061 devstack@neutron-api.service[101761]: DEBUG neutron.api.extensions [None req-5a5e8ff9-25af-42f6-9b1e-e3bbbbd92754 None None] Loading extension file: dns.py {{(pid=101761) _load_all_extensions_from_path /opt/stack/neutron/neutron/api/extensions.py:449}}
Aug 25 21:09:32.806295 np0000191061 devstack@neutron-api.service[101764]: INFO neutron.quota.resource_registry [None req-4e67dc06-2df4-4ff0-865e-ac38a8258799 None None] Creating instance of CountableResource for resource:rbac_policy
Aug 25 21:09:32.806551 np0000191061 devstack@neutron-api.service[101761]: DEBUG neutron.api.extensions [None req-5a5e8ff9-25af-42f6-9b1e-e3bbbbd92754 None None] Ext name="DNS Integration" alias="dns-integration" description="Provides integration with DNS." updated="2015-08-15T18:00:00-00:00" {{(pid=101761) _check_extension /opt/stack/neutron/neutron/api/extensions.py:415}}
