Jul 18 22:29:24.057050 np0000185853 devstack@neutron-api.service[101667]: DEBUG futurist.periodics [-] Submitting periodic callback 'neutron.plugins.ml2.drivers.ovn.mech_driver.ovsdb.maintenance.HashRingHealthCheckPeriodics.touch_hash_ring_node' {{(pid=101667) _process_scheduled /opt/stack/data/venv/lib/python3.12/site-packages/futurist/periodics.py:784}}
Jul 18 22:29:24.057714 np0000185853 devstack@neutron-api.service[101668]: DEBUG futurist.periodics [-] Submitting periodic callback 'neutron.plugins.ml2.drivers.ovn.mech_driver.ovsdb.maintenance.HashRingHealthCheckPeriodics.touch_hash_ring_node' {{(pid=101668) _process_scheduled /opt/stack/data/venv/lib/python3.12/site-packages/futurist/periodics.py:784}}
Jul 18 22:29:24.058189 np0000185853 devstack@neutron-api.service[101667]: DEBUG neutron.plugins.ml2.drivers.ovn.mech_driver.ovsdb.maintenance [-] Touching Hash Ring node "5577c9767ac35f32b79e1d9e40877b02" from periodic health check thread {{(pid=101667) touch_hash_ring_node /opt/stack/neutron/neutron/plugins/ml2/drivers/ovn/mech_driver/ovsdb/maintenance.py:1417}}
Jul 18 22:29:24.058249 np0000185853 devstack@neutron-api.service[101668]: DEBUG neutron.plugins.ml2.drivers.ovn.mech_driver.ovsdb.maintenance [-] Touching Hash Ring node "eb16baa84b8f502aae0990d98e3d6c0f" from periodic health check thread {{(pid=101668) touch_hash_ring_node /opt/stack/neutron/neutron/plugins/ml2/drivers/ovn/mech_driver/ovsdb/maintenance.py:1417}}
Jul 18 22:29:33.108176 np0000185853 devstack@neutron-api.service[101666]: DEBUG dbcounter [-] [101666] Writing DB stats neutron:UPDATE=1,neutron:SELECT=1 {{(pid=101666) stat_writer /opt/stack/data/venv/lib/python3.12/site-packages/dbcounter.py:115}}
Jul 18 22:29:33.957113 np0000185853 devstack@neutron-api.service[101669]: DEBUG dbcounter [-] [101669] Writing DB stats neutron:UPDATE=1,neutron:SELECT=1 {{(pid=101669) stat_writer /opt/stack/data/venv/lib/python3.12/site-packages/dbcounter.py:115}}
Jul 18 22:29:34.072272 np0000185853 devstack@neutron-api.service[101667]: DEBUG dbcounter [-] [101667] Writing DB stats neutron:UPDATE=1,neutron:SELECT=1 {{(pid=101667) stat_writer /opt/stack/data/venv/lib/python3.12/site-packages/dbcounter.py:115}}
Jul 18 22:29:34.074210 np0000185853 devstack@neutron-api.service[101668]: DEBUG dbcounter [-] [101668] Writing DB stats neutron:UPDATE=1,neutron:SELECT=1 {{(pid=101668) stat_writer /opt/stack/data/venv/lib/python3.12/site-packages/dbcounter.py:115}}
Jul 18 22:29:38.091232 np0000185853 devstack@neutron-api.service[101666]: DEBUG futurist.periodics [-] Submitting periodic callback 'neutron.plugins.ml2.drivers.ovn.mech_driver.ovsdb.maintenance.HashRingHealthCheckPeriodics.touch_hash_ring_node' {{(pid=101666) _process_scheduled /opt/stack/data/venv/lib/python3.12/site-packages/futurist/periodics.py:784}}
Jul 18 22:29:38.091923 np0000185853 devstack@neutron-api.service[101666]: DEBUG neutron.plugins.ml2.drivers.ovn.mech_driver.ovsdb.maintenance [-] Touching Hash Ring node "ac63ed20f63059b9a1db8eb124d6e5e4" from periodic health check thread {{(pid=101666) touch_hash_ring_node /opt/stack/neutron/neutron/plugins/ml2/drivers/ovn/mech_driver/ovsdb/maintenance.py:1417}}
Jul 18 22:29:38.946788 np0000185853 devstack@neutron-api.service[101669]: DEBUG futurist.periodics [-] Submitting periodic callback 'neutron.plugins.ml2.drivers.ovn.mech_driver.ovsdb.maintenance.HashRingHealthCheckPeriodics.touch_hash_ring_node' {{(pid=101669) _process_scheduled /opt/stack/data/venv/lib/python3.12/site-packages/futurist/periodics.py:784}}
Jul 18 22:29:38.947753 np0000185853 devstack@neutron-api.service[101669]: DEBUG neutron.plugins.ml2.drivers.ovn.mech_driver.ovsdb.maintenance [-] Touching Hash Ring node "e96217aa24625fb4a274ba190db73856" from periodic health check thread {{(pid=101669) touch_hash_ring_node /opt/stack/neutron/neutron/plugins/ml2/drivers/ovn/mech_driver/ovsdb/maintenance.py:1417}}
Jul 18 22:29:39.057770 np0000185853 devstack@neutron-api.service[101667]: DEBUG futurist.periodics [-] Submitting periodic callback 'neutron.plugins.ml2.drivers.ovn.mech_driver.ovsdb.maintenance.HashRingHealthCheckPeriodics.touch_hash_ring_node' {{(pid=101667) _process_scheduled /opt/stack/data/venv/lib/python3.12/site-packages/futurist/periodics.py:784}}
Jul 18 22:29:39.058486 np0000185853 devstack@neutron-api.service[101668]: DEBUG futurist.periodics [-] Submitting periodic callback 'neutron.plugins.ml2.drivers.ovn.mech_driver.ovsdb.maintenance.HashRingHealthCheckPeriodics.touch_hash_ring_node' {{(pid=101668) _process_scheduled /opt/stack/data/venv/lib/python3.12/site-packages/futurist/periodics.py:784}}
Jul 18 22:29:39.058885 np0000185853 devstack@neutron-api.service[101667]: DEBUG neutron.plugins.ml2.drivers.ovn.mech_driver.ovsdb.maintenance [-] Touching Hash Ring node "5577c9767ac35f32b79e1d9e40877b02" from periodic health check thread {{(pid=101667) touch_hash_ring_node /opt/stack/neutron/neutron/plugins/ml2/drivers/ovn/mech_driver/ovsdb/maintenance.py:1417}}
Jul 18 22:29:39.058956 np0000185853 devstack@neutron-api.service[101668]: DEBUG neutron.plugins.ml2.drivers.ovn.mech_driver.ovsdb.maintenance [-] Touching Hash Ring node "eb16baa84b8f502aae0990d98e3d6c0f" from periodic health check thread {{(pid=101668) touch_hash_ring_node /opt/stack/neutron/neutron/plugins/ml2/drivers/ovn/mech_driver/ovsdb/maintenance.py:1417}}
Jul 18 22:29:48.103964 np0000185853 devstack@neutron-api.service[101666]: DEBUG dbcounter [-] [101666] Writing DB stats neutron:UPDATE=1,neutron:SELECT=1 {{(pid=101666) stat_writer /opt/stack/data/venv/lib/python3.12/site-packages/dbcounter.py:115}}
Jul 18 22:29:48.960235 np0000185853 devstack@neutron-api.service[101669]: DEBUG dbcounter [-] [101669] Writing DB stats neutron:UPDATE=1,neutron:SELECT=1 {{(pid=101669) stat_writer /opt/stack/data/venv/lib/python3.12/site-packages/dbcounter.py:115}}
Jul 18 22:29:49.071221 np0000185853 devstack@neutron-api.service[101667]: DEBUG dbcounter [-] [101667] Writing DB stats neutron:UPDATE=1,neutron:SELECT=1 {{(pid=101667) stat_writer /opt/stack/data/venv/lib/python3.12/site-packages/dbcounter.py:115}}
Jul 18 22:29:49.073440 np0000185853 devstack@neutron-api.service[101668]: DEBUG dbcounter [-] [101668] Writing DB stats neutron:UPDATE=1,neutron:SELECT=1 {{(pid=101668) stat_writer /opt/stack/data/venv/lib/python3.12/site-packages/dbcounter.py:115}}
Jul 18 22:29:53.091938 np0000185853 devstack@neutron-api.service[101666]: DEBUG futurist.periodics [-] Submitting periodic callback 'neutron.plugins.ml2.drivers.ovn.mech_driver.ovsdb.maintenance.HashRingHealthCheckPeriodics.touch_hash_ring_node' {{(pid=101666) _process_scheduled /opt/stack/data/venv/lib/python3.12/site-packages/futurist/periodics.py:784}}
Jul 18 22:29:53.092608 np0000185853 devstack@neutron-api.service[101666]: DEBUG neutron.plugins.ml2.drivers.ovn.mech_driver.ovsdb.maintenance [-] Touching Hash Ring node "ac63ed20f63059b9a1db8eb124d6e5e4" from periodic health check thread {{(pid=101666) touch_hash_ring_node /opt/stack/neutron/neutron/plugins/ml2/drivers/ovn/mech_driver/ovsdb/maintenance.py:1417}}
Jul 18 22:29:53.947983 np0000185853 devstack@neutron-api.service[101669]: DEBUG futurist.periodics [-] Submitting periodic callback 'neutron.plugins.ml2.drivers.ovn.mech_driver.ovsdb.maintenance.HashRingHealthCheckPeriodics.touch_hash_ring_node' {{(pid=101669) _process_scheduled /opt/stack/data/venv/lib/python3.12/site-packages/futurist/periodics.py:784}}
Jul 18 22:29:53.948749 np0000185853 devstack@neutron-api.service[101669]: DEBUG neutron.plugins.ml2.drivers.ovn.mech_driver.ovsdb.maintenance [-] Touching Hash Ring node "e96217aa24625fb4a274ba190db73856" from periodic health check thread {{(pid=101669) touch_hash_ring_node /opt/stack/neutron/neutron/plugins/ml2/drivers/ovn/mech_driver/ovsdb/maintenance.py:1417}}
Jul 18 22:29:54.059582 np0000185853 devstack@neutron-api.service[101668]: DEBUG futurist.periodics [-] Submitting periodic callback 'neutron.plugins.ml2.drivers.ovn.mech_driver.ovsdb.maintenance.HashRingHealthCheckPeriodics.touch_hash_ring_node' {{(pid=101668) _process_scheduled /opt/stack/data/venv/lib/python3.12/site-packages/futurist/periodics.py:784}}
Jul 18 22:29:54.060331 np0000185853 devstack@neutron-api.service[101667]: DEBUG futurist.periodics [-] Submitting periodic callback 'neutron.plugins.ml2.drivers.ovn.mech_driver.ovsdb.maintenance.HashRingHealthCheckPeriodics.touch_hash_ring_node' {{(pid=101667) _process_scheduled /opt/stack/data/venv/lib/python3.12/site-packages/futurist/periodics.py:784}}
Jul 18 22:29:54.060700 np0000185853 devstack@neutron-api.service[101668]: DEBUG neutron.plugins.ml2.drivers.ovn.mech_driver.ovsdb.maintenance [-] Touching Hash Ring node "eb16baa84b8f502aae0990d98e3d6c0f" from periodic health check thread {{(pid=101668) touch_hash_ring_node /opt/stack/neutron/neutron/plugins/ml2/drivers/ovn/mech_driver/ovsdb/maintenance.py:1417}}
Jul 18 22:29:54.060763 np0000185853 devstack@neutron-api.service[101667]: DEBUG neutron.plugins.ml2.drivers.ovn.mech_driver.ovsdb.maintenance [-] Touching Hash Ring node "5577c9767ac35f32b79e1d9e40877b02" from periodic health check thread {{(pid=101667) touch_hash_ring_node /opt/stack/neutron/neutron/plugins/ml2/drivers/ovn/mech_driver/ovsdb/maintenance.py:1417}}
Jul 18 22:30:04.453439 np0000185853 devstack@neutron-api.service[101669]: DEBUG dbcounter [-] [101669] Writing DB stats neutron:UPDATE=1,neutron:SELECT=1 {{(pid=101669) stat_writer /opt/stack/data/venv/lib/python3.12/site-packages/dbcounter.py:115}}
Jul 18 22:30:04.454722 np0000185853 devstack@neutron-api.service[101666]: DEBUG dbcounter [-] [101666] Writing DB stats neutron:UPDATE=1,neutron:SELECT=1 {{(pid=101666) stat_writer /opt/stack/data/venv/lib/python3.12/site-packages/dbcounter.py:115}}
Jul 18 22:30:04.457906 np0000185853 devstack@neutron-api.service[101667]: DEBUG dbcounter [-] [101667] Writing DB stats neutron:UPDATE=1,neutron:SELECT=1 {{(pid=101667) stat_writer /opt/stack/data/venv/lib/python3.12/site-packages/dbcounter.py:115}}
Jul 18 22:30:04.458727 np0000185853 devstack@neutron-api.service[101668]: DEBUG dbcounter [-] [101668] Writing DB stats neutron:UPDATE=1,neutron:SELECT=1 {{(pid=101668) stat_writer /opt/stack/data/venv/lib/python3.12/site-packages/dbcounter.py:115}}
Jul 18 22:30:04.875039 np0000185853 devstack@neutron-api.service[101668]: /opt/stack/neutron/neutron/extensions/quotasv2.py:134: UserWarning: "--check-limit" parameter is no longer needed since Epoxy (2025.1) release. By default, Neutron quota engine checks the resource usage before updating the limits
Jul 18 22:30:04.875039 np0000185853 devstack@neutron-api.service[101668]: warnings.warn('"--check-limit" parameter is no longer needed '
Jul 18 22:30:04.875457 np0000185853 devstack@neutron-api.service[101668]: DEBUG neutron.api.v2.base [None req-d772f598-9e92-4595-90da-a1ebbc5fd84b admin admin] Request body: {'quota': {'security_group': 100}} {{(pid=101668) prepare_request_body /opt/stack/neutron/neutron/api/v2/base.py:727}}
Jul 18 22:30:04.899104 np0000185853 devstack@neutron-api.service[101668]: [pid: 101668|app: 0|req: 22/88] 199.204.45.109 () {68 vars in 1449 bytes} [Sat Jul 18 22:30:04 2026] PUT /networking/v2.0/quotas/e40d8a4b01b24b8aa4559e00e6404618 => generated 195 bytes in 29 msecs (HTTP/1.1 200) 4 headers in 157 bytes (1 switches on core 0)
Jul 18 22:30:05.201379 np0000185853 devstack@neutron-api.service[101667]: /opt/stack/neutron/neutron/extensions/quotasv2.py:134: UserWarning: "--check-limit" parameter is no longer needed since Epoxy (2025.1) release. By default, Neutron quota engine checks the resource usage before updating the limits
Jul 18 22:30:05.201379 np0000185853 devstack@neutron-api.service[101667]: warnings.warn('"--check-limit" parameter is no longer needed '
Jul 18 22:30:05.201664 np0000185853 devstack@neutron-api.service[101667]: DEBUG neutron.api.v2.base [None req-196eb8c8-3dd6-41ff-a05f-8dc3a1f6c483 admin admin] Request body: {'quota': {'security_group_rule': 1000}} {{(pid=101667) prepare_request_body /opt/stack/neutron/neutron/api/v2/base.py:727}}
Jul 18 22:30:05.224693 np0000185853 devstack@neutron-api.service[101667]: [pid: 101667|app: 0|req: 22/89] 199.204.45.109 () {68 vars in 1449 bytes} [Sat Jul 18 22:30:05 2026] PUT /networking/v2.0/quotas/e40d8a4b01b24b8aa4559e00e6404618 => generated 196 bytes in 30 msecs (HTTP/1.1 200) 4 headers in 157 bytes (1 switches on core 0)
Jul 18 22:30:08.092691 np0000185853 devstack@neutron-api.service[101666]: DEBUG futurist.periodics [-] Submitting periodic callback 'neutron.plugins.ml2.drivers.ovn.mech_driver.ovsdb.maintenance.HashRingHealthCheckPeriodics.touch_hash_ring_node' {{(pid=101666) _process_scheduled /opt/stack/data/venv/lib/python3.12/site-packages/futurist/periodics.py:784}}
Jul 18 22:30:08.093416 np0000185853 devstack@neutron-api.service[101666]: DEBUG neutron.plugins.ml2.drivers.ovn.mech_driver.ovsdb.maintenance [-] Touching Hash Ring node "ac63ed20f63059b9a1db8eb124d6e5e4" from periodic health check thread {{(pid=101666) touch_hash_ring_node /opt/stack/neutron/neutron/plugins/ml2/drivers/ovn/mech_driver/ovsdb/maintenance.py:1417}}
Jul 18 22:30:08.948896 np0000185853 devstack@neutron-api.service[101669]: DEBUG futurist.periodics [-] Submitting periodic callback 'neutron.plugins.ml2.drivers.ovn.mech_driver.ovsdb.maintenance.HashRingHealthCheckPeriodics.touch_hash_ring_node' {{(pid=101669) _process_scheduled /opt/stack/data/venv/lib/python3.12/site-packages/futurist/periodics.py:784}}
Jul 18 22:30:08.949553 np0000185853 devstack@neutron-api.service[101669]: DEBUG neutron.plugins.ml2.drivers.ovn.mech_driver.ovsdb.maintenance [-] Touching Hash Ring node "e96217aa24625fb4a274ba190db73856" from periodic health check thread {{(pid=101669) touch_hash_ring_node /opt/stack/neutron/neutron/plugins/ml2/drivers/ovn/mech_driver/ovsdb/maintenance.py:1417}}
Jul 18 22:30:09.060489 np0000185853 devstack@neutron-api.service[101667]: DEBUG futurist.periodics [-] Submitting periodic callback 'neutron.plugins.ml2.drivers.ovn.mech_driver.ovsdb.maintenance.HashRingHealthCheckPeriodics.touch_hash_ring_node' {{(pid=101667) _process_scheduled /opt/stack/data/venv/lib/python3.12/site-packages/futurist/periodics.py:784}}
Jul 18 22:30:09.061007 np0000185853 devstack@neutron-api.service[101668]: DEBUG futurist.periodics [-] Submitting periodic callback 'neutron.plugins.ml2.drivers.ovn.mech_driver.ovsdb.maintenance.HashRingHealthCheckPeriodics.touch_hash_ring_node' {{(pid=101668) _process_scheduled /opt/stack/data/venv/lib/python3.12/site-packages/futurist/periodics.py:784}}
Jul 18 22:30:09.061453 np0000185853 devstack@neutron-api.service[101667]: DEBUG neutron.plugins.ml2.drivers.ovn.mech_driver.ovsdb.maintenance [-] Touching Hash Ring node "5577c9767ac35f32b79e1d9e40877b02" from periodic health check thread {{(pid=101667) touch_hash_ring_node /opt/stack/neutron/neutron/plugins/ml2/drivers/ovn/mech_driver/ovsdb/maintenance.py:1417}}
Jul 18 22:30:09.063993 np0000185853 devstack@neutron-api.service[101668]: DEBUG neutron.plugins.ml2.drivers.ovn.mech_driver.ovsdb.maintenance [-] Touching Hash Ring node "eb16baa84b8f502aae0990d98e3d6c0f" from periodic health check thread {{(pid=101668) touch_hash_ring_node /opt/stack/neutron/neutron/plugins/ml2/drivers/ovn/mech_driver/ovsdb/maintenance.py:1417}}
Jul 18 22:30:18.239729 np0000185853 devstack@neutron-api.service[101666]: DEBUG dbcounter [-] [101666] Writing DB stats neutron:UPDATE=1,neutron:SELECT=1 {{(pid=101666) stat_writer /opt/stack/data/venv/lib/python3.12/site-packages/dbcounter.py:115}}
Jul 18 22:30:19.213066 np0000185853 devstack@neutron-api.service[101669]: DEBUG dbcounter [-] [101669] Writing DB stats neutron:UPDATE=1,neutron:SELECT=1 {{(pid=101669) stat_writer /opt/stack/data/venv/lib/python3.12/site-packages/dbcounter.py:115}}
Jul 18 22:30:19.213545 np0000185853 devstack@neutron-api.service[101668]: DEBUG dbcounter [-] [101668] Writing DB stats neutron:SELECT=5,neutron:INSERT=1,neutron:UPDATE=1 {{(pid=101668) stat_writer /opt/stack/data/venv/lib/python3.12/site-packages/dbcounter.py:115}}
Jul 18 22:30:19.213870 np0000185853 devstack@neutron-api.service[101667]: DEBUG dbcounter [-] [101667] Writing DB stats neutron:SELECT=5,neutron:INSERT=1,neutron:UPDATE=1 {{(pid=101667) stat_writer /opt/stack/data/venv/lib/python3.12/site-packages/dbcounter.py:115}}
Jul 18 22:30:20.211914 np0000185853 devstack@neutron-api.service[101666]: DEBUG neutron.common.ovn.hash_ring_manager [None req-33a40774-7964-4026-97b7-4e95ac6955b6 None None] Hash Ring loaded. 4 active nodes. 0 offline nodes {{(pid=101666) _load_hash_ring /opt/stack/neutron/neutron/common/ovn/hash_ring_manager.py:110}}
Jul 18 22:30:20.212976 np0000185853 devstack@neutron-api.service[101669]: DEBUG neutron.common.ovn.hash_ring_manager [None req-645b4163-86f7-4e5e-abaa-1532b894c24b None None] Hash Ring loaded. 4 active nodes. 0 offline nodes {{(pid=101669) _load_hash_ring /opt/stack/neutron/neutron/common/ovn/hash_ring_manager.py:110}}
Jul 18 22:30:20.213209 np0000185853 devstack@neutron-api.service[101669]: DEBUG neutron.plugins.ml2.drivers.ovn.mech_driver.ovsdb.ovsdb_monitor [None req-645b4163-86f7-4e5e-abaa-1532b894c24b None None] Hash Ring: Node e96217aa24625fb4a274ba190db73856 (host: np0000185853) handling event "update" for row 4ee002e6-52bc-4c6b-9740-062590a7f0cc (table: Connection) {{(pid=101669) notify /opt/stack/neutron/neutron/plugins/ml2/drivers/ovn/mech_driver/ovsdb/ovsdb_monitor.py:1009}}
Jul 18 22:30:20.213797 np0000185853 devstack@neutron-api.service[101668]: DEBUG neutron.common.ovn.hash_ring_manager [None req-c6b92fff-5b65-418b-9dbe-2db0cf633ab1 None None] Hash Ring loaded. 4 active nodes. 0 offline nodes {{(pid=101668) _load_hash_ring /opt/stack/neutron/neutron/common/ovn/hash_ring_manager.py:110}}
Jul 18 22:30:20.214056 np0000185853 devstack@neutron-api.service[101667]: DEBUG neutron.common.ovn.hash_ring_manager [None req-96dcda51-21b8-43bb-81e4-ef5fd1479415 None None] Hash Ring loaded. 4 active nodes. 0 offline nodes {{(pid=101667) _load_hash_ring /opt/stack/neutron/neutron/common/ovn/hash_ring_manager.py:110}}
Jul 18 22:30:20.250999 np0000185853 devstack@neutron-api.service[101666]: DEBUG neutron.pecan_wsgi.hooks.policy_enforcement [None req-ca6b5c0a-b486-4429-980b-148b8c0010d5 admin admin] Attributes excluded by policy engine: ['standard_attr_id'] {{(pid=101666) _exclude_attributes_by_policy /opt/stack/neutron/neutron/pecan_wsgi/hooks/policy_enforcement.py:259}}
Jul 18 22:30:20.252466 np0000185853 devstack@neutron-api.service[101666]: [pid: 101666|app: 0|req: 24/90] 199.204.45.109 () {64 vars in 1378 bytes} [Sat Jul 18 22:30:20 2026] GET /networking/v2.0/ports?device_owner=network%3Adistributed => generated 1650 bytes in 146 msecs (HTTP/1.1 200) 4 headers in 158 bytes (1 switches on core 0)
Jul 18 22:30:22.742015 np0000185853 devstack@neutron-api.service[101669]: DEBUG neutron.plugins.ml2.drivers.ovn.mech_driver.ovsdb.ovsdb_monitor [None req-645b4163-86f7-4e5e-abaa-1532b894c24b None None] Hash Ring: Node e96217aa24625fb4a274ba190db73856 (host: np0000185853) handling event "update" for row 4ee002e6-52bc-4c6b-9740-062590a7f0cc (table: Connection) {{(pid=101669) notify /opt/stack/neutron/neutron/plugins/ml2/drivers/ovn/mech_driver/ovsdb/ovsdb_monitor.py:1009}}
Jul 18 22:30:23.093566 np0000185853 devstack@neutron-api.service[101666]: DEBUG futurist.periodics [-] Submitting periodic callback 'neutron.plugins.ml2.drivers.ovn.mech_driver.ovsdb.maintenance.HashRingHealthCheckPeriodics.touch_hash_ring_node' {{(pid=101666) _process_scheduled /opt/stack/data/venv/lib/python3.12/site-packages/futurist/periodics.py:784}}
Jul 18 22:30:23.094337 np0000185853 devstack@neutron-api.service[101666]: DEBUG neutron.plugins.ml2.drivers.ovn.mech_driver.ovsdb.maintenance [-] Touching Hash Ring node "ac63ed20f63059b9a1db8eb124d6e5e4" from periodic health check thread {{(pid=101666) touch_hash_ring_node /opt/stack/neutron/neutron/plugins/ml2/drivers/ovn/mech_driver/ovsdb/maintenance.py:1417}}
Jul 18 22:30:23.949652 np0000185853 devstack@neutron-api.service[101669]: DEBUG futurist.periodics [-] Submitting periodic callback 'neutron.plugins.ml2.drivers.ovn.mech_driver.ovsdb.maintenance.HashRingHealthCheckPeriodics.touch_hash_ring_node' {{(pid=101669) _process_scheduled /opt/stack/data/venv/lib/python3.12/site-packages/futurist/periodics.py:784}}
Jul 18 22:30:23.950193 np0000185853 devstack@neutron-api.service[101669]: DEBUG neutron.plugins.ml2.drivers.ovn.mech_driver.ovsdb.maintenance [-] Touching Hash Ring node "e96217aa24625fb4a274ba190db73856" from periodic health check thread {{(pid=101669) touch_hash_ring_node /opt/stack/neutron/neutron/plugins/ml2/drivers/ovn/mech_driver/ovsdb/maintenance.py:1417}}
Jul 18 22:30:24.061338 np0000185853 devstack@neutron-api.service[101667]: DEBUG futurist.periodics [-] Submitting periodic callback 'neutron.plugins.ml2.drivers.ovn.mech_driver.ovsdb.maintenance.HashRingHealthCheckPeriodics.touch_hash_ring_node' {{(pid=101667) _process_scheduled /opt/stack/data/venv/lib/python3.12/site-packages/futurist/periodics.py:784}}
Jul 18 22:30:24.061796 np0000185853 devstack@neutron-api.service[101667]: DEBUG neutron.plugins.ml2.drivers.ovn.mech_driver.ovsdb.maintenance [-] Touching Hash Ring node "5577c9767ac35f32b79e1d9e40877b02" from periodic health check thread {{(pid=101667) touch_hash_ring_node /opt/stack/neutron/neutron/plugins/ml2/drivers/ovn/mech_driver/ovsdb/maintenance.py:1417}}
Jul 18 22:30:24.062182 np0000185853 devstack@neutron-api.service[101668]: DEBUG futurist.periodics [-] Submitting periodic callback 'neutron.plugins.ml2.drivers.ovn.mech_driver.ovsdb.maintenance.HashRingHealthCheckPeriodics.touch_hash_ring_node' {{(pid=101668) _process_scheduled /opt/stack/data/venv/lib/python3.12/site-packages/futurist/periodics.py:784}}
Jul 18 22:30:24.062611 np0000185853 devstack@neutron-api.service[101668]: DEBUG neutron.plugins.ml2.drivers.ovn.mech_driver.ovsdb.maintenance [-] Touching Hash Ring node "eb16baa84b8f502aae0990d98e3d6c0f" from periodic health check thread {{(pid=101668) touch_hash_ring_node /opt/stack/neutron/neutron/plugins/ml2/drivers/ovn/mech_driver/ovsdb/maintenance.py:1417}}
Jul 18 22:30:31.927213 np0000185853 devstack@neutron-api.service[101669]: INFO neutron.pecan_wsgi.hooks.translation [None req-9d8c7731-7b13-4d52-bfb8-d9e5499f67ee admin admin] GET failed (client error): The resource could not be found.
Jul 18 22:30:31.928008 np0000185853 devstack@neutron-api.service[101669]: [pid: 101669|app: 0|req: 23/91] 199.204.45.109 () {64 vars in 1334 bytes} [Sat Jul 18 22:30:31 2026] GET /networking/v2.0/networks/admin_net => generated 111 bytes in 11 msecs (HTTP/1.1 404) 4 headers in 164 bytes (1 switches on core 0)
Jul 18 22:30:31.956257 np0000185853 devstack@neutron-api.service[101668]: [pid: 101668|app: 0|req: 23/92] 199.204.45.109 () {64 vars in 1346 bytes} [Sat Jul 18 22:30:31 2026] GET /networking/v2.0/networks?name=admin_net => generated 15 bytes in 17 msecs (HTTP/1.1 200) 4 headers in 156 bytes (1 switches on core 0)
Jul 18 22:30:32.194666 np0000185853 devstack@neutron-api.service[101667]: DEBUG neutron.api.v2.base [None req-c5ba1b03-56b9-4977-8ea7-421f1b00ac78 admin admin] Request body: {'network': {'admin_state_up': True, 'project_id': '2ee0cbf6f7da4dbb912a6120cd820ffe', 'name': 'admin_net'}} {{(pid=101667) prepare_request_body /opt/stack/neutron/neutron/api/v2/base.py:727}}
Jul 18 22:30:32.211301 np0000185853 devstack@neutron-api.service[101667]: DEBUG neutron.pecan_wsgi.hooks.quota_enforcement [None req-c5ba1b03-56b9-4977-8ea7-421f1b00ac78 admin admin] Made reservation on behalf of 2ee0cbf6f7da4dbb912a6120cd820ffe for: {'network': 1} {{(pid=101667) before /opt/stack/neutron/neutron/pecan_wsgi/hooks/quota_enforcement.py:66}}
Jul 18 22:30:32.214234 np0000185853 devstack@neutron-api.service[101667]: DEBUG neutron_lib.callbacks.manager [None req-c5ba1b03-56b9-4977-8ea7-421f1b00ac78 admin admin] Publish callbacks ['neutron.plugins.ml2.plugin.SecurityGroupDbMixin._ensure_default_security_group_handler-15807422'] for network (None), before_create {{(pid=101667) _notify_loop /opt/stack/data/venv/lib/python3.12/site-packages/neutron_lib/callbacks/manager.py:184}}
Jul 18 22:30:32.219198 np0000185853 devstack@neutron-api.service[101667]: DEBUG neutron_lib.callbacks.manager [None req-c5ba1b03-56b9-4977-8ea7-421f1b00ac78 admin admin] Publish callbacks [] for security_group (None), before_create {{(pid=101667) _notify_loop /opt/stack/data/venv/lib/python3.12/site-packages/neutron_lib/callbacks/manager.py:184}}
Jul 18 22:30:32.281390 np0000185853 devstack@neutron-api.service[101667]: DEBUG neutron_lib.callbacks.manager [None req-c5ba1b03-56b9-4977-8ea7-421f1b00ac78 admin admin] Publish callbacks ['neutron.plugins.ml2.drivers.ovn.mech_driver.mech_driver.OVNMechanismDriver._create_security_group_precommit-1952864'] for security_group (848bb5b2-24ed-4a50-acdf-c9e1163f432f), precommit_create {{(pid=101667) _notify_loop /opt/stack/data/venv/lib/python3.12/site-packages/neutron_lib/callbacks/manager.py:184}}
Jul 18 22:30:32.281540 np0000185853 devstack@neutron-api.service[101667]: DEBUG neutron.db.ovn_revision_numbers_db [None req-c5ba1b03-56b9-4977-8ea7-421f1b00ac78 admin admin] create_initial_revision uuid=848bb5b2-24ed-4a50-acdf-c9e1163f432f, type=security_groups, rev=-1 {{(pid=101667) create_initial_revision /opt/stack/neutron/neutron/db/ovn_revision_numbers_db.py:98}}
Jul 18 22:30:32.283027 np0000185853 devstack@neutron-api.service[101667]: DEBUG neutron.db.ovn_revision_numbers_db [None req-c5ba1b03-56b9-4977-8ea7-421f1b00ac78 admin admin] create_initial_revision uuid=06b5cebf-3bba-4663-9ac0-7c0f0eac5b17, type=security_group_rules, rev=-1 {{(pid=101667) create_initial_revision /opt/stack/neutron/neutron/db/ovn_revision_numbers_db.py:98}}
Jul 18 22:30:32.284350 np0000185853 devstack@neutron-api.service[101667]: DEBUG neutron.db.ovn_revision_numbers_db [None req-c5ba1b03-56b9-4977-8ea7-421f1b00ac78 admin admin] create_initial_revision uuid=237e7272-14e0-4803-a041-a6f4297add65, type=security_group_rules, rev=-1 {{(pid=101667) create_initial_revision /opt/stack/neutron/neutron/db/ovn_revision_numbers_db.py:98}}
Jul 18 22:30:32.285594 np0000185853 devstack@neutron-api.service[101667]: DEBUG neutron.db.ovn_revision_numbers_db [None req-c5ba1b03-56b9-4977-8ea7-421f1b00ac78 admin admin] create_initial_revision uuid=dd9bfe24-c766-418c-a081-3d94f365a8d0, type=security_group_rules, rev=-1 {{(pid=101667) create_initial_revision /opt/stack/neutron/neutron/db/ovn_revision_numbers_db.py:98}}
Jul 18 22:30:32.286643 np0000185853 devstack@neutron-api.service[101667]: DEBUG neutron.db.ovn_revision_numbers_db [None req-c5ba1b03-56b9-4977-8ea7-421f1b00ac78 admin admin] create_initial_revision uuid=fb6c314f-0303-4746-911b-5f1c41f2c6a1, type=security_group_rules, rev=-1 {{(pid=101667) create_initial_revision /opt/stack/neutron/neutron/db/ovn_revision_numbers_db.py:98}}
Jul 18 22:30:32.294350 np0000185853 devstack@neutron-api.service[101667]: DEBUG neutron_lib.callbacks.manager [None req-c5ba1b03-56b9-4977-8ea7-421f1b00ac78 admin admin] Publish callbacks ['neutron.plugins.ml2.drivers.ovn.mech_driver.mech_driver.OVNMechanismDriver._create_security_group-1952890', 'neutron.plugins.ml2.ovo_rpc._ObjectChangeHandler.handle_event-1479960'] for security_group (848bb5b2-24ed-4a50-acdf-c9e1163f432f), after_create {{(pid=101667) _notify_loop /opt/stack/data/venv/lib/python3.12/site-packages/neutron_lib/callbacks/manager.py:184}}
Jul 18 22:30:32.295382 np0000185853 devstack@neutron-api.service[101667]: DEBUG ovsdbapp.backend.ovs_idl.transaction [None req-96dcda51-21b8-43bb-81e4-ef5fd1479415 None None] Running txn n=1 command(idx=0): PgAddCommand(_result=None, name=pg_848bb5b2_24ed_4a50_acdf_c9e1163f432f, may_exist=False, columns={'acls': [], 'external_ids': {'neutron:security_group_id': '848bb5b2-24ed-4a50-acdf-c9e1163f432f'}}) {{(pid=101667) do_commit /opt/stack/data/venv/lib/python3.12/site-packages/ovsdbapp/backend/ovs_idl/transaction.py:89}}
Jul 18 22:30:32.295808 np0000185853 devstack@neutron-api.service[101667]: DEBUG ovsdbapp.backend.ovs_idl.transaction [None req-96dcda51-21b8-43bb-81e4-ef5fd1479415 None None] Running txn n=1 command(idx=1): PgAclAddCommand(_result=None, entity=pg_848bb5b2_24ed_4a50_acdf_c9e1163f432f, direction=to-lport, priority=1002, match=outport == @pg_848bb5b2_24ed_4a50_acdf_c9e1163f432f && ip6 && ip6.src == $pg_848bb5b2_24ed_4a50_acdf_c9e1163f432f_ip6, action=allow-related, log=False, may_exist=True, severity=[], name=[], meter=[], external_ids={'neutron:security_group_rule_id': '06b5cebf-3bba-4663-9ac0-7c0f0eac5b17'}) {{(pid=101667) do_commit /opt/stack/data/venv/lib/python3.12/site-packages/ovsdbapp/backend/ovs_idl/transaction.py:89}}
Jul 18 22:30:32.296214 np0000185853 devstack@neutron-api.service[101667]: DEBUG ovsdbapp.backend.ovs_idl.transaction [None req-96dcda51-21b8-43bb-81e4-ef5fd1479415 None None] Running txn n=1 command(idx=2): PgAclAddCommand(_result=None, entity=pg_848bb5b2_24ed_4a50_acdf_c9e1163f432f, direction=from-lport, priority=1002, match=inport == @pg_848bb5b2_24ed_4a50_acdf_c9e1163f432f && ip6, action=allow-related, log=False, may_exist=True, severity=[], name=[], meter=[], external_ids={'neutron:security_group_rule_id': '237e7272-14e0-4803-a041-a6f4297add65'}) {{(pid=101667) do_commit /opt/stack/data/venv/lib/python3.12/site-packages/ovsdbapp/backend/ovs_idl/transaction.py:89}}
Jul 18 22:30:32.296561 np0000185853 devstack@neutron-api.service[101667]: DEBUG ovsdbapp.backend.ovs_idl.transaction [None req-96dcda51-21b8-43bb-81e4-ef5fd1479415 None None] Running txn n=1 command(idx=3): PgAclAddCommand(_result=None, entity=pg_848bb5b2_24ed_4a50_acdf_c9e1163f432f, direction=to-lport, priority=1002, match=outport == @pg_848bb5b2_24ed_4a50_acdf_c9e1163f432f && ip4 && ip4.src == $pg_848bb5b2_24ed_4a50_acdf_c9e1163f432f_ip4, action=allow-related, log=False, may_exist=True, severity=[], name=[], meter=[], external_ids={'neutron:security_group_rule_id': 'dd9bfe24-c766-418c-a081-3d94f365a8d0'}) {{(pid=101667) do_commit /opt/stack/data/venv/lib/python3.12/site-packages/ovsdbapp/backend/ovs_idl/transaction.py:89}}
Jul 18 22:30:32.296888 np0000185853 devstack@neutron-api.service[101667]: DEBUG ovsdbapp.backend.ovs_idl.transaction [None req-96dcda51-21b8-43bb-81e4-ef5fd1479415 None None] Running txn n=1 command(idx=4): PgAclAddCommand(_result=None, entity=pg_848bb5b2_24ed_4a50_acdf_c9e1163f432f, direction=from-lport, priority=1002, match=inport == @pg_848bb5b2_24ed_4a50_acdf_c9e1163f432f && ip4, action=allow-related, log=False, may_exist=True, severity=[], name=[], meter=[], external_ids={'neutron:security_group_rule_id': 'fb6c314f-0303-4746-911b-5f1c41f2c6a1'}) {{(pid=101667) do_commit /opt/stack/data/venv/lib/python3.12/site-packages/ovsdbapp/backend/ovs_idl/transaction.py:89}}
Jul 18 22:30:32.306739 np0000185853 devstack@neutron-api.service[101667]: DEBUG neutron.plugins.ml2.drivers.ovn.mech_driver.ovsdb.ovsdb_monitor [None req-96dcda51-21b8-43bb-81e4-ef5fd1479415 None None] Touching Hash Ring node "5577c9767ac35f32b79e1d9e40877b02" from IDL notify handler {{(pid=101667) notify /opt/stack/neutron/neutron/plugins/ml2/drivers/ovn/mech_driver/ovsdb/ovsdb_monitor.py:1001}}
Jul 18 22:30:32.309512 np0000185853 devstack@neutron-api.service[101669]: DEBUG neutron.plugins.ml2.drivers.ovn.mech_driver.ovsdb.ovsdb_monitor [None req-645b4163-86f7-4e5e-abaa-1532b894c24b None None] Touching Hash Ring node "e96217aa24625fb4a274ba190db73856" from IDL notify handler {{(pid=101669) notify /opt/stack/neutron/neutron/plugins/ml2/drivers/ovn/mech_driver/ovsdb/ovsdb_monitor.py:1001}}
Jul 18 22:30:32.311750 np0000185853 devstack@neutron-api.service[101668]: DEBUG neutron.plugins.ml2.drivers.ovn.mech_driver.ovsdb.ovsdb_monitor [None req-c6b92fff-5b65-418b-9dbe-2db0cf633ab1 None None] Touching Hash Ring node "eb16baa84b8f502aae0990d98e3d6c0f" from IDL notify handler {{(pid=101668) notify /opt/stack/neutron/neutron/plugins/ml2/drivers/ovn/mech_driver/ovsdb/ovsdb_monitor.py:1001}}
Jul 18 22:30:32.314479 np0000185853 devstack@neutron-api.service[101667]: DEBUG neutron.plugins.ml2.drivers.ovn.mech_driver.ovsdb.ovsdb_monitor [None req-96dcda51-21b8-43bb-81e4-ef5fd1479415 None None] Hash Ring: Node 5577c9767ac35f32b79e1d9e40877b02 (host: np0000185853) handling event "create" for row 95fe7ae1-d8b6-4a0f-8de5-4d7c01302a20 (table: ACL) {{(pid=101667) notify /opt/stack/neutron/neutron/plugins/ml2/drivers/ovn/mech_driver/ovsdb/ovsdb_monitor.py:1009}}
Jul 18 22:30:32.316220 np0000185853 devstack@neutron-api.service[101669]: DEBUG neutron.plugins.ml2.drivers.ovn.mech_driver.ovsdb.ovsdb_monitor [None req-645b4163-86f7-4e5e-abaa-1532b894c24b None None] Hash Ring: Node e96217aa24625fb4a274ba190db73856 (host: np0000185853) handling event "create" for row 799e9227-d110-45a5-8963-08f3699570af (table: ACL) {{(pid=101669) notify /opt/stack/neutron/neutron/plugins/ml2/drivers/ovn/mech_driver/ovsdb/ovsdb_monitor.py:1009}}
Jul 18 22:30:32.322097 np0000185853 devstack@neutron-api.service[101668]: DEBUG neutron.plugins.ml2.drivers.ovn.mech_driver.ovsdb.ovsdb_monitor [None req-c6b92fff-5b65-418b-9dbe-2db0cf633ab1 None None] Hash Ring: Node eb16baa84b8f502aae0990d98e3d6c0f (host: np0000185853) handling event "create" for row 20aa4700-533c-42d4-bbb7-e00245d39149 (table: ACL) {{(pid=101668) notify /opt/stack/neutron/neutron/plugins/ml2/drivers/ovn/mech_driver/ovsdb/ovsdb_monitor.py:1009}}
Jul 18 22:30:32.323117 np0000185853 devstack@neutron-api.service[101668]: DEBUG neutron.plugins.ml2.drivers.ovn.mech_driver.ovsdb.ovsdb_monitor [None req-c6b92fff-5b65-418b-9dbe-2db0cf633ab1 None None] Touching Hash Ring node "eb16baa84b8f502aae0990d98e3d6c0f" from IDL notify handler {{(pid=101668) notify /opt/stack/neutron/neutron/plugins/ml2/drivers/ovn/mech_driver/ovsdb/ovsdb_monitor.py:1001}}
Jul 18 22:30:32.325736 np0000185853 devstack@neutron-api.service[101668]: DEBUG neutron.plugins.ml2.drivers.ovn.mech_driver.ovsdb.ovsdb_monitor [None req-c6b92fff-5b65-418b-9dbe-2db0cf633ab1 None None] Hash Ring: Node eb16baa84b8f502aae0990d98e3d6c0f (host: np0000185853) handling event "create" for row a604812d-26ae-45be-a365-11aba8e60e44 (table: ACL) {{(pid=101668) notify /opt/stack/neutron/neutron/plugins/ml2/drivers/ovn/mech_driver/ovsdb/ovsdb_monitor.py:1009}}
Jul 18 22:30:32.326618 np0000185853 devstack@neutron-api.service[101668]: DEBUG neutron.plugins.ml2.drivers.ovn.mech_driver.ovsdb.ovsdb_monitor [None req-c6b92fff-5b65-418b-9dbe-2db0cf633ab1 None None] Touching Hash Ring node "eb16baa84b8f502aae0990d98e3d6c0f" from IDL notify handler {{(pid=101668) notify /opt/stack/neutron/neutron/plugins/ml2/drivers/ovn/mech_driver/ovsdb/ovsdb_monitor.py:1001}}
Jul 18 22:30:32.329329 np0000185853 devstack@neutron-api.service[101668]: DEBUG neutron.plugins.ml2.drivers.ovn.mech_driver.ovsdb.ovsdb_monitor [None req-c6b92fff-5b65-418b-9dbe-2db0cf633ab1 None None] Hash Ring: Node eb16baa84b8f502aae0990d98e3d6c0f (host: np0000185853) handling event "create" for row d69f8bb7-321a-41aa-9c29-fe00adba550f (table: Port_Group) {{(pid=101668) notify /opt/stack/neutron/neutron/plugins/ml2/drivers/ovn/mech_driver/ovsdb/ovsdb_monitor.py:1009}}
Jul 18 22:30:32.333123 np0000185853 devstack@neutron-api.service[101667]: INFO neutron.db.ovn_revision_numbers_db [None req-c5ba1b03-56b9-4977-8ea7-421f1b00ac78 admin admin] Successfully bumped revision number for resource 848bb5b2-24ed-4a50-acdf-c9e1163f432f (type: security_groups) to 1
Jul 18 22:30:32.346621 np0000185853 devstack@neutron-api.service[101667]: INFO neutron.db.ovn_revision_numbers_db [None req-c5ba1b03-56b9-4977-8ea7-421f1b00ac78 admin admin] Successfully bumped revision number for resource 06b5cebf-3bba-4663-9ac0-7c0f0eac5b17 (type: security_group_rules) to 0
Jul 18 22:30:32.358512 np0000185853 devstack@neutron-api.service[101667]: INFO neutron.db.ovn_revision_numbers_db [None req-c5ba1b03-56b9-4977-8ea7-421f1b00ac78 admin admin] Successfully bumped revision number for resource 237e7272-14e0-4803-a041-a6f4297add65 (type: security_group_rules) to 0
Jul 18 22:30:32.371635 np0000185853 devstack@neutron-api.service[101667]: INFO neutron.db.ovn_revision_numbers_db [None req-c5ba1b03-56b9-4977-8ea7-421f1b00ac78 admin admin] Successfully bumped revision number for resource dd9bfe24-c766-418c-a081-3d94f365a8d0 (type: security_group_rules) to 0
Jul 18 22:30:32.384940 np0000185853 devstack@neutron-api.service[101667]: INFO neutron.db.ovn_revision_numbers_db [None req-c5ba1b03-56b9-4977-8ea7-421f1b00ac78 admin admin] Successfully bumped revision number for resource fb6c314f-0303-4746-911b-5f1c41f2c6a1 (type: security_group_rules) to 0
Jul 18 22:30:32.408763 np0000185853 devstack@neutron-api.service[101667]: DEBUG neutron.api.rpc.handlers.resources_rpc [None req-c5ba1b03-56b9-4977-8ea7-421f1b00ac78 admin admin] Pushing event updated for resources: {'SecurityGroup': ['ID=848bb5b2-24ed-4a50-acdf-c9e1163f432f,revision_number=1']} {{(pid=101667) push /opt/stack/neutron/neutron/api/rpc/handlers/resources_rpc.py:237}}
Jul 18 22:30:32.413800 np0000185853 devstack@neutron-api.service[101667]: DEBUG ovsdbapp.backend.ovs_idl.transaction [None req-96dcda51-21b8-43bb-81e4-ef5fd1479415 None None] Running txn n=1 command(idx=0): CheckLivenessCommand(_result=None) {{(pid=101667) do_commit /opt/stack/data/venv/lib/python3.12/site-packages/ovsdbapp/backend/ovs_idl/transaction.py:89}}
Jul 18 22:30:32.418734 np0000185853 devstack@neutron-api.service[101667]: DEBUG neutron.api.rpc.callbacks.version_manager [None req-c5ba1b03-56b9-4977-8ea7-421f1b00ac78 admin admin] Tracked resource versions report:
Jul 18 22:30:32.418734 np0000185853 devstack@neutron-api.service[101667]: pushed versions:
Jul 18 22:30:32.418734 np0000185853 devstack@neutron-api.service[101667]: { 'AddressGroup': {'1.2'},
Jul 18 22:30:32.418734 np0000185853 devstack@neutron-api.service[101667]: 'Agent': {'1.1'},
Jul 18 22:30:32.418734 np0000185853 devstack@neutron-api.service[101667]: 'ConntrackHelper': {'1.0'},
Jul 18 22:30:32.418734 np0000185853 devstack@neutron-api.service[101667]: 'LocalIPAssociation': {'1.0'},
Jul 18 22:30:32.418734 np0000185853 devstack@neutron-api.service[101667]: 'Log': {'1.0'},
Jul 18 22:30:32.418734 np0000185853 devstack@neutron-api.service[101667]: 'NDPProxy': {'1.0'},
Jul 18 22:30:32.418734 np0000185853 devstack@neutron-api.service[101667]: 'Network': {'1.3'},
Jul 18 22:30:32.418734 np0000185853 devstack@neutron-api.service[101667]: 'Port': {'1.11'},
Jul 18 22:30:32.418734 np0000185853 devstack@neutron-api.service[101667]: 'PortForwarding': {'1.3'},
Jul 18 22:30:32.418734 np0000185853 devstack@neutron-api.service[101667]: 'QosPolicy': {'1.10'},
Jul 18 22:30:32.418734 np0000185853 devstack@neutron-api.service[101667]: 'SecurityGroup': {'1.6'},
Jul 18 22:30:32.418734 np0000185853 devstack@neutron-api.service[101667]: 'SecurityGroupRule': {'1.3'},
Jul 18 22:30:32.418734 np0000185853 devstack@neutron-api.service[101667]: 'SubPort': {'1.0'},
Jul 18 22:30:32.418734 np0000185853 devstack@neutron-api.service[101667]: 'Subnet': {'1.2'},
Jul 18 22:30:32.418734 np0000185853 devstack@neutron-api.service[101667]: 'Trunk': {'1.1'}}
Jul 18 22:30:32.418734 np0000185853 devstack@neutron-api.service[101667]: consumer versions:
Jul 18 22:30:32.418734 np0000185853 devstack@neutron-api.service[101667]: { OVN Controller Gateway agent@np0000185853: {},
Jul 18 22:30:32.418734 np0000185853 devstack@neutron-api.service[101667]: OVN Neutron agent@np0000185853: {}}
Jul 18 22:30:32.418734 np0000185853 devstack@neutron-api.service[101667]: {{(pid=101667) report /opt/stack/neutron/neutron/api/rpc/callbacks/version_manager.py:183}}
Jul 18 22:30:32.422940 np0000185853 devstack@neutron-api.service[101669]: DEBUG ovsdbapp.backend.ovs_idl.event [-] Matched UPDATE: ChassisAgentWriteEvent(events=('create', 'update'), table='Chassis_Private', conditions=None, old_conditions=None), priority=20 to row=Chassis_Private(uuid=c1ab0116-75e2-4f12-b441-df140373598b, chassis=e1388231-6cb4-4a56-a6b3-828a78024eea, external_ids={'neutron:ovn-bridge': 'br-int', 'neutron:ovn-neutron-agent-id': '97239d69-932d-539c-a099-622b910edc03', 'neutron:ovn-neutron-agent-sb-cfg': '2'}, name='805abb03-ce90-4631-b5fe-be7f7353998a', nb_cfg=3, nb_cfg_timestamp=1784413832417) old=Chassis_Private(uuid=c1ab0116-75e2-4f12-b441-df140373598b, nb_cfg=2, nb_cfg_timestamp=1784413739599) {{(pid=101669) matches /opt/stack/data/venv/lib/python3.12/site-packages/ovsdbapp/backend/ovs_idl/event.py:55}}
Jul 18 22:30:32.425472 np0000185853 devstack@neutron-api.service[101666]: DEBUG ovsdbapp.backend.ovs_idl.event [None req-b4b2a5a9-4b23-4651-8640-e72e4a027f65 None None] Matched UPDATE: ChassisAgentWriteEvent(events=('create', 'update'), table='Chassis_Private', conditions=None, old_conditions=None), priority=20 to row=Chassis_Private(uuid=c1ab0116-75e2-4f12-b441-df140373598b, chassis=e1388231-6cb4-4a56-a6b3-828a78024eea, external_ids={'neutron:ovn-bridge': 'br-int', 'neutron:ovn-neutron-agent-id': '97239d69-932d-539c-a099-622b910edc03', 'neutron:ovn-neutron-agent-sb-cfg': '2'}, name='805abb03-ce90-4631-b5fe-be7f7353998a', nb_cfg=3, nb_cfg_timestamp=1784413832417) old=Chassis_Private(uuid=c1ab0116-75e2-4f12-b441-df140373598b, nb_cfg=2, nb_cfg_timestamp=1784413739599) {{(pid=101666) matches /opt/stack/data/venv/lib/python3.12/site-packages/ovsdbapp/backend/ovs_idl/event.py:55}}
Jul 18 22:30:32.425791 np0000185853 devstack@neutron-api.service[101668]: DEBUG ovsdbapp.backend.ovs_idl.event [None req-6c693fa2-895a-4ee4-bdcb-be7436bdca2b None None] Matched UPDATE: ChassisAgentWriteEvent(events=('create', 'update'), table='Chassis_Private', conditions=None, old_conditions=None), priority=20 to row=Chassis_Private(uuid=c1ab0116-75e2-4f12-b441-df140373598b, chassis=e1388231-6cb4-4a56-a6b3-828a78024eea, external_ids={'neutron:ovn-bridge': 'br-int', 'neutron:ovn-neutron-agent-id': '97239d69-932d-539c-a099-622b910edc03', 'neutron:ovn-neutron-agent-sb-cfg': '2'}, name='805abb03-ce90-4631-b5fe-be7f7353998a', nb_cfg=3, nb_cfg_timestamp=1784413832417) old=Chassis_Private(uuid=c1ab0116-75e2-4f12-b441-df140373598b, nb_cfg=2, nb_cfg_timestamp=1784413739599) {{(pid=101668) matches /opt/stack/data/venv/lib/python3.12/site-packages/ovsdbapp/backend/ovs_idl/event.py:55}}
Jul 18 22:30:32.430633 np0000185853 devstack@neutron-api.service[101667]: DEBUG ovsdbapp.backend.ovs_idl.event [None req-8d303093-d190-4afc-820f-eea90a8e98d5 None None] Matched UPDATE: ChassisAgentWriteEvent(events=('create', 'update'), table='Chassis_Private', conditions=None, old_conditions=None), priority=20 to row=Chassis_Private(uuid=c1ab0116-75e2-4f12-b441-df140373598b, chassis=e1388231-6cb4-4a56-a6b3-828a78024eea, external_ids={'neutron:ovn-bridge': 'br-int', 'neutron:ovn-neutron-agent-id': '97239d69-932d-539c-a099-622b910edc03', 'neutron:ovn-neutron-agent-sb-cfg': '2'}, name='805abb03-ce90-4631-b5fe-be7f7353998a', nb_cfg=3, nb_cfg_timestamp=1784413832417) old=Chassis_Private(uuid=c1ab0116-75e2-4f12-b441-df140373598b, nb_cfg=2, nb_cfg_timestamp=1784413739599) {{(pid=101667) matches /opt/stack/data/venv/lib/python3.12/site-packages/ovsdbapp/backend/ovs_idl/event.py:55}}
Jul 18 22:30:32.433240 np0000185853 devstack@neutron-api.service[101669]: DEBUG neutron.plugins.ml2.drivers.ovn.mech_driver.ovsdb.ovsdb_monitor [None req-645b4163-86f7-4e5e-abaa-1532b894c24b None None] Touching Hash Ring node "e96217aa24625fb4a274ba190db73856" from IDL notify handler {{(pid=101669) notify /opt/stack/neutron/neutron/plugins/ml2/drivers/ovn/mech_driver/ovsdb/ovsdb_monitor.py:1001}}
Jul 18 22:30:32.434007 np0000185853 devstack@neutron-api.service[101666]: DEBUG neutron.common.ovn.hash_ring_manager [None req-b4b2a5a9-4b23-4651-8640-e72e4a027f65 None None] Hash Ring loaded. 4 active nodes. 0 offline nodes {{(pid=101666) _load_hash_ring /opt/stack/neutron/neutron/common/ovn/hash_ring_manager.py:110}}
Jul 18 22:30:32.435276 np0000185853 devstack@neutron-api.service[101668]: DEBUG neutron.common.ovn.hash_ring_manager [None req-6c693fa2-895a-4ee4-bdcb-be7436bdca2b None None] Hash Ring loaded. 4 active nodes. 0 offline nodes {{(pid=101668) _load_hash_ring /opt/stack/neutron/neutron/common/ovn/hash_ring_manager.py:110}}
Jul 18 22:30:32.435461 np0000185853 devstack@neutron-api.service[101668]: DEBUG neutron.plugins.ml2.drivers.ovn.mech_driver.ovsdb.ovsdb_monitor [None req-6c693fa2-895a-4ee4-bdcb-be7436bdca2b None None] Hash Ring: Node eb16baa84b8f502aae0990d98e3d6c0f (host: np0000185853) handling event "update" for row c1ab0116-75e2-4f12-b441-df140373598b (table: Chassis_Private) {{(pid=101668) notify /opt/stack/neutron/neutron/plugins/ml2/drivers/ovn/mech_driver/ovsdb/ovsdb_monitor.py:1009}}
Jul 18 22:30:32.438717 np0000185853 devstack@neutron-api.service[101669]: DEBUG neutron.common.ovn.hash_ring_manager [-] Hash Ring loaded. 4 active nodes. 0 offline nodes {{(pid=101669) _load_hash_ring /opt/stack/neutron/neutron/common/ovn/hash_ring_manager.py:110}}
Jul 18 22:30:32.439162 np0000185853 devstack@neutron-api.service[101669]: DEBUG neutron.plugins.ml2.drivers.ovn.mech_driver.ovsdb.ovsdb_monitor [None req-645b4163-86f7-4e5e-abaa-1532b894c24b None None] Hash Ring: Node e96217aa24625fb4a274ba190db73856 (host: np0000185853) handling event "update" for row f37723e5-015d-4e1e-9f40-d25d28852ce9 (table: NB_Global) {{(pid=101669) notify /opt/stack/neutron/neutron/plugins/ml2/drivers/ovn/mech_driver/ovsdb/ovsdb_monitor.py:1009}}
Jul 18 22:30:32.441136 np0000185853 devstack@neutron-api.service[101669]: DEBUG neutron.plugins.ml2.drivers.ovn.mech_driver.ovsdb.ovsdb_monitor [None req-645b4163-86f7-4e5e-abaa-1532b894c24b None None] Touching Hash Ring node "e96217aa24625fb4a274ba190db73856" from IDL notify handler {{(pid=101669) notify /opt/stack/neutron/neutron/plugins/ml2/drivers/ovn/mech_driver/ovsdb/ovsdb_monitor.py:1001}}
Jul 18 22:30:32.443775 np0000185853 devstack@neutron-api.service[101669]: DEBUG neutron.plugins.ml2.drivers.ovn.mech_driver.ovsdb.ovsdb_monitor [None req-645b4163-86f7-4e5e-abaa-1532b894c24b None None] Hash Ring: Node e96217aa24625fb4a274ba190db73856 (host: np0000185853) handling event "update" for row f37723e5-015d-4e1e-9f40-d25d28852ce9 (table: NB_Global) {{(pid=101669) notify /opt/stack/neutron/neutron/plugins/ml2/drivers/ovn/mech_driver/ovsdb/ovsdb_monitor.py:1009}}
Jul 18 22:30:32.445507 np0000185853 devstack@neutron-api.service[101669]: DEBUG neutron.plugins.ml2.drivers.ovn.mech_driver.ovsdb.ovsdb_monitor [None req-645b4163-86f7-4e5e-abaa-1532b894c24b None None] Touching Hash Ring node "e96217aa24625fb4a274ba190db73856" from IDL notify handler {{(pid=101669) notify /opt/stack/neutron/neutron/plugins/ml2/drivers/ovn/mech_driver/ovsdb/ovsdb_monitor.py:1001}}
Jul 18 22:30:32.446835 np0000185853 devstack@neutron-api.service[101667]: DEBUG neutron.common.ovn.hash_ring_manager [None req-8d303093-d190-4afc-820f-eea90a8e98d5 None None] Hash Ring loaded. 4 active nodes. 0 offline nodes {{(pid=101667) _load_hash_ring /opt/stack/neutron/neutron/common/ovn/hash_ring_manager.py:110}}
Jul 18 22:30:32.448342 np0000185853 devstack@neutron-api.service[101669]: DEBUG neutron.plugins.ml2.drivers.ovn.mech_driver.ovsdb.ovsdb_monitor [None req-645b4163-86f7-4e5e-abaa-1532b894c24b None None] Hash Ring: Node e96217aa24625fb4a274ba190db73856 (host: np0000185853) handling event "update" for row f37723e5-015d-4e1e-9f40-d25d28852ce9 (table: NB_Global) {{(pid=101669) notify /opt/stack/neutron/neutron/plugins/ml2/drivers/ovn/mech_driver/ovsdb/ovsdb_monitor.py:1009}}
Jul 18 22:30:32.481376 np0000185853 devstack@neutron-api.service[101667]: DEBUG neutron.plugins.ml2.drivers.helpers [None req-c5ba1b03-56b9-4977-8ea7-421f1b00ac78 admin admin] geneve segment allocate from pool success with {'geneve_vni': 25048} {{(pid=101667) allocate_partially_specified_segment /opt/stack/neutron/neutron/plugins/ml2/drivers/helpers.py:142}}
Jul 18 22:30:32.490488 np0000185853 devstack@neutron-api.service[101667]: DEBUG neutron_lib.callbacks.manager [None req-c5ba1b03-56b9-4977-8ea7-421f1b00ac78 admin admin] Publish callbacks ['neutron.services.segments.db._add_segment_host_mapping_for_segment-7845453372066', 'neutron.plugins.ml2.plugin.Ml2Plugin._handle_segment_change-16046066'] for segment (3c5169cd-be2e-43c0-a09a-8be67248ff4e), precommit_create {{(pid=101667) _notify_loop /opt/stack/data/venv/lib/python3.12/site-packages/neutron_lib/callbacks/manager.py:184}}
Jul 18 22:30:32.490709 np0000185853 devstack@neutron-api.service[101667]: INFO neutron.db.segments_db [None req-c5ba1b03-56b9-4977-8ea7-421f1b00ac78 admin admin] Added segment 3c5169cd-be2e-43c0-a09a-8be67248ff4e of type geneve for network 00e03c62-5e80-4857-98d0-273b70b464b1
Jul 18 22:30:32.505637 np0000185853 devstack@neutron-api.service[101667]: DEBUG neutron_lib.callbacks.manager [None req-c5ba1b03-56b9-4977-8ea7-421f1b00ac78 admin admin] Publish callbacks ['neutron.services.auto_allocate.db._ensure_external_network_default_value_callback-7845452118180'] for network (00e03c62-5e80-4857-98d0-273b70b464b1), precommit_create {{(pid=101667) _notify_loop /opt/stack/data/venv/lib/python3.12/site-packages/neutron_lib/callbacks/manager.py:184}}
Jul 18 22:30:32.516834 np0000185853 devstack@neutron-api.service[101667]: DEBUG neutron.plugins.ml2.drivers.ovn.mech_driver.mech_driver [None req-c5ba1b03-56b9-4977-8ea7-421f1b00ac78 admin admin] Validating network segment with type geneve, segmentation ID 25048, physical network None {{(pid=101667) _validate_network_segments /opt/stack/neutron/neutron/plugins/ml2/drivers/ovn/mech_driver/mech_driver.py:646}}
Jul 18 22:30:32.516963 np0000185853 devstack@neutron-api.service[101667]: DEBUG neutron.db.ovn_revision_numbers_db [None req-c5ba1b03-56b9-4977-8ea7-421f1b00ac78 admin admin] create_initial_revision uuid=00e03c62-5e80-4857-98d0-273b70b464b1, type=networks, rev=-1 {{(pid=101667) create_initial_revision /opt/stack/neutron/neutron/db/ovn_revision_numbers_db.py:98}}
