172.18.0.2 - - [02/Apr/2026:06:09:12 +0000] "GET /networking/v2.0/security-groups?name=k8s-cluster-magnum-system-kube-29seh-secgroup-worker HTTP/1.1" 200 11151 "-" "cluster-api-provider-openstack/v0.12.4 gophercloud/v2.7.0"
172.18.0.2 - - [02/Apr/2026:06:09:12 +0000] "GET /compute/v2.1/ HTTP/1.1" 200 3432 "-" "cluster-api-provider-openstack/v0.12.4 gophercloud/v2.7.0"
172.18.0.2 - - [02/Apr/2026:06:09:12 +0000] "GET /compute/v2.1/flavors/detail HTTP/1.1" 200 7064 "-" "cluster-api-provider-openstack/v0.12.4 gophercloud/v2.7.0"
172.18.0.2 - - [02/Apr/2026:06:09:12 +0000] "GET /networking/v2.0/floatingips?floating_ip_address=172.24.5.190 HTTP/1.1" 200 3757 "-" "cluster-api-provider-openstack/v0.12.4 gophercloud/v2.7.0"
172.18.0.2 - - [02/Apr/2026:06:09:12 +0000] "GET /compute/v2.1/ HTTP/1.1" 200 3432 "-" "cluster-api-provider-openstack/v0.12.4 gophercloud/v2.7.0"
172.18.0.2 - - [02/Apr/2026:06:09:12 +0000] "GET /compute/v2.1/os-availability-zone HTTP/1.1" 200 3137 "-" "cluster-api-provider-openstack/v0.12.4 gophercloud/v2.7.0"
172.18.0.2 - - [02/Apr/2026:06:09:12 +0000] "GET /networking/v2.0/ports?name=kube-29seh-kzfgx-8zhlx-0&network_id=0f646bbb-d1fa-4455-ae91-692bdf2402ba HTTP/1.1" 200 2857 "-" "cluster-api-provider-openstack/v0.12.4 gophercloud/v2.7.0"
172.18.0.2 - - [02/Apr/2026:06:09:12 +0000] "GET /networking/v2.0/ports?name=kube-29seh-kzfgx-8zhlx-0&network_id=0f646bbb-d1fa-4455-ae91-692bdf2402ba HTTP/1.1" 200 2857 "-" "cluster-api-provider-openstack/v0.12.4 gophercloud/v2.7.0"
172.18.0.2 - - [02/Apr/2026:06:09:12 +0000] "POST /networking/v2.0/ports HTTP/1.1" 201 3632 "-" "cluster-api-provider-openstack/v0.12.4 gophercloud/v2.7.0"
172.18.0.2 - - [02/Apr/2026:06:09:13 +0000] "GET /compute/v2.1/ HTTP/1.1" 200 3432 "-" "cluster-api-provider-openstack/v0.12.4 gophercloud/v2.7.0"
172.18.0.2 - - [02/Apr/2026:06:09:13 +0000] "GET /compute/v2.1/servers/detail?name=%5Ekube-29seh-kzfgx-8zhlx%24 HTTP/1.1" 200 3055 "-" "cluster-api-provider-openstack/v0.12.4 gophercloud/v2.7.0"
172.18.0.2 - - [02/Apr/2026:06:09:13 +0000] "GET /compute/v2.1/ HTTP/1.1" 200 3432 "-" "cluster-api-provider-openstack/v0.12.4 gophercloud/v2.7.0"
199.204.45.155 - - [02/Apr/2026:06:09:13 +0000] "GET /image HTTP/1.1" 300 4285 "-" "uwsgi keystoneauth1/5.13.1 python-requests/2.32.5 CPython/3.12.3"
199.204.45.155 - - [02/Apr/2026:06:09:13 +0000] "GET /identity HTTP/1.1" 300 3232 "-" "uwsgi keystoneauth1/5.13.1 python-requests/2.32.5 CPython/3.12.3"
199.204.45.155 - - [02/Apr/2026:06:09:14 +0000] "POST /identity/v3/auth/tokens HTTP/1.1" 201 8105 "-" "uwsgi keystoneauth1/5.13.1 python-requests/2.32.5 CPython/3.12.3"
199.204.45.155 - - [02/Apr/2026:06:09:14 +0000] "GET /identity HTTP/1.1" 300 3232 "-" "glance/32.1.0.dev13 keystonemiddleware.auth_token/12.0.0 keystoneauth1/5.13.1 python-requests/2.32.5 CPython/3.12.3"
199.204.45.155 - - [02/Apr/2026:06:09:14 +0000] "POST /identity/v3/auth/tokens HTTP/1.1" 201 8107 "-" "glance/32.1.0.dev13 keystonemiddleware.auth_token/12.0.0 keystoneauth1/5.13.1 python-requests/2.32.5 CPython/3.12.3"
199.204.45.155 - - [02/Apr/2026:06:09:14 +0000] "GET /identity/v3/auth/tokens HTTP/1.1" 200 8100 "-" "python-keystoneclient"
199.204.45.155 - - [02/Apr/2026:06:09:14 +0000] "GET /image/v2/images/627c5919-939d-467b-b683-28fac7a2989e HTTP/1.1" 200 3872 "-" "python-glanceclient"
199.204.45.155 - - [02/Apr/2026:06:09:14 +0000] "GET /image/v2/schemas/image HTTP/1.1" 200 8961 "-" "python-glanceclient"
199.204.45.155 - - [02/Apr/2026:06:09:14 +0000] "GET /networking/v2.0/ports/763376bf-d625-4680-aa75-55bec9b07b9d HTTP/1.1" 200 3658 "-" "python-neutronclient"
199.204.45.155 - - [02/Apr/2026:06:09:14 +0000] "GET /identity HTTP/1.1" 300 3232 "-" "uwsgi keystoneauth1/5.13.1 python-requests/2.32.5 CPython/3.12.3"
199.204.45.155 - - [02/Apr/2026:06:09:14 +0000] "POST /identity/v3/auth/tokens HTTP/1.1" 201 8105 "-" "uwsgi keystoneauth1/5.13.1 python-requests/2.32.5 CPython/3.12.3"
199.204.45.155 - - [02/Apr/2026:06:09:14 +0000] "GET /identity/v3/auth/tokens?allow_expired=1 HTTP/1.1" 200 8100 "-" "python-keystoneclient"
199.204.45.155 - - [02/Apr/2026:06:09:14 +0000] "GET /networking/v2.0/extensions HTTP/1.1" 200 18131 "-" "python-neutronclient"
199.204.45.155 - - [02/Apr/2026:06:09:14 +0000] "GET /networking/v2.0/ports/763376bf-d625-4680-aa75-55bec9b07b9d?fields=binding%3Avnic_type&fields=binding%3Aprofile&fields=network_id&fields=resource_request&fields=numa_affinity_policy&fields=device_profile HTTP/1.1" 200 2989 "-" "python-neutronclient"
199.204.45.155 - - [02/Apr/2026:06:09:14 +0000] "GET /networking/v2.0/networks/0f646bbb-d1fa-4455-ae91-692bdf2402ba?fields=segments HTTP/1.1" 200 2890 "-" "python-neutronclient"
199.204.45.155 - - [02/Apr/2026:06:09:14 +0000] "GET /networking/v2.0/networks/0f646bbb-d1fa-4455-ae91-692bdf2402ba?fields=provider%3Aphysical_network&fields=provider%3Anetwork_type HTTP/1.1" 200 2955 "-" "python-neutronclient"
199.204.45.155 - - [02/Apr/2026:06:09:14 +0000] "GET /networking/v2.0/ports/763376bf-d625-4680-aa75-55bec9b07b9d HTTP/1.1" 200 3658 "-" "python-neutronclient"
172.18.0.2 - - [02/Apr/2026:06:09:13 +0000] "POST /compute/v2.1/servers HTTP/1.1" 202 3527 "-" "cluster-api-provider-openstack/v0.12.4 gophercloud/v2.7.0"
172.18.0.2 - - [02/Apr/2026:06:09:15 +0000] "GET /networking/v2.0/ports?id=763376bf-d625-4680-aa75-55bec9b07b9d&name=kube-29seh-kzfgx-8zhlx-0&network_id=0f646bbb-d1fa-4455-ae91-692bdf2402ba HTTP/1.1" 200 3630 "-" "cluster-api-provider-openstack/v0.12.4 gophercloud/v2.7.0"
172.18.0.2 - - [02/Apr/2026:06:09:15 +0000] "GET /compute/v2.1/ HTTP/1.1" 200 3432 "-" "cluster-api-provider-openstack/v0.12.4 gophercloud/v2.7.0"
199.204.45.155 - - [02/Apr/2026:06:09:15 +0000] "GET /identity HTTP/1.1" 300 3232 "-" "nova-scheduler keystoneauth1/5.13.1 python-requests/2.32.5 CPython/3.12.3"
199.204.45.155 - - [02/Apr/2026:06:09:15 +0000] "GET /identity HTTP/1.1" 300 3232 "-" "nova/33.1.0.dev30 keystonemiddleware.auth_token/12.0.0 keystoneauth1/5.13.1 python-requests/2.32.5 CPython/3.12.3"
199.204.45.155 - - [02/Apr/2026:06:09:15 +0000] "POST /identity/v3/auth/tokens HTTP/1.1" 201 8105 "-" "nova/33.1.0.dev30 keystonemiddleware.auth_token/12.0.0 keystoneauth1/5.13.1 python-requests/2.32.5 CPython/3.12.3"
199.204.45.155 - - [02/Apr/2026:06:09:15 +0000] "POST /identity/v3/auth/tokens HTTP/1.1" 201 8105 "-" "nova-scheduler keystoneauth1/5.13.1 python-requests/2.32.5 CPython/3.12.3"
199.204.45.155 - - [02/Apr/2026:06:09:15 +0000] "GET /identity HTTP/1.1" 300 3232 "-" "uwsgi keystoneauth1/5.13.1 python-requests/2.32.5 CPython/3.12.3"
199.204.45.155 - - [02/Apr/2026:06:09:15 +0000] "GET /identity/v3/auth/tokens HTTP/1.1" 200 8100 "-" "python-keystoneclient"
199.204.45.155 - - [02/Apr/2026:06:09:15 +0000] "POST /identity/v3/auth/tokens HTTP/1.1" 201 8105 "-" "uwsgi keystoneauth1/5.13.1 python-requests/2.32.5 CPython/3.12.3"
199.204.45.155 - - [02/Apr/2026:06:09:15 +0000] "GET /networking/v2.0/ports/763376bf-d625-4680-aa75-55bec9b07b9d HTTP/1.1" 200 3658 "-" "python-neutronclient"
199.204.45.155 - - [02/Apr/2026:06:09:15 +0000] "GET /identity/v3/auth/tokens HTTP/1.1" 200 8100 "-" "python-keystoneclient"
199.204.45.155 - - [02/Apr/2026:06:09:15 +0000] "GET /identity HTTP/1.1" 300 3232 "-" "placement/unknown keystonemiddleware.auth_token/12.0.0 keystoneauth1/5.13.1 python-requests/2.32.5 CPython/3.12.3"
199.204.45.155 - - [02/Apr/2026:06:09:15 +0000] "GET /networking/v2.0/ports?device_id=64b475dc-66d4-4333-86f7-115552862350 HTTP/1.1" 200 2888 "-" "python-neutronclient"
172.18.0.2 - - [02/Apr/2026:06:09:15 +0000] "GET /compute/v2.1/servers/64b475dc-66d4-4333-86f7-115552862350 HTTP/1.1" 200 4298 "-" "cluster-api-provider-openstack/v0.12.4 gophercloud/v2.7.0"
199.204.45.155 - - [02/Apr/2026:06:09:15 +0000] "POST /identity/v3/auth/tokens HTTP/1.1" 201 8110 "-" "placement/unknown keystonemiddleware.auth_token/12.0.0 keystoneauth1/5.13.1 python-requests/2.32.5 CPython/3.12.3"
199.204.45.155 - - [02/Apr/2026:06:09:15 +0000] "GET /identity/v3/auth/tokens HTTP/1.1" 200 8100 "-" "python-keystoneclient"
199.204.45.155 - - [02/Apr/2026:06:09:15 +0000] "GET /placement/allocation_candidates?resources=DISK_GB%3A80%2CMEMORY_MB%3A8192%2CVCPU%3A4&root_required=%21COMPUTE_STATUS_DISABLED HTTP/1.1" 200 5547 "-" "nova-scheduler keystoneauth1/5.13.1 python-requests/2.32.5 CPython/3.12.3"
199.204.45.155 - - [02/Apr/2026:06:09:15 +0000] "GET /placement/allocations/64b475dc-66d4-4333-86f7-115552862350 HTTP/1.1" 200 3034 "-" "nova-scheduler keystoneauth1/5.13.1 python-requests/2.32.5 CPython/3.12.3"
172.18.0.2 - - [02/Apr/2026:06:09:15 +0000] "GET /networking/v2.0/ports?id=763376bf-d625-4680-aa75-55bec9b07b9d&name=kube-29seh-kzfgx-8zhlx-0&network_id=0f646bbb-d1fa-4455-ae91-692bdf2402ba HTTP/1.1" 200 3630 "-" "cluster-api-provider-openstack/v0.12.4 gophercloud/v2.7.0"
199.204.45.155 - - [02/Apr/2026:06:09:15 +0000] "PUT /placement/allocations/64b475dc-66d4-4333-86f7-115552862350 HTTP/1.1" 204 2900 "-" "nova-scheduler keystoneauth1/5.13.1 python-requests/2.32.5 CPython/3.12.3"
172.18.0.2 - - [02/Apr/2026:06:09:15 +0000] "GET /compute/v2.1/ HTTP/1.1" 200 3432 "-" "cluster-api-provider-openstack/v0.12.4 gophercloud/v2.7.0"
199.204.45.155 - - [02/Apr/2026:06:09:16 +0000] "GET /networking/v2.0/ports?device_id=64b475dc-66d4-4333-86f7-115552862350 HTTP/1.1" 200 2888 "-" "python-neutronclient"
172.18.0.2 - - [02/Apr/2026:06:09:15 +0000] "GET /compute/v2.1/servers/64b475dc-66d4-4333-86f7-115552862350 HTTP/1.1" 200 4298 "-" "cluster-api-provider-openstack/v0.12.4 gophercloud/v2.7.0"
199.204.45.155 - - [02/Apr/2026:06:09:17 +0000] "GET /identity HTTP/1.1" 300 3232 "-" "openstacksdk/4.10.0 keystoneauth1/5.13.1 python-requests/2.32.5 CPython/3.12.3"
199.204.45.155 - - [02/Apr/2026:06:09:17 +0000] "POST /identity/v3/auth/tokens HTTP/1.1" 201 8058 "-" "openstacksdk/4.10.0 keystoneauth1/5.13.1 python-requests/2.32.5 CPython/3.12.3"
199.204.45.155 - - [02/Apr/2026:06:09:17 +0000] "GET /identity/v3/auth/tokens HTTP/1.1" 200 8100 "-" "python-keystoneclient"
199.204.45.155 - - [02/Apr/2026:06:09:17 +0000] "GET /placement/allocations/64b475dc-66d4-4333-86f7-115552862350 HTTP/1.1" 200 3275 "-" "nova-compute keystoneauth1/5.13.1 python-requests/2.32.5 CPython/3.12.3"
199.204.45.155 - - [02/Apr/2026:06:09:18 +0000] "GET /identity/v3/auth/tokens HTTP/1.1" 200 8053 "-" "python-keystoneclient"
199.204.45.155 - - [02/Apr/2026:06:09:18 +0000] "POST /identity/v3/auth/tokens HTTP/1.1" 201 7632 "-" "uwsgi keystoneauth1/5.13.1 python-requests/2.32.5 CPython/3.12.3"
199.204.45.155 - - [02/Apr/2026:06:09:18 +0000] "POST /identity/v3/auth/tokens HTTP/1.1" 201 7632 "-" "uwsgi keystoneauth1/5.13.1 python-requests/2.32.5 CPython/3.12.3"
199.204.45.155 - - [02/Apr/2026:06:09:18 +0000] "POST /identity/v3/auth/tokens HTTP/1.1" 201 7632 "-" "uwsgi keystoneauth1/5.13.1 python-requests/2.32.5 CPython/3.12.3"
199.204.45.155 - - [02/Apr/2026:06:09:18 +0000] "GET /container-infra/v1/clusters/k8s-cluster HTTP/1.1" 200 4708 "-" "python-urllib3/2.6.3"
199.204.45.155 - - [02/Apr/2026:06:09:18 +0000] "GET /placement/resource_providers?in_tree=2bee1e30-4de2-4f46-a431-23fe77a05c98 HTTP/1.1" 200 3816 "-" "nova-compute keystoneauth1/5.13.1 python-requests/2.32.5 CPython/3.12.3"
199.204.45.155 - - [02/Apr/2026:06:09:19 +0000] "GET /placement/resource_providers/2bee1e30-4de2-4f46-a431-23fe77a05c98/inventories HTTP/1.1" 200 3344 "-" "nova-compute keystoneauth1/5.13.1 python-requests/2.32.5 CPython/3.12.3"
199.204.45.155 - - [02/Apr/2026:06:09:19 +0000] "GET /placement/resource_providers/2bee1e30-4de2-4f46-a431-23fe77a05c98/aggregates HTTP/1.1" 200 3068 "-" "nova-compute keystoneauth1/5.13.1 python-requests/2.32.5 CPython/3.12.3"
199.204.45.155 - - [02/Apr/2026:06:09:19 +0000] "GET /placement/resource_providers/2bee1e30-4de2-4f46-a431-23fe77a05c98/traits HTTP/1.1" 200 5008 "-" "nova-compute keystoneauth1/5.13.1 python-requests/2.32.5 CPython/3.12.3"
199.204.45.155 - - [02/Apr/2026:06:09:19 +0000] "GET /placement/resource_providers/2bee1e30-4de2-4f46-a431-23fe77a05c98/allocations HTTP/1.1" 200 3098 "-" "nova-compute keystoneauth1/5.13.1 python-requests/2.32.5 CPython/3.12.3"
199.204.45.155 - - [02/Apr/2026:06:09:19 +0000] "GET /placement/allocations/64b475dc-66d4-4333-86f7-115552862350 HTTP/1.1" 200 3275 "-" "nova-compute keystoneauth1/5.13.1 python-requests/2.32.5 CPython/3.12.3"
199.204.45.155 - - [02/Apr/2026:06:09:21 +0000] "GET /identity HTTP/1.1" 300 3232 "-" "nova-compute keystoneauth1/5.13.1 python-requests/2.32.5 CPython/3.12.3"
199.204.45.155 - - [02/Apr/2026:06:09:22 +0000] "POST /identity/v3/auth/tokens HTTP/1.1" 201 8105 "-" "nova-compute keystoneauth1/5.13.1 python-requests/2.32.5 CPython/3.12.3"
199.204.45.155 - - [02/Apr/2026:06:09:22 +0000] "POST /identity/v3/auth/tokens HTTP/1.1" 201 8105 "-" "nova-compute keystoneauth1/5.13.1 python-requests/2.32.5 CPython/3.12.3"
199.204.45.155 - - [02/Apr/2026:06:09:22 +0000] "GET /identity/v3/auth/tokens HTTP/1.1" 200 8100 "-" "python-keystoneclient"
199.204.45.155 - - [02/Apr/2026:06:09:22 +0000] "GET /identity/v3/auth/tokens?allow_expired=1 HTTP/1.1" 200 8100 "-" "python-keystoneclient"
199.204.45.155 - - [02/Apr/2026:06:09:22 +0000] "GET /networking/v2.0/ports/763376bf-d625-4680-aa75-55bec9b07b9d HTTP/1.1" 200 3754 "-" "python-neutronclient"
199.204.45.155 - - [02/Apr/2026:06:09:22 +0000] "GET /networking/v2.0/networks?id=0f646bbb-d1fa-4455-ae91-692bdf2402ba HTTP/1.1" 200 3521 "-" "python-neutronclient"
199.204.45.155 - - [02/Apr/2026:06:09:22 +0000] "GET /networking/v2.0/extensions HTTP/1.1" 200 18131 "-" "python-neutronclient"
199.204.45.155 - - [02/Apr/2026:06:09:24 +0000] "GET /identity HTTP/1.1" 300 3232 "-" "openstacksdk/4.10.0 keystoneauth1/5.13.1 python-requests/2.32.5 CPython/3.12.3"
199.204.45.155 - - [02/Apr/2026:06:09:24 +0000] "POST /identity/v3/auth/tokens HTTP/1.1" 201 8058 "-" "openstacksdk/4.10.0 keystoneauth1/5.13.1 python-requests/2.32.5 CPython/3.12.3"
199.204.45.155 - - [02/Apr/2026:06:09:25 +0000] "GET /identity/v3/auth/tokens HTTP/1.1" 200 8053 "-" "python-keystoneclient"
172.18.0.2 - - [02/Apr/2026:06:09:25 +0000] "GET /networking/v2.0/ports?id=763376bf-d625-4680-aa75-55bec9b07b9d&name=kube-29seh-kzfgx-8zhlx-0&network_id=0f646bbb-d1fa-4455-ae91-692bdf2402ba HTTP/1.1" 200 3678 "-" "cluster-api-provider-openstack/v0.12.4 gophercloud/v2.7.0"
172.18.0.2 - - [02/Apr/2026:06:09:25 +0000] "GET /compute/v2.1/ HTTP/1.1" 200 3432 "-" "cluster-api-provider-openstack/v0.12.4 gophercloud/v2.7.0"
199.204.45.155 - - [02/Apr/2026:06:09:25 +0000] "POST /identity/v3/auth/tokens HTTP/1.1" 201 7632 "-" "uwsgi keystoneauth1/5.13.1 python-requests/2.32.5 CPython/3.12.3"
199.204.45.155 - - [02/Apr/2026:06:09:25 +0000] "POST /identity/v3/auth/tokens HTTP/1.1" 201 7632 "-" "uwsgi keystoneauth1/5.13.1 python-requests/2.32.5 CPython/3.12.3"
199.204.45.155 - - [02/Apr/2026:06:09:25 +0000] "POST /identity/v3/auth/tokens HTTP/1.1" 201 7632 "-" "uwsgi keystoneauth1/5.13.1 python-requests/2.32.5 CPython/3.12.3"
199.204.45.155 - - [02/Apr/2026:06:09:25 +0000] "GET /networking/v2.0/ports?device_id=64b475dc-66d4-4333-86f7-115552862350 HTTP/1.1" 200 3709 "-" "python-neutronclient"
199.204.45.155 - - [02/Apr/2026:06:09:25 +0000] "GET /container-infra/v1/clusters/k8s-cluster HTTP/1.1" 200 4708 "-" "python-urllib3/2.6.3"
199.204.45.155 - - [02/Apr/2026:06:09:25 +0000] "GET /networking/v2.0/security-groups?id=0d261b3c-b1b2-4101-9020-fcacae152a2f&fields=id&fields=name HTTP/1.1" 200 3016 "-" "python-neutronclient"
172.18.0.2 - - [02/Apr/2026:06:09:25 +0000] "GET /compute/v2.1/servers/64b475dc-66d4-4333-86f7-115552862350 HTTP/1.1" 200 4447 "-" "cluster-api-provider-openstack/v0.12.4 gophercloud/v2.7.0"
199.204.45.155 - - [02/Apr/2026:06:09:22 +0000] "PUT /networking/v2.0/ports/763376bf-d625-4680-aa75-55bec9b07b9d HTTP/1.1" 200 3948 "-" "python-neutronclient"
199.204.45.155 - - [02/Apr/2026:06:09:26 +0000] "GET /identity HTTP/1.1" 300 3232 "-" "uwsgi keystoneauth1/5.13.1 python-requests/2.32.5 CPython/3.12.3"
199.204.45.155 - - [02/Apr/2026:06:09:26 +0000] "POST /identity/v3/auth/tokens HTTP/1.1" 201 8105 "-" "uwsgi keystoneauth1/5.13.1 python-requests/2.32.5 CPython/3.12.3"
199.204.45.155 - - [02/Apr/2026:06:09:26 +0000] "GET /identity HTTP/1.1" 300 3232 "-" "nova/33.1.0.dev30 keystonemiddleware.auth_token/12.0.0 keystoneauth1/5.13.1 python-requests/2.32.5 CPython/3.12.3"
199.204.45.155 - - [02/Apr/2026:06:09:26 +0000] "POST /identity/v3/auth/tokens HTTP/1.1" 201 8105 "-" "nova/33.1.0.dev30 keystonemiddleware.auth_token/12.0.0 keystoneauth1/5.13.1 python-requests/2.32.5 CPython/3.12.3"
199.204.45.155 - - [02/Apr/2026:06:09:26 +0000] "GET /identity/v3/auth/tokens HTTP/1.1" 200 8100 "-" "python-keystoneclient"
199.204.45.155 - - [02/Apr/2026:06:09:26 +0000] "POST /compute/v2.1/os-server-external-events HTTP/1.1" 200 3249 "-" "python-novaclient"
199.204.45.155 - - [02/Apr/2026:06:09:27 +0000] "GET /networking/v2.0/ports?tenant_id=aef11b05f5f440a39c1d2d03c15fa5c5&device_id=64b475dc-66d4-4333-86f7-115552862350 HTTP/1.1" 200 3951 "-" "python-neutronclient"
199.204.45.155 - - [02/Apr/2026:06:09:28 +0000] "GET /image/v2/images/627c5919-939d-467b-b683-28fac7a2989e HTTP/1.1" 200 3872 "-" "python-glanceclient"
199.204.45.155 - - [02/Apr/2026:06:09:28 +0000] "GET /networking/v2.0/networks?tenant_id=aef11b05f5f440a39c1d2d03c15fa5c5&shared=False HTTP/1.1" 200 3620 "-" "python-neutronclient"
199.204.45.155 - - [02/Apr/2026:06:09:28 +0000] "GET /networking/v2.0/networks?shared=True HTTP/1.1" 200 2891 "-" "python-neutronclient"
199.204.45.155 - - [02/Apr/2026:06:09:29 +0000] "GET /networking/v2.0/ports?tenant_id=aef11b05f5f440a39c1d2d03c15fa5c5&device_id=64b475dc-66d4-4333-86f7-115552862350 HTTP/1.1" 200 3951 "-" "python-neutronclient"
199.204.45.155 - - [02/Apr/2026:06:09:29 +0000] "GET /networking/v2.0/floatingips?fixed_ip_address=192.168.24.114&port_id=763376bf-d625-4680-aa75-55bec9b07b9d HTTP/1.1" 200 2895 "-" "python-neutronclient"
199.204.45.155 - - [02/Apr/2026:06:09:29 +0000] "GET /networking/v2.0/subnets?id=3ef21ea4-1992-4396-815e-452fefab68e1 HTTP/1.1" 200 3645 "-" "python-neutronclient"
199.204.45.155 - - [02/Apr/2026:06:09:29 +0000] "GET /networking/v2.0/ports?network_id=0f646bbb-d1fa-4455-ae91-692bdf2402ba&device_owner=network%3Adhcp HTTP/1.1" 200 2888 "-" "python-neutronclient"
199.204.45.155 - - [02/Apr/2026:06:09:30 +0000] "GET /networking/v2.0/networks/0f646bbb-d1fa-4455-ae91-692bdf2402ba?fields=segments HTTP/1.1" 200 2890 "-" "python-neutronclient"
199.204.45.155 - - [02/Apr/2026:06:09:30 +0000] "GET /networking/v2.0/networks/0f646bbb-d1fa-4455-ae91-692bdf2402ba?fields=provider%3Aphysical_network&fields=provider%3Anetwork_type HTTP/1.1" 200 2955 "-" "python-neutronclient"
199.204.45.155 - - [02/Apr/2026:06:09:32 +0000] "GET /identity HTTP/1.1" 300 3232 "-" "openstacksdk/4.10.0 keystoneauth1/5.13.1 python-requests/2.32.5 CPython/3.12.3"
199.204.45.155 - - [02/Apr/2026:06:09:32 +0000] "POST /identity/v3/auth/tokens HTTP/1.1" 201 8058 "-" "openstacksdk/4.10.0 keystoneauth1/5.13.1 python-requests/2.32.5 CPython/3.12.3"
199.204.45.155 - - [02/Apr/2026:06:09:32 +0000] "GET /identity/v3/auth/tokens HTTP/1.1" 200 8053 "-" "python-keystoneclient"
199.204.45.155 - - [02/Apr/2026:06:09:32 +0000] "POST /identity/v3/auth/tokens HTTP/1.1" 201 7632 "-" "uwsgi keystoneauth1/5.13.1 python-requests/2.32.5 CPython/3.12.3"
199.204.45.155 - - [02/Apr/2026:06:09:32 +0000] "POST /identity/v3/auth/tokens HTTP/1.1" 201 7632 "-" "uwsgi keystoneauth1/5.13.1 python-requests/2.32.5 CPython/3.12.3"
199.204.45.155 - - [02/Apr/2026:06:09:32 +0000] "POST /identity/v3/auth/tokens HTTP/1.1" 201 7632 "-" "uwsgi keystoneauth1/5.13.1 python-requests/2.32.5 CPython/3.12.3"
199.204.45.155 - - [02/Apr/2026:06:09:32 +0000] "GET /container-infra/v1/clusters/k8s-cluster HTTP/1.1" 200 4892 "-" "python-urllib3/2.6.3"
172.18.0.2 - - [02/Apr/2026:06:09:37 +0000] "GET /networking/v2.0/ports?id=763376bf-d625-4680-aa75-55bec9b07b9d&name=kube-29seh-kzfgx-8zhlx-0&network_id=0f646bbb-d1fa-4455-ae91-692bdf2402ba HTTP/1.1" 200 3678 "-" "cluster-api-provider-openstack/v0.12.4 gophercloud/v2.7.0"
172.18.0.2 - - [02/Apr/2026:06:09:38 +0000] "GET /compute/v2.1/ HTTP/1.1" 200 3432 "-" "cluster-api-provider-openstack/v0.12.4 gophercloud/v2.7.0"
199.204.45.155 - - [02/Apr/2026:06:09:28 +0000] "GET /image/v2/images/627c5919-939d-467b-b683-28fac7a2989e/file HTTP/1.1" 200 907425719 "-" "python-glanceclient"
199.204.45.155 - - [02/Apr/2026:06:09:38 +0000] "GET /identity HTTP/1.1" 300 3232 "-" "nova/33.1.0.dev30 keystonemiddleware.auth_token/12.0.0 keystoneauth1/5.13.1 python-requests/2.32.5 CPython/3.12.3"
199.204.45.155 - - [02/Apr/2026:06:09:38 +0000] "POST /identity/v3/auth/tokens HTTP/1.1" 201 8105 "-" "nova/33.1.0.dev30 keystonemiddleware.auth_token/12.0.0 keystoneauth1/5.13.1 python-requests/2.32.5 CPython/3.12.3"
199.204.45.155 - - [02/Apr/2026:06:09:38 +0000] "GET /identity HTTP/1.1" 300 3232 "-" "uwsgi keystoneauth1/5.13.1 python-requests/2.32.5 CPython/3.12.3"
199.204.45.155 - - [02/Apr/2026:06:09:38 +0000] "POST /identity/v3/auth/tokens HTTP/1.1" 201 8105 "-" "uwsgi keystoneauth1/5.13.1 python-requests/2.32.5 CPython/3.12.3"
199.204.45.155 - - [02/Apr/2026:06:09:38 +0000] "GET /identity/v3/auth/tokens HTTP/1.1" 200 8100 "-" "python-keystoneclient"
199.204.45.155 - - [02/Apr/2026:06:09:39 +0000] "GET /identity HTTP/1.1" 300 3232 "-" "openstacksdk/4.10.0 keystoneauth1/5.13.1 python-requests/2.32.5 CPython/3.12.3"
199.204.45.155 - - [02/Apr/2026:06:09:39 +0000] "POST /identity/v3/auth/tokens HTTP/1.1" 201 8058 "-" "openstacksdk/4.10.0 keystoneauth1/5.13.1 python-requests/2.32.5 CPython/3.12.3"
199.204.45.155 - - [02/Apr/2026:06:09:38 +0000] "GET /networking/v2.0/ports?device_id=64b475dc-66d4-4333-86f7-115552862350 HTTP/1.1" 200 3709 "-" "python-neutronclient"
199.204.45.155 - - [02/Apr/2026:06:09:39 +0000] "GET /networking/v2.0/security-groups?id=0d261b3c-b1b2-4101-9020-fcacae152a2f&fields=id&fields=name HTTP/1.1" 200 3016 "-" "python-neutronclient"
172.18.0.2 - - [02/Apr/2026:06:09:38 +0000] "GET /compute/v2.1/servers/64b475dc-66d4-4333-86f7-115552862350 HTTP/1.1" 200 4445 "-" "cluster-api-provider-openstack/v0.12.4 gophercloud/v2.7.0"
199.204.45.155 - - [02/Apr/2026:06:09:39 +0000] "GET /identity/v3/auth/tokens HTTP/1.1" 200 8053 "-" "python-keystoneclient"
199.204.45.155 - - [02/Apr/2026:06:09:39 +0000] "POST /identity/v3/auth/tokens HTTP/1.1" 201 7632 "-" "uwsgi keystoneauth1/5.13.1 python-requests/2.32.5 CPython/3.12.3"
199.204.45.155 - - [02/Apr/2026:06:09:39 +0000] "POST /identity/v3/auth/tokens HTTP/1.1" 201 7632 "-" "uwsgi keystoneauth1/5.13.1 python-requests/2.32.5 CPython/3.12.3"
199.204.45.155 - - [02/Apr/2026:06:09:39 +0000] "POST /identity/v3/auth/tokens HTTP/1.1" 201 7632 "-" "uwsgi keystoneauth1/5.13.1 python-requests/2.32.5 CPython/3.12.3"
199.204.45.155 - - [02/Apr/2026:06:09:39 +0000] "GET /container-infra/v1/clusters/k8s-cluster HTTP/1.1" 200 4892 "-" "python-urllib3/2.6.3"
199.204.45.155 - - [02/Apr/2026:06:09:40 +0000] "GET /placement/resource_providers/2bee1e30-4de2-4f46-a431-23fe77a05c98/allocations HTTP/1.1" 200 3098 "-" "nova-compute keystoneauth1/5.13.1 python-requests/2.32.5 CPython/3.12.3"
199.204.45.155 - - [02/Apr/2026:06:09:40 +0000] "GET /placement/resource_providers/2bee1e30-4de2-4f46-a431-23fe77a05c98/allocations HTTP/1.1" 200 3098 "-" "nova-compute keystoneauth1/5.13.1 python-requests/2.32.5 CPython/3.12.3"
199.204.45.155 - - [02/Apr/2026:06:09:40 +0000] "GET /placement/allocations/64b475dc-66d4-4333-86f7-115552862350 HTTP/1.1" 200 3275 "-" "nova-compute keystoneauth1/5.13.1 python-requests/2.32.5 CPython/3.12.3"
199.204.45.155 - - [02/Apr/2026:06:09:45 +0000] "GET /identity HTTP/1.1" 300 3232 "-" "openstacksdk/4.10.0 keystoneauth1/5.13.1 python-requests/2.32.5 CPython/3.12.3"
199.204.45.155 - - [02/Apr/2026:06:09:45 +0000] "POST /identity/v3/auth/tokens HTTP/1.1" 201 8058 "-" "openstacksdk/4.10.0 keystoneauth1/5.13.1 python-requests/2.32.5 CPython/3.12.3"
199.204.45.155 - - [02/Apr/2026:06:09:46 +0000] "GET /identity/v3/auth/tokens HTTP/1.1" 200 8053 "-" "python-keystoneclient"
199.204.45.155 - - [02/Apr/2026:06:09:46 +0000] "POST /identity/v3/auth/tokens HTTP/1.1" 201 7632 "-" "uwsgi keystoneauth1/5.13.1 python-requests/2.32.5 CPython/3.12.3"
199.204.45.155 - - [02/Apr/2026:06:09:46 +0000] "POST /identity/v3/auth/tokens HTTP/1.1" 201 7632 "-" "uwsgi keystoneauth1/5.13.1 python-requests/2.32.5 CPython/3.12.3"
199.204.45.155 - - [02/Apr/2026:06:09:46 +0000] "POST /identity/v3/auth/tokens HTTP/1.1" 201 7632 "-" "uwsgi keystoneauth1/5.13.1 python-requests/2.32.5 CPython/3.12.3"
199.204.45.155 - - [02/Apr/2026:06:09:46 +0000] "GET /container-infra/v1/clusters/k8s-cluster HTTP/1.1" 200 4892 "-" "python-urllib3/2.6.3"
199.204.45.155 - - [02/Apr/2026:06:09:53 +0000] "GET /identity HTTP/1.1" 300 3232 "-" "openstacksdk/4.10.0 keystoneauth1/5.13.1 python-requests/2.32.5 CPython/3.12.3"
199.204.45.155 - - [02/Apr/2026:06:09:53 +0000] "POST /identity/v3/auth/tokens HTTP/1.1" 201 8058 "-" "openstacksdk/4.10.0 keystoneauth1/5.13.1 python-requests/2.32.5 CPython/3.12.3"
199.204.45.155 - - [02/Apr/2026:06:09:53 +0000] "GET /identity/v3/auth/tokens HTTP/1.1" 200 8053 "-" "python-keystoneclient"
199.204.45.155 - - [02/Apr/2026:06:09:53 +0000] "POST /identity/v3/auth/tokens HTTP/1.1" 201 7632 "-" "uwsgi keystoneauth1/5.13.1 python-requests/2.32.5 CPython/3.12.3"
199.204.45.155 - - [02/Apr/2026:06:09:53 +0000] "POST /identity/v3/auth/tokens HTTP/1.1" 201 7632 "-" "uwsgi keystoneauth1/5.13.1 python-requests/2.32.5 CPython/3.12.3"
199.204.45.155 - - [02/Apr/2026:06:09:53 +0000] "POST /identity/v3/auth/tokens HTTP/1.1" 201 7632 "-" "uwsgi keystoneauth1/5.13.1 python-requests/2.32.5 CPython/3.12.3"
199.204.45.155 - - [02/Apr/2026:06:09:53 +0000] "GET /container-infra/v1/clusters/k8s-cluster HTTP/1.1" 200 4892 "-" "python-urllib3/2.6.3"
199.204.45.155 - - [02/Apr/2026:06:09:59 +0000] "GET /identity HTTP/1.1" 300 3232 "-" "openstacksdk/4.10.0 keystoneauth1/5.13.1 python-requests/2.32.5 CPython/3.12.3"
199.204.45.155 - - [02/Apr/2026:06:09:59 +0000] "POST /identity/v3/auth/tokens HTTP/1.1" 201 8058 "-" "openstacksdk/4.10.0 keystoneauth1/5.13.1 python-requests/2.32.5 CPython/3.12.3"
199.204.45.155 - - [02/Apr/2026:06:10:00 +0000] "GET /identity/v3/auth/tokens HTTP/1.1" 200 8053 "-" "python-keystoneclient"
199.204.45.155 - - [02/Apr/2026:06:10:00 +0000] "POST /identity/v3/auth/tokens HTTP/1.1" 201 7632 "-" "uwsgi keystoneauth1/5.13.1 python-requests/2.32.5 CPython/3.12.3"
199.204.45.155 - - [02/Apr/2026:06:10:00 +0000] "POST /identity/v3/auth/tokens HTTP/1.1" 201 7632 "-" "uwsgi keystoneauth1/5.13.1 python-requests/2.32.5 CPython/3.12.3"
199.204.45.155 - - [02/Apr/2026:06:10:00 +0000] "POST /identity/v3/auth/tokens HTTP/1.1" 201 7632 "-" "uwsgi keystoneauth1/5.13.1 python-requests/2.32.5 CPython/3.12.3"
199.204.45.155 - - [02/Apr/2026:06:10:00 +0000] "GET /container-infra/v1/clusters/k8s-cluster HTTP/1.1" 200 4892 "-" "python-urllib3/2.6.3"
199.204.45.155 - - [02/Apr/2026:06:10:02 +0000] "GET /image/v2/images/627c5919-939d-467b-b683-28fac7a2989e HTTP/1.1" 200 3872 "-" "python-glanceclient"
199.204.45.155 - - [02/Apr/2026:06:10:02 +0000] "GET /image/v2/schemas/image HTTP/1.1" 200 8961 "-" "python-glanceclient"
199.204.45.155 - - [02/Apr/2026:06:10:06 +0000] "GET /identity HTTP/1.1" 300 3232 "-" "openstacksdk/4.10.0 keystoneauth1/5.13.1 python-requests/2.32.5 CPython/3.12.3"
199.204.45.155 - - [02/Apr/2026:06:10:06 +0000] "POST /identity/v3/auth/tokens HTTP/1.1" 201 8058 "-" "openstacksdk/4.10.0 keystoneauth1/5.13.1 python-requests/2.32.5 CPython/3.12.3"
199.204.45.155 - - [02/Apr/2026:06:10:06 +0000] "GET /identity/v3/auth/tokens HTTP/1.1" 200 8053 "-" "python-keystoneclient"
199.204.45.155 - - [02/Apr/2026:06:10:06 +0000] "POST /identity/v3/auth/tokens HTTP/1.1" 201 7632 "-" "uwsgi keystoneauth1/5.13.1 python-requests/2.32.5 CPython/3.12.3"
199.204.45.155 - - [02/Apr/2026:06:10:06 +0000] "POST /identity/v3/auth/tokens HTTP/1.1" 201 7632 "-" "uwsgi keystoneauth1/5.13.1 python-requests/2.32.5 CPython/3.12.3"
199.204.45.155 - - [02/Apr/2026:06:10:07 +0000] "POST /identity/v3/auth/tokens HTTP/1.1" 201 7632 "-" "uwsgi keystoneauth1/5.13.1 python-requests/2.32.5 CPython/3.12.3"
199.204.45.155 - - [02/Apr/2026:06:10:06 +0000] "GET /container-infra/v1/clusters/k8s-cluster HTTP/1.1" 200 4892 "-" "python-urllib3/2.6.3"
199.204.45.155 - - [02/Apr/2026:06:10:13 +0000] "GET /identity HTTP/1.1" 300 3232 "-" "openstacksdk/4.10.0 keystoneauth1/5.13.1 python-requests/2.32.5 CPython/3.12.3"
199.204.45.155 - - [02/Apr/2026:06:10:13 +0000] "POST /identity/v3/auth/tokens HTTP/1.1" 201 8058 "-" "openstacksdk/4.10.0 keystoneauth1/5.13.1 python-requests/2.32.5 CPython/3.12.3"
199.204.45.155 - - [02/Apr/2026:06:10:13 +0000] "GET /identity/v3/auth/tokens HTTP/1.1" 200 8053 "-" "python-keystoneclient"
199.204.45.155 - - [02/Apr/2026:06:10:13 +0000] "POST /identity/v3/auth/tokens HTTP/1.1" 201 7632 "-" "uwsgi keystoneauth1/5.13.1 python-requests/2.32.5 CPython/3.12.3"
199.204.45.155 - - [02/Apr/2026:06:10:13 +0000] "POST /identity/v3/auth/tokens HTTP/1.1" 201 7632 "-" "uwsgi keystoneauth1/5.13.1 python-requests/2.32.5 CPython/3.12.3"
199.204.45.155 - - [02/Apr/2026:06:10:13 +0000] "POST /identity/v3/auth/tokens HTTP/1.1" 201 7632 "-" "uwsgi keystoneauth1/5.13.1 python-requests/2.32.5 CPython/3.12.3"
199.204.45.155 - - [02/Apr/2026:06:10:13 +0000] "GET /container-infra/v1/clusters/k8s-cluster HTTP/1.1" 200 4892 "-" "python-urllib3/2.6.3"
199.204.45.155 - - [02/Apr/2026:06:10:20 +0000] "GET /identity HTTP/1.1" 300 3232 "-" "openstacksdk/4.10.0 keystoneauth1/5.13.1 python-requests/2.32.5 CPython/3.12.3"
199.204.45.155 - - [02/Apr/2026:06:10:20 +0000] "POST /identity/v3/auth/tokens HTTP/1.1" 201 8058 "-" "openstacksdk/4.10.0 keystoneauth1/5.13.1 python-requests/2.32.5 CPython/3.12.3"
199.204.45.155 - - [02/Apr/2026:06:10:20 +0000] "GET /identity/v3/auth/tokens HTTP/1.1" 200 8053 "-" "python-keystoneclient"
199.204.45.155 - - [02/Apr/2026:06:10:20 +0000] "POST /identity/v3/auth/tokens HTTP/1.1" 201 7632 "-" "uwsgi keystoneauth1/5.13.1 python-requests/2.32.5 CPython/3.12.3"
199.204.45.155 - - [02/Apr/2026:06:10:20 +0000] "POST /identity/v3/auth/tokens HTTP/1.1" 201 7632 "-" "uwsgi keystoneauth1/5.13.1 python-requests/2.32.5 CPython/3.12.3"
199.204.45.155 - - [02/Apr/2026:06:10:20 +0000] "POST /identity/v3/auth/tokens HTTP/1.1" 201 7632 "-" "uwsgi keystoneauth1/5.13.1 python-requests/2.32.5 CPython/3.12.3"
199.204.45.155 - - [02/Apr/2026:06:10:20 +0000] "GET /container-infra/v1/clusters/k8s-cluster HTTP/1.1" 200 4892 "-" "python-urllib3/2.6.3"
199.204.45.155 - - [02/Apr/2026:06:10:26 +0000] "GET /identity HTTP/1.1" 300 3232 "-" "openstacksdk/4.10.0 keystoneauth1/5.13.1 python-requests/2.32.5 CPython/3.12.3"
199.204.45.155 - - [02/Apr/2026:06:10:26 +0000] "POST /identity/v3/auth/tokens HTTP/1.1" 201 8058 "-" "openstacksdk/4.10.0 keystoneauth1/5.13.1 python-requests/2.32.5 CPython/3.12.3"
199.204.45.155 - - [02/Apr/2026:06:10:27 +0000] "GET /identity/v3/auth/tokens HTTP/1.1" 200 8053 "-" "python-keystoneclient"
199.204.45.155 - - [02/Apr/2026:06:10:27 +0000] "POST /identity/v3/auth/tokens HTTP/1.1" 201 7632 "-" "uwsgi keystoneauth1/5.13.1 python-requests/2.32.5 CPython/3.12.3"
199.204.45.155 - - [02/Apr/2026:06:10:27 +0000] "POST /identity/v3/auth/tokens HTTP/1.1" 201 7632 "-" "uwsgi keystoneauth1/5.13.1 python-requests/2.32.5 CPython/3.12.3"
199.204.45.155 - - [02/Apr/2026:06:10:27 +0000] "POST /identity/v3/auth/tokens HTTP/1.1" 201 7632 "-" "uwsgi keystoneauth1/5.13.1 python-requests/2.32.5 CPython/3.12.3"
199.204.45.155 - - [02/Apr/2026:06:10:27 +0000] "GET /container-infra/v1/clusters/k8s-cluster HTTP/1.1" 200 4892 "-" "python-urllib3/2.6.3"
172.18.0.2 - - [02/Apr/2026:06:10:28 +0000] "GET /identity/ HTTP/1.1" 300 3201 "-" "cluster-api-provider-openstack/v0.12.4 gophercloud/v2.7.0"
172.18.0.2 - - [02/Apr/2026:06:10:28 +0000] "GET /identity/ HTTP/1.1" 300 3201 "-" "cluster-api-provider-openstack/v0.12.4 gophercloud/v2.7.0"
172.18.0.2 - - [02/Apr/2026:06:10:28 +0000] "GET /identity/ HTTP/1.1" 300 3201 "-" "cluster-api-provider-openstack/v0.12.4 gophercloud/v2.7.0"
172.18.0.2 - - [02/Apr/2026:06:10:28 +0000] "GET /identity/ HTTP/1.1" 300 3201 "-" "cluster-api-provider-openstack/v0.12.4 gophercloud/v2.7.0"
172.18.0.2 - - [02/Apr/2026:06:10:28 +0000] "GET /identity/ HTTP/1.1" 300 3201 "-" "cluster-api-provider-openstack/v0.12.4 gophercloud/v2.7.0"
172.18.0.2 - - [02/Apr/2026:06:10:28 +0000] "POST /identity/v3/auth/tokens HTTP/1.1" 201 8200 "-" "cluster-api-provider-openstack/v0.12.4 gophercloud/v2.7.0"
172.18.0.2 - - [02/Apr/2026:06:10:28 +0000] "POST /identity/v3/auth/tokens HTTP/1.1" 201 8200 "-" "cluster-api-provider-openstack/v0.12.4 gophercloud/v2.7.0"
172.18.0.2 - - [02/Apr/2026:06:10:28 +0000] "POST /identity/v3/auth/tokens HTTP/1.1" 201 8200 "-" "cluster-api-provider-openstack/v0.12.4 gophercloud/v2.7.0"
172.18.0.2 - - [02/Apr/2026:06:10:28 +0000] "POST /identity/v3/auth/tokens HTTP/1.1" 201 8200 "-" "cluster-api-provider-openstack/v0.12.4 gophercloud/v2.7.0"
172.18.0.2 - - [02/Apr/2026:06:10:28 +0000] "POST /identity/v3/auth/tokens HTTP/1.1" 201 8200 "-" "cluster-api-provider-openstack/v0.12.4 gophercloud/v2.7.0"
172.18.0.2 - - [02/Apr/2026:06:10:28 +0000] "GET /identity/v3/auth/tokens HTTP/1.1" 200 8195 "-" "cluster-api-provider-openstack/v0.12.4 gophercloud/v2.7.0"
172.18.0.2 - - [02/Apr/2026:06:10:28 +0000] "GET /identity/v3/auth/tokens HTTP/1.1" 200 8195 "-" "cluster-api-provider-openstack/v0.12.4 gophercloud/v2.7.0"
172.18.0.2 - - [02/Apr/2026:06:10:28 +0000] "GET /identity/v3/auth/tokens HTTP/1.1" 200 8195 "-" "cluster-api-provider-openstack/v0.12.4 gophercloud/v2.7.0"
172.18.0.2 - - [02/Apr/2026:06:10:28 +0000] "GET /identity/v3/auth/tokens HTTP/1.1" 200 8195 "-" "cluster-api-provider-openstack/v0.12.4 gophercloud/v2.7.0"
172.18.0.2 - - [02/Apr/2026:06:10:28 +0000] "GET /identity/v3/auth/tokens HTTP/1.1" 200 8195 "-" "cluster-api-provider-openstack/v0.12.4 gophercloud/v2.7.0"
199.204.45.155 - - [02/Apr/2026:06:10:28 +0000] "GET /identity/v3/auth/tokens HTTP/1.1" 200 8226 "-" "python-keystoneclient"
199.204.45.155 - - [02/Apr/2026:06:10:28 +0000] "GET /identity/v3/auth/tokens HTTP/1.1" 200 8226 "-" "python-keystoneclient"
172.18.0.2 - - [02/Apr/2026:06:10:28 +0000] "GET /networking/v2.0/networks/df09d0db-5ead-46b1-b903-842618c04836 HTTP/1.1" 200 3502 "-" "cluster-api-provider-openstack/v0.12.4 gophercloud/v2.7.0"
172.18.0.2 - - [02/Apr/2026:06:10:28 +0000] "GET /networking/v2.0/ports?id=763376bf-d625-4680-aa75-55bec9b07b9d&name=kube-29seh-kzfgx-8zhlx-0&network_id=0f646bbb-d1fa-4455-ae91-692bdf2402ba HTTP/1.1" 200 3678 "-" "cluster-api-provider-openstack/v0.12.4 gophercloud/v2.7.0"
172.18.0.2 - - [02/Apr/2026:06:10:28 +0000] "GET /networking/v2.0/networks?name=k8s-clusterapi-cluster-magnum-system-kube-29seh HTTP/1.1" 200 3490 "-" "cluster-api-provider-openstack/v0.12.4 gophercloud/v2.7.0"
172.18.0.2 - - [02/Apr/2026:06:10:28 +0000] "GET /compute/v2.1/ HTTP/1.1" 200 3432 "-" "cluster-api-provider-openstack/v0.12.4 gophercloud/v2.7.0"
172.18.0.2 - - [02/Apr/2026:06:10:28 +0000] "GET /networking/v2.0/subnets?cidr=192.168.24.0%2F24&network_id=0f646bbb-d1fa-4455-ae91-692bdf2402ba HTTP/1.1" 200 3614 "-" "cluster-api-provider-openstack/v0.12.4 gophercloud/v2.7.0"
172.18.0.2 - - [02/Apr/2026:06:10:28 +0000] "GET /networking/v2.0/routers/a1c54656-e5e1-4455-a4b2-3f85d07c134c HTTP/1.1" 200 4063 "-" "cluster-api-provider-openstack/v0.12.4 gophercloud/v2.7.0"
199.204.45.155 - - [02/Apr/2026:06:10:29 +0000] "GET /identity HTTP/1.1" 300 3232 "-" "uwsgi keystoneauth1/5.13.1 python-requests/2.32.5 CPython/3.12.3"
172.18.0.2 - - [02/Apr/2026:06:10:29 +0000] "GET /networking/v2.0/ports?device_id=a1c54656-e5e1-4455-a4b2-3f85d07c134c HTTP/1.1" 200 3569 "-" "cluster-api-provider-openstack/v0.12.4 gophercloud/v2.7.0"
172.18.0.2 - - [02/Apr/2026:06:10:29 +0000] "GET /networking/v2.0/security-groups?name=k8s-cluster-magnum-system-kube-29seh-secgroup-bastion HTTP/1.1" 200 2868 "-" "cluster-api-provider-openstack/v0.12.4 gophercloud/v2.7.0"
199.204.45.155 - - [02/Apr/2026:06:10:29 +0000] "POST /identity/v3/auth/tokens HTTP/1.1" 201 8105 "-" "uwsgi keystoneauth1/5.13.1 python-requests/2.32.5 CPython/3.12.3"
172.18.0.2 - - [02/Apr/2026:06:10:29 +0000] "GET /networking/v2.0/security-groups?name=k8s-cluster-magnum-system-kube-29seh-secgroup-controlplane HTTP/1.1" 200 7754 "-" "cluster-api-provider-openstack/v0.12.4 gophercloud/v2.7.0"
172.18.0.2 - - [02/Apr/2026:06:10:29 +0000] "GET /networking/v2.0/security-groups?name=k8s-cluster-magnum-system-kube-29seh-secgroup-worker HTTP/1.1" 200 11151 "-" "cluster-api-provider-openstack/v0.12.4 gophercloud/v2.7.0"
199.204.45.155 - - [02/Apr/2026:06:10:29 +0000] "GET /identity/v3/auth/tokens HTTP/1.1" 200 8100 "-" "python-keystoneclient"
199.204.45.155 - - [02/Apr/2026:06:10:29 +0000] "GET /networking/v2.0/ports?device_id=64b475dc-66d4-4333-86f7-115552862350 HTTP/1.1" 200 3709 "-" "python-neutronclient"
172.18.0.2 - - [02/Apr/2026:06:10:29 +0000] "GET /networking/v2.0/floatingips?floating_ip_address=172.24.5.190 HTTP/1.1" 200 3757 "-" "cluster-api-provider-openstack/v0.12.4 gophercloud/v2.7.0"
199.204.45.155 - - [02/Apr/2026:06:10:29 +0000] "GET /networking/v2.0/security-groups?id=0d261b3c-b1b2-4101-9020-fcacae152a2f&fields=id&fields=name HTTP/1.1" 200 3016 "-" "python-neutronclient"
172.18.0.2 - - [02/Apr/2026:06:10:28 +0000] "GET /compute/v2.1/servers/64b475dc-66d4-4333-86f7-115552862350 HTTP/1.1" 200 4445 "-" "cluster-api-provider-openstack/v0.12.4 gophercloud/v2.7.0"
172.18.0.2 - - [02/Apr/2026:06:10:29 +0000] "GET /compute/v2.1/ HTTP/1.1" 200 3432 "-" "cluster-api-provider-openstack/v0.12.4 gophercloud/v2.7.0"
172.18.0.2 - - [02/Apr/2026:06:10:29 +0000] "GET /compute/v2.1/os-availability-zone HTTP/1.1" 200 3137 "-" "cluster-api-provider-openstack/v0.12.4 gophercloud/v2.7.0"
172.18.0.2 - - [02/Apr/2026:06:10:29 +0000] "GET /networking/v2.0/networks/df09d0db-5ead-46b1-b903-842618c04836 HTTP/1.1" 200 3502 "-" "cluster-api-provider-openstack/v0.12.4 gophercloud/v2.7.0"
172.18.0.2 - - [02/Apr/2026:06:10:29 +0000] "GET /networking/v2.0/networks?name=k8s-clusterapi-cluster-magnum-system-kube-29seh HTTP/1.1" 200 3490 "-" "cluster-api-provider-openstack/v0.12.4 gophercloud/v2.7.0"
172.18.0.2 - - [02/Apr/2026:06:10:29 +0000] "GET /networking/v2.0/subnets?cidr=192.168.24.0%2F24&network_id=0f646bbb-d1fa-4455-ae91-692bdf2402ba HTTP/1.1" 200 3614 "-" "cluster-api-provider-openstack/v0.12.4 gophercloud/v2.7.0"
172.18.0.2 - - [02/Apr/2026:06:10:29 +0000] "GET /networking/v2.0/routers/a1c54656-e5e1-4455-a4b2-3f85d07c134c HTTP/1.1" 200 4063 "-" "cluster-api-provider-openstack/v0.12.4 gophercloud/v2.7.0"
172.18.0.2 - - [02/Apr/2026:06:10:29 +0000] "GET /networking/v2.0/ports?device_id=a1c54656-e5e1-4455-a4b2-3f85d07c134c HTTP/1.1" 200 3569 "-" "cluster-api-provider-openstack/v0.12.4 gophercloud/v2.7.0"
172.18.0.2 - - [02/Apr/2026:06:10:29 +0000] "GET /networking/v2.0/security-groups?name=k8s-cluster-magnum-system-kube-29seh-secgroup-bastion HTTP/1.1" 200 2868 "-" "cluster-api-provider-openstack/v0.12.4 gophercloud/v2.7.0"
172.18.0.2 - - [02/Apr/2026:06:10:29 +0000] "GET /networking/v2.0/security-groups?name=k8s-cluster-magnum-system-kube-29seh-secgroup-controlplane HTTP/1.1" 200 7754 "-" "cluster-api-provider-openstack/v0.12.4 gophercloud/v2.7.0"
172.18.0.2 - - [02/Apr/2026:06:10:29 +0000] "GET /networking/v2.0/security-groups?name=k8s-cluster-magnum-system-kube-29seh-secgroup-worker HTTP/1.1" 200 11151 "-" "cluster-api-provider-openstack/v0.12.4 gophercloud/v2.7.0"
172.18.0.2 - - [02/Apr/2026:06:10:29 +0000] "GET /networking/v2.0/floatingips?floating_ip_address=172.24.5.190 HTTP/1.1" 200 3757 "-" "cluster-api-provider-openstack/v0.12.4 gophercloud/v2.7.0"
172.18.0.2 - - [02/Apr/2026:06:10:30 +0000] "GET /compute/v2.1/ HTTP/1.1" 200 3432 "-" "cluster-api-provider-openstack/v0.12.4 gophercloud/v2.7.0"
172.18.0.2 - - [02/Apr/2026:06:10:30 +0000] "GET /compute/v2.1/os-availability-zone HTTP/1.1" 200 3137 "-" "cluster-api-provider-openstack/v0.12.4 gophercloud/v2.7.0"
199.204.45.155 - - [02/Apr/2026:06:10:33 +0000] "GET /identity HTTP/1.1" 300 3232 "-" "openstacksdk/4.10.0 keystoneauth1/5.13.1 python-requests/2.32.5 CPython/3.12.3"
199.204.45.155 - - [02/Apr/2026:06:10:33 +0000] "POST /identity/v3/auth/tokens HTTP/1.1" 201 8058 "-" "openstacksdk/4.10.0 keystoneauth1/5.13.1 python-requests/2.32.5 CPython/3.12.3"
199.204.45.155 - - [02/Apr/2026:06:10:33 +0000] "GET /identity/v3/auth/tokens HTTP/1.1" 200 8053 "-" "python-keystoneclient"
199.204.45.155 - - [02/Apr/2026:06:10:33 +0000] "POST /identity/v3/auth/tokens HTTP/1.1" 201 7632 "-" "uwsgi keystoneauth1/5.13.1 python-requests/2.32.5 CPython/3.12.3"
199.204.45.155 - - [02/Apr/2026:06:10:33 +0000] "POST /identity/v3/auth/tokens HTTP/1.1" 201 7632 "-" "uwsgi keystoneauth1/5.13.1 python-requests/2.32.5 CPython/3.12.3"
199.204.45.155 - - [02/Apr/2026:06:10:33 +0000] "POST /identity/v3/auth/tokens HTTP/1.1" 201 7632 "-" "uwsgi keystoneauth1/5.13.1 python-requests/2.32.5 CPython/3.12.3"
199.204.45.155 - - [02/Apr/2026:06:10:33 +0000] "GET /container-infra/v1/clusters/k8s-cluster HTTP/1.1" 200 4892 "-" "python-urllib3/2.6.3"
172.18.0.2 - - [02/Apr/2026:06:10:39 +0000] "GET /networking/v2.0/ports?id=763376bf-d625-4680-aa75-55bec9b07b9d&name=kube-29seh-kzfgx-8zhlx-0&network_id=0f646bbb-d1fa-4455-ae91-692bdf2402ba HTTP/1.1" 200 3678 "-" "cluster-api-provider-openstack/v0.12.4 gophercloud/v2.7.0"
172.18.0.2 - - [02/Apr/2026:06:10:39 +0000] "GET /compute/v2.1/ HTTP/1.1" 200 3432 "-" "cluster-api-provider-openstack/v0.12.4 gophercloud/v2.7.0"
199.204.45.155 - - [02/Apr/2026:06:10:39 +0000] "GET /networking/v2.0/ports?device_id=64b475dc-66d4-4333-86f7-115552862350 HTTP/1.1" 200 3709 "-" "python-neutronclient"
199.204.45.155 - - [02/Apr/2026:06:10:39 +0000] "GET /networking/v2.0/security-groups?id=0d261b3c-b1b2-4101-9020-fcacae152a2f&fields=id&fields=name HTTP/1.1" 200 3016 "-" "python-neutronclient"
172.18.0.2 - - [02/Apr/2026:06:10:39 +0000] "GET /compute/v2.1/servers/64b475dc-66d4-4333-86f7-115552862350 HTTP/1.1" 200 4445 "-" "cluster-api-provider-openstack/v0.12.4 gophercloud/v2.7.0"
199.204.45.155 - - [02/Apr/2026:06:10:40 +0000] "GET /identity HTTP/1.1" 300 3232 "-" "openstacksdk/4.10.0 keystoneauth1/5.13.1 python-requests/2.32.5 CPython/3.12.3"
199.204.45.155 - - [02/Apr/2026:06:10:40 +0000] "POST /identity/v3/auth/tokens HTTP/1.1" 201 8058 "-" "openstacksdk/4.10.0 keystoneauth1/5.13.1 python-requests/2.32.5 CPython/3.12.3"
199.204.45.155 - - [02/Apr/2026:06:10:40 +0000] "GET /identity/v3/auth/tokens HTTP/1.1" 200 8053 "-" "python-keystoneclient"
199.204.45.155 - - [02/Apr/2026:06:10:40 +0000] "GET /placement/resource_providers/2bee1e30-4de2-4f46-a431-23fe77a05c98/allocations HTTP/1.1" 200 3098 "-" "nova-compute keystoneauth1/5.13.1 python-requests/2.32.5 CPython/3.12.3"
199.204.45.155 - - [02/Apr/2026:06:10:40 +0000] "POST /identity/v3/auth/tokens HTTP/1.1" 201 7632 "-" "uwsgi keystoneauth1/5.13.1 python-requests/2.32.5 CPython/3.12.3"
199.204.45.155 - - [02/Apr/2026:06:10:40 +0000] "GET /placement/resource_providers/2bee1e30-4de2-4f46-a431-23fe77a05c98/allocations HTTP/1.1" 200 3098 "-" "nova-compute keystoneauth1/5.13.1 python-requests/2.32.5 CPython/3.12.3"
199.204.45.155 - - [02/Apr/2026:06:10:40 +0000] "POST /identity/v3/auth/tokens HTTP/1.1" 201 7632 "-" "uwsgi keystoneauth1/5.13.1 python-requests/2.32.5 CPython/3.12.3"
199.204.45.155 - - [02/Apr/2026:06:10:40 +0000] "GET /placement/allocations/64b475dc-66d4-4333-86f7-115552862350 HTTP/1.1" 200 3275 "-" "nova-compute keystoneauth1/5.13.1 python-requests/2.32.5 CPython/3.12.3"
199.204.45.155 - - [02/Apr/2026:06:10:40 +0000] "POST /identity/v3/auth/tokens HTTP/1.1" 201 7632 "-" "uwsgi keystoneauth1/5.13.1 python-requests/2.32.5 CPython/3.12.3"
199.204.45.155 - - [02/Apr/2026:06:10:40 +0000] "GET /container-infra/v1/clusters/k8s-cluster HTTP/1.1" 200 4892 "-" "python-urllib3/2.6.3"
199.204.45.155 - - [02/Apr/2026:06:10:47 +0000] "GET /identity HTTP/1.1" 300 3232 "-" "openstacksdk/4.10.0 keystoneauth1/5.13.1 python-requests/2.32.5 CPython/3.12.3"
199.204.45.155 - - [02/Apr/2026:06:10:47 +0000] "POST /identity/v3/auth/tokens HTTP/1.1" 201 8058 "-" "openstacksdk/4.10.0 keystoneauth1/5.13.1 python-requests/2.32.5 CPython/3.12.3"
199.204.45.155 - - [02/Apr/2026:06:10:47 +0000] "GET /identity/v3/auth/tokens HTTP/1.1" 200 8053 "-" "python-keystoneclient"
199.204.45.155 - - [02/Apr/2026:06:10:47 +0000] "POST /identity/v3/auth/tokens HTTP/1.1" 201 7632 "-" "uwsgi keystoneauth1/5.13.1 python-requests/2.32.5 CPython/3.12.3"
199.204.45.155 - - [02/Apr/2026:06:10:47 +0000] "POST /identity/v3/auth/tokens HTTP/1.1" 201 7632 "-" "uwsgi keystoneauth1/5.13.1 python-requests/2.32.5 CPython/3.12.3"
199.204.45.155 - - [02/Apr/2026:06:10:47 +0000] "POST /identity/v3/auth/tokens HTTP/1.1" 201 7632 "-" "uwsgi keystoneauth1/5.13.1 python-requests/2.32.5 CPython/3.12.3"
199.204.45.155 - - [02/Apr/2026:06:10:47 +0000] "GET /container-infra/v1/clusters/k8s-cluster HTTP/1.1" 200 4892 "-" "python-urllib3/2.6.3"
172.18.0.2 - - [02/Apr/2026:06:10:49 +0000] "GET /networking/v2.0/ports?id=763376bf-d625-4680-aa75-55bec9b07b9d&name=kube-29seh-kzfgx-8zhlx-0&network_id=0f646bbb-d1fa-4455-ae91-692bdf2402ba HTTP/1.1" 200 3678 "-" "cluster-api-provider-openstack/v0.12.4 gophercloud/v2.7.0"
172.18.0.2 - - [02/Apr/2026:06:10:49 +0000] "GET /compute/v2.1/ HTTP/1.1" 200 3432 "-" "cluster-api-provider-openstack/v0.12.4 gophercloud/v2.7.0"
199.204.45.155 - - [02/Apr/2026:06:10:49 +0000] "GET /networking/v2.0/ports?device_id=64b475dc-66d4-4333-86f7-115552862350 HTTP/1.1" 200 3709 "-" "python-neutronclient"
199.204.45.155 - - [02/Apr/2026:06:10:50 +0000] "GET /networking/v2.0/security-groups?id=0d261b3c-b1b2-4101-9020-fcacae152a2f&fields=id&fields=name HTTP/1.1" 200 3016 "-" "python-neutronclient"
172.18.0.2 - - [02/Apr/2026:06:10:49 +0000] "GET /compute/v2.1/servers/64b475dc-66d4-4333-86f7-115552862350 HTTP/1.1" 200 4445 "-" "cluster-api-provider-openstack/v0.12.4 gophercloud/v2.7.0"
199.204.45.155 - - [02/Apr/2026:06:10:54 +0000] "GET /identity HTTP/1.1" 300 3232 "-" "openstacksdk/4.10.0 keystoneauth1/5.13.1 python-requests/2.32.5 CPython/3.12.3"
199.204.45.155 - - [02/Apr/2026:06:10:54 +0000] "POST /identity/v3/auth/tokens HTTP/1.1" 201 8058 "-" "openstacksdk/4.10.0 keystoneauth1/5.13.1 python-requests/2.32.5 CPython/3.12.3"
199.204.45.155 - - [02/Apr/2026:06:10:54 +0000] "GET /identity/v3/auth/tokens HTTP/1.1" 200 8053 "-" "python-keystoneclient"
199.204.45.155 - - [02/Apr/2026:06:10:54 +0000] "POST /identity/v3/auth/tokens HTTP/1.1" 201 7632 "-" "uwsgi keystoneauth1/5.13.1 python-requests/2.32.5 CPython/3.12.3"
199.204.45.155 - - [02/Apr/2026:06:10:54 +0000] "POST /identity/v3/auth/tokens HTTP/1.1" 201 7632 "-" "uwsgi keystoneauth1/5.13.1 python-requests/2.32.5 CPython/3.12.3"
199.204.45.155 - - [02/Apr/2026:06:10:54 +0000] "POST /identity/v3/auth/tokens HTTP/1.1" 201 7632 "-" "uwsgi keystoneauth1/5.13.1 python-requests/2.32.5 CPython/3.12.3"
199.204.45.155 - - [02/Apr/2026:06:10:54 +0000] "GET /container-infra/v1/clusters/k8s-cluster HTTP/1.1" 200 4892 "-" "python-urllib3/2.6.3"
199.204.45.155 - - [02/Apr/2026:06:10:59 +0000] "POST /compute/v2.1/os-server-external-events HTTP/1.1" 200 3253 "-" "python-novaclient"
172.18.0.2 - - [02/Apr/2026:06:11:00 +0000] "GET /networking/v2.0/ports?id=763376bf-d625-4680-aa75-55bec9b07b9d&name=kube-29seh-kzfgx-8zhlx-0&network_id=0f646bbb-d1fa-4455-ae91-692bdf2402ba HTTP/1.1" 200 3680 "-" "cluster-api-provider-openstack/v0.12.4 gophercloud/v2.7.0"
172.18.0.2 - - [02/Apr/2026:06:11:00 +0000] "GET /compute/v2.1/ HTTP/1.1" 200 3432 "-" "cluster-api-provider-openstack/v0.12.4 gophercloud/v2.7.0"
199.204.45.155 - - [02/Apr/2026:06:11:00 +0000] "GET /networking/v2.0/ports?device_id=64b475dc-66d4-4333-86f7-115552862350 HTTP/1.1" 200 3711 "-" "python-neutronclient"
199.204.45.155 - - [02/Apr/2026:06:11:00 +0000] "GET /networking/v2.0/security-groups?id=0d261b3c-b1b2-4101-9020-fcacae152a2f&fields=id&fields=name HTTP/1.1" 200 3016 "-" "python-neutronclient"
172.18.0.2 - - [02/Apr/2026:06:11:00 +0000] "GET /compute/v2.1/servers/64b475dc-66d4-4333-86f7-115552862350 HTTP/1.1" 200 4445 "-" "cluster-api-provider-openstack/v0.12.4 gophercloud/v2.7.0"
199.204.45.155 - - [02/Apr/2026:06:11:00 +0000] "GET /identity HTTP/1.1" 300 3232 "-" "openstacksdk/4.10.0 keystoneauth1/5.13.1 python-requests/2.32.5 CPython/3.12.3"
199.204.45.155 - - [02/Apr/2026:06:11:00 +0000] "POST /identity/v3/auth/tokens HTTP/1.1" 201 8058 "-" "openstacksdk/4.10.0 keystoneauth1/5.13.1 python-requests/2.32.5 CPython/3.12.3"
199.204.45.155 - - [02/Apr/2026:06:11:01 +0000] "GET /identity/v3/auth/tokens HTTP/1.1" 200 8053 "-" "python-keystoneclient"
199.204.45.155 - - [02/Apr/2026:06:11:01 +0000] "POST /identity/v3/auth/tokens HTTP/1.1" 201 7632 "-" "uwsgi keystoneauth1/5.13.1 python-requests/2.32.5 CPython/3.12.3"
199.204.45.155 - - [02/Apr/2026:06:11:01 +0000] "POST /identity/v3/auth/tokens HTTP/1.1" 201 7632 "-" "uwsgi keystoneauth1/5.13.1 python-requests/2.32.5 CPython/3.12.3"
199.204.45.155 - - [02/Apr/2026:06:11:01 +0000] "POST /identity/v3/auth/tokens HTTP/1.1" 201 7632 "-" "uwsgi keystoneauth1/5.13.1 python-requests/2.32.5 CPython/3.12.3"
199.204.45.155 - - [02/Apr/2026:06:11:01 +0000] "GET /container-infra/v1/clusters/k8s-cluster HTTP/1.1" 200 4892 "-" "python-urllib3/2.6.3"
199.204.45.155 - - [02/Apr/2026:06:11:01 +0000] "POST /compute/v2.1/os-server-external-events HTTP/1.1" 200 3253 "-" "python-novaclient"
199.204.45.155 - - [02/Apr/2026:06:11:07 +0000] "GET /identity HTTP/1.1" 300 3232 "-" "openstacksdk/4.10.0 keystoneauth1/5.13.1 python-requests/2.32.5 CPython/3.12.3"
199.204.45.155 - - [02/Apr/2026:06:11:07 +0000] "POST /identity/v3/auth/tokens HTTP/1.1" 201 8058 "-" "openstacksdk/4.10.0 keystoneauth1/5.13.1 python-requests/2.32.5 CPython/3.12.3"
