May 18 18:32:06.049998 np0000174508 systemd[1]: Starting devstack@n-api.service - Devstack devstack@n-api.service...
May 18 18:32:06.056863 np0000174508 devstack@n-api.service[99756]: [uWSGI] getting INI configuration from /etc/nova/nova-api-uwsgi.ini
May 18 18:32:06.059922 np0000174508 devstack@n-api.service[99756]: *** Starting uWSGI 2.0.24-debian (64bit) on [Mon May 18 18:32:06 2026] ***
May 18 18:32:06.059922 np0000174508 devstack@n-api.service[99756]: compiled with version: 13.2.0 on 17 April 2024 16:23:48
May 18 18:32:06.059922 np0000174508 devstack@n-api.service[99756]: os: Linux-6.8.0-111-generic #111-Ubuntu SMP PREEMPT_DYNAMIC Sat Apr 11 23:16:02 UTC 2026
May 18 18:32:06.059922 np0000174508 devstack@n-api.service[99756]: nodename: np0000174508
May 18 18:32:06.059922 np0000174508 devstack@n-api.service[99756]: machine: x86_64
May 18 18:32:06.059922 np0000174508 devstack@n-api.service[99756]: clock source: unix
May 18 18:32:06.059922 np0000174508 devstack@n-api.service[99756]: pcre jit disabled
May 18 18:32:06.059922 np0000174508 devstack@n-api.service[99756]: detected number of CPU cores: 16
May 18 18:32:06.059922 np0000174508 devstack@n-api.service[99756]: current working directory: /
May 18 18:32:06.059922 np0000174508 devstack@n-api.service[99756]: detected binary path: /usr/bin/uwsgi-core
May 18 18:32:06.059922 np0000174508 devstack@n-api.service[99756]: your processes number limit is 256917
May 18 18:32:06.059922 np0000174508 devstack@n-api.service[99756]: your memory page size is 4096 bytes
May 18 18:32:06.059922 np0000174508 devstack@n-api.service[99756]: detected max file descriptor number: 2048
May 18 18:32:06.059922 np0000174508 devstack@n-api.service[99756]: lock engine: pthread robust mutexes
May 18 18:32:06.060640 np0000174508 devstack@n-api.service[99756]: thunder lock: enabled
May 18 18:32:06.060640 np0000174508 devstack@n-api.service[99756]: uwsgi socket 0 bound to UNIX address /var/run/uwsgi/nova-api.socket fd 4
May 18 18:32:06.060640 np0000174508 devstack@n-api.service[99756]: Python version: 3.12.3 (main, Mar 23 2026, 19:04:32) [GCC 13.3.0]
May 18 18:32:06.060640 np0000174508 devstack@n-api.service[99756]: PEP 405 virtualenv detected: /opt/stack/data/venv
May 18 18:32:06.060640 np0000174508 devstack@n-api.service[99756]: Set PythonHome to /opt/stack/data/venv
May 18 18:32:06.098173 np0000174508 devstack@n-api.service[99756]: Python main interpreter initialized at 0x7978454a3668
May 18 18:32:06.098173 np0000174508 devstack@n-api.service[99756]: python threads support enabled
May 18 18:32:06.098173 np0000174508 devstack@n-api.service[99756]: your server socket listen backlog is limited to 100 connections
May 18 18:32:06.098173 np0000174508 devstack@n-api.service[99756]: your mercy for graceful operations on workers is 80 seconds
May 18 18:32:06.098684 np0000174508 devstack@n-api.service[99756]: mapped 671795 bytes (656 KB) for 4 cores
May 18 18:32:06.098819 np0000174508 devstack@n-api.service[99756]: *** Operational MODE: preforking ***
May 18 18:32:06.098981 np0000174508 devstack@n-api.service[99756]: *** uWSGI is running in multiple interpreter mode ***
May 18 18:32:06.098981 np0000174508 devstack@n-api.service[99756]: spawned uWSGI master process (pid: 99756)
May 18 18:32:06.099176 np0000174508 systemd[1]: Started devstack@n-api.service - Devstack devstack@n-api.service.
May 18 18:32:06.099669 np0000174508 devstack@n-api.service[99756]: spawned uWSGI worker 1 (pid: 99757, cores: 1)
May 18 18:32:06.100126 np0000174508 devstack@n-api.service[99756]: spawned uWSGI worker 2 (pid: 99758, cores: 1)
May 18 18:32:06.100611 np0000174508 devstack@n-api.service[99756]: spawned uWSGI worker 3 (pid: 99759, cores: 1)
May 18 18:32:06.101090 np0000174508 devstack@n-api.service[99756]: spawned uWSGI worker 4 (pid: 99760, cores: 1)
May 18 18:32:06.101144 np0000174508 devstack@n-api.service[99756]: running "unix_signal:15 gracefully_kill_them_all" (master-start)...
May 18 18:32:06.415285 np0000174508 devstack@n-api.service[99760]: /opt/stack/data/venv/lib/python3.12/site-packages/oslo_concurrency/lockutils.py:41: EventletDeprecationWarning:
May 18 18:32:06.415285 np0000174508 devstack@n-api.service[99760]: Eventlet is deprecated. It is currently being maintained in bugfix mode, and
May 18 18:32:06.415285 np0000174508 devstack@n-api.service[99760]: we strongly recommend against using it for new projects.
May 18 18:32:06.415285 np0000174508 devstack@n-api.service[99760]: If you are already using Eventlet, we recommend migrating to a different
May 18 18:32:06.415285 np0000174508 devstack@n-api.service[99760]: framework. For more detail see
May 18 18:32:06.415285 np0000174508 devstack@n-api.service[99760]: https://eventlet.readthedocs.io/en/latest/asyncio/migration.html
May 18 18:32:06.415285 np0000174508 devstack@n-api.service[99760]: import eventlet
May 18 18:32:06.422400 np0000174508 devstack@n-api.service[99759]: /opt/stack/data/venv/lib/python3.12/site-packages/oslo_concurrency/lockutils.py:41: EventletDeprecationWarning:
May 18 18:32:06.422400 np0000174508 devstack@n-api.service[99759]: Eventlet is deprecated. It is currently being maintained in bugfix mode, and
May 18 18:32:06.422400 np0000174508 devstack@n-api.service[99759]: we strongly recommend against using it for new projects.
May 18 18:32:06.422400 np0000174508 devstack@n-api.service[99759]: If you are already using Eventlet, we recommend migrating to a different
May 18 18:32:06.422400 np0000174508 devstack@n-api.service[99759]: framework. For more detail see
May 18 18:32:06.422400 np0000174508 devstack@n-api.service[99759]: https://eventlet.readthedocs.io/en/latest/asyncio/migration.html
May 18 18:32:06.422400 np0000174508 devstack@n-api.service[99759]: import eventlet
May 18 18:32:06.424427 np0000174508 devstack@n-api.service[99758]: /opt/stack/data/venv/lib/python3.12/site-packages/oslo_concurrency/lockutils.py:41: EventletDeprecationWarning:
May 18 18:32:06.424427 np0000174508 devstack@n-api.service[99758]: Eventlet is deprecated. It is currently being maintained in bugfix mode, and
May 18 18:32:06.424427 np0000174508 devstack@n-api.service[99758]: we strongly recommend against using it for new projects.
May 18 18:32:06.424427 np0000174508 devstack@n-api.service[99758]: If you are already using Eventlet, we recommend migrating to a different
May 18 18:32:06.424427 np0000174508 devstack@n-api.service[99758]: framework. For more detail see
May 18 18:32:06.424427 np0000174508 devstack@n-api.service[99758]: https://eventlet.readthedocs.io/en/latest/asyncio/migration.html
May 18 18:32:06.424427 np0000174508 devstack@n-api.service[99758]: import eventlet
May 18 18:32:06.429642 np0000174508 devstack@n-api.service[99757]: /opt/stack/data/venv/lib/python3.12/site-packages/oslo_concurrency/lockutils.py:41: EventletDeprecationWarning:
May 18 18:32:06.429642 np0000174508 devstack@n-api.service[99757]: Eventlet is deprecated. It is currently being maintained in bugfix mode, and
May 18 18:32:06.429642 np0000174508 devstack@n-api.service[99757]: we strongly recommend against using it for new projects.
May 18 18:32:06.429642 np0000174508 devstack@n-api.service[99757]: If you are already using Eventlet, we recommend migrating to a different
May 18 18:32:06.429642 np0000174508 devstack@n-api.service[99757]: framework. For more detail see
May 18 18:32:06.429642 np0000174508 devstack@n-api.service[99757]: https://eventlet.readthedocs.io/en/latest/asyncio/migration.html
May 18 18:32:06.429642 np0000174508 devstack@n-api.service[99757]: import eventlet
May 18 18:32:07.932993 np0000174508 devstack@n-api.service[99758]: INFO dbcounter [None req-b203fd22-b76c-4b6b-8d94-37045a0c4d8d None None] Registered counter for database nova_api
May 18 18:32:07.934038 np0000174508 devstack@n-api.service[99757]: INFO dbcounter [None req-62739475-e4e6-48ec-8eb0-c907d8ba8ac1 None None] Registered counter for database nova_api
May 18 18:32:07.934483 np0000174508 devstack@n-api.service[99759]: INFO dbcounter [None req-bc8d31a5-89ff-4895-81ee-28609e47f1b0 None None] Registered counter for database nova_api
May 18 18:32:07.948566 np0000174508 devstack@n-api.service[99758]: DEBUG oslo_db.sqlalchemy.engines [None req-b203fd22-b76c-4b6b-8d94-37045a0c4d8d None None] MySQL server mode set to STRICT_TRANS_TABLES,STRICT_ALL_TABLES,NO_ZERO_IN_DATE,NO_ZERO_DATE,ERROR_FOR_DIVISION_BY_ZERO,TRADITIONAL,NO_ENGINE_SUBSTITUTION {{(pid=99758) _check_effective_sql_mode /opt/stack/data/venv/lib/python3.12/site-packages/oslo_db/sqlalchemy/engines.py:325}}
May 18 18:32:07.948784 np0000174508 devstack@n-api.service[99760]: INFO dbcounter [None req-6d43ff41-0457-4e21-aa4a-d7e7b326aae1 None None] Registered counter for database nova_api
May 18 18:32:07.952612 np0000174508 devstack@n-api.service[99757]: DEBUG oslo_db.sqlalchemy.engines [None req-62739475-e4e6-48ec-8eb0-c907d8ba8ac1 None None] MySQL server mode set to STRICT_TRANS_TABLES,STRICT_ALL_TABLES,NO_ZERO_IN_DATE,NO_ZERO_DATE,ERROR_FOR_DIVISION_BY_ZERO,TRADITIONAL,NO_ENGINE_SUBSTITUTION {{(pid=99757) _check_effective_sql_mode /opt/stack/data/venv/lib/python3.12/site-packages/oslo_db/sqlalchemy/engines.py:325}}
May 18 18:32:07.953643 np0000174508 devstack@n-api.service[99759]: DEBUG oslo_db.sqlalchemy.engines [None req-bc8d31a5-89ff-4895-81ee-28609e47f1b0 None None] MySQL server mode set to STRICT_TRANS_TABLES,STRICT_ALL_TABLES,NO_ZERO_IN_DATE,NO_ZERO_DATE,ERROR_FOR_DIVISION_BY_ZERO,TRADITIONAL,NO_ENGINE_SUBSTITUTION {{(pid=99759) _check_effective_sql_mode /opt/stack/data/venv/lib/python3.12/site-packages/oslo_db/sqlalchemy/engines.py:325}}
May 18 18:32:07.965517 np0000174508 devstack@n-api.service[99760]: DEBUG oslo_db.sqlalchemy.engines [None req-6d43ff41-0457-4e21-aa4a-d7e7b326aae1 None None] MySQL server mode set to STRICT_TRANS_TABLES,STRICT_ALL_TABLES,NO_ZERO_IN_DATE,NO_ZERO_DATE,ERROR_FOR_DIVISION_BY_ZERO,TRADITIONAL,NO_ENGINE_SUBSTITUTION {{(pid=99760) _check_effective_sql_mode /opt/stack/data/venv/lib/python3.12/site-packages/oslo_db/sqlalchemy/engines.py:325}}
May 18 18:32:07.975864 np0000174508 devstack@n-api.service[99758]: DEBUG dbcounter [-] [99758] Writer thread running {{(pid=99758) stat_writer /opt/stack/data/venv/lib/python3.12/site-packages/dbcounter.py:102}}
May 18 18:32:07.978417 np0000174508 devstack@n-api.service[99758]: DEBUG nova.context [None req-b203fd22-b76c-4b6b-8d94-37045a0c4d8d None None] Found 2 cells: 00000000-0000-0000-0000-000000000000(cell0),bcb53cce-0243-4210-9901-9410f9498a47(cell1) {{(pid=99758) load_cells /opt/stack/nova/nova/context.py:509}}
May 18 18:32:07.978639 np0000174508 devstack@n-api.service[99758]: INFO nova.utils [None req-b203fd22-b76c-4b6b-8d94-37045a0c4d8d None None] The cell worker thread pool MainProcess.cell_worker is initialized
May 18 18:32:07.980367 np0000174508 devstack@n-api.service[99758]: DEBUG oslo_concurrency.lockutils [None req-b203fd22-b76c-4b6b-8d94-37045a0c4d8d None None] Acquiring lock "00000000-0000-0000-0000-000000000000" by "nova.context.set_target_cell..get_or_set_cached_cell_and_set_connections" {{(pid=99758) inner /opt/stack/data/venv/lib/python3.12/site-packages/oslo_concurrency/lockutils.py:506}}
May 18 18:32:07.980527 np0000174508 devstack@n-api.service[99758]: DEBUG oslo_concurrency.lockutils [None req-b203fd22-b76c-4b6b-8d94-37045a0c4d8d None None] Lock "00000000-0000-0000-0000-000000000000" acquired by "nova.context.set_target_cell..get_or_set_cached_cell_and_set_connections" :: waited 0.000s {{(pid=99758) inner /opt/stack/data/venv/lib/python3.12/site-packages/oslo_concurrency/lockutils.py:519}}
May 18 18:32:07.980869 np0000174508 devstack@n-api.service[99758]: DEBUG oslo_concurrency.lockutils [None req-b203fd22-b76c-4b6b-8d94-37045a0c4d8d None None] Lock "00000000-0000-0000-0000-000000000000" "released" by "nova.context.set_target_cell..get_or_set_cached_cell_and_set_connections" :: held 0.000s {{(pid=99758) inner /opt/stack/data/venv/lib/python3.12/site-packages/oslo_concurrency/lockutils.py:538}}
May 18 18:32:07.981743 np0000174508 devstack@n-api.service[99758]: DEBUG oslo_concurrency.lockutils [None req-b203fd22-b76c-4b6b-8d94-37045a0c4d8d None None] Acquiring lock "bcb53cce-0243-4210-9901-9410f9498a47" by "nova.context.set_target_cell..get_or_set_cached_cell_and_set_connections" {{(pid=99758) inner /opt/stack/data/venv/lib/python3.12/site-packages/oslo_concurrency/lockutils.py:506}}
May 18 18:32:07.981875 np0000174508 devstack@n-api.service[99758]: DEBUG oslo_concurrency.lockutils [None req-b203fd22-b76c-4b6b-8d94-37045a0c4d8d None None] Lock "bcb53cce-0243-4210-9901-9410f9498a47" acquired by "nova.context.set_target_cell..get_or_set_cached_cell_and_set_connections" :: waited 0.000s {{(pid=99758) inner /opt/stack/data/venv/lib/python3.12/site-packages/oslo_concurrency/lockutils.py:519}}
May 18 18:32:07.982693 np0000174508 devstack@n-api.service[99758]: DEBUG oslo_concurrency.lockutils [None req-b203fd22-b76c-4b6b-8d94-37045a0c4d8d None None] Lock "bcb53cce-0243-4210-9901-9410f9498a47" "released" by "nova.context.set_target_cell..get_or_set_cached_cell_and_set_connections" :: held 0.001s {{(pid=99758) inner /opt/stack/data/venv/lib/python3.12/site-packages/oslo_concurrency/lockutils.py:538}}
May 18 18:32:07.985408 np0000174508 devstack@n-api.service[99758]: INFO dbcounter [None req-b203fd22-b76c-4b6b-8d94-37045a0c4d8d None None] Registered counter for database nova_cell0
May 18 18:32:07.988357 np0000174508 devstack@n-api.service[99757]: DEBUG dbcounter [-] [99757] Writer thread running {{(pid=99757) stat_writer /opt/stack/data/venv/lib/python3.12/site-packages/dbcounter.py:102}}
May 18 18:32:07.990788 np0000174508 devstack@n-api.service[99758]: INFO dbcounter [None req-b203fd22-b76c-4b6b-8d94-37045a0c4d8d None None] Registered counter for database nova_cell1
May 18 18:32:07.991105 np0000174508 devstack@n-api.service[99757]: DEBUG nova.context [None req-62739475-e4e6-48ec-8eb0-c907d8ba8ac1 None None] Found 2 cells: 00000000-0000-0000-0000-000000000000(cell0),bcb53cce-0243-4210-9901-9410f9498a47(cell1) {{(pid=99757) load_cells /opt/stack/nova/nova/context.py:509}}
May 18 18:32:07.991205 np0000174508 devstack@n-api.service[99759]: DEBUG dbcounter [-] [99759] Writer thread running {{(pid=99759) stat_writer /opt/stack/data/venv/lib/python3.12/site-packages/dbcounter.py:102}}
May 18 18:32:07.991346 np0000174508 devstack@n-api.service[99757]: INFO nova.utils [None req-62739475-e4e6-48ec-8eb0-c907d8ba8ac1 None None] The cell worker thread pool MainProcess.cell_worker is initialized
May 18 18:32:07.993222 np0000174508 devstack@n-api.service[99757]: DEBUG oslo_concurrency.lockutils [None req-62739475-e4e6-48ec-8eb0-c907d8ba8ac1 None None] Acquiring lock "00000000-0000-0000-0000-000000000000" by "nova.context.set_target_cell..get_or_set_cached_cell_and_set_connections" {{(pid=99757) inner /opt/stack/data/venv/lib/python3.12/site-packages/oslo_concurrency/lockutils.py:506}}
May 18 18:32:07.993363 np0000174508 devstack@n-api.service[99757]: DEBUG oslo_concurrency.lockutils [None req-62739475-e4e6-48ec-8eb0-c907d8ba8ac1 None None] Lock "00000000-0000-0000-0000-000000000000" acquired by "nova.context.set_target_cell..get_or_set_cached_cell_and_set_connections" :: waited 0.000s {{(pid=99757) inner /opt/stack/data/venv/lib/python3.12/site-packages/oslo_concurrency/lockutils.py:519}}
May 18 18:32:07.993638 np0000174508 devstack@n-api.service[99759]: DEBUG nova.context [None req-bc8d31a5-89ff-4895-81ee-28609e47f1b0 None None] Found 2 cells: 00000000-0000-0000-0000-000000000000(cell0),bcb53cce-0243-4210-9901-9410f9498a47(cell1) {{(pid=99759) load_cells /opt/stack/nova/nova/context.py:509}}
May 18 18:32:07.993720 np0000174508 devstack@n-api.service[99757]: DEBUG oslo_concurrency.lockutils [None req-62739475-e4e6-48ec-8eb0-c907d8ba8ac1 None None] Lock "00000000-0000-0000-0000-000000000000" "released" by "nova.context.set_target_cell..get_or_set_cached_cell_and_set_connections" :: held 0.000s {{(pid=99757) inner /opt/stack/data/venv/lib/python3.12/site-packages/oslo_concurrency/lockutils.py:538}}
May 18 18:32:07.993877 np0000174508 devstack@n-api.service[99759]: INFO nova.utils [None req-bc8d31a5-89ff-4895-81ee-28609e47f1b0 None None] The cell worker thread pool MainProcess.cell_worker is initialized
May 18 18:32:07.994636 np0000174508 devstack@n-api.service[99757]: DEBUG oslo_concurrency.lockutils [None req-62739475-e4e6-48ec-8eb0-c907d8ba8ac1 None None] Acquiring lock "bcb53cce-0243-4210-9901-9410f9498a47" by "nova.context.set_target_cell..get_or_set_cached_cell_and_set_connections" {{(pid=99757) inner /opt/stack/data/venv/lib/python3.12/site-packages/oslo_concurrency/lockutils.py:506}}
May 18 18:32:07.994746 np0000174508 devstack@n-api.service[99757]: DEBUG oslo_concurrency.lockutils [None req-62739475-e4e6-48ec-8eb0-c907d8ba8ac1 None None] Lock "bcb53cce-0243-4210-9901-9410f9498a47" acquired by "nova.context.set_target_cell..get_or_set_cached_cell_and_set_connections" :: waited 0.000s {{(pid=99757) inner /opt/stack/data/venv/lib/python3.12/site-packages/oslo_concurrency/lockutils.py:519}}
May 18 18:32:07.995656 np0000174508 devstack@n-api.service[99757]: DEBUG oslo_concurrency.lockutils [None req-62739475-e4e6-48ec-8eb0-c907d8ba8ac1 None None] Lock "bcb53cce-0243-4210-9901-9410f9498a47" "released" by "nova.context.set_target_cell..get_or_set_cached_cell_and_set_connections" :: held 0.001s {{(pid=99757) inner /opt/stack/data/venv/lib/python3.12/site-packages/oslo_concurrency/lockutils.py:538}}
May 18 18:32:07.995765 np0000174508 devstack@n-api.service[99759]: DEBUG oslo_concurrency.lockutils [None req-bc8d31a5-89ff-4895-81ee-28609e47f1b0 None None] Acquiring lock "00000000-0000-0000-0000-000000000000" by "nova.context.set_target_cell..get_or_set_cached_cell_and_set_connections" {{(pid=99759) inner /opt/stack/data/venv/lib/python3.12/site-packages/oslo_concurrency/lockutils.py:506}}
May 18 18:32:07.996058 np0000174508 devstack@n-api.service[99759]: DEBUG oslo_concurrency.lockutils [None req-bc8d31a5-89ff-4895-81ee-28609e47f1b0 None None] Lock "00000000-0000-0000-0000-000000000000" acquired by "nova.context.set_target_cell..get_or_set_cached_cell_and_set_connections" :: waited 0.000s {{(pid=99759) inner /opt/stack/data/venv/lib/python3.12/site-packages/oslo_concurrency/lockutils.py:519}}
May 18 18:32:07.996402 np0000174508 devstack@n-api.service[99759]: DEBUG oslo_concurrency.lockutils [None req-bc8d31a5-89ff-4895-81ee-28609e47f1b0 None None] Lock "00000000-0000-0000-0000-000000000000" "released" by "nova.context.set_target_cell..get_or_set_cached_cell_and_set_connections" :: held 0.001s {{(pid=99759) inner /opt/stack/data/venv/lib/python3.12/site-packages/oslo_concurrency/lockutils.py:538}}
May 18 18:32:07.997178 np0000174508 devstack@n-api.service[99759]: DEBUG oslo_concurrency.lockutils [None req-bc8d31a5-89ff-4895-81ee-28609e47f1b0 None None] Acquiring lock "bcb53cce-0243-4210-9901-9410f9498a47" by "nova.context.set_target_cell..get_or_set_cached_cell_and_set_connections" {{(pid=99759) inner /opt/stack/data/venv/lib/python3.12/site-packages/oslo_concurrency/lockutils.py:506}}
May 18 18:32:07.997301 np0000174508 devstack@n-api.service[99759]: DEBUG oslo_concurrency.lockutils [None req-bc8d31a5-89ff-4895-81ee-28609e47f1b0 None None] Lock "bcb53cce-0243-4210-9901-9410f9498a47" acquired by "nova.context.set_target_cell..get_or_set_cached_cell_and_set_connections" :: waited 0.000s {{(pid=99759) inner /opt/stack/data/venv/lib/python3.12/site-packages/oslo_concurrency/lockutils.py:519}}
May 18 18:32:07.998343 np0000174508 devstack@n-api.service[99759]: DEBUG oslo_concurrency.lockutils [None req-bc8d31a5-89ff-4895-81ee-28609e47f1b0 None None] Lock "bcb53cce-0243-4210-9901-9410f9498a47" "released" by "nova.context.set_target_cell..get_or_set_cached_cell_and_set_connections" :: held 0.001s {{(pid=99759) inner /opt/stack/data/venv/lib/python3.12/site-packages/oslo_concurrency/lockutils.py:538}}
May 18 18:32:08.001041 np0000174508 devstack@n-api.service[99757]: INFO dbcounter [None req-62739475-e4e6-48ec-8eb0-c907d8ba8ac1 None None] Registered counter for database nova_cell0
May 18 18:32:08.001196 np0000174508 devstack@n-api.service[99759]: INFO dbcounter [None req-bc8d31a5-89ff-4895-81ee-28609e47f1b0 None None] Registered counter for database nova_cell0
May 18 18:32:08.001792 np0000174508 devstack@n-api.service[99758]: DEBUG oslo_db.sqlalchemy.engines [None req-b203fd22-b76c-4b6b-8d94-37045a0c4d8d None None] MySQL server mode set to STRICT_TRANS_TABLES,STRICT_ALL_TABLES,NO_ZERO_IN_DATE,NO_ZERO_DATE,ERROR_FOR_DIVISION_BY_ZERO,TRADITIONAL,NO_ENGINE_SUBSTITUTION {{(pid=99758) _check_effective_sql_mode /opt/stack/data/venv/lib/python3.12/site-packages/oslo_db/sqlalchemy/engines.py:325}}
May 18 18:32:08.003384 np0000174508 devstack@n-api.service[99760]: DEBUG dbcounter [-] [99760] Writer thread running {{(pid=99760) stat_writer /opt/stack/data/venv/lib/python3.12/site-packages/dbcounter.py:102}}
May 18 18:32:08.003575 np0000174508 devstack@n-api.service[99757]: INFO dbcounter [None req-62739475-e4e6-48ec-8eb0-c907d8ba8ac1 None None] Registered counter for database nova_cell1
May 18 18:32:08.006074 np0000174508 devstack@n-api.service[99759]: INFO dbcounter [None req-bc8d31a5-89ff-4895-81ee-28609e47f1b0 None None] Registered counter for database nova_cell1
May 18 18:32:08.006838 np0000174508 devstack@n-api.service[99760]: DEBUG nova.context [None req-6d43ff41-0457-4e21-aa4a-d7e7b326aae1 None None] Found 2 cells: 00000000-0000-0000-0000-000000000000(cell0),bcb53cce-0243-4210-9901-9410f9498a47(cell1) {{(pid=99760) load_cells /opt/stack/nova/nova/context.py:509}}
May 18 18:32:08.007080 np0000174508 devstack@n-api.service[99760]: INFO nova.utils [None req-6d43ff41-0457-4e21-aa4a-d7e7b326aae1 None None] The cell worker thread pool MainProcess.cell_worker is initialized
May 18 18:32:08.009272 np0000174508 devstack@n-api.service[99760]: DEBUG oslo_concurrency.lockutils [None req-6d43ff41-0457-4e21-aa4a-d7e7b326aae1 None None] Acquiring lock "00000000-0000-0000-0000-000000000000" by "nova.context.set_target_cell..get_or_set_cached_cell_and_set_connections" {{(pid=99760) inner /opt/stack/data/venv/lib/python3.12/site-packages/oslo_concurrency/lockutils.py:506}}
May 18 18:32:08.009466 np0000174508 devstack@n-api.service[99760]: DEBUG oslo_concurrency.lockutils [None req-6d43ff41-0457-4e21-aa4a-d7e7b326aae1 None None] Lock "00000000-0000-0000-0000-000000000000" acquired by "nova.context.set_target_cell..get_or_set_cached_cell_and_set_connections" :: waited 0.000s {{(pid=99760) inner /opt/stack/data/venv/lib/python3.12/site-packages/oslo_concurrency/lockutils.py:519}}
May 18 18:32:08.009893 np0000174508 devstack@n-api.service[99760]: DEBUG oslo_concurrency.lockutils [None req-6d43ff41-0457-4e21-aa4a-d7e7b326aae1 None None] Lock "00000000-0000-0000-0000-000000000000" "released" by "nova.context.set_target_cell..get_or_set_cached_cell_and_set_connections" :: held 0.000s {{(pid=99760) inner /opt/stack/data/venv/lib/python3.12/site-packages/oslo_concurrency/lockutils.py:538}}
May 18 18:32:08.010843 np0000174508 devstack@n-api.service[99760]: DEBUG oslo_concurrency.lockutils [None req-6d43ff41-0457-4e21-aa4a-d7e7b326aae1 None None] Acquiring lock "bcb53cce-0243-4210-9901-9410f9498a47" by "nova.context.set_target_cell..get_or_set_cached_cell_and_set_connections" {{(pid=99760) inner /opt/stack/data/venv/lib/python3.12/site-packages/oslo_concurrency/lockutils.py:506}}
May 18 18:32:08.010998 np0000174508 devstack@n-api.service[99760]: DEBUG oslo_concurrency.lockutils [None req-6d43ff41-0457-4e21-aa4a-d7e7b326aae1 None None] Lock "bcb53cce-0243-4210-9901-9410f9498a47" acquired by "nova.context.set_target_cell..get_or_set_cached_cell_and_set_connections" :: waited 0.000s {{(pid=99760) inner /opt/stack/data/venv/lib/python3.12/site-packages/oslo_concurrency/lockutils.py:519}}
May 18 18:32:08.011957 np0000174508 devstack@n-api.service[99760]: DEBUG oslo_concurrency.lockutils [None req-6d43ff41-0457-4e21-aa4a-d7e7b326aae1 None None] Lock "bcb53cce-0243-4210-9901-9410f9498a47" "released" by "nova.context.set_target_cell..get_or_set_cached_cell_and_set_connections" :: held 0.001s {{(pid=99760) inner /opt/stack/data/venv/lib/python3.12/site-packages/oslo_concurrency/lockutils.py:538}}
May 18 18:32:08.013737 np0000174508 devstack@n-api.service[99757]: DEBUG oslo_db.sqlalchemy.engines [None req-62739475-e4e6-48ec-8eb0-c907d8ba8ac1 None None] MySQL server mode set to STRICT_TRANS_TABLES,STRICT_ALL_TABLES,NO_ZERO_IN_DATE,NO_ZERO_DATE,ERROR_FOR_DIVISION_BY_ZERO,TRADITIONAL,NO_ENGINE_SUBSTITUTION {{(pid=99757) _check_effective_sql_mode /opt/stack/data/venv/lib/python3.12/site-packages/oslo_db/sqlalchemy/engines.py:325}}
May 18 18:32:08.015157 np0000174508 devstack@n-api.service[99760]: INFO dbcounter [None req-6d43ff41-0457-4e21-aa4a-d7e7b326aae1 None None] Registered counter for database nova_cell0
May 18 18:32:08.015332 np0000174508 devstack@n-api.service[99758]: DEBUG oslo_db.sqlalchemy.engines [None req-b203fd22-b76c-4b6b-8d94-37045a0c4d8d None None] MySQL server mode set to STRICT_TRANS_TABLES,STRICT_ALL_TABLES,NO_ZERO_IN_DATE,NO_ZERO_DATE,ERROR_FOR_DIVISION_BY_ZERO,TRADITIONAL,NO_ENGINE_SUBSTITUTION {{(pid=99758) _check_effective_sql_mode /opt/stack/data/venv/lib/python3.12/site-packages/oslo_db/sqlalchemy/engines.py:325}}
May 18 18:32:08.016943 np0000174508 devstack@n-api.service[99757]: DEBUG oslo_db.sqlalchemy.engines [None req-62739475-e4e6-48ec-8eb0-c907d8ba8ac1 None None] MySQL server mode set to STRICT_TRANS_TABLES,STRICT_ALL_TABLES,NO_ZERO_IN_DATE,NO_ZERO_DATE,ERROR_FOR_DIVISION_BY_ZERO,TRADITIONAL,NO_ENGINE_SUBSTITUTION {{(pid=99757) _check_effective_sql_mode /opt/stack/data/venv/lib/python3.12/site-packages/oslo_db/sqlalchemy/engines.py:325}}
May 18 18:32:08.020615 np0000174508 devstack@n-api.service[99760]: INFO dbcounter [None req-6d43ff41-0457-4e21-aa4a-d7e7b326aae1 None None] Registered counter for database nova_cell1
May 18 18:32:08.021849 np0000174508 devstack@n-api.service[99759]: DEBUG oslo_db.sqlalchemy.engines [None req-bc8d31a5-89ff-4895-81ee-28609e47f1b0 None None] MySQL server mode set to STRICT_TRANS_TABLES,STRICT_ALL_TABLES,NO_ZERO_IN_DATE,NO_ZERO_DATE,ERROR_FOR_DIVISION_BY_ZERO,TRADITIONAL,NO_ENGINE_SUBSTITUTION {{(pid=99759) _check_effective_sql_mode /opt/stack/data/venv/lib/python3.12/site-packages/oslo_db/sqlalchemy/engines.py:325}}
May 18 18:32:08.025067 np0000174508 devstack@n-api.service[99759]: DEBUG oslo_db.sqlalchemy.engines [None req-bc8d31a5-89ff-4895-81ee-28609e47f1b0 None None] MySQL server mode set to STRICT_TRANS_TABLES,STRICT_ALL_TABLES,NO_ZERO_IN_DATE,NO_ZERO_DATE,ERROR_FOR_DIVISION_BY_ZERO,TRADITIONAL,NO_ENGINE_SUBSTITUTION {{(pid=99759) _check_effective_sql_mode /opt/stack/data/venv/lib/python3.12/site-packages/oslo_db/sqlalchemy/engines.py:325}}
May 18 18:32:08.030221 np0000174508 devstack@n-api.service[99760]: DEBUG oslo_db.sqlalchemy.engines [None req-6d43ff41-0457-4e21-aa4a-d7e7b326aae1 None None] MySQL server mode set to STRICT_TRANS_TABLES,STRICT_ALL_TABLES,NO_ZERO_IN_DATE,NO_ZERO_DATE,ERROR_FOR_DIVISION_BY_ZERO,TRADITIONAL,NO_ENGINE_SUBSTITUTION {{(pid=99760) _check_effective_sql_mode /opt/stack/data/venv/lib/python3.12/site-packages/oslo_db/sqlalchemy/engines.py:325}}
May 18 18:32:08.042409 np0000174508 devstack@n-api.service[99760]: DEBUG oslo_db.sqlalchemy.engines [None req-6d43ff41-0457-4e21-aa4a-d7e7b326aae1 None None] MySQL server mode set to STRICT_TRANS_TABLES,STRICT_ALL_TABLES,NO_ZERO_IN_DATE,NO_ZERO_DATE,ERROR_FOR_DIVISION_BY_ZERO,TRADITIONAL,NO_ENGINE_SUBSTITUTION {{(pid=99760) _check_effective_sql_mode /opt/stack/data/venv/lib/python3.12/site-packages/oslo_db/sqlalchemy/engines.py:325}}
May 18 18:32:08.106645 np0000174508 devstack@n-api.service[99758]: DEBUG dbcounter [-] [99758] Writer thread running {{(pid=99758) stat_writer /opt/stack/data/venv/lib/python3.12/site-packages/dbcounter.py:102}}
May 18 18:32:08.110318 np0000174508 devstack@n-api.service[99758]: DEBUG dbcounter [-] [99758] Writer thread running {{(pid=99758) stat_writer /opt/stack/data/venv/lib/python3.12/site-packages/dbcounter.py:102}}
May 18 18:32:08.116304 np0000174508 devstack@n-api.service[99758]: INFO dbcounter [None req-b203fd22-b76c-4b6b-8d94-37045a0c4d8d None None] Registered counter for database nova_cell0
May 18 18:32:08.116450 np0000174508 devstack@n-api.service[99757]: DEBUG dbcounter [-] [99757] Writer thread running {{(pid=99757) stat_writer /opt/stack/data/venv/lib/python3.12/site-packages/dbcounter.py:102}}
May 18 18:32:08.117007 np0000174508 devstack@n-api.service[99757]: DEBUG dbcounter [-] [99757] Writer thread running {{(pid=99757) stat_writer /opt/stack/data/venv/lib/python3.12/site-packages/dbcounter.py:102}}
May 18 18:32:08.125453 np0000174508 devstack@n-api.service[99757]: INFO dbcounter [None req-62739475-e4e6-48ec-8eb0-c907d8ba8ac1 None None] Registered counter for database nova_cell0
May 18 18:32:08.126159 np0000174508 devstack@n-api.service[99759]: DEBUG dbcounter [-] [99759] Writer thread running {{(pid=99759) stat_writer /opt/stack/data/venv/lib/python3.12/site-packages/dbcounter.py:102}}
May 18 18:32:08.127142 np0000174508 devstack@n-api.service[99759]: DEBUG dbcounter [-] [99759] Writer thread running {{(pid=99759) stat_writer /opt/stack/data/venv/lib/python3.12/site-packages/dbcounter.py:102}}
May 18 18:32:08.130790 np0000174508 devstack@n-api.service[99758]: DEBUG oslo_db.sqlalchemy.engines [None req-b203fd22-b76c-4b6b-8d94-37045a0c4d8d None None] MySQL server mode set to STRICT_TRANS_TABLES,STRICT_ALL_TABLES,NO_ZERO_IN_DATE,NO_ZERO_DATE,ERROR_FOR_DIVISION_BY_ZERO,TRADITIONAL,NO_ENGINE_SUBSTITUTION {{(pid=99758) _check_effective_sql_mode /opt/stack/data/venv/lib/python3.12/site-packages/oslo_db/sqlalchemy/engines.py:325}}
May 18 18:32:08.131821 np0000174508 devstack@n-api.service[99760]: DEBUG dbcounter [-] [99760] Writer thread running {{(pid=99760) stat_writer /opt/stack/data/venv/lib/python3.12/site-packages/dbcounter.py:102}}
May 18 18:32:08.134681 np0000174508 devstack@n-api.service[99760]: DEBUG dbcounter [-] [99760] Writer thread running {{(pid=99760) stat_writer /opt/stack/data/venv/lib/python3.12/site-packages/dbcounter.py:102}}
May 18 18:32:08.135757 np0000174508 devstack@n-api.service[99757]: DEBUG oslo_db.sqlalchemy.engines [None req-62739475-e4e6-48ec-8eb0-c907d8ba8ac1 None None] MySQL server mode set to STRICT_TRANS_TABLES,STRICT_ALL_TABLES,NO_ZERO_IN_DATE,NO_ZERO_DATE,ERROR_FOR_DIVISION_BY_ZERO,TRADITIONAL,NO_ENGINE_SUBSTITUTION {{(pid=99757) _check_effective_sql_mode /opt/stack/data/venv/lib/python3.12/site-packages/oslo_db/sqlalchemy/engines.py:325}}
May 18 18:32:08.142673 np0000174508 devstack@n-api.service[99758]: DEBUG dbcounter [-] [99758] Writer thread running {{(pid=99758) stat_writer /opt/stack/data/venv/lib/python3.12/site-packages/dbcounter.py:102}}
May 18 18:32:08.149946 np0000174508 devstack@n-api.service[99757]: DEBUG dbcounter [-] [99757] Writer thread running {{(pid=99757) stat_writer /opt/stack/data/venv/lib/python3.12/site-packages/dbcounter.py:102}}
May 18 18:32:08.186082 np0000174508 devstack@n-api.service[99759]: INFO dbcounter [None req-bc8d31a5-89ff-4895-81ee-28609e47f1b0 None None] Registered counter for database nova_cell0
May 18 18:32:08.186454 np0000174508 devstack@n-api.service[99760]: INFO dbcounter [None req-6d43ff41-0457-4e21-aa4a-d7e7b326aae1 None None] Registered counter for database nova_cell0
May 18 18:32:08.194971 np0000174508 devstack@n-api.service[99760]: DEBUG oslo_db.sqlalchemy.engines [None req-6d43ff41-0457-4e21-aa4a-d7e7b326aae1 None None] MySQL server mode set to STRICT_TRANS_TABLES,STRICT_ALL_TABLES,NO_ZERO_IN_DATE,NO_ZERO_DATE,ERROR_FOR_DIVISION_BY_ZERO,TRADITIONAL,NO_ENGINE_SUBSTITUTION {{(pid=99760) _check_effective_sql_mode /opt/stack/data/venv/lib/python3.12/site-packages/oslo_db/sqlalchemy/engines.py:325}}
May 18 18:32:08.201722 np0000174508 devstack@n-api.service[99759]: DEBUG oslo_db.sqlalchemy.engines [None req-bc8d31a5-89ff-4895-81ee-28609e47f1b0 None None] MySQL server mode set to STRICT_TRANS_TABLES,STRICT_ALL_TABLES,NO_ZERO_IN_DATE,NO_ZERO_DATE,ERROR_FOR_DIVISION_BY_ZERO,TRADITIONAL,NO_ENGINE_SUBSTITUTION {{(pid=99759) _check_effective_sql_mode /opt/stack/data/venv/lib/python3.12/site-packages/oslo_db/sqlalchemy/engines.py:325}}
May 18 18:32:08.203691 np0000174508 devstack@n-api.service[99760]: DEBUG dbcounter [-] [99760] Writer thread running {{(pid=99760) stat_writer /opt/stack/data/venv/lib/python3.12/site-packages/dbcounter.py:102}}
May 18 18:32:08.211636 np0000174508 devstack@n-api.service[99759]: DEBUG dbcounter [-] [99759] Writer thread running {{(pid=99759) stat_writer /opt/stack/data/venv/lib/python3.12/site-packages/dbcounter.py:102}}
May 18 18:32:08.657262 np0000174508 devstack@n-api.service[99760]: DEBUG oslo_concurrency.processutils [None req-6d43ff41-0457-4e21-aa4a-d7e7b326aae1 None None] Running cmd (subprocess): grep -F node.session.scan /sbin/iscsiadm {{(pid=99760) execute /opt/stack/data/venv/lib/python3.12/site-packages/oslo_concurrency/processutils.py:440}}
May 18 18:32:08.658648 np0000174508 devstack@n-api.service[99759]: DEBUG oslo_concurrency.processutils [None req-bc8d31a5-89ff-4895-81ee-28609e47f1b0 None None] Running cmd (subprocess): grep -F node.session.scan /sbin/iscsiadm {{(pid=99759) execute /opt/stack/data/venv/lib/python3.12/site-packages/oslo_concurrency/processutils.py:440}}
May 18 18:32:08.671982 np0000174508 devstack@n-api.service[99760]: DEBUG oslo_concurrency.processutils [None req-6d43ff41-0457-4e21-aa4a-d7e7b326aae1 None None] CMD "grep -F node.session.scan /sbin/iscsiadm" returned: 0 in 0.015s {{(pid=99760) execute /opt/stack/data/venv/lib/python3.12/site-packages/oslo_concurrency/processutils.py:468}}
May 18 18:32:08.679050 np0000174508 devstack@n-api.service[99759]: DEBUG oslo_concurrency.processutils [None req-bc8d31a5-89ff-4895-81ee-28609e47f1b0 None None] CMD "grep -F node.session.scan /sbin/iscsiadm" returned: 0 in 0.020s {{(pid=99759) execute /opt/stack/data/venv/lib/python3.12/site-packages/oslo_concurrency/processutils.py:468}}
May 18 18:32:08.693195 np0000174508 devstack@n-api.service[99757]: DEBUG oslo_concurrency.processutils [None req-62739475-e4e6-48ec-8eb0-c907d8ba8ac1 None None] Running cmd (subprocess): grep -F node.session.scan /sbin/iscsiadm {{(pid=99757) execute /opt/stack/data/venv/lib/python3.12/site-packages/oslo_concurrency/processutils.py:440}}
May 18 18:32:08.704826 np0000174508 devstack@n-api.service[99758]: DEBUG oslo_concurrency.processutils [None req-b203fd22-b76c-4b6b-8d94-37045a0c4d8d None None] Running cmd (subprocess): grep -F node.session.scan /sbin/iscsiadm {{(pid=99758) execute /opt/stack/data/venv/lib/python3.12/site-packages/oslo_concurrency/processutils.py:440}}
May 18 18:32:08.710100 np0000174508 devstack@n-api.service[99757]: DEBUG oslo_concurrency.processutils [None req-62739475-e4e6-48ec-8eb0-c907d8ba8ac1 None None] CMD "grep -F node.session.scan /sbin/iscsiadm" returned: 0 in 0.017s {{(pid=99757) execute /opt/stack/data/venv/lib/python3.12/site-packages/oslo_concurrency/processutils.py:468}}
May 18 18:32:08.721829 np0000174508 devstack@n-api.service[99758]: DEBUG oslo_concurrency.processutils [None req-b203fd22-b76c-4b6b-8d94-37045a0c4d8d None None] CMD "grep -F node.session.scan /sbin/iscsiadm" returned: 0 in 0.017s {{(pid=99758) execute /opt/stack/data/venv/lib/python3.12/site-packages/oslo_concurrency/processutils.py:468}}
May 18 18:32:09.093828 np0000174508 devstack@n-api.service[99760]: WARNING keystonemiddleware.auth_token [None req-6d43ff41-0457-4e21-aa4a-d7e7b326aae1 None None] AuthToken middleware is set with keystone_authtoken.service_token_roles_required set to False. This is backwards compatible but deprecated behaviour. Please set this to True.
May 18 18:32:09.095002 np0000174508 devstack@n-api.service[99757]: WARNING keystonemiddleware.auth_token [None req-62739475-e4e6-48ec-8eb0-c907d8ba8ac1 None None] AuthToken middleware is set with keystone_authtoken.service_token_roles_required set to False. This is backwards compatible but deprecated behaviour. Please set this to True.
May 18 18:32:09.095664 np0000174508 devstack@n-api.service[99758]: WARNING keystonemiddleware.auth_token [None req-b203fd22-b76c-4b6b-8d94-37045a0c4d8d None None] AuthToken middleware is set with keystone_authtoken.service_token_roles_required set to False. This is backwards compatible but deprecated behaviour. Please set this to True.
May 18 18:32:09.117386 np0000174508 devstack@n-api.service[99759]: WARNING keystonemiddleware.auth_token [None req-bc8d31a5-89ff-4895-81ee-28609e47f1b0 None None] AuthToken middleware is set with keystone_authtoken.service_token_roles_required set to False. This is backwards compatible but deprecated behaviour. Please set this to True.
May 18 18:32:09.281761 np0000174508 devstack@n-api.service[99760]: WARNING keystonemiddleware.auth_token [None req-6d43ff41-0457-4e21-aa4a-d7e7b326aae1 None None] AuthToken middleware is set with keystone_authtoken.service_token_roles_required set to False. This is backwards compatible but deprecated behaviour. Please set this to True.
May 18 18:32:09.286843 np0000174508 devstack@n-api.service[99760]: DEBUG nova.api.openstack.wsgi_app [None req-6d43ff41-0457-4e21-aa4a-d7e7b326aae1 None None] ******************************************************************************** {{(pid=99760) log_opt_values /opt/stack/data/venv/lib/python3.12/site-packages/oslo_config/cfg.py:2979}}
May 18 18:32:09.286949 np0000174508 devstack@n-api.service[99760]: DEBUG nova.api.openstack.wsgi_app [None req-6d43ff41-0457-4e21-aa4a-d7e7b326aae1 None None] Configuration options gathered from: {{(pid=99760) log_opt_values /opt/stack/data/venv/lib/python3.12/site-packages/oslo_config/cfg.py:2980}}
May 18 18:32:09.287260 np0000174508 devstack@n-api.service[99760]: DEBUG nova.api.openstack.wsgi_app [None req-6d43ff41-0457-4e21-aa4a-d7e7b326aae1 None None] command line args: [] {{(pid=99760) log_opt_values /opt/stack/data/venv/lib/python3.12/site-packages/oslo_config/cfg.py:2981}}
May 18 18:32:09.287446 np0000174508 devstack@n-api.service[99760]: DEBUG nova.api.openstack.wsgi_app [None req-6d43ff41-0457-4e21-aa4a-d7e7b326aae1 None None] config files: ['/etc/nova/api-paste.ini', '/etc/nova/nova.conf'] {{(pid=99760) log_opt_values /opt/stack/data/venv/lib/python3.12/site-packages/oslo_config/cfg.py:2982}}
May 18 18:32:09.287552 np0000174508 devstack@n-api.service[99760]: DEBUG nova.api.openstack.wsgi_app [None req-6d43ff41-0457-4e21-aa4a-d7e7b326aae1 None None] ================================================================================ {{(pid=99760) log_opt_values /opt/stack/data/venv/lib/python3.12/site-packages/oslo_config/cfg.py:2987}}
May 18 18:32:09.287736 np0000174508 devstack@n-api.service[99760]: DEBUG nova.api.openstack.wsgi_app [None req-6d43ff41-0457-4e21-aa4a-d7e7b326aae1 None None] allow_resize_to_same_host = True {{(pid=99760) log_opt_values /opt/stack/data/venv/lib/python3.12/site-packages/oslo_config/cfg.py:2995}}
May 18 18:32:09.287865 np0000174508 devstack@n-api.service[99760]: DEBUG nova.api.openstack.wsgi_app [None req-6d43ff41-0457-4e21-aa4a-d7e7b326aae1 None None] arq_binding_timeout = 300 {{(pid=99760) log_opt_values /opt/stack/data/venv/lib/python3.12/site-packages/oslo_config/cfg.py:2995}}
May 18 18:32:09.288011 np0000174508 devstack@n-api.service[99760]: DEBUG nova.api.openstack.wsgi_app [None req-6d43ff41-0457-4e21-aa4a-d7e7b326aae1 None None] block_device_allocate_retries = 60 {{(pid=99760) log_opt_values /opt/stack/data/venv/lib/python3.12/site-packages/oslo_config/cfg.py:2995}}
May 18 18:32:09.288106 np0000174508 devstack@n-api.service[99757]: WARNING keystonemiddleware.auth_token [None req-62739475-e4e6-48ec-8eb0-c907d8ba8ac1 None None] AuthToken middleware is set with keystone_authtoken.service_token_roles_required set to False. This is backwards compatible but deprecated behaviour. Please set this to True.
May 18 18:32:09.288176 np0000174508 devstack@n-api.service[99760]: DEBUG nova.api.openstack.wsgi_app [None req-6d43ff41-0457-4e21-aa4a-d7e7b326aae1 None None] block_device_allocate_retries_interval = 3 {{(pid=99760) log_opt_values /opt/stack/data/venv/lib/python3.12/site-packages/oslo_config/cfg.py:2995}}
May 18 18:32:09.288258 np0000174508 devstack@n-api.service[99760]: DEBUG nova.api.openstack.wsgi_app [None req-6d43ff41-0457-4e21-aa4a-d7e7b326aae1 None None] cell_worker_thread_pool_size = 5 {{(pid=99760) log_opt_values /opt/stack/data/venv/lib/python3.12/site-packages/oslo_config/cfg.py:2995}}
May 18 18:32:09.288397 np0000174508 devstack@n-api.service[99760]: DEBUG nova.api.openstack.wsgi_app [None req-6d43ff41-0457-4e21-aa4a-d7e7b326aae1 None None] cert = self.pem {{(pid=99760) log_opt_values /opt/stack/data/venv/lib/python3.12/site-packages/oslo_config/cfg.py:2995}}
May 18 18:32:09.288565 np0000174508 devstack@n-api.service[99760]: DEBUG nova.api.openstack.wsgi_app [None req-6d43ff41-0457-4e21-aa4a-d7e7b326aae1 None None] compute_driver = libvirt.LibvirtDriver {{(pid=99760) log_opt_values /opt/stack/data/venv/lib/python3.12/site-packages/oslo_config/cfg.py:2995}}
May 18 18:32:09.288691 np0000174508 devstack@n-api.service[99760]: DEBUG nova.api.openstack.wsgi_app [None req-6d43ff41-0457-4e21-aa4a-d7e7b326aae1 None None] compute_monitors = [] {{(pid=99760) log_opt_values /opt/stack/data/venv/lib/python3.12/site-packages/oslo_config/cfg.py:2995}}
May 18 18:32:09.288821 np0000174508 devstack@n-api.service[99760]: DEBUG nova.api.openstack.wsgi_app [None req-6d43ff41-0457-4e21-aa4a-d7e7b326aae1 None None] config_dir = [] {{(pid=99760) log_opt_values /opt/stack/data/venv/lib/python3.12/site-packages/oslo_config/cfg.py:2995}}
May 18 18:32:09.288958 np0000174508 devstack@n-api.service[99760]: DEBUG nova.api.openstack.wsgi_app [None req-6d43ff41-0457-4e21-aa4a-d7e7b326aae1 None None] config_drive_format = iso9660 {{(pid=99760) log_opt_values /opt/stack/data/venv/lib/python3.12/site-packages/oslo_config/cfg.py:2995}}
May 18 18:32:09.289064 np0000174508 devstack@n-api.service[99760]: DEBUG nova.api.openstack.wsgi_app [None req-6d43ff41-0457-4e21-aa4a-d7e7b326aae1 None None] config_file = ['/etc/nova/api-paste.ini', '/etc/nova/nova.conf'] {{(pid=99760) log_opt_values /opt/stack/data/venv/lib/python3.12/site-packages/oslo_config/cfg.py:2995}}
May 18 18:32:09.289198 np0000174508 devstack@n-api.service[99760]: DEBUG nova.api.openstack.wsgi_app [None req-6d43ff41-0457-4e21-aa4a-d7e7b326aae1 None None] config_source = [] {{(pid=99760) log_opt_values /opt/stack/data/venv/lib/python3.12/site-packages/oslo_config/cfg.py:2995}}
May 18 18:32:09.289323 np0000174508 devstack@n-api.service[99760]: DEBUG nova.api.openstack.wsgi_app [None req-6d43ff41-0457-4e21-aa4a-d7e7b326aae1 None None] console_host = np0000174508 {{(pid=99760) log_opt_values /opt/stack/data/venv/lib/python3.12/site-packages/oslo_config/cfg.py:2995}}
May 18 18:32:09.289463 np0000174508 devstack@n-api.service[99760]: DEBUG nova.api.openstack.wsgi_app [None req-6d43ff41-0457-4e21-aa4a-d7e7b326aae1 None None] control_exchange = nova {{(pid=99760) log_opt_values /opt/stack/data/venv/lib/python3.12/site-packages/oslo_config/cfg.py:2995}}
May 18 18:32:09.289652 np0000174508 devstack@n-api.service[99760]: DEBUG nova.api.openstack.wsgi_app [None req-6d43ff41-0457-4e21-aa4a-d7e7b326aae1 None None] cpu_allocation_ratio = None {{(pid=99760) log_opt_values /opt/stack/data/venv/lib/python3.12/site-packages/oslo_config/cfg.py:2995}}
May 18 18:32:09.289719 np0000174508 devstack@n-api.service[99760]: DEBUG nova.api.openstack.wsgi_app [None req-6d43ff41-0457-4e21-aa4a-d7e7b326aae1 None None] daemon = False {{(pid=99760) log_opt_values /opt/stack/data/venv/lib/python3.12/site-packages/oslo_config/cfg.py:2995}}
May 18 18:32:09.289861 np0000174508 devstack@n-api.service[99760]: DEBUG nova.api.openstack.wsgi_app [None req-6d43ff41-0457-4e21-aa4a-d7e7b326aae1 None None] debug = True {{(pid=99760) log_opt_values /opt/stack/data/venv/lib/python3.12/site-packages/oslo_config/cfg.py:2995}}
May 18 18:32:09.289986 np0000174508 devstack@n-api.service[99760]: DEBUG nova.api.openstack.wsgi_app [None req-6d43ff41-0457-4e21-aa4a-d7e7b326aae1 None None] default_access_ip_network_name = None {{(pid=99760) log_opt_values /opt/stack/data/venv/lib/python3.12/site-packages/oslo_config/cfg.py:2995}}
May 18 18:32:09.290118 np0000174508 devstack@n-api.service[99760]: DEBUG nova.api.openstack.wsgi_app [None req-6d43ff41-0457-4e21-aa4a-d7e7b326aae1 None None] default_availability_zone = nova {{(pid=99760) log_opt_values /opt/stack/data/venv/lib/python3.12/site-packages/oslo_config/cfg.py:2995}}
May 18 18:32:09.290250 np0000174508 devstack@n-api.service[99760]: DEBUG nova.api.openstack.wsgi_app [None req-6d43ff41-0457-4e21-aa4a-d7e7b326aae1 None None] default_ephemeral_format = ext4 {{(pid=99760) log_opt_values /opt/stack/data/venv/lib/python3.12/site-packages/oslo_config/cfg.py:2995}}
May 18 18:32:09.290383 np0000174508 devstack@n-api.service[99760]: DEBUG nova.api.openstack.wsgi_app [None req-6d43ff41-0457-4e21-aa4a-d7e7b326aae1 None None] default_green_pool_size = 1000 {{(pid=99760) log_opt_values /opt/stack/data/venv/lib/python3.12/site-packages/oslo_config/cfg.py:2995}}
May 18 18:32:09.290602 np0000174508 devstack@n-api.service[99760]: DEBUG nova.api.openstack.wsgi_app [None req-6d43ff41-0457-4e21-aa4a-d7e7b326aae1 None None] default_log_levels = ['amqp=WARN', 'boto=WARN', 'sqlalchemy=WARN', 'suds=INFO', 'oslo.messaging=INFO', 'oslo_messaging=INFO', 'iso8601=WARN', 'requests.packages.urllib3.connectionpool=WARN', 'urllib3.connectionpool=WARN', 'websocket=WARN', 'requests.packages.urllib3.util.retry=WARN', 'urllib3.util.retry=WARN', 'keystonemiddleware=WARN', 'routes.middleware=WARN', 'stevedore=WARN', 'taskflow=WARN', 'keystoneauth=WARN', 'oslo.cache=INFO', 'oslo_policy=INFO', 'dogpile.core.dogpile=INFO', 'glanceclient=WARN', 'oslo.privsep.daemon=INFO'] {{(pid=99760) log_opt_values /opt/stack/data/venv/lib/python3.12/site-packages/oslo_config/cfg.py:2995}}
May 18 18:32:09.290784 np0000174508 devstack@n-api.service[99760]: DEBUG nova.api.openstack.wsgi_app [None req-6d43ff41-0457-4e21-aa4a-d7e7b326aae1 None None] default_schedule_zone = None {{(pid=99760) log_opt_values /opt/stack/data/venv/lib/python3.12/site-packages/oslo_config/cfg.py:2995}}
May 18 18:32:09.290867 np0000174508 devstack@n-api.service[99760]: DEBUG nova.api.openstack.wsgi_app [None req-6d43ff41-0457-4e21-aa4a-d7e7b326aae1 None None] default_thread_pool_size = 10 {{(pid=99760) log_opt_values /opt/stack/data/venv/lib/python3.12/site-packages/oslo_config/cfg.py:2995}}
May 18 18:32:09.290984 np0000174508 devstack@n-api.service[99760]: DEBUG nova.api.openstack.wsgi_app [None req-6d43ff41-0457-4e21-aa4a-d7e7b326aae1 None None] disk_allocation_ratio = None {{(pid=99760) log_opt_values /opt/stack/data/venv/lib/python3.12/site-packages/oslo_config/cfg.py:2995}}
May 18 18:32:09.291115 np0000174508 devstack@n-api.service[99760]: DEBUG nova.api.openstack.wsgi_app [None req-6d43ff41-0457-4e21-aa4a-d7e7b326aae1 None None] enable_new_services = True {{(pid=99760) log_opt_values /opt/stack/data/venv/lib/python3.12/site-packages/oslo_config/cfg.py:2995}}
May 18 18:32:09.291236 np0000174508 devstack@n-api.service[99760]: DEBUG nova.api.openstack.wsgi_app [None req-6d43ff41-0457-4e21-aa4a-d7e7b326aae1 None None] flat_injected = False {{(pid=99760) log_opt_values /opt/stack/data/venv/lib/python3.12/site-packages/oslo_config/cfg.py:2995}}
May 18 18:32:09.291365 np0000174508 devstack@n-api.service[99760]: DEBUG nova.api.openstack.wsgi_app [None req-6d43ff41-0457-4e21-aa4a-d7e7b326aae1 None None] force_config_drive = False {{(pid=99760) log_opt_values /opt/stack/data/venv/lib/python3.12/site-packages/oslo_config/cfg.py:2995}}
May 18 18:32:09.291565 np0000174508 devstack@n-api.service[99760]: DEBUG nova.api.openstack.wsgi_app [None req-6d43ff41-0457-4e21-aa4a-d7e7b326aae1 None None] force_raw_images = True {{(pid=99760) log_opt_values /opt/stack/data/venv/lib/python3.12/site-packages/oslo_config/cfg.py:2995}}
May 18 18:32:09.291646 np0000174508 devstack@n-api.service[99760]: DEBUG nova.api.openstack.wsgi_app [None req-6d43ff41-0457-4e21-aa4a-d7e7b326aae1 None None] graceful_shutdown_timeout = 5 {{(pid=99760) log_opt_values /opt/stack/data/venv/lib/python3.12/site-packages/oslo_config/cfg.py:2995}}
May 18 18:32:09.291795 np0000174508 devstack@n-api.service[99760]: DEBUG nova.api.openstack.wsgi_app [None req-6d43ff41-0457-4e21-aa4a-d7e7b326aae1 None None] heal_instance_info_cache_interval = -1 {{(pid=99760) log_opt_values /opt/stack/data/venv/lib/python3.12/site-packages/oslo_config/cfg.py:2995}}
May 18 18:32:09.291936 np0000174508 devstack@n-api.service[99760]: DEBUG nova.api.openstack.wsgi_app [None req-6d43ff41-0457-4e21-aa4a-d7e7b326aae1 None None] host = np0000174508 {{(pid=99760) log_opt_values /opt/stack/data/venv/lib/python3.12/site-packages/oslo_config/cfg.py:2995}}
May 18 18:32:09.292081 np0000174508 devstack@n-api.service[99760]: DEBUG nova.api.openstack.wsgi_app [None req-6d43ff41-0457-4e21-aa4a-d7e7b326aae1 None None] initial_cpu_allocation_ratio = 4.0 {{(pid=99760) log_opt_values /opt/stack/data/venv/lib/python3.12/site-packages/oslo_config/cfg.py:2995}}
May 18 18:32:09.292222 np0000174508 devstack@n-api.service[99760]: DEBUG nova.api.openstack.wsgi_app [None req-6d43ff41-0457-4e21-aa4a-d7e7b326aae1 None None] initial_disk_allocation_ratio = 1.0 {{(pid=99760) log_opt_values /opt/stack/data/venv/lib/python3.12/site-packages/oslo_config/cfg.py:2995}}
May 18 18:32:09.292352 np0000174508 devstack@n-api.service[99760]: DEBUG nova.api.openstack.wsgi_app [None req-6d43ff41-0457-4e21-aa4a-d7e7b326aae1 None None] initial_ram_allocation_ratio = 1.0 {{(pid=99760) log_opt_values /opt/stack/data/venv/lib/python3.12/site-packages/oslo_config/cfg.py:2995}}
