+ exec neutron-metadata-agent --config-file /etc/neutron/neutron.conf --config-file /tmp/pod-shared/neutron-agent.ini --config-file /etc/neutron/metadata_agent.ini /var/lib/openstack/lib/python3.10/site-packages/neutron/common/utils.py:54: UserWarning: pkg_resources is deprecated as an API. See https://setuptools.pypa.io/en/latest/pkg_resources.html. The pkg_resources package is slated for removal as early as 2025-11-30. Refrain from using this package or pin to Setuptools<81. import pkg_resources
2026-05-30 10:21:43.096 38 INFO neutron.common.config [-] Logging enabled!
2026-05-30 10:21:43.096 38 INFO neutron.common.config [-] /var/lib/openstack/bin/neutron-metadata-agent version 23.5.0 /var/lib/openstack/lib/python3.10/site-packages/memcache.py:1303: SyntaxWarning: "is" with a literal. Did you mean "=="? if key is '': /var/lib/openstack/lib/python3.10/site-packages/memcache.py:1304: SyntaxWarning: "is" with a literal. Did you mean "=="? if key_extra_len is 0:
2026-05-30 10:21:43.111 38 INFO oslo_service.service [None req-6e74c6f0-2f23-4539-8030-f9c444f5f35c - - - - - -] Starting 2 workers
2026-05-30 10:21:43.121 47 INFO eventlet.wsgi.server [-] (47) wsgi starting up on http:/var/lib/neutron/openstack-helm/metadata_proxy
2026-05-30 10:21:43.121 46 INFO eventlet.wsgi.server [-] (46) wsgi starting up on http:/var/lib/neutron/openstack-helm/metadata_proxy
2026-05-30 10:22:54.820 46 INFO eventlet.wsgi.server [-] 169.254.169.254, "GET / HTTP/1.1" status: 404 len: 176 time: 0.1512542
2026-05-30 10:25:16.060 46 INFO eventlet.wsgi.server [-] 169.254.169.254, "GET / HTTP/1.1" status: 404 len: 176 time: 0.0056887
2026-05-30 10:28:26.137 46 INFO eventlet.wsgi.server [-] 169.254.169.254, "GET / HTTP/1.1" status: 404 len: 176 time: 0.0070701
2026-05-30 10:28:56.200 46 INFO eventlet.wsgi.server [-] 169.254.169.254, "GET / HTTP/1.1" status: 404 len: 176 time: 0.0090077
2026-05-30 10:31:36.087 46 INFO eventlet.wsgi.server [-] 169.254.169.254, "GET / HTTP/1.1" status: 404 len: 176 time: 0.0081887
2026-05-30 10:34:47.108 47 INFO eventlet.wsgi.server [-] 169.254.169.254, "GET / HTTP/1.1" status: 404 len: 176 time: 0.1685131
2026-05-30 10:37:56.093 47 INFO eventlet.wsgi.server [-] 169.254.169.254, "GET / HTTP/1.1" status: 404 len: 176 time: 0.0103269
2026-05-30 10:38:56.173 46 INFO eventlet.wsgi.server [-] 169.254.169.254, "GET / HTTP/1.1" status: 404 len: 176 time: 0.0053344
2026-05-30 10:41:06.186 46 INFO eventlet.wsgi.server [-] 169.254.169.254, "GET / HTTP/1.1" status: 404 len: 176 time: 0.0072241
2026-05-30 10:44:16.166 47 INFO eventlet.wsgi.server [-] 169.254.169.254, "GET / HTTP/1.1" status: 404 len: 176 time: 0.0093200
2026-05-30 10:47:26.159 47 INFO eventlet.wsgi.server [-] 169.254.169.254, "GET / HTTP/1.1" status: 404 len: 176 time: 0.0718167
2026-05-30 10:48:56.116 46 INFO eventlet.wsgi.server [-] 169.254.169.254, "GET / HTTP/1.1" status: 404 len: 176 time: 0.0086164
2026-05-30 10:50:36.127 46 INFO eventlet.wsgi.server [-] 169.254.169.254, "GET / HTTP/1.1" status: 404 len: 176 time: 0.0065763
2026-05-30 10:53:46.155 46 INFO eventlet.wsgi.server [-] 169.254.169.254, "GET / HTTP/1.1" status: 404 len: 176 time: 0.0063617
2026-05-30 10:55:07.215 47 INFO eventlet.wsgi.server [-] 10.100.0.7, "GET /2009-04-04/meta-data/instance-id HTTP/1.1" status: 200 len: 146 time: 1.7768357
2026-05-30 10:55:07.259 46 INFO eventlet.wsgi.server [-] 10.100.0.7, "GET /2009-04-04/meta-data/public-keys HTTP/1.1" status: 200 len: 164 time: 0.0304868
2026-05-30 10:55:07.280 46 INFO eventlet.wsgi.server [-] 10.100.0.7, "GET /2009-04-04/meta-data/public-keys/0/openssh-key HTTP/1.1" status: 200 len: 341 time: 0.0135138
2026-05-30 10:55:07.303 47 INFO eventlet.wsgi.server [-] 10.100.0.7, "GET /2009-04-04/meta-data/instance-id HTTP/1.1" status: 200 len: 146 time: 0.0151107
2026-05-30 10:55:07.326 47 INFO eventlet.wsgi.server [-] 10.100.0.7, "GET /2009-04-04/meta-data/ami-launch-index HTTP/1.1" status: 200 len: 136 time: 0.0170038
2026-05-30 10:55:07.349 47 INFO eventlet.wsgi.server [-] 10.100.0.7, "GET /2009-04-04/meta-data/instance-type HTTP/1.1" status: 200 len: 142 time: 0.0168624
2026-05-30 10:55:07.372 47 INFO eventlet.wsgi.server [-] 10.100.0.7, "GET /2009-04-04/meta-data/local-ipv4 HTTP/1.1" status: 200 len: 146 time: 0.0158281
2026-05-30 10:55:07.393 47 INFO eventlet.wsgi.server [-] 10.100.0.7, "GET /2009-04-04/meta-data/public-ipv4 HTTP/1.1" status: 200 len: 149 time: 0.0151982
2026-05-30 10:55:07.417 46 INFO eventlet.wsgi.server [-] 10.100.0.7, "GET /2009-04-04/meta-data/hostname HTTP/1.1" status: 200 len: 200 time: 0.0159152
2026-05-30 10:55:07.441 47 INFO eventlet.wsgi.server [-] 10.100.0.7, "GET /2009-04-04/meta-data/local-hostname HTTP/1.1" status: 200 len: 200 time: 0.0154092
2026-05-30 10:55:07.460 47 INFO eventlet.wsgi.server [-] 10.100.0.7, "GET /2009-04-04/user-data HTTP/1.1" status: 200 len: 231 time: 0.0134015
2026-05-30 10:55:07.480 47 INFO eventlet.wsgi.server [-] 10.100.0.7, "GET /2009-04-04/meta-data/block-device-mapping HTTP/1.1" status: 200 len: 143 time: 0.0114341
2026-05-30 10:55:07.501 46 INFO eventlet.wsgi.server [-] 10.100.0.7, "GET /2009-04-04/meta-data/block-device-mapping/ami HTTP/1.1" status: 200 len: 138 time: 0.0142460
2026-05-30 10:55:07.520 46 INFO eventlet.wsgi.server [-] 10.100.0.7, "GET /2009-04-04/meta-data/block-device-mapping/root HTTP/1.1" status: 200 len: 143 time: 0.0147157
2026-05-30 10:55:07.547 46 INFO eventlet.wsgi.server [-] 10.100.0.7, "GET /2009-04-04/meta-data/public-hostname HTTP/1.1" status: 200 len: 200 time: 0.0182090
2026-05-30 10:55:07.570 46 INFO eventlet.wsgi.server [-] 10.100.0.7, "GET /2009-04-04/meta-data/placement/availability-zone HTTP/1.1" status: 200 len: 139 time: 0.0146394
2026-05-30 10:55:52.812 46 INFO eventlet.wsgi.server [-] 10.100.0.10, "GET /2009-04-04/meta-data/instance-id HTTP/1.1" status: 200 len: 146 time: 1.7124913
2026-05-30 10:55:52.840 47 INFO eventlet.wsgi.server [-] 10.100.0.10, "GET /2009-04-04/meta-data/public-keys HTTP/1.1" status: 200 len: 163 time: 0.0151930
2026-05-30 10:55:52.867 47 INFO eventlet.wsgi.server [-] 10.100.0.10, "GET /2009-04-04/meta-data/public-keys/0/openssh-key HTTP/1.1" status: 200 len: 341 time: 0.0188951
2026-05-30 10:55:52.890 46 INFO eventlet.wsgi.server [-] 10.100.0.10, "GET /2009-04-04/meta-data/instance-id HTTP/1.1" status: 200 len: 146 time: 0.0166395
2026-05-30 10:55:52.919 46 INFO eventlet.wsgi.server [-] 10.100.0.10, "GET /2009-04-04/meta-data/ami-launch-index HTTP/1.1" status: 200 len: 136 time: 0.0185156
2026-05-30 10:55:52.942 47 INFO eventlet.wsgi.server [-] 10.100.0.10, "GET /2009-04-04/meta-data/instance-type HTTP/1.1" status: 200 len: 142 time: 0.0173564
2026-05-30 10:55:52.973 46 INFO eventlet.wsgi.server [-] 10.100.0.10, "GET /2009-04-04/meta-data/local-ipv4 HTTP/1.1" status: 200 len: 147 time: 0.0198927
2026-05-30 10:55:52.994 46 INFO eventlet.wsgi.server [-] 10.100.0.10, "GET /2009-04-04/meta-data/public-ipv4 HTTP/1.1" status: 200 len: 149 time: 0.0136969
2026-05-30 10:55:53.014 46 INFO eventlet.wsgi.server [-] 10.100.0.10, "GET /2009-04-04/meta-data/hostname HTTP/1.1" status: 200 len: 193 time: 0.0128369
2026-05-30 10:55:53.035 47 INFO eventlet.wsgi.server [-] 10.100.0.10, "GET /2009-04-04/meta-data/local-hostname HTTP/1.1" status: 200 len: 193 time: 0.0139604
2026-05-30 10:55:53.064 46 INFO eventlet.wsgi.server [-] 10.100.0.10, "GET /2009-04-04/user-data HTTP/1.1" status: 200 len: 231 time: 0.0219164
2026-05-30 10:55:53.099 46 INFO eventlet.wsgi.server [-] 10.100.0.10, "GET /2009-04-04/meta-data/block-device-mapping HTTP/1.1" status: 200 len: 143 time: 0.0134614
2026-05-30 10:55:53.124 46 INFO eventlet.wsgi.server [-] 10.100.0.10, "GET /2009-04-04/meta-data/block-device-mapping/ami HTTP/1.1" status: 200 len: 138 time: 0.0174277
2026-05-30 10:55:53.143 46 INFO eventlet.wsgi.server [-] 10.100.0.10, "GET /2009-04-04/meta-data/block-device-mapping/root HTTP/1.1" status: 200 len: 143 time: 0.0122957
2026-05-30 10:55:53.164 46 INFO eventlet.wsgi.server [-] 10.100.0.10, "GET /2009-04-04/meta-data/public-hostname HTTP/1.1" status: 200 len: 193 time: 0.0134718
2026-05-30 10:55:53.186 46 INFO eventlet.wsgi.server [-] 10.100.0.10, "GET /2009-04-04/meta-data/placement/availability-zone HTTP/1.1" status: 200 len: 139 time: 0.0134296
2026-05-30 10:56:11.530 46 INFO eventlet.wsgi.server [-] 10.100.0.10, "GET /2009-04-04/meta-data/instance-id HTTP/1.1" status: 200 len: 146 time: 0.5168951
2026-05-30 10:56:11.562 46 INFO eventlet.wsgi.server [-] 10.100.0.10, "GET /2009-04-04/meta-data/public-keys HTTP/1.1" status: 200 len: 163 time: 0.0196493
2026-05-30 10:56:11.586 46 INFO eventlet.wsgi.server [-] 10.100.0.10, "GET /2009-04-04/meta-data/public-keys/0/openssh-key HTTP/1.1" status: 200 len: 341 time: 0.0187557
2026-05-30 10:56:11.604 46 INFO eventlet.wsgi.server [-] 10.100.0.10, "GET /2009-04-04/meta-data/instance-id HTTP/1.1" status: 200 len: 146 time: 0.0107272
2026-05-30 10:56:11.625 46 INFO eventlet.wsgi.server [-] 10.100.0.10, "GET /2009-04-04/meta-data/ami-launch-index HTTP/1.1" status: 200 len: 136 time: 0.0154486
2026-05-30 10:56:11.644 46 INFO eventlet.wsgi.server [-] 10.100.0.10, "GET /2009-04-04/meta-data/instance-type HTTP/1.1" status: 200 len: 142 time: 0.0130606
2026-05-30 10:56:11.661 46 INFO eventlet.wsgi.server [-] 10.100.0.10, "GET /2009-04-04/meta-data/local-ipv4 HTTP/1.1" status: 200 len: 147 time: 0.0109899
2026-05-30 10:56:11.681 46 INFO eventlet.wsgi.server [-] 10.100.0.10, "GET /2009-04-04/meta-data/public-ipv4 HTTP/1.1" status: 200 len: 149 time: 0.0117311
2026-05-30 10:56:11.702 46 INFO eventlet.wsgi.server [-] 10.100.0.10, "GET /2009-04-04/meta-data/hostname HTTP/1.1" status: 200 len: 193 time: 0.0126646
2026-05-30 10:56:11.724 46 INFO eventlet.wsgi.server [-] 10.100.0.10, "GET /2009-04-04/meta-data/local-hostname HTTP/1.1" status: 200 len: 193 time: 0.0143867
2026-05-30 10:56:11.745 46 INFO eventlet.wsgi.server [-] 10.100.0.10, "GET /2009-04-04/user-data HTTP/1.1" status: 200 len: 231 time: 0.0133166
2026-05-30 10:56:11.765 46 INFO eventlet.wsgi.server [-] 10.100.0.10, "GET /2009-04-04/meta-data/block-device-mapping HTTP/1.1" status: 200 len: 143 time: 0.0127513
2026-05-30 10:56:11.782 46 INFO eventlet.wsgi.server [-] 10.100.0.10, "GET /2009-04-04/meta-data/block-device-mapping/ami HTTP/1.1" status: 200 len: 138 time: 0.0112932
2026-05-30 10:56:11.800 46 INFO eventlet.wsgi.server [-] 10.100.0.10, "GET /2009-04-04/meta-data/block-device-mapping/root HTTP/1.1" status: 200 len: 143 time: 0.0120189
2026-05-30 10:56:11.828 46 INFO eventlet.wsgi.server [-] 10.100.0.10, "GET /2009-04-04/meta-data/public-hostname HTTP/1.1" status: 200 len: 193 time: 0.0111635
2026-05-30 10:56:11.847 46 INFO eventlet.wsgi.server [-] 10.100.0.10, "GET /2009-04-04/meta-data/placement/availability-zone HTTP/1.1" status: 200 len: 139 time: 0.0113111
2026-05-30 10:56:43.995 47 INFO eventlet.wsgi.server [-] 10.100.0.13, "GET /latest/meta-data/public-ipv4 HTTP/1.1" status: 200 len: 149 time: 0.2220249
2026-05-30 10:56:44.317 47 INFO eventlet.wsgi.server [-] 10.100.0.13, "POST /openstack/2013-10-17/password HTTP/1.1" status: 200 len: 134 time: 0.2050092
2026-05-30 10:56:56.080 47 INFO eventlet.wsgi.server [-] 169.254.169.254, "GET / HTTP/1.1" status: 404 len: 176 time: 0.0167024
2026-05-30 10:58:26.067 46 INFO eventlet.wsgi.server [-] 10.100.0.8, "GET /2009-04-04/meta-data/instance-id HTTP/1.1" status: 200 len: 146 time: 0.3101454
2026-05-30 10:58:26.103 47 INFO eventlet.wsgi.server [-] 10.100.0.8, "GET /2009-04-04/meta-data/public-keys HTTP/1.1" status: 200 len: 176 time: 0.0280554
2026-05-30 10:58:26.123 47 INFO eventlet.wsgi.server [-] 10.100.0.8, "GET /2009-04-04/meta-data/public-keys/0/openssh-key HTTP/1.1" status: 200 len: 341 time: 0.0128484
2026-05-30 10:58:26.155 46 INFO eventlet.wsgi.server [-] 10.100.0.8, "GET /2009-04-04/meta-data/instance-id HTTP/1.1" status: 200 len: 146 time: 0.0235827
2026-05-30 10:58:26.174 46 INFO eventlet.wsgi.server [-] 10.100.0.8, "GET /2009-04-04/meta-data/ami-launch-index HTTP/1.1" status: 200 len: 136 time: 0.0125771
2026-05-30 10:58:26.193 46 INFO eventlet.wsgi.server [-] 10.100.0.8, "GET /2009-04-04/meta-data/instance-type HTTP/1.1" status: 200 len: 142 time: 0.0138347
2026-05-30 10:58:26.222 47 INFO eventlet.wsgi.server [-] 10.100.0.8, "GET /2009-04-04/meta-data/local-ipv4 HTTP/1.1" status: 200 len: 146 time: 0.0224142
2026-05-30 10:58:26.255 47 INFO eventlet.wsgi.server [-] 10.100.0.8, "GET /2009-04-04/meta-data/public-ipv4 HTTP/1.1" status: 200 len: 149 time: 0.0251784
2026-05-30 10:58:26.276 46 INFO eventlet.wsgi.server [-] 10.100.0.8, "GET /2009-04-04/meta-data/hostname HTTP/1.1" status: 200 len: 191 time: 0.0154409
2026-05-30 10:58:26.312 46 INFO eventlet.wsgi.server [-] 10.100.0.8, "GET /2009-04-04/meta-data/local-hostname HTTP/1.1" status: 200 len: 191 time: 0.0268500
2026-05-30 10:58:26.334 46 INFO neutron.agent.metadata.agent [-] The instance: 2ab9d789-bad9-486b-9889-e43fa198026c is not present anymore, skipping cache...
2026-05-30 10:58:26.385 46 INFO eventlet.wsgi.server [-] 10.100.0.8, "GET /2009-04-04/user-data HTTP/1.1" status: 404 len: 297 time: 0.0664425
2026-05-30 10:58:26.412 46 INFO eventlet.wsgi.server [-] 10.100.0.8, "GET /2009-04-04/meta-data/block-device-mapping HTTP/1.1" status: 200 len: 143 time: 0.0170438
2026-05-30 10:58:26.437 46 INFO eventlet.wsgi.server [-] 10.100.0.8, "GET /2009-04-04/meta-data/block-device-mapping/ami HTTP/1.1" status: 200 len: 138 time: 0.0186520
2026-05-30 10:58:26.452 46 INFO eventlet.wsgi.server [-] 10.100.0.8, "GET /2009-04-04/meta-data/block-device-mapping/root HTTP/1.1" status: 200 len: 143 time: 0.0112879
2026-05-30 10:58:26.482 46 INFO eventlet.wsgi.server [-] 10.100.0.8, "GET /2009-04-04/meta-data/public-hostname HTTP/1.1" status: 200 len: 191 time: 0.0221806
2026-05-30 10:58:26.514 47 INFO eventlet.wsgi.server [-] 10.100.0.8, "GET /2009-04-04/meta-data/placement/availability-zone HTTP/1.1" status: 200 len: 139 time: 0.0262046
2026-05-30 10:58:48.887 47 INFO eventlet.wsgi.server [-] 10.100.0.9, "GET /2009-04-04/meta-data/instance-id HTTP/1.1" status: 200 len: 146 time: 0.2188590
2026-05-30 10:58:48.919 47 INFO eventlet.wsgi.server [-] 10.100.0.9, "GET /2009-04-04/meta-data/public-keys HTTP/1.1" status: 200 len: 175 time: 0.0222166
2026-05-30 10:58:48.942 46 INFO eventlet.wsgi.server [-] 10.100.0.9, "GET /2009-04-04/meta-data/public-keys/0/openssh-key HTTP/1.1" status: 200 len: 341 time: 0.0140293
2026-05-30 10:58:48.969 46 INFO eventlet.wsgi.server [-] 10.100.0.9, "GET /2009-04-04/meta-data/instance-id HTTP/1.1" status: 200 len: 146 time: 0.0190639
2026-05-30 10:58:48.991 46 INFO eventlet.wsgi.server [-] 10.100.0.9, "GET /2009-04-04/meta-data/ami-launch-index HTTP/1.1" status: 200 len: 136 time: 0.0118933
2026-05-30 10:58:49.013 47 INFO eventlet.wsgi.server [-] 10.100.0.9, "GET /2009-04-04/meta-data/instance-type HTTP/1.1" status: 200 len: 142 time: 0.0141771
2026-05-30 10:58:49.035 47 INFO eventlet.wsgi.server [-] 10.100.0.9, "GET /2009-04-04/meta-data/local-ipv4 HTTP/1.1" status: 200 len: 146 time: 0.0133164
2026-05-30 10:58:49.057 47 INFO eventlet.wsgi.server [-] 10.100.0.9, "GET /2009-04-04/meta-data/public-ipv4 HTTP/1.1" status: 200 len: 149 time: 0.0146840
2026-05-30 10:58:49.077 47 INFO eventlet.wsgi.server [-] 10.100.0.9, "GET /2009-04-04/meta-data/hostname HTTP/1.1" status: 200 len: 191 time: 0.0121028
2026-05-30 10:58:49.096 47 INFO eventlet.wsgi.server [-] 10.100.0.9, "GET /2009-04-04/meta-data/local-hostname HTTP/1.1" status: 200 len: 191 time: 0.0124462
2026-05-30 10:58:49.115 47 INFO neutron.agent.metadata.agent [-] The instance: 0a12c037-e380-4a89-b2a9-eace524ef102 is not present anymore, skipping cache...
2026-05-30 10:58:49.168 47 INFO eventlet.wsgi.server [-] 10.100.0.9, "GET /2009-04-04/user-data HTTP/1.1" status: 404 len: 297 time: 0.0661235
2026-05-30 10:58:49.214 47 INFO eventlet.wsgi.server [-] 10.100.0.9, "GET /2009-04-04/meta-data/block-device-mapping HTTP/1.1" status: 200 len: 143 time: 0.0305388
2026-05-30 10:58:49.234 47 INFO eventlet.wsgi.server [-] 10.100.0.9, "GET /2009-04-04/meta-data/block-device-mapping/ami HTTP/1.1" status: 200 len: 138 time: 0.0160799
2026-05-30 10:58:49.258 47 INFO eventlet.wsgi.server [-] 10.100.0.9, "GET /2009-04-04/meta-data/block-device-mapping/root HTTP/1.1" status: 200 len: 143 time: 0.0162251
2026-05-30 10:58:49.282 47 INFO eventlet.wsgi.server [-] 10.100.0.9, "GET /2009-04-04/meta-data/public-hostname HTTP/1.1" status: 200 len: 191 time: 0.0132611
2026-05-30 10:58:49.312 47 INFO eventlet.wsgi.server [-] 10.100.0.9, "GET /2009-04-04/meta-data/placement/availability-zone HTTP/1.1" status: 200 len: 139 time: 0.0202615
2026-05-30 10:58:51.335 47 INFO eventlet.wsgi.server [-] 10.2.1.77, "GET /2009-04-04/meta-data/instance-id HTTP/1.1" status: 200 len: 146 time: 0.3634982
2026-05-30 10:58:51.365 47 INFO eventlet.wsgi.server [-] 10.2.1.77, "GET /2009-04-04/meta-data/public-keys HTTP/1.1" status: 200 len: 173 time: 0.0154269
2026-05-30 10:58:51.384 47 INFO eventlet.wsgi.server [-] 10.2.1.77, "GET /2009-04-04/meta-data/public-keys/0/openssh-key HTTP/1.1" status: 200 len: 341 time: 0.0112488
2026-05-30 10:58:51.409 47 INFO eventlet.wsgi.server [-] 10.2.1.77, "GET /2009-04-04/meta-data/instance-id HTTP/1.1" status: 200 len: 146 time: 0.0121548
2026-05-30 10:58:51.434 47 INFO eventlet.wsgi.server [-] 10.2.1.77, "GET /2009-04-04/meta-data/ami-launch-index HTTP/1.1" status: 200 len: 136 time: 0.0157063
2026-05-30 10:58:51.463 47 INFO eventlet.wsgi.server [-] 10.2.1.77, "GET /2009-04-04/meta-data/instance-type HTTP/1.1" status: 200 len: 142 time: 0.0216365
2026-05-30 10:58:51.487 46 INFO eventlet.wsgi.server [-] 10.2.1.77, "GET /2009-04-04/meta-data/local-ipv4 HTTP/1.1" status: 200 len: 144 time: 0.0164895
2026-05-30 10:58:51.510 46 INFO eventlet.wsgi.server [-] 10.2.1.77, "GET /2009-04-04/meta-data/public-ipv4 HTTP/1.1" status: 200 len: 149 time: 0.0149722
2026-05-30 10:58:51.533 46 INFO eventlet.wsgi.server [-] 10.2.1.77, "GET /2009-04-04/meta-data/hostname HTTP/1.1" status: 200 len: 184 time: 0.0164280
2026-05-30 10:58:51.555 46 INFO eventlet.wsgi.server [-] 10.2.1.77, "GET /2009-04-04/meta-data/local-hostname HTTP/1.1" status: 200 len: 184 time: 0.0148716
2026-05-30 10:58:51.575 46 INFO neutron.agent.metadata.agent [-] The instance: e1033f59-a29c-4d9e-9efa-2cbb63eb4a55 is not present anymore, skipping cache...
2026-05-30 10:58:51.632 46 INFO eventlet.wsgi.server [-] 10.2.1.77, "GET /2009-04-04/user-data HTTP/1.1" status: 404 len: 297 time: 0.0694191
2026-05-30 10:58:51.689 46 INFO eventlet.wsgi.server [-] 10.2.1.77, "GET /2009-04-04/meta-data/block-device-mapping HTTP/1.1" status: 200 len: 143 time: 0.0154493
2026-05-30 10:58:51.713 46 INFO eventlet.wsgi.server [-] 10.2.1.77, "GET /2009-04-04/meta-data/block-device-mapping/ami HTTP/1.1" status: 200 len: 138 time: 0.0185814
2026-05-30 10:58:51.735 46 INFO eventlet.wsgi.server [-] 10.2.1.77, "GET /2009-04-04/meta-data/block-device-mapping/root HTTP/1.1" status: 200 len: 143 time: 0.0134587
2026-05-30 10:58:51.763 47 INFO eventlet.wsgi.server [-] 10.2.1.77, "GET /2009-04-04/meta-data/public-hostname HTTP/1.1" status: 200 len: 184 time: 0.0154521
2026-05-30 10:58:51.790 47 INFO eventlet.wsgi.server [-] 10.2.1.77, "GET /2009-04-04/meta-data/placement/availability-zone HTTP/1.1" status: 200 len: 139 time: 0.0201588
2026-05-30 10:58:56.297 46 INFO eventlet.wsgi.server [-] 169.254.169.254, "GET / HTTP/1.1" status: 404 len: 176 time: 0.1127257
2026-05-30 10:58:58.683 47 INFO eventlet.wsgi.server [-] 10.2.2.141, "GET /2009-04-04/meta-data/instance-id HTTP/1.1" status: 200 len: 146 time: 0.2137039
2026-05-30 10:58:58.710 46 INFO eventlet.wsgi.server [-] 10.2.2.141, "GET /2009-04-04/meta-data/public-keys HTTP/1.1" status: 200 len: 173 time: 0.0155873
2026-05-30 10:58:58.734 46 INFO eventlet.wsgi.server [-] 10.2.2.141, "GET /2009-04-04/meta-data/public-keys/0/openssh-key HTTP/1.1" status: 200 len: 341 time: 0.0161521
2026-05-30 10:58:58.760 46 INFO eventlet.wsgi.server [-] 10.2.2.141, "GET /2009-04-04/meta-data/instance-id HTTP/1.1" status: 200 len: 146 time: 0.0173867
2026-05-30 10:58:58.785 46 INFO eventlet.wsgi.server [-] 10.2.2.141, "GET /2009-04-04/meta-data/ami-launch-index HTTP/1.1" status: 200 len: 136 time: 0.0169134
2026-05-30 10:58:58.809 46 INFO eventlet.wsgi.server [-] 10.2.2.141, "GET /2009-04-04/meta-data/instance-type HTTP/1.1" status: 200 len: 142 time: 0.0158331
2026-05-30 10:58:58.828 46 INFO eventlet.wsgi.server [-] 10.2.2.141, "GET /2009-04-04/meta-data/local-ipv4 HTTP/1.1" status: 200 len: 146 time: 0.0123985
2026-05-30 10:58:58.847 46 INFO eventlet.wsgi.server [-] 10.2.2.141, "GET /2009-04-04/meta-data/public-ipv4 HTTP/1.1" status: 200 len: 149 time: 0.0122321
2026-05-30 10:58:58.869 46 INFO eventlet.wsgi.server [-] 10.2.2.141, "GET /2009-04-04/meta-data/hostname HTTP/1.1" status: 200 len: 184 time: 0.0154417
2026-05-30 10:58:58.887 46 INFO eventlet.wsgi.server [-] 10.2.2.141, "GET /2009-04-04/meta-data/local-hostname HTTP/1.1" status: 200 len: 184 time: 0.0120010
2026-05-30 10:58:58.916 47 INFO neutron.agent.metadata.agent [-] The instance: 36226c88-df5a-4a3f-a861-f3968ebcf3e7 is not present anymore, skipping cache...
2026-05-30 10:58:58.988 47 INFO eventlet.wsgi.server [-] 10.2.2.141, "GET /2009-04-04/user-data HTTP/1.1" status: 404 len: 297 time: 0.0933950
2026-05-30 10:58:59.015 47 INFO eventlet.wsgi.server [-] 10.2.2.141, "GET /2009-04-04/meta-data/block-device-mapping HTTP/1.1" status: 200 len: 143 time: 0.0173664
2026-05-30 10:58:59.037 47 INFO eventlet.wsgi.server [-] 10.2.2.141, "GET /2009-04-04/meta-data/block-device-mapping/ami HTTP/1.1" status: 200 len: 138 time: 0.0168483
2026-05-30 10:58:59.056 47 INFO eventlet.wsgi.server [-] 10.2.2.141, "GET /2009-04-04/meta-data/block-device-mapping/root HTTP/1.1" status: 200 len: 143 time: 0.0127914
2026-05-30 10:58:59.075 47 INFO eventlet.wsgi.server [-] 10.2.2.141, "GET /2009-04-04/meta-data/public-hostname HTTP/1.1" status: 200 len: 184 time: 0.0133331
2026-05-30 10:58:59.099 47 INFO eventlet.wsgi.server [-] 10.2.2.141, "GET /2009-04-04/meta-data/placement/availability-zone HTTP/1.1" status: 200 len: 139 time: 0.0175455
2026-05-30 11:00:06.148 46 INFO eventlet.wsgi.server [-] 169.254.169.254, "GET / HTTP/1.1" status: 404 len: 176 time: 0.0227129
2026-05-30 11:03:16.219 46 INFO eventlet.wsgi.server [-] 169.254.169.254, "GET / HTTP/1.1" status: 404 len: 176 time: 0.0090685
2026-05-30 11:06:26.114 47 INFO eventlet.wsgi.server [-] 169.254.169.254, "GET / HTTP/1.1" status: 404 len: 176 time: 0.0053930