2026-04-13 15:33:06.488 8 INFO neutron.db.ovn_revision_numbers_db [None req-52957e08-2b9e-46d5-8057-2f9be64b8f1b cdbcba4a8f1a4d7bab23f43d930926d2 1a676052064d46b497de86e1fd7e5c80 - - default default] Successfully bumped revision number for resource 80254c76-100e-4346-9668-b4c8e713b5a5 (type: security_group_rules) to 0
2026-04-13 15:33:06.501 8 INFO neutron.db.ovn_revision_numbers_db [None req-52957e08-2b9e-46d5-8057-2f9be64b8f1b cdbcba4a8f1a4d7bab23f43d930926d2 1a676052064d46b497de86e1fd7e5c80 - - default default] Successfully bumped revision number for resource c2fa74a7-ac5d-4acb-826d-f0d9d35d6a9e (type: security_group_rules) to 0
2026-04-13 15:33:06.514 8 INFO neutron.db.ovn_revision_numbers_db [None req-52957e08-2b9e-46d5-8057-2f9be64b8f1b cdbcba4a8f1a4d7bab23f43d930926d2 1a676052064d46b497de86e1fd7e5c80 - - default default] Successfully bumped revision number for resource e1e937b1-9318-4c4a-aa53-f23af2faa160 (type: security_group_rules) to 0 [pid: 8|app: 0|req: 1064/2079] 10.0.0.150 () {32 vars in 774 bytes} [Mon Apr 13 15:33:06 2026] GET /v2.0/security-groups?tenant_id=e0f15e01b1944aa1b151b3f1be68fcb5&name=default => generated 2925 bytes in 403 msecs (HTTP/1.1 200) 4 headers in 158 bytes (1 switches on core 0) [pid: 8|app: 0|req: 1065/2080] 10.0.0.150 () {32 vars in 663 bytes} [Mon Apr 13 15:33:06 2026] GET /v2.0/security-groups => generated 2925 bytes in 28 msecs (HTTP/1.1 200) 4 headers in 158 bytes (1 switches on core 0)
2026-04-13 15:33:06.634 7 WARNING neutron.scheduler.dhcp_agent_scheduler [None req-54354aaa-0fe2-4d68-8d35-ce9cd9fa91a9 7127e5e5360b461aa6651c9f5a4c4ce4 052db1cf8f64496ebd377917cb1c1d0f - - default default] No more DHCP agents
2026-04-13 15:33:06.635 7 WARNING neutron.api.rpc.agentnotifiers.dhcp_rpc_agent_api [None req-54354aaa-0fe2-4d68-8d35-ce9cd9fa91a9 7127e5e5360b461aa6651c9f5a4c4ce4 052db1cf8f64496ebd377917cb1c1d0f - - default default] Unable to schedule network f4f8532d-eaaf-41aa-a9b0-15fe884c4e06: no agents available; will retry on subsequent port and subnet creation events.
2026-04-13 15:33:06.702 8 INFO neutron.plugins.ml2.drivers.ovn.mech_driver.mech_driver [None req-ba586870-e5b2-4561-a916-bde43e98cf84 - - - - - -] OVN reports status down for port: 186651dc-22b8-4c58-8f19-2d7b20fea71b
2026-04-13 15:33:06.714 7 INFO neutron.db.ovn_revision_numbers_db [None req-54354aaa-0fe2-4d68-8d35-ce9cd9fa91a9 7127e5e5360b461aa6651c9f5a4c4ce4 052db1cf8f64496ebd377917cb1c1d0f - - default default] Successfully bumped revision number for resource 186651dc-22b8-4c58-8f19-2d7b20fea71b (type: ports) to 1 [pid: 7|app: 0|req: 1016/2081] 10.0.0.150 () {34 vars in 670 bytes} [Mon Apr 13 15:33:06 2026] POST /v2.0/networks => generated 652 bytes in 519 msecs (HTTP/1.1 201) 4 headers in 162 bytes (1 switches on core 0) [pid: 8|app: 0|req: 1066/2082] 10.0.0.150 () {32 vars in 740 bytes} [Mon Apr 13 15:33:06 2026] DELETE /v2.0/security-groups/13c312df-efcc-45a3-8a7b-9877280cd557 => generated 0 bytes in 358 msecs (HTTP/1.1 204) 2 headers in 112 bytes (1 switches on core 0)
2026-04-13 15:33:06.942 7 WARNING neutron.scheduler.dhcp_agent_scheduler [None req-9b539b19-0d53-4fef-bc1e-a01cfd114d0f 7127e5e5360b461aa6651c9f5a4c4ce4 052db1cf8f64496ebd377917cb1c1d0f - - default default] No more DHCP agents
2026-04-13 15:33:06.946 7 WARNING neutron.api.rpc.agentnotifiers.dhcp_rpc_agent_api [None req-9b539b19-0d53-4fef-bc1e-a01cfd114d0f 7127e5e5360b461aa6651c9f5a4c4ce4 052db1cf8f64496ebd377917cb1c1d0f - - default default] Unable to schedule network f4f8532d-eaaf-41aa-a9b0-15fe884c4e06: no agents available; will retry on subsequent port and subnet creation events.
2026-04-13 15:33:06.983 7 INFO neutron.db.ovn_revision_numbers_db [None req-9b539b19-0d53-4fef-bc1e-a01cfd114d0f 7127e5e5360b461aa6651c9f5a4c4ce4 052db1cf8f64496ebd377917cb1c1d0f - - default default] Successfully bumped revision number for resource 4e0feddb-5c35-4355-a1b5-bd00e14af769 (type: subnets) to 0 [pid: 7|app: 0|req: 1017/2083] 10.0.0.150 () {34 vars in 669 bytes} [Mon Apr 13 15:33:06 2026] POST /v2.0/subnets => generated 646 bytes in 248 msecs (HTTP/1.1 201) 4 headers in 162 bytes (1 switches on core 0)
2026-04-13 15:33:07.128 8 INFO neutron.db.ovn_revision_numbers_db [None req-45d85d96-f32a-47eb-bd54-ae17e67e7039 7127e5e5360b461aa6651c9f5a4c4ce4 052db1cf8f64496ebd377917cb1c1d0f - - default default] Successfully bumped revision number for resource f6b2f9d5-80bc-42e0-8ffc-2e760257f377 (type: routers) to 1 [pid: 8|app: 0|req: 1067/2084] 10.0.0.150 () {34 vars in 669 bytes} [Mon Apr 13 15:33:07 2026] POST /v2.0/routers => generated 607 bytes in 132 msecs (HTTP/1.1 201) 4 headers in 162 bytes (1 switches on core 0) [pid: 7|app: 0|req: 1018/2085] 10.0.0.150 () {32 vars in 774 bytes} [Mon Apr 13 15:33:07 2026] GET /v2.0/security-groups?tenant_id=1efafd84ffd14e4694c84b3e51c819ef&name=default => generated 2925 bytes in 152 msecs (HTTP/1.1 200) 4 headers in 158 bytes (1 switches on core 0)
2026-04-13 15:33:07.299 8 INFO neutron.db.ovn_revision_numbers_db [None req-8760ee29-4f3a-492b-b17b-f3bdb4137ea5 cdbcba4a8f1a4d7bab23f43d930926d2 1a676052064d46b497de86e1fd7e5c80 - - default default] Successfully bumped revision number for resource d01251da-34fb-4a68-be7a-7d6d43775640 (type: security_groups) to 1
2026-04-13 15:33:07.313 8 INFO neutron.db.ovn_revision_numbers_db [None req-8760ee29-4f3a-492b-b17b-f3bdb4137ea5 cdbcba4a8f1a4d7bab23f43d930926d2 1a676052064d46b497de86e1fd7e5c80 - - default default] Successfully bumped revision number for resource 2fdbaef3-c9c1-445c-98e0-3ce31d12a10e (type: security_group_rules) to 0
2026-04-13 15:33:07.324 8 INFO neutron.db.ovn_revision_numbers_db [None req-8760ee29-4f3a-492b-b17b-f3bdb4137ea5 cdbcba4a8f1a4d7bab23f43d930926d2 1a676052064d46b497de86e1fd7e5c80 - - default default] Successfully bumped revision number for resource 7e3f5f5d-f1d7-4078-af6a-0c1517af9aea (type: security_group_rules) to 0
2026-04-13 15:33:07.336 8 INFO neutron.db.ovn_revision_numbers_db [None req-8760ee29-4f3a-492b-b17b-f3bdb4137ea5 cdbcba4a8f1a4d7bab23f43d930926d2 1a676052064d46b497de86e1fd7e5c80 - - default default] Successfully bumped revision number for resource be1ec8ce-38bd-4782-9435-6085ba7dde55 (type: security_group_rules) to 0
2026-04-13 15:33:07.348 8 INFO neutron.db.ovn_revision_numbers_db [None req-8760ee29-4f3a-492b-b17b-f3bdb4137ea5 cdbcba4a8f1a4d7bab23f43d930926d2 1a676052064d46b497de86e1fd7e5c80 - - default default] Successfully bumped revision number for resource dc2df943-d5e3-470b-bcba-dffe743724e2 (type: security_group_rules) to 0 [pid: 8|app: 0|req: 1068/2086] 10.0.0.150 () {32 vars in 774 bytes} [Mon Apr 13 15:33:07 2026] GET /v2.0/security-groups?tenant_id=f2283bccafd6435faaee3f417bd22544&name=default => generated 2925 bytes in 245 msecs (HTTP/1.1 200) 4 headers in 158 bytes (1 switches on core 0)
2026-04-13 15:33:07.492 7 WARNING neutron.scheduler.dhcp_agent_scheduler [None req-893ca5b7-51b2-4ecd-9daf-8600eef9b9a6 7127e5e5360b461aa6651c9f5a4c4ce4 052db1cf8f64496ebd377917cb1c1d0f - - default default] No more DHCP agents
2026-04-13 15:33:07.494 7 WARNING neutron.api.rpc.agentnotifiers.dhcp_rpc_agent_api [None req-893ca5b7-51b2-4ecd-9daf-8600eef9b9a6 7127e5e5360b461aa6651c9f5a4c4ce4 052db1cf8f64496ebd377917cb1c1d0f - - default default] Unable to schedule network f4f8532d-eaaf-41aa-a9b0-15fe884c4e06: no agents available; will retry on subsequent port and subnet creation events.
2026-04-13 15:33:07.612 8 INFO neutron.plugins.ml2.drivers.ovn.mech_driver.mech_driver [None req-ba586870-e5b2-4561-a916-bde43e98cf84 - - - - - -] OVN reports status down for port: e75007ce-6594-4476-b13c-e7cc595dc90f
2026-04-13 15:33:07.625 7 INFO neutron.db.ovn_revision_numbers_db [None req-893ca5b7-51b2-4ecd-9daf-8600eef9b9a6 7127e5e5360b461aa6651c9f5a4c4ce4 052db1cf8f64496ebd377917cb1c1d0f - - default default] Successfully bumped revision number for resource e75007ce-6594-4476-b13c-e7cc595dc90f (type: ports) to 1 [pid: 7|app: 0|req: 1019/2087] 10.0.0.150 () {34 vars in 665 bytes} [Mon Apr 13 15:33:07 2026] POST /v2.0/ports => generated 958 bytes in 458 msecs (HTTP/1.1 201) 4 headers in 162 bytes (1 switches on core 0) /var/lib/openstack/lib/python3.12/site-packages/pycadf/identifier.py:70: UserWarning: Invalid uuid: neutron. To ensure interoperability, identifiers should be a valid uuid. warnings.warn(('Invalid uuid: %s. To ensure interoperability, ' [pid: 8|app: 0|req: 1069/2088] 10.0.0.150 () {32 vars in 740 bytes} [Mon Apr 13 15:33:07 2026] DELETE /v2.0/security-groups/2b71c1cf-726d-4107-bb81-636523b5127d => generated 0 bytes in 311 msecs (HTTP/1.1 204) 2 headers in 112 bytes (1 switches on core 0)
2026-04-13 15:33:07.754 7 INFO neutron.services.segments.plugin [-] Segment e36f8876-dcf9-44cb-81b0-b920130e61cd resource provider aggregate not found
2026-04-13 15:33:07.762 7 INFO neutron.services.segments.plugin [-] Segment e36f8876-dcf9-44cb-81b0-b920130e61cd resource provider aggregate not found
2026-04-13 15:33:07.780 7 INFO neutron.services.segments.plugin [-] Segment e36f8876-dcf9-44cb-81b0-b920130e61cd resource provider not found; error: Placement Client Error (4xx): {"errors": [{"status": 404, "title": "Not Found", "detail": "The resource could not be found.\n\n No resource provider with uuid e36f8876-dcf9-44cb-81b0-b920130e61cd found for delete ", "request_id": "req-9a3dc65f-7c45-4b60-b4e0-6ed401ab0316"}]}
2026-04-13 15:33:07.781 7 INFO neutron.services.segments.plugin [-] Segment e36f8876-dcf9-44cb-81b0-b920130e61cd resource provider not found; error: Placement Client Error (4xx): {"errors": [{"status": 404, "title": "Not Found", "detail": "The resource could not be found.\n\n No resource provider with uuid e36f8876-dcf9-44cb-81b0-b920130e61cd found for delete ", "request_id": "req-395b47ae-e367-49e5-ae9b-1b81147580fc"}]} [pid: 7|app: 0|req: 1020/2089] 10.0.0.150 () {32 vars in 740 bytes} [Mon Apr 13 15:33:07 2026] DELETE /v2.0/security-groups/d01251da-34fb-4a68-be7a-7d6d43775640 => generated 0 bytes in 260 msecs (HTTP/1.1 204) 2 headers in 112 bytes (1 switches on core 0)
2026-04-13 15:33:08.170 8 INFO neutron.plugins.ml2.drivers.ovn.mech_driver.mech_driver [None req-ba586870-e5b2-4561-a916-bde43e98cf84 - - - - - -] OVN reports status up for port: e75007ce-6594-4476-b13c-e7cc595dc90f
2026-04-13 15:33:08.200 8 INFO neutron.plugins.ml2.plugin [None req-ba586870-e5b2-4561-a916-bde43e98cf84 - - - - - -] Attempt 1 to provision port e75007ce-6594-4476-b13c-e7cc595dc90f
2026-04-13 15:33:08.221 7 INFO neutron.db.ovn_revision_numbers_db [None req-a5061369-1dbf-4e00-a992-efcdd94f7b26 cdbcba4a8f1a4d7bab23f43d930926d2 1a676052064d46b497de86e1fd7e5c80 - - default default] Successfully bumped revision number for resource 256b07fd-21e7-4811-a127-0588facba58b (type: security_groups) to 1
2026-04-13 15:33:08.231 7 INFO neutron.db.ovn_revision_numbers_db [None req-a5061369-1dbf-4e00-a992-efcdd94f7b26 cdbcba4a8f1a4d7bab23f43d930926d2 1a676052064d46b497de86e1fd7e5c80 - - default default] Successfully bumped revision number for resource 16e10ea1-a62e-4ff4-b789-d00b1b014a25 (type: security_group_rules) to 0
2026-04-13 15:33:08.238 8 INFO neutron.db.ovn_revision_numbers_db [None req-03636ea3-c5b4-4fac-acb0-964eafd30e47 7127e5e5360b461aa6651c9f5a4c4ce4 052db1cf8f64496ebd377917cb1c1d0f - - default default] Successfully bumped revision number for resource e75007ce-6594-4476-b13c-e7cc595dc90f (type: ports) to 2
2026-04-13 15:33:08.241 7 INFO neutron.db.ovn_revision_numbers_db [None req-a5061369-1dbf-4e00-a992-efcdd94f7b26 cdbcba4a8f1a4d7bab23f43d930926d2 1a676052064d46b497de86e1fd7e5c80 - - default default] Successfully bumped revision number for resource 1ceb9a56-0f69-435d-9794-9e35da2d0df5 (type: security_group_rules) to 0
2026-04-13 15:33:08.251 7 INFO neutron.db.ovn_revision_numbers_db [None req-a5061369-1dbf-4e00-a992-efcdd94f7b26 cdbcba4a8f1a4d7bab23f43d930926d2 1a676052064d46b497de86e1fd7e5c80 - - default default] Successfully bumped revision number for resource 6bef88f2-6b4b-4703-9ba3-829adbbf42d3 (type: security_group_rules) to 0
2026-04-13 15:33:08.263 7 INFO neutron.db.ovn_revision_numbers_db [None req-a5061369-1dbf-4e00-a992-efcdd94f7b26 cdbcba4a8f1a4d7bab23f43d930926d2 1a676052064d46b497de86e1fd7e5c80 - - default default] Successfully bumped revision number for resource ce7a5051-4a1b-455d-b4bb-099e015d0fec (type: security_group_rules) to 0 [pid: 7|app: 0|req: 1021/2090] 10.0.0.150 () {32 vars in 774 bytes} [Mon Apr 13 15:33:08 2026] GET /v2.0/security-groups?tenant_id=1d4646960d3d49ce92faf32c1724fb04&name=default => generated 2925 bytes in 230 msecs (HTTP/1.1 200) 4 headers in 158 bytes (1 switches on core 0) [pid: 7|app: 0|req: 1022/2091] 10.0.0.150 () {32 vars in 740 bytes} [Mon Apr 13 15:33:08 2026] DELETE /v2.0/security-groups/256b07fd-21e7-4811-a127-0588facba58b => generated 0 bytes in 255 msecs (HTTP/1.1 204) 2 headers in 112 bytes (1 switches on core 0)
2026-04-13 15:33:08.773 7 WARNING neutron.plugins.ml2.drivers.ovn.mech_driver.ovsdb.ovn_client [None req-81646aec-616e-425e-b9cb-48ee16af29e7 - - - - - -] No port found with ID 8fe0ada7-ab86-4b1c-b3d1-693e185057f7: RuntimeError: No port found with ID 8fe0ada7-ab86-4b1c-b3d1-693e185057f7
2026-04-13 15:33:08.853 8 INFO neutron.db.ovn_revision_numbers_db [None req-ba586870-e5b2-4561-a916-bde43e98cf84 - - - - - -] Successfully bumped revision number for resource e75007ce-6594-4476-b13c-e7cc595dc90f (type: ports) to 3
2026-04-13 15:33:09.183 8 WARNING neutron.scheduler.dhcp_agent_scheduler [None req-03636ea3-c5b4-4fac-acb0-964eafd30e47 7127e5e5360b461aa6651c9f5a4c4ce4 052db1cf8f64496ebd377917cb1c1d0f - - default default] No more DHCP agents
2026-04-13 15:33:09.186 8 WARNING neutron.api.rpc.agentnotifiers.dhcp_rpc_agent_api [None req-03636ea3-c5b4-4fac-acb0-964eafd30e47 7127e5e5360b461aa6651c9f5a4c4ce4 052db1cf8f64496ebd377917cb1c1d0f - - default default] Unable to schedule network f4f8532d-eaaf-41aa-a9b0-15fe884c4e06: no agents available; will retry on subsequent port and subnet creation events.
2026-04-13 15:33:09.417 8 INFO neutron.db.ovn_revision_numbers_db [None req-03636ea3-c5b4-4fac-acb0-964eafd30e47 7127e5e5360b461aa6651c9f5a4c4ce4 052db1cf8f64496ebd377917cb1c1d0f - - default default] Successfully bumped revision number for resource e75007ce-6594-4476-b13c-e7cc595dc90f (type: router_ports) to 3 [pid: 8|app: 0|req: 1070/2092] 10.0.0.150 () {34 vars in 783 bytes} [Mon Apr 13 15:33:07 2026] PUT /v2.0/routers/f6b2f9d5-80bc-42e0-8ffc-2e760257f377/add_router_interface => generated 309 bytes in 1723 msecs (HTTP/1.1 200) 4 headers in 157 bytes (1 switches on core 0) [pid: 7|app: 0|req: 1023/2093] 10.0.0.150 () {32 vars in 717 bytes} [Mon Apr 13 15:33:09 2026] GET /v2.0/ports/e75007ce-6594-4476-b13c-e7cc595dc90f => generated 1020 bytes in 40 msecs (HTTP/1.1 200) 4 headers in 158 bytes (1 switches on core 0) /var/lib/openstack/lib/python3.12/site-packages/pycadf/identifier.py:70: UserWarning: Invalid uuid: neutron. To ensure interoperability, identifiers should be a valid uuid. warnings.warn(('Invalid uuid: %s. To ensure interoperability, '
2026-04-13 15:33:09.757 8 INFO neutron_taas.services.taas.taas_plugin [None req-ebccec1c-5cb0-43c8-9b8a-1f8924735402 7127e5e5360b461aa6651c9f5a4c4ce4 052db1cf8f64496ebd377917cb1c1d0f - - default default] TaaS: Handle Delete Port: e75007ce-6594-4476-b13c-e7cc595dc90f
2026-04-13 15:33:09.762 8 INFO neutron_taas.services.taas.tap_mirror_plugin [None req-ebccec1c-5cb0-43c8-9b8a-1f8924735402 7127e5e5360b461aa6651c9f5a4c4ce4 052db1cf8f64496ebd377917cb1c1d0f - - default default] Tap Mirror: Handle Delete Port: e75007ce-6594-4476-b13c-e7cc595dc90f [pid: 8|app: 0|req: 1071/2094] 10.0.0.150 () {34 vars in 789 bytes} [Mon Apr 13 15:33:09 2026] PUT /v2.0/routers/f6b2f9d5-80bc-42e0-8ffc-2e760257f377/remove_router_interface => generated 309 bytes in 576 msecs (HTTP/1.1 200) 4 headers in 157 bytes (1 switches on core 0)
2026-04-13 15:33:10.143 7 INFO neutron.api.v2.resource [None req-54728715-9d34-413f-a390-6589335f85c0 7127e5e5360b461aa6651c9f5a4c4ce4 052db1cf8f64496ebd377917cb1c1d0f - - default default] remove_router_interface failed (client error): The resource could not be found. [pid: 7|app: 0|req: 1024/2095] 10.0.0.150 () {34 vars in 789 bytes} [Mon Apr 13 15:33:10 2026] PUT /v2.0/routers/f6b2f9d5-80bc-42e0-8ffc-2e760257f377/remove_router_interface => generated 197 bytes in 86 msecs (HTTP/1.1 404) 4 headers in 164 bytes (1 switches on core 0) /var/lib/openstack/lib/python3.12/site-packages/pycadf/identifier.py:70: UserWarning: Invalid uuid: neutron. To ensure interoperability, identifiers should be a valid uuid. warnings.warn(('Invalid uuid: %s. To ensure interoperability, ' [pid: 8|app: 0|req: 1072/2096] 10.0.0.150 () {32 vars in 736 bytes} [Mon Apr 13 15:33:10 2026] GET /v2.0/ports?device_id=f6b2f9d5-80bc-42e0-8ffc-2e760257f377 => generated 12 bytes in 25 msecs (HTTP/1.1 200) 4 headers in 156 bytes (1 switches on core 0) [pid: 7|app: 0|req: 1025/2097] 10.0.0.150 () {32 vars in 724 bytes} [Mon Apr 13 15:33:10 2026] DELETE /v2.0/routers/f6b2f9d5-80bc-42e0-8ffc-2e760257f377 => generated 0 bytes in 177 msecs (HTTP/1.1 204) 2 headers in 112 bytes (1 switches on core 0) [pid: 8|app: 0|req: 1073/2098] 10.0.0.150 () {32 vars in 724 bytes} [Mon Apr 13 15:33:10 2026] DELETE /v2.0/subnets/4e0feddb-5c35-4355-a1b5-bd00e14af769 => generated 0 bytes in 162 msecs (HTTP/1.1 204) 3 headers in 131 bytes (1 switches on core 0)
2026-04-13 15:33:10.667 7 INFO neutron_taas.services.taas.taas_plugin [None req-26cf2f9e-7821-49bb-8812-4f1acda51041 7127e5e5360b461aa6651c9f5a4c4ce4 052db1cf8f64496ebd377917cb1c1d0f - - default default] TaaS: Handle Delete Port: 186651dc-22b8-4c58-8f19-2d7b20fea71b
2026-04-13 15:33:10.670 7 INFO neutron_taas.services.taas.tap_mirror_plugin [None req-26cf2f9e-7821-49bb-8812-4f1acda51041 7127e5e5360b461aa6651c9f5a4c4ce4 052db1cf8f64496ebd377917cb1c1d0f - - default default] Tap Mirror: Handle Delete Port: 186651dc-22b8-4c58-8f19-2d7b20fea71b
2026-04-13 15:33:10.883 7 INFO neutron.services.segments.plugin [-] Segment 2933a671-f7b5-40a5-a003-777e7dc014a6 resource provider aggregate not found
2026-04-13 15:33:10.884 7 INFO neutron.services.segments.plugin [-] Segment 2933a671-f7b5-40a5-a003-777e7dc014a6 resource provider aggregate not found
2026-04-13 15:33:10.910 7 INFO neutron.services.segments.plugin [-] Segment 2933a671-f7b5-40a5-a003-777e7dc014a6 resource provider not found; error: Placement Client Error (4xx): {"errors": [{"status": 404, "title": "Not Found", "detail": "The resource could not be found.\n\n No resource provider with uuid 2933a671-f7b5-40a5-a003-777e7dc014a6 found for delete ", "request_id": "req-4461b98c-8757-47a9-b6c9-5e4e3bcce0d3"}]}
2026-04-13 15:33:10.915 7 INFO neutron.services.segments.plugin [-] Segment 2933a671-f7b5-40a5-a003-777e7dc014a6 resource provider not found; error: Placement Client Error (4xx): {"errors": [{"status": 404, "title": "Not Found", "detail": "The resource could not be found.\n\n No resource provider with uuid 2933a671-f7b5-40a5-a003-777e7dc014a6 found for delete ", "request_id": "req-6a3c9f96-2366-48a6-8c8e-10a392468d20"}]} [pid: 7|app: 0|req: 1026/2099] 10.0.0.150 () {32 vars in 726 bytes} [Mon Apr 13 15:33:10 2026] DELETE /v2.0/networks/f4f8532d-eaaf-41aa-a9b0-15fe884c4e06 => generated 0 bytes in 398 msecs (HTTP/1.1 204) 3 headers in 131 bytes (1 switches on core 0)
2026-04-13 15:33:11.041 8 INFO neutron.db.segments_db [None req-1af6bb55-bff9-40db-9e48-714cb22de556 7127e5e5360b461aa6651c9f5a4c4ce4 052db1cf8f64496ebd377917cb1c1d0f - - default default] Added segment 6c60a4ef-ab19-48e3-a67a-c1f785ff4407 of type geneve for network 1aff40bc-71f1-4939-8012-75cdc20403cf
2026-04-13 15:33:11.190 8 INFO neutron.db.ovn_revision_numbers_db [None req-1af6bb55-bff9-40db-9e48-714cb22de556 7127e5e5360b461aa6651c9f5a4c4ce4 052db1cf8f64496ebd377917cb1c1d0f - - default default] Successfully bumped revision number for resource 1aff40bc-71f1-4939-8012-75cdc20403cf (type: networks) to 1
2026-04-13 15:33:11.360 8 WARNING neutron.scheduler.dhcp_agent_scheduler [None req-1af6bb55-bff9-40db-9e48-714cb22de556 7127e5e5360b461aa6651c9f5a4c4ce4 052db1cf8f64496ebd377917cb1c1d0f - - default default] No more DHCP agents
2026-04-13 15:33:11.362 8 WARNING neutron.api.rpc.agentnotifiers.dhcp_rpc_agent_api [None req-1af6bb55-bff9-40db-9e48-714cb22de556 7127e5e5360b461aa6651c9f5a4c4ce4 052db1cf8f64496ebd377917cb1c1d0f - - default default] Unable to schedule network 1aff40bc-71f1-4939-8012-75cdc20403cf: no agents available; will retry on subsequent port and subnet creation events.
2026-04-13 15:33:11.421 7 INFO neutron.plugins.ml2.drivers.ovn.mech_driver.mech_driver [None req-81646aec-616e-425e-b9cb-48ee16af29e7 - - - - - -] OVN reports status down for port: 9288195a-5c9c-4e96-abe3-cdd6f5b4fbb0
2026-04-13 15:33:11.458 8 INFO neutron.db.ovn_revision_numbers_db [None req-1af6bb55-bff9-40db-9e48-714cb22de556 7127e5e5360b461aa6651c9f5a4c4ce4 052db1cf8f64496ebd377917cb1c1d0f - - default default] Successfully bumped revision number for resource 9288195a-5c9c-4e96-abe3-cdd6f5b4fbb0 (type: ports) to 1 [pid: 8|app: 0|req: 1074/2100] 10.0.0.150 () {34 vars in 670 bytes} [Mon Apr 13 15:33:10 2026] POST /v2.0/networks => generated 652 bytes in 560 msecs (HTTP/1.1 201) 4 headers in 162 bytes (1 switches on core 0)
2026-04-13 15:33:11.707 8 WARNING neutron.scheduler.dhcp_agent_scheduler [None req-0439ceae-1c4b-4226-bec7-937baa843cbf 7127e5e5360b461aa6651c9f5a4c4ce4 052db1cf8f64496ebd377917cb1c1d0f - - default default] No more DHCP agents
2026-04-13 15:33:11.709 8 WARNING neutron.api.rpc.agentnotifiers.dhcp_rpc_agent_api [None req-0439ceae-1c4b-4226-bec7-937baa843cbf 7127e5e5360b461aa6651c9f5a4c4ce4 052db1cf8f64496ebd377917cb1c1d0f - - default default] Unable to schedule network 1aff40bc-71f1-4939-8012-75cdc20403cf: no agents available; will retry on subsequent port and subnet creation events.
2026-04-13 15:33:11.735 8 INFO neutron.db.ovn_revision_numbers_db [None req-0439ceae-1c4b-4226-bec7-937baa843cbf 7127e5e5360b461aa6651c9f5a4c4ce4 052db1cf8f64496ebd377917cb1c1d0f - - default default] Successfully bumped revision number for resource 2e26d253-186e-4311-a832-9e9d2183ff0f (type: subnets) to 0 [pid: 8|app: 0|req: 1075/2101] 10.0.0.150 () {34 vars in 669 bytes} [Mon Apr 13 15:33:11 2026] POST /v2.0/subnets => generated 646 bytes in 241 msecs (HTTP/1.1 201) 4 headers in 162 bytes (1 switches on core 0)
2026-04-13 15:33:11.845 7 INFO neutron.db.ovn_revision_numbers_db [None req-8eb05c7d-34c2-4d6f-af6a-1c11797473c3 cdbcba4a8f1a4d7bab23f43d930926d2 1a676052064d46b497de86e1fd7e5c80 - - default default] Successfully bumped revision number for resource 6a2374b5-b8cd-4e22-af19-38ea38357cf3 (type: security_groups) to 1
2026-04-13 15:33:11.861 7 INFO neutron.db.ovn_revision_numbers_db [None req-8eb05c7d-34c2-4d6f-af6a-1c11797473c3 cdbcba4a8f1a4d7bab23f43d930926d2 1a676052064d46b497de86e1fd7e5c80 - - default default] Successfully bumped revision number for resource 58bbb613-864e-4a01-896b-139b5390fac1 (type: security_group_rules) to 0
2026-04-13 15:33:11.879 7 INFO neutron.db.ovn_revision_numbers_db [None req-8eb05c7d-34c2-4d6f-af6a-1c11797473c3 cdbcba4a8f1a4d7bab23f43d930926d2 1a676052064d46b497de86e1fd7e5c80 - - default default] Successfully bumped revision number for resource 5f584bda-8571-4976-b499-8a911cbe3683 (type: security_group_rules) to 0
2026-04-13 15:33:11.891 7 INFO neutron.db.ovn_revision_numbers_db [None req-8eb05c7d-34c2-4d6f-af6a-1c11797473c3 cdbcba4a8f1a4d7bab23f43d930926d2 1a676052064d46b497de86e1fd7e5c80 - - default default] Successfully bumped revision number for resource 87def5c4-a2d9-49d1-8292-dad30e0b26c7 (type: security_group_rules) to 0
2026-04-13 15:33:11.900 8 INFO neutron.db.ovn_revision_numbers_db [None req-9c4a9a87-2f1f-46ba-b446-6d98819acab3 7127e5e5360b461aa6651c9f5a4c4ce4 052db1cf8f64496ebd377917cb1c1d0f - - default default] Successfully bumped revision number for resource 0bdb2fa8-f76a-4365-9537-f03deca9f1ab (type: routers) to 1
2026-04-13 15:33:11.903 7 INFO neutron.db.ovn_revision_numbers_db [None req-8eb05c7d-34c2-4d6f-af6a-1c11797473c3 cdbcba4a8f1a4d7bab23f43d930926d2 1a676052064d46b497de86e1fd7e5c80 - - default default] Successfully bumped revision number for resource e250f0ed-81f5-4c4f-9836-8752cf5ffab3 (type: security_group_rules) to 0 [pid: 8|app: 0|req: 1078/2104] 10.0.0.150 () {34 vars in 669 bytes} [Mon Apr 13 15:33:11 2026] POST /v2.0/routers => generated 607 bytes in 159 msecs (HTTP/1.1 201) 4 headers in 162 bytes (1 switches on core 0) [pid: 7|app: 0|req: 1027/2105] 10.0.0.150 () {32 vars in 774 bytes} [Mon Apr 13 15:33:11 2026] GET /v2.0/security-groups?tenant_id=5a62d57b9ea2490c94fe7064e008a367&name=default => generated 2925 bytes in 475 msecs (HTTP/1.1 200) 4 headers in 158 bytes (1 switches on core 0) [pid: 7|app: 0|req: 1028/2106] 10.0.0.150 () {32 vars in 740 bytes} [Mon Apr 13 15:33:11 2026] DELETE /v2.0/security-groups/6a2374b5-b8cd-4e22-af19-38ea38357cf3 => generated 0 bytes in 268 msecs (HTTP/1.1 204) 2 headers in 112 bytes (1 switches on core 0)
2026-04-13 15:33:12.311 8 WARNING neutron.scheduler.dhcp_agent_scheduler [None req-914a2771-6fe1-4b6e-9321-605e887d216f 7127e5e5360b461aa6651c9f5a4c4ce4 052db1cf8f64496ebd377917cb1c1d0f - - default default] No more DHCP agents
2026-04-13 15:33:12.313 8 WARNING neutron.api.rpc.agentnotifiers.dhcp_rpc_agent_api [None req-914a2771-6fe1-4b6e-9321-605e887d216f 7127e5e5360b461aa6651c9f5a4c4ce4 052db1cf8f64496ebd377917cb1c1d0f - - default default] Unable to schedule network 1aff40bc-71f1-4939-8012-75cdc20403cf: no agents available; will retry on subsequent port and subnet creation events.
2026-04-13 15:33:12.414 8 INFO neutron.db.ovn_revision_numbers_db [None req-914a2771-6fe1-4b6e-9321-605e887d216f 7127e5e5360b461aa6651c9f5a4c4ce4 052db1cf8f64496ebd377917cb1c1d0f - - default default] Successfully bumped revision number for resource a1bcb5e4-4b79-4bf3-9100-421cfa516268 (type: ports) to 1
2026-04-13 15:33:13.149 7 INFO neutron.db.ovn_revision_numbers_db [None req-9832f256-d05d-4a00-9d19-b2899aab6a59 eb8ebb2c53d741b590562262db7c8c21 7d8b6c62cae749f6b5129b18001e23ee - - default default] Successfully bumped revision number for resource 5ab06f72-0ac7-4677-bc2a-a96dcb999d9b (type: security_groups) to 1
2026-04-13 15:33:13.159 7 INFO neutron.db.ovn_revision_numbers_db [None req-9832f256-d05d-4a00-9d19-b2899aab6a59 eb8ebb2c53d741b590562262db7c8c21 7d8b6c62cae749f6b5129b18001e23ee - - default default] Successfully bumped revision number for resource 134d2473-f428-4cc5-9215-83490e4c95ff (type: security_group_rules) to 0
2026-04-13 15:33:13.172 7 INFO neutron.db.ovn_revision_numbers_db [None req-9832f256-d05d-4a00-9d19-b2899aab6a59 eb8ebb2c53d741b590562262db7c8c21 7d8b6c62cae749f6b5129b18001e23ee - - default default] Successfully bumped revision number for resource 17b7717b-0c5a-49ab-ada4-8ea2897b3267 (type: security_group_rules) to 0
2026-04-13 15:33:13.184 7 INFO neutron.db.ovn_revision_numbers_db [None req-9832f256-d05d-4a00-9d19-b2899aab6a59 eb8ebb2c53d741b590562262db7c8c21 7d8b6c62cae749f6b5129b18001e23ee - - default default] Successfully bumped revision number for resource bab0254f-e974-482c-bae9-e120f88d962f (type: security_group_rules) to 0
2026-04-13 15:33:13.196 7 INFO neutron.db.ovn_revision_numbers_db [None req-9832f256-d05d-4a00-9d19-b2899aab6a59 eb8ebb2c53d741b590562262db7c8c21 7d8b6c62cae749f6b5129b18001e23ee - - default default] Successfully bumped revision number for resource efc97250-d814-4e74-8157-62c41d2d84ba (type: security_group_rules) to 0
2026-04-13 15:33:13.271 7 INFO neutron.db.segments_db [None req-9832f256-d05d-4a00-9d19-b2899aab6a59 eb8ebb2c53d741b590562262db7c8c21 7d8b6c62cae749f6b5129b18001e23ee - - default default] Added segment 91f9621f-1ac7-4098-b73c-a5424fa16b1e of type geneve for network 6a020ca1-276d-4738-be61-9a00121f8e9e
2026-04-13 15:33:13.388 7 INFO neutron.db.ovn_revision_numbers_db [None req-9832f256-d05d-4a00-9d19-b2899aab6a59 eb8ebb2c53d741b590562262db7c8c21 7d8b6c62cae749f6b5129b18001e23ee - - default default] Successfully bumped revision number for resource 6a020ca1-276d-4738-be61-9a00121f8e9e (type: networks) to 1
2026-04-13 15:33:13.504 8 WARNING neutron.scheduler.dhcp_agent_scheduler [None req-914a2771-6fe1-4b6e-9321-605e887d216f 7127e5e5360b461aa6651c9f5a4c4ce4 052db1cf8f64496ebd377917cb1c1d0f - - default default] No more DHCP agents
2026-04-13 15:33:13.505 8 WARNING neutron.api.rpc.agentnotifiers.dhcp_rpc_agent_api [None req-914a2771-6fe1-4b6e-9321-605e887d216f 7127e5e5360b461aa6651c9f5a4c4ce4 052db1cf8f64496ebd377917cb1c1d0f - - default default] Unable to schedule network 1aff40bc-71f1-4939-8012-75cdc20403cf: no agents available; will retry on subsequent port and subnet creation events.
2026-04-13 15:33:13.574 7 WARNING neutron.scheduler.dhcp_agent_scheduler [None req-9832f256-d05d-4a00-9d19-b2899aab6a59 eb8ebb2c53d741b590562262db7c8c21 7d8b6c62cae749f6b5129b18001e23ee - - default default] No more DHCP agents
2026-04-13 15:33:13.576 7 WARNING neutron.api.rpc.agentnotifiers.dhcp_rpc_agent_api [None req-9832f256-d05d-4a00-9d19-b2899aab6a59 eb8ebb2c53d741b590562262db7c8c21 7d8b6c62cae749f6b5129b18001e23ee - - default default] Unable to schedule network 6a020ca1-276d-4738-be61-9a00121f8e9e: no agents available; will retry on subsequent port and subnet creation events.
2026-04-13 15:33:13.633 7 INFO neutron.plugins.ml2.drivers.ovn.mech_driver.mech_driver [None req-81646aec-616e-425e-b9cb-48ee16af29e7 - - - - - -] OVN reports status down for port: 14afbf0f-302c-4a1d-806e-8635ff459fd1
2026-04-13 15:33:13.713 7 INFO neutron.db.ovn_revision_numbers_db [None req-9832f256-d05d-4a00-9d19-b2899aab6a59 eb8ebb2c53d741b590562262db7c8c21 7d8b6c62cae749f6b5129b18001e23ee - - default default] Successfully bumped revision number for resource 14afbf0f-302c-4a1d-806e-8635ff459fd1 (type: ports) to 1 [pid: 7|app: 0|req: 1029/2107] 10.0.0.150 () {34 vars in 670 bytes} [Mon Apr 13 15:33:12 2026] POST /v2.0/networks => generated 651 bytes in 816 msecs (HTTP/1.1 201) 4 headers in 162 bytes (1 switches on core 0)
2026-04-13 15:33:13.762 8 INFO neutron.db.ovn_revision_numbers_db [None req-914a2771-6fe1-4b6e-9321-605e887d216f 7127e5e5360b461aa6651c9f5a4c4ce4 052db1cf8f64496ebd377917cb1c1d0f - - default default] Successfully bumped revision number for resource a1bcb5e4-4b79-4bf3-9100-421cfa516268 (type: router_ports) to 1 [pid: 8|app: 0|req: 1079/2108] 10.0.0.150 () {34 vars in 783 bytes} [Mon Apr 13 15:33:11 2026] PUT /v2.0/routers/0bdb2fa8-f76a-4365-9537-f03deca9f1ab/add_router_interface => generated 309 bytes in 1848 msecs (HTTP/1.1 200) 4 headers in 157 bytes (1 switches on core 0) [pid: 8|app: 0|req: 1080/2109] 10.0.0.150 () {32 vars in 717 bytes} [Mon Apr 13 15:33:13 2026] GET /v2.0/ports/a1bcb5e4-4b79-4bf3-9100-421cfa516268 => generated 945 bytes in 43 msecs (HTTP/1.1 200) 4 headers in 157 bytes (1 switches on core 0) [pid: 8|app: 0|req: 1081/2110] 10.0.0.150 () {32 vars in 717 bytes} [Mon Apr 13 15:33:13 2026] GET /v2.0/ports/a1bcb5e4-4b79-4bf3-9100-421cfa516268 => generated 945 bytes in 28 msecs (HTTP/1.1 200) 4 headers in 157 bytes (1 switches on core 0)
2026-04-13 15:33:13.942 7 WARNING neutron.scheduler.dhcp_agent_scheduler [None req-d3943c6f-af02-42ff-b6ac-1cb5cd8aa2d4 eb8ebb2c53d741b590562262db7c8c21 7d8b6c62cae749f6b5129b18001e23ee - - default default] No more DHCP agents
2026-04-13 15:33:13.944 7 WARNING neutron.api.rpc.agentnotifiers.dhcp_rpc_agent_api [None req-d3943c6f-af02-42ff-b6ac-1cb5cd8aa2d4 eb8ebb2c53d741b590562262db7c8c21 7d8b6c62cae749f6b5129b18001e23ee - - default default] Unable to schedule network 6a020ca1-276d-4738-be61-9a00121f8e9e: no agents available; will retry on subsequent port and subnet creation events.
2026-04-13 15:33:14.359 8 WARNING neutron.plugins.ml2.drivers.ovn.mech_driver.ovsdb.ovn_client [None req-6e9d10e0-05c3-4d71-ad38-64867ae6be5d - - - - - -] No port found with ID e75007ce-6594-4476-b13c-e7cc595dc90f: RuntimeError: No port found with ID e75007ce-6594-4476-b13c-e7cc595dc90f
2026-04-13 15:33:14.374 8 INFO neutron.plugins.ml2.drivers.ovn.mech_driver.mech_driver [None req-6e9d10e0-05c3-4d71-ad38-64867ae6be5d - - - - - -] OVN reports status down for port: a1bcb5e4-4b79-4bf3-9100-421cfa516268
2026-04-13 15:33:14.395 7 INFO neutron.db.ovn_revision_numbers_db [None req-ec962234-d933-475e-873d-7642bbe09d51 - - - - - -] Successfully bumped revision number for resource 14afbf0f-302c-4a1d-806e-8635ff459fd1 (type: ports) to 2
2026-04-13 15:33:14.424 8 WARNING neutron.plugins.ml2.drivers.ovn.mech_driver.ovsdb.ovn_client [None req-6e9d10e0-05c3-4d71-ad38-64867ae6be5d - - - - - -] Logical_Switch_Port %s host information not removed, the port state is up
2026-04-13 15:33:14.425 8 INFO neutron.plugins.ml2.drivers.ovn.mech_driver.mech_driver [None req-6e9d10e0-05c3-4d71-ad38-64867ae6be5d - - - - - -] OVN reports status up for port: a1bcb5e4-4b79-4bf3-9100-421cfa516268
2026-04-13 15:33:14.430 7 INFO neutron.db.ovn_revision_numbers_db [None req-ec962234-d933-475e-873d-7642bbe09d51 - - - - - -] Successfully bumped revision number for resource 7db38255-3df0-4661-8344-8ee60f2d3a91 (type: subnets) to 0
2026-04-13 15:33:14.436 8 INFO neutron.plugins.ml2.plugin [None req-6e9d10e0-05c3-4d71-ad38-64867ae6be5d - - - - - -] Attempt 1 to provision port a1bcb5e4-4b79-4bf3-9100-421cfa516268 [pid: 7|app: 0|req: 1030/2111] 10.0.0.150 () {34 vars in 669 bytes} [Mon Apr 13 15:33:13 2026] POST /v2.0/subnets => generated 626 bytes in 701 msecs (HTTP/1.1 201) 4 headers in 162 bytes (1 switches on core 0)
2026-04-13 15:33:14.609 8 INFO neutron.db.segments_db [None req-49edb00b-654f-47b7-8672-870ccedb13f2 eb8ebb2c53d741b590562262db7c8c21 7d8b6c62cae749f6b5129b18001e23ee - - default default] Added segment c71b994e-59c0-47f0-a79f-3a2169d72147 of type geneve for network f5bc0253-af8f-4806-be6d-6534d87500aa
2026-04-13 15:33:14.806 8 INFO neutron.db.ovn_revision_numbers_db [None req-49edb00b-654f-47b7-8672-870ccedb13f2 eb8ebb2c53d741b590562262db7c8c21 7d8b6c62cae749f6b5129b18001e23ee - - default default] Successfully bumped revision number for resource f5bc0253-af8f-4806-be6d-6534d87500aa (type: networks) to 1 [pid: 7|app: 0|req: 1031/2112] 10.0.0.150 () {32 vars in 717 bytes} [Mon Apr 13 15:33:14 2026] GET /v2.0/ports/a1bcb5e4-4b79-4bf3-9100-421cfa516268 => generated 947 bytes in 80 msecs (HTTP/1.1 200) 4 headers in 157 bytes (1 switches on core 0)
2026-04-13 15:33:15.088 8 INFO neutron.db.ovn_revision_numbers_db [None req-6e9d10e0-05c3-4d71-ad38-64867ae6be5d - - - - - -] Successfully bumped revision number for resource a1bcb5e4-4b79-4bf3-9100-421cfa516268 (type: ports) to 2
2026-04-13 15:33:15.188 7 INFO neutron_taas.services.taas.taas_plugin [None req-7ead1c89-f213-4231-8abc-22e671bf7118 7127e5e5360b461aa6651c9f5a4c4ce4 052db1cf8f64496ebd377917cb1c1d0f - - default default] TaaS: Handle Delete Port: a1bcb5e4-4b79-4bf3-9100-421cfa516268
2026-04-13 15:33:15.191 7 INFO neutron_taas.services.taas.tap_mirror_plugin [None req-7ead1c89-f213-4231-8abc-22e671bf7118 7127e5e5360b461aa6651c9f5a4c4ce4 052db1cf8f64496ebd377917cb1c1d0f - - default default] Tap Mirror: Handle Delete Port: a1bcb5e4-4b79-4bf3-9100-421cfa516268
2026-04-13 15:33:15.204 8 WARNING neutron.scheduler.dhcp_agent_scheduler [None req-49edb00b-654f-47b7-8672-870ccedb13f2 eb8ebb2c53d741b590562262db7c8c21 7d8b6c62cae749f6b5129b18001e23ee - - default default] No more DHCP agents
2026-04-13 15:33:15.207 8 WARNING neutron.api.rpc.agentnotifiers.dhcp_rpc_agent_api [None req-49edb00b-654f-47b7-8672-870ccedb13f2 eb8ebb2c53d741b590562262db7c8c21 7d8b6c62cae749f6b5129b18001e23ee - - default default] Unable to schedule network f5bc0253-af8f-4806-be6d-6534d87500aa: no agents available; will retry on subsequent port and subnet creation events.
2026-04-13 15:33:15.324 8 INFO neutron.db.ovn_revision_numbers_db [None req-49edb00b-654f-47b7-8672-870ccedb13f2 eb8ebb2c53d741b590562262db7c8c21 7d8b6c62cae749f6b5129b18001e23ee - - default default] Successfully bumped revision number for resource ca7e1e4b-d936-47ec-9720-b45ce30fff74 (type: ports) to 1 [pid: 8|app: 0|req: 1082/2113] 10.0.0.150 () {34 vars in 670 bytes} [Mon Apr 13 15:33:14 2026] POST /v2.0/networks => generated 649 bytes in 917 msecs (HTTP/1.1 201) 4 headers in 162 bytes (1 switches on core 0) [pid: 7|app: 0|req: 1032/2114] 10.0.0.150 () {34 vars in 789 bytes} [Mon Apr 13 15:33:14 2026] PUT /v2.0/routers/0bdb2fa8-f76a-4365-9537-f03deca9f1ab/remove_router_interface => generated 309 bytes in 549 msecs (HTTP/1.1 200) 4 headers in 157 bytes (1 switches on core 0)
2026-04-13 15:33:15.571 8 WARNING neutron.scheduler.dhcp_agent_scheduler [None req-b1877e0c-5fa7-4528-8ca5-864dd7f29115 eb8ebb2c53d741b590562262db7c8c21 7d8b6c62cae749f6b5129b18001e23ee - - default default] No more DHCP agents
2026-04-13 15:33:15.573 8 WARNING neutron.api.rpc.agentnotifiers.dhcp_rpc_agent_api [None req-b1877e0c-5fa7-4528-8ca5-864dd7f29115 eb8ebb2c53d741b590562262db7c8c21 7d8b6c62cae749f6b5129b18001e23ee - - default default] Unable to schedule network f5bc0253-af8f-4806-be6d-6534d87500aa: no agents available; will retry on subsequent port and subnet creation events. /var/lib/openstack/lib/python3.12/site-packages/pycadf/identifier.py:70: UserWarning: Invalid uuid: neutron. To ensure interoperability, identifiers should be a valid uuid. warnings.warn(('Invalid uuid: %s. To ensure interoperability, '
2026-04-13 15:33:15.763 7 INFO neutron.db.ovn_revision_numbers_db [None req-f0bb7fea-8ec6-4e78-8849-7ac3e7c6cda1 cdbcba4a8f1a4d7bab23f43d930926d2 1a676052064d46b497de86e1fd7e5c80 - - default default] Successfully bumped revision number for resource 91fa24b9-8c55-44e9-89c9-e1c4595a308f (type: security_groups) to 1
2026-04-13 15:33:15.775 7 INFO neutron.db.ovn_revision_numbers_db [None req-f0bb7fea-8ec6-4e78-8849-7ac3e7c6cda1 cdbcba4a8f1a4d7bab23f43d930926d2 1a676052064d46b497de86e1fd7e5c80 - - default default] Successfully bumped revision number for resource 0c5b0b1b-b5c4-46e8-88ae-72e6f802cd03 (type: security_group_rules) to 0
2026-04-13 15:33:15.785 7 INFO neutron.db.ovn_revision_numbers_db [None req-f0bb7fea-8ec6-4e78-8849-7ac3e7c6cda1 cdbcba4a8f1a4d7bab23f43d930926d2 1a676052064d46b497de86e1fd7e5c80 - - default default] Successfully bumped revision number for resource 482bf247-9357-4be9-9e5d-3931a59f0f74 (type: security_group_rules) to 0
2026-04-13 15:33:15.797 7 INFO neutron.db.ovn_revision_numbers_db [None req-f0bb7fea-8ec6-4e78-8849-7ac3e7c6cda1 cdbcba4a8f1a4d7bab23f43d930926d2 1a676052064d46b497de86e1fd7e5c80 - - default default] Successfully bumped revision number for resource 62bc383d-fa8e-4804-a6ad-75015c5df4b1 (type: security_group_rules) to 0
2026-04-13 15:33:15.808 7 INFO neutron.db.ovn_revision_numbers_db [None req-f0bb7fea-8ec6-4e78-8849-7ac3e7c6cda1 cdbcba4a8f1a4d7bab23f43d930926d2 1a676052064d46b497de86e1fd7e5c80 - - default default] Successfully bumped revision number for resource bc028521-2dc6-44a6-b978-61f9e5208d63 (type: security_group_rules) to 0 [pid: 7|app: 0|req: 1033/2115] 10.0.0.150 () {32 vars in 774 bytes} [Mon Apr 13 15:33:15 2026] GET /v2.0/security-groups?tenant_id=f51c3bbdc19d47dfaa2423dd8f7a2970&name=default => generated 2925 bytes in 356 msecs (HTTP/1.1 200) 4 headers in 158 bytes (1 switches on core 0) [pid: 7|app: 0|req: 1034/2116] 10.0.0.150 () {32 vars in 736 bytes} [Mon Apr 13 15:33:15 2026] GET /v2.0/ports?device_id=0bdb2fa8-f76a-4365-9537-f03deca9f1ab => generated 12 bytes in 19 msecs (HTTP/1.1 200) 4 headers in 156 bytes (1 switches on core 0)
2026-04-13 15:33:16.017 8 INFO neutron.db.ovn_revision_numbers_db [None req-1d963249-ebaa-4799-8173-8a1b4bb4d429 - - - - - -] Successfully bumped revision number for resource ca7e1e4b-d936-47ec-9720-b45ce30fff74 (type: ports) to 2
2026-04-13 15:33:16.045 8 INFO neutron.db.ovn_revision_numbers_db [None req-1d963249-ebaa-4799-8173-8a1b4bb4d429 - - - - - -] Successfully bumped revision number for resource 7067f0d9-3d3a-424d-8cc0-6302b4fdfd4b (type: subnets) to 0 [pid: 8|app: 0|req: 1083/2117] 10.0.0.150 () {34 vars in 669 bytes} [Mon Apr 13 15:33:15 2026] POST /v2.0/subnets => generated 629 bytes in 686 msecs (HTTP/1.1 201) 4 headers in 162 bytes (1 switches on core 0) [pid: 7|app: 0|req: 1035/2118] 10.0.0.150 () {32 vars in 740 bytes} [Mon Apr 13 15:33:15 2026] DELETE /v2.0/security-groups/91fa24b9-8c55-44e9-89c9-e1c4595a308f => generated 0 bytes in 263 msecs (HTTP/1.1 204) 2 headers in 112 bytes (1 switches on core 0)
2026-04-13 15:33:16.222 7 INFO neutron.db.segments_db [None req-3661fa89-4e2c-4a19-9ed9-e98f752be297 eb8ebb2c53d741b590562262db7c8c21 7d8b6c62cae749f6b5129b18001e23ee - - default default] Added segment bed57ecb-d6a1-42f7-8c06-6834255f1c94 of type geneve for network 8d3abf46-e7de-47bd-a90b-9d9ee8bef7d5 [pid: 8|app: 0|req: 1084/2119] 10.0.0.150 () {32 vars in 724 bytes} [Mon Apr 13 15:33:16 2026] DELETE /v2.0/routers/0bdb2fa8-f76a-4365-9537-f03deca9f1ab => generated 0 bytes in 180 msecs (HTTP/1.1 204) 2 headers in 112 bytes (1 switches on core 0)
2026-04-13 15:33:16.328 7 INFO neutron.db.ovn_revision_numbers_db [None req-3661fa89-4e2c-4a19-9ed9-e98f752be297 eb8ebb2c53d741b590562262db7c8c21 7d8b6c62cae749f6b5129b18001e23ee - - default default] Successfully bumped revision number for resource 8d3abf46-e7de-47bd-a90b-9d9ee8bef7d5 (type: networks) to 1 [pid: 8|app: 0|req: 1085/2120] 10.0.0.150 () {32 vars in 724 bytes} [Mon Apr 13 15:33:16 2026] DELETE /v2.0/subnets/2e26d253-186e-4311-a832-9e9d2183ff0f => generated 0 bytes in 140 msecs (HTTP/1.1 204) 3 headers in 131 bytes (1 switches on core 0)
2026-04-13 15:33:16.490 7 WARNING neutron.scheduler.dhcp_agent_scheduler [None req-3661fa89-4e2c-4a19-9ed9-e98f752be297 eb8ebb2c53d741b590562262db7c8c21 7d8b6c62cae749f6b5129b18001e23ee - - default default] No more DHCP agents
2026-04-13 15:33:16.490 8 INFO neutron_taas.services.taas.taas_plugin [None req-f66f5be3-a261-4eb3-8f24-c338437da162 7127e5e5360b461aa6651c9f5a4c4ce4 052db1cf8f64496ebd377917cb1c1d0f - - default default] TaaS: Handle Delete Port: 9288195a-5c9c-4e96-abe3-cdd6f5b4fbb0
2026-04-13 15:33:16.492 7 WARNING neutron.api.rpc.agentnotifiers.dhcp_rpc_agent_api [None req-3661fa89-4e2c-4a19-9ed9-e98f752be297 eb8ebb2c53d741b590562262db7c8c21 7d8b6c62cae749f6b5129b18001e23ee - - default default] Unable to schedule network 8d3abf46-e7de-47bd-a90b-9d9ee8bef7d5: no agents available; will retry on subsequent port and subnet creation events.
2026-04-13 15:33:16.493 8 INFO neutron_taas.services.taas.tap_mirror_plugin [None req-f66f5be3-a261-4eb3-8f24-c338437da162 7127e5e5360b461aa6651c9f5a4c4ce4 052db1cf8f64496ebd377917cb1c1d0f - - default default] Tap Mirror: Handle Delete Port: 9288195a-5c9c-4e96-abe3-cdd6f5b4fbb0
2026-04-13 15:33:16.543 7 INFO neutron.plugins.ml2.drivers.ovn.mech_driver.mech_driver [None req-81646aec-616e-425e-b9cb-48ee16af29e7 - - - - - -] OVN reports status down for port: bb36b247-1ca5-4293-b3c4-15082ef3484e
2026-04-13 15:33:16.595 7 INFO neutron.db.ovn_revision_numbers_db [None req-3661fa89-4e2c-4a19-9ed9-e98f752be297 eb8ebb2c53d741b590562262db7c8c21 7d8b6c62cae749f6b5129b18001e23ee - - default default] Successfully bumped revision number for resource bb36b247-1ca5-4293-b3c4-15082ef3484e (type: ports) to 1 [pid: 7|app: 0|req: 1036/2121] 10.0.0.150 () {34 vars in 670 bytes} [Mon Apr 13 15:33:16 2026] POST /v2.0/networks => generated 651 bytes in 527 msecs (HTTP/1.1 201) 4 headers in 162 bytes (1 switches on core 0)
2026-04-13 15:33:16.686 8 INFO neutron.services.segments.plugin [-] Segment 6c60a4ef-ab19-48e3-a67a-c1f785ff4407 resource provider aggregate not found
2026-04-13 15:33:16.690 8 INFO neutron.services.segments.plugin [-] Segment 6c60a4ef-ab19-48e3-a67a-c1f785ff4407 resource provider aggregate not found
2026-04-13 15:33:16.700 8 INFO neutron.services.segments.plugin [-] Segment 6c60a4ef-ab19-48e3-a67a-c1f785ff4407 resource provider not found; error: Placement Client Error (4xx): {"errors": [{"status": 404, "title": "Not Found", "detail": "The resource could not be found.\n\n No resource provider with uuid 6c60a4ef-ab19-48e3-a67a-c1f785ff4407 found for delete ", "request_id": "req-7f24cd27-5e48-4f57-8582-ab877afb343e"}]}
2026-04-13 15:33:16.707 8 INFO neutron.services.segments.plugin [-] Segment 6c60a4ef-ab19-48e3-a67a-c1f785ff4407 resource provider not found; error: Placement Client Error (4xx): {"errors": [{"status": 404, "title": "Not Found", "detail": "The resource could not be found.\n\n No resource provider with uuid 6c60a4ef-ab19-48e3-a67a-c1f785ff4407 found for delete ", "request_id": "req-d9c35b26-388b-4645-86dc-30a26b5d6f36"}]} [pid: 8|app: 0|req: 1086/2122] 10.0.0.150 () {32 vars in 726 bytes} [Mon Apr 13 15:33:16 2026] DELETE /v2.0/networks/1aff40bc-71f1-4939-8012-75cdc20403cf => generated 0 bytes in 339 msecs (HTTP/1.1 204) 3 headers in 131 bytes (1 switches on core 0)
2026-04-13 15:33:16.849 7 WARNING neutron.scheduler.dhcp_agent_scheduler [None req-7acd7cab-b420-4ae6-81a5-d2eaf49bc48c eb8ebb2c53d741b590562262db7c8c21 7d8b6c62cae749f6b5129b18001e23ee - - default default] No more DHCP agents
2026-04-13 15:33:16.850 7 WARNING neutron.api.rpc.agentnotifiers.dhcp_rpc_agent_api [None req-7acd7cab-b420-4ae6-81a5-d2eaf49bc48c eb8ebb2c53d741b590562262db7c8c21 7d8b6c62cae749f6b5129b18001e23ee - - default default] Unable to schedule network 8d3abf46-e7de-47bd-a90b-9d9ee8bef7d5: no agents available; will retry on subsequent port and subnet creation events.
2026-04-13 15:33:17.105 8 WARNING neutron.scheduler.dhcp_agent_scheduler [None req-bff0a76f-fa57-4bfc-bfe7-0cf469ce720b 7127e5e5360b461aa6651c9f5a4c4ce4 052db1cf8f64496ebd377917cb1c1d0f - - default default] No more DHCP agents
2026-04-13 15:33:17.106 8 WARNING neutron.api.rpc.agentnotifiers.dhcp_rpc_agent_api [None req-bff0a76f-fa57-4bfc-bfe7-0cf469ce720b 7127e5e5360b461aa6651c9f5a4c4ce4 052db1cf8f64496ebd377917cb1c1d0f - - default default] Unable to schedule network 094fc84b-7730-48d6-8adb-d03eb7c173b7: no agents available; will retry on subsequent port and subnet creation events.
2026-04-13 15:33:17.224 8 INFO neutron.db.ovn_revision_numbers_db [None req-bff0a76f-fa57-4bfc-bfe7-0cf469ce720b 7127e5e5360b461aa6651c9f5a4c4ce4 052db1cf8f64496ebd377917cb1c1d0f - - default default] Successfully bumped revision number for resource 7e8ba28c-c6ad-44b9-9a2e-99fbfddeafda (type: ports) to 1
2026-04-13 15:33:17.278 7 INFO neutron.db.ovn_revision_numbers_db [None req-51d23f38-bb11-4ee6-a608-7cc8534f7528 - - - - - -] Successfully bumped revision number for resource bb36b247-1ca5-4293-b3c4-15082ef3484e (type: ports) to 2
2026-04-13 15:33:17.310 7 INFO neutron.db.ovn_revision_numbers_db [None req-51d23f38-bb11-4ee6-a608-7cc8534f7528 - - - - - -] Successfully bumped revision number for resource 9046d9c7-6453-457b-b321-6d7500a0e522 (type: subnets) to 0 [pid: 7|app: 0|req: 1037/2123] 10.0.0.150 () {34 vars in 669 bytes} [Mon Apr 13 15:33:16 2026] POST /v2.0/subnets => generated 629 bytes in 665 msecs (HTTP/1.1 201) 4 headers in 162 bytes (1 switches on core 0)
2026-04-13 15:33:17.412 7 INFO neutron.db.segments_db [None req-f5737019-c912-4118-91d4-f2520847304a eb8ebb2c53d741b590562262db7c8c21 7d8b6c62cae749f6b5129b18001e23ee - - default default] Added segment abd56358-c21e-45db-89a5-15376c47fc9c of type geneve for network 62ff6ee4-c652-44d4-8f24-f10719a56e21
2026-04-13 15:33:17.522 7 INFO neutron.db.ovn_revision_numbers_db [None req-f5737019-c912-4118-91d4-f2520847304a eb8ebb2c53d741b590562262db7c8c21 7d8b6c62cae749f6b5129b18001e23ee - - default default] Successfully bumped revision number for resource 62ff6ee4-c652-44d4-8f24-f10719a56e21 (type: networks) to 1
2026-04-13 15:33:17.675 7 WARNING neutron.scheduler.dhcp_agent_scheduler [None req-f5737019-c912-4118-91d4-f2520847304a eb8ebb2c53d741b590562262db7c8c21 7d8b6c62cae749f6b5129b18001e23ee - - default default] No more DHCP agents
2026-04-13 15:33:17.676 7 WARNING neutron.api.rpc.agentnotifiers.dhcp_rpc_agent_api [None req-f5737019-c912-4118-91d4-f2520847304a eb8ebb2c53d741b590562262db7c8c21 7d8b6c62cae749f6b5129b18001e23ee - - default default] Unable to schedule network 62ff6ee4-c652-44d4-8f24-f10719a56e21: no agents available; will retry on subsequent port and subnet creation events.
2026-04-13 15:33:17.771 7 INFO neutron.db.ovn_revision_numbers_db [None req-f5737019-c912-4118-91d4-f2520847304a eb8ebb2c53d741b590562262db7c8c21 7d8b6c62cae749f6b5129b18001e23ee - - default default] Successfully bumped revision number for resource b1b12432-63bc-48d2-832f-8a09645a9147 (type: ports) to 1 [pid: 7|app: 0|req: 1038/2124] 10.0.0.150 () {34 vars in 670 bytes} [Mon Apr 13 15:33:17 2026] POST /v2.0/networks => generated 650 bytes in 466 msecs (HTTP/1.1 201) 4 headers in 162 bytes (1 switches on core 0)
2026-04-13 15:33:17.869 8 INFO neutron.plugins.ml2.drivers.ovn.mech_driver.ovsdb.commands [None req-4a3d31e3-51a8-4f81-a166-9a8d05f320f1 - - - - - -] Schedule LRP lrp-7e8ba28c-c6ad-44b9-9a2e-99fbfddeafda on gateway 392ab098-f094-4db0-a53f-f2e64eb82adb with priority 1
2026-04-13 15:33:17.936 8 INFO neutron.db.ovn_revision_numbers_db [None req-bff0a76f-fa57-4bfc-bfe7-0cf469ce720b 7127e5e5360b461aa6651c9f5a4c4ce4 052db1cf8f64496ebd377917cb1c1d0f - - default default] Successfully bumped revision number for resource 7e8ba28c-c6ad-44b9-9a2e-99fbfddeafda (type: router_ports) to 1
2026-04-13 15:33:17.996 7 WARNING neutron.scheduler.dhcp_agent_scheduler [None req-97d619d1-f64b-4e82-b3ae-4dc06b58cb72 eb8ebb2c53d741b590562262db7c8c21 7d8b6c62cae749f6b5129b18001e23ee - - default default] No more DHCP agents
2026-04-13 15:33:17.998 7 WARNING neutron.api.rpc.agentnotifiers.dhcp_rpc_agent_api [None req-97d619d1-f64b-4e82-b3ae-4dc06b58cb72 eb8ebb2c53d741b590562262db7c8c21 7d8b6c62cae749f6b5129b18001e23ee - - default default] Unable to schedule network 62ff6ee4-c652-44d4-8f24-f10719a56e21: no agents available; will retry on subsequent port and subnet creation events.
