2026-04-13 15:32:33.143 8 INFO neutron.db.ovn_revision_numbers_db [None req-9b5babf1-2781-4433-a8d0-c47e44a50a4e 4903934ba927451e84b4b37111145216 57f056f354b9415ca0ebde3db6b477f3 - - default default] Successfully bumped revision number for resource 618df107-0141-438b-a173-ae9ad7e76d44 (type: networks) to 1
2026-04-13 15:32:33.149 7 INFO neutron.services.segments.plugin [-] Segment ef3eb544-f2f9-42e4-bb1c-301a5d93069d resource provider not found; error: Placement Client Error (4xx): {"errors": [{"status": 404, "title": "Not Found", "detail": "The resource could not be found.\n\n No resource provider with uuid ef3eb544-f2f9-42e4-bb1c-301a5d93069d found for delete ", "request_id": "req-7e0830f6-c8fd-448f-a4ba-b5bbe248cba4"}]}
2026-04-13 15:32:33.157 7 INFO neutron.services.segments.plugin [-] Segment ef3eb544-f2f9-42e4-bb1c-301a5d93069d resource provider not found; error: Placement Client Error (4xx): {"errors": [{"status": 404, "title": "Not Found", "detail": "The resource could not be found.\n\n No resource provider with uuid ef3eb544-f2f9-42e4-bb1c-301a5d93069d found for delete ", "request_id": "req-3fcf98e0-4277-4a06-a7d8-9c9489cfd30a"}]} [pid: 7|app: 0|req: 887/1800] 10.0.0.150 () {32 vars in 740 bytes} [Mon Apr 13 15:32:32 2026] DELETE /v2.0/security-groups/1476a9a9-c631-4bc6-bd1f-db89b48ab0c9 => generated 0 bytes in 347 msecs (HTTP/1.1 204) 2 headers in 112 bytes (1 switches on core 0)
2026-04-13 15:32:33.342 8 WARNING neutron.scheduler.dhcp_agent_scheduler [None req-9b5babf1-2781-4433-a8d0-c47e44a50a4e 4903934ba927451e84b4b37111145216 57f056f354b9415ca0ebde3db6b477f3 - - default default] No more DHCP agents
2026-04-13 15:32:33.346 8 WARNING neutron.api.rpc.agentnotifiers.dhcp_rpc_agent_api [None req-9b5babf1-2781-4433-a8d0-c47e44a50a4e 4903934ba927451e84b4b37111145216 57f056f354b9415ca0ebde3db6b477f3 - - default default] Unable to schedule network 618df107-0141-438b-a173-ae9ad7e76d44: no agents available; will retry on subsequent port and subnet creation events.
2026-04-13 15:32:33.407 7 INFO neutron.plugins.ml2.drivers.ovn.mech_driver.mech_driver [None req-498634ed-f680-46f4-8f4a-6b52eb5bc65d - - - - - -] OVN reports status down for port: 49e268ce-7fa8-4ca9-9424-7e12d3fed66b
2026-04-13 15:32:33.435 8 INFO neutron.db.ovn_revision_numbers_db [None req-9b5babf1-2781-4433-a8d0-c47e44a50a4e 4903934ba927451e84b4b37111145216 57f056f354b9415ca0ebde3db6b477f3 - - default default] Successfully bumped revision number for resource 49e268ce-7fa8-4ca9-9424-7e12d3fed66b (type: ports) to 1
2026-04-13 15:32:33.470 7 INFO neutron.db.ovn_revision_numbers_db [None req-ea2a31d5-a98b-4759-a74e-86f8173a8b76 cdbcba4a8f1a4d7bab23f43d930926d2 1a676052064d46b497de86e1fd7e5c80 - - default default] Successfully bumped revision number for resource 6c47d4bb-cc7d-4ae5-aaa0-7d8902b66e46 (type: security_groups) to 1 [pid: 8|app: 0|req: 914/1801] 10.0.0.150 () {34 vars in 670 bytes} [Mon Apr 13 15:32:32 2026] POST /v2.0/networks => generated 649 bytes in 545 msecs (HTTP/1.1 201) 4 headers in 162 bytes (1 switches on core 0)
2026-04-13 15:32:33.490 7 INFO neutron.db.ovn_revision_numbers_db [None req-ea2a31d5-a98b-4759-a74e-86f8173a8b76 cdbcba4a8f1a4d7bab23f43d930926d2 1a676052064d46b497de86e1fd7e5c80 - - default default] Successfully bumped revision number for resource 08fd98b2-a8f2-4fec-9c19-e16b80829f31 (type: security_group_rules) to 0
2026-04-13 15:32:33.512 7 INFO neutron.db.ovn_revision_numbers_db [None req-ea2a31d5-a98b-4759-a74e-86f8173a8b76 cdbcba4a8f1a4d7bab23f43d930926d2 1a676052064d46b497de86e1fd7e5c80 - - default default] Successfully bumped revision number for resource 2445568f-22db-4f10-b5d0-9e3a01692982 (type: security_group_rules) to 0
2026-04-13 15:32:33.527 7 INFO neutron.db.ovn_revision_numbers_db [None req-ea2a31d5-a98b-4759-a74e-86f8173a8b76 cdbcba4a8f1a4d7bab23f43d930926d2 1a676052064d46b497de86e1fd7e5c80 - - default default] Successfully bumped revision number for resource 4d9a869b-601f-4e3d-87b0-43b977f16075 (type: security_group_rules) to 0
2026-04-13 15:32:33.548 7 INFO neutron.db.ovn_revision_numbers_db [None req-ea2a31d5-a98b-4759-a74e-86f8173a8b76 cdbcba4a8f1a4d7bab23f43d930926d2 1a676052064d46b497de86e1fd7e5c80 - - default default] Successfully bumped revision number for resource fb0bcac2-4c38-4527-9dec-06adf8344d48 (type: security_group_rules) to 0 [pid: 7|app: 0|req: 888/1802] 10.0.0.150 () {32 vars in 774 bytes} [Mon Apr 13 15:32:33 2026] GET /v2.0/security-groups?tenant_id=49fa2539ba1a493cb52de21d57f13cf2&name=default => generated 2925 bytes in 302 msecs (HTTP/1.1 200) 4 headers in 158 bytes (1 switches on core 0)
2026-04-13 15:32:33.705 8 WARNING neutron.scheduler.dhcp_agent_scheduler [None req-c0bc48d2-1fee-4549-8d2b-f9cb69a2c237 4903934ba927451e84b4b37111145216 57f056f354b9415ca0ebde3db6b477f3 - - default default] No more DHCP agents
2026-04-13 15:32:33.706 8 WARNING neutron.api.rpc.agentnotifiers.dhcp_rpc_agent_api [None req-c0bc48d2-1fee-4549-8d2b-f9cb69a2c237 4903934ba927451e84b4b37111145216 57f056f354b9415ca0ebde3db6b477f3 - - default default] Unable to schedule network 618df107-0141-438b-a173-ae9ad7e76d44: no agents available; will retry on subsequent port and subnet creation events. [pid: 7|app: 0|req: 889/1803] 10.0.0.150 () {32 vars in 740 bytes} [Mon Apr 13 15:32:33 2026] DELETE /v2.0/security-groups/6c47d4bb-cc7d-4ae5-aaa0-7d8902b66e46 => generated 0 bytes in 233 msecs (HTTP/1.1 204) 2 headers in 112 bytes (1 switches on core 0)
2026-04-13 15:32:34.160 8 INFO neutron.db.ovn_revision_numbers_db [None req-38265cf6-c759-4b9e-9ff4-475b74bb51c8 - - - - - -] Successfully bumped revision number for resource 49e268ce-7fa8-4ca9-9424-7e12d3fed66b (type: ports) to 2
2026-04-13 15:32:34.194 8 INFO neutron.db.ovn_revision_numbers_db [None req-38265cf6-c759-4b9e-9ff4-475b74bb51c8 - - - - - -] Successfully bumped revision number for resource 979d75b2-e6ca-4d3e-8fc6-a6b01bff39fc (type: subnets) to 0 [pid: 8|app: 0|req: 915/1804] 10.0.0.150 () {34 vars in 669 bytes} [Mon Apr 13 15:32:33 2026] POST /v2.0/subnets => generated 626 bytes in 742 msecs (HTTP/1.1 201) 4 headers in 162 bytes (1 switches on core 0)
2026-04-13 15:32:34.340 7 INFO neutron.db.ovn_revision_numbers_db [None req-20925c02-6fdb-47d7-bd88-8d90904ea3b1 4903934ba927451e84b4b37111145216 57f056f354b9415ca0ebde3db6b477f3 - - default default] Successfully bumped revision number for resource 51db9551-8208-4f36-8ecc-2404494c04a4 (type: routers) to 1 [pid: 7|app: 0|req: 890/1805] 10.0.0.150 () {34 vars in 669 bytes} [Mon Apr 13 15:32:34 2026] POST /v2.0/routers => generated 603 bytes in 131 msecs (HTTP/1.1 201) 4 headers in 162 bytes (1 switches on core 0)
2026-04-13 15:32:34.643 8 WARNING neutron.scheduler.dhcp_agent_scheduler [None req-4b32c284-1370-45de-821f-d0b80f818b31 4903934ba927451e84b4b37111145216 57f056f354b9415ca0ebde3db6b477f3 - - default default] No more DHCP agents
2026-04-13 15:32:34.645 8 WARNING neutron.api.rpc.agentnotifiers.dhcp_rpc_agent_api [None req-4b32c284-1370-45de-821f-d0b80f818b31 4903934ba927451e84b4b37111145216 57f056f354b9415ca0ebde3db6b477f3 - - default default] Unable to schedule network 618df107-0141-438b-a173-ae9ad7e76d44: no agents available; will retry on subsequent port and subnet creation events.
2026-04-13 15:32:34.789 7 INFO neutron.plugins.ml2.drivers.ovn.mech_driver.mech_driver [None req-498634ed-f680-46f4-8f4a-6b52eb5bc65d - - - - - -] OVN reports status down for port: c9bc8b72-cbb2-45a3-a700-777f8b85dcee
2026-04-13 15:32:34.797 8 INFO neutron.db.ovn_revision_numbers_db [None req-4b32c284-1370-45de-821f-d0b80f818b31 4903934ba927451e84b4b37111145216 57f056f354b9415ca0ebde3db6b477f3 - - default default] Successfully bumped revision number for resource c9bc8b72-cbb2-45a3-a700-777f8b85dcee (type: ports) to 1 [pid: 8|app: 0|req: 916/1806] 10.0.0.150 () {34 vars in 665 bytes} [Mon Apr 13 15:32:34 2026] POST /v2.0/ports => generated 952 bytes in 459 msecs (HTTP/1.1 201) 4 headers in 162 bytes (1 switches on core 0)
2026-04-13 15:32:34.829 7 INFO neutron_taas.services.taas.taas_plugin [None req-3ee05be8-40f9-4104-a36b-dab75db7cb6b cdbcba4a8f1a4d7bab23f43d930926d2 1a676052064d46b497de86e1fd7e5c80 - - default default] TaaS: Handle Delete Port: 960038fd-c93f-4277-96c7-09ce75978a7e /var/lib/openstack/lib/python3.12/site-packages/pycadf/identifier.py:70: UserWarning: Invalid uuid: neutron. To ensure interoperability, identifiers should be a valid uuid. warnings.warn(('Invalid uuid: %s. To ensure interoperability, '
2026-04-13 15:32:34.836 7 INFO neutron_taas.services.taas.tap_mirror_plugin [None req-3ee05be8-40f9-4104-a36b-dab75db7cb6b cdbcba4a8f1a4d7bab23f43d930926d2 1a676052064d46b497de86e1fd7e5c80 - - default default] Tap Mirror: Handle Delete Port: 960038fd-c93f-4277-96c7-09ce75978a7e
2026-04-13 15:32:35.165 8 WARNING neutron.plugins.ml2.drivers.ovn.mech_driver.ovsdb.ovn_client [None req-ef12aefe-6412-499e-b02d-993b02b35440 - - - - - -] No port found with ID 2a3fe961-21ad-4857-b262-44eba063cf86: RuntimeError: No port found with ID 2a3fe961-21ad-4857-b262-44eba063cf86
2026-04-13 15:32:35.379 7 INFO neutron.plugins.ml2.drivers.ovn.mech_driver.mech_driver [None req-498634ed-f680-46f4-8f4a-6b52eb5bc65d - - - - - -] OVN reports status up for port: c9bc8b72-cbb2-45a3-a700-777f8b85dcee
2026-04-13 15:32:35.395 8 INFO neutron.db.ovn_revision_numbers_db [None req-8bacdfc3-1bae-48b9-94ea-cfa0408d115d 4903934ba927451e84b4b37111145216 57f056f354b9415ca0ebde3db6b477f3 - - default default] Successfully bumped revision number for resource c9bc8b72-cbb2-45a3-a700-777f8b85dcee (type: ports) to 2
2026-04-13 15:32:35.404 7 INFO neutron.plugins.ml2.plugin [None req-498634ed-f680-46f4-8f4a-6b52eb5bc65d - - - - - -] Attempt 1 to provision port c9bc8b72-cbb2-45a3-a700-777f8b85dcee
2026-04-13 15:32:35.407 8 INFO neutron.plugins.ml2.plugin [None req-8bacdfc3-1bae-48b9-94ea-cfa0408d115d 4903934ba927451e84b4b37111145216 57f056f354b9415ca0ebde3db6b477f3 - - default default] Attempt 1 to provision port c9bc8b72-cbb2-45a3-a700-777f8b85dcee [pid: 7|app: 0|req: 891/1807] 10.0.0.150 () {34 vars in 789 bytes} [Mon Apr 13 15:32:34 2026] PUT /v2.0/routers/e66565fb-dc68-4cf8-9667-e1000627d9ad/remove_router_interface => generated 309 bytes in 1113 msecs (HTTP/1.1 200) 4 headers in 157 bytes (1 switches on core 0) /var/lib/openstack/lib/python3.12/site-packages/pycadf/identifier.py:70: UserWarning: Invalid uuid: neutron. To ensure interoperability, identifiers should be a valid uuid. warnings.warn(('Invalid uuid: %s. To ensure interoperability, '
2026-04-13 15:32:35.838 7 INFO neutron.db.ovn_revision_numbers_db [None req-498634ed-f680-46f4-8f4a-6b52eb5bc65d - - - - - -] Successfully bumped revision number for resource c9bc8b72-cbb2-45a3-a700-777f8b85dcee (type: ports) to 3
2026-04-13 15:32:36.028 7 INFO neutron.db.ovn_revision_numbers_db [None req-ed5bcc8f-ffab-43da-b67b-b3ce013ecaef 4ebae03d3e7b48aa8883e1b71784cea5 e869ef5f30fd4f48a40de09af0224f11 - - default default] Successfully bumped revision number for resource d4b9c442-c614-48b8-901a-ad2232dcbbd5 (type: security_groups) to 1
2026-04-13 15:32:36.041 7 INFO neutron.db.ovn_revision_numbers_db [None req-ed5bcc8f-ffab-43da-b67b-b3ce013ecaef 4ebae03d3e7b48aa8883e1b71784cea5 e869ef5f30fd4f48a40de09af0224f11 - - default default] Successfully bumped revision number for resource 287332b5-f9a6-4b19-ab87-4a07d61a1338 (type: security_group_rules) to 0
2026-04-13 15:32:36.054 7 INFO neutron.db.ovn_revision_numbers_db [None req-ed5bcc8f-ffab-43da-b67b-b3ce013ecaef 4ebae03d3e7b48aa8883e1b71784cea5 e869ef5f30fd4f48a40de09af0224f11 - - default default] Successfully bumped revision number for resource 6ebeaa22-f41a-4d7b-bd62-865a84f48cf5 (type: security_group_rules) to 0
2026-04-13 15:32:36.066 7 INFO neutron.db.ovn_revision_numbers_db [None req-ed5bcc8f-ffab-43da-b67b-b3ce013ecaef 4ebae03d3e7b48aa8883e1b71784cea5 e869ef5f30fd4f48a40de09af0224f11 - - default default] Successfully bumped revision number for resource 7fdac5d9-fde5-4276-9314-b47fbccc5df8 (type: security_group_rules) to 0
2026-04-13 15:32:36.080 7 INFO neutron.db.ovn_revision_numbers_db [None req-ed5bcc8f-ffab-43da-b67b-b3ce013ecaef 4ebae03d3e7b48aa8883e1b71784cea5 e869ef5f30fd4f48a40de09af0224f11 - - default default] Successfully bumped revision number for resource 876f6391-7714-40e1-8eea-9a6e320b2ab1 (type: security_group_rules) to 0
2026-04-13 15:32:36.162 7 INFO neutron.db.segments_db [None req-ed5bcc8f-ffab-43da-b67b-b3ce013ecaef 4ebae03d3e7b48aa8883e1b71784cea5 e869ef5f30fd4f48a40de09af0224f11 - - default default] Added segment c5886c11-d2e3-48c8-bb13-030a11973b85 of type geneve for network 29c402a5-49aa-4344-8107-4769f7a75788
2026-04-13 15:32:36.280 7 INFO neutron.db.ovn_revision_numbers_db [None req-ed5bcc8f-ffab-43da-b67b-b3ce013ecaef 4ebae03d3e7b48aa8883e1b71784cea5 e869ef5f30fd4f48a40de09af0224f11 - - default default] Successfully bumped revision number for resource 29c402a5-49aa-4344-8107-4769f7a75788 (type: networks) to 1
2026-04-13 15:32:36.459 7 WARNING neutron.scheduler.dhcp_agent_scheduler [None req-ed5bcc8f-ffab-43da-b67b-b3ce013ecaef 4ebae03d3e7b48aa8883e1b71784cea5 e869ef5f30fd4f48a40de09af0224f11 - - default default] No more DHCP agents
2026-04-13 15:32:36.460 7 WARNING neutron.api.rpc.agentnotifiers.dhcp_rpc_agent_api [None req-ed5bcc8f-ffab-43da-b67b-b3ce013ecaef 4ebae03d3e7b48aa8883e1b71784cea5 e869ef5f30fd4f48a40de09af0224f11 - - default default] Unable to schedule network 29c402a5-49aa-4344-8107-4769f7a75788: no agents available; will retry on subsequent port and subnet creation events.
2026-04-13 15:32:36.519 8 INFO neutron.plugins.ml2.drivers.ovn.mech_driver.mech_driver [None req-ef12aefe-6412-499e-b02d-993b02b35440 - - - - - -] OVN reports status down for port: 3e8fe6c6-42c6-4ddf-851b-6e3c7aa36292
2026-04-13 15:32:36.531 7 INFO neutron.db.ovn_revision_numbers_db [None req-ed5bcc8f-ffab-43da-b67b-b3ce013ecaef 4ebae03d3e7b48aa8883e1b71784cea5 e869ef5f30fd4f48a40de09af0224f11 - - default default] Successfully bumped revision number for resource 3e8fe6c6-42c6-4ddf-851b-6e3c7aa36292 (type: ports) to 1 [pid: 7|app: 0|req: 892/1808] 10.0.0.150 () {34 vars in 670 bytes} [Mon Apr 13 15:32:35 2026] POST /v2.0/networks => generated 663 bytes in 944 msecs (HTTP/1.1 201) 4 headers in 162 bytes (1 switches on core 0) /var/lib/openstack/lib/python3.12/site-packages/pycadf/identifier.py:70: UserWarning: Invalid uuid: neutron. To ensure interoperability, identifiers should be a valid uuid. warnings.warn(('Invalid uuid: %s. To ensure interoperability, '
2026-04-13 15:32:36.712 8 WARNING neutron.scheduler.dhcp_agent_scheduler [None req-8bacdfc3-1bae-48b9-94ea-cfa0408d115d 4903934ba927451e84b4b37111145216 57f056f354b9415ca0ebde3db6b477f3 - - default default] No more DHCP agents
2026-04-13 15:32:36.713 8 WARNING neutron.api.rpc.agentnotifiers.dhcp_rpc_agent_api [None req-8bacdfc3-1bae-48b9-94ea-cfa0408d115d 4903934ba927451e84b4b37111145216 57f056f354b9415ca0ebde3db6b477f3 - - default default] Unable to schedule network 618df107-0141-438b-a173-ae9ad7e76d44: no agents available; will retry on subsequent port and subnet creation events.
2026-04-13 15:32:36.886 8 INFO neutron.db.ovn_revision_numbers_db [None req-8bacdfc3-1bae-48b9-94ea-cfa0408d115d 4903934ba927451e84b4b37111145216 57f056f354b9415ca0ebde3db6b477f3 - - default default] Successfully bumped revision number for resource c9bc8b72-cbb2-45a3-a700-777f8b85dcee (type: router_ports) to 3 [pid: 8|app: 0|req: 917/1809] 10.0.0.150 () {34 vars in 783 bytes} [Mon Apr 13 15:32:34 2026] PUT /v2.0/routers/51db9551-8208-4f36-8ecc-2404494c04a4/add_router_interface => generated 309 bytes in 2064 msecs (HTTP/1.1 200) 4 headers in 157 bytes (1 switches on core 0) /var/lib/openstack/lib/python3.12/site-packages/pycadf/identifier.py:70: UserWarning: Invalid uuid: neutron. To ensure interoperability, identifiers should be a valid uuid. warnings.warn(('Invalid uuid: %s. To ensure interoperability, '
2026-04-13 15:32:36.906 7 INFO neutron_taas.services.taas.taas_plugin [None req-18a320d7-2f50-4987-8910-1580f92fd9f8 cdbcba4a8f1a4d7bab23f43d930926d2 1a676052064d46b497de86e1fd7e5c80 - - default default] TaaS: Handle Delete Port: ff81ef9a-b920-48c6-bd20-64593293c146
2026-04-13 15:32:36.908 7 INFO neutron_taas.services.taas.tap_mirror_plugin [None req-18a320d7-2f50-4987-8910-1580f92fd9f8 cdbcba4a8f1a4d7bab23f43d930926d2 1a676052064d46b497de86e1fd7e5c80 - - default default] Tap Mirror: Handle Delete Port: ff81ef9a-b920-48c6-bd20-64593293c146
2026-04-13 15:32:37.125 8 WARNING neutron.scheduler.dhcp_agent_scheduler [None req-8731434c-64e9-4630-a353-b0ee261e4592 4ebae03d3e7b48aa8883e1b71784cea5 e869ef5f30fd4f48a40de09af0224f11 - - default default] No more DHCP agents
2026-04-13 15:32:37.126 8 WARNING neutron.api.rpc.agentnotifiers.dhcp_rpc_agent_api [None req-8731434c-64e9-4630-a353-b0ee261e4592 4ebae03d3e7b48aa8883e1b71784cea5 e869ef5f30fd4f48a40de09af0224f11 - - default default] Unable to schedule network 29c402a5-49aa-4344-8107-4769f7a75788: no agents available; will retry on subsequent port and subnet creation events.
2026-04-13 15:32:37.172 8 INFO neutron.plugins.ml2.drivers.ovn.mech_driver.mech_driver [None req-ef12aefe-6412-499e-b02d-993b02b35440 - - - - - -] OVN reports status down for port: a0dbcfd9-e9bd-4b9a-9824-79b7cd7522e2
2026-04-13 15:32:37.244 8 INFO neutron.db.ovn_revision_numbers_db [None req-8731434c-64e9-4630-a353-b0ee261e4592 4ebae03d3e7b48aa8883e1b71784cea5 e869ef5f30fd4f48a40de09af0224f11 - - default default] Successfully bumped revision number for resource a0dbcfd9-e9bd-4b9a-9824-79b7cd7522e2 (type: ports) to 1 [pid: 7|app: 0|req: 893/1810] 10.0.0.150 () {32 vars in 724 bytes} [Mon Apr 13 15:32:36 2026] DELETE /v2.0/routers/e66565fb-dc68-4cf8-9667-e1000627d9ad => generated 0 bytes in 768 msecs (HTTP/1.1 204) 2 headers in 112 bytes (1 switches on core 0) [pid: 8|app: 0|req: 918/1811] 10.0.0.150 () {34 vars in 665 bytes} [Mon Apr 13 15:32:36 2026] POST /v2.0/ports => generated 774 bytes in 459 msecs (HTTP/1.1 201) 4 headers in 162 bytes (1 switches on core 0) /var/lib/openstack/lib/python3.12/site-packages/pycadf/identifier.py:70: UserWarning: Invalid uuid: neutron. To ensure interoperability, identifiers should be a valid uuid. warnings.warn(('Invalid uuid: %s. To ensure interoperability, ' [pid: 8|app: 0|req: 919/1812] 10.0.0.150 () {32 vars in 717 bytes} [Mon Apr 13 15:32:37 2026] GET /v2.0/ports/c9bc8b72-cbb2-45a3-a700-777f8b85dcee => generated 1014 bytes in 30 msecs (HTTP/1.1 200) 4 headers in 158 bytes (1 switches on core 0) [pid: 8|app: 0|req: 920/1813] 10.0.0.150 () {32 vars in 724 bytes} [Mon Apr 13 15:32:37 2026] DELETE /v2.0/subnets/d963f6aa-3bbc-4237-ac82-92790ee3fa6a => generated 0 bytes in 179 msecs (HTTP/1.1 204) 3 headers in 131 bytes (1 switches on core 0)
2026-04-13 15:32:37.656 7 INFO neutron.db.ovn_revision_numbers_db [None req-73ff24fb-73aa-441f-9a02-43a203d0c015 44b8b77bb14a428f8248099bfedb5831 2a0abb89ff3f446294dcc06fce7e96a6 - - default default] Successfully bumped revision number for resource db0c9506-c213-4e79-b0d4-5faeb5f1c5db (type: security_groups) to 1
2026-04-13 15:32:37.665 8 INFO neutron.db.segments_db [None req-630d26a5-752b-4cf5-92aa-8fa667fbb7dc 4ebae03d3e7b48aa8883e1b71784cea5 e869ef5f30fd4f48a40de09af0224f11 - - default default] Added segment c2d72aef-ec95-4657-8818-ee5355b90207 of type geneve for network 0fc93f94-84b0-43f7-a33c-1866011b2cd8
2026-04-13 15:32:37.690 7 INFO neutron.db.ovn_revision_numbers_db [None req-73ff24fb-73aa-441f-9a02-43a203d0c015 44b8b77bb14a428f8248099bfedb5831 2a0abb89ff3f446294dcc06fce7e96a6 - - default default] Successfully bumped revision number for resource 09c9e020-d842-43e4-a04c-beb16424376c (type: security_group_rules) to 0
2026-04-13 15:32:37.706 7 INFO neutron.db.ovn_revision_numbers_db [None req-73ff24fb-73aa-441f-9a02-43a203d0c015 44b8b77bb14a428f8248099bfedb5831 2a0abb89ff3f446294dcc06fce7e96a6 - - default default] Successfully bumped revision number for resource 2ef3268c-1bbb-43aa-b201-4fed3f309099 (type: security_group_rules) to 0
2026-04-13 15:32:37.723 7 INFO neutron.db.ovn_revision_numbers_db [None req-73ff24fb-73aa-441f-9a02-43a203d0c015 44b8b77bb14a428f8248099bfedb5831 2a0abb89ff3f446294dcc06fce7e96a6 - - default default] Successfully bumped revision number for resource 5a828afb-b1d2-4d15-ae7e-c9c39f3ee524 (type: security_group_rules) to 0
2026-04-13 15:32:37.739 7 INFO neutron.db.ovn_revision_numbers_db [None req-73ff24fb-73aa-441f-9a02-43a203d0c015 44b8b77bb14a428f8248099bfedb5831 2a0abb89ff3f446294dcc06fce7e96a6 - - default default] Successfully bumped revision number for resource a4319649-b921-471a-8ec7-cd5e34037809 (type: security_group_rules) to 0
2026-04-13 15:32:37.814 8 INFO neutron.db.ovn_revision_numbers_db [None req-630d26a5-752b-4cf5-92aa-8fa667fbb7dc 4ebae03d3e7b48aa8883e1b71784cea5 e869ef5f30fd4f48a40de09af0224f11 - - default default] Successfully bumped revision number for resource 0fc93f94-84b0-43f7-a33c-1866011b2cd8 (type: networks) to 1
2026-04-13 15:32:37.831 7 INFO neutron.db.segments_db [None req-73ff24fb-73aa-441f-9a02-43a203d0c015 44b8b77bb14a428f8248099bfedb5831 2a0abb89ff3f446294dcc06fce7e96a6 - - default default] Added segment 98502e83-ec3d-4c67-a714-a6224e070413 of type geneve for network 4368d58d-eacf-44a8-a552-ff168a33b189
2026-04-13 15:32:37.954 7 INFO neutron.db.ovn_revision_numbers_db [None req-73ff24fb-73aa-441f-9a02-43a203d0c015 44b8b77bb14a428f8248099bfedb5831 2a0abb89ff3f446294dcc06fce7e96a6 - - default default] Successfully bumped revision number for resource 4368d58d-eacf-44a8-a552-ff168a33b189 (type: networks) to 1
2026-04-13 15:32:37.995 8 WARNING neutron.scheduler.dhcp_agent_scheduler [None req-630d26a5-752b-4cf5-92aa-8fa667fbb7dc 4ebae03d3e7b48aa8883e1b71784cea5 e869ef5f30fd4f48a40de09af0224f11 - - default default] No more DHCP agents
2026-04-13 15:32:37.996 8 WARNING neutron.api.rpc.agentnotifiers.dhcp_rpc_agent_api [None req-630d26a5-752b-4cf5-92aa-8fa667fbb7dc 4ebae03d3e7b48aa8883e1b71784cea5 e869ef5f30fd4f48a40de09af0224f11 - - default default] Unable to schedule network 0fc93f94-84b0-43f7-a33c-1866011b2cd8: no agents available; will retry on subsequent port and subnet creation events.
2026-04-13 15:32:38.051 8 INFO neutron.plugins.ml2.drivers.ovn.mech_driver.mech_driver [None req-ef12aefe-6412-499e-b02d-993b02b35440 - - - - - -] OVN reports status down for port: fe8b7a20-8b6c-450b-97d1-407eb5c29ce5
2026-04-13 15:32:38.114 8 INFO neutron.db.ovn_revision_numbers_db [None req-630d26a5-752b-4cf5-92aa-8fa667fbb7dc 4ebae03d3e7b48aa8883e1b71784cea5 e869ef5f30fd4f48a40de09af0224f11 - - default default] Successfully bumped revision number for resource fe8b7a20-8b6c-450b-97d1-407eb5c29ce5 (type: ports) to 1 [pid: 8|app: 0|req: 921/1814] 10.0.0.150 () {34 vars in 670 bytes} [Mon Apr 13 15:32:37 2026] POST /v2.0/networks => generated 651 bytes in 585 msecs (HTTP/1.1 201) 4 headers in 162 bytes (1 switches on core 0)
2026-04-13 15:32:38.159 7 WARNING neutron.scheduler.dhcp_agent_scheduler [None req-73ff24fb-73aa-441f-9a02-43a203d0c015 44b8b77bb14a428f8248099bfedb5831 2a0abb89ff3f446294dcc06fce7e96a6 - - default default] No more DHCP agents
2026-04-13 15:32:38.161 7 WARNING neutron.api.rpc.agentnotifiers.dhcp_rpc_agent_api [None req-73ff24fb-73aa-441f-9a02-43a203d0c015 44b8b77bb14a428f8248099bfedb5831 2a0abb89ff3f446294dcc06fce7e96a6 - - default default] Unable to schedule network 4368d58d-eacf-44a8-a552-ff168a33b189: no agents available; will retry on subsequent port and subnet creation events.
2026-04-13 15:32:38.224 8 INFO neutron.plugins.ml2.drivers.ovn.mech_driver.mech_driver [None req-ef12aefe-6412-499e-b02d-993b02b35440 - - - - - -] OVN reports status down for port: cac03752-690e-4611-a745-47c6d0d04b10
2026-04-13 15:32:38.250 7 INFO neutron.db.ovn_revision_numbers_db [None req-73ff24fb-73aa-441f-9a02-43a203d0c015 44b8b77bb14a428f8248099bfedb5831 2a0abb89ff3f446294dcc06fce7e96a6 - - default default] Successfully bumped revision number for resource cac03752-690e-4611-a745-47c6d0d04b10 (type: ports) to 1 [pid: 7|app: 0|req: 894/1815] 10.0.0.150 () {34 vars in 670 bytes} [Mon Apr 13 15:32:37 2026] POST /v2.0/networks => generated 651 bytes in 952 msecs (HTTP/1.1 201) 4 headers in 162 bytes (1 switches on core 0)
2026-04-13 15:32:38.386 7 INFO neutron_taas.services.taas.taas_plugin [None req-cc84c4bd-601a-4f35-8ffa-18a0daaf0da4 cdbcba4a8f1a4d7bab23f43d930926d2 1a676052064d46b497de86e1fd7e5c80 - - default default] TaaS: Handle Delete Port: a585e61a-1e66-4b05-9489-23447ce3e7e1
2026-04-13 15:32:38.389 7 INFO neutron_taas.services.taas.tap_mirror_plugin [None req-cc84c4bd-601a-4f35-8ffa-18a0daaf0da4 cdbcba4a8f1a4d7bab23f43d930926d2 1a676052064d46b497de86e1fd7e5c80 - - default default] Tap Mirror: Handle Delete Port: a585e61a-1e66-4b05-9489-23447ce3e7e1
2026-04-13 15:32:38.530 8 INFO neutron_taas.services.taas.taas_plugin [None req-dad9180e-a2b8-469b-ac26-195c39c6786d 4903934ba927451e84b4b37111145216 57f056f354b9415ca0ebde3db6b477f3 - - default default] TaaS: Handle Delete Port: c9bc8b72-cbb2-45a3-a700-777f8b85dcee
2026-04-13 15:32:38.534 8 INFO neutron_taas.services.taas.tap_mirror_plugin [None req-dad9180e-a2b8-469b-ac26-195c39c6786d 4903934ba927451e84b4b37111145216 57f056f354b9415ca0ebde3db6b477f3 - - default default] Tap Mirror: Handle Delete Port: c9bc8b72-cbb2-45a3-a700-777f8b85dcee
2026-04-13 15:32:38.544 7 INFO neutron.services.segments.plugin [-] Segment 17c1de39-756b-4def-8e0c-35691b76163b resource provider aggregate not found
2026-04-13 15:32:38.547 7 INFO neutron.services.segments.plugin [-] Segment 17c1de39-756b-4def-8e0c-35691b76163b resource provider aggregate not found
2026-04-13 15:32:38.565 7 INFO neutron.services.segments.plugin [-] Segment 17c1de39-756b-4def-8e0c-35691b76163b resource provider not found; error: Placement Client Error (4xx): {"errors": [{"status": 404, "title": "Not Found", "detail": "The resource could not be found.\n\n No resource provider with uuid 17c1de39-756b-4def-8e0c-35691b76163b found for delete ", "request_id": "req-ba9cb82a-b5bc-444f-9ea6-346176dd8826"}]}
2026-04-13 15:32:38.569 7 INFO neutron.services.segments.plugin [-] Segment 17c1de39-756b-4def-8e0c-35691b76163b resource provider not found; error: Placement Client Error (4xx): {"errors": [{"status": 404, "title": "Not Found", "detail": "The resource could not be found.\n\n No resource provider with uuid 17c1de39-756b-4def-8e0c-35691b76163b found for delete ", "request_id": "req-9f369253-20b0-4c82-8957-404a20bfec3f"}]} [pid: 7|app: 0|req: 895/1816] 10.0.0.150 () {32 vars in 726 bytes} [Mon Apr 13 15:32:38 2026] DELETE /v2.0/networks/f7441450-417c-4055-b0bf-8e5e17aa6092 => generated 0 bytes in 309 msecs (HTTP/1.1 204) 3 headers in 131 bytes (1 switches on core 0)
2026-04-13 15:32:38.797 7 WARNING neutron.scheduler.dhcp_agent_scheduler [None req-9e3a904c-6313-4b32-b6fa-1ecb1b2ec70e 4ebae03d3e7b48aa8883e1b71784cea5 e869ef5f30fd4f48a40de09af0224f11 - - default default] No more DHCP agents
2026-04-13 15:32:38.800 7 WARNING neutron.api.rpc.agentnotifiers.dhcp_rpc_agent_api [None req-9e3a904c-6313-4b32-b6fa-1ecb1b2ec70e 4ebae03d3e7b48aa8883e1b71784cea5 e869ef5f30fd4f48a40de09af0224f11 - - default default] Unable to schedule network 0fc93f94-84b0-43f7-a33c-1866011b2cd8: no agents available; will retry on subsequent port and subnet creation events. [pid: 8|app: 0|req: 922/1817] 10.0.0.150 () {34 vars in 789 bytes} [Mon Apr 13 15:32:38 2026] PUT /v2.0/routers/51db9551-8208-4f36-8ecc-2404494c04a4/remove_router_interface => generated 309 bytes in 723 msecs (HTTP/1.1 200) 4 headers in 157 bytes (1 switches on core 0) /var/lib/openstack/lib/python3.12/site-packages/pycadf/identifier.py:70: UserWarning: Invalid uuid: neutron. To ensure interoperability, identifiers should be a valid uuid. warnings.warn(('Invalid uuid: %s. To ensure interoperability, '
2026-04-13 15:32:39.088 8 WARNING neutron.scheduler.dhcp_agent_scheduler [None req-18b84d34-5eef-4896-9d38-54f83322a795 44b8b77bb14a428f8248099bfedb5831 2a0abb89ff3f446294dcc06fce7e96a6 - - default default] No more DHCP agents
2026-04-13 15:32:39.089 8 WARNING neutron.api.rpc.agentnotifiers.dhcp_rpc_agent_api [None req-18b84d34-5eef-4896-9d38-54f83322a795 44b8b77bb14a428f8248099bfedb5831 2a0abb89ff3f446294dcc06fce7e96a6 - - default default] Unable to schedule network 4368d58d-eacf-44a8-a552-ff168a33b189: no agents available; will retry on subsequent port and subnet creation events.
2026-04-13 15:32:39.167 8 INFO neutron.db.ovn_revision_numbers_db [None req-18b84d34-5eef-4896-9d38-54f83322a795 44b8b77bb14a428f8248099bfedb5831 2a0abb89ff3f446294dcc06fce7e96a6 - - default default] Successfully bumped revision number for resource 03cff074-71ac-4469-942d-1d8d19be6e87 (type: ports) to 1 [pid: 8|app: 0|req: 923/1818] 10.0.0.150 () {34 vars in 664 bytes} [Mon Apr 13 15:32:38 2026] POST /v2.0/ports => generated 743 bytes in 346 msecs (HTTP/1.1 201) 4 headers in 162 bytes (1 switches on core 0) /var/lib/openstack/lib/python3.12/site-packages/pycadf/identifier.py:70: UserWarning: Invalid uuid: neutron. To ensure interoperability, identifiers should be a valid uuid. warnings.warn(('Invalid uuid: %s. To ensure interoperability, ' [pid: 8|app: 0|req: 924/1819] 10.0.0.150 () {32 vars in 774 bytes} [Mon Apr 13 15:32:39 2026] GET /v2.0/security-groups?tenant_id=7625d09d22004d95ab75772d37c41a7d&name=default => generated 2925 bytes in 46 msecs (HTTP/1.1 200) 4 headers in 158 bytes (1 switches on core 0)
2026-04-13 15:32:39.284 7 INFO neutron.db.ovn_revision_numbers_db [None req-f63c29f2-7a49-447d-92ad-7d2977fbd1b7 - - - - - -] Successfully bumped revision number for resource fe8b7a20-8b6c-450b-97d1-407eb5c29ce5 (type: ports) to 2
2026-04-13 15:32:39.314 8 INFO neutron.api.v2.resource [None req-0fcd7fc2-aa76-40e3-9957-20e8d577bcfc 4903934ba927451e84b4b37111145216 57f056f354b9415ca0ebde3db6b477f3 - - default default] remove_router_interface failed (client error): The resource could not be found. [pid: 8|app: 0|req: 925/1820] 10.0.0.150 () {34 vars in 789 bytes} [Mon Apr 13 15:32:39 2026] PUT /v2.0/routers/51db9551-8208-4f36-8ecc-2404494c04a4/remove_router_interface => generated 197 bytes in 49 msecs (HTTP/1.1 404) 4 headers in 164 bytes (1 switches on core 0)
2026-04-13 15:32:39.318 7 INFO neutron.db.ovn_revision_numbers_db [None req-f63c29f2-7a49-447d-92ad-7d2977fbd1b7 - - - - - -] Successfully bumped revision number for resource e4daa9a6-c499-4ac4-bb16-acdd667013d4 (type: subnets) to 0 [pid: 7|app: 0|req: 896/1821] 10.0.0.150 () {34 vars in 669 bytes} [Mon Apr 13 15:32:38 2026] POST /v2.0/subnets => generated 626 bytes in 749 msecs (HTTP/1.1 201) 4 headers in 162 bytes (1 switches on core 0) [pid: 8|app: 0|req: 926/1822] 10.0.0.150 () {34 vars in 666 bytes} [Mon Apr 13 15:32:39 2026] POST /v2.0/trunks => generated 409 bytes in 255 msecs (HTTP/1.1 201) 4 headers in 162 bytes (1 switches on core 0) [pid: 7|app: 0|req: 897/1823] 10.0.0.150 () {32 vars in 740 bytes} [Mon Apr 13 15:32:39 2026] DELETE /v2.0/security-groups/4eae2fee-eab7-442a-bc60-b2de150697a7 => generated 0 bytes in 247 msecs (HTTP/1.1 204) 2 headers in 112 bytes (1 switches on core 0) [pid: 8|app: 0|req: 927/1824] 10.0.0.150 () {32 vars in 736 bytes} [Mon Apr 13 15:32:39 2026] GET /v2.0/ports?device_id=51db9551-8208-4f36-8ecc-2404494c04a4 => generated 12 bytes in 19 msecs (HTTP/1.1 200) 4 headers in 156 bytes (1 switches on core 0) [pid: 8|app: 0|req: 928/1825] 10.0.0.150 () {34 vars in 749 bytes} [Mon Apr 13 15:32:39 2026] PUT /v2.0/trunks/cb81df98-09e8-4084-b9eb-870dddeb892d/tags => generated 25 bytes in 73 msecs (HTTP/1.1 200) 4 headers in 156 bytes (1 switches on core 0) [pid: 8|app: 0|req: 929/1826] 10.0.0.150 () {32 vars in 724 bytes} [Mon Apr 13 15:32:39 2026] DELETE /v2.0/routers/51db9551-8208-4f36-8ecc-2404494c04a4 => generated 0 bytes in 204 msecs (HTTP/1.1 204) 2 headers in 112 bytes (1 switches on core 0) [pid: 8|app: 0|req: 930/1827] 10.0.0.150 () {32 vars in 729 bytes} [Mon Apr 13 15:32:39 2026] GET /v2.0/trunks/cb81df98-09e8-4084-b9eb-870dddeb892d/tags => generated 25 bytes in 18 msecs (HTTP/1.1 200) 4 headers in 156 bytes (1 switches on core 0)
2026-04-13 15:32:39.942 7 WARNING neutron.scheduler.dhcp_agent_scheduler [None req-823ec438-489d-4c5a-ac21-7d42a46088fc 4ebae03d3e7b48aa8883e1b71784cea5 e869ef5f30fd4f48a40de09af0224f11 - - default default] No more DHCP agents
2026-04-13 15:32:39.943 7 WARNING neutron.api.rpc.agentnotifiers.dhcp_rpc_agent_api [None req-823ec438-489d-4c5a-ac21-7d42a46088fc 4ebae03d3e7b48aa8883e1b71784cea5 e869ef5f30fd4f48a40de09af0224f11 - - default default] Unable to schedule network 0fc93f94-84b0-43f7-a33c-1866011b2cd8: no agents available; will retry on subsequent port and subnet creation events. [pid: 8|app: 0|req: 931/1828] 10.0.0.150 () {32 vars in 724 bytes} [Mon Apr 13 15:32:39 2026] DELETE /v2.0/subnets/979d75b2-e6ca-4d3e-8fc6-a6b01bff39fc => generated 0 bytes in 181 msecs (HTTP/1.1 204) 3 headers in 131 bytes (1 switches on core 0)
2026-04-13 15:32:40.103 7 INFO neutron.db.ovn_revision_numbers_db [None req-823ec438-489d-4c5a-ac21-7d42a46088fc 4ebae03d3e7b48aa8883e1b71784cea5 e869ef5f30fd4f48a40de09af0224f11 - - default default] Successfully bumped revision number for resource b670ea68-ff89-4c0c-9de2-5b3e83e4c8d2 (type: ports) to 1 [pid: 8|app: 0|req: 932/1829] 10.0.0.150 () {34 vars in 760 bytes} [Mon Apr 13 15:32:40 2026] PUT /v2.0/trunks/cb81df98-09e8-4084-b9eb-870dddeb892d/tags/green => generated 4 bytes in 38 msecs (HTTP/1.1 201) 4 headers in 160 bytes (1 switches on core 0) [pid: 7|app: 0|req: 898/1830] 10.0.0.150 () {34 vars in 665 bytes} [Mon Apr 13 15:32:39 2026] POST /v2.0/ports => generated 950 bytes in 546 msecs (HTTP/1.1 201) 4 headers in 162 bytes (1 switches on core 0) /var/lib/openstack/lib/python3.12/site-packages/pycadf/identifier.py:70: UserWarning: Invalid uuid: neutron. To ensure interoperability, identifiers should be a valid uuid. warnings.warn(('Invalid uuid: %s. To ensure interoperability, ' [pid: 7|app: 0|req: 899/1831] 10.0.0.150 () {32 vars in 729 bytes} [Mon Apr 13 15:32:40 2026] GET /v2.0/trunks/cb81df98-09e8-4084-b9eb-870dddeb892d/tags => generated 34 bytes in 31 msecs (HTTP/1.1 200) 4 headers in 156 bytes (1 switches on core 0)
2026-04-13 15:32:40.206 8 INFO neutron_taas.services.taas.taas_plugin [None req-140c967e-506c-4b1a-b5ac-827e3764ced3 4903934ba927451e84b4b37111145216 57f056f354b9415ca0ebde3db6b477f3 - - default default] TaaS: Handle Delete Port: 49e268ce-7fa8-4ca9-9424-7e12d3fed66b
2026-04-13 15:32:40.209 8 INFO neutron_taas.services.taas.tap_mirror_plugin [None req-140c967e-506c-4b1a-b5ac-827e3764ced3 4903934ba927451e84b4b37111145216 57f056f354b9415ca0ebde3db6b477f3 - - default default] Tap Mirror: Handle Delete Port: 49e268ce-7fa8-4ca9-9424-7e12d3fed66b
2026-04-13 15:32:40.286 7 INFO neutron_taas.services.taas.taas_plugin [None req-119d5f39-5996-4831-a703-370432dbc309 4ebae03d3e7b48aa8883e1b71784cea5 e869ef5f30fd4f48a40de09af0224f11 - - default default] TaaS: Handle Delete Port: b670ea68-ff89-4c0c-9de2-5b3e83e4c8d2
2026-04-13 15:32:40.293 7 INFO neutron_taas.services.taas.tap_mirror_plugin [None req-119d5f39-5996-4831-a703-370432dbc309 4ebae03d3e7b48aa8883e1b71784cea5 e869ef5f30fd4f48a40de09af0224f11 - - default default] Tap Mirror: Handle Delete Port: b670ea68-ff89-4c0c-9de2-5b3e83e4c8d2
2026-04-13 15:32:40.352 8 INFO neutron.services.segments.plugin [-] Segment 30599009-eb5f-4d98-8191-f3f39d198646 resource provider aggregate not found
2026-04-13 15:32:40.355 8 INFO neutron.services.segments.plugin [-] Segment 30599009-eb5f-4d98-8191-f3f39d198646 resource provider aggregate not found
2026-04-13 15:32:40.372 8 INFO neutron.services.segments.plugin [-] Segment 30599009-eb5f-4d98-8191-f3f39d198646 resource provider not found; error: Placement Client Error (4xx): {"errors": [{"status": 404, "title": "Not Found", "detail": "The resource could not be found.\n\n No resource provider with uuid 30599009-eb5f-4d98-8191-f3f39d198646 found for delete ", "request_id": "req-294f8101-0c2b-40fe-a919-69adce96f258"}]}
2026-04-13 15:32:40.373 8 INFO neutron.services.segments.plugin [-] Segment 30599009-eb5f-4d98-8191-f3f39d198646 resource provider not found; error: Placement Client Error (4xx): {"errors": [{"status": 404, "title": "Not Found", "detail": "The resource could not be found.\n\n No resource provider with uuid 30599009-eb5f-4d98-8191-f3f39d198646 found for delete ", "request_id": "req-8c43f385-2464-42d6-adfd-ac9e799303f9"}]} [pid: 8|app: 0|req: 933/1832] 10.0.0.150 () {32 vars in 726 bytes} [Mon Apr 13 15:32:40 2026] DELETE /v2.0/networks/618df107-0141-438b-a173-ae9ad7e76d44 => generated 0 bytes in 286 msecs (HTTP/1.1 204) 3 headers in 131 bytes (1 switches on core 0) [pid: 8|app: 0|req: 934/1833] 10.0.0.150 () {34 vars in 756 bytes} [Mon Apr 13 15:32:40 2026] PUT /v2.0/trunks/cb81df98-09e8-4084-b9eb-870dddeb892d/tags/red => generated 4 bytes in 28 msecs (HTTP/1.1 201) 4 headers in 160 bytes (1 switches on core 0) [pid: 7|app: 0|req: 900/1834] 10.0.0.150 () {32 vars in 720 bytes} [Mon Apr 13 15:32:40 2026] DELETE /v2.0/ports/b670ea68-ff89-4c0c-9de2-5b3e83e4c8d2 => generated 0 bytes in 297 msecs (HTTP/1.1 204) 3 headers in 131 bytes (1 switches on core 0) [pid: 7|app: 0|req: 901/1835] 10.0.0.150 () {32 vars in 729 bytes} [Mon Apr 13 15:32:40 2026] GET /v2.0/trunks/cb81df98-09e8-4084-b9eb-870dddeb892d/tags => generated 34 bytes in 32 msecs (HTTP/1.1 200) 4 headers in 156 bytes (1 switches on core 0)
2026-04-13 15:32:40.509 7 INFO neutron.pecan_wsgi.hooks.translation [None req-4ecb1c5c-1abb-4d49-83de-41a4d3bfa13d 4ebae03d3e7b48aa8883e1b71784cea5 e869ef5f30fd4f48a40de09af0224f11 - - default default] DELETE failed (client error): The resource could not be found. [pid: 7|app: 0|req: 902/1836] 10.0.0.150 () {32 vars in 720 bytes} [Mon Apr 13 15:32:40 2026] DELETE /v2.0/ports/b670ea68-ff89-4c0c-9de2-5b3e83e4c8d2 => generated 132 bytes in 19 msecs (HTTP/1.1 404) 4 headers in 164 bytes (1 switches on core 0)
2026-04-13 15:32:40.534 8 INFO neutron.db.segments_db [None req-5016e941-14de-49e6-8547-6dcc14a12d0f 4903934ba927451e84b4b37111145216 57f056f354b9415ca0ebde3db6b477f3 - - default default] Added segment 1fbe8aa3-3ed1-4009-87da-bc7826162ff6 of type geneve for network 3ab4c86b-eac6-48fc-838a-b860746523c7 [pid: 7|app: 0|req: 903/1837] 10.0.0.150 () {34 vars in 778 bytes} [Mon Apr 13 15:32:40 2026] PUT /v2.0/trunks/cb81df98-09e8-4084-b9eb-870dddeb892d/tags/black.or.white => generated 4 bytes in 39 msecs (HTTP/1.1 201) 4 headers in 160 bytes (1 switches on core 0)
2026-04-13 15:32:40.565 7 INFO neutron.pecan_wsgi.hooks.translation [None req-6e918c0f-9546-4330-8e67-ca22248ce816 4ebae03d3e7b48aa8883e1b71784cea5 e869ef5f30fd4f48a40de09af0224f11 - - default default] GET failed (client error): The resource could not be found. [pid: 7|app: 0|req: 904/1838] 10.0.0.150 () {32 vars in 717 bytes} [Mon Apr 13 15:32:40 2026] GET /v2.0/ports/b670ea68-ff89-4c0c-9de2-5b3e83e4c8d2 => generated 132 bytes in 16 msecs (HTTP/1.1 404) 4 headers in 164 bytes (1 switches on core 0) [pid: 7|app: 0|req: 905/1839] 10.0.0.150 () {32 vars in 729 bytes} [Mon Apr 13 15:32:40 2026] GET /v2.0/trunks/cb81df98-09e8-4084-b9eb-870dddeb892d/tags => generated 52 bytes in 18 msecs (HTTP/1.1 200) 4 headers in 156 bytes (1 switches on core 0)
2026-04-13 15:32:40.640 8 INFO neutron.db.ovn_revision_numbers_db [None req-5016e941-14de-49e6-8547-6dcc14a12d0f 4903934ba927451e84b4b37111145216 57f056f354b9415ca0ebde3db6b477f3 - - default default] Successfully bumped revision number for resource 3ab4c86b-eac6-48fc-838a-b860746523c7 (type: networks) to 1 [pid: 7|app: 0|req: 906/1840] 10.0.0.150 () {32 vars in 724 bytes} [Mon Apr 13 15:32:40 2026] DELETE /v2.0/subnets/e4daa9a6-c499-4ac4-bb16-acdd667013d4 => generated 0 bytes in 211 msecs (HTTP/1.1 204) 3 headers in 131 bytes (1 switches on core 0)
2026-04-13 15:32:40.805 8 WARNING neutron.scheduler.dhcp_agent_scheduler [None req-5016e941-14de-49e6-8547-6dcc14a12d0f 4903934ba927451e84b4b37111145216 57f056f354b9415ca0ebde3db6b477f3 - - default default] No more DHCP agents
2026-04-13 15:32:40.807 8 WARNING neutron.api.rpc.agentnotifiers.dhcp_rpc_agent_api [None req-5016e941-14de-49e6-8547-6dcc14a12d0f 4903934ba927451e84b4b37111145216 57f056f354b9415ca0ebde3db6b477f3 - - default default] Unable to schedule network 3ab4c86b-eac6-48fc-838a-b860746523c7: no agents available; will retry on subsequent port and subnet creation events. [pid: 7|app: 0|req: 907/1841] 10.0.0.150 () {34 vars in 749 bytes} [Mon Apr 13 15:32:40 2026] PUT /v2.0/trunks/cb81df98-09e8-4084-b9eb-870dddeb892d/tags => generated 37 bytes in 56 msecs (HTTP/1.1 200) 4 headers in 156 bytes (1 switches on core 0)
2026-04-13 15:32:40.875 8 INFO neutron.db.ovn_revision_numbers_db [None req-5016e941-14de-49e6-8547-6dcc14a12d0f 4903934ba927451e84b4b37111145216 57f056f354b9415ca0ebde3db6b477f3 - - default default] Successfully bumped revision number for resource 3f7519e8-8329-4fdc-8836-6ebfd8206fd3 (type: ports) to 1 [pid: 8|app: 0|req: 935/1842] 10.0.0.150 () {34 vars in 670 bytes} [Mon Apr 13 15:32:40 2026] POST /v2.0/networks => generated 648 bytes in 472 msecs (HTTP/1.1 201) 4 headers in 162 bytes (1 switches on core 0) [pid: 8|app: 0|req: 936/1843] 10.0.0.150 () {32 vars in 729 bytes} [Mon Apr 13 15:32:40 2026] GET /v2.0/trunks/cb81df98-09e8-4084-b9eb-870dddeb892d/tags => generated 37 bytes in 15 msecs (HTTP/1.1 200) 4 headers in 156 bytes (1 switches on core 0)
2026-04-13 15:32:40.993 7 INFO neutron_taas.services.taas.taas_plugin [None req-faf96430-3279-4655-a7aa-690ca64edbc7 4ebae03d3e7b48aa8883e1b71784cea5 e869ef5f30fd4f48a40de09af0224f11 - - default default] TaaS: Handle Delete Port: fe8b7a20-8b6c-450b-97d1-407eb5c29ce5
2026-04-13 15:32:40.996 7 INFO neutron_taas.services.taas.tap_mirror_plugin [None req-faf96430-3279-4655-a7aa-690ca64edbc7 4ebae03d3e7b48aa8883e1b71784cea5 e869ef5f30fd4f48a40de09af0224f11 - - default default] Tap Mirror: Handle Delete Port: fe8b7a20-8b6c-450b-97d1-407eb5c29ce5
2026-04-13 15:32:41.117 8 WARNING neutron.scheduler.dhcp_agent_scheduler [None req-07f0f54c-6eaa-4c07-9ff5-b1a02c65e5dd 4903934ba927451e84b4b37111145216 57f056f354b9415ca0ebde3db6b477f3 - - default default] No more DHCP agents
2026-04-13 15:32:41.118 8 WARNING neutron.api.rpc.agentnotifiers.dhcp_rpc_agent_api [None req-07f0f54c-6eaa-4c07-9ff5-b1a02c65e5dd 4903934ba927451e84b4b37111145216 57f056f354b9415ca0ebde3db6b477f3 - - default default] Unable to schedule network 3ab4c86b-eac6-48fc-838a-b860746523c7: no agents available; will retry on subsequent port and subnet creation events.
2026-04-13 15:32:41.165 7 INFO neutron.services.segments.plugin [-] Segment c2d72aef-ec95-4657-8818-ee5355b90207 resource provider aggregate not found
2026-04-13 15:32:41.170 7 INFO neutron.services.segments.plugin [-] Segment c2d72aef-ec95-4657-8818-ee5355b90207 resource provider aggregate not found
2026-04-13 15:32:41.200 7 INFO neutron.services.segments.plugin [-] Segment c2d72aef-ec95-4657-8818-ee5355b90207 resource provider not found; error: Placement Client Error (4xx): {"errors": [{"status": 404, "title": "Not Found", "detail": "The resource could not be found.\n\n No resource provider with uuid c2d72aef-ec95-4657-8818-ee5355b90207 found for delete ", "request_id": "req-3a77dccc-c4e8-4ae2-8bdc-e5d8bd5fdef9"}]}
2026-04-13 15:32:41.206 7 INFO neutron.services.segments.plugin [-] Segment c2d72aef-ec95-4657-8818-ee5355b90207 resource provider not found; error: Placement Client Error (4xx): {"errors": [{"status": 404, "title": "Not Found", "detail": "The resource could not be found.\n\n No resource provider with uuid c2d72aef-ec95-4657-8818-ee5355b90207 found for delete ", "request_id": "req-5aa4c5a8-80ae-4df4-a199-3d9d9426d4c1"}]} [pid: 7|app: 0|req: 908/1844] 10.0.0.150 () {32 vars in 726 bytes} [Mon Apr 13 15:32:40 2026] DELETE /v2.0/networks/0fc93f94-84b0-43f7-a33c-1866011b2cd8 => generated 0 bytes in 359 msecs (HTTP/1.1 204) 3 headers in 131 bytes (1 switches on core 0) [pid: 7|app: 0|req: 909/1845] 10.0.0.150 () {32 vars in 737 bytes} [Mon Apr 13 15:32:41 2026] GET /v2.0/trunks/cb81df98-09e8-4084-b9eb-870dddeb892d/tags/red => generated 0 bytes in 22 msecs (HTTP/1.1 204) 2 headers in 112 bytes (1 switches on core 0)
2026-04-13 15:32:41.284 7 WARNING neutron.plugins.ml2.drivers.ovn.mech_driver.ovsdb.ovn_client [None req-bb1466ea-3a99-41be-bc10-f199523623ff - - - - - -] No port found with ID c9bc8b72-cbb2-45a3-a700-777f8b85dcee: RuntimeError: No port found with ID c9bc8b72-cbb2-45a3-a700-777f8b85dcee
2026-04-13 15:32:41.293 7 INFO neutron.plugins.ml2.drivers.ovn.mech_driver.mech_driver [None req-bb1466ea-3a99-41be-bc10-f199523623ff - - - - - -] OVN reports status down for port: 03cff074-71ac-4469-942d-1d8d19be6e87
2026-04-13 15:32:41.325 7 INFO neutron.db.segments_db [None req-88b691d3-a136-416f-a78c-7728abab003e 4ebae03d3e7b48aa8883e1b71784cea5 e869ef5f30fd4f48a40de09af0224f11 - - default default] Added segment 003c45b5-5384-42ee-874b-ac470c4fb9e3 of type geneve for network 75e995b2-8baa-447c-9e79-9e9655566ea6
2026-04-13 15:32:41.427 7 INFO neutron.plugins.ml2.drivers.ovn.mech_driver.mech_driver [None req-bb1466ea-3a99-41be-bc10-f199523623ff - - - - - -] OVN reports status down for port: b670ea68-ff89-4c0c-9de2-5b3e83e4c8d2
2026-04-13 15:32:41.448 7 INFO neutron.plugins.ml2.drivers.ovn.mech_driver.mech_driver [None req-bb1466ea-3a99-41be-bc10-f199523623ff - - - - - -] OVN reports status down for port: 3f7519e8-8329-4fdc-8836-6ebfd8206fd3
2026-04-13 15:32:41.509 7 INFO neutron.db.ovn_revision_numbers_db [None req-88b691d3-a136-416f-a78c-7728abab003e 4ebae03d3e7b48aa8883e1b71784cea5 e869ef5f30fd4f48a40de09af0224f11 - - default default] Successfully bumped revision number for resource 75e995b2-8baa-447c-9e79-9e9655566ea6 (type: networks) to 1
2026-04-13 15:32:41.574 8 INFO neutron.db.ovn_revision_numbers_db [None req-b6f7f90c-7f6b-4bcf-8caa-85306770c59f - - - - - -] Successfully bumped revision number for resource 3f7519e8-8329-4fdc-8836-6ebfd8206fd3 (type: ports) to 2
2026-04-13 15:32:41.608 8 INFO neutron.db.ovn_revision_numbers_db [None req-b6f7f90c-7f6b-4bcf-8caa-85306770c59f - - - - - -] Successfully bumped revision number for resource 29781803-8a4f-4bff-8fc9-fd63afcdd244 (type: subnets) to 0 [pid: 8|app: 0|req: 937/1846] 10.0.0.150 () {34 vars in 669 bytes} [Mon Apr 13 15:32:40 2026] POST /v2.0/subnets => generated 626 bytes in 713 msecs (HTTP/1.1 201) 4 headers in 162 bytes (1 switches on core 0)
2026-04-13 15:32:41.644 8 INFO neutron.api.v2.resource [None req-1a8c2061-dbea-4616-9dae-46bbd80450be 44b8b77bb14a428f8248099bfedb5831 2a0abb89ff3f446294dcc06fce7e96a6 - - default default] show failed (client error): The resource could not be found. [pid: 8|app: 0|req: 938/1847] 10.0.0.150 () {32 vars in 741 bytes} [Mon Apr 13 15:32:41 2026] GET /v2.0/trunks/cb81df98-09e8-4084-b9eb-870dddeb892d/tags/green => generated 99 bytes in 19 msecs (HTTP/1.1 404) 4 headers in 163 bytes (1 switches on core 0)
2026-04-13 15:32:41.746 8 INFO neutron.db.ovn_revision_numbers_db [None req-dc8aee27-bc73-4948-ab1e-b95722cdf285 4903934ba927451e84b4b37111145216 57f056f354b9415ca0ebde3db6b477f3 - - default default] Successfully bumped revision number for resource 7a52365d-7660-49a9-a733-cf7f2b484568 (type: routers) to 1 [pid: 8|app: 0|req: 941/1850] 10.0.0.150 () {34 vars in 669 bytes} [Mon Apr 13 15:32:41 2026] POST /v2.0/routers => generated 602 bytes in 114 msecs (HTTP/1.1 201) 4 headers in 162 bytes (1 switches on core 0)
2026-04-13 15:32:41.779 7 WARNING neutron.scheduler.dhcp_agent_scheduler [None req-88b691d3-a136-416f-a78c-7728abab003e 4ebae03d3e7b48aa8883e1b71784cea5 e869ef5f30fd4f48a40de09af0224f11 - - default default] No more DHCP agents
2026-04-13 15:32:41.782 7 WARNING neutron.api.rpc.agentnotifiers.dhcp_rpc_agent_api [None req-88b691d3-a136-416f-a78c-7728abab003e 4ebae03d3e7b48aa8883e1b71784cea5 e869ef5f30fd4f48a40de09af0224f11 - - default default] Unable to schedule network 75e995b2-8baa-447c-9e79-9e9655566ea6: no agents available; will retry on subsequent port and subnet creation events. [pid: 8|app: 0|req: 942/1851] 10.0.0.150 () {32 vars in 740 bytes} [Mon Apr 13 15:32:41 2026] DELETE /v2.0/trunks/cb81df98-09e8-4084-b9eb-870dddeb892d/tags/red => generated 0 bytes in 42 msecs (HTTP/1.1 204) 2 headers in 112 bytes (1 switches on core 0)
2026-04-13 15:32:41.853 7 INFO neutron.plugins.ml2.drivers.ovn.mech_driver.mech_driver [None req-bb1466ea-3a99-41be-bc10-f199523623ff - - - - - -] OVN reports status down for port: 5c59e6f9-ee7a-4781-8ef0-f5c79d4a77ed
2026-04-13 15:32:41.926 7 INFO neutron.db.ovn_revision_numbers_db [None req-88b691d3-a136-416f-a78c-7728abab003e 4ebae03d3e7b48aa8883e1b71784cea5 e869ef5f30fd4f48a40de09af0224f11 - - default default] Successfully bumped revision number for resource 5c59e6f9-ee7a-4781-8ef0-f5c79d4a77ed (type: ports) to 1 [pid: 7|app: 0|req: 910/1852] 10.0.0.150 () {34 vars in 670 bytes} [Mon Apr 13 15:32:41 2026] POST /v2.0/networks => generated 650 bytes in 751 msecs (HTTP/1.1 201) 4 headers in 162 bytes (1 switches on core 0) [pid: 7|app: 0|req: 911/1853] 10.0.0.150 () {32 vars in 729 bytes} [Mon Apr 13 15:32:41 2026] GET /v2.0/trunks/cb81df98-09e8-4084-b9eb-870dddeb892d/tags => generated 30 bytes in 25 msecs (HTTP/1.1 200) 4 headers in 156 bytes (1 switches on core 0)
2026-04-13 15:32:42.212 7 WARNING neutron.scheduler.dhcp_agent_scheduler [None req-28c917bd-8d3c-4733-a52e-f4926c8328c9 4ebae03d3e7b48aa8883e1b71784cea5 e869ef5f30fd4f48a40de09af0224f11 - - default default] No more DHCP agents
2026-04-13 15:32:42.214 7 WARNING neutron.api.rpc.agentnotifiers.dhcp_rpc_agent_api [None req-28c917bd-8d3c-4733-a52e-f4926c8328c9 4ebae03d3e7b48aa8883e1b71784cea5 e869ef5f30fd4f48a40de09af0224f11 - - default default] Unable to schedule network 75e995b2-8baa-447c-9e79-9e9655566ea6: no agents available; will retry on subsequent port and subnet creation events.
