Apr 27 14:21:34.259642 np0000170602 systemd[1]: Starting devstack@n-api.service - Devstack devstack@n-api.service...
Apr 27 14:21:34.266856 np0000170602 devstack@n-api.service[101444]: [uWSGI] getting INI configuration from /etc/nova/nova-api-uwsgi.ini
Apr 27 14:21:34.267551 np0000170602 devstack@n-api.service[101444]: open("./http_plugin.so"): No such file or directory [core/utils.c line 3709]
Apr 27 14:21:34.267551 np0000170602 devstack@n-api.service[101444]: !!! UNABLE to load uWSGI plugin: ./http_plugin.so: cannot open shared object file: No such file or directory !!!
Apr 27 14:21:34.267551 np0000170602 devstack@n-api.service[101444]: open("./python3_plugin.so"): No such file or directory [core/utils.c line 3709]
Apr 27 14:21:34.267551 np0000170602 devstack@n-api.service[101444]: !!! UNABLE to load uWSGI plugin: ./python3_plugin.so: cannot open shared object file: No such file or directory !!!
Apr 27 14:21:34.267551 np0000170602 devstack@n-api.service[101444]: *** Starting uWSGI 2.0.31 (64bit) on [Mon Apr 27 14:21:34 2026] ***
Apr 27 14:21:34.267551 np0000170602 devstack@n-api.service[101444]: compiled with version: 13.3.0 on 27 April 2026 14:10:39
Apr 27 14:21:34.267551 np0000170602 devstack@n-api.service[101444]: os: Linux-6.8.0-110-generic #110-Ubuntu SMP PREEMPT_DYNAMIC Thu Mar 19 15:09:20 UTC 2026
Apr 27 14:21:34.267551 np0000170602 devstack@n-api.service[101444]: nodename: np0000170602
Apr 27 14:21:34.267551 np0000170602 devstack@n-api.service[101444]: machine: x86_64
Apr 27 14:21:34.267551 np0000170602 devstack@n-api.service[101444]: clock source: unix
Apr 27 14:21:34.267551 np0000170602 devstack@n-api.service[101444]: pcre jit disabled
Apr 27 14:21:34.267551 np0000170602 devstack@n-api.service[101444]: detected number of CPU cores: 16
Apr 27 14:21:34.267551 np0000170602 devstack@n-api.service[101444]: current working directory: /
Apr 27 14:21:34.267551 np0000170602 devstack@n-api.service[101444]: detected binary path: /opt/stack/data/venv/bin/uwsgi
Apr 27 14:21:34.267551 np0000170602 devstack@n-api.service[101444]: your processes number limit is 256917
Apr 27 14:21:34.267551 np0000170602 devstack@n-api.service[101444]: your memory page size is 4096 bytes
Apr 27 14:21:34.267551 np0000170602 devstack@n-api.service[101444]: detected max file descriptor number: 2048
Apr 27 14:21:34.267551 np0000170602 devstack@n-api.service[101444]: lock engine: pthread robust mutexes
Apr 27 14:21:34.267551 np0000170602 devstack@n-api.service[101444]: thunder lock: enabled
Apr 27 14:21:34.268582 np0000170602 devstack@n-api.service[101444]: uwsgi socket 0 bound to UNIX address /var/run/uwsgi/nova-api.socket fd 4
Apr 27 14:21:34.268582 np0000170602 devstack@n-api.service[101444]: Python version: 3.12.3 (main, Mar 23 2026, 19:04:32) [GCC 13.3.0]
Apr 27 14:21:34.268582 np0000170602 devstack@n-api.service[101444]: PEP 405 virtualenv detected: /opt/stack/data/venv
Apr 27 14:21:34.268582 np0000170602 devstack@n-api.service[101444]: Set PythonHome to /opt/stack/data/venv
Apr 27 14:21:34.308007 np0000170602 devstack@n-api.service[101444]: Python main interpreter initialized at 0x7fc7ff8a3668
Apr 27 14:21:34.308007 np0000170602 devstack@n-api.service[101444]: python threads support enabled
Apr 27 14:21:34.308007 np0000170602 devstack@n-api.service[101444]: your server socket listen backlog is limited to 100 connections
Apr 27 14:21:34.308007 np0000170602 devstack@n-api.service[101444]: your mercy for graceful operations on workers is 80 seconds
Apr 27 14:21:34.308644 np0000170602 devstack@n-api.service[101444]: mapped 671795 bytes (656 KB) for 4 cores
Apr 27 14:21:34.308792 np0000170602 devstack@n-api.service[101444]: *** Operational MODE: preforking ***
Apr 27 14:21:34.309043 np0000170602 devstack@n-api.service[101444]: *** uWSGI is running in multiple interpreter mode ***
Apr 27 14:21:34.309043 np0000170602 devstack@n-api.service[101444]: spawned uWSGI master process (pid: 101444)
Apr 27 14:21:34.309224 np0000170602 systemd[1]: Started devstack@n-api.service - Devstack devstack@n-api.service.
Apr 27 14:21:34.309742 np0000170602 devstack@n-api.service[101444]: spawned uWSGI worker 1 (pid: 101445, cores: 1)
Apr 27 14:21:34.310163 np0000170602 devstack@n-api.service[101444]: spawned uWSGI worker 2 (pid: 101446, cores: 1)
Apr 27 14:21:34.310598 np0000170602 devstack@n-api.service[101444]: spawned uWSGI worker 3 (pid: 101447, cores: 1)
Apr 27 14:21:34.311008 np0000170602 devstack@n-api.service[101444]: spawned uWSGI worker 4 (pid: 101448, cores: 1)
Apr 27 14:21:34.311116 np0000170602 devstack@n-api.service[101444]: running "unix_signal:15 gracefully_kill_them_all" (master-start)...
Apr 27 14:21:34.633446 np0000170602 devstack@n-api.service[101447]: /opt/stack/data/venv/lib/python3.12/site-packages/oslo_concurrency/lockutils.py:41: EventletDeprecationWarning:
Apr 27 14:21:34.633446 np0000170602 devstack@n-api.service[101447]: Eventlet is deprecated. It is currently being maintained in bugfix mode, and
Apr 27 14:21:34.633446 np0000170602 devstack@n-api.service[101447]: we strongly recommend against using it for new projects.
Apr 27 14:21:34.633446 np0000170602 devstack@n-api.service[101447]: If you are already using Eventlet, we recommend migrating to a different
Apr 27 14:21:34.633446 np0000170602 devstack@n-api.service[101447]: framework. For more detail see
Apr 27 14:21:34.633446 np0000170602 devstack@n-api.service[101447]: https://eventlet.readthedocs.io/en/latest/asyncio/migration.html
Apr 27 14:21:34.633446 np0000170602 devstack@n-api.service[101447]: import eventlet
Apr 27 14:21:34.637820 np0000170602 devstack@n-api.service[101445]: /opt/stack/data/venv/lib/python3.12/site-packages/oslo_concurrency/lockutils.py:41: EventletDeprecationWarning:
Apr 27 14:21:34.637820 np0000170602 devstack@n-api.service[101445]: Eventlet is deprecated. It is currently being maintained in bugfix mode, and
Apr 27 14:21:34.637820 np0000170602 devstack@n-api.service[101445]: we strongly recommend against using it for new projects.
Apr 27 14:21:34.637820 np0000170602 devstack@n-api.service[101445]: If you are already using Eventlet, we recommend migrating to a different
Apr 27 14:21:34.637820 np0000170602 devstack@n-api.service[101445]: framework. For more detail see
Apr 27 14:21:34.637820 np0000170602 devstack@n-api.service[101445]: https://eventlet.readthedocs.io/en/latest/asyncio/migration.html
Apr 27 14:21:34.637820 np0000170602 devstack@n-api.service[101445]: import eventlet
Apr 27 14:21:34.638902 np0000170602 devstack@n-api.service[101446]: /opt/stack/data/venv/lib/python3.12/site-packages/oslo_concurrency/lockutils.py:41: EventletDeprecationWarning:
Apr 27 14:21:34.638902 np0000170602 devstack@n-api.service[101446]: Eventlet is deprecated. It is currently being maintained in bugfix mode, and
Apr 27 14:21:34.638902 np0000170602 devstack@n-api.service[101446]: we strongly recommend against using it for new projects.
Apr 27 14:21:34.638902 np0000170602 devstack@n-api.service[101446]: If you are already using Eventlet, we recommend migrating to a different
Apr 27 14:21:34.638902 np0000170602 devstack@n-api.service[101446]: framework. For more detail see
Apr 27 14:21:34.638902 np0000170602 devstack@n-api.service[101446]: https://eventlet.readthedocs.io/en/latest/asyncio/migration.html
Apr 27 14:21:34.638902 np0000170602 devstack@n-api.service[101446]: import eventlet
Apr 27 14:21:34.669463 np0000170602 devstack@n-api.service[101448]: /opt/stack/data/venv/lib/python3.12/site-packages/oslo_concurrency/lockutils.py:41: EventletDeprecationWarning:
Apr 27 14:21:34.669463 np0000170602 devstack@n-api.service[101448]: Eventlet is deprecated. It is currently being maintained in bugfix mode, and
Apr 27 14:21:34.669463 np0000170602 devstack@n-api.service[101448]: we strongly recommend against using it for new projects.
Apr 27 14:21:34.669463 np0000170602 devstack@n-api.service[101448]: If you are already using Eventlet, we recommend migrating to a different
Apr 27 14:21:34.669463 np0000170602 devstack@n-api.service[101448]: framework. For more detail see
Apr 27 14:21:34.669463 np0000170602 devstack@n-api.service[101448]: https://eventlet.readthedocs.io/en/latest/asyncio/migration.html
Apr 27 14:21:34.669463 np0000170602 devstack@n-api.service[101448]: import eventlet
Apr 27 14:21:34.679045 np0000170602 devstack@n-api.service[101447]: Service is starting with native threading. This is currently experimental. Do not use it in production without first testing it in pre-production.
Apr 27 14:21:34.684804 np0000170602 devstack@n-api.service[101446]: Service is starting with native threading. This is currently experimental. Do not use it in production without first testing it in pre-production.
Apr 27 14:21:34.685302 np0000170602 devstack@n-api.service[101445]: Service is starting with native threading. This is currently experimental. Do not use it in production without first testing it in pre-production.
Apr 27 14:21:34.717920 np0000170602 devstack@n-api.service[101448]: Service is starting with native threading. This is currently experimental. Do not use it in production without first testing it in pre-production.
Apr 27 14:21:36.752934 np0000170602 devstack@n-api.service[101447]: INFO dbcounter [None req-1156b437-128e-412b-aaf7-6014385a709f None None] Registered counter for database nova_api
Apr 27 14:21:36.765033 np0000170602 devstack@n-api.service[101447]: DEBUG oslo_db.sqlalchemy.engines [None req-1156b437-128e-412b-aaf7-6014385a709f None None] MySQL server mode set to STRICT_TRANS_TABLES,STRICT_ALL_TABLES,NO_ZERO_IN_DATE,NO_ZERO_DATE,ERROR_FOR_DIVISION_BY_ZERO,TRADITIONAL,NO_ENGINE_SUBSTITUTION {{(pid=101447) _check_effective_sql_mode /opt/stack/data/venv/lib/python3.12/site-packages/oslo_db/sqlalchemy/engines.py:325}}
Apr 27 14:21:36.794591 np0000170602 devstack@n-api.service[101446]: INFO dbcounter [None req-7c70b400-7e19-4fbb-a4f7-34b1f2cb3d1e None None] Registered counter for database nova_api
Apr 27 14:21:36.795349 np0000170602 devstack@n-api.service[101447]: DEBUG dbcounter [-] [101447] Writer thread running {{(pid=101447) stat_writer /opt/stack/data/venv/lib/python3.12/site-packages/dbcounter.py:102}}
Apr 27 14:21:36.798170 np0000170602 devstack@n-api.service[101447]: DEBUG nova.context [None req-1156b437-128e-412b-aaf7-6014385a709f None None] Found 2 cells: 00000000-0000-0000-0000-000000000000(cell0),a59b2c82-324e-4d8d-a5cd-2532c3831c6b(cell1) {{(pid=101447) load_cells /opt/stack/nova/nova/context.py:509}}
Apr 27 14:21:36.798388 np0000170602 devstack@n-api.service[101447]: INFO nova.utils [None req-1156b437-128e-412b-aaf7-6014385a709f None None] The cell worker thread pool MainProcess.cell_worker is initialized
Apr 27 14:21:36.800166 np0000170602 devstack@n-api.service[101447]: DEBUG oslo_concurrency.lockutils [None req-1156b437-128e-412b-aaf7-6014385a709f None None] Acquiring lock "00000000-0000-0000-0000-000000000000" by "nova.context.set_target_cell..get_or_set_cached_cell_and_set_connections" {{(pid=101447) inner /opt/stack/data/venv/lib/python3.12/site-packages/oslo_concurrency/lockutils.py:506}}
Apr 27 14:21:36.800290 np0000170602 devstack@n-api.service[101447]: DEBUG oslo_concurrency.lockutils [None req-1156b437-128e-412b-aaf7-6014385a709f None None] Lock "00000000-0000-0000-0000-000000000000" acquired by "nova.context.set_target_cell..get_or_set_cached_cell_and_set_connections" :: waited 0.000s {{(pid=101447) inner /opt/stack/data/venv/lib/python3.12/site-packages/oslo_concurrency/lockutils.py:519}}
Apr 27 14:21:36.800646 np0000170602 devstack@n-api.service[101447]: DEBUG oslo_concurrency.lockutils [None req-1156b437-128e-412b-aaf7-6014385a709f None None] Lock "00000000-0000-0000-0000-000000000000" "released" by "nova.context.set_target_cell..get_or_set_cached_cell_and_set_connections" :: held 0.000s {{(pid=101447) inner /opt/stack/data/venv/lib/python3.12/site-packages/oslo_concurrency/lockutils.py:538}}
Apr 27 14:21:36.801510 np0000170602 devstack@n-api.service[101447]: DEBUG oslo_concurrency.lockutils [None req-1156b437-128e-412b-aaf7-6014385a709f None None] Acquiring lock "a59b2c82-324e-4d8d-a5cd-2532c3831c6b" by "nova.context.set_target_cell..get_or_set_cached_cell_and_set_connections" {{(pid=101447) inner /opt/stack/data/venv/lib/python3.12/site-packages/oslo_concurrency/lockutils.py:506}}
Apr 27 14:21:36.801652 np0000170602 devstack@n-api.service[101447]: DEBUG oslo_concurrency.lockutils [None req-1156b437-128e-412b-aaf7-6014385a709f None None] Lock "a59b2c82-324e-4d8d-a5cd-2532c3831c6b" acquired by "nova.context.set_target_cell..get_or_set_cached_cell_and_set_connections" :: waited 0.000s {{(pid=101447) inner /opt/stack/data/venv/lib/python3.12/site-packages/oslo_concurrency/lockutils.py:519}}
Apr 27 14:21:36.802487 np0000170602 devstack@n-api.service[101447]: DEBUG oslo_concurrency.lockutils [None req-1156b437-128e-412b-aaf7-6014385a709f None None] Lock "a59b2c82-324e-4d8d-a5cd-2532c3831c6b" "released" by "nova.context.set_target_cell..get_or_set_cached_cell_and_set_connections" :: held 0.001s {{(pid=101447) inner /opt/stack/data/venv/lib/python3.12/site-packages/oslo_concurrency/lockutils.py:538}}
Apr 27 14:21:36.805879 np0000170602 devstack@n-api.service[101447]: INFO dbcounter [None req-1156b437-128e-412b-aaf7-6014385a709f None None] Registered counter for database nova_cell0
Apr 27 14:21:36.812406 np0000170602 devstack@n-api.service[101447]: INFO dbcounter [None req-1156b437-128e-412b-aaf7-6014385a709f None None] Registered counter for database nova_cell1
Apr 27 14:21:36.820790 np0000170602 devstack@n-api.service[101445]: INFO dbcounter [None req-79f56c35-a997-410c-8f00-d05d37ff4ce0 None None] Registered counter for database nova_api
Apr 27 14:21:36.822837 np0000170602 devstack@n-api.service[101447]: DEBUG oslo_db.sqlalchemy.engines [None req-1156b437-128e-412b-aaf7-6014385a709f None None] MySQL server mode set to STRICT_TRANS_TABLES,STRICT_ALL_TABLES,NO_ZERO_IN_DATE,NO_ZERO_DATE,ERROR_FOR_DIVISION_BY_ZERO,TRADITIONAL,NO_ENGINE_SUBSTITUTION {{(pid=101447) _check_effective_sql_mode /opt/stack/data/venv/lib/python3.12/site-packages/oslo_db/sqlalchemy/engines.py:325}}
Apr 27 14:21:36.827289 np0000170602 devstack@n-api.service[101446]: DEBUG oslo_db.sqlalchemy.engines [None req-7c70b400-7e19-4fbb-a4f7-34b1f2cb3d1e None None] MySQL server mode set to STRICT_TRANS_TABLES,STRICT_ALL_TABLES,NO_ZERO_IN_DATE,NO_ZERO_DATE,ERROR_FOR_DIVISION_BY_ZERO,TRADITIONAL,NO_ENGINE_SUBSTITUTION {{(pid=101446) _check_effective_sql_mode /opt/stack/data/venv/lib/python3.12/site-packages/oslo_db/sqlalchemy/engines.py:325}}
Apr 27 14:21:36.835892 np0000170602 devstack@n-api.service[101445]: DEBUG oslo_db.sqlalchemy.engines [None req-79f56c35-a997-410c-8f00-d05d37ff4ce0 None None] MySQL server mode set to STRICT_TRANS_TABLES,STRICT_ALL_TABLES,NO_ZERO_IN_DATE,NO_ZERO_DATE,ERROR_FOR_DIVISION_BY_ZERO,TRADITIONAL,NO_ENGINE_SUBSTITUTION {{(pid=101445) _check_effective_sql_mode /opt/stack/data/venv/lib/python3.12/site-packages/oslo_db/sqlalchemy/engines.py:325}}
Apr 27 14:21:36.871698 np0000170602 devstack@n-api.service[101445]: DEBUG dbcounter [-] [101445] Writer thread running {{(pid=101445) stat_writer /opt/stack/data/venv/lib/python3.12/site-packages/dbcounter.py:102}}
Apr 27 14:21:36.873002 np0000170602 devstack@n-api.service[101448]: INFO dbcounter [None req-512a0776-2ce5-4e60-92e9-87362edfdb33 None None] Registered counter for database nova_api
Apr 27 14:21:36.875613 np0000170602 devstack@n-api.service[101445]: DEBUG nova.context [None req-79f56c35-a997-410c-8f00-d05d37ff4ce0 None None] Found 2 cells: 00000000-0000-0000-0000-000000000000(cell0),a59b2c82-324e-4d8d-a5cd-2532c3831c6b(cell1) {{(pid=101445) load_cells /opt/stack/nova/nova/context.py:509}}
Apr 27 14:21:36.875836 np0000170602 devstack@n-api.service[101445]: INFO nova.utils [None req-79f56c35-a997-410c-8f00-d05d37ff4ce0 None None] The cell worker thread pool MainProcess.cell_worker is initialized
Apr 27 14:21:36.877567 np0000170602 devstack@n-api.service[101445]: DEBUG oslo_concurrency.lockutils [None req-79f56c35-a997-410c-8f00-d05d37ff4ce0 None None] Acquiring lock "00000000-0000-0000-0000-000000000000" by "nova.context.set_target_cell..get_or_set_cached_cell_and_set_connections" {{(pid=101445) inner /opt/stack/data/venv/lib/python3.12/site-packages/oslo_concurrency/lockutils.py:506}}
Apr 27 14:21:36.877727 np0000170602 devstack@n-api.service[101445]: DEBUG oslo_concurrency.lockutils [None req-79f56c35-a997-410c-8f00-d05d37ff4ce0 None None] Lock "00000000-0000-0000-0000-000000000000" acquired by "nova.context.set_target_cell..get_or_set_cached_cell_and_set_connections" :: waited 0.000s {{(pid=101445) inner /opt/stack/data/venv/lib/python3.12/site-packages/oslo_concurrency/lockutils.py:519}}
Apr 27 14:21:36.878068 np0000170602 devstack@n-api.service[101445]: DEBUG oslo_concurrency.lockutils [None req-79f56c35-a997-410c-8f00-d05d37ff4ce0 None None] Lock "00000000-0000-0000-0000-000000000000" "released" by "nova.context.set_target_cell..get_or_set_cached_cell_and_set_connections" :: held 0.000s {{(pid=101445) inner /opt/stack/data/venv/lib/python3.12/site-packages/oslo_concurrency/lockutils.py:538}}
Apr 27 14:21:36.878954 np0000170602 devstack@n-api.service[101445]: DEBUG oslo_concurrency.lockutils [None req-79f56c35-a997-410c-8f00-d05d37ff4ce0 None None] Acquiring lock "a59b2c82-324e-4d8d-a5cd-2532c3831c6b" by "nova.context.set_target_cell..get_or_set_cached_cell_and_set_connections" {{(pid=101445) inner /opt/stack/data/venv/lib/python3.12/site-packages/oslo_concurrency/lockutils.py:506}}
Apr 27 14:21:36.879116 np0000170602 devstack@n-api.service[101445]: DEBUG oslo_concurrency.lockutils [None req-79f56c35-a997-410c-8f00-d05d37ff4ce0 None None] Lock "a59b2c82-324e-4d8d-a5cd-2532c3831c6b" acquired by "nova.context.set_target_cell..get_or_set_cached_cell_and_set_connections" :: waited 0.000s {{(pid=101445) inner /opt/stack/data/venv/lib/python3.12/site-packages/oslo_concurrency/lockutils.py:519}}
Apr 27 14:21:36.879927 np0000170602 devstack@n-api.service[101445]: DEBUG oslo_concurrency.lockutils [None req-79f56c35-a997-410c-8f00-d05d37ff4ce0 None None] Lock "a59b2c82-324e-4d8d-a5cd-2532c3831c6b" "released" by "nova.context.set_target_cell..get_or_set_cached_cell_and_set_connections" :: held 0.001s {{(pid=101445) inner /opt/stack/data/venv/lib/python3.12/site-packages/oslo_concurrency/lockutils.py:538}}
Apr 27 14:21:36.883015 np0000170602 devstack@n-api.service[101445]: INFO dbcounter [None req-79f56c35-a997-410c-8f00-d05d37ff4ce0 None None] Registered counter for database nova_cell0
Apr 27 14:21:36.888115 np0000170602 devstack@n-api.service[101448]: DEBUG oslo_db.sqlalchemy.engines [None req-512a0776-2ce5-4e60-92e9-87362edfdb33 None None] MySQL server mode set to STRICT_TRANS_TABLES,STRICT_ALL_TABLES,NO_ZERO_IN_DATE,NO_ZERO_DATE,ERROR_FOR_DIVISION_BY_ZERO,TRADITIONAL,NO_ENGINE_SUBSTITUTION {{(pid=101448) _check_effective_sql_mode /opt/stack/data/venv/lib/python3.12/site-packages/oslo_db/sqlalchemy/engines.py:325}}
Apr 27 14:21:36.888197 np0000170602 devstack@n-api.service[101445]: INFO dbcounter [None req-79f56c35-a997-410c-8f00-d05d37ff4ce0 None None] Registered counter for database nova_cell1
Apr 27 14:21:36.898236 np0000170602 devstack@n-api.service[101445]: DEBUG oslo_db.sqlalchemy.engines [None req-79f56c35-a997-410c-8f00-d05d37ff4ce0 None None] MySQL server mode set to STRICT_TRANS_TABLES,STRICT_ALL_TABLES,NO_ZERO_IN_DATE,NO_ZERO_DATE,ERROR_FOR_DIVISION_BY_ZERO,TRADITIONAL,NO_ENGINE_SUBSTITUTION {{(pid=101445) _check_effective_sql_mode /opt/stack/data/venv/lib/python3.12/site-packages/oslo_db/sqlalchemy/engines.py:325}}
Apr 27 14:21:36.899726 np0000170602 devstack@n-api.service[101446]: DEBUG dbcounter [-] [101446] Writer thread running {{(pid=101446) stat_writer /opt/stack/data/venv/lib/python3.12/site-packages/dbcounter.py:102}}
Apr 27 14:21:36.902106 np0000170602 devstack@n-api.service[101446]: DEBUG nova.context [None req-7c70b400-7e19-4fbb-a4f7-34b1f2cb3d1e None None] Found 2 cells: 00000000-0000-0000-0000-000000000000(cell0),a59b2c82-324e-4d8d-a5cd-2532c3831c6b(cell1) {{(pid=101446) load_cells /opt/stack/nova/nova/context.py:509}}
Apr 27 14:21:36.902385 np0000170602 devstack@n-api.service[101446]: INFO nova.utils [None req-7c70b400-7e19-4fbb-a4f7-34b1f2cb3d1e None None] The cell worker thread pool MainProcess.cell_worker is initialized
Apr 27 14:21:36.906983 np0000170602 devstack@n-api.service[101446]: DEBUG oslo_concurrency.lockutils [None req-7c70b400-7e19-4fbb-a4f7-34b1f2cb3d1e None None] Acquiring lock "00000000-0000-0000-0000-000000000000" by "nova.context.set_target_cell..get_or_set_cached_cell_and_set_connections" {{(pid=101446) inner /opt/stack/data/venv/lib/python3.12/site-packages/oslo_concurrency/lockutils.py:506}}
Apr 27 14:21:36.907216 np0000170602 devstack@n-api.service[101446]: DEBUG oslo_concurrency.lockutils [None req-7c70b400-7e19-4fbb-a4f7-34b1f2cb3d1e None None] Lock "00000000-0000-0000-0000-000000000000" acquired by "nova.context.set_target_cell..get_or_set_cached_cell_and_set_connections" :: waited 0.000s {{(pid=101446) inner /opt/stack/data/venv/lib/python3.12/site-packages/oslo_concurrency/lockutils.py:519}}
Apr 27 14:21:36.907690 np0000170602 devstack@n-api.service[101446]: DEBUG oslo_concurrency.lockutils [None req-7c70b400-7e19-4fbb-a4f7-34b1f2cb3d1e None None] Lock "00000000-0000-0000-0000-000000000000" "released" by "nova.context.set_target_cell..get_or_set_cached_cell_and_set_connections" :: held 0.000s {{(pid=101446) inner /opt/stack/data/venv/lib/python3.12/site-packages/oslo_concurrency/lockutils.py:538}}
Apr 27 14:21:36.908526 np0000170602 devstack@n-api.service[101446]: DEBUG oslo_concurrency.lockutils [None req-7c70b400-7e19-4fbb-a4f7-34b1f2cb3d1e None None] Acquiring lock "a59b2c82-324e-4d8d-a5cd-2532c3831c6b" by "nova.context.set_target_cell..get_or_set_cached_cell_and_set_connections" {{(pid=101446) inner /opt/stack/data/venv/lib/python3.12/site-packages/oslo_concurrency/lockutils.py:506}}
Apr 27 14:21:36.908709 np0000170602 devstack@n-api.service[101446]: DEBUG oslo_concurrency.lockutils [None req-7c70b400-7e19-4fbb-a4f7-34b1f2cb3d1e None None] Lock "a59b2c82-324e-4d8d-a5cd-2532c3831c6b" acquired by "nova.context.set_target_cell..get_or_set_cached_cell_and_set_connections" :: waited 0.000s {{(pid=101446) inner /opt/stack/data/venv/lib/python3.12/site-packages/oslo_concurrency/lockutils.py:519}}
Apr 27 14:21:36.909916 np0000170602 devstack@n-api.service[101445]: DEBUG oslo_db.sqlalchemy.engines [None req-79f56c35-a997-410c-8f00-d05d37ff4ce0 None None] MySQL server mode set to STRICT_TRANS_TABLES,STRICT_ALL_TABLES,NO_ZERO_IN_DATE,NO_ZERO_DATE,ERROR_FOR_DIVISION_BY_ZERO,TRADITIONAL,NO_ENGINE_SUBSTITUTION {{(pid=101445) _check_effective_sql_mode /opt/stack/data/venv/lib/python3.12/site-packages/oslo_db/sqlalchemy/engines.py:325}}
Apr 27 14:21:36.910046 np0000170602 devstack@n-api.service[101446]: DEBUG oslo_concurrency.lockutils [None req-7c70b400-7e19-4fbb-a4f7-34b1f2cb3d1e None None] Lock "a59b2c82-324e-4d8d-a5cd-2532c3831c6b" "released" by "nova.context.set_target_cell..get_or_set_cached_cell_and_set_connections" :: held 0.001s {{(pid=101446) inner /opt/stack/data/venv/lib/python3.12/site-packages/oslo_concurrency/lockutils.py:538}}
Apr 27 14:21:36.910341 np0000170602 devstack@n-api.service[101447]: DEBUG oslo_db.sqlalchemy.engines [None req-1156b437-128e-412b-aaf7-6014385a709f None None] MySQL server mode set to STRICT_TRANS_TABLES,STRICT_ALL_TABLES,NO_ZERO_IN_DATE,NO_ZERO_DATE,ERROR_FOR_DIVISION_BY_ZERO,TRADITIONAL,NO_ENGINE_SUBSTITUTION {{(pid=101447) _check_effective_sql_mode /opt/stack/data/venv/lib/python3.12/site-packages/oslo_db/sqlalchemy/engines.py:325}}
Apr 27 14:21:36.912824 np0000170602 devstack@n-api.service[101446]: INFO dbcounter [None req-7c70b400-7e19-4fbb-a4f7-34b1f2cb3d1e None None] Registered counter for database nova_cell0
Apr 27 14:21:36.914468 np0000170602 devstack@n-api.service[101447]: DEBUG dbcounter [-] [101447] Writer thread running {{(pid=101447) stat_writer /opt/stack/data/venv/lib/python3.12/site-packages/dbcounter.py:102}}
Apr 27 14:21:36.919537 np0000170602 devstack@n-api.service[101446]: INFO dbcounter [None req-7c70b400-7e19-4fbb-a4f7-34b1f2cb3d1e None None] Registered counter for database nova_cell1
Apr 27 14:21:36.921205 np0000170602 devstack@n-api.service[101447]: DEBUG dbcounter [-] [101447] Writer thread running {{(pid=101447) stat_writer /opt/stack/data/venv/lib/python3.12/site-packages/dbcounter.py:102}}
Apr 27 14:21:36.924678 np0000170602 devstack@n-api.service[101447]: INFO dbcounter [None req-1156b437-128e-412b-aaf7-6014385a709f None None] Registered counter for database nova_cell0
Apr 27 14:21:36.928995 np0000170602 devstack@n-api.service[101448]: DEBUG dbcounter [-] [101448] Writer thread running {{(pid=101448) stat_writer /opt/stack/data/venv/lib/python3.12/site-packages/dbcounter.py:102}}
Apr 27 14:21:36.931787 np0000170602 devstack@n-api.service[101446]: DEBUG oslo_db.sqlalchemy.engines [None req-7c70b400-7e19-4fbb-a4f7-34b1f2cb3d1e None None] MySQL server mode set to STRICT_TRANS_TABLES,STRICT_ALL_TABLES,NO_ZERO_IN_DATE,NO_ZERO_DATE,ERROR_FOR_DIVISION_BY_ZERO,TRADITIONAL,NO_ENGINE_SUBSTITUTION {{(pid=101446) _check_effective_sql_mode /opt/stack/data/venv/lib/python3.12/site-packages/oslo_db/sqlalchemy/engines.py:325}}
Apr 27 14:21:36.932598 np0000170602 devstack@n-api.service[101448]: DEBUG nova.context [None req-512a0776-2ce5-4e60-92e9-87362edfdb33 None None] Found 2 cells: 00000000-0000-0000-0000-000000000000(cell0),a59b2c82-324e-4d8d-a5cd-2532c3831c6b(cell1) {{(pid=101448) load_cells /opt/stack/nova/nova/context.py:509}}
Apr 27 14:21:36.932903 np0000170602 devstack@n-api.service[101448]: INFO nova.utils [None req-512a0776-2ce5-4e60-92e9-87362edfdb33 None None] The cell worker thread pool MainProcess.cell_worker is initialized
Apr 27 14:21:36.934955 np0000170602 devstack@n-api.service[101448]: DEBUG oslo_concurrency.lockutils [None req-512a0776-2ce5-4e60-92e9-87362edfdb33 None None] Acquiring lock "00000000-0000-0000-0000-000000000000" by "nova.context.set_target_cell..get_or_set_cached_cell_and_set_connections" {{(pid=101448) inner /opt/stack/data/venv/lib/python3.12/site-packages/oslo_concurrency/lockutils.py:506}}
Apr 27 14:21:36.935126 np0000170602 devstack@n-api.service[101448]: DEBUG oslo_concurrency.lockutils [None req-512a0776-2ce5-4e60-92e9-87362edfdb33 None None] Lock "00000000-0000-0000-0000-000000000000" acquired by "nova.context.set_target_cell..get_or_set_cached_cell_and_set_connections" :: waited 0.000s {{(pid=101448) inner /opt/stack/data/venv/lib/python3.12/site-packages/oslo_concurrency/lockutils.py:519}}
Apr 27 14:21:36.935527 np0000170602 devstack@n-api.service[101448]: DEBUG oslo_concurrency.lockutils [None req-512a0776-2ce5-4e60-92e9-87362edfdb33 None None] Lock "00000000-0000-0000-0000-000000000000" "released" by "nova.context.set_target_cell..get_or_set_cached_cell_and_set_connections" :: held 0.000s {{(pid=101448) inner /opt/stack/data/venv/lib/python3.12/site-packages/oslo_concurrency/lockutils.py:538}}
Apr 27 14:21:36.936642 np0000170602 devstack@n-api.service[101448]: DEBUG oslo_concurrency.lockutils [None req-512a0776-2ce5-4e60-92e9-87362edfdb33 None None] Acquiring lock "a59b2c82-324e-4d8d-a5cd-2532c3831c6b" by "nova.context.set_target_cell..get_or_set_cached_cell_and_set_connections" {{(pid=101448) inner /opt/stack/data/venv/lib/python3.12/site-packages/oslo_concurrency/lockutils.py:506}}
Apr 27 14:21:36.936642 np0000170602 devstack@n-api.service[101448]: DEBUG oslo_concurrency.lockutils [None req-512a0776-2ce5-4e60-92e9-87362edfdb33 None None] Lock "a59b2c82-324e-4d8d-a5cd-2532c3831c6b" acquired by "nova.context.set_target_cell..get_or_set_cached_cell_and_set_connections" :: waited 0.000s {{(pid=101448) inner /opt/stack/data/venv/lib/python3.12/site-packages/oslo_concurrency/lockutils.py:519}}
Apr 27 14:21:36.936887 np0000170602 devstack@n-api.service[101447]: DEBUG oslo_db.sqlalchemy.engines [None req-1156b437-128e-412b-aaf7-6014385a709f None None] MySQL server mode set to STRICT_TRANS_TABLES,STRICT_ALL_TABLES,NO_ZERO_IN_DATE,NO_ZERO_DATE,ERROR_FOR_DIVISION_BY_ZERO,TRADITIONAL,NO_ENGINE_SUBSTITUTION {{(pid=101447) _check_effective_sql_mode /opt/stack/data/venv/lib/python3.12/site-packages/oslo_db/sqlalchemy/engines.py:325}}
Apr 27 14:21:36.937256 np0000170602 devstack@n-api.service[101448]: DEBUG oslo_concurrency.lockutils [None req-512a0776-2ce5-4e60-92e9-87362edfdb33 None None] Lock "a59b2c82-324e-4d8d-a5cd-2532c3831c6b" "released" by "nova.context.set_target_cell..get_or_set_cached_cell_and_set_connections" :: held 0.001s {{(pid=101448) inner /opt/stack/data/venv/lib/python3.12/site-packages/oslo_concurrency/lockutils.py:538}}
Apr 27 14:21:36.938714 np0000170602 devstack@n-api.service[101448]: INFO dbcounter [None req-512a0776-2ce5-4e60-92e9-87362edfdb33 None None] Registered counter for database nova_cell0
Apr 27 14:21:36.942929 np0000170602 devstack@n-api.service[101448]: INFO dbcounter [None req-512a0776-2ce5-4e60-92e9-87362edfdb33 None None] Registered counter for database nova_cell1
Apr 27 14:21:36.943460 np0000170602 devstack@n-api.service[101447]: DEBUG dbcounter [-] [101447] Writer thread running {{(pid=101447) stat_writer /opt/stack/data/venv/lib/python3.12/site-packages/dbcounter.py:102}}
Apr 27 14:21:36.952969 np0000170602 devstack@n-api.service[101448]: DEBUG oslo_db.sqlalchemy.engines [None req-512a0776-2ce5-4e60-92e9-87362edfdb33 None None] MySQL server mode set to STRICT_TRANS_TABLES,STRICT_ALL_TABLES,NO_ZERO_IN_DATE,NO_ZERO_DATE,ERROR_FOR_DIVISION_BY_ZERO,TRADITIONAL,NO_ENGINE_SUBSTITUTION {{(pid=101448) _check_effective_sql_mode /opt/stack/data/venv/lib/python3.12/site-packages/oslo_db/sqlalchemy/engines.py:325}}
Apr 27 14:21:36.953622 np0000170602 devstack@n-api.service[101446]: DEBUG oslo_db.sqlalchemy.engines [None req-7c70b400-7e19-4fbb-a4f7-34b1f2cb3d1e None None] MySQL server mode set to STRICT_TRANS_TABLES,STRICT_ALL_TABLES,NO_ZERO_IN_DATE,NO_ZERO_DATE,ERROR_FOR_DIVISION_BY_ZERO,TRADITIONAL,NO_ENGINE_SUBSTITUTION {{(pid=101446) _check_effective_sql_mode /opt/stack/data/venv/lib/python3.12/site-packages/oslo_db/sqlalchemy/engines.py:325}}
Apr 27 14:21:36.964494 np0000170602 devstack@n-api.service[101448]: DEBUG oslo_db.sqlalchemy.engines [None req-512a0776-2ce5-4e60-92e9-87362edfdb33 None None] MySQL server mode set to STRICT_TRANS_TABLES,STRICT_ALL_TABLES,NO_ZERO_IN_DATE,NO_ZERO_DATE,ERROR_FOR_DIVISION_BY_ZERO,TRADITIONAL,NO_ENGINE_SUBSTITUTION {{(pid=101448) _check_effective_sql_mode /opt/stack/data/venv/lib/python3.12/site-packages/oslo_db/sqlalchemy/engines.py:325}}
Apr 27 14:21:36.993821 np0000170602 devstack@n-api.service[101445]: DEBUG dbcounter [-] [101445] Writer thread running {{(pid=101445) stat_writer /opt/stack/data/venv/lib/python3.12/site-packages/dbcounter.py:102}}
Apr 27 14:21:36.999158 np0000170602 devstack@n-api.service[101445]: DEBUG dbcounter [-] [101445] Writer thread running {{(pid=101445) stat_writer /opt/stack/data/venv/lib/python3.12/site-packages/dbcounter.py:102}}
Apr 27 14:21:37.025914 np0000170602 devstack@n-api.service[101446]: DEBUG dbcounter [-] [101446] Writer thread running {{(pid=101446) stat_writer /opt/stack/data/venv/lib/python3.12/site-packages/dbcounter.py:102}}
Apr 27 14:21:37.030363 np0000170602 devstack@n-api.service[101446]: DEBUG dbcounter [-] [101446] Writer thread running {{(pid=101446) stat_writer /opt/stack/data/venv/lib/python3.12/site-packages/dbcounter.py:102}}
Apr 27 14:21:37.042685 np0000170602 devstack@n-api.service[101448]: DEBUG dbcounter [-] [101448] Writer thread running {{(pid=101448) stat_writer /opt/stack/data/venv/lib/python3.12/site-packages/dbcounter.py:102}}
Apr 27 14:21:37.046067 np0000170602 devstack@n-api.service[101448]: DEBUG dbcounter [-] [101448] Writer thread running {{(pid=101448) stat_writer /opt/stack/data/venv/lib/python3.12/site-packages/dbcounter.py:102}}
Apr 27 14:21:37.060422 np0000170602 devstack@n-api.service[101446]: INFO dbcounter [None req-7c70b400-7e19-4fbb-a4f7-34b1f2cb3d1e None None] Registered counter for database nova_cell0
Apr 27 14:21:37.071644 np0000170602 devstack@n-api.service[101446]: DEBUG oslo_db.sqlalchemy.engines [None req-7c70b400-7e19-4fbb-a4f7-34b1f2cb3d1e None None] MySQL server mode set to STRICT_TRANS_TABLES,STRICT_ALL_TABLES,NO_ZERO_IN_DATE,NO_ZERO_DATE,ERROR_FOR_DIVISION_BY_ZERO,TRADITIONAL,NO_ENGINE_SUBSTITUTION {{(pid=101446) _check_effective_sql_mode /opt/stack/data/venv/lib/python3.12/site-packages/oslo_db/sqlalchemy/engines.py:325}}
Apr 27 14:21:37.079733 np0000170602 devstack@n-api.service[101446]: DEBUG dbcounter [-] [101446] Writer thread running {{(pid=101446) stat_writer /opt/stack/data/venv/lib/python3.12/site-packages/dbcounter.py:102}}
Apr 27 14:21:37.084025 np0000170602 devstack@n-api.service[101445]: INFO dbcounter [None req-79f56c35-a997-410c-8f00-d05d37ff4ce0 None None] Registered counter for database nova_cell0
Apr 27 14:21:37.086040 np0000170602 devstack@n-api.service[101448]: INFO dbcounter [None req-512a0776-2ce5-4e60-92e9-87362edfdb33 None None] Registered counter for database nova_cell0
Apr 27 14:21:37.095935 np0000170602 devstack@n-api.service[101445]: DEBUG oslo_db.sqlalchemy.engines [None req-79f56c35-a997-410c-8f00-d05d37ff4ce0 None None] MySQL server mode set to STRICT_TRANS_TABLES,STRICT_ALL_TABLES,NO_ZERO_IN_DATE,NO_ZERO_DATE,ERROR_FOR_DIVISION_BY_ZERO,TRADITIONAL,NO_ENGINE_SUBSTITUTION {{(pid=101445) _check_effective_sql_mode /opt/stack/data/venv/lib/python3.12/site-packages/oslo_db/sqlalchemy/engines.py:325}}
Apr 27 14:21:37.099412 np0000170602 devstack@n-api.service[101448]: DEBUG oslo_db.sqlalchemy.engines [None req-512a0776-2ce5-4e60-92e9-87362edfdb33 None None] MySQL server mode set to STRICT_TRANS_TABLES,STRICT_ALL_TABLES,NO_ZERO_IN_DATE,NO_ZERO_DATE,ERROR_FOR_DIVISION_BY_ZERO,TRADITIONAL,NO_ENGINE_SUBSTITUTION {{(pid=101448) _check_effective_sql_mode /opt/stack/data/venv/lib/python3.12/site-packages/oslo_db/sqlalchemy/engines.py:325}}
Apr 27 14:21:37.106746 np0000170602 devstack@n-api.service[101448]: DEBUG dbcounter [-] [101448] Writer thread running {{(pid=101448) stat_writer /opt/stack/data/venv/lib/python3.12/site-packages/dbcounter.py:102}}
Apr 27 14:21:37.109290 np0000170602 devstack@n-api.service[101445]: DEBUG dbcounter [-] [101445] Writer thread running {{(pid=101445) stat_writer /opt/stack/data/venv/lib/python3.12/site-packages/dbcounter.py:102}}
Apr 27 14:21:37.640217 np0000170602 devstack@n-api.service[101447]: DEBUG oslo_concurrency.processutils [None req-1156b437-128e-412b-aaf7-6014385a709f None None] Running cmd (subprocess): grep -F node.session.scan /sbin/iscsiadm {{(pid=101447) execute /opt/stack/data/venv/lib/python3.12/site-packages/oslo_concurrency/processutils.py:440}}
Apr 27 14:21:37.659312 np0000170602 devstack@n-api.service[101447]: DEBUG oslo_concurrency.processutils [None req-1156b437-128e-412b-aaf7-6014385a709f None None] CMD "grep -F node.session.scan /sbin/iscsiadm" returned: 0 in 0.019s {{(pid=101447) execute /opt/stack/data/venv/lib/python3.12/site-packages/oslo_concurrency/processutils.py:468}}
Apr 27 14:21:37.687638 np0000170602 devstack@n-api.service[101445]: DEBUG oslo_concurrency.processutils [None req-79f56c35-a997-410c-8f00-d05d37ff4ce0 None None] Running cmd (subprocess): grep -F node.session.scan /sbin/iscsiadm {{(pid=101445) execute /opt/stack/data/venv/lib/python3.12/site-packages/oslo_concurrency/processutils.py:440}}
Apr 27 14:21:37.704054 np0000170602 devstack@n-api.service[101445]: DEBUG oslo_concurrency.processutils [None req-79f56c35-a997-410c-8f00-d05d37ff4ce0 None None] CMD "grep -F node.session.scan /sbin/iscsiadm" returned: 0 in 0.016s {{(pid=101445) execute /opt/stack/data/venv/lib/python3.12/site-packages/oslo_concurrency/processutils.py:468}}
Apr 27 14:21:37.756679 np0000170602 devstack@n-api.service[101446]: DEBUG oslo_concurrency.processutils [None req-7c70b400-7e19-4fbb-a4f7-34b1f2cb3d1e None None] Running cmd (subprocess): grep -F node.session.scan /sbin/iscsiadm {{(pid=101446) execute /opt/stack/data/venv/lib/python3.12/site-packages/oslo_concurrency/processutils.py:440}}
Apr 27 14:21:37.777001 np0000170602 devstack@n-api.service[101446]: DEBUG oslo_concurrency.processutils [None req-7c70b400-7e19-4fbb-a4f7-34b1f2cb3d1e None None] CMD "grep -F node.session.scan /sbin/iscsiadm" returned: 0 in 0.020s {{(pid=101446) execute /opt/stack/data/venv/lib/python3.12/site-packages/oslo_concurrency/processutils.py:468}}
Apr 27 14:21:37.777283 np0000170602 devstack@n-api.service[101448]: DEBUG oslo_concurrency.processutils [None req-512a0776-2ce5-4e60-92e9-87362edfdb33 None None] Running cmd (subprocess): grep -F node.session.scan /sbin/iscsiadm {{(pid=101448) execute /opt/stack/data/venv/lib/python3.12/site-packages/oslo_concurrency/processutils.py:440}}
Apr 27 14:21:37.793771 np0000170602 devstack@n-api.service[101448]: DEBUG oslo_concurrency.processutils [None req-512a0776-2ce5-4e60-92e9-87362edfdb33 None None] CMD "grep -F node.session.scan /sbin/iscsiadm" returned: 0 in 0.017s {{(pid=101448) execute /opt/stack/data/venv/lib/python3.12/site-packages/oslo_concurrency/processutils.py:468}}
Apr 27 14:21:38.394019 np0000170602 devstack@n-api.service[101445]: WARNING keystonemiddleware.auth_token [None req-79f56c35-a997-410c-8f00-d05d37ff4ce0 None None] AuthToken middleware is set with keystone_authtoken.service_token_roles_required set to False. This is backwards compatible but deprecated behaviour. Please set this to True.
Apr 27 14:21:38.397105 np0000170602 devstack@n-api.service[101448]: WARNING keystonemiddleware.auth_token [None req-512a0776-2ce5-4e60-92e9-87362edfdb33 None None] AuthToken middleware is set with keystone_authtoken.service_token_roles_required set to False. This is backwards compatible but deprecated behaviour. Please set this to True.
Apr 27 14:21:38.468510 np0000170602 devstack@n-api.service[101446]: WARNING keystonemiddleware.auth_token [None req-7c70b400-7e19-4fbb-a4f7-34b1f2cb3d1e None None] AuthToken middleware is set with keystone_authtoken.service_token_roles_required set to False. This is backwards compatible but deprecated behaviour. Please set this to True.
Apr 27 14:21:38.484580 np0000170602 devstack@n-api.service[101447]: WARNING keystonemiddleware.auth_token [None req-1156b437-128e-412b-aaf7-6014385a709f None None] AuthToken middleware is set with keystone_authtoken.service_token_roles_required set to False. This is backwards compatible but deprecated behaviour. Please set this to True.
Apr 27 14:21:38.578817 np0000170602 devstack@n-api.service[101445]: WARNING keystonemiddleware.auth_token [None req-79f56c35-a997-410c-8f00-d05d37ff4ce0 None None] AuthToken middleware is set with keystone_authtoken.service_token_roles_required set to False. This is backwards compatible but deprecated behaviour. Please set this to True.
Apr 27 14:21:38.583880 np0000170602 devstack@n-api.service[101445]: DEBUG nova.api.openstack.wsgi_app [None req-79f56c35-a997-410c-8f00-d05d37ff4ce0 None None] ******************************************************************************** {{(pid=101445) log_opt_values /opt/stack/data/venv/lib/python3.12/site-packages/oslo_config/cfg.py:2979}}
Apr 27 14:21:38.584013 np0000170602 devstack@n-api.service[101445]: DEBUG nova.api.openstack.wsgi_app [None req-79f56c35-a997-410c-8f00-d05d37ff4ce0 None None] Configuration options gathered from: {{(pid=101445) log_opt_values /opt/stack/data/venv/lib/python3.12/site-packages/oslo_config/cfg.py:2980}}
Apr 27 14:21:38.584364 np0000170602 devstack@n-api.service[101445]: DEBUG nova.api.openstack.wsgi_app [None req-79f56c35-a997-410c-8f00-d05d37ff4ce0 None None] command line args: [] {{(pid=101445) log_opt_values /opt/stack/data/venv/lib/python3.12/site-packages/oslo_config/cfg.py:2981}}
Apr 27 14:21:38.584534 np0000170602 devstack@n-api.service[101445]: DEBUG nova.api.openstack.wsgi_app [None req-79f56c35-a997-410c-8f00-d05d37ff4ce0 None None] config files: ['/etc/nova/api-paste.ini', '/etc/nova/nova.conf'] {{(pid=101445) log_opt_values /opt/stack/data/venv/lib/python3.12/site-packages/oslo_config/cfg.py:2982}}
Apr 27 14:21:38.584643 np0000170602 devstack@n-api.service[101445]: DEBUG nova.api.openstack.wsgi_app [None req-79f56c35-a997-410c-8f00-d05d37ff4ce0 None None] ================================================================================ {{(pid=101445) log_opt_values /opt/stack/data/venv/lib/python3.12/site-packages/oslo_config/cfg.py:2987}}
Apr 27 14:21:38.584835 np0000170602 devstack@n-api.service[101445]: DEBUG nova.api.openstack.wsgi_app [None req-79f56c35-a997-410c-8f00-d05d37ff4ce0 None None] allow_resize_to_same_host = True {{(pid=101445) log_opt_values /opt/stack/data/venv/lib/python3.12/site-packages/oslo_config/cfg.py:2995}}
Apr 27 14:21:38.584960 np0000170602 devstack@n-api.service[101445]: DEBUG nova.api.openstack.wsgi_app [None req-79f56c35-a997-410c-8f00-d05d37ff4ce0 None None] arq_binding_timeout = 300 {{(pid=101445) log_opt_values /opt/stack/data/venv/lib/python3.12/site-packages/oslo_config/cfg.py:2995}}
Apr 27 14:21:38.585109 np0000170602 devstack@n-api.service[101445]: DEBUG nova.api.openstack.wsgi_app [None req-79f56c35-a997-410c-8f00-d05d37ff4ce0 None None] block_device_allocate_retries = 60 {{(pid=101445) log_opt_values /opt/stack/data/venv/lib/python3.12/site-packages/oslo_config/cfg.py:2995}}
Apr 27 14:21:38.585220 np0000170602 devstack@n-api.service[101448]: WARNING keystonemiddleware.auth_token [None req-512a0776-2ce5-4e60-92e9-87362edfdb33 None None] AuthToken middleware is set with keystone_authtoken.service_token_roles_required set to False. This is backwards compatible but deprecated behaviour. Please set this to True.
Apr 27 14:21:38.585291 np0000170602 devstack@n-api.service[101445]: DEBUG nova.api.openstack.wsgi_app [None req-79f56c35-a997-410c-8f00-d05d37ff4ce0 None None] block_device_allocate_retries_interval = 3 {{(pid=101445) log_opt_values /opt/stack/data/venv/lib/python3.12/site-packages/oslo_config/cfg.py:2995}}
Apr 27 14:21:38.585360 np0000170602 devstack@n-api.service[101445]: DEBUG nova.api.openstack.wsgi_app [None req-79f56c35-a997-410c-8f00-d05d37ff4ce0 None None] cell_worker_thread_pool_size = 5 {{(pid=101445) log_opt_values /opt/stack/data/venv/lib/python3.12/site-packages/oslo_config/cfg.py:2995}}
Apr 27 14:21:38.585481 np0000170602 devstack@n-api.service[101445]: DEBUG nova.api.openstack.wsgi_app [None req-79f56c35-a997-410c-8f00-d05d37ff4ce0 None None] cert = self.pem {{(pid=101445) log_opt_values /opt/stack/data/venv/lib/python3.12/site-packages/oslo_config/cfg.py:2995}}
Apr 27 14:21:38.585606 np0000170602 devstack@n-api.service[101445]: DEBUG nova.api.openstack.wsgi_app [None req-79f56c35-a997-410c-8f00-d05d37ff4ce0 None None] compute_driver = libvirt.LibvirtDriver {{(pid=101445) log_opt_values /opt/stack/data/venv/lib/python3.12/site-packages/oslo_config/cfg.py:2995}}
Apr 27 14:21:38.585739 np0000170602 devstack@n-api.service[101445]: DEBUG nova.api.openstack.wsgi_app [None req-79f56c35-a997-410c-8f00-d05d37ff4ce0 None None] compute_monitors = [] {{(pid=101445) log_opt_values /opt/stack/data/venv/lib/python3.12/site-packages/oslo_config/cfg.py:2995}}
Apr 27 14:21:38.585868 np0000170602 devstack@n-api.service[101445]: DEBUG nova.api.openstack.wsgi_app [None req-79f56c35-a997-410c-8f00-d05d37ff4ce0 None None] config_dir = [] {{(pid=101445) log_opt_values /opt/stack/data/venv/lib/python3.12/site-packages/oslo_config/cfg.py:2995}}
Apr 27 14:21:38.586002 np0000170602 devstack@n-api.service[101445]: DEBUG nova.api.openstack.wsgi_app [None req-79f56c35-a997-410c-8f00-d05d37ff4ce0 None None] config_drive_format = iso9660 {{(pid=101445) log_opt_values /opt/stack/data/venv/lib/python3.12/site-packages/oslo_config/cfg.py:2995}}
Apr 27 14:21:38.586108 np0000170602 devstack@n-api.service[101445]: DEBUG nova.api.openstack.wsgi_app [None req-79f56c35-a997-410c-8f00-d05d37ff4ce0 None None] config_file = ['/etc/nova/api-paste.ini', '/etc/nova/nova.conf'] {{(pid=101445) log_opt_values /opt/stack/data/venv/lib/python3.12/site-packages/oslo_config/cfg.py:2995}}
Apr 27 14:21:38.586241 np0000170602 devstack@n-api.service[101445]: DEBUG nova.api.openstack.wsgi_app [None req-79f56c35-a997-410c-8f00-d05d37ff4ce0 None None] config_source = [] {{(pid=101445) log_opt_values /opt/stack/data/venv/lib/python3.12/site-packages/oslo_config/cfg.py:2995}}
Apr 27 14:21:38.586369 np0000170602 devstack@n-api.service[101445]: DEBUG nova.api.openstack.wsgi_app [None req-79f56c35-a997-410c-8f00-d05d37ff4ce0 None None] console_host = np0000170602 {{(pid=101445) log_opt_values /opt/stack/data/venv/lib/python3.12/site-packages/oslo_config/cfg.py:2995}}
Apr 27 14:21:38.586497 np0000170602 devstack@n-api.service[101445]: DEBUG nova.api.openstack.wsgi_app [None req-79f56c35-a997-410c-8f00-d05d37ff4ce0 None None] control_exchange = nova {{(pid=101445) log_opt_values /opt/stack/data/venv/lib/python3.12/site-packages/oslo_config/cfg.py:2995}}
Apr 27 14:21:38.586622 np0000170602 devstack@n-api.service[101445]: DEBUG nova.api.openstack.wsgi_app [None req-79f56c35-a997-410c-8f00-d05d37ff4ce0 None None] cpu_allocation_ratio = None {{(pid=101445) log_opt_values /opt/stack/data/venv/lib/python3.12/site-packages/oslo_config/cfg.py:2995}}
Apr 27 14:21:38.586746 np0000170602 devstack@n-api.service[101445]: DEBUG nova.api.openstack.wsgi_app [None req-79f56c35-a997-410c-8f00-d05d37ff4ce0 None None] daemon = False {{(pid=101445) log_opt_values /opt/stack/data/venv/lib/python3.12/site-packages/oslo_config/cfg.py:2995}}
Apr 27 14:21:38.586878 np0000170602 devstack@n-api.service[101445]: DEBUG nova.api.openstack.wsgi_app [None req-79f56c35-a997-410c-8f00-d05d37ff4ce0 None None] debug = True {{(pid=101445) log_opt_values /opt/stack/data/venv/lib/python3.12/site-packages/oslo_config/cfg.py:2995}}
Apr 27 14:21:38.587041 np0000170602 devstack@n-api.service[101445]: DEBUG nova.api.openstack.wsgi_app [None req-79f56c35-a997-410c-8f00-d05d37ff4ce0 None None] default_access_ip_network_name = None {{(pid=101445) log_opt_values /opt/stack/data/venv/lib/python3.12/site-packages/oslo_config/cfg.py:2995}}
Apr 27 14:21:38.587174 np0000170602 devstack@n-api.service[101445]: DEBUG nova.api.openstack.wsgi_app [None req-79f56c35-a997-410c-8f00-d05d37ff4ce0 None None] default_availability_zone = nova {{(pid=101445) log_opt_values /opt/stack/data/venv/lib/python3.12/site-packages/oslo_config/cfg.py:2995}}
Apr 27 14:21:38.587300 np0000170602 devstack@n-api.service[101445]: DEBUG nova.api.openstack.wsgi_app [None req-79f56c35-a997-410c-8f00-d05d37ff4ce0 None None] default_ephemeral_format = ext4 {{(pid=101445) log_opt_values /opt/stack/data/venv/lib/python3.12/site-packages/oslo_config/cfg.py:2995}}
Apr 27 14:21:38.587499 np0000170602 devstack@n-api.service[101445]: DEBUG nova.api.openstack.wsgi_app [None req-79f56c35-a997-410c-8f00-d05d37ff4ce0 None None] default_green_pool_size = 1000 {{(pid=101445) log_opt_values /opt/stack/data/venv/lib/python3.12/site-packages/oslo_config/cfg.py:2995}}
Apr 27 14:21:38.587697 np0000170602 devstack@n-api.service[101445]: DEBUG nova.api.openstack.wsgi_app [None req-79f56c35-a997-410c-8f00-d05d37ff4ce0 None None] default_log_levels = ['amqp=WARN', 'boto=WARN', 'sqlalchemy=WARN', 'suds=INFO', 'oslo.messaging=INFO', 'oslo_messaging=INFO', 'iso8601=WARN', 'requests.packages.urllib3.connectionpool=WARN', 'urllib3.connectionpool=WARN', 'websocket=WARN', 'requests.packages.urllib3.util.retry=WARN', 'urllib3.util.retry=WARN', 'keystonemiddleware=WARN', 'routes.middleware=WARN', 'stevedore=WARN', 'taskflow=WARN', 'keystoneauth=WARN', 'oslo.cache=INFO', 'oslo_policy=INFO', 'dogpile.core.dogpile=INFO', 'glanceclient=WARN', 'oslo.privsep.daemon=INFO'] {{(pid=101445) log_opt_values /opt/stack/data/venv/lib/python3.12/site-packages/oslo_config/cfg.py:2995}}
Apr 27 14:21:38.587859 np0000170602 devstack@n-api.service[101445]: DEBUG nova.api.openstack.wsgi_app [None req-79f56c35-a997-410c-8f00-d05d37ff4ce0 None None] default_schedule_zone = None {{(pid=101445) log_opt_values /opt/stack/data/venv/lib/python3.12/site-packages/oslo_config/cfg.py:2995}}
Apr 27 14:21:38.587927 np0000170602 devstack@n-api.service[101445]: DEBUG nova.api.openstack.wsgi_app [None req-79f56c35-a997-410c-8f00-d05d37ff4ce0 None None] default_thread_pool_size = 10 {{(pid=101445) log_opt_values /opt/stack/data/venv/lib/python3.12/site-packages/oslo_config/cfg.py:2995}}
Apr 27 14:21:38.588048 np0000170602 devstack@n-api.service[101445]: DEBUG nova.api.openstack.wsgi_app [None req-79f56c35-a997-410c-8f00-d05d37ff4ce0 None None] disk_allocation_ratio = None {{(pid=101445) log_opt_values /opt/stack/data/venv/lib/python3.12/site-packages/oslo_config/cfg.py:2995}}
Apr 27 14:21:38.588184 np0000170602 devstack@n-api.service[101445]: DEBUG nova.api.openstack.wsgi_app [None req-79f56c35-a997-410c-8f00-d05d37ff4ce0 None None] enable_new_services = True {{(pid=101445) log_opt_values /opt/stack/data/venv/lib/python3.12/site-packages/oslo_config/cfg.py:2995}}
Apr 27 14:21:38.588307 np0000170602 devstack@n-api.service[101445]: DEBUG nova.api.openstack.wsgi_app [None req-79f56c35-a997-410c-8f00-d05d37ff4ce0 None None] flat_injected = False {{(pid=101445) log_opt_values /opt/stack/data/venv/lib/python3.12/site-packages/oslo_config/cfg.py:2995}}
Apr 27 14:21:38.588430 np0000170602 devstack@n-api.service[101445]: DEBUG nova.api.openstack.wsgi_app [None req-79f56c35-a997-410c-8f00-d05d37ff4ce0 None None] force_config_drive = False {{(pid=101445) log_opt_values /opt/stack/data/venv/lib/python3.12/site-packages/oslo_config/cfg.py:2995}}
Apr 27 14:21:38.588553 np0000170602 devstack@n-api.service[101445]: DEBUG nova.api.openstack.wsgi_app [None req-79f56c35-a997-410c-8f00-d05d37ff4ce0 None None] force_raw_images = True {{(pid=101445) log_opt_values /opt/stack/data/venv/lib/python3.12/site-packages/oslo_config/cfg.py:2995}}
