Apr 27 14:22:05.347962 np0000170602 devstack@neutron-api.service[104725]: DEBUG neutron.api.v2.resource_helper [None req-0b57b679-85a1-4fba-8cdc-47c176080a1f None None] Service FLAVORS assigned prefix: {{(pid=104725) build_resource_info /opt/stack/neutron/neutron/api/v2/resource_helper.py:77}}
Apr 27 14:22:05.349272 np0000170602 devstack@neutron-api.service[104725]: DEBUG neutron.api.v2.resource_helper [None req-0b57b679-85a1-4fba-8cdc-47c176080a1f None None] Service L3_ROUTER_NAT assigned prefix: {{(pid=104725) build_resource_info /opt/stack/neutron/neutron/api/v2/resource_helper.py:77}}
Apr 27 14:22:05.349706 np0000170602 devstack@neutron-api.service[104725]: DEBUG neutron.api.v2.resource_helper [None req-0b57b679-85a1-4fba-8cdc-47c176080a1f None None] Service L3_ROUTER_NAT assigned prefix: {{(pid=104725) build_resource_info /opt/stack/neutron/neutron/api/v2/resource_helper.py:77}}
Apr 27 14:22:05.349861 np0000170602 devstack@neutron-api.service[104725]: INFO neutron.quota.resource_registry [None req-0b57b679-85a1-4fba-8cdc-47c176080a1f None None] Creating instance of TrackedResource for resource:router
Apr 27 14:22:05.350338 np0000170602 devstack@neutron-api.service[104725]: INFO neutron.quota.resource_registry [None req-0b57b679-85a1-4fba-8cdc-47c176080a1f None None] Creating instance of TrackedResource for resource:floatingip
Apr 27 14:22:05.351482 np0000170602 devstack@neutron-api.service[104725]: INFO neutron.quota.resource_registry [None req-0b57b679-85a1-4fba-8cdc-47c176080a1f None None] Creating instance of CountableResource for resource:rbac_policy
Apr 27 14:22:05.352155 np0000170602 devstack@neutron-api.service[104725]: INFO neutron.quota.resource_registry [None req-0b57b679-85a1-4fba-8cdc-47c176080a1f None None] Creating instance of TrackedResource for resource:security_group
Apr 27 14:22:05.352550 np0000170602 devstack@neutron-api.service[104725]: INFO neutron.quota.resource_registry [None req-0b57b679-85a1-4fba-8cdc-47c176080a1f None None] Creating instance of TrackedResource for resource:security_group_rule
Apr 27 14:22:05.353242 np0000170602 devstack@neutron-api.service[104725]: DEBUG neutron.api.v2.resource_helper [None req-0b57b679-85a1-4fba-8cdc-47c176080a1f None None] Service CORE assigned prefix: {{(pid=104725) build_resource_info /opt/stack/neutron/neutron/api/v2/resource_helper.py:77}}
Apr 27 14:22:05.353392 np0000170602 devstack@neutron-api.service[104725]: INFO neutron.quota.resource_registry [None req-0b57b679-85a1-4fba-8cdc-47c176080a1f None None] Creating instance of TrackedResource for resource:subnetpool
Apr 27 14:22:05.353543 np0000170602 devstack@neutron-api.service[104725]: WARNING neutron.quota.resource_registry [None req-0b57b679-85a1-4fba-8cdc-47c176080a1f None None] subnetpool is already registered
Apr 27 14:22:05.356503 np0000170602 devstack@neutron-api.service[104725]: DEBUG neutron.api.v2.resource_helper [None req-0b57b679-85a1-4fba-8cdc-47c176080a1f None None] Service L3_ROUTER_NAT assigned prefix: {{(pid=104725) build_resource_info /opt/stack/neutron/neutron/api/v2/resource_helper.py:77}}
Apr 27 14:22:05.356913 np0000170602 devstack@neutron-api.service[104725]: DEBUG neutron.api.v2.resource_helper [None req-0b57b679-85a1-4fba-8cdc-47c176080a1f None None] Service FLAVORS assigned prefix: {{(pid=104725) build_resource_info /opt/stack/neutron/neutron/api/v2/resource_helper.py:77}}
Apr 27 14:22:05.357830 np0000170602 devstack@neutron-api.service[104725]: DEBUG neutron.api.v2.resource_helper [None req-0b57b679-85a1-4fba-8cdc-47c176080a1f None None] Service L3_ROUTER_NAT assigned prefix: {{(pid=104725) build_resource_info /opt/stack/neutron/neutron/api/v2/resource_helper.py:77}}
Apr 27 14:22:05.358268 np0000170602 devstack@neutron-api.service[104725]: DEBUG neutron.api.v2.resource_helper [None req-0b57b679-85a1-4fba-8cdc-47c176080a1f None None] Service L3_ROUTER_NAT assigned prefix: {{(pid=104725) build_resource_info /opt/stack/neutron/neutron/api/v2/resource_helper.py:77}}
Apr 27 14:22:05.358461 np0000170602 devstack@neutron-api.service[104725]: INFO neutron.quota.resource_registry [None req-0b57b679-85a1-4fba-8cdc-47c176080a1f None None] Creating instance of TrackedResource for resource:router
Apr 27 14:22:05.358541 np0000170602 devstack@neutron-api.service[104722]: DEBUG oslo_concurrency.processutils [None req-3e5e5c1e-0ed7-4c9d-9ebc-22aae57d8e48 None None] CMD "ovsdb-client transact ssl:199.19.213.238:6641 --timeout 180 -p /opt/stack/data/CA/int-ca/private/devstack-cert.key -c /opt/stack/data/CA/int-ca/devstack-cert.crt -C /opt/stack/data/CA/int-ca/ca-chain.pem ["OVN_Northbound", {"op": "wait", "timeout": 0, "table": "Port_Group", "where": [["name", "==", "neutron_pg_drop"]], "until": "==", "rows": []}, {"op": "insert", "table": "ACL", "row": {"action": "drop", "direction": "to-lport", "match": "outport == @neutron_pg_drop && ip", "priority": 1001}, "uuid-name": "droptoport"}, {"op": "insert", "table": "ACL", "row": {"action": "drop", "direction": "from-lport", "match": "inport == @neutron_pg_drop && ip", "priority": 1001}, "uuid-name": "dropfromport"}, {"op": "insert", "table": "Port_Group", "row": {"name": "neutron_pg_drop", "acls": ["set", [["named-uuid", "droptoport"], ["named-uuid", "dropfromport"]]]}}]" returned: 0 in 0.032s {{(pid=104722) execute /opt/stack/data/venv/lib/python3.12/site-packages/oslo_concurrency/processutils.py:468}}
Apr 27 14:22:05.358631 np0000170602 devstack@neutron-api.service[104725]: WARNING neutron.quota.resource_registry [None req-0b57b679-85a1-4fba-8cdc-47c176080a1f None None] router is already registered
Apr 27 14:22:05.359175 np0000170602 devstack@neutron-api.service[104725]: INFO neutron.quota.resource_registry [None req-0b57b679-85a1-4fba-8cdc-47c176080a1f None None] Creating instance of TrackedResource for resource:floatingip
Apr 27 14:22:05.359268 np0000170602 devstack@neutron-api.service[104722]: DEBUG neutron_lib.callbacks.manager [None req-3e5e5c1e-0ed7-4c9d-9ebc-22aae57d8e48 None None] Publish callbacks ['neutron.plugins.ml2.drivers.ovn.mech_driver.mech_driver.OVNMechanismDriver.post_fork_initialize-225888', 'neutron.services.ovn_l3.plugin.OVNL3RouterPlugin._post_fork_initialize-167889'] for process (None), after_init {{(pid=104722) _notify_loop /opt/stack/data/venv/lib/python3.12/site-packages/neutron_lib/callbacks/manager.py:184}}
Apr 27 14:22:05.359411 np0000170602 devstack@neutron-api.service[104725]: WARNING neutron.quota.resource_registry [None req-0b57b679-85a1-4fba-8cdc-47c176080a1f None None] floatingip is already registered
Apr 27 14:22:05.359758 np0000170602 devstack@neutron-api.service[104722]: DEBUG oslo_concurrency.lockutils [None req-3e5e5c1e-0ed7-4c9d-9ebc-22aae57d8e48 None None] Acquiring lock "singleton_lock" {{(pid=104722) lock /opt/stack/data/venv/lib/python3.12/site-packages/oslo_concurrency/lockutils.py:390}}
Apr 27 14:22:05.359951 np0000170602 devstack@neutron-api.service[104722]: DEBUG oslo_concurrency.lockutils [None req-3e5e5c1e-0ed7-4c9d-9ebc-22aae57d8e48 None None] Acquired lock "singleton_lock" {{(pid=104722) lock /opt/stack/data/venv/lib/python3.12/site-packages/oslo_concurrency/lockutils.py:393}}
Apr 27 14:22:05.360489 np0000170602 devstack@neutron-api.service[104722]: DEBUG oslo_concurrency.lockutils [None req-3e5e5c1e-0ed7-4c9d-9ebc-22aae57d8e48 None None] Releasing lock "singleton_lock" {{(pid=104722) lock /opt/stack/data/venv/lib/python3.12/site-packages/oslo_concurrency/lockutils.py:413}}
Apr 27 14:22:05.361355 np0000170602 devstack@neutron-api.service[104725]: INFO neutron.quota.resource_registry [None req-0b57b679-85a1-4fba-8cdc-47c176080a1f None None] Creating instance of CountableResource for resource:rbac_policy
Apr 27 14:22:05.361458 np0000170602 devstack@neutron-api.service[104725]: WARNING neutron.quota.resource_registry [None req-0b57b679-85a1-4fba-8cdc-47c176080a1f None None] rbac_policy is already registered
Apr 27 14:22:05.361984 np0000170602 devstack@neutron-api.service[104725]: INFO neutron.quota.resource_registry [None req-0b57b679-85a1-4fba-8cdc-47c176080a1f None None] Creating instance of TrackedResource for resource:security_group
Apr 27 14:22:05.362134 np0000170602 devstack@neutron-api.service[104725]: WARNING neutron.quota.resource_registry [None req-0b57b679-85a1-4fba-8cdc-47c176080a1f None None] security_group is already registered
Apr 27 14:22:05.362505 np0000170602 devstack@neutron-api.service[104725]: INFO neutron.quota.resource_registry [None req-0b57b679-85a1-4fba-8cdc-47c176080a1f None None] Creating instance of TrackedResource for resource:security_group_rule
Apr 27 14:22:05.362794 np0000170602 devstack@neutron-api.service[104725]: WARNING neutron.quota.resource_registry [None req-0b57b679-85a1-4fba-8cdc-47c176080a1f None None] security_group_rule is already registered
Apr 27 14:22:05.363401 np0000170602 devstack@neutron-api.service[104725]: DEBUG neutron.api.v2.resource_helper [None req-0b57b679-85a1-4fba-8cdc-47c176080a1f None None] Service CORE assigned prefix: {{(pid=104725) build_resource_info /opt/stack/neutron/neutron/api/v2/resource_helper.py:77}}
Apr 27 14:22:05.363485 np0000170602 devstack@neutron-api.service[104722]: DEBUG neutron.plugins.ml2.drivers.ovn.mech_driver.mech_driver [None req-3e5e5c1e-0ed7-4c9d-9ebc-22aae57d8e48 None None] Hash Ring setup using WSGI start time 2026-04-27 14:21:56+00:00 {{(pid=104722) _init_hash_ring /opt/stack/neutron/neutron/plugins/ml2/drivers/ovn/mech_driver/mech_driver.py:402}}
Apr 27 14:22:05.363815 np0000170602 devstack@neutron-api.service[104725]: INFO neutron.quota.resource_registry [None req-0b57b679-85a1-4fba-8cdc-47c176080a1f None None] Creating instance of TrackedResource for resource:subnetpool
Apr 27 14:22:05.363815 np0000170602 devstack@neutron-api.service[104725]: WARNING neutron.quota.resource_registry [None req-0b57b679-85a1-4fba-8cdc-47c176080a1f None None] subnetpool is already registered
Apr 27 14:22:05.364327 np0000170602 devstack@neutron-api.service[104725]: DEBUG neutron.api.extensions [None req-0b57b679-85a1-4fba-8cdc-47c176080a1f None None] Extended resource: extensions {{(pid=104725) __init__ /opt/stack/neutron/neutron/api/extensions.py:156}}
Apr 27 14:22:05.365359 np0000170602 devstack@neutron-api.service[104725]: DEBUG neutron.api.extensions [None req-0b57b679-85a1-4fba-8cdc-47c176080a1f None None] Extended resource: address-groups {{(pid=104725) __init__ /opt/stack/neutron/neutron/api/extensions.py:156}}
Apr 27 14:22:05.366076 np0000170602 devstack@neutron-api.service[104725]: DEBUG neutron.api.extensions [None req-0b57b679-85a1-4fba-8cdc-47c176080a1f None None] Extended resource: address-scopes {{(pid=104725) __init__ /opt/stack/neutron/neutron/api/extensions.py:156}}
Apr 27 14:22:05.366303 np0000170602 devstack@neutron-api.service[104724]: DEBUG oslo_concurrency.processutils [None req-5da9e180-9752-4da0-81c1-b8b3f0db6baa None None] CMD "ovsdb-client transact ssl:199.19.213.238:6641 --timeout 180 -p /opt/stack/data/CA/int-ca/private/devstack-cert.key -c /opt/stack/data/CA/int-ca/devstack-cert.crt -C /opt/stack/data/CA/int-ca/ca-chain.pem ["OVN_Northbound", {"op": "wait", "timeout": 0, "table": "Port_Group", "where": [["name", "==", "neutron_pg_drop"]], "until": "==", "rows": []}, {"op": "insert", "table": "ACL", "row": {"action": "drop", "direction": "to-lport", "match": "outport == @neutron_pg_drop && ip", "priority": 1001}, "uuid-name": "droptoport"}, {"op": "insert", "table": "ACL", "row": {"action": "drop", "direction": "from-lport", "match": "inport == @neutron_pg_drop && ip", "priority": 1001}, "uuid-name": "dropfromport"}, {"op": "insert", "table": "Port_Group", "row": {"name": "neutron_pg_drop", "acls": ["set", [["named-uuid", "droptoport"], ["named-uuid", "dropfromport"]]]}}]" returned: 0 in 0.028s {{(pid=104724) execute /opt/stack/data/venv/lib/python3.12/site-packages/oslo_concurrency/processutils.py:468}}
Apr 27 14:22:05.366751 np0000170602 devstack@neutron-api.service[104724]: DEBUG neutron_lib.callbacks.manager [None req-5da9e180-9752-4da0-81c1-b8b3f0db6baa None None] Publish callbacks ['neutron.plugins.ml2.drivers.ovn.mech_driver.mech_driver.OVNMechanismDriver.post_fork_initialize-261922', 'neutron.services.ovn_l3.plugin.OVNL3RouterPlugin._post_fork_initialize-235808'] for process (None), after_init {{(pid=104724) _notify_loop /opt/stack/data/venv/lib/python3.12/site-packages/neutron_lib/callbacks/manager.py:184}}
Apr 27 14:22:05.366866 np0000170602 devstack@neutron-api.service[104725]: DEBUG neutron.api.extensions [None req-0b57b679-85a1-4fba-8cdc-47c176080a1f None None] Extended resource: agents {{(pid=104725) __init__ /opt/stack/neutron/neutron/api/extensions.py:156}}
Apr 27 14:22:05.366973 np0000170602 devstack@neutron-api.service[104724]: DEBUG oslo_concurrency.lockutils [None req-5da9e180-9752-4da0-81c1-b8b3f0db6baa None None] Acquiring lock "singleton_lock" {{(pid=104724) lock /opt/stack/data/venv/lib/python3.12/site-packages/oslo_concurrency/lockutils.py:390}}
Apr 27 14:22:05.367143 np0000170602 devstack@neutron-api.service[104724]: DEBUG oslo_concurrency.lockutils [None req-5da9e180-9752-4da0-81c1-b8b3f0db6baa None None] Acquired lock "singleton_lock" {{(pid=104724) lock /opt/stack/data/venv/lib/python3.12/site-packages/oslo_concurrency/lockutils.py:393}}
Apr 27 14:22:05.367258 np0000170602 devstack@neutron-api.service[104725]: DEBUG neutron.api.extensions [None req-0b57b679-85a1-4fba-8cdc-47c176080a1f None None] Extended resource: auto-allocated-topology {{(pid=104725) __init__ /opt/stack/neutron/neutron/api/extensions.py:156}}
Apr 27 14:22:05.367373 np0000170602 devstack@neutron-api.service[104724]: DEBUG oslo_concurrency.lockutils [None req-5da9e180-9752-4da0-81c1-b8b3f0db6baa None None] Releasing lock "singleton_lock" {{(pid=104724) lock /opt/stack/data/venv/lib/python3.12/site-packages/oslo_concurrency/lockutils.py:413}}
Apr 27 14:22:05.367799 np0000170602 devstack@neutron-api.service[104725]: DEBUG neutron.api.extensions [None req-0b57b679-85a1-4fba-8cdc-47c176080a1f None None] Extended resource: availability_zones {{(pid=104725) __init__ /opt/stack/neutron/neutron/api/extensions.py:156}}
Apr 27 14:22:05.368313 np0000170602 devstack@neutron-api.service[104725]: DEBUG neutron.api.extensions [None req-0b57b679-85a1-4fba-8cdc-47c176080a1f None None] Extended resource: dhcp-networks {{(pid=104725) __init__ /opt/stack/neutron/neutron/api/extensions.py:156}}
Apr 27 14:22:05.368997 np0000170602 devstack@neutron-api.service[104725]: DEBUG neutron.api.extensions [None req-0b57b679-85a1-4fba-8cdc-47c176080a1f None None] Extended resource: dhcp-agents {{(pid=104725) __init__ /opt/stack/neutron/neutron/api/extensions.py:156}}
Apr 27 14:22:05.369408 np0000170602 devstack@neutron-api.service[104724]: DEBUG neutron.plugins.ml2.drivers.ovn.mech_driver.mech_driver [None req-5da9e180-9752-4da0-81c1-b8b3f0db6baa None None] Hash Ring setup using WSGI start time 2026-04-27 14:21:56+00:00 {{(pid=104724) _init_hash_ring /opt/stack/neutron/neutron/plugins/ml2/drivers/ovn/mech_driver/mech_driver.py:402}}
Apr 27 14:22:05.369790 np0000170602 devstack@neutron-api.service[104725]: DEBUG neutron.api.extensions [None req-0b57b679-85a1-4fba-8cdc-47c176080a1f None None] Extended resource: routers {{(pid=104725) __init__ /opt/stack/neutron/neutron/api/extensions.py:156}}
Apr 27 14:22:05.370064 np0000170602 devstack@neutron-api.service[104722]: INFO neutron.db.ovn_hash_ring_db [None req-3e5e5c1e-0ed7-4c9d-9ebc-22aae57d8e48 None None] Nodes from host "np0000170602" and group "mechanism_driver" removed from the Hash Ring created at 2026-04-27 14:21:56+00:00
Apr 27 14:22:05.370663 np0000170602 devstack@neutron-api.service[104725]: DEBUG neutron.api.extensions [None req-0b57b679-85a1-4fba-8cdc-47c176080a1f None None] Extended resource: flavors {{(pid=104725) __init__ /opt/stack/neutron/neutron/api/extensions.py:156}}
Apr 27 14:22:05.371126 np0000170602 devstack@neutron-api.service[104725]: DEBUG neutron.api.extensions [None req-0b57b679-85a1-4fba-8cdc-47c176080a1f None None] Extended resource: service_profiles {{(pid=104725) __init__ /opt/stack/neutron/neutron/api/extensions.py:156}}
Apr 27 14:22:05.372039 np0000170602 devstack@neutron-api.service[104725]: DEBUG neutron.api.extensions [None req-0b57b679-85a1-4fba-8cdc-47c176080a1f None None] Extended resource: next_providers {{(pid=104725) __init__ /opt/stack/neutron/neutron/api/extensions.py:156}}
Apr 27 14:22:05.372289 np0000170602 devstack@neutron-api.service[104722]: INFO neutron.db.ovn_hash_ring_db [None req-3e5e5c1e-0ed7-4c9d-9ebc-22aae57d8e48 None None] Node d261be6a56f35664a59025924271ec5f from host "np0000170602" and group "mechanism_driver" added to the Hash Ring
Apr 27 14:22:05.372412 np0000170602 devstack@neutron-api.service[104725]: DEBUG neutron.api.extensions [None req-0b57b679-85a1-4fba-8cdc-47c176080a1f None None] Extended resource: service_profiles {{(pid=104725) __init__ /opt/stack/neutron/neutron/api/extensions.py:156}}
Apr 27 14:22:05.373058 np0000170602 devstack@neutron-api.service[104725]: DEBUG neutron.api.extensions [None req-0b57b679-85a1-4fba-8cdc-47c176080a1f None None] Extended resource: floatingip-pools {{(pid=104725) __init__ /opt/stack/neutron/neutron/api/extensions.py:156}}
Apr 27 14:22:05.373678 np0000170602 devstack@neutron-api.service[104725]: DEBUG neutron.api.extensions [None req-0b57b679-85a1-4fba-8cdc-47c176080a1f None None] Extended resource: routers {{(pid=104725) __init__ /opt/stack/neutron/neutron/api/extensions.py:156}}
Apr 27 14:22:05.374724 np0000170602 devstack@neutron-api.service[104725]: DEBUG neutron.api.extensions [None req-0b57b679-85a1-4fba-8cdc-47c176080a1f None None] Extended resource: floatingips {{(pid=104725) __init__ /opt/stack/neutron/neutron/api/extensions.py:156}}
Apr 27 14:22:05.374831 np0000170602 devstack@neutron-api.service[104722]: DEBUG neutron.plugins.ml2.drivers.ovn.mech_driver.mech_driver [None req-3e5e5c1e-0ed7-4c9d-9ebc-22aae57d8e48 None None] Hash Ring setup, this worker has detected 2 OVN hash ring registers in the database {{(pid=104722) _init_hash_ring /opt/stack/neutron/neutron/plugins/ml2/drivers/ovn/mech_driver/mech_driver.py:412}}
Apr 27 14:22:05.375327 np0000170602 devstack@neutron-api.service[104725]: DEBUG neutron.api.extensions [None req-0b57b679-85a1-4fba-8cdc-47c176080a1f None None] Extended resource: network-ip-availabilities {{(pid=104725) __init__ /opt/stack/neutron/neutron/api/extensions.py:156}}
Apr 27 14:22:05.375986 np0000170602 devstack@neutron-api.service[104725]: DEBUG neutron.api.extensions [None req-0b57b679-85a1-4fba-8cdc-47c176080a1f None None] Extended resource: network-ip-availabilities {{(pid=104725) __init__ /opt/stack/neutron/neutron/api/extensions.py:156}}
Apr 27 14:22:05.376596 np0000170602 devstack@neutron-api.service[104725]: DEBUG neutron.api.extensions [None req-0b57b679-85a1-4fba-8cdc-47c176080a1f None None] Extended resource: bindings {{(pid=104725) __init__ /opt/stack/neutron/neutron/api/extensions.py:156}}
Apr 27 14:22:05.377357 np0000170602 devstack@neutron-api.service[104725]: DEBUG neutron.api.extensions [None req-0b57b679-85a1-4fba-8cdc-47c176080a1f None None] Extended resource: quotas {{(pid=104725) __init__ /opt/stack/neutron/neutron/api/extensions.py:156}}
Apr 27 14:22:05.378144 np0000170602 devstack@neutron-api.service[104725]: DEBUG neutron.api.extensions [None req-0b57b679-85a1-4fba-8cdc-47c176080a1f None None] Extended resource: quotas {{(pid=104725) __init__ /opt/stack/neutron/neutron/api/extensions.py:156}}
Apr 27 14:22:05.378937 np0000170602 devstack@neutron-api.service[104725]: DEBUG neutron.api.extensions [None req-0b57b679-85a1-4fba-8cdc-47c176080a1f None None] Extended resource: rbac-policies {{(pid=104725) __init__ /opt/stack/neutron/neutron/api/extensions.py:156}}
Apr 27 14:22:05.379532 np0000170602 devstack@neutron-api.service[104725]: DEBUG neutron.api.extensions [None req-0b57b679-85a1-4fba-8cdc-47c176080a1f None None] Extended resource: default-security-group-rules {{(pid=104725) __init__ /opt/stack/neutron/neutron/api/extensions.py:156}}
Apr 27 14:22:05.380220 np0000170602 devstack@neutron-api.service[104725]: DEBUG neutron.api.extensions [None req-0b57b679-85a1-4fba-8cdc-47c176080a1f None None] Extended resource: security-groups {{(pid=104725) __init__ /opt/stack/neutron/neutron/api/extensions.py:156}}
Apr 27 14:22:05.380798 np0000170602 devstack@neutron-api.service[104725]: DEBUG neutron.api.extensions [None req-0b57b679-85a1-4fba-8cdc-47c176080a1f None None] Extended resource: security-group-rules {{(pid=104725) __init__ /opt/stack/neutron/neutron/api/extensions.py:156}}
Apr 27 14:22:05.381687 np0000170602 devstack@neutron-api.service[104725]: DEBUG neutron.api.extensions [None req-0b57b679-85a1-4fba-8cdc-47c176080a1f None None] Extended resource: service-providers {{(pid=104725) __init__ /opt/stack/neutron/neutron/api/extensions.py:156}}
Apr 27 14:22:05.381835 np0000170602 devstack@neutron-api.service[104725]: DEBUG neutron.api.extensions [None req-0b57b679-85a1-4fba-8cdc-47c176080a1f None None] Extended resource: subnetpools {{(pid=104725) __init__ /opt/stack/neutron/neutron/api/extensions.py:156}}
Apr 27 14:22:05.382640 np0000170602 devstack@neutron-api.service[104725]: DEBUG neutron.api.extensions [None req-0b57b679-85a1-4fba-8cdc-47c176080a1f None None] Extended resource: tags {{(pid=104725) __init__ /opt/stack/neutron/neutron/api/extensions.py:156}}
Apr 27 14:22:05.382864 np0000170602 devstack@neutron-api.service[104722]: DEBUG neutron.plugins.ml2.drivers.ovn.mech_driver.ovsdb.maintenance [None req-3e5e5c1e-0ed7-4c9d-9ebc-22aae57d8e48 None None] Periodic task found: HashRingHealthCheckPeriodics.touch_hash_ring_node {{(pid=104722) add_periodics /opt/stack/neutron/neutron/plugins/ml2/drivers/ovn/mech_driver/ovsdb/maintenance.py:148}}
Apr 27 14:22:05.383443 np0000170602 devstack@neutron-api.service[104725]: DEBUG neutron.api.extensions [None req-0b57b679-85a1-4fba-8cdc-47c176080a1f None None] Extended resource: tags {{(pid=104725) __init__ /opt/stack/neutron/neutron/api/extensions.py:156}}
Apr 27 14:22:05.383755 np0000170602 devstack@neutron-api.service[104722]: INFO neutron.plugins.ml2.drivers.ovn.mech_driver.mech_driver [None req-3e5e5c1e-0ed7-4c9d-9ebc-22aae57d8e48 None None] Hash Ring probing thread for node d261be6a56f35664a59025924271ec5f has started
Apr 27 14:22:05.383804 np0000170602 devstack@neutron-api.service[104724]: INFO neutron.db.ovn_hash_ring_db [None req-5da9e180-9752-4da0-81c1-b8b3f0db6baa None None] Nodes from host "np0000170602" and group "mechanism_driver" removed from the Hash Ring created at 2026-04-27 14:21:56+00:00
Apr 27 14:22:05.384310 np0000170602 devstack@neutron-api.service[104722]: INFO neutron.plugins.ml2.drivers.ovn.mech_driver.ovsdb.impl_idl_ovn [None req-3e5e5c1e-0ed7-4c9d-9ebc-22aae57d8e48 None None] Getting OvsdbNbOvnIdl for WorkerService with retry
Apr 27 14:22:05.384401 np0000170602 devstack@neutron-api.service[104725]: DEBUG neutron.api.extensions [None req-0b57b679-85a1-4fba-8cdc-47c176080a1f None None] Extended resource: tags {{(pid=104725) __init__ /opt/stack/neutron/neutron/api/extensions.py:156}}
Apr 27 14:22:05.385307 np0000170602 devstack@neutron-api.service[104725]: DEBUG neutron.api.extensions [None req-0b57b679-85a1-4fba-8cdc-47c176080a1f None None] Extended resource: tags {{(pid=104725) __init__ /opt/stack/neutron/neutron/api/extensions.py:156}}
Apr 27 14:22:05.385935 np0000170602 devstack@neutron-api.service[104725]: DEBUG neutron.api.extensions [None req-0b57b679-85a1-4fba-8cdc-47c176080a1f None None] Extended resource: tags {{(pid=104725) __init__ /opt/stack/neutron/neutron/api/extensions.py:156}}
Apr 27 14:22:05.386846 np0000170602 devstack@neutron-api.service[104725]: DEBUG neutron.api.extensions [None req-0b57b679-85a1-4fba-8cdc-47c176080a1f None None] Extended resource: tags {{(pid=104725) __init__ /opt/stack/neutron/neutron/api/extensions.py:156}}
Apr 27 14:22:05.387703 np0000170602 devstack@neutron-api.service[104725]: DEBUG neutron.api.extensions [None req-0b57b679-85a1-4fba-8cdc-47c176080a1f None None] Extended resource: tags {{(pid=104725) __init__ /opt/stack/neutron/neutron/api/extensions.py:156}}
Apr 27 14:22:05.388536 np0000170602 devstack@neutron-api.service[104724]: INFO neutron.db.ovn_hash_ring_db [None req-5da9e180-9752-4da0-81c1-b8b3f0db6baa None None] Node 527ac94c6fef5617b8d69b3464fe5e85 from host "np0000170602" and group "mechanism_driver" added to the Hash Ring
Apr 27 14:22:05.388599 np0000170602 devstack@neutron-api.service[104725]: DEBUG neutron.api.extensions [None req-0b57b679-85a1-4fba-8cdc-47c176080a1f None None] Extended resource: tags {{(pid=104725) __init__ /opt/stack/neutron/neutron/api/extensions.py:156}}
Apr 27 14:22:05.390027 np0000170602 devstack@neutron-api.service[104725]: DEBUG neutron.api.extensions [None req-0b57b679-85a1-4fba-8cdc-47c176080a1f None None] Extended resource: tags {{(pid=104725) __init__ /opt/stack/neutron/neutron/api/extensions.py:156}}
Apr 27 14:22:05.390828 np0000170602 devstack@neutron-api.service[104725]: DEBUG neutron.api.extensions [None req-0b57b679-85a1-4fba-8cdc-47c176080a1f None None] Extended resource: tags {{(pid=104725) __init__ /opt/stack/neutron/neutron/api/extensions.py:156}}
Apr 27 14:22:05.393383 np0000170602 devstack@neutron-api.service[104724]: DEBUG neutron.plugins.ml2.drivers.ovn.mech_driver.mech_driver [None req-5da9e180-9752-4da0-81c1-b8b3f0db6baa None None] Hash Ring setup, this worker has detected 3 OVN hash ring registers in the database {{(pid=104724) _init_hash_ring /opt/stack/neutron/neutron/plugins/ml2/drivers/ovn/mech_driver/mech_driver.py:412}}
Apr 27 14:22:05.394137 np0000170602 devstack@neutron-api.service[104725]: WARNING keystonemiddleware.auth_token [None req-0b57b679-85a1-4fba-8cdc-47c176080a1f None None] AuthToken middleware is set with keystone_authtoken.service_token_roles_required set to False. This is backwards compatible but deprecated behaviour. Please set this to True.
Apr 27 14:22:05.399100 np0000170602 devstack@neutron-api.service[104724]: DEBUG neutron.plugins.ml2.drivers.ovn.mech_driver.ovsdb.maintenance [None req-5da9e180-9752-4da0-81c1-b8b3f0db6baa None None] Periodic task found: HashRingHealthCheckPeriodics.touch_hash_ring_node {{(pid=104724) add_periodics /opt/stack/neutron/neutron/plugins/ml2/drivers/ovn/mech_driver/ovsdb/maintenance.py:148}}
Apr 27 14:22:05.400358 np0000170602 devstack@neutron-api.service[104724]: INFO neutron.plugins.ml2.drivers.ovn.mech_driver.mech_driver [None req-5da9e180-9752-4da0-81c1-b8b3f0db6baa None None] Hash Ring probing thread for node 527ac94c6fef5617b8d69b3464fe5e85 has started
Apr 27 14:22:05.401166 np0000170602 devstack@neutron-api.service[104724]: INFO neutron.plugins.ml2.drivers.ovn.mech_driver.ovsdb.impl_idl_ovn [None req-5da9e180-9752-4da0-81c1-b8b3f0db6baa None None] Getting OvsdbNbOvnIdl for WorkerService with retry
Apr 27 14:22:05.401328 np0000170602 devstack@neutron-api.service[104725]: DEBUG neutron_lib.callbacks.manager [None req-0b57b679-85a1-4fba-8cdc-47c176080a1f None None] Publish callbacks ['neutron.plugins.ml2.drivers.ovn.mech_driver.mech_driver.OVNMechanismDriver.pre_fork_initialize-250951'] for process (None), before_spawn {{(pid=104725) _notify_loop /opt/stack/data/venv/lib/python3.12/site-packages/neutron_lib/callbacks/manager.py:184}}
Apr 27 14:22:05.401691 np0000170602 devstack@neutron-api.service[104725]: DEBUG oslo_concurrency.processutils [None req-0b57b679-85a1-4fba-8cdc-47c176080a1f None None] Running cmd (subprocess): ovsdb-client transact ssl:199.19.213.238:6641 --timeout 180 -p /opt/stack/data/CA/int-ca/private/devstack-cert.key -c /opt/stack/data/CA/int-ca/devstack-cert.crt -C /opt/stack/data/CA/int-ca/ca-chain.pem ["OVN_Northbound", {"op": "wait", "timeout": 0, "table": "Port_Group", "where": [["name", "==", "neutron_pg_drop"]], "until": "==", "rows": []}, {"op": "insert", "table": "ACL", "row": {"action": "drop", "direction": "to-lport", "match": "outport == @neutron_pg_drop && ip", "priority": 1001}, "uuid-name": "droptoport"}, {"op": "insert", "table": "ACL", "row": {"action": "drop", "direction": "from-lport", "match": "inport == @neutron_pg_drop && ip", "priority": 1001}, "uuid-name": "dropfromport"}, {"op": "insert", "table": "Port_Group", "row": {"name": "neutron_pg_drop", "acls": ["set", [["named-uuid", "droptoport"], ["named-uuid", "dropfromport"]]]}}] {{(pid=104725) execute /opt/stack/data/venv/lib/python3.12/site-packages/oslo_concurrency/processutils.py:440}}
Apr 27 14:22:05.431701 np0000170602 devstack@neutron-api.service[104725]: DEBUG oslo_concurrency.processutils [None req-0b57b679-85a1-4fba-8cdc-47c176080a1f None None] CMD "ovsdb-client transact ssl:199.19.213.238:6641 --timeout 180 -p /opt/stack/data/CA/int-ca/private/devstack-cert.key -c /opt/stack/data/CA/int-ca/devstack-cert.crt -C /opt/stack/data/CA/int-ca/ca-chain.pem ["OVN_Northbound", {"op": "wait", "timeout": 0, "table": "Port_Group", "where": [["name", "==", "neutron_pg_drop"]], "until": "==", "rows": []}, {"op": "insert", "table": "ACL", "row": {"action": "drop", "direction": "to-lport", "match": "outport == @neutron_pg_drop && ip", "priority": 1001}, "uuid-name": "droptoport"}, {"op": "insert", "table": "ACL", "row": {"action": "drop", "direction": "from-lport", "match": "inport == @neutron_pg_drop && ip", "priority": 1001}, "uuid-name": "dropfromport"}, {"op": "insert", "table": "Port_Group", "row": {"name": "neutron_pg_drop", "acls": ["set", [["named-uuid", "droptoport"], ["named-uuid", "dropfromport"]]]}}]" returned: 0 in 0.030s {{(pid=104725) execute /opt/stack/data/venv/lib/python3.12/site-packages/oslo_concurrency/processutils.py:468}}
Apr 27 14:22:05.432256 np0000170602 devstack@neutron-api.service[104725]: DEBUG neutron_lib.callbacks.manager [None req-0b57b679-85a1-4fba-8cdc-47c176080a1f None None] Publish callbacks ['neutron.plugins.ml2.drivers.ovn.mech_driver.mech_driver.OVNMechanismDriver.post_fork_initialize-250927', 'neutron.services.ovn_l3.plugin.OVNL3RouterPlugin._post_fork_initialize-74908'] for process (None), after_init {{(pid=104725) _notify_loop /opt/stack/data/venv/lib/python3.12/site-packages/neutron_lib/callbacks/manager.py:184}}
Apr 27 14:22:05.432793 np0000170602 devstack@neutron-api.service[104725]: DEBUG oslo_concurrency.lockutils [None req-0b57b679-85a1-4fba-8cdc-47c176080a1f None None] Acquiring lock "singleton_lock" {{(pid=104725) lock /opt/stack/data/venv/lib/python3.12/site-packages/oslo_concurrency/lockutils.py:390}}
Apr 27 14:22:05.432973 np0000170602 devstack@neutron-api.service[104725]: DEBUG oslo_concurrency.lockutils [None req-0b57b679-85a1-4fba-8cdc-47c176080a1f None None] Acquired lock "singleton_lock" {{(pid=104725) lock /opt/stack/data/venv/lib/python3.12/site-packages/oslo_concurrency/lockutils.py:393}}
Apr 27 14:22:05.433383 np0000170602 devstack@neutron-api.service[104725]: DEBUG oslo_concurrency.lockutils [None req-0b57b679-85a1-4fba-8cdc-47c176080a1f None None] Releasing lock "singleton_lock" {{(pid=104725) lock /opt/stack/data/venv/lib/python3.12/site-packages/oslo_concurrency/lockutils.py:413}}
Apr 27 14:22:05.434927 np0000170602 devstack@neutron-api.service[104722]: DEBUG ovsdbapp.backend.ovs_idl [None req-3e5e5c1e-0ed7-4c9d-9ebc-22aae57d8e48 None None] Created lookup_table index Logical_Switch.name {{(pid=104722) autocreate_indices /opt/stack/data/venv/lib/python3.12/site-packages/ovsdbapp/backend/ovs_idl/__init__.py:87}}
Apr 27 14:22:05.434927 np0000170602 devstack@neutron-api.service[104722]: DEBUG ovsdbapp.backend.ovs_idl [None req-3e5e5c1e-0ed7-4c9d-9ebc-22aae57d8e48 None None] Created lookup_table index Logical_Router.name {{(pid=104722) autocreate_indices /opt/stack/data/venv/lib/python3.12/site-packages/ovsdbapp/backend/ovs_idl/__init__.py:87}}
Apr 27 14:22:05.434927 np0000170602 devstack@neutron-api.service[104722]: DEBUG ovsdbapp.backend.ovs_idl [None req-3e5e5c1e-0ed7-4c9d-9ebc-22aae57d8e48 None None] Created lookup_table index Load_Balancer.name {{(pid=104722) autocreate_indices /opt/stack/data/venv/lib/python3.12/site-packages/ovsdbapp/backend/ovs_idl/__init__.py:87}}
Apr 27 14:22:05.435044 np0000170602 devstack@neutron-api.service[104722]: DEBUG ovsdbapp.backend.ovs_idl [None req-3e5e5c1e-0ed7-4c9d-9ebc-22aae57d8e48 None None] Created schema index Copp.name {{(pid=104722) autocreate_indices /opt/stack/data/venv/lib/python3.12/site-packages/ovsdbapp/backend/ovs_idl/__init__.py:106}}
Apr 27 14:22:05.435044 np0000170602 devstack@neutron-api.service[104722]: DEBUG ovsdbapp.backend.ovs_idl [None req-3e5e5c1e-0ed7-4c9d-9ebc-22aae57d8e48 None None] Created schema index Meter.name {{(pid=104722) autocreate_indices /opt/stack/data/venv/lib/python3.12/site-packages/ovsdbapp/backend/ovs_idl/__init__.py:106}}
Apr 27 14:22:05.435753 np0000170602 devstack@neutron-api.service[104722]: DEBUG ovsdbapp.backend.ovs_idl [None req-3e5e5c1e-0ed7-4c9d-9ebc-22aae57d8e48 None None] Created schema index Load_Balancer_Group.name {{(pid=104722) autocreate_indices /opt/stack/data/venv/lib/python3.12/site-packages/ovsdbapp/backend/ovs_idl/__init__.py:106}}
Apr 27 14:22:05.435753 np0000170602 devstack@neutron-api.service[104722]: DEBUG ovsdbapp.backend.ovs_idl [None req-3e5e5c1e-0ed7-4c9d-9ebc-22aae57d8e48 None None] Created schema index HA_Chassis_Group.name {{(pid=104722) autocreate_indices /opt/stack/data/venv/lib/python3.12/site-packages/ovsdbapp/backend/ovs_idl/__init__.py:106}}
Apr 27 14:22:05.435753 np0000170602 devstack@neutron-api.service[104722]: DEBUG ovsdbapp.backend.ovs_idl [None req-3e5e5c1e-0ed7-4c9d-9ebc-22aae57d8e48 None None] Created schema index Address_Set.name {{(pid=104722) autocreate_indices /opt/stack/data/venv/lib/python3.12/site-packages/ovsdbapp/backend/ovs_idl/__init__.py:106}}
Apr 27 14:22:05.435753 np0000170602 devstack@neutron-api.service[104722]: DEBUG ovsdbapp.backend.ovs_idl [None req-3e5e5c1e-0ed7-4c9d-9ebc-22aae57d8e48 None None] Created schema index Connection.target {{(pid=104722) autocreate_indices /opt/stack/data/venv/lib/python3.12/site-packages/ovsdbapp/backend/ovs_idl/__init__.py:106}}
Apr 27 14:22:05.435753 np0000170602 devstack@neutron-api.service[104722]: DEBUG ovsdbapp.backend.ovs_idl [None req-3e5e5c1e-0ed7-4c9d-9ebc-22aae57d8e48 None None] Created schema index Gateway_Chassis.name {{(pid=104722) autocreate_indices /opt/stack/data/venv/lib/python3.12/site-packages/ovsdbapp/backend/ovs_idl/__init__.py:106}}
Apr 27 14:22:05.435753 np0000170602 devstack@neutron-api.service[104722]: DEBUG ovsdbapp.backend.ovs_idl [None req-3e5e5c1e-0ed7-4c9d-9ebc-22aae57d8e48 None None] Created schema index Mirror.name {{(pid=104722) autocreate_indices /opt/stack/data/venv/lib/python3.12/site-packages/ovsdbapp/backend/ovs_idl/__init__.py:106}}
Apr 27 14:22:05.436029 np0000170602 devstack@neutron-api.service[104722]: DEBUG ovsdbapp.backend.ovs_idl [None req-3e5e5c1e-0ed7-4c9d-9ebc-22aae57d8e48 None None] Created schema index Chassis_Template_Var.chassis {{(pid=104722) autocreate_indices /opt/stack/data/venv/lib/python3.12/site-packages/ovsdbapp/backend/ovs_idl/__init__.py:106}}
Apr 27 14:22:05.436029 np0000170602 devstack@neutron-api.service[104722]: DEBUG ovsdbapp.backend.ovs_idl [None req-3e5e5c1e-0ed7-4c9d-9ebc-22aae57d8e48 None None] Created schema index Logical_Router_Port.name {{(pid=104722) autocreate_indices /opt/stack/data/venv/lib/python3.12/site-packages/ovsdbapp/backend/ovs_idl/__init__.py:106}}
Apr 27 14:22:05.436029 np0000170602 devstack@neutron-api.service[104722]: DEBUG ovsdbapp.backend.ovs_idl [None req-3e5e5c1e-0ed7-4c9d-9ebc-22aae57d8e48 None None] Created schema index Port_Group.name {{(pid=104722) autocreate_indices /opt/stack/data/venv/lib/python3.12/site-packages/ovsdbapp/backend/ovs_idl/__init__.py:106}}
Apr 27 14:22:05.436029 np0000170602 devstack@neutron-api.service[104722]: DEBUG ovsdbapp.backend.ovs_idl [None req-3e5e5c1e-0ed7-4c9d-9ebc-22aae57d8e48 None None] Created schema index Logical_Switch_Port.name {{(pid=104722) autocreate_indices /opt/stack/data/venv/lib/python3.12/site-packages/ovsdbapp/backend/ovs_idl/__init__.py:106}}
Apr 27 14:22:05.436260 np0000170602 devstack@neutron-api.service[104725]: DEBUG neutron.plugins.ml2.drivers.ovn.mech_driver.mech_driver [None req-0b57b679-85a1-4fba-8cdc-47c176080a1f None None] Hash Ring setup using WSGI start time 2026-04-27 14:21:56+00:00 {{(pid=104725) _init_hash_ring /opt/stack/neutron/neutron/plugins/ml2/drivers/ovn/mech_driver/mech_driver.py:402}}
Apr 27 14:22:05.438018 np0000170602 devstack@neutron-api.service[104722]: INFO ovsdbapp.backend.ovs_idl.vlog [None req-3e5e5c1e-0ed7-4c9d-9ebc-22aae57d8e48 None None] ssl:199.19.213.238:6641: connecting...
Apr 27 14:22:05.442605 np0000170602 devstack@neutron-api.service[104725]: INFO neutron.db.ovn_hash_ring_db [None req-0b57b679-85a1-4fba-8cdc-47c176080a1f None None] Nodes from host "np0000170602" and group "mechanism_driver" removed from the Hash Ring created at 2026-04-27 14:21:56+00:00
Apr 27 14:22:05.444481 np0000170602 devstack@neutron-api.service[104722]: INFO ovsdbapp.backend.ovs_idl.vlog [None req-3e5e5c1e-0ed7-4c9d-9ebc-22aae57d8e48 None None] ssl:199.19.213.238:6641: connected
Apr 27 14:22:05.445974 np0000170602 devstack@neutron-api.service[104725]: INFO neutron.db.ovn_hash_ring_db [None req-0b57b679-85a1-4fba-8cdc-47c176080a1f None None] Node 07fe8ed1ad705b4f9ddffc9cb0e7b5ba from host "np0000170602" and group "mechanism_driver" added to the Hash Ring
Apr 27 14:22:05.449466 np0000170602 devstack@neutron-api.service[104725]: DEBUG neutron.plugins.ml2.drivers.ovn.mech_driver.mech_driver [None req-0b57b679-85a1-4fba-8cdc-47c176080a1f None None] Hash Ring setup, this worker has detected 4 OVN hash ring registers in the database {{(pid=104725) _init_hash_ring /opt/stack/neutron/neutron/plugins/ml2/drivers/ovn/mech_driver/mech_driver.py:412}}
Apr 27 14:22:05.454152 np0000170602 devstack@neutron-api.service[104724]: DEBUG ovsdbapp.backend.ovs_idl [None req-5da9e180-9752-4da0-81c1-b8b3f0db6baa None None] Created lookup_table index Logical_Switch.name {{(pid=104724) autocreate_indices /opt/stack/data/venv/lib/python3.12/site-packages/ovsdbapp/backend/ovs_idl/__init__.py:87}}
Apr 27 14:22:05.454257 np0000170602 devstack@neutron-api.service[104724]: DEBUG ovsdbapp.backend.ovs_idl [None req-5da9e180-9752-4da0-81c1-b8b3f0db6baa None None] Created lookup_table index Logical_Router.name {{(pid=104724) autocreate_indices /opt/stack/data/venv/lib/python3.12/site-packages/ovsdbapp/backend/ovs_idl/__init__.py:87}}
Apr 27 14:22:05.454446 np0000170602 devstack@neutron-api.service[104724]: DEBUG ovsdbapp.backend.ovs_idl [None req-5da9e180-9752-4da0-81c1-b8b3f0db6baa None None] Created lookup_table index Load_Balancer.name {{(pid=104724) autocreate_indices /opt/stack/data/venv/lib/python3.12/site-packages/ovsdbapp/backend/ovs_idl/__init__.py:87}}
Apr 27 14:22:05.454554 np0000170602 devstack@neutron-api.service[104724]: DEBUG ovsdbapp.backend.ovs_idl [None req-5da9e180-9752-4da0-81c1-b8b3f0db6baa None None] Created schema index Copp.name {{(pid=104724) autocreate_indices /opt/stack/data/venv/lib/python3.12/site-packages/ovsdbapp/backend/ovs_idl/__init__.py:106}}
Apr 27 14:22:05.454680 np0000170602 devstack@neutron-api.service[104724]: DEBUG ovsdbapp.backend.ovs_idl [None req-5da9e180-9752-4da0-81c1-b8b3f0db6baa None None] Created schema index Meter.name {{(pid=104724) autocreate_indices /opt/stack/data/venv/lib/python3.12/site-packages/ovsdbapp/backend/ovs_idl/__init__.py:106}}
Apr 27 14:22:05.454798 np0000170602 devstack@neutron-api.service[104724]: DEBUG ovsdbapp.backend.ovs_idl [None req-5da9e180-9752-4da0-81c1-b8b3f0db6baa None None] Created schema index Load_Balancer_Group.name {{(pid=104724) autocreate_indices /opt/stack/data/venv/lib/python3.12/site-packages/ovsdbapp/backend/ovs_idl/__init__.py:106}}
Apr 27 14:22:05.454924 np0000170602 devstack@neutron-api.service[104724]: DEBUG ovsdbapp.backend.ovs_idl [None req-5da9e180-9752-4da0-81c1-b8b3f0db6baa None None] Created schema index HA_Chassis_Group.name {{(pid=104724) autocreate_indices /opt/stack/data/venv/lib/python3.12/site-packages/ovsdbapp/backend/ovs_idl/__init__.py:106}}
Apr 27 14:22:05.455111 np0000170602 devstack@neutron-api.service[104724]: DEBUG ovsdbapp.backend.ovs_idl [None req-5da9e180-9752-4da0-81c1-b8b3f0db6baa None None] Created schema index Address_Set.name {{(pid=104724) autocreate_indices /opt/stack/data/venv/lib/python3.12/site-packages/ovsdbapp/backend/ovs_idl/__init__.py:106}}
Apr 27 14:22:05.455184 np0000170602 devstack@neutron-api.service[104724]: DEBUG ovsdbapp.backend.ovs_idl [None req-5da9e180-9752-4da0-81c1-b8b3f0db6baa None None] Created schema index Connection.target {{(pid=104724) autocreate_indices /opt/stack/data/venv/lib/python3.12/site-packages/ovsdbapp/backend/ovs_idl/__init__.py:106}}
Apr 27 14:22:05.455301 np0000170602 devstack@neutron-api.service[104724]: DEBUG ovsdbapp.backend.ovs_idl [None req-5da9e180-9752-4da0-81c1-b8b3f0db6baa None None] Created schema index Gateway_Chassis.name {{(pid=104724) autocreate_indices /opt/stack/data/venv/lib/python3.12/site-packages/ovsdbapp/backend/ovs_idl/__init__.py:106}}
Apr 27 14:22:05.455427 np0000170602 devstack@neutron-api.service[104724]: DEBUG ovsdbapp.backend.ovs_idl [None req-5da9e180-9752-4da0-81c1-b8b3f0db6baa None None] Created schema index Mirror.name {{(pid=104724) autocreate_indices /opt/stack/data/venv/lib/python3.12/site-packages/ovsdbapp/backend/ovs_idl/__init__.py:106}}
Apr 27 14:22:05.455487 np0000170602 devstack@neutron-api.service[104725]: DEBUG neutron.plugins.ml2.drivers.ovn.mech_driver.ovsdb.maintenance [None req-0b57b679-85a1-4fba-8cdc-47c176080a1f None None] Periodic task found: HashRingHealthCheckPeriodics.touch_hash_ring_node {{(pid=104725) add_periodics /opt/stack/neutron/neutron/plugins/ml2/drivers/ovn/mech_driver/ovsdb/maintenance.py:148}}
Apr 27 14:22:05.455549 np0000170602 devstack@neutron-api.service[104724]: DEBUG ovsdbapp.backend.ovs_idl [None req-5da9e180-9752-4da0-81c1-b8b3f0db6baa None None] Created schema index Chassis_Template_Var.chassis {{(pid=104724) autocreate_indices /opt/stack/data/venv/lib/python3.12/site-packages/ovsdbapp/backend/ovs_idl/__init__.py:106}}
Apr 27 14:22:05.455675 np0000170602 devstack@neutron-api.service[104724]: DEBUG ovsdbapp.backend.ovs_idl [None req-5da9e180-9752-4da0-81c1-b8b3f0db6baa None None] Created schema index Logical_Router_Port.name {{(pid=104724) autocreate_indices /opt/stack/data/venv/lib/python3.12/site-packages/ovsdbapp/backend/ovs_idl/__init__.py:106}}
Apr 27 14:22:05.455800 np0000170602 devstack@neutron-api.service[104724]: DEBUG ovsdbapp.backend.ovs_idl [None req-5da9e180-9752-4da0-81c1-b8b3f0db6baa None None] Created schema index Port_Group.name {{(pid=104724) autocreate_indices /opt/stack/data/venv/lib/python3.12/site-packages/ovsdbapp/backend/ovs_idl/__init__.py:106}}
Apr 27 14:22:05.455927 np0000170602 devstack@neutron-api.service[104724]: DEBUG ovsdbapp.backend.ovs_idl [None req-5da9e180-9752-4da0-81c1-b8b3f0db6baa None None] Created schema index Logical_Switch_Port.name {{(pid=104724) autocreate_indices /opt/stack/data/venv/lib/python3.12/site-packages/ovsdbapp/backend/ovs_idl/__init__.py:106}}
Apr 27 14:22:05.456346 np0000170602 devstack@neutron-api.service[104725]: INFO neutron.plugins.ml2.drivers.ovn.mech_driver.mech_driver [None req-0b57b679-85a1-4fba-8cdc-47c176080a1f None None] Hash Ring probing thread for node 07fe8ed1ad705b4f9ddffc9cb0e7b5ba has started
Apr 27 14:22:05.456944 np0000170602 devstack@neutron-api.service[104725]: INFO neutron.plugins.ml2.drivers.ovn.mech_driver.ovsdb.impl_idl_ovn [None req-0b57b679-85a1-4fba-8cdc-47c176080a1f None None] Getting OvsdbNbOvnIdl for WorkerService with retry
Apr 27 14:22:05.458969 np0000170602 devstack@neutron-api.service[104724]: INFO ovsdbapp.backend.ovs_idl.vlog [None req-5da9e180-9752-4da0-81c1-b8b3f0db6baa None None] ssl:199.19.213.238:6641: connecting...
Apr 27 14:22:05.465740 np0000170602 devstack@neutron-api.service[104724]: INFO ovsdbapp.backend.ovs_idl.vlog [None req-5da9e180-9752-4da0-81c1-b8b3f0db6baa None None] ssl:199.19.213.238:6641: connected
Apr 27 14:22:05.476160 np0000170602 devstack@neutron-api.service[104722]: DEBUG neutron.common.ovn.hash_ring_manager [None req-3e5e5c1e-0ed7-4c9d-9ebc-22aae57d8e48 None None] Allow caching, nodes 4>=4 {{(pid=104722) _wait_startup_before_caching /opt/stack/neutron/neutron/common/ovn/hash_ring_manager.py:65}}
Apr 27 14:22:05.481054 np0000170602 devstack@neutron-api.service[104722]: DEBUG neutron.common.ovn.hash_ring_manager [None req-3e5e5c1e-0ed7-4c9d-9ebc-22aae57d8e48 None None] Hash Ring loaded. 4 active nodes. 0 offline nodes {{(pid=104722) _load_hash_ring /opt/stack/neutron/neutron/common/ovn/hash_ring_manager.py:102}}
Apr 27 14:22:05.481362 np0000170602 devstack@neutron-api.service[104722]: DEBUG neutron.plugins.ml2.drivers.ovn.mech_driver.ovsdb.ovsdb_monitor [None req-3e5e5c1e-0ed7-4c9d-9ebc-22aae57d8e48 None None] Hash Ring: Node d261be6a56f35664a59025924271ec5f (host: np0000170602) handling event "create" for row 4f2b23c0-c217-4db8-8abe-525aa43c76c3 (table: ACL) {{(pid=104722) notify /opt/stack/neutron/neutron/plugins/ml2/drivers/ovn/mech_driver/ovsdb/ovsdb_monitor.py:914}}
Apr 27 14:22:05.481570 np0000170602 devstack@neutron-api.service[104722]: DEBUG neutron.plugins.ml2.drivers.ovn.mech_driver.ovsdb.ovsdb_monitor [None req-3e5e5c1e-0ed7-4c9d-9ebc-22aae57d8e48 None None] Hash Ring: Node d261be6a56f35664a59025924271ec5f (host: np0000170602) handling event "create" for row 14b05710-728c-473c-ba5c-8a312abe3c17 (table: Connection) {{(pid=104722) notify /opt/stack/neutron/neutron/plugins/ml2/drivers/ovn/mech_driver/ovsdb/ovsdb_monitor.py:914}}
Apr 27 14:22:05.483425 np0000170602 devstack@neutron-api.service[104722]: INFO neutron.plugins.ml2.drivers.ovn.mech_driver.ovsdb.impl_idl_ovn [None req-3e5e5c1e-0ed7-4c9d-9ebc-22aae57d8e48 None None] Getting OvsdbSbOvnIdl for WorkerService with retry
Apr 27 14:22:05.503293 np0000170602 devstack@neutron-api.service[104724]: DEBUG neutron.common.ovn.hash_ring_manager [None req-5da9e180-9752-4da0-81c1-b8b3f0db6baa None None] Allow caching, nodes 4>=4 {{(pid=104724) _wait_startup_before_caching /opt/stack/neutron/neutron/common/ovn/hash_ring_manager.py:65}}
Apr 27 14:22:05.503878 np0000170602 devstack@neutron-api.service[104725]: DEBUG ovsdbapp.backend.ovs_idl [None req-0b57b679-85a1-4fba-8cdc-47c176080a1f None None] Created lookup_table index Logical_Switch.name {{(pid=104725) autocreate_indices /opt/stack/data/venv/lib/python3.12/site-packages/ovsdbapp/backend/ovs_idl/__init__.py:87}}
Apr 27 14:22:05.503976 np0000170602 devstack@neutron-api.service[104725]: DEBUG ovsdbapp.backend.ovs_idl [None req-0b57b679-85a1-4fba-8cdc-47c176080a1f None None] Created lookup_table index Logical_Router.name {{(pid=104725) autocreate_indices /opt/stack/data/venv/lib/python3.12/site-packages/ovsdbapp/backend/ovs_idl/__init__.py:87}}
Apr 27 14:22:05.504105 np0000170602 devstack@neutron-api.service[104725]: DEBUG ovsdbapp.backend.ovs_idl [None req-0b57b679-85a1-4fba-8cdc-47c176080a1f None None] Created lookup_table index Load_Balancer.name {{(pid=104725) autocreate_indices /opt/stack/data/venv/lib/python3.12/site-packages/ovsdbapp/backend/ovs_idl/__init__.py:87}}
Apr 27 14:22:05.504232 np0000170602 devstack@neutron-api.service[104725]: DEBUG ovsdbapp.backend.ovs_idl [None req-0b57b679-85a1-4fba-8cdc-47c176080a1f None None] Created schema index Copp.name {{(pid=104725) autocreate_indices /opt/stack/data/venv/lib/python3.12/site-packages/ovsdbapp/backend/ovs_idl/__init__.py:106}}
Apr 27 14:22:05.504324 np0000170602 devstack@neutron-api.service[104725]: DEBUG ovsdbapp.backend.ovs_idl [None req-0b57b679-85a1-4fba-8cdc-47c176080a1f None None] Created schema index Meter.name {{(pid=104725) autocreate_indices /opt/stack/data/venv/lib/python3.12/site-packages/ovsdbapp/backend/ovs_idl/__init__.py:106}}
Apr 27 14:22:05.504429 np0000170602 devstack@neutron-api.service[104725]: DEBUG ovsdbapp.backend.ovs_idl [None req-0b57b679-85a1-4fba-8cdc-47c176080a1f None None] Created schema index Load_Balancer_Group.name {{(pid=104725) autocreate_indices /opt/stack/data/venv/lib/python3.12/site-packages/ovsdbapp/backend/ovs_idl/__init__.py:106}}
Apr 27 14:22:05.504503 np0000170602 devstack@neutron-api.service[104725]: DEBUG ovsdbapp.backend.ovs_idl [None req-0b57b679-85a1-4fba-8cdc-47c176080a1f None None] Created schema index HA_Chassis_Group.name {{(pid=104725) autocreate_indices /opt/stack/data/venv/lib/python3.12/site-packages/ovsdbapp/backend/ovs_idl/__init__.py:106}}
Apr 27 14:22:05.504588 np0000170602 devstack@neutron-api.service[104725]: DEBUG ovsdbapp.backend.ovs_idl [None req-0b57b679-85a1-4fba-8cdc-47c176080a1f None None] Created schema index Address_Set.name {{(pid=104725) autocreate_indices /opt/stack/data/venv/lib/python3.12/site-packages/ovsdbapp/backend/ovs_idl/__init__.py:106}}
Apr 27 14:22:05.504682 np0000170602 devstack@neutron-api.service[104725]: DEBUG ovsdbapp.backend.ovs_idl [None req-0b57b679-85a1-4fba-8cdc-47c176080a1f None None] Created schema index Connection.target {{(pid=104725) autocreate_indices /opt/stack/data/venv/lib/python3.12/site-packages/ovsdbapp/backend/ovs_idl/__init__.py:106}}
Apr 27 14:22:05.504770 np0000170602 devstack@neutron-api.service[104725]: DEBUG ovsdbapp.backend.ovs_idl [None req-0b57b679-85a1-4fba-8cdc-47c176080a1f None None] Created schema index Gateway_Chassis.name {{(pid=104725) autocreate_indices /opt/stack/data/venv/lib/python3.12/site-packages/ovsdbapp/backend/ovs_idl/__init__.py:106}}
Apr 27 14:22:05.504857 np0000170602 devstack@neutron-api.service[104725]: DEBUG ovsdbapp.backend.ovs_idl [None req-0b57b679-85a1-4fba-8cdc-47c176080a1f None None] Created schema index Mirror.name {{(pid=104725) autocreate_indices /opt/stack/data/venv/lib/python3.12/site-packages/ovsdbapp/backend/ovs_idl/__init__.py:106}}
