Mar 23 05:36:28.267938 np0000160291 neutron-periodic-workers[104137]: DEBUG cotyledon.oslo_config_glue [-] ml2.mechanism_drivers = ['ovn'] {{(pid=104137) log_opt_values /opt/stack/data/venv/lib/python3.12/site-packages/oslo_config/cfg.py:3006}}
Mar 23 05:36:28.267996 np0000160291 neutron-periodic-workers[104137]: DEBUG cotyledon.oslo_config_glue [-] ml2.overlay_ip_version = 4 {{(pid=104137) log_opt_values /opt/stack/data/venv/lib/python3.12/site-packages/oslo_config/cfg.py:3006}}
Mar 23 05:36:28.268031 np0000160291 neutron-periodic-workers[104137]: DEBUG cotyledon.oslo_config_glue [-] ml2.path_mtu = 0 {{(pid=104137) log_opt_values /opt/stack/data/venv/lib/python3.12/site-packages/oslo_config/cfg.py:3006}}
Mar 23 05:36:28.268100 np0000160291 neutron-periodic-workers[104137]: DEBUG cotyledon.oslo_config_glue [-] ml2.physical_network_mtus = {} {{(pid=104137) log_opt_values /opt/stack/data/venv/lib/python3.12/site-packages/oslo_config/cfg.py:3006}}
Mar 23 05:36:28.268141 np0000160291 neutron-periodic-workers[104137]: DEBUG cotyledon.oslo_config_glue [-] ml2.project_network_types = ['geneve'] {{(pid=104137) log_opt_values /opt/stack/data/venv/lib/python3.12/site-packages/oslo_config/cfg.py:3006}}
Mar 23 05:36:28.268196 np0000160291 neutron-periodic-workers[104137]: DEBUG cotyledon.oslo_config_glue [-] ml2.tunnelled_network_rp_name = rp_tunnelled {{(pid=104137) log_opt_values /opt/stack/data/venv/lib/python3.12/site-packages/oslo_config/cfg.py:3006}}
Mar 23 05:36:28.268230 np0000160291 neutron-periodic-workers[104137]: DEBUG cotyledon.oslo_config_glue [-] ml2.type_drivers = ['local', 'flat', 'vlan', 'geneve'] {{(pid=104137) log_opt_values /opt/stack/data/venv/lib/python3.12/site-packages/oslo_config/cfg.py:3006}}
Mar 23 05:36:28.268318 np0000160291 neutron-periodic-workers[104137]: DEBUG cotyledon.oslo_config_glue [-] ml2_type_flat.flat_networks = ['public'] {{(pid=104137) log_opt_values /opt/stack/data/venv/lib/python3.12/site-packages/oslo_config/cfg.py:3006}}
Mar 23 05:36:28.268378 np0000160291 neutron-periodic-workers[104137]: DEBUG cotyledon.oslo_config_glue [-] ml2_type_geneve.max_header_size = 38 {{(pid=104137) log_opt_values /opt/stack/data/venv/lib/python3.12/site-packages/oslo_config/cfg.py:3006}}
Mar 23 05:36:28.268423 np0000160291 neutron-periodic-workers[104137]: DEBUG cotyledon.oslo_config_glue [-] ml2_type_geneve.vni_ranges = ['1:65536'] {{(pid=104137) log_opt_values /opt/stack/data/venv/lib/python3.12/site-packages/oslo_config/cfg.py:3006}}
Mar 23 05:36:28.268484 np0000160291 neutron-periodic-workers[104137]: DEBUG cotyledon.oslo_config_glue [-] ml2_type_vlan.network_vlan_ranges = ['public'] {{(pid=104137) log_opt_values /opt/stack/data/venv/lib/python3.12/site-packages/oslo_config/cfg.py:3006}}
Mar 23 05:36:28.268611 np0000160291 neutron-periodic-workers[104137]: DEBUG cotyledon.oslo_config_glue [-] network_log.burst_limit = 25 {{(pid=104137) log_opt_values /opt/stack/data/venv/lib/python3.12/site-packages/oslo_config/cfg.py:3006}}
Mar 23 05:36:28.268657 np0000160291 neutron-periodic-workers[104137]: DEBUG cotyledon.oslo_config_glue [-] network_log.local_output_log_base = None {{(pid=104137) log_opt_values /opt/stack/data/venv/lib/python3.12/site-packages/oslo_config/cfg.py:3006}}
Mar 23 05:36:28.268713 np0000160291 neutron-periodic-workers[104137]: DEBUG cotyledon.oslo_config_glue [-] network_log.rate_limit = 100 {{(pid=104137) log_opt_values /opt/stack/data/venv/lib/python3.12/site-packages/oslo_config/cfg.py:3006}}
Mar 23 05:36:28.268781 np0000160291 neutron-periodic-workers[104137]: DEBUG cotyledon.oslo_config_glue [-] database.asyncio_connection = **** {{(pid=104137) log_opt_values /opt/stack/data/venv/lib/python3.12/site-packages/oslo_config/cfg.py:3006}}
Mar 23 05:36:28.268874 np0000160291 neutron-periodic-workers[104137]: DEBUG cotyledon.oslo_config_glue [-] database.asyncio_slave_connection = **** {{(pid=104137) log_opt_values /opt/stack/data/venv/lib/python3.12/site-packages/oslo_config/cfg.py:3006}}
Mar 23 05:36:28.268933 np0000160291 neutron-periodic-workers[104137]: DEBUG cotyledon.oslo_config_glue [-] database.backend = sqlalchemy {{(pid=104137) log_opt_values /opt/stack/data/venv/lib/python3.12/site-packages/oslo_config/cfg.py:3006}}
Mar 23 05:36:28.269019 np0000160291 neutron-periodic-workers[104137]: DEBUG cotyledon.oslo_config_glue [-] database.connection = **** {{(pid=104137) log_opt_values /opt/stack/data/venv/lib/python3.12/site-packages/oslo_config/cfg.py:3006}}
Mar 23 05:36:28.269075 np0000160291 neutron-periodic-workers[104137]: DEBUG cotyledon.oslo_config_glue [-] database.connection_debug = 0 {{(pid=104137) log_opt_values /opt/stack/data/venv/lib/python3.12/site-packages/oslo_config/cfg.py:3006}}
Mar 23 05:36:28.269109 np0000160291 neutron-periodic-workers[104137]: DEBUG cotyledon.oslo_config_glue [-] database.connection_parameters = {{(pid=104137) log_opt_values /opt/stack/data/venv/lib/python3.12/site-packages/oslo_config/cfg.py:3006}}
Mar 23 05:36:28.269200 np0000160291 neutron-periodic-workers[104137]: DEBUG cotyledon.oslo_config_glue [-] database.connection_recycle_time = 3600 {{(pid=104137) log_opt_values /opt/stack/data/venv/lib/python3.12/site-packages/oslo_config/cfg.py:3006}}
Mar 23 05:36:28.269248 np0000160291 neutron-periodic-workers[104137]: DEBUG cotyledon.oslo_config_glue [-] database.connection_trace = False {{(pid=104137) log_opt_values /opt/stack/data/venv/lib/python3.12/site-packages/oslo_config/cfg.py:3006}}
Mar 23 05:36:28.269280 np0000160291 neutron-periodic-workers[104137]: DEBUG cotyledon.oslo_config_glue [-] database.db_inc_retry_interval = True {{(pid=104137) log_opt_values /opt/stack/data/venv/lib/python3.12/site-packages/oslo_config/cfg.py:3006}}
Mar 23 05:36:28.269330 np0000160291 neutron-periodic-workers[104137]: DEBUG cotyledon.oslo_config_glue [-] database.db_max_retries = 20 {{(pid=104137) log_opt_values /opt/stack/data/venv/lib/python3.12/site-packages/oslo_config/cfg.py:3006}}
Mar 23 05:36:28.269369 np0000160291 neutron-periodic-workers[104137]: DEBUG cotyledon.oslo_config_glue [-] database.db_max_retry_interval = 10 {{(pid=104137) log_opt_values /opt/stack/data/venv/lib/python3.12/site-packages/oslo_config/cfg.py:3006}}
Mar 23 05:36:28.269407 np0000160291 neutron-periodic-workers[104137]: DEBUG cotyledon.oslo_config_glue [-] database.db_retry_interval = 1 {{(pid=104137) log_opt_values /opt/stack/data/venv/lib/python3.12/site-packages/oslo_config/cfg.py:3006}}
Mar 23 05:36:28.269455 np0000160291 neutron-periodic-workers[104137]: DEBUG cotyledon.oslo_config_glue [-] database.max_overflow = 50 {{(pid=104137) log_opt_values /opt/stack/data/venv/lib/python3.12/site-packages/oslo_config/cfg.py:3006}}
Mar 23 05:36:28.269499 np0000160291 neutron-periodic-workers[104137]: DEBUG cotyledon.oslo_config_glue [-] database.max_pool_size = 5 {{(pid=104137) log_opt_values /opt/stack/data/venv/lib/python3.12/site-packages/oslo_config/cfg.py:3006}}
Mar 23 05:36:28.269559 np0000160291 neutron-periodic-workers[104137]: DEBUG cotyledon.oslo_config_glue [-] database.max_retries = 10 {{(pid=104137) log_opt_values /opt/stack/data/venv/lib/python3.12/site-packages/oslo_config/cfg.py:3006}}
Mar 23 05:36:28.269594 np0000160291 neutron-periodic-workers[104137]: DEBUG cotyledon.oslo_config_glue [-] database.mysql_sql_mode = TRADITIONAL {{(pid=104137) log_opt_values /opt/stack/data/venv/lib/python3.12/site-packages/oslo_config/cfg.py:3006}}
Mar 23 05:36:28.269652 np0000160291 neutron-periodic-workers[104137]: DEBUG cotyledon.oslo_config_glue [-] database.mysql_wsrep_sync_wait = None {{(pid=104137) log_opt_values /opt/stack/data/venv/lib/python3.12/site-packages/oslo_config/cfg.py:3006}}
Mar 23 05:36:28.269706 np0000160291 neutron-periodic-workers[104137]: DEBUG cotyledon.oslo_config_glue [-] database.pool_timeout = None {{(pid=104137) log_opt_values /opt/stack/data/venv/lib/python3.12/site-packages/oslo_config/cfg.py:3006}}
Mar 23 05:36:28.269742 np0000160291 neutron-periodic-workers[104137]: DEBUG cotyledon.oslo_config_glue [-] database.retry_interval = 10 {{(pid=104137) log_opt_values /opt/stack/data/venv/lib/python3.12/site-packages/oslo_config/cfg.py:3006}}
Mar 23 05:36:28.269805 np0000160291 neutron-periodic-workers[104137]: DEBUG cotyledon.oslo_config_glue [-] database.slave_connection = **** {{(pid=104137) log_opt_values /opt/stack/data/venv/lib/python3.12/site-packages/oslo_config/cfg.py:3006}}
Mar 23 05:36:28.269839 np0000160291 neutron-periodic-workers[104137]: DEBUG cotyledon.oslo_config_glue [-] database.sqlite_synchronous = True {{(pid=104137) log_opt_values /opt/stack/data/venv/lib/python3.12/site-packages/oslo_config/cfg.py:3006}}
Mar 23 05:36:28.269886 np0000160291 neutron-periodic-workers[104137]: DEBUG cotyledon.oslo_config_glue [-] database.synchronous_reader = True {{(pid=104137) log_opt_values /opt/stack/data/venv/lib/python3.12/site-packages/oslo_config/cfg.py:3006}}
Mar 23 05:36:28.269919 np0000160291 neutron-periodic-workers[104137]: DEBUG cotyledon.oslo_config_glue [-] database.use_db_reconnect = False {{(pid=104137) log_opt_values /opt/stack/data/venv/lib/python3.12/site-packages/oslo_config/cfg.py:3006}}
Mar 23 05:36:28.270009 np0000160291 neutron-periodic-workers[104137]: DEBUG cotyledon.oslo_config_glue [-] ovn.bfd_min_rx = 1000 {{(pid=104137) log_opt_values /opt/stack/data/venv/lib/python3.12/site-packages/oslo_config/cfg.py:3006}}
Mar 23 05:36:28.270044 np0000160291 neutron-periodic-workers[104137]: DEBUG cotyledon.oslo_config_glue [-] ovn.bfd_min_tx = 100 {{(pid=104137) log_opt_values /opt/stack/data/venv/lib/python3.12/site-packages/oslo_config/cfg.py:3006}}
Mar 23 05:36:28.270095 np0000160291 neutron-periodic-workers[104137]: DEBUG cotyledon.oslo_config_glue [-] ovn.bfd_mult = 3 {{(pid=104137) log_opt_values /opt/stack/data/venv/lib/python3.12/site-packages/oslo_config/cfg.py:3006}}
Mar 23 05:36:28.270147 np0000160291 neutron-periodic-workers[104137]: DEBUG cotyledon.oslo_config_glue [-] ovn.broadcast_arps_to_all_routers = True {{(pid=104137) log_opt_values /opt/stack/data/venv/lib/python3.12/site-packages/oslo_config/cfg.py:3006}}
Mar 23 05:36:28.270182 np0000160291 neutron-periodic-workers[104137]: DEBUG cotyledon.oslo_config_glue [-] ovn.dhcp_default_lease_time = 43200 {{(pid=104137) log_opt_values /opt/stack/data/venv/lib/python3.12/site-packages/oslo_config/cfg.py:3006}}
Mar 23 05:36:28.270219 np0000160291 neutron-periodic-workers[104137]: DEBUG cotyledon.oslo_config_glue [-] ovn.disable_ovn_dhcp_for_baremetal_ports = False {{(pid=104137) log_opt_values /opt/stack/data/venv/lib/python3.12/site-packages/oslo_config/cfg.py:3006}}
Mar 23 05:36:28.270271 np0000160291 neutron-periodic-workers[104137]: DEBUG cotyledon.oslo_config_glue [-] ovn.dns_records_ovn_owned = False {{(pid=104137) log_opt_values /opt/stack/data/venv/lib/python3.12/site-packages/oslo_config/cfg.py:3006}}
Mar 23 05:36:28.270311 np0000160291 neutron-periodic-workers[104137]: DEBUG cotyledon.oslo_config_glue [-] ovn.dns_servers = [] {{(pid=104137) log_opt_values /opt/stack/data/venv/lib/python3.12/site-packages/oslo_config/cfg.py:3006}}
Mar 23 05:36:28.270364 np0000160291 neutron-periodic-workers[104137]: DEBUG cotyledon.oslo_config_glue [-] ovn.enable_distributed_floating_ip = False {{(pid=104137) log_opt_values /opt/stack/data/venv/lib/python3.12/site-packages/oslo_config/cfg.py:3006}}
Mar 23 05:36:28.270422 np0000160291 neutron-periodic-workers[104137]: DEBUG cotyledon.oslo_config_glue [-] ovn.fdb_age_threshold = 300 {{(pid=104137) log_opt_values /opt/stack/data/venv/lib/python3.12/site-packages/oslo_config/cfg.py:3006}}
Mar 23 05:36:28.270457 np0000160291 neutron-periodic-workers[104137]: DEBUG cotyledon.oslo_config_glue [-] ovn.ha_failover_strategy = normal {{(pid=104137) log_opt_values /opt/stack/data/venv/lib/python3.12/site-packages/oslo_config/cfg.py:3006}}
Mar 23 05:36:28.270500 np0000160291 neutron-periodic-workers[104137]: DEBUG cotyledon.oslo_config_glue [-] ovn.live_migration_activation_strategy = rarp {{(pid=104137) log_opt_values /opt/stack/data/venv/lib/python3.12/site-packages/oslo_config/cfg.py:3006}}
Mar 23 05:36:28.270559 np0000160291 neutron-periodic-workers[104137]: DEBUG cotyledon.oslo_config_glue [-] ovn.localnet_learn_fdb = False {{(pid=104137) log_opt_values /opt/stack/data/venv/lib/python3.12/site-packages/oslo_config/cfg.py:3006}}
Mar 23 05:36:28.270617 np0000160291 neutron-periodic-workers[104137]: DEBUG cotyledon.oslo_config_glue [-] ovn.mac_binding_age_threshold = 300 {{(pid=104137) log_opt_values /opt/stack/data/venv/lib/python3.12/site-packages/oslo_config/cfg.py:3006}}
Mar 23 05:36:28.270677 np0000160291 neutron-periodic-workers[104137]: DEBUG cotyledon.oslo_config_glue [-] ovn.neutron_sync_mode = log {{(pid=104137) log_opt_values /opt/stack/data/venv/lib/python3.12/site-packages/oslo_config/cfg.py:3006}}
Mar 23 05:36:28.270728 np0000160291 neutron-periodic-workers[104137]: DEBUG cotyledon.oslo_config_glue [-] ovn.ovn_dhcp4_global_options = {} {{(pid=104137) log_opt_values /opt/stack/data/venv/lib/python3.12/site-packages/oslo_config/cfg.py:3006}}
Mar 23 05:36:28.270765 np0000160291 neutron-periodic-workers[104137]: DEBUG cotyledon.oslo_config_glue [-] ovn.ovn_dhcp6_global_options = {} {{(pid=104137) log_opt_values /opt/stack/data/venv/lib/python3.12/site-packages/oslo_config/cfg.py:3006}}
Mar 23 05:36:28.270822 np0000160291 neutron-periodic-workers[104137]: DEBUG cotyledon.oslo_config_glue [-] ovn.ovn_l3_scheduler = leastloaded {{(pid=104137) log_opt_values /opt/stack/data/venv/lib/python3.12/site-packages/oslo_config/cfg.py:3006}}
Mar 23 05:36:28.270872 np0000160291 neutron-periodic-workers[104137]: DEBUG cotyledon.oslo_config_glue [-] ovn.ovn_metadata_enabled = True {{(pid=104137) log_opt_values /opt/stack/data/venv/lib/python3.12/site-packages/oslo_config/cfg.py:3006}}
Mar 23 05:36:28.270930 np0000160291 neutron-periodic-workers[104137]: DEBUG cotyledon.oslo_config_glue [-] ovn.ovn_nb_ca_cert = /opt/stack/data/CA/int-ca/ca-chain.pem {{(pid=104137) log_opt_values /opt/stack/data/venv/lib/python3.12/site-packages/oslo_config/cfg.py:3006}}
Mar 23 05:36:28.270971 np0000160291 neutron-periodic-workers[104137]: DEBUG cotyledon.oslo_config_glue [-] ovn.ovn_nb_certificate = /opt/stack/data/CA/int-ca/devstack-cert.crt {{(pid=104137) log_opt_values /opt/stack/data/venv/lib/python3.12/site-packages/oslo_config/cfg.py:3006}}
Mar 23 05:36:28.271034 np0000160291 neutron-periodic-workers[104137]: DEBUG cotyledon.oslo_config_glue [-] ovn.ovn_nb_connection = ['ssl:199.19.213.127:6641'] {{(pid=104137) log_opt_values /opt/stack/data/venv/lib/python3.12/site-packages/oslo_config/cfg.py:3006}}
Mar 23 05:36:28.271086 np0000160291 neutron-periodic-workers[104137]: DEBUG cotyledon.oslo_config_glue [-] ovn.ovn_nb_private_key = /opt/stack/data/CA/int-ca/private/devstack-cert.key {{(pid=104137) log_opt_values /opt/stack/data/venv/lib/python3.12/site-packages/oslo_config/cfg.py:3006}}
Mar 23 05:36:28.271125 np0000160291 neutron-periodic-workers[104137]: DEBUG cotyledon.oslo_config_glue [-] ovn.ovn_router_indirect_snat = False {{(pid=104137) log_opt_values /opt/stack/data/venv/lib/python3.12/site-packages/oslo_config/cfg.py:3006}}
Mar 23 05:36:28.271171 np0000160291 neutron-periodic-workers[104137]: DEBUG cotyledon.oslo_config_glue [-] ovn.ovn_sb_ca_cert = /opt/stack/data/CA/int-ca/ca-chain.pem {{(pid=104137) log_opt_values /opt/stack/data/venv/lib/python3.12/site-packages/oslo_config/cfg.py:3006}}
Mar 23 05:36:28.271204 np0000160291 neutron-periodic-workers[104137]: DEBUG cotyledon.oslo_config_glue [-] ovn.ovn_sb_certificate = /opt/stack/data/CA/int-ca/devstack-cert.crt {{(pid=104137) log_opt_values /opt/stack/data/venv/lib/python3.12/site-packages/oslo_config/cfg.py:3006}}
Mar 23 05:36:28.271254 np0000160291 neutron-periodic-workers[104137]: DEBUG cotyledon.oslo_config_glue [-] ovn.ovn_sb_connection = ['ssl:199.19.213.127:6642'] {{(pid=104137) log_opt_values /opt/stack/data/venv/lib/python3.12/site-packages/oslo_config/cfg.py:3006}}
Mar 23 05:36:28.271287 np0000160291 neutron-periodic-workers[104137]: DEBUG cotyledon.oslo_config_glue [-] ovn.ovn_sb_private_key = /opt/stack/data/CA/int-ca/private/devstack-cert.key {{(pid=104137) log_opt_values /opt/stack/data/venv/lib/python3.12/site-packages/oslo_config/cfg.py:3006}}
Mar 23 05:36:28.271340 np0000160291 neutron-periodic-workers[104137]: DEBUG cotyledon.oslo_config_glue [-] ovn.ovs_create_tap = False {{(pid=104137) log_opt_values /opt/stack/data/venv/lib/python3.12/site-packages/oslo_config/cfg.py:3006}}
Mar 23 05:36:28.271373 np0000160291 neutron-periodic-workers[104137]: DEBUG cotyledon.oslo_config_glue [-] ovn.ovsdb_connection_timeout = 180 {{(pid=104137) log_opt_values /opt/stack/data/venv/lib/python3.12/site-packages/oslo_config/cfg.py:3006}}
Mar 23 05:36:28.271425 np0000160291 neutron-periodic-workers[104137]: DEBUG cotyledon.oslo_config_glue [-] ovn.ovsdb_log_level = INFO {{(pid=104137) log_opt_values /opt/stack/data/venv/lib/python3.12/site-packages/oslo_config/cfg.py:3006}}
Mar 23 05:36:28.271469 np0000160291 neutron-periodic-workers[104137]: DEBUG cotyledon.oslo_config_glue [-] ovn.ovsdb_probe_interval = 60000 {{(pid=104137) log_opt_values /opt/stack/data/venv/lib/python3.12/site-packages/oslo_config/cfg.py:3006}}
Mar 23 05:36:28.271502 np0000160291 neutron-periodic-workers[104137]: DEBUG cotyledon.oslo_config_glue [-] ovn.ovsdb_retry_max_interval = 180 {{(pid=104137) log_opt_values /opt/stack/data/venv/lib/python3.12/site-packages/oslo_config/cfg.py:3006}}
Mar 23 05:36:28.271572 np0000160291 neutron-periodic-workers[104137]: DEBUG cotyledon.oslo_config_glue [-] ovn.stateless_nat_enabled = False {{(pid=104137) log_opt_values /opt/stack/data/venv/lib/python3.12/site-packages/oslo_config/cfg.py:3006}}
Mar 23 05:36:28.271638 np0000160291 neutron-periodic-workers[104137]: DEBUG cotyledon.oslo_config_glue [-] ovn.vhost_sock_dir = /var/run/openvswitch {{(pid=104137) log_opt_values /opt/stack/data/venv/lib/python3.12/site-packages/oslo_config/cfg.py:3006}}
Mar 23 05:36:28.271691 np0000160291 neutron-periodic-workers[104137]: DEBUG cotyledon.oslo_config_glue [-] OVS.bridge_mac_table_size = 50000 {{(pid=104137) log_opt_values /opt/stack/data/venv/lib/python3.12/site-packages/oslo_config/cfg.py:3006}}
Mar 23 05:36:28.271734 np0000160291 neutron-periodic-workers[104137]: DEBUG cotyledon.oslo_config_glue [-] OVS.igmp_flood = False {{(pid=104137) log_opt_values /opt/stack/data/venv/lib/python3.12/site-packages/oslo_config/cfg.py:3006}}
Mar 23 05:36:28.271792 np0000160291 neutron-periodic-workers[104137]: DEBUG cotyledon.oslo_config_glue [-] OVS.igmp_flood_reports = True {{(pid=104137) log_opt_values /opt/stack/data/venv/lib/python3.12/site-packages/oslo_config/cfg.py:3006}}
Mar 23 05:36:28.271833 np0000160291 neutron-periodic-workers[104137]: DEBUG cotyledon.oslo_config_glue [-] OVS.igmp_flood_unregistered = False {{(pid=104137) log_opt_values /opt/stack/data/venv/lib/python3.12/site-packages/oslo_config/cfg.py:3006}}
Mar 23 05:36:28.271865 np0000160291 neutron-periodic-workers[104137]: DEBUG cotyledon.oslo_config_glue [-] OVS.igmp_snooping_enable = False {{(pid=104137) log_opt_values /opt/stack/data/venv/lib/python3.12/site-packages/oslo_config/cfg.py:3006}}
Mar 23 05:36:28.271923 np0000160291 neutron-periodic-workers[104137]: DEBUG cotyledon.oslo_config_glue [-] OVS.ovsdb_timeout = 10 {{(pid=104137) log_opt_values /opt/stack/data/venv/lib/python3.12/site-packages/oslo_config/cfg.py:3006}}
Mar 23 05:36:28.271980 np0000160291 neutron-periodic-workers[104137]: DEBUG cotyledon.oslo_config_glue [-] ovn_nb_global.fdb_removal_limit = 0 {{(pid=104137) log_opt_values /opt/stack/data/venv/lib/python3.12/site-packages/oslo_config/cfg.py:3006}}
Mar 23 05:36:28.272038 np0000160291 neutron-periodic-workers[104137]: DEBUG cotyledon.oslo_config_glue [-] ovn_nb_global.ignore_lsp_down = False {{(pid=104137) log_opt_values /opt/stack/data/venv/lib/python3.12/site-packages/oslo_config/cfg.py:3006}}
Mar 23 05:36:28.272072 np0000160291 neutron-periodic-workers[104137]: DEBUG cotyledon.oslo_config_glue [-] ovn_nb_global.mac_binding_removal_limit = 0 {{(pid=104137) log_opt_values /opt/stack/data/venv/lib/python3.12/site-packages/oslo_config/cfg.py:3006}}
Mar 23 05:36:28.272122 np0000160291 neutron-periodic-workers[104137]: DEBUG cotyledon.oslo_config_glue [-] ******************************************************************************** {{(pid=104137) log_opt_values /opt/stack/data/venv/lib/python3.12/site-packages/oslo_config/cfg.py:3013}}
Mar 23 05:36:28.272312 np0000160291 neutron-periodic-workers[104137]: DEBUG cotyledon._service_worker [-] Run service ServiceWrapper(0) [104137] {{(pid=104137) wait_forever /opt/stack/data/venv/lib/python3.12/site-packages/cotyledon/_service_worker.py:218}}
Mar 23 05:36:37.885252 np0000160291 neutron-periodic-workers[103259]: DEBUG dbcounter [-] [103259] Writing DB stats neutron:SELECT=4 {{(pid=103259) stat_writer /opt/stack/data/venv/lib/python3.12/site-packages/dbcounter.py:115}}
Mar 23 05:37:25.268884 np0000160291 neutron-periodic-workers[104131]: DEBUG oslo_db.sqlalchemy.engines [None req-c9822323-4acd-4144-9e15-10b17426872d None None] Parent process 103259 forked (104131) with an open database connection, which is being discarded and recreated. {{(pid=104131) checkout /opt/stack/data/venv/lib/python3.12/site-packages/oslo_db/sqlalchemy/engines.py:402}}
Mar 23 05:37:25.276824 np0000160291 neutron-periodic-workers[104131]: DEBUG dbcounter [-] [104131] Writer thread running {{(pid=104131) stat_writer /opt/stack/data/venv/lib/python3.12/site-packages/dbcounter.py:102}}
Mar 23 05:37:25.280503 np0000160291 neutron-periodic-workers[104131]: DEBUG neutron.db.agents_db [None req-c9822323-4acd-4144-9e15-10b17426872d None None] Agent healthcheck: found 0 active agents {{(pid=104131) agent_health_check /opt/stack/neutron/neutron/db/agents_db.py:317}}
Mar 23 05:37:25.280759 np0000160291 neutron-periodic-workers[104131]: DEBUG oslo.service.backend._threading.loopingcall [None req-c9822323-4acd-4144-9e15-10b17426872d None None] Fixed interval looping call 'neutron.plugins.ml2.plugin.AgentDbMixin.agent_health_check' sleeping for 36.98 seconds {{(pid=104131) _run_loop /opt/stack/data/venv/lib/python3.12/site-packages/oslo_service/backend/_threading/loopingcall.py:125}}
Mar 23 05:37:35.262263 np0000160291 neutron-periodic-workers[104127]: DEBUG dbcounter [-] [104127] Writer thread running {{(pid=104127) stat_writer /opt/stack/data/venv/lib/python3.12/site-packages/dbcounter.py:102}}
Mar 23 05:37:35.277713 np0000160291 neutron-periodic-workers[104131]: DEBUG dbcounter [-] [104131] Writing DB stats neutron:SELECT=1 {{(pid=104131) stat_writer /opt/stack/data/venv/lib/python3.12/site-packages/dbcounter.py:115}}
Mar 23 05:37:35.279910 np0000160291 neutron-periodic-workers[104127]: DEBUG oslo.service.backend._threading.loopingcall [None req-26b984d5-87f3-4e84-82ed-ac0fb806651b None None] Fixed interval looping call 'neutron.plugins.ml2.plugin.DhcpAgentSchedulerDbMixin.remove_networks_from_down_agents' sleeping for 36.96 seconds {{(pid=104127) _run_loop /opt/stack/data/venv/lib/python3.12/site-packages/oslo_service/backend/_threading/loopingcall.py:125}}
Mar 23 05:37:45.280704 np0000160291 neutron-periodic-workers[104127]: DEBUG dbcounter [-] [104127] Writing DB stats neutron:SELECT=3 {{(pid=104127) stat_writer /opt/stack/data/venv/lib/python3.12/site-packages/dbcounter.py:115}}
Mar 23 05:38:02.266875 np0000160291 neutron-periodic-workers[104131]: DEBUG neutron.db.agents_db [None req-c9822323-4acd-4144-9e15-10b17426872d None None] Agent healthcheck: found 0 active agents {{(pid=104131) agent_health_check /opt/stack/neutron/neutron/db/agents_db.py:317}}
Mar 23 05:38:02.267463 np0000160291 neutron-periodic-workers[104131]: DEBUG oslo.service.backend._threading.loopingcall [None req-c9822323-4acd-4144-9e15-10b17426872d None None] Fixed interval looping call 'neutron.plugins.ml2.plugin.AgentDbMixin.agent_health_check' sleeping for 36.99 seconds {{(pid=104131) _run_loop /opt/stack/data/venv/lib/python3.12/site-packages/oslo_service/backend/_threading/loopingcall.py:125}}
Mar 23 05:38:12.252574 np0000160291 neutron-periodic-workers[104127]: DEBUG oslo.service.backend._threading.loopingcall [None req-26b984d5-87f3-4e84-82ed-ac0fb806651b None None] Fixed interval looping call 'neutron.plugins.ml2.plugin.DhcpAgentSchedulerDbMixin.remove_networks_from_down_agents' sleeping for 36.99 seconds {{(pid=104127) _run_loop /opt/stack/data/venv/lib/python3.12/site-packages/oslo_service/backend/_threading/loopingcall.py:125}}
Mar 23 05:38:12.266052 np0000160291 neutron-periodic-workers[104131]: DEBUG dbcounter [-] [104131] Writing DB stats neutron:SELECT=1 {{(pid=104131) stat_writer /opt/stack/data/venv/lib/python3.12/site-packages/dbcounter.py:115}}
Mar 23 05:38:22.251013 np0000160291 neutron-periodic-workers[104127]: DEBUG dbcounter [-] [104127] Writing DB stats neutron:SELECT=3 {{(pid=104127) stat_writer /opt/stack/data/venv/lib/python3.12/site-packages/dbcounter.py:115}}
Mar 23 05:38:28.290768 np0000160291 neutron-periodic-workers[104137]: DEBUG dbcounter [-] [104137] Writer thread running {{(pid=104137) stat_writer /opt/stack/data/venv/lib/python3.12/site-packages/dbcounter.py:102}}
Mar 23 05:38:28.296778 np0000160291 neutron-periodic-workers[104137]: DEBUG oslo.service.backend._threading.loopingcall [None req-53ad80b9-5720-4378-af5e-c71ea57d9dd5 None None] Fixed interval looping call 'neutron.db.quota.driver_nolock.DbQuotaNoLockDriver._remove_expired_reservations' sleeping for 119.98 seconds {{(pid=104137) _run_loop /opt/stack/data/venv/lib/python3.12/site-packages/oslo_service/backend/_threading/loopingcall.py:125}}
Mar 23 05:38:38.291271 np0000160291 neutron-periodic-workers[104137]: DEBUG dbcounter [-] [104137] Writing DB stats neutron:DELETE=1 {{(pid=104137) stat_writer /opt/stack/data/venv/lib/python3.12/site-packages/dbcounter.py:115}}
Mar 23 05:38:39.262005 np0000160291 neutron-periodic-workers[104131]: DEBUG neutron.db.agents_db [None req-c9822323-4acd-4144-9e15-10b17426872d None None] Agent healthcheck: found 0 active agents {{(pid=104131) agent_health_check /opt/stack/neutron/neutron/db/agents_db.py:317}}
Mar 23 05:38:39.262668 np0000160291 neutron-periodic-workers[104131]: DEBUG oslo.service.backend._threading.loopingcall [None req-c9822323-4acd-4144-9e15-10b17426872d None None] Fixed interval looping call 'neutron.plugins.ml2.plugin.AgentDbMixin.agent_health_check' sleeping for 37.00 seconds {{(pid=104131) _run_loop /opt/stack/data/venv/lib/python3.12/site-packages/oslo_service/backend/_threading/loopingcall.py:125}}
Mar 23 05:38:49.252359 np0000160291 neutron-periodic-workers[104127]: DEBUG oslo.service.backend._threading.loopingcall [None req-26b984d5-87f3-4e84-82ed-ac0fb806651b None None] Fixed interval looping call 'neutron.plugins.ml2.plugin.DhcpAgentSchedulerDbMixin.remove_networks_from_down_agents' sleeping for 36.99 seconds {{(pid=104127) _run_loop /opt/stack/data/venv/lib/python3.12/site-packages/oslo_service/backend/_threading/loopingcall.py:125}}
Mar 23 05:38:49.260749 np0000160291 neutron-periodic-workers[104131]: DEBUG dbcounter [-] [104131] Writing DB stats neutron:SELECT=1 {{(pid=104131) stat_writer /opt/stack/data/venv/lib/python3.12/site-packages/dbcounter.py:115}}
Mar 23 05:38:59.250877 np0000160291 neutron-periodic-workers[104127]: DEBUG dbcounter [-] [104127] Writing DB stats neutron:SELECT=3 {{(pid=104127) stat_writer /opt/stack/data/venv/lib/python3.12/site-packages/dbcounter.py:115}}
Mar 23 05:39:16.268794 np0000160291 neutron-periodic-workers[104131]: DEBUG neutron.db.agents_db [None req-c9822323-4acd-4144-9e15-10b17426872d None None] Agent healthcheck: found 0 active agents {{(pid=104131) agent_health_check /opt/stack/neutron/neutron/db/agents_db.py:317}}
Mar 23 05:39:16.269369 np0000160291 neutron-periodic-workers[104131]: DEBUG oslo.service.backend._threading.loopingcall [None req-c9822323-4acd-4144-9e15-10b17426872d None None] Fixed interval looping call 'neutron.plugins.ml2.plugin.AgentDbMixin.agent_health_check' sleeping for 36.99 seconds {{(pid=104131) _run_loop /opt/stack/data/venv/lib/python3.12/site-packages/oslo_service/backend/_threading/loopingcall.py:125}}
Mar 23 05:39:26.252425 np0000160291 neutron-periodic-workers[104127]: DEBUG oslo.service.backend._threading.loopingcall [None req-26b984d5-87f3-4e84-82ed-ac0fb806651b None None] Fixed interval looping call 'neutron.plugins.ml2.plugin.DhcpAgentSchedulerDbMixin.remove_networks_from_down_agents' sleeping for 36.99 seconds {{(pid=104127) _run_loop /opt/stack/data/venv/lib/python3.12/site-packages/oslo_service/backend/_threading/loopingcall.py:125}}
Mar 23 05:39:26.266960 np0000160291 neutron-periodic-workers[104131]: DEBUG dbcounter [-] [104131] Writing DB stats neutron:SELECT=1 {{(pid=104131) stat_writer /opt/stack/data/venv/lib/python3.12/site-packages/dbcounter.py:115}}
Mar 23 05:39:36.251384 np0000160291 neutron-periodic-workers[104127]: DEBUG dbcounter [-] [104127] Writing DB stats neutron:SELECT=3 {{(pid=104127) stat_writer /opt/stack/data/venv/lib/python3.12/site-packages/dbcounter.py:115}}
Mar 23 05:39:53.264882 np0000160291 neutron-periodic-workers[104131]: DEBUG neutron.db.agents_db [None req-c9822323-4acd-4144-9e15-10b17426872d None None] Agent healthcheck: found 0 active agents {{(pid=104131) agent_health_check /opt/stack/neutron/neutron/db/agents_db.py:317}}
Mar 23 05:39:53.265388 np0000160291 neutron-periodic-workers[104131]: DEBUG oslo.service.backend._threading.loopingcall [None req-c9822323-4acd-4144-9e15-10b17426872d None None] Fixed interval looping call 'neutron.plugins.ml2.plugin.AgentDbMixin.agent_health_check' sleeping for 36.99 seconds {{(pid=104131) _run_loop /opt/stack/data/venv/lib/python3.12/site-packages/oslo_service/backend/_threading/loopingcall.py:125}}
Mar 23 05:40:03.252801 np0000160291 neutron-periodic-workers[104127]: DEBUG oslo.service.backend._threading.loopingcall [None req-26b984d5-87f3-4e84-82ed-ac0fb806651b None None] Fixed interval looping call 'neutron.plugins.ml2.plugin.DhcpAgentSchedulerDbMixin.remove_networks_from_down_agents' sleeping for 36.99 seconds {{(pid=104127) _run_loop /opt/stack/data/venv/lib/python3.12/site-packages/oslo_service/backend/_threading/loopingcall.py:125}}
Mar 23 05:40:03.263259 np0000160291 neutron-periodic-workers[104131]: DEBUG dbcounter [-] [104131] Writing DB stats neutron:SELECT=1 {{(pid=104131) stat_writer /opt/stack/data/venv/lib/python3.12/site-packages/dbcounter.py:115}}
Mar 23 05:40:12.267127 np0000160291 neutron-periodic-workers[104121]: DEBUG dbcounter [-] [104121] Writer thread running {{(pid=104121) stat_writer /opt/stack/data/venv/lib/python3.12/site-packages/dbcounter.py:102}}
Mar 23 05:40:12.279321 np0000160291 neutron-periodic-workers[104121]: DEBUG oslo.service.backend._threading.loopingcall [None req-b1dced45-2be7-4550-a7eb-4c5623e17216 None None] Fixed interval looping call 'neutron.services.ovn_l3.plugin.L3_NAT_dbonly_mixin._clean_garbage' sleeping for 299.95 seconds {{(pid=104121) _run_loop /opt/stack/data/venv/lib/python3.12/site-packages/oslo_service/backend/_threading/loopingcall.py:125}}
Mar 23 05:40:13.251788 np0000160291 neutron-periodic-workers[104127]: DEBUG dbcounter [-] [104127] Writing DB stats neutron:SELECT=3 {{(pid=104127) stat_writer /opt/stack/data/venv/lib/python3.12/site-packages/dbcounter.py:115}}
Mar 23 05:40:22.267770 np0000160291 neutron-periodic-workers[104121]: DEBUG dbcounter [-] [104121] Writing DB stats neutron:SELECT=1 {{(pid=104121) stat_writer /opt/stack/data/venv/lib/python3.12/site-packages/dbcounter.py:115}}
Mar 23 05:40:28.282766 np0000160291 neutron-periodic-workers[104137]: DEBUG oslo.service.backend._threading.loopingcall [None req-53ad80b9-5720-4378-af5e-c71ea57d9dd5 None None] Fixed interval looping call 'neutron.db.quota.driver_nolock.DbQuotaNoLockDriver._remove_expired_reservations' sleeping for 119.99 seconds {{(pid=104137) _run_loop /opt/stack/data/venv/lib/python3.12/site-packages/oslo_service/backend/_threading/loopingcall.py:125}}
Mar 23 05:40:30.258793 np0000160291 neutron-periodic-workers[104131]: DEBUG neutron.db.agents_db [None req-c9822323-4acd-4144-9e15-10b17426872d None None] Agent healthcheck: found 0 active agents {{(pid=104131) agent_health_check /opt/stack/neutron/neutron/db/agents_db.py:317}}
Mar 23 05:40:30.259329 np0000160291 neutron-periodic-workers[104131]: DEBUG oslo.service.backend._threading.loopingcall [None req-c9822323-4acd-4144-9e15-10b17426872d None None] Fixed interval looping call 'neutron.plugins.ml2.plugin.AgentDbMixin.agent_health_check' sleeping for 37.00 seconds {{(pid=104131) _run_loop /opt/stack/data/venv/lib/python3.12/site-packages/oslo_service/backend/_threading/loopingcall.py:125}}
Mar 23 05:40:38.281011 np0000160291 neutron-periodic-workers[104137]: DEBUG dbcounter [-] [104137] Writing DB stats neutron:DELETE=1 {{(pid=104137) stat_writer /opt/stack/data/venv/lib/python3.12/site-packages/dbcounter.py:115}}
Mar 23 05:40:40.253605 np0000160291 neutron-periodic-workers[104127]: DEBUG oslo.service.backend._threading.loopingcall [None req-26b984d5-87f3-4e84-82ed-ac0fb806651b None None] Fixed interval looping call 'neutron.plugins.ml2.plugin.DhcpAgentSchedulerDbMixin.remove_networks_from_down_agents' sleeping for 36.99 seconds {{(pid=104127) _run_loop /opt/stack/data/venv/lib/python3.12/site-packages/oslo_service/backend/_threading/loopingcall.py:125}}
Mar 23 05:40:40.258019 np0000160291 neutron-periodic-workers[104131]: DEBUG dbcounter [-] [104131] Writing DB stats neutron:SELECT=1 {{(pid=104131) stat_writer /opt/stack/data/venv/lib/python3.12/site-packages/dbcounter.py:115}}
Mar 23 05:40:50.253178 np0000160291 neutron-periodic-workers[104127]: DEBUG dbcounter [-] [104127] Writing DB stats neutron:SELECT=3 {{(pid=104127) stat_writer /opt/stack/data/venv/lib/python3.12/site-packages/dbcounter.py:115}}
Mar 23 05:41:07.264807 np0000160291 neutron-periodic-workers[104131]: DEBUG neutron.db.agents_db [None req-c9822323-4acd-4144-9e15-10b17426872d None None] Agent healthcheck: found 0 active agents {{(pid=104131) agent_health_check /opt/stack/neutron/neutron/db/agents_db.py:317}}
Mar 23 05:41:07.265538 np0000160291 neutron-periodic-workers[104131]: DEBUG oslo.service.backend._threading.loopingcall [None req-c9822323-4acd-4144-9e15-10b17426872d None None] Fixed interval looping call 'neutron.plugins.ml2.plugin.AgentDbMixin.agent_health_check' sleeping for 36.99 seconds {{(pid=104131) _run_loop /opt/stack/data/venv/lib/python3.12/site-packages/oslo_service/backend/_threading/loopingcall.py:125}}
Mar 23 05:41:17.256417 np0000160291 neutron-periodic-workers[104127]: DEBUG oslo.service.backend._threading.loopingcall [None req-26b984d5-87f3-4e84-82ed-ac0fb806651b None None] Fixed interval looping call 'neutron.plugins.ml2.plugin.DhcpAgentSchedulerDbMixin.remove_networks_from_down_agents' sleeping for 36.99 seconds {{(pid=104127) _run_loop /opt/stack/data/venv/lib/python3.12/site-packages/oslo_service/backend/_threading/loopingcall.py:125}}
Mar 23 05:41:17.264005 np0000160291 neutron-periodic-workers[104131]: DEBUG dbcounter [-] [104131] Writing DB stats neutron:SELECT=1 {{(pid=104131) stat_writer /opt/stack/data/venv/lib/python3.12/site-packages/dbcounter.py:115}}
Mar 23 05:41:27.255727 np0000160291 neutron-periodic-workers[104127]: DEBUG dbcounter [-] [104127] Writing DB stats neutron:SELECT=3 {{(pid=104127) stat_writer /opt/stack/data/venv/lib/python3.12/site-packages/dbcounter.py:115}}
Mar 23 05:42:16.178928 np0000160291 neutron-periodic-workers[104131]: DEBUG neutron.db.agents_db [None req-c9822323-4acd-4144-9e15-10b17426872d None None] Agent healthcheck: found 0 active agents {{(pid=104131) agent_health_check /opt/stack/neutron/neutron/db/agents_db.py:317}}
Mar 23 05:42:16.178928 np0000160291 neutron-periodic-workers[104131]: DEBUG oslo.service.backend._threading.loopingcall [None req-c9822323-4acd-4144-9e15-10b17426872d None None] Fixed interval looping call 'neutron.plugins.ml2.plugin.AgentDbMixin.agent_health_check' sleeping for 36.99 seconds {{(pid=104131) _run_loop /opt/stack/data/venv/lib/python3.12/site-packages/oslo_service/backend/_threading/loopingcall.py:125}}
Mar 23 05:42:16.184454 np0000160291 neutron-periodic-workers[104127]: DEBUG oslo.service.backend._threading.loopingcall [None req-26b984d5-87f3-4e84-82ed-ac0fb806651b None None] Fixed interval looping call 'neutron.plugins.ml2.plugin.DhcpAgentSchedulerDbMixin.remove_networks_from_down_agents' sleeping for 36.99 seconds {{(pid=104127) _run_loop /opt/stack/data/venv/lib/python3.12/site-packages/oslo_service/backend/_threading/loopingcall.py:125}}
Mar 23 05:42:16.187522 np0000160291 neutron-periodic-workers[104131]: DEBUG dbcounter [-] [104131] Writing DB stats neutron:SELECT=1 {{(pid=104131) stat_writer /opt/stack/data/venv/lib/python3.12/site-packages/dbcounter.py:115}}
Mar 23 05:42:24.085166 np0000160291 neutron-periodic-workers[104131]: DEBUG neutron.db.agents_db [None req-c9822323-4acd-4144-9e15-10b17426872d None None] Agent healthcheck: found 0 active agents {{(pid=104131) agent_health_check /opt/stack/neutron/neutron/db/agents_db.py:317}}
Mar 23 05:42:24.085166 np0000160291 neutron-periodic-workers[104131]: DEBUG oslo.service.backend._threading.loopingcall [None req-c9822323-4acd-4144-9e15-10b17426872d None None] Fixed interval looping call 'neutron.plugins.ml2.plugin.AgentDbMixin.agent_health_check' sleeping for 34.17 seconds {{(pid=104131) _run_loop /opt/stack/data/venv/lib/python3.12/site-packages/oslo_service/backend/_threading/loopingcall.py:125}}
Mar 23 05:42:28.557838 np0000160291 neutron-periodic-workers[104137]: DEBUG oslo.service.backend._threading.loopingcall [None req-53ad80b9-5720-4378-af5e-c71ea57d9dd5 None None] Fixed interval looping call 'neutron.db.quota.driver_nolock.DbQuotaNoLockDriver._remove_expired_reservations' sleeping for 120.00 seconds {{(pid=104137) _run_loop /opt/stack/data/venv/lib/python3.12/site-packages/oslo_service/backend/_threading/loopingcall.py:125}}
Mar 23 05:42:31.268477 np0000160291 neutron-periodic-workers[104127]: DEBUG oslo.service.backend._threading.loopingcall [None req-26b984d5-87f3-4e84-82ed-ac0fb806651b None None] Fixed interval looping call 'neutron.plugins.ml2.plugin.DhcpAgentSchedulerDbMixin.remove_networks_from_down_agents' sleeping for 36.98 seconds {{(pid=104127) _run_loop /opt/stack/data/venv/lib/python3.12/site-packages/oslo_service/backend/_threading/loopingcall.py:125}}
Mar 23 05:42:38.276433 np0000160291 neutron-periodic-workers[104137]: DEBUG dbcounter [-] [104137] Writing DB stats neutron:DELETE=1 {{(pid=104137) stat_writer /opt/stack/data/venv/lib/python3.12/site-packages/dbcounter.py:115}}
Mar 23 05:42:58.258875 np0000160291 neutron-periodic-workers[104131]: DEBUG neutron.db.agents_db [None req-c9822323-4acd-4144-9e15-10b17426872d None None] Agent healthcheck: found 0 active agents {{(pid=104131) agent_health_check /opt/stack/neutron/neutron/db/agents_db.py:317}}
Mar 23 05:42:58.258875 np0000160291 neutron-periodic-workers[104131]: DEBUG oslo.service.backend._threading.loopingcall [None req-c9822323-4acd-4144-9e15-10b17426872d None None] Fixed interval looping call 'neutron.plugins.ml2.plugin.AgentDbMixin.agent_health_check' sleeping for 37.00 seconds {{(pid=104131) _run_loop /opt/stack/data/venv/lib/python3.12/site-packages/oslo_service/backend/_threading/loopingcall.py:125}}
Mar 23 05:43:06.578370 np0000160291 neutron-periodic-workers[104127]: DEBUG dbcounter [-] [104127] Writing DB stats neutron:SELECT=6 {{(pid=104127) stat_writer /opt/stack/data/venv/lib/python3.12/site-packages/dbcounter.py:115}}
Mar 23 05:43:08.257523 np0000160291 neutron-periodic-workers[104127]: DEBUG oslo.service.backend._threading.loopingcall [None req-26b984d5-87f3-4e84-82ed-ac0fb806651b None None] Fixed interval looping call 'neutron.plugins.ml2.plugin.DhcpAgentSchedulerDbMixin.remove_networks_from_down_agents' sleeping for 36.99 seconds {{(pid=104127) _run_loop /opt/stack/data/venv/lib/python3.12/site-packages/oslo_service/backend/_threading/loopingcall.py:125}}
Mar 23 05:43:08.258175 np0000160291 neutron-periodic-workers[104131]: DEBUG dbcounter [-] [104131] Writing DB stats neutron:SELECT=2 {{(pid=104131) stat_writer /opt/stack/data/venv/lib/python3.12/site-packages/dbcounter.py:115}}
Mar 23 05:43:18.256091 np0000160291 neutron-periodic-workers[104127]: DEBUG dbcounter [-] [104127] Writing DB stats neutron:SELECT=3 {{(pid=104127) stat_writer /opt/stack/data/venv/lib/python3.12/site-packages/dbcounter.py:115}}
Mar 23 05:43:35.268387 np0000160291 neutron-periodic-workers[104131]: DEBUG neutron.db.agents_db [None req-c9822323-4acd-4144-9e15-10b17426872d None None] Agent healthcheck: found 0 active agents {{(pid=104131) agent_health_check /opt/stack/neutron/neutron/db/agents_db.py:317}}
Mar 23 05:43:35.268387 np0000160291 neutron-periodic-workers[104131]: DEBUG oslo.service.backend._threading.loopingcall [None req-c9822323-4acd-4144-9e15-10b17426872d None None] Fixed interval looping call 'neutron.plugins.ml2.plugin.AgentDbMixin.agent_health_check' sleeping for 36.99 seconds {{(pid=104131) _run_loop /opt/stack/data/venv/lib/python3.12/site-packages/oslo_service/backend/_threading/loopingcall.py:125}}
Mar 23 05:43:45.264262 np0000160291 neutron-periodic-workers[104127]: DEBUG oslo.service.backend._threading.loopingcall [None req-26b984d5-87f3-4e84-82ed-ac0fb806651b None None] Fixed interval looping call 'neutron.plugins.ml2.plugin.DhcpAgentSchedulerDbMixin.remove_networks_from_down_agents' sleeping for 36.99 seconds {{(pid=104127) _run_loop /opt/stack/data/venv/lib/python3.12/site-packages/oslo_service/backend/_threading/loopingcall.py:125}}
Mar 23 05:43:45.264767 np0000160291 neutron-periodic-workers[104131]: DEBUG dbcounter [-] [104131] Writing DB stats neutron:SELECT=1 {{(pid=104131) stat_writer /opt/stack/data/venv/lib/python3.12/site-packages/dbcounter.py:115}}
Mar 23 05:43:55.254664 np0000160291 neutron-periodic-workers[104127]: DEBUG dbcounter [-] [104127] Writing DB stats neutron:SELECT=3 {{(pid=104127) stat_writer /opt/stack/data/venv/lib/python3.12/site-packages/dbcounter.py:115}}
Mar 23 05:44:12.261645 np0000160291 neutron-periodic-workers[104131]: DEBUG neutron.db.agents_db [None req-c9822323-4acd-4144-9e15-10b17426872d None None] Agent healthcheck: found 0 active agents {{(pid=104131) agent_health_check /opt/stack/neutron/neutron/db/agents_db.py:317}}
Mar 23 05:44:12.261645 np0000160291 neutron-periodic-workers[104131]: DEBUG oslo.service.backend._threading.loopingcall [None req-c9822323-4acd-4144-9e15-10b17426872d None None] Fixed interval looping call 'neutron.plugins.ml2.plugin.AgentDbMixin.agent_health_check' sleeping for 36.99 seconds {{(pid=104131) _run_loop /opt/stack/data/venv/lib/python3.12/site-packages/oslo_service/backend/_threading/loopingcall.py:125}}
Mar 23 05:44:22.256769 np0000160291 neutron-periodic-workers[104127]: DEBUG oslo.service.backend._threading.loopingcall [None req-26b984d5-87f3-4e84-82ed-ac0fb806651b None None] Fixed interval looping call 'neutron.plugins.ml2.plugin.DhcpAgentSchedulerDbMixin.remove_networks_from_down_agents' sleeping for 36.99 seconds {{(pid=104127) _run_loop /opt/stack/data/venv/lib/python3.12/site-packages/oslo_service/backend/_threading/loopingcall.py:125}}
Mar 23 05:44:22.259486 np0000160291 neutron-periodic-workers[104131]: DEBUG dbcounter [-] [104131] Writing DB stats neutron:SELECT=1 {{(pid=104131) stat_writer /opt/stack/data/venv/lib/python3.12/site-packages/dbcounter.py:115}}
Mar 23 05:44:28.282254 np0000160291 neutron-periodic-workers[104137]: DEBUG oslo.service.backend._threading.loopingcall [None req-53ad80b9-5720-4378-af5e-c71ea57d9dd5 None None] Fixed interval looping call 'neutron.db.quota.driver_nolock.DbQuotaNoLockDriver._remove_expired_reservations' sleeping for 120.00 seconds {{(pid=104137) _run_loop /opt/stack/data/venv/lib/python3.12/site-packages/oslo_service/backend/_threading/loopingcall.py:125}}
Mar 23 05:44:32.256074 np0000160291 neutron-periodic-workers[104127]: DEBUG dbcounter [-] [104127] Writing DB stats neutron:SELECT=3 {{(pid=104127) stat_writer /opt/stack/data/venv/lib/python3.12/site-packages/dbcounter.py:115}}
Mar 23 05:44:38.281380 np0000160291 neutron-periodic-workers[104137]: DEBUG dbcounter [-] [104137] Writing DB stats neutron:DELETE=1 {{(pid=104137) stat_writer /opt/stack/data/venv/lib/python3.12/site-packages/dbcounter.py:115}}
Mar 23 05:44:49.255942 np0000160291 neutron-periodic-workers[104131]: DEBUG neutron.db.agents_db [None req-c9822323-4acd-4144-9e15-10b17426872d None None] Agent healthcheck: found 0 active agents {{(pid=104131) agent_health_check /opt/stack/neutron/neutron/db/agents_db.py:317}}
Mar 23 05:44:49.255942 np0000160291 neutron-periodic-workers[104131]: DEBUG oslo.service.backend._threading.loopingcall [None req-c9822323-4acd-4144-9e15-10b17426872d None None] Fixed interval looping call 'neutron.plugins.ml2.plugin.AgentDbMixin.agent_health_check' sleeping for 37.00 seconds {{(pid=104131) _run_loop /opt/stack/data/venv/lib/python3.12/site-packages/oslo_service/backend/_threading/loopingcall.py:125}}
Mar 23 05:44:59.254866 np0000160291 neutron-periodic-workers[104131]: DEBUG dbcounter [-] [104131] Writing DB stats neutron:SELECT=1 {{(pid=104131) stat_writer /opt/stack/data/venv/lib/python3.12/site-packages/dbcounter.py:115}}
Mar 23 05:44:59.257876 np0000160291 neutron-periodic-workers[104127]: DEBUG oslo.service.backend._threading.loopingcall [None req-26b984d5-87f3-4e84-82ed-ac0fb806651b None None] Fixed interval looping call 'neutron.plugins.ml2.plugin.DhcpAgentSchedulerDbMixin.remove_networks_from_down_agents' sleeping for 36.99 seconds {{(pid=104127) _run_loop /opt/stack/data/venv/lib/python3.12/site-packages/oslo_service/backend/_threading/loopingcall.py:125}}
Mar 23 05:45:09.256901 np0000160291 neutron-periodic-workers[104127]: DEBUG dbcounter [-] [104127] Writing DB stats neutron:SELECT=3 {{(pid=104127) stat_writer /opt/stack/data/venv/lib/python3.12/site-packages/dbcounter.py:115}}
Mar 23 05:45:12.238868 np0000160291 neutron-periodic-workers[104121]: DEBUG oslo.service.backend._threading.loopingcall [None req-b1dced45-2be7-4550-a7eb-4c5623e17216 None None] Fixed interval looping call 'neutron.services.ovn_l3.plugin.L3_NAT_dbonly_mixin._clean_garbage' sleeping for 299.99 seconds {{(pid=104121) _run_loop /opt/stack/data/venv/lib/python3.12/site-packages/oslo_service/backend/_threading/loopingcall.py:125}}
Mar 23 05:45:22.232694 np0000160291 neutron-periodic-workers[104121]: DEBUG dbcounter [-] [104121] Writing DB stats neutron:SELECT=1 {{(pid=104121) stat_writer /opt/stack/data/venv/lib/python3.12/site-packages/dbcounter.py:115}}
Mar 23 05:45:26.260998 np0000160291 neutron-periodic-workers[104131]: DEBUG neutron.db.agents_db [None req-c9822323-4acd-4144-9e15-10b17426872d None None] Agent healthcheck: found 0 active agents {{(pid=104131) agent_health_check /opt/stack/neutron/neutron/db/agents_db.py:317}}
Mar 23 05:45:26.261738 np0000160291 neutron-periodic-workers[104131]: DEBUG oslo.service.backend._threading.loopingcall [None req-c9822323-4acd-4144-9e15-10b17426872d None None] Fixed interval looping call 'neutron.plugins.ml2.plugin.AgentDbMixin.agent_health_check' sleeping for 37.00 seconds {{(pid=104131) _run_loop /opt/stack/data/venv/lib/python3.12/site-packages/oslo_service/backend/_threading/loopingcall.py:125}}
Mar 23 05:45:36.257836 np0000160291 neutron-periodic-workers[104127]: DEBUG oslo.service.backend._threading.loopingcall [None req-26b984d5-87f3-4e84-82ed-ac0fb806651b None None] Fixed interval looping call 'neutron.plugins.ml2.plugin.DhcpAgentSchedulerDbMixin.remove_networks_from_down_agents' sleeping for 36.99 seconds {{(pid=104127) _run_loop /opt/stack/data/venv/lib/python3.12/site-packages/oslo_service/backend/_threading/loopingcall.py:125}}
Mar 23 05:45:36.259493 np0000160291 neutron-periodic-workers[104131]: DEBUG dbcounter [-] [104131] Writing DB stats neutron:SELECT=1 {{(pid=104131) stat_writer /opt/stack/data/venv/lib/python3.12/site-packages/dbcounter.py:115}}
Mar 23 05:45:46.256474 np0000160291 neutron-periodic-workers[104127]: DEBUG dbcounter [-] [104127] Writing DB stats neutron:SELECT=3 {{(pid=104127) stat_writer /opt/stack/data/venv/lib/python3.12/site-packages/dbcounter.py:115}}
Mar 23 05:46:03.267572 np0000160291 neutron-periodic-workers[104131]: DEBUG neutron.db.agents_db [None req-c9822323-4acd-4144-9e15-10b17426872d None None] Agent healthcheck: found 0 active agents {{(pid=104131) agent_health_check /opt/stack/neutron/neutron/db/agents_db.py:317}}
Mar 23 05:46:03.268298 np0000160291 neutron-periodic-workers[104131]: DEBUG oslo.service.backend._threading.loopingcall [None req-c9822323-4acd-4144-9e15-10b17426872d None None] Fixed interval looping call 'neutron.plugins.ml2.plugin.AgentDbMixin.agent_health_check' sleeping for 36.99 seconds {{(pid=104131) _run_loop /opt/stack/data/venv/lib/python3.12/site-packages/oslo_service/backend/_threading/loopingcall.py:125}}
Mar 23 05:46:13.252953 np0000160291 neutron-periodic-workers[104127]: DEBUG oslo.service.backend._threading.loopingcall [None req-26b984d5-87f3-4e84-82ed-ac0fb806651b None None] Fixed interval looping call 'neutron.plugins.ml2.plugin.DhcpAgentSchedulerDbMixin.remove_networks_from_down_agents' sleeping for 37.00 seconds {{(pid=104127) _run_loop /opt/stack/data/venv/lib/python3.12/site-packages/oslo_service/backend/_threading/loopingcall.py:125}}
Mar 23 05:46:13.265879 np0000160291 neutron-periodic-workers[104131]: DEBUG dbcounter [-] [104131] Writing DB stats neutron:SELECT=1 {{(pid=104131) stat_writer /opt/stack/data/venv/lib/python3.12/site-packages/dbcounter.py:115}}
Mar 23 05:46:23.252431 np0000160291 neutron-periodic-workers[104127]: DEBUG dbcounter [-] [104127] Writing DB stats neutron:SELECT=3 {{(pid=104127) stat_writer /opt/stack/data/venv/lib/python3.12/site-packages/dbcounter.py:115}}
