2026-05-19 05:13:14.101 7 INFO neutron_taas.services.taas.tap_mirror_plugin [None req-770a5a93-acf7-4d92-9679-0e9babacc36a - - - - - -] Tap Mirror: Handle Delete Port: 1a724a88-3049-435f-a3c2-23feacd97685
2026-05-19 05:13:15.014 7 INFO neutron_taas.services.taas.taas_plugin [None req-32ed22c5-8aa4-4691-b886-c9e4f658e743 - - - - - -] TaaS: Handle Delete Port: d9381a30-c1d3-43d9-91b0-c880e2e4219b
2026-05-19 05:13:15.017 7 INFO neutron_taas.services.taas.tap_mirror_plugin [None req-32ed22c5-8aa4-4691-b886-c9e4f658e743 - - - - - -] Tap Mirror: Handle Delete Port: d9381a30-c1d3-43d9-91b0-c880e2e4219b
2026-05-19 05:13:15.851 7 INFO neutron_taas.services.taas.taas_plugin [None req-32ed22c5-8aa4-4691-b886-c9e4f658e743 - - - - - -] TaaS: Handle Delete Port: 41b91a13-376c-4e4c-9202-21b9a8c274f2
2026-05-19 05:13:15.854 7 INFO neutron_taas.services.taas.tap_mirror_plugin [None req-32ed22c5-8aa4-4691-b886-c9e4f658e743 - - - - - -] Tap Mirror: Handle Delete Port: 41b91a13-376c-4e4c-9202-21b9a8c274f2
2026-05-19 05:13:16.047 7 INFO neutron.services.segments.plugin [-] Segment 4290f056-570a-42f7-b0f4-09108ac36f08 resource provider aggregate not found
2026-05-19 05:13:16.048 7 INFO neutron.services.segments.plugin [-] Segment 4290f056-570a-42f7-b0f4-09108ac36f08 resource provider aggregate not found
2026-05-19 05:13:16.072 7 INFO neutron.services.segments.plugin [-] Segment 4290f056-570a-42f7-b0f4-09108ac36f08 resource provider not found; error: Placement Client Error (4xx): {"errors": [{"status": 404, "title": "Not Found", "detail": "The resource could not be found.\n\n No resource provider with uuid 4290f056-570a-42f7-b0f4-09108ac36f08 found for delete ", "request_id": "req-6caa8e37-5d65-470c-9e06-a1ef384d5410"}]}
2026-05-19 05:13:16.074 7 INFO neutron.services.segments.plugin [-] Segment 4290f056-570a-42f7-b0f4-09108ac36f08 resource provider not found; error: Placement Client Error (4xx): {"errors": [{"status": 404, "title": "Not Found", "detail": "The resource could not be found.\n\n No resource provider with uuid 4290f056-570a-42f7-b0f4-09108ac36f08 found for delete ", "request_id": "req-a2fb3bfd-c5e4-4e40-852b-23c1b9c9ed40"}]} [pid: 7|app: 0|req: 1434/2871] 10.0.0.81 () {32 vars in 739 bytes} [Tue May 19 05:13:13 2026] DELETE /v2.0/vpn/vpnservices/61123851-fbbf-4a29-b899-d1247b98d1ed => generated 0 bytes in 2542 msecs (HTTP/1.1 204) 2 headers in 112 bytes (1 switches on core 0) [pid: 8|app: 0|req: 1438/2872] 10.0.0.81 () {32 vars in 720 bytes} [Tue May 19 05:13:16 2026] GET /v2.0/routers/4018d95d-0be9-4fdc-afef-dd3afa9262ba => generated 942 bytes in 68 msecs (HTTP/1.1 200) 4 headers in 157 bytes (1 switches on core 0) /var/lib/openstack/lib/python3.12/site-packages/pycadf/identifier.py:70: UserWarning: Invalid uuid: neutron. To ensure interoperability, identifiers should be a valid uuid. warnings.warn(('Invalid uuid: %s. To ensure interoperability, '
2026-05-19 05:13:16.732 7 WARNING neutron.plugins.ml2.drivers.ovn.mech_driver.ovsdb.ovn_client [None req-b6d57607-bd37-47f4-b38b-c09868fc3f68 - - - - - -] No port found with ID 4838c57e-7359-40eb-885f-112ef42fa579: RuntimeError: No port found with ID 4838c57e-7359-40eb-885f-112ef42fa579
2026-05-19 05:13:16.805 7 INFO neutron.db.ovn_revision_numbers_db [None req-21cccaf9-079d-4928-a4cf-4dd791b45cd8 1850216368ca4a8d92e32bc623ccdfc3 9e6e4e7ebf394b0f896bbe5fc2fddecf - - default default] Successfully bumped revision number for resource 4018d95d-0be9-4fdc-afef-dd3afa9262ba (type: routers) to 11 [pid: 7|app: 0|req: 1435/2873] 10.0.0.81 () {34 vars in 741 bytes} [Tue May 19 05:13:16 2026] PUT /v2.0/routers/4018d95d-0be9-4fdc-afef-dd3afa9262ba => generated 942 bytes in 620 msecs (HTTP/1.1 200) 4 headers in 157 bytes (1 switches on core 0) [pid: 8|app: 0|req: 1439/2874] 10.0.0.81 () {32 vars in 735 bytes} [Tue May 19 05:13:16 2026] GET /v2.0/ports?device_id=4018d95d-0be9-4fdc-afef-dd3afa9262ba => generated 946 bytes in 80 msecs (HTTP/1.1 200) 4 headers in 157 bytes (1 switches on core 0)
2026-05-19 05:13:17.179 7 INFO neutron_taas.services.taas.taas_plugin [None req-ed1c6a40-d9e8-41dd-a445-df533facb952 1850216368ca4a8d92e32bc623ccdfc3 9e6e4e7ebf394b0f896bbe5fc2fddecf - - default default] TaaS: Handle Delete Port: 11f76fea-4383-43b2-8005-b195fb977dfa
2026-05-19 05:13:17.183 7 INFO neutron_taas.services.taas.tap_mirror_plugin [None req-ed1c6a40-d9e8-41dd-a445-df533facb952 1850216368ca4a8d92e32bc623ccdfc3 9e6e4e7ebf394b0f896bbe5fc2fddecf - - default default] Tap Mirror: Handle Delete Port: 11f76fea-4383-43b2-8005-b195fb977dfa [pid: 7|app: 0|req: 1436/2875] 10.0.0.81 () {34 vars in 788 bytes} [Tue May 19 05:13:16 2026] PUT /v2.0/routers/4018d95d-0be9-4fdc-afef-dd3afa9262ba/remove_router_interface => generated 309 bytes in 806 msecs (HTTP/1.1 200) 4 headers in 157 bytes (1 switches on core 0)
2026-05-19 05:13:18.017 8 INFO neutron_taas.services.taas.taas_plugin [None req-9acb02b9-9c55-418c-9020-33133e674b2f 1850216368ca4a8d92e32bc623ccdfc3 9e6e4e7ebf394b0f896bbe5fc2fddecf - - default default] TaaS: Handle Delete Port: 8569bb8f-30dd-4080-85c9-397ee0eddd9a
2026-05-19 05:13:18.021 8 INFO neutron_taas.services.taas.tap_mirror_plugin [None req-9acb02b9-9c55-418c-9020-33133e674b2f 1850216368ca4a8d92e32bc623ccdfc3 9e6e4e7ebf394b0f896bbe5fc2fddecf - - default default] Tap Mirror: Handle Delete Port: 8569bb8f-30dd-4080-85c9-397ee0eddd9a [pid: 8|app: 0|req: 1440/2878] 10.0.0.81 () {32 vars in 723 bytes} [Tue May 19 05:13:17 2026] DELETE /v2.0/routers/4018d95d-0be9-4fdc-afef-dd3afa9262ba => generated 0 bytes in 661 msecs (HTTP/1.1 204) 2 headers in 112 bytes (1 switches on core 0) /var/lib/openstack/lib/python3.12/site-packages/pycadf/identifier.py:70: UserWarning: Invalid uuid: neutron. To ensure interoperability, identifiers should be a valid uuid. warnings.warn(('Invalid uuid: %s. To ensure interoperability, ' [pid: 7|app: 0|req: 1439/2879] 10.0.0.81 () {32 vars in 720 bytes} [Tue May 19 05:13:18 2026] GET /v2.0/routers/232897e2-6ffb-446c-97e4-d90576382ce1 => generated 942 bytes in 81 msecs (HTTP/1.1 200) 4 headers in 157 bytes (1 switches on core 0)
2026-05-19 05:13:19.145 8 INFO neutron.db.ovn_revision_numbers_db [None req-f13285da-5060-4fe2-bf27-75971e633f9d 1850216368ca4a8d92e32bc623ccdfc3 9e6e4e7ebf394b0f896bbe5fc2fddecf - - default default] Successfully bumped revision number for resource 232897e2-6ffb-446c-97e4-d90576382ce1 (type: routers) to 5 [pid: 8|app: 0|req: 1441/2880] 10.0.0.81 () {34 vars in 741 bytes} [Tue May 19 05:13:18 2026] PUT /v2.0/routers/232897e2-6ffb-446c-97e4-d90576382ce1 => generated 942 bytes in 689 msecs (HTTP/1.1 200) 4 headers in 157 bytes (1 switches on core 0) [pid: 7|app: 0|req: 1440/2881] 10.0.0.81 () {32 vars in 735 bytes} [Tue May 19 05:13:19 2026] GET /v2.0/ports?device_id=232897e2-6ffb-446c-97e4-d90576382ce1 => generated 950 bytes in 102 msecs (HTTP/1.1 200) 4 headers in 157 bytes (1 switches on core 0)
2026-05-19 05:13:19.639 8 INFO neutron_taas.services.taas.taas_plugin [None req-8269150e-cf30-43bd-9a92-a2ff42fae5a5 1850216368ca4a8d92e32bc623ccdfc3 9e6e4e7ebf394b0f896bbe5fc2fddecf - - default default] TaaS: Handle Delete Port: d072b48e-edfe-4ef9-b220-e3e74f26ac87
2026-05-19 05:13:19.642 8 INFO neutron_taas.services.taas.tap_mirror_plugin [None req-8269150e-cf30-43bd-9a92-a2ff42fae5a5 1850216368ca4a8d92e32bc623ccdfc3 9e6e4e7ebf394b0f896bbe5fc2fddecf - - default default] Tap Mirror: Handle Delete Port: d072b48e-edfe-4ef9-b220-e3e74f26ac87 [pid: 8|app: 0|req: 1442/2882] 10.0.0.81 () {34 vars in 788 bytes} [Tue May 19 05:13:19 2026] PUT /v2.0/routers/232897e2-6ffb-446c-97e4-d90576382ce1/remove_router_interface => generated 309 bytes in 880 msecs (HTTP/1.1 200) 4 headers in 157 bytes (1 switches on core 0)
2026-05-19 05:13:20.471 7 INFO neutron_taas.services.taas.taas_plugin [None req-c1823cd9-2162-4fba-84e7-8d240f349d48 1850216368ca4a8d92e32bc623ccdfc3 9e6e4e7ebf394b0f896bbe5fc2fddecf - - default default] TaaS: Handle Delete Port: 6c81c2f3-d89f-465d-83f7-a12c295df863
2026-05-19 05:13:20.477 7 INFO neutron_taas.services.taas.tap_mirror_plugin [None req-c1823cd9-2162-4fba-84e7-8d240f349d48 1850216368ca4a8d92e32bc623ccdfc3 9e6e4e7ebf394b0f896bbe5fc2fddecf - - default default] Tap Mirror: Handle Delete Port: 6c81c2f3-d89f-465d-83f7-a12c295df863 [pid: 7|app: 0|req: 1441/2883] 10.0.0.81 () {32 vars in 723 bytes} [Tue May 19 05:13:20 2026] DELETE /v2.0/routers/232897e2-6ffb-446c-97e4-d90576382ce1 => generated 0 bytes in 690 msecs (HTTP/1.1 204) 2 headers in 112 bytes (1 switches on core 0) /var/lib/openstack/lib/python3.12/site-packages/pycadf/identifier.py:70: UserWarning: Invalid uuid: neutron. To ensure interoperability, identifiers should be a valid uuid. warnings.warn(('Invalid uuid: %s. To ensure interoperability, ' [pid: 8|app: 0|req: 1443/2884] 10.0.0.81 () {32 vars in 720 bytes} [Tue May 19 05:13:20 2026] GET /v2.0/routers/7f1ecd0d-0c9c-41e0-9f90-33e74d698a0e => generated 941 bytes in 71 msecs (HTTP/1.1 200) 4 headers in 157 bytes (1 switches on core 0)
2026-05-19 05:13:21.532 7 INFO neutron.db.ovn_revision_numbers_db [None req-d1396369-ed5d-4f35-989b-dd770aab3ccb 1850216368ca4a8d92e32bc623ccdfc3 9e6e4e7ebf394b0f896bbe5fc2fddecf - - default default] Successfully bumped revision number for resource 7f1ecd0d-0c9c-41e0-9f90-33e74d698a0e (type: routers) to 5 [pid: 7|app: 0|req: 1442/2885] 10.0.0.81 () {34 vars in 741 bytes} [Tue May 19 05:13:20 2026] PUT /v2.0/routers/7f1ecd0d-0c9c-41e0-9f90-33e74d698a0e => generated 941 bytes in 617 msecs (HTTP/1.1 200) 4 headers in 157 bytes (1 switches on core 0) [pid: 8|app: 0|req: 1444/2886] 10.0.0.81 () {32 vars in 735 bytes} [Tue May 19 05:13:21 2026] GET /v2.0/ports?device_id=7f1ecd0d-0c9c-41e0-9f90-33e74d698a0e => generated 950 bytes in 80 msecs (HTTP/1.1 200) 4 headers in 157 bytes (1 switches on core 0)
2026-05-19 05:13:21.900 7 INFO neutron_taas.services.taas.taas_plugin [None req-0c566a76-4f50-4c6f-94bb-af488c2bceb7 1850216368ca4a8d92e32bc623ccdfc3 9e6e4e7ebf394b0f896bbe5fc2fddecf - - default default] TaaS: Handle Delete Port: 007b515f-524e-4c63-92be-1dc9f74984ee
2026-05-19 05:13:21.903 7 INFO neutron_taas.services.taas.tap_mirror_plugin [None req-0c566a76-4f50-4c6f-94bb-af488c2bceb7 1850216368ca4a8d92e32bc623ccdfc3 9e6e4e7ebf394b0f896bbe5fc2fddecf - - default default] Tap Mirror: Handle Delete Port: 007b515f-524e-4c63-92be-1dc9f74984ee [pid: 7|app: 0|req: 1443/2887] 10.0.0.81 () {34 vars in 788 bytes} [Tue May 19 05:13:21 2026] PUT /v2.0/routers/7f1ecd0d-0c9c-41e0-9f90-33e74d698a0e/remove_router_interface => generated 309 bytes in 740 msecs (HTTP/1.1 200) 4 headers in 157 bytes (1 switches on core 0)
2026-05-19 05:13:22.687 8 INFO neutron_taas.services.taas.taas_plugin [None req-760f27bc-2f8a-4f2f-96fb-663cad858e3b 1850216368ca4a8d92e32bc623ccdfc3 9e6e4e7ebf394b0f896bbe5fc2fddecf - - default default] TaaS: Handle Delete Port: 08620d95-32f2-45a3-a9ec-6d59f498dbb8
2026-05-19 05:13:22.691 8 INFO neutron_taas.services.taas.tap_mirror_plugin [None req-760f27bc-2f8a-4f2f-96fb-663cad858e3b 1850216368ca4a8d92e32bc623ccdfc3 9e6e4e7ebf394b0f896bbe5fc2fddecf - - default default] Tap Mirror: Handle Delete Port: 08620d95-32f2-45a3-a9ec-6d59f498dbb8 [pid: 8|app: 0|req: 1445/2888] 10.0.0.81 () {32 vars in 723 bytes} [Tue May 19 05:13:22 2026] DELETE /v2.0/routers/7f1ecd0d-0c9c-41e0-9f90-33e74d698a0e => generated 0 bytes in 699 msecs (HTTP/1.1 204) 2 headers in 112 bytes (1 switches on core 0) /var/lib/openstack/lib/python3.12/site-packages/pycadf/identifier.py:70: UserWarning: Invalid uuid: neutron. To ensure interoperability, identifiers should be a valid uuid. warnings.warn(('Invalid uuid: %s. To ensure interoperability, '
2026-05-19 05:13:23.106 7 INFO neutron.api.v2.resource [None req-dcbcdd2f-f646-4605-bfd5-b82af76209be 1850216368ca4a8d92e32bc623ccdfc3 9e6e4e7ebf394b0f896bbe5fc2fddecf - - default default] show failed (client error): The resource could not be found. [pid: 7|app: 0|req: 1444/2889] 10.0.0.81 () {32 vars in 720 bytes} [Tue May 19 05:13:23 2026] GET /v2.0/routers/e9a09596-84a5-4c26-93d1-0e493fd5587d => generated 135 bytes in 29 msecs (HTTP/1.1 404) 4 headers in 164 bytes (1 switches on core 0) [pid: 8|app: 0|req: 1446/2890] 10.0.0.81 () {32 vars in 723 bytes} [Tue May 19 05:13:23 2026] DELETE /v2.0/subnets/8e338f47-4a48-4efe-a8b7-9a36ce0034ea => generated 0 bytes in 167 msecs (HTTP/1.1 204) 3 headers in 131 bytes (1 switches on core 0) [pid: 7|app: 0|req: 1445/2891] 10.0.0.81 () {32 vars in 723 bytes} [Tue May 19 05:13:23 2026] DELETE /v2.0/subnets/fc6fd32c-46aa-4019-9430-b34903c60741 => generated 0 bytes in 192 msecs (HTTP/1.1 204) 3 headers in 131 bytes (1 switches on core 0) [pid: 8|app: 0|req: 1447/2892] 10.0.0.81 () {32 vars in 723 bytes} [Tue May 19 05:13:23 2026] DELETE /v2.0/subnets/b90a8046-2853-4b68-b4f3-52c357333e65 => generated 0 bytes in 177 msecs (HTTP/1.1 204) 3 headers in 131 bytes (1 switches on core 0)
2026-05-19 05:13:23.678 7 INFO neutron.pecan_wsgi.hooks.translation [None req-8143b67a-8d39-4508-8963-3a833e96c809 1850216368ca4a8d92e32bc623ccdfc3 9e6e4e7ebf394b0f896bbe5fc2fddecf - - default default] DELETE failed (client error): The resource could not be found. [pid: 7|app: 0|req: 1446/2893] 10.0.0.81 () {32 vars in 723 bytes} [Tue May 19 05:13:23 2026] DELETE /v2.0/subnets/8175481e-8d5e-435a-a296-c419c2cce3f3 => generated 136 bytes in 20 msecs (HTTP/1.1 404) 4 headers in 164 bytes (1 switches on core 0)
2026-05-19 05:13:23.789 8 INFO neutron_taas.services.taas.taas_plugin [None req-b1526818-02e8-4946-b541-b06602d57a25 1850216368ca4a8d92e32bc623ccdfc3 9e6e4e7ebf394b0f896bbe5fc2fddecf - - default default] TaaS: Handle Delete Port: 7b335f9b-4f0f-454e-a5e4-8a649373a191
2026-05-19 05:13:23.792 8 INFO neutron_taas.services.taas.tap_mirror_plugin [None req-b1526818-02e8-4946-b541-b06602d57a25 1850216368ca4a8d92e32bc623ccdfc3 9e6e4e7ebf394b0f896bbe5fc2fddecf - - default default] Tap Mirror: Handle Delete Port: 7b335f9b-4f0f-454e-a5e4-8a649373a191 [pid: 8|app: 0|req: 1448/2894] 10.0.0.81 () {32 vars in 725 bytes} [Tue May 19 05:13:23 2026] DELETE /v2.0/networks/94bcafc5-e7a9-45b0-85ee-7c86a2f99b57 => generated 0 bytes in 334 msecs (HTTP/1.1 204) 3 headers in 131 bytes (1 switches on core 0)
2026-05-19 05:13:24.133 8 INFO neutron.services.segments.plugin [-] Segment f0c6b752-2627-40ea-98f1-264d11c50d1d resource provider aggregate not found
2026-05-19 05:13:24.136 7 INFO neutron_taas.services.taas.taas_plugin [None req-defc2d56-da70-4677-85d6-9d3d4365db93 1850216368ca4a8d92e32bc623ccdfc3 9e6e4e7ebf394b0f896bbe5fc2fddecf - - default default] TaaS: Handle Delete Port: 53d0b83f-87f4-4462-923e-ffbe3fbbcb8d
2026-05-19 05:13:24.140 7 INFO neutron_taas.services.taas.tap_mirror_plugin [None req-defc2d56-da70-4677-85d6-9d3d4365db93 1850216368ca4a8d92e32bc623ccdfc3 9e6e4e7ebf394b0f896bbe5fc2fddecf - - default default] Tap Mirror: Handle Delete Port: 53d0b83f-87f4-4462-923e-ffbe3fbbcb8d
2026-05-19 05:13:24.147 8 INFO neutron.services.segments.plugin [-] Segment f0c6b752-2627-40ea-98f1-264d11c50d1d resource provider aggregate not found
2026-05-19 05:13:24.151 8 INFO neutron.services.segments.plugin [-] Segment f0c6b752-2627-40ea-98f1-264d11c50d1d resource provider not found; error: Placement Client Error (4xx): {"errors": [{"status": 404, "title": "Not Found", "detail": "The resource could not be found.\n\n No resource provider with uuid f0c6b752-2627-40ea-98f1-264d11c50d1d found for delete ", "request_id": "req-3aea836f-c5d2-41a2-ac5d-9e53d87ba2a2"}]}
2026-05-19 05:13:24.169 8 INFO neutron.services.segments.plugin [-] Segment f0c6b752-2627-40ea-98f1-264d11c50d1d resource provider not found; error: Placement Client Error (4xx): {"errors": [{"status": 404, "title": "Not Found", "detail": "The resource could not be found.\n\n No resource provider with uuid f0c6b752-2627-40ea-98f1-264d11c50d1d found for delete ", "request_id": "req-67c73ddb-14ba-4c5d-9081-22f59edd2f70"}]}
2026-05-19 05:13:24.310 7 INFO neutron.services.segments.plugin [-] Segment da80a9de-141f-4c42-b460-e215b8376da6 resource provider aggregate not found
2026-05-19 05:13:24.317 7 INFO neutron.services.segments.plugin [-] Segment da80a9de-141f-4c42-b460-e215b8376da6 resource provider aggregate not found
2026-05-19 05:13:24.329 7 INFO neutron.services.segments.plugin [-] Segment da80a9de-141f-4c42-b460-e215b8376da6 resource provider not found; error: Placement Client Error (4xx): {"errors": [{"status": 404, "title": "Not Found", "detail": "The resource could not be found.\n\n No resource provider with uuid da80a9de-141f-4c42-b460-e215b8376da6 found for delete ", "request_id": "req-65a93e0f-8ba7-4cb2-8a91-d469e776cc0d"}]}
2026-05-19 05:13:24.335 7 INFO neutron.services.segments.plugin [-] Segment da80a9de-141f-4c42-b460-e215b8376da6 resource provider not found; error: Placement Client Error (4xx): {"errors": [{"status": 404, "title": "Not Found", "detail": "The resource could not be found.\n\n No resource provider with uuid da80a9de-141f-4c42-b460-e215b8376da6 found for delete ", "request_id": "req-b538db55-f65c-4904-91cc-6b9a9ffd5f3c"}]} [pid: 7|app: 0|req: 1447/2895] 10.0.0.81 () {32 vars in 725 bytes} [Tue May 19 05:13:24 2026] DELETE /v2.0/networks/caf62937-e526-4a76-8f57-2c7779b211cc => generated 0 bytes in 338 msecs (HTTP/1.1 204) 3 headers in 131 bytes (1 switches on core 0)
2026-05-19 05:13:24.483 8 INFO neutron_taas.services.taas.taas_plugin [None req-af2486c0-61cd-48a5-b13e-c8e4c6fa2e6f 1850216368ca4a8d92e32bc623ccdfc3 9e6e4e7ebf394b0f896bbe5fc2fddecf - - default default] TaaS: Handle Delete Port: dc46b3b7-4674-4d5c-8e46-7fa9894f3eaf
2026-05-19 05:13:24.486 8 INFO neutron_taas.services.taas.tap_mirror_plugin [None req-af2486c0-61cd-48a5-b13e-c8e4c6fa2e6f 1850216368ca4a8d92e32bc623ccdfc3 9e6e4e7ebf394b0f896bbe5fc2fddecf - - default default] Tap Mirror: Handle Delete Port: dc46b3b7-4674-4d5c-8e46-7fa9894f3eaf [pid: 8|app: 0|req: 1449/2896] 10.0.0.81 () {32 vars in 725 bytes} [Tue May 19 05:13:24 2026] DELETE /v2.0/networks/2d8c62d7-150d-433f-b7f4-456aa9ed4b83 => generated 0 bytes in 311 msecs (HTTP/1.1 204) 3 headers in 131 bytes (1 switches on core 0)
2026-05-19 05:13:24.698 7 INFO neutron.pecan_wsgi.hooks.translation [None req-a13d1737-115a-4ed6-ac3c-256a108ad4fb 1850216368ca4a8d92e32bc623ccdfc3 9e6e4e7ebf394b0f896bbe5fc2fddecf - - default default] DELETE failed (client error): The resource could not be found. [pid: 7|app: 0|req: 1448/2897] 10.0.0.81 () {32 vars in 725 bytes} [Tue May 19 05:13:24 2026] DELETE /v2.0/networks/4d87e057-9053-4418-840a-9aaec2104af7 => generated 138 bytes in 17 msecs (HTTP/1.1 404) 4 headers in 164 bytes (1 switches on core 0)
2026-05-19 05:13:25.551 8 INFO neutron.db.ovn_revision_numbers_db [None req-7e05ba60-4264-412b-988b-b400c566578c cc356c7564ae4520a74d58e03982da81 9203c63882844db190ef8525c5eac79b - - default default] Successfully bumped revision number for resource 7a3d0a01-c065-46ac-90ee-b0272e44afc0 (type: security_groups) to 1
2026-05-19 05:13:25.562 8 INFO neutron.db.ovn_revision_numbers_db [None req-7e05ba60-4264-412b-988b-b400c566578c cc356c7564ae4520a74d58e03982da81 9203c63882844db190ef8525c5eac79b - - default default] Successfully bumped revision number for resource 37655142-d8e1-469e-bfc1-23c7646f37ba (type: security_group_rules) to 0
2026-05-19 05:13:25.576 8 INFO neutron.db.ovn_revision_numbers_db [None req-7e05ba60-4264-412b-988b-b400c566578c cc356c7564ae4520a74d58e03982da81 9203c63882844db190ef8525c5eac79b - - default default] Successfully bumped revision number for resource 4b5b4dd0-03d7-413c-9288-574eb71a5647 (type: security_group_rules) to 0
2026-05-19 05:13:25.596 8 INFO neutron.db.ovn_revision_numbers_db [None req-7e05ba60-4264-412b-988b-b400c566578c cc356c7564ae4520a74d58e03982da81 9203c63882844db190ef8525c5eac79b - - default default] Successfully bumped revision number for resource 70815775-2356-4c7f-acaf-7e4a9a528e3c (type: security_group_rules) to 0
2026-05-19 05:13:25.608 8 INFO neutron.db.ovn_revision_numbers_db [None req-7e05ba60-4264-412b-988b-b400c566578c cc356c7564ae4520a74d58e03982da81 9203c63882844db190ef8525c5eac79b - - default default] Successfully bumped revision number for resource 9105341e-8176-4235-ac0b-c357f2db1db9 (type: security_group_rules) to 0 [pid: 8|app: 0|req: 1450/2898] 10.0.0.81 () {32 vars in 773 bytes} [Tue May 19 05:13:25 2026] GET /v2.0/security-groups?tenant_id=a06978b2cdfc4ceeab1a0f712f38b029&name=default => generated 2929 bytes in 332 msecs (HTTP/1.1 200) 4 headers in 158 bytes (1 switches on core 0) [pid: 7|app: 0|req: 1449/2899] 10.0.0.81 () {32 vars in 739 bytes} [Tue May 19 05:13:25 2026] DELETE /v2.0/security-groups/7a3d0a01-c065-46ac-90ee-b0272e44afc0 => generated 0 bytes in 212 msecs (HTTP/1.1 204) 2 headers in 112 bytes (1 switches on core 0) [pid: 8|app: 0|req: 1451/2900] 10.0.0.81 () {32 vars in 773 bytes} [Tue May 19 05:13:25 2026] GET /v2.0/security-groups?tenant_id=9e6e4e7ebf394b0f896bbe5fc2fddecf&name=default => generated 2929 bytes in 33 msecs (HTTP/1.1 200) 4 headers in 158 bytes (1 switches on core 0)
2026-05-19 05:13:26.168 8 INFO neutron.services.segments.plugin [-] Segment fb1774f0-823c-4561-b8e6-5962610688d3 resource provider aggregate not found
2026-05-19 05:13:26.185 8 INFO neutron.services.segments.plugin [-] Segment fb1774f0-823c-4561-b8e6-5962610688d3 resource provider not found; error: Placement Client Error (4xx): {"errors": [{"status": 404, "title": "Not Found", "detail": "The resource could not be found.\n\n No resource provider with uuid fb1774f0-823c-4561-b8e6-5962610688d3 found for delete ", "request_id": "req-48a9f563-d92e-4612-ba61-f18f06b68644"}]}
2026-05-19 05:13:26.187 8 INFO neutron.services.segments.plugin [-] Segment fb1774f0-823c-4561-b8e6-5962610688d3 resource provider aggregate not found [pid: 7|app: 0|req: 1450/2901] 10.0.0.81 () {32 vars in 739 bytes} [Tue May 19 05:13:25 2026] DELETE /v2.0/security-groups/e857b7a9-8f76-4746-9268-63b5714fb936 => generated 0 bytes in 205 msecs (HTTP/1.1 204) 2 headers in 112 bytes (1 switches on core 0)
2026-05-19 05:13:26.202 8 INFO neutron.services.segments.plugin [-] Segment fb1774f0-823c-4561-b8e6-5962610688d3 resource provider not found; error: Placement Client Error (4xx): {"errors": [{"status": 404, "title": "Not Found", "detail": "The resource could not be found.\n\n No resource provider with uuid fb1774f0-823c-4561-b8e6-5962610688d3 found for delete ", "request_id": "req-bc325c66-7a0e-4736-98ae-82ca4fc1bf59"}]}
2026-05-19 05:13:34.779 8 INFO neutron.db.ovn_revision_numbers_db [None req-491446d2-f576-4fd8-81c6-276b8381c13d 5fe30a94013447fbb05da94c00b7b5a7 544962ef5995450783f067827238e956 - - default default] Successfully bumped revision number for resource 317cb50b-d751-4117-8838-e16136f8a981 (type: security_groups) to 1
2026-05-19 05:13:34.792 8 INFO neutron.db.ovn_revision_numbers_db [None req-491446d2-f576-4fd8-81c6-276b8381c13d 5fe30a94013447fbb05da94c00b7b5a7 544962ef5995450783f067827238e956 - - default default] Successfully bumped revision number for resource 00b5ed54-3032-44b7-991f-377924bf3f67 (type: security_group_rules) to 0
2026-05-19 05:13:34.804 8 INFO neutron.db.ovn_revision_numbers_db [None req-491446d2-f576-4fd8-81c6-276b8381c13d 5fe30a94013447fbb05da94c00b7b5a7 544962ef5995450783f067827238e956 - - default default] Successfully bumped revision number for resource 21df5d5b-f946-4887-b98f-58c5dc7acbf1 (type: security_group_rules) to 0
2026-05-19 05:13:34.815 8 INFO neutron.db.ovn_revision_numbers_db [None req-491446d2-f576-4fd8-81c6-276b8381c13d 5fe30a94013447fbb05da94c00b7b5a7 544962ef5995450783f067827238e956 - - default default] Successfully bumped revision number for resource 7d0f3b10-35b5-4d62-b44c-940ed0c49547 (type: security_group_rules) to 0
2026-05-19 05:13:34.828 8 INFO neutron.db.ovn_revision_numbers_db [None req-491446d2-f576-4fd8-81c6-276b8381c13d 5fe30a94013447fbb05da94c00b7b5a7 544962ef5995450783f067827238e956 - - default default] Successfully bumped revision number for resource b84098f2-5188-48f6-8ef2-0f1092830447 (type: security_group_rules) to 0
2026-05-19 05:13:34.907 8 INFO neutron.db.segments_db [None req-491446d2-f576-4fd8-81c6-276b8381c13d 5fe30a94013447fbb05da94c00b7b5a7 544962ef5995450783f067827238e956 - - default default] Added segment aabbbb83-5d0b-4dce-bd4d-b550ce8066bd of type geneve for network c46f231d-6d3e-4535-b23b-8172127b5980
2026-05-19 05:13:35.021 8 INFO neutron.db.ovn_revision_numbers_db [None req-491446d2-f576-4fd8-81c6-276b8381c13d 5fe30a94013447fbb05da94c00b7b5a7 544962ef5995450783f067827238e956 - - default default] Successfully bumped revision number for resource c46f231d-6d3e-4535-b23b-8172127b5980 (type: networks) to 1
2026-05-19 05:13:35.183 8 WARNING neutron.scheduler.dhcp_agent_scheduler [None req-491446d2-f576-4fd8-81c6-276b8381c13d 5fe30a94013447fbb05da94c00b7b5a7 544962ef5995450783f067827238e956 - - default default] No more DHCP agents
2026-05-19 05:13:35.184 8 WARNING neutron.api.rpc.agentnotifiers.dhcp_rpc_agent_api [None req-491446d2-f576-4fd8-81c6-276b8381c13d 5fe30a94013447fbb05da94c00b7b5a7 544962ef5995450783f067827238e956 - - default default] Unable to schedule network c46f231d-6d3e-4535-b23b-8172127b5980: no agents available; will retry on subsequent port and subnet creation events.
2026-05-19 05:13:35.240 7 INFO neutron.plugins.ml2.drivers.ovn.mech_driver.mech_driver [None req-b6d57607-bd37-47f4-b38b-c09868fc3f68 - - - - - -] OVN reports status down for port: 444578fe-9641-4755-b7a1-a5be80c859f2
2026-05-19 05:13:35.267 8 INFO neutron.db.ovn_revision_numbers_db [None req-491446d2-f576-4fd8-81c6-276b8381c13d 5fe30a94013447fbb05da94c00b7b5a7 544962ef5995450783f067827238e956 - - default default] Successfully bumped revision number for resource 444578fe-9641-4755-b7a1-a5be80c859f2 (type: ports) to 1 [pid: 8|app: 0|req: 1453/2904] 10.0.0.81 () {34 vars in 669 bytes} [Tue May 19 05:13:34 2026] POST /v2.0/networks => generated 659 bytes in 804 msecs (HTTP/1.1 201) 4 headers in 162 bytes (1 switches on core 0)
2026-05-19 05:13:35.500 7 WARNING neutron.scheduler.dhcp_agent_scheduler [None req-2adf7d09-951d-4ac9-aaa5-0834c58f0322 5fe30a94013447fbb05da94c00b7b5a7 544962ef5995450783f067827238e956 - - default default] No more DHCP agents
2026-05-19 05:13:35.501 7 WARNING neutron.api.rpc.agentnotifiers.dhcp_rpc_agent_api [None req-2adf7d09-951d-4ac9-aaa5-0834c58f0322 5fe30a94013447fbb05da94c00b7b5a7 544962ef5995450783f067827238e956 - - default default] Unable to schedule network c46f231d-6d3e-4535-b23b-8172127b5980: no agents available; will retry on subsequent port and subnet creation events.
2026-05-19 05:13:35.944 7 INFO neutron.db.ovn_revision_numbers_db [None req-fe16c687-b3e6-4530-be2c-cc500fd30695 - - - - - -] Successfully bumped revision number for resource 444578fe-9641-4755-b7a1-a5be80c859f2 (type: ports) to 2
2026-05-19 05:13:35.979 7 INFO neutron.db.ovn_revision_numbers_db [None req-fe16c687-b3e6-4530-be2c-cc500fd30695 - - - - - -] Successfully bumped revision number for resource d17d2e7a-13ec-48b2-b3d8-bbf62e4b302c (type: subnets) to 0 [pid: 7|app: 0|req: 1452/2905] 10.0.0.81 () {34 vars in 668 bytes} [Tue May 19 05:13:35 2026] POST /v2.0/subnets => generated 657 bytes in 705 msecs (HTTP/1.1 201) 4 headers in 162 bytes (1 switches on core 0) [pid: 8|app: 0|req: 1454/2906] 10.0.0.81 () {32 vars in 721 bytes} [Tue May 19 05:13:36 2026] GET /v2.0/subnetpools?name=shared-default-subnetpool-v6 => generated 19 bytes in 42 msecs (HTTP/1.1 200) 4 headers in 156 bytes (1 switches on core 0)
2026-05-19 05:13:36.231 7 WARNING neutron.scheduler.dhcp_agent_scheduler [None req-1861b0f1-dcd5-4e10-a14b-92d8cdad90bb 5fe30a94013447fbb05da94c00b7b5a7 544962ef5995450783f067827238e956 - - default default] No more DHCP agents
2026-05-19 05:13:36.232 7 WARNING neutron.api.rpc.agentnotifiers.dhcp_rpc_agent_api [None req-1861b0f1-dcd5-4e10-a14b-92d8cdad90bb 5fe30a94013447fbb05da94c00b7b5a7 544962ef5995450783f067827238e956 - - default default] Unable to schedule network c46f231d-6d3e-4535-b23b-8172127b5980: no agents available; will retry on subsequent port and subnet creation events.
2026-05-19 05:13:36.267 7 INFO neutron.db.ovn_revision_numbers_db [None req-1861b0f1-dcd5-4e10-a14b-92d8cdad90bb 5fe30a94013447fbb05da94c00b7b5a7 544962ef5995450783f067827238e956 - - default default] Successfully bumped revision number for resource 7ce3c29b-1332-4139-82aa-78ce839ce3c7 (type: subnets) to 0 [pid: 7|app: 0|req: 1453/2907] 10.0.0.81 () {34 vars in 668 bytes} [Tue May 19 05:13:36 2026] POST /v2.0/subnets => generated 732 bytes in 228 msecs (HTTP/1.1 201) 4 headers in 162 bytes (1 switches on core 0)
2026-05-19 05:13:36.370 8 INFO neutron.db.segments_db [None req-8f9d1e4c-c621-47a4-9316-82ea56263d65 5fe30a94013447fbb05da94c00b7b5a7 544962ef5995450783f067827238e956 - - default default] Added segment 815aa09b-36fa-4164-8e03-4d82bcc00a97 of type geneve for network c064921e-a6d9-4211-9464-8d88204e1298
2026-05-19 05:13:36.481 8 INFO neutron.db.ovn_revision_numbers_db [None req-8f9d1e4c-c621-47a4-9316-82ea56263d65 5fe30a94013447fbb05da94c00b7b5a7 544962ef5995450783f067827238e956 - - default default] Successfully bumped revision number for resource c064921e-a6d9-4211-9464-8d88204e1298 (type: networks) to 1
2026-05-19 05:13:36.635 8 WARNING neutron.scheduler.dhcp_agent_scheduler [None req-8f9d1e4c-c621-47a4-9316-82ea56263d65 5fe30a94013447fbb05da94c00b7b5a7 544962ef5995450783f067827238e956 - - default default] No more DHCP agents
2026-05-19 05:13:36.636 8 WARNING neutron.api.rpc.agentnotifiers.dhcp_rpc_agent_api [None req-8f9d1e4c-c621-47a4-9316-82ea56263d65 5fe30a94013447fbb05da94c00b7b5a7 544962ef5995450783f067827238e956 - - default default] Unable to schedule network c064921e-a6d9-4211-9464-8d88204e1298: no agents available; will retry on subsequent port and subnet creation events.
2026-05-19 05:13:36.691 7 INFO neutron.plugins.ml2.drivers.ovn.mech_driver.mech_driver [None req-b6d57607-bd37-47f4-b38b-c09868fc3f68 - - - - - -] OVN reports status down for port: e92af354-4b3b-46d7-983e-d4fa3c12fe2a
2026-05-19 05:13:36.709 8 INFO neutron.db.ovn_revision_numbers_db [None req-8f9d1e4c-c621-47a4-9316-82ea56263d65 5fe30a94013447fbb05da94c00b7b5a7 544962ef5995450783f067827238e956 - - default default] Successfully bumped revision number for resource e92af354-4b3b-46d7-983e-d4fa3c12fe2a (type: ports) to 1 [pid: 8|app: 0|req: 1455/2908] 10.0.0.81 () {34 vars in 669 bytes} [Tue May 19 05:13:36 2026] POST /v2.0/networks => generated 656 bytes in 442 msecs (HTTP/1.1 201) 4 headers in 162 bytes (1 switches on core 0)
2026-05-19 05:13:36.923 7 WARNING neutron.scheduler.dhcp_agent_scheduler [None req-c2d459c1-2aaa-4449-b6d2-c2932f878a95 5fe30a94013447fbb05da94c00b7b5a7 544962ef5995450783f067827238e956 - - default default] No more DHCP agents
2026-05-19 05:13:36.925 7 WARNING neutron.api.rpc.agentnotifiers.dhcp_rpc_agent_api [None req-c2d459c1-2aaa-4449-b6d2-c2932f878a95 5fe30a94013447fbb05da94c00b7b5a7 544962ef5995450783f067827238e956 - - default default] Unable to schedule network c064921e-a6d9-4211-9464-8d88204e1298: no agents available; will retry on subsequent port and subnet creation events.
2026-05-19 05:13:37.326 7 INFO neutron.db.ovn_revision_numbers_db [None req-2c567d19-00c4-4a5d-a481-8590ccc1b031 - - - - - -] Successfully bumped revision number for resource e92af354-4b3b-46d7-983e-d4fa3c12fe2a (type: ports) to 2
2026-05-19 05:13:37.356 7 INFO neutron.db.ovn_revision_numbers_db [None req-2c567d19-00c4-4a5d-a481-8590ccc1b031 - - - - - -] Successfully bumped revision number for resource 2f151e94-ebc1-4c73-a7fe-5f1ef9458ed5 (type: subnets) to 0 [pid: 7|app: 0|req: 1454/2909] 10.0.0.81 () {34 vars in 668 bytes} [Tue May 19 05:13:36 2026] POST /v2.0/subnets => generated 656 bytes in 637 msecs (HTTP/1.1 201) 4 headers in 162 bytes (1 switches on core 0)
2026-05-19 05:13:37.606 8 WARNING neutron.scheduler.dhcp_agent_scheduler [None req-e2394754-2681-41f5-98c8-f680d6fe8042 5fe30a94013447fbb05da94c00b7b5a7 544962ef5995450783f067827238e956 - - default default] No more DHCP agents
2026-05-19 05:13:37.607 8 WARNING neutron.api.rpc.agentnotifiers.dhcp_rpc_agent_api [None req-e2394754-2681-41f5-98c8-f680d6fe8042 5fe30a94013447fbb05da94c00b7b5a7 544962ef5995450783f067827238e956 - - default default] Unable to schedule network c064921e-a6d9-4211-9464-8d88204e1298: no agents available; will retry on subsequent port and subnet creation events.
2026-05-19 05:13:37.639 8 INFO neutron.db.ovn_revision_numbers_db [None req-e2394754-2681-41f5-98c8-f680d6fe8042 5fe30a94013447fbb05da94c00b7b5a7 544962ef5995450783f067827238e956 - - default default] Successfully bumped revision number for resource 2bc879b1-4db9-4724-b4bf-c2c34cf59323 (type: subnets) to 0 [pid: 8|app: 0|req: 1456/2910] 10.0.0.81 () {34 vars in 668 bytes} [Tue May 19 05:13:37 2026] POST /v2.0/subnets => generated 725 bytes in 279 msecs (HTTP/1.1 201) 4 headers in 162 bytes (1 switches on core 0)
2026-05-19 05:13:37.753 7 INFO neutron.db.segments_db [None req-9ef72c21-a8df-4378-85ca-582080266927 5fe30a94013447fbb05da94c00b7b5a7 544962ef5995450783f067827238e956 - - default default] Added segment 4f9558c8-a51c-46fb-b20a-4a62e523e9a9 of type geneve for network 97cdd96d-ff55-47a7-ad9e-294a3527a489
2026-05-19 05:13:37.879 7 INFO neutron.db.ovn_revision_numbers_db [None req-9ef72c21-a8df-4378-85ca-582080266927 5fe30a94013447fbb05da94c00b7b5a7 544962ef5995450783f067827238e956 - - default default] Successfully bumped revision number for resource 97cdd96d-ff55-47a7-ad9e-294a3527a489 (type: networks) to 1
2026-05-19 05:13:38.047 7 WARNING neutron.scheduler.dhcp_agent_scheduler [None req-9ef72c21-a8df-4378-85ca-582080266927 5fe30a94013447fbb05da94c00b7b5a7 544962ef5995450783f067827238e956 - - default default] No more DHCP agents
2026-05-19 05:13:38.048 7 WARNING neutron.api.rpc.agentnotifiers.dhcp_rpc_agent_api [None req-9ef72c21-a8df-4378-85ca-582080266927 5fe30a94013447fbb05da94c00b7b5a7 544962ef5995450783f067827238e956 - - default default] Unable to schedule network 97cdd96d-ff55-47a7-ad9e-294a3527a489: no agents available; will retry on subsequent port and subnet creation events.
2026-05-19 05:13:38.103 7 INFO neutron.plugins.ml2.drivers.ovn.mech_driver.mech_driver [None req-b6d57607-bd37-47f4-b38b-c09868fc3f68 - - - - - -] OVN reports status down for port: 7d9729b0-325e-455d-8a54-536c8fa319b6
2026-05-19 05:13:38.161 7 INFO neutron.db.ovn_revision_numbers_db [None req-9ef72c21-a8df-4378-85ca-582080266927 5fe30a94013447fbb05da94c00b7b5a7 544962ef5995450783f067827238e956 - - default default] Successfully bumped revision number for resource 7d9729b0-325e-455d-8a54-536c8fa319b6 (type: ports) to 1 [pid: 7|app: 0|req: 1455/2911] 10.0.0.81 () {34 vars in 669 bytes} [Tue May 19 05:13:37 2026] POST /v2.0/networks => generated 657 bytes in 547 msecs (HTTP/1.1 201) 4 headers in 162 bytes (1 switches on core 0)
2026-05-19 05:13:38.399 8 WARNING neutron.scheduler.dhcp_agent_scheduler [None req-8b3cc3c5-85ab-4a29-81b4-c7f9bf695f98 5fe30a94013447fbb05da94c00b7b5a7 544962ef5995450783f067827238e956 - - default default] No more DHCP agents
2026-05-19 05:13:38.400 8 WARNING neutron.api.rpc.agentnotifiers.dhcp_rpc_agent_api [None req-8b3cc3c5-85ab-4a29-81b4-c7f9bf695f98 5fe30a94013447fbb05da94c00b7b5a7 544962ef5995450783f067827238e956 - - default default] Unable to schedule network 97cdd96d-ff55-47a7-ad9e-294a3527a489: no agents available; will retry on subsequent port and subnet creation events.
2026-05-19 05:13:38.822 8 INFO neutron.db.ovn_revision_numbers_db [None req-b157eeea-4c5f-4740-bf56-c6cfbd468154 - - - - - -] Successfully bumped revision number for resource 7d9729b0-325e-455d-8a54-536c8fa319b6 (type: ports) to 2
2026-05-19 05:13:38.850 8 INFO neutron.db.ovn_revision_numbers_db [None req-b157eeea-4c5f-4740-bf56-c6cfbd468154 - - - - - -] Successfully bumped revision number for resource f719ef25-db85-4cf7-9b60-8c1b55eddf1d (type: subnets) to 0 [pid: 8|app: 0|req: 1457/2912] 10.0.0.81 () {34 vars in 668 bytes} [Tue May 19 05:13:38 2026] POST /v2.0/subnets => generated 656 bytes in 651 msecs (HTTP/1.1 201) 4 headers in 162 bytes (1 switches on core 0)
2026-05-19 05:13:39.086 7 WARNING neutron.scheduler.dhcp_agent_scheduler [None req-309c3352-6037-45f1-acd5-f4587cc583a4 5fe30a94013447fbb05da94c00b7b5a7 544962ef5995450783f067827238e956 - - default default] No more DHCP agents
2026-05-19 05:13:39.087 7 WARNING neutron.api.rpc.agentnotifiers.dhcp_rpc_agent_api [None req-309c3352-6037-45f1-acd5-f4587cc583a4 5fe30a94013447fbb05da94c00b7b5a7 544962ef5995450783f067827238e956 - - default default] Unable to schedule network 97cdd96d-ff55-47a7-ad9e-294a3527a489: no agents available; will retry on subsequent port and subnet creation events.
2026-05-19 05:13:39.120 7 INFO neutron.db.ovn_revision_numbers_db [None req-309c3352-6037-45f1-acd5-f4587cc583a4 5fe30a94013447fbb05da94c00b7b5a7 544962ef5995450783f067827238e956 - - default default] Successfully bumped revision number for resource ee60fd54-209d-443b-b54c-3bb9f1f830b3 (type: subnets) to 0 [pid: 7|app: 0|req: 1456/2913] 10.0.0.81 () {34 vars in 668 bytes} [Tue May 19 05:13:38 2026] POST /v2.0/subnets => generated 730 bytes in 267 msecs (HTTP/1.1 201) 4 headers in 162 bytes (1 switches on core 0)
2026-05-19 05:13:39.516 8 WARNING neutron.scheduler.dhcp_agent_scheduler [None req-078e8d81-2b4a-453e-935b-28ff72fc782e 5fe30a94013447fbb05da94c00b7b5a7 544962ef5995450783f067827238e956 - - default default] No more DHCP agents
2026-05-19 05:13:39.517 8 WARNING neutron.api.rpc.agentnotifiers.dhcp_rpc_agent_api [None req-078e8d81-2b4a-453e-935b-28ff72fc782e 5fe30a94013447fbb05da94c00b7b5a7 544962ef5995450783f067827238e956 - - default default] Unable to schedule network 4695cd10-cd90-44ec-be93-136f7bf162e4: no agents available; will retry on subsequent port and subnet creation events.
2026-05-19 05:13:39.634 7 INFO neutron.plugins.ml2.drivers.ovn.mech_driver.mech_driver [None req-b6d57607-bd37-47f4-b38b-c09868fc3f68 - - - - - -] OVN reports status down for port: 17d47c09-ae7b-4b35-8229-5955fc9192dd
2026-05-19 05:13:39.643 8 INFO neutron.db.ovn_revision_numbers_db [None req-078e8d81-2b4a-453e-935b-28ff72fc782e 5fe30a94013447fbb05da94c00b7b5a7 544962ef5995450783f067827238e956 - - default default] Successfully bumped revision number for resource 17d47c09-ae7b-4b35-8229-5955fc9192dd (type: ports) to 1
2026-05-19 05:13:40.234 8 INFO neutron.plugins.ml2.drivers.ovn.mech_driver.ovsdb.commands [None req-e8f2521e-b819-43b0-b216-769deaf68c85 - - - - - -] Schedule LRP lrp-17d47c09-ae7b-4b35-8229-5955fc9192dd on gateway 931be791-263f-46b2-8370-1046aedb4ab3 with priority 1
2026-05-19 05:13:40.283 7 INFO neutron.plugins.ml2.drivers.ovn.mech_driver.mech_driver [None req-b6d57607-bd37-47f4-b38b-c09868fc3f68 - - - - - -] OVN reports status up for port: 17d47c09-ae7b-4b35-8229-5955fc9192dd
2026-05-19 05:13:40.298 8 INFO neutron.db.ovn_revision_numbers_db [None req-078e8d81-2b4a-453e-935b-28ff72fc782e 5fe30a94013447fbb05da94c00b7b5a7 544962ef5995450783f067827238e956 - - default default] Successfully bumped revision number for resource 17d47c09-ae7b-4b35-8229-5955fc9192dd (type: router_ports) to 1
2026-05-19 05:13:40.305 7 INFO neutron.plugins.ml2.drivers.ovn.mech_driver.ovsdb.ovsdb_monitor [None req-205f987e-c1c4-4cc6-b294-c1023a31f888 - - - - - -] Router 19faa61e-075d-4c2b-981c-5037c3fb5015 is bound to host instance
2026-05-19 05:13:40.307 7 INFO neutron.plugins.ml2.plugin [None req-b6d57607-bd37-47f4-b38b-c09868fc3f68 - - - - - -] Attempt 1 to provision port 17d47c09-ae7b-4b35-8229-5955fc9192dd
2026-05-19 05:13:40.370 8 INFO neutron.db.ovn_revision_numbers_db [None req-078e8d81-2b4a-453e-935b-28ff72fc782e 5fe30a94013447fbb05da94c00b7b5a7 544962ef5995450783f067827238e956 - - default default] Successfully bumped revision number for resource 19faa61e-075d-4c2b-981c-5037c3fb5015 (type: routers) to 2 [pid: 8|app: 0|req: 1458/2914] 10.0.0.81 () {34 vars in 668 bytes} [Tue May 19 05:13:39 2026] POST /v2.0/routers => generated 944 bytes in 1243 msecs (HTTP/1.1 201) 4 headers in 162 bytes (1 switches on core 0)
2026-05-19 05:13:41.423 7 WARNING neutron.scheduler.dhcp_agent_scheduler [None req-3d740cc4-c506-4a84-864d-e858ce32a9fb 5fe30a94013447fbb05da94c00b7b5a7 544962ef5995450783f067827238e956 - - default default] No more DHCP agents
2026-05-19 05:13:41.427 7 WARNING neutron.api.rpc.agentnotifiers.dhcp_rpc_agent_api [None req-3d740cc4-c506-4a84-864d-e858ce32a9fb 5fe30a94013447fbb05da94c00b7b5a7 544962ef5995450783f067827238e956 - - default default] Unable to schedule network c46f231d-6d3e-4535-b23b-8172127b5980: no agents available; will retry on subsequent port and subnet creation events.
2026-05-19 05:13:41.661 8 INFO neutron.plugins.ml2.drivers.ovn.mech_driver.mech_driver [None req-12a1d365-5bf1-435d-a53a-c64ec4dd2db2 - - - - - -] OVN reports status down for port: 34f94b00-ecc1-4f6d-a039-5a3ae2d45843
2026-05-19 05:13:41.699 7 INFO neutron.db.ovn_revision_numbers_db [None req-3d740cc4-c506-4a84-864d-e858ce32a9fb 5fe30a94013447fbb05da94c00b7b5a7 544962ef5995450783f067827238e956 - - default default] Successfully bumped revision number for resource 34f94b00-ecc1-4f6d-a039-5a3ae2d45843 (type: ports) to 1
2026-05-19 05:13:41.858 7 INFO neutron.db.ovn_revision_numbers_db [None req-20d2c1e7-16cb-44fd-a8a7-163f6f24834d - - - - - -] Successfully bumped revision number for resource 17d47c09-ae7b-4b35-8229-5955fc9192dd (type: ports) to 4
2026-05-19 05:13:42.513 7 INFO neutron.db.ovn_revision_numbers_db [None req-20d2c1e7-16cb-44fd-a8a7-163f6f24834d - - - - - -] Successfully bumped revision number for resource 17d47c09-ae7b-4b35-8229-5955fc9192dd (type: ports) to 5
2026-05-19 05:13:42.773 8 INFO neutron.plugins.ml2.drivers.ovn.mech_driver.mech_driver [None req-12a1d365-5bf1-435d-a53a-c64ec4dd2db2 - - - - - -] OVN reports status up for port: 34f94b00-ecc1-4f6d-a039-5a3ae2d45843
2026-05-19 05:13:42.790 8 INFO neutron.plugins.ml2.plugin [None req-12a1d365-5bf1-435d-a53a-c64ec4dd2db2 - - - - - -] Attempt 1 to provision port 34f94b00-ecc1-4f6d-a039-5a3ae2d45843
2026-05-19 05:13:42.834 7 WARNING neutron.scheduler.dhcp_agent_scheduler [None req-3d740cc4-c506-4a84-864d-e858ce32a9fb 5fe30a94013447fbb05da94c00b7b5a7 544962ef5995450783f067827238e956 - - default default] No more DHCP agents
2026-05-19 05:13:42.835 7 WARNING neutron.api.rpc.agentnotifiers.dhcp_rpc_agent_api [None req-3d740cc4-c506-4a84-864d-e858ce32a9fb 5fe30a94013447fbb05da94c00b7b5a7 544962ef5995450783f067827238e956 - - default default] Unable to schedule network c46f231d-6d3e-4535-b23b-8172127b5980: no agents available; will retry on subsequent port and subnet creation events.
2026-05-19 05:13:43.128 8 INFO neutron.db.ovn_revision_numbers_db [None req-12a1d365-5bf1-435d-a53a-c64ec4dd2db2 - - - - - -] Successfully bumped revision number for resource 34f94b00-ecc1-4f6d-a039-5a3ae2d45843 (type: ports) to 2
2026-05-19 05:13:43.190 7 INFO neutron.db.ovn_revision_numbers_db [None req-3d740cc4-c506-4a84-864d-e858ce32a9fb 5fe30a94013447fbb05da94c00b7b5a7 544962ef5995450783f067827238e956 - - default default] Successfully bumped revision number for resource 34f94b00-ecc1-4f6d-a039-5a3ae2d45843 (type: router_ports) to 1 [pid: 7|app: 0|req: 1457/2915] 10.0.0.81 () {34 vars in 782 bytes} [Tue May 19 05:13:40 2026] PUT /v2.0/routers/19faa61e-075d-4c2b-981c-5037c3fb5015/add_router_interface => generated 309 bytes in 2809 msecs (HTTP/1.1 200) 4 headers in 157 bytes (1 switches on core 0)
2026-05-19 05:13:43.793 8 WARNING neutron.scheduler.dhcp_agent_scheduler [None req-2f7306fc-7c0f-4248-97c7-d56119af5731 5fe30a94013447fbb05da94c00b7b5a7 544962ef5995450783f067827238e956 - - default default] No more DHCP agents
2026-05-19 05:13:43.794 8 WARNING neutron.api.rpc.agentnotifiers.dhcp_rpc_agent_api [None req-2f7306fc-7c0f-4248-97c7-d56119af5731 5fe30a94013447fbb05da94c00b7b5a7 544962ef5995450783f067827238e956 - - default default] Unable to schedule network c064921e-a6d9-4211-9464-8d88204e1298: no agents available; will retry on subsequent port and subnet creation events.
2026-05-19 05:13:43.901 7 INFO neutron.plugins.ml2.drivers.ovn.mech_driver.mech_driver [None req-b6d57607-bd37-47f4-b38b-c09868fc3f68 - - - - - -] OVN reports status down for port: 5dbf5ca7-2af7-4f31-b856-0b54c1a3cfcd
2026-05-19 05:13:43.918 8 INFO neutron.db.ovn_revision_numbers_db [None req-2f7306fc-7c0f-4248-97c7-d56119af5731 5fe30a94013447fbb05da94c00b7b5a7 544962ef5995450783f067827238e956 - - default default] Successfully bumped revision number for resource 5dbf5ca7-2af7-4f31-b856-0b54c1a3cfcd (type: ports) to 1
2026-05-19 05:13:44.595 7 INFO neutron.plugins.ml2.drivers.ovn.mech_driver.mech_driver [None req-b6d57607-bd37-47f4-b38b-c09868fc3f68 - - - - - -] OVN reports status up for port: 5dbf5ca7-2af7-4f31-b856-0b54c1a3cfcd
2026-05-19 05:13:44.605 7 INFO neutron.plugins.ml2.plugin [None req-b6d57607-bd37-47f4-b38b-c09868fc3f68 - - - - - -] Attempt 1 to provision port 5dbf5ca7-2af7-4f31-b856-0b54c1a3cfcd
2026-05-19 05:13:44.657 8 WARNING neutron.scheduler.dhcp_agent_scheduler [None req-2f7306fc-7c0f-4248-97c7-d56119af5731 5fe30a94013447fbb05da94c00b7b5a7 544962ef5995450783f067827238e956 - - default default] No more DHCP agents
2026-05-19 05:13:44.658 8 WARNING neutron.api.rpc.agentnotifiers.dhcp_rpc_agent_api [None req-2f7306fc-7c0f-4248-97c7-d56119af5731 5fe30a94013447fbb05da94c00b7b5a7 544962ef5995450783f067827238e956 - - default default] Unable to schedule network c064921e-a6d9-4211-9464-8d88204e1298: no agents available; will retry on subsequent port and subnet creation events.
2026-05-19 05:13:44.919 7 INFO neutron.db.ovn_revision_numbers_db [None req-b6d57607-bd37-47f4-b38b-c09868fc3f68 - - - - - -] Successfully bumped revision number for resource 5dbf5ca7-2af7-4f31-b856-0b54c1a3cfcd (type: ports) to 2
2026-05-19 05:13:45.010 8 INFO neutron.db.ovn_revision_numbers_db [None req-2f7306fc-7c0f-4248-97c7-d56119af5731 5fe30a94013447fbb05da94c00b7b5a7 544962ef5995450783f067827238e956 - - default default] Successfully bumped revision number for resource 5dbf5ca7-2af7-4f31-b856-0b54c1a3cfcd (type: router_ports) to 1 [pid: 8|app: 0|req: 1459/2916] 10.0.0.81 () {34 vars in 782 bytes} [Tue May 19 05:13:43 2026] PUT /v2.0/routers/19faa61e-075d-4c2b-981c-5037c3fb5015/add_router_interface => generated 309 bytes in 1814 msecs (HTTP/1.1 200) 4 headers in 157 bytes (1 switches on core 0)
2026-05-19 05:13:45.538 7 WARNING neutron.scheduler.dhcp_agent_scheduler [None req-66128f74-29ff-44af-ac1e-4d92c20c1093 5fe30a94013447fbb05da94c00b7b5a7 544962ef5995450783f067827238e956 - - default default] No more DHCP agents
2026-05-19 05:13:45.539 7 WARNING neutron.api.rpc.agentnotifiers.dhcp_rpc_agent_api [None req-66128f74-29ff-44af-ac1e-4d92c20c1093 5fe30a94013447fbb05da94c00b7b5a7 544962ef5995450783f067827238e956 - - default default] Unable to schedule network 97cdd96d-ff55-47a7-ad9e-294a3527a489: no agents available; will retry on subsequent port and subnet creation events.
2026-05-19 05:13:45.672 7 INFO neutron.db.ovn_revision_numbers_db [None req-66128f74-29ff-44af-ac1e-4d92c20c1093 5fe30a94013447fbb05da94c00b7b5a7 544962ef5995450783f067827238e956 - - default default] Successfully bumped revision number for resource aa4e33bb-3ed9-4339-a78c-f8d40b81b045 (type: ports) to 1
2026-05-19 05:13:46.404 7 WARNING neutron.scheduler.dhcp_agent_scheduler [None req-66128f74-29ff-44af-ac1e-4d92c20c1093 5fe30a94013447fbb05da94c00b7b5a7 544962ef5995450783f067827238e956 - - default default] No more DHCP agents
2026-05-19 05:13:46.406 7 WARNING neutron.api.rpc.agentnotifiers.dhcp_rpc_agent_api [None req-66128f74-29ff-44af-ac1e-4d92c20c1093 5fe30a94013447fbb05da94c00b7b5a7 544962ef5995450783f067827238e956 - - default default] Unable to schedule network 97cdd96d-ff55-47a7-ad9e-294a3527a489: no agents available; will retry on subsequent port and subnet creation events.
2026-05-19 05:13:46.738 7 INFO neutron.db.ovn_revision_numbers_db [None req-66128f74-29ff-44af-ac1e-4d92c20c1093 5fe30a94013447fbb05da94c00b7b5a7 544962ef5995450783f067827238e956 - - default default] Successfully bumped revision number for resource aa4e33bb-3ed9-4339-a78c-f8d40b81b045 (type: router_ports) to 1 [pid: 7|app: 0|req: 1458/2917] 10.0.0.81 () {34 vars in 782 bytes} [Tue May 19 05:13:45 2026] PUT /v2.0/routers/19faa61e-075d-4c2b-981c-5037c3fb5015/add_router_interface => generated 309 bytes in 1721 msecs (HTTP/1.1 200) 4 headers in 157 bytes (1 switches on core 0)
2026-05-19 05:13:46.919 8 INFO neutron.db.ovn_revision_numbers_db [None req-aef3ba5a-fd54-4b90-96e4-b9cdad4e1d9d 5fe30a94013447fbb05da94c00b7b5a7 544962ef5995450783f067827238e956 - - default default] Successfully bumped revision number for resource 3b88f6e0-04ee-4d64-bb1d-b75b9c781336 (type: security_groups) to 1
2026-05-19 05:13:46.930 8 INFO neutron.db.ovn_revision_numbers_db [None req-aef3ba5a-fd54-4b90-96e4-b9cdad4e1d9d 5fe30a94013447fbb05da94c00b7b5a7 544962ef5995450783f067827238e956 - - default default] Successfully bumped revision number for resource 62a204fc-ed75-4b0a-9b42-60ec526fa0a2 (type: security_group_rules) to 0
2026-05-19 05:13:46.940 8 INFO neutron.db.ovn_revision_numbers_db [None req-aef3ba5a-fd54-4b90-96e4-b9cdad4e1d9d 5fe30a94013447fbb05da94c00b7b5a7 544962ef5995450783f067827238e956 - - default default] Successfully bumped revision number for resource 63de8693-5e95-4272-b056-a9512cfd6e0e (type: security_group_rules) to 0 [pid: 8|app: 0|req: 1460/2918] 10.0.0.81 () {34 vars in 683 bytes} [Tue May 19 05:13:46 2026] POST /v2.0/security-groups => generated 1630 bytes in 173 msecs (HTTP/1.1 201) 4 headers in 163 bytes (1 switches on core 0)
